0byt3m1n1
Path:
/
data
/
0
/
0
/
75
/
139
/
75791
/
meta
/
77076
/
logs
/
[
Home
]
File: x-access_log.2013-08-13
86.161.55.168 - - [13/Aug/2013:19:41:28 -0400] "GET /images/photoalbum/button_photoPlay.jpg HTTP/1.1" 200 613 "http://www.dawneaglewoman.com/individualworkretreats.html" "Mozilla/5.0 (iPad; CPU OS 6_1_3 like Mac OS X) AppleWebKit/536.26 (KHTML, like Gecko) Mobile/10B329"
86.161.55.168 - - [13/Aug/2013:19:41:28 -0400] "GET /images/photoalbum/button_photoLast.jpg HTTP/1.1" 200 637 "http://www.dawneaglewoman.com/individualworkretreats.html" "Mozilla/5.0 (iPad; CPU OS 6_1_3 like Mac OS X) AppleWebKit/536.26 (KHTML, like Gecko) Mobile/10B329"
86.161.55.168 - - [13/Aug/2013:19:41:28 -0400] "GET /images/292_Blue_Flowers_0704.jpg HTTP/1.1" 200 30798 "http://www.dawneaglewoman.com/individualworkretreats.html" "Mozilla/5.0 (iPad; CPU OS 6_1_3 like Mac OS X) AppleWebKit/536.26 (KHTML, like Gecko) Mobile/10B329"
65.55.219.164 - - [13/Aug/2013:21:16:43 -0400] "GET /images/719_2006_Womens_Sweat_Group.jpg HTTP/1.1" 200 71010 "http://www.dawneaglewoman.com/recenteventsalbum.html" "Mozilla/5.0 (Windows NT 6.1; WOW64) AppleWebKit/534+ (KHTML, like Gecko) BingPreview/1.0b"
86.161.55.168 - - [13/Aug/2013:14:02:33 -0400] "GET /scripts/photoalbum.js HTTP/1.1" 200 62481 "http://www.dawneaglewoman.com/" "Mozilla/5.0 (iPad; CPU OS 6_1_3 like Mac OS X) AppleWebKit/536.26 (KHTML, like Gecko) Version/6.0 Mobile/10B329 Safari/8536.25"
86.161.55.168 - - [13/Aug/2013:14:02:34 -0400] "GET /images/280_DEW_Serious_Front_JPG.jpg HTTP/1.1" 200 25201 "http://www.dawneaglewoman.com/" "Mozilla/5.0 (iPad; CPU OS 6_1_3 like Mac OS X) AppleWebKit/536.26 (KHTML, like Gecko) Version/6.0 Mobile/10B329 Safari/8536.25"
87.250.253.77 - - [13/Aug/2013:05:59:44 -0400] "GET /images/719_00_White_Wolf_in_Snow_JPG.jpg HTTP/1.1" 200 76723 "-" "Mozilla/5.0 (compatible; YandexImageResizer/2.0; +http://yandex.com/bots)"
66.249.75.179 - - [13/Aug/2013:06:58:59 -0400] "GET /dewblog.php?s=back-in-wyoming HTTP/1.1" 200 9410 "-" "Mozilla/5.0 (iPhone; U; CPU iPhone OS 4_1 like Mac OS X; en-us) AppleWebKit/532.9 (KHTML, like Gecko) Version/4.0.5 Mobile/8B117 Safari/6531.22.7 (compatible; Googlebot-Mobile/2.1; +http://www.google.com/bot.html)"
66.249.85.189 - - [13/Aug/2013:00:57:05 -0400] "GET /scripts/icwebsiteelement.css HTTP/1.1" 200 8132 "http://www.dawneaglewoman.com/individualworkretreats/individualsessions.html" "Mozilla/5.0 (X11; Linux x86_64) AppleWebKit/537.4 (KHTML, like Gecko; Google Web Preview) Chrome/22.0.1229 Safari/537.4"
94.249.98.248 - - [13/Aug/2013:09:06:21 -0400] "GET /images/719_00_White_Wolf_in_Snow_JPG.jpg HTTP/1.1" 200 76723 "https://www.google.jo/" "Mozilla/5.0 (Linux; Android 4.1.2; LT22i Build/6.2.A.1.100) AppleWebKit/537.36 (KHTML, like Gecko) Chrome/28.0.1500.94 Mobile Safari/537.36"
66.249.72.179 - - [13/Aug/2013:23:00:32 -0400] "GET /images/156_050307-011505-0164.jpg HTTP/1.1" 304 - "-" "Googlebot-Image/1.0"
74.105.142.70 - - [13/Aug/2013:17:42:03 -0400] "GET /images/719_00_White_Wolf_in_Snow_JPG.jpg HTTP/1.1" 200 76723 "http://www.chickensmoothie.com/Forum/viewtopic.php?f=65&t=1933124&start=10" "Mozilla/5.0 (Macintosh; Intel Mac OS X 10_8_4) AppleWebKit/536.30.1 (KHTML, like Gecko) Version/6.0.5 Safari/536.30.1"
86.161.55.168 - - [13/Aug/2013:19:43:21 -0400] "GET /scripts/2custom.css HTTP/1.1" 200 2152 "http://www.dawneaglewoman.com/calendar.html" "Mozilla/5.0 (iPad; CPU OS 6_1_3 like Mac OS X) AppleWebKit/536.26 (KHTML, like Gecko) Mobile/10B329"
65.55.213.45 - - [13/Aug/2013:17:50:19 -0400] "GET /scripts/1custom.css HTTP/1.1" 200 2152 "http://www.dawneaglewoman.com/index.html" "Mozilla/4.0 (compatible; MSIE 7.0; Windows NT 5.1; SLCC1; .NET CLR 1.1.4322; .NET CLR 2.0.40607)"
65.55.213.45 - - [13/Aug/2013:17:50:19 -0400] "GET /scripts/icwebsiteelement.css HTTP/1.1" 200 8132 "http://www.dawneaglewoman.com/index.html" "Mozilla/4.0 (compatible; MSIE 7.0; Windows NT 5.1; SLCC1; .NET CLR 1.1.4322; .NET CLR 2.0.40607)"
86.161.55.168 - - [13/Aug/2013:14:10:27 -0400] "GET /dewblog.php HTTP/1.1" 200 15463 "http://www.dawneaglewoman.com/calendar.html" "Mozilla/5.0 (iPad; CPU OS 6_1_3 like Mac OS X) AppleWebKit/536.26 (KHTML, like Gecko) Version/6.0 Mobile/10B329 Safari/8536.25"
77.88.43.27 - - [13/Aug/2013:02:40:32 -0400] "GET /images/590_Summer-Rainbow-2-180_071609.jpg HTTP/1.1" 304 - "-" "Mozilla/5.0 (compatible; YandexImages/3.0; +http://yandex.com/bots)"
65.55.219.132 - - [13/Aug/2013:10:31:34 -0400] "GET /scripts/photoalbum.js HTTP/1.1" 200 62481 "http://www.dawneaglewoman.com/earthshipphotojournal.html" "Mozilla/5.0 (Windows NT 6.1; WOW64) AppleWebKit/534+ (KHTML, like Gecko) BingPreview/1.0b"
65.55.219.132 - - [13/Aug/2013:10:31:34 -0400] "GET /images/spacer.gif HTTP/1.1" 200 43 "http://www.dawneaglewoman.com/earthshipphotojournal.html" "Mozilla/5.0 (Windows NT 6.1; WOW64) AppleWebKit/534+ (KHTML, like Gecko) BingPreview/1.0b"
65.55.219.132 - - [13/Aug/2013:10:31:35 -0400] "GET /images/375_Truss_view_from_shed.jpg HTTP/1.1" 200 21450 "http://www.dawneaglewoman.com/earthshipphotojournal.html" "Mozilla/5.0 (Windows NT 6.1; WOW64) AppleWebKit/534+ (KHTML, like Gecko) BingPreview/1.0b"
65.55.219.132 - - [13/Aug/2013:10:31:35 -0400] "GET /images/375_x_Snow_Beginning.jpg HTTP/1.1" 200 19738 "http://www.dawneaglewoman.com/earthshipphotojournal.html" "Mozilla/5.0 (Windows NT 6.1; WOW64) AppleWebKit/534+ (KHTML, like Gecko) BingPreview/1.0b"
65.55.219.132 - - [13/Aug/2013:10:31:35 -0400] "GET /images/375_030404_27_Windows_from_West.jpg HTTP/1.1" 200 15144 "http://www.dawneaglewoman.com/earthshipphotojournal.html" "Mozilla/5.0 (Windows NT 6.1; WOW64) AppleWebKit/534+ (KHTML, like Gecko) BingPreview/1.0b"
65.55.219.132 - - [13/Aug/2013:10:31:36 -0400] "GET /images/375_123004_Wind_Solar.jpg HTTP/1.1" 200 21127 "http://www.dawneaglewoman.com/earthshipphotojournal.html" "Mozilla/5.0 (Windows NT 6.1; WOW64) AppleWebKit/534+ (KHTML, like Gecko) BingPreview/1.0b"
65.55.219.132 - - [13/Aug/2013:10:31:36 -0400] "GET /images/375_123004_Kitchen_Drift.jpg HTTP/1.1" 200 18700 "http://www.dawneaglewoman.com/earthshipphotojournal.html" "Mozilla/5.0 (Windows NT 6.1; WOW64) AppleWebKit/534+ (KHTML, like Gecko) BingPreview/1.0b"
65.55.219.132 - - [13/Aug/2013:10:31:36 -0400] "GET /images/375_01%20Spring%20House%20JPG.jpg HTTP/1.1" 200 29086 "http://www.dawneaglewoman.com/earthshipphotojournal.html" "Mozilla/5.0 (Windows NT 6.1; WOW64) AppleWebKit/534+ (KHTML, like Gecko) BingPreview/1.0b"
65.55.219.132 - - [13/Aug/2013:10:31:36 -0400] "GET /images/375_0704_Spring_House_PV_Panel.jpg HTTP/1.1" 200 32892 "http://www.dawneaglewoman.com/earthshipphotojournal.html" "Mozilla/5.0 (Windows NT 6.1; WOW64) AppleWebKit/534+ (KHTML, like Gecko) BingPreview/1.0b"
65.55.219.132 - - [13/Aug/2013:10:31:37 -0400] "GET /images/733_022006_DEW_Slings_Mud.jpg HTTP/1.1" 200 52364 "http://www.dawneaglewoman.com/earthshipphotojournal.html" "Mozilla/5.0 (Windows NT 6.1; WOW64) AppleWebKit/534+ (KHTML, like Gecko) BingPreview/1.0b"
65.55.217.213 - - [13/Aug/2013:21:16:43 -0400] "GET /images/719_2006_Womens_Sweat_Group.jpg HTTP/1.1" 200 71010 "http://www.dawneaglewoman.com/recenteventsalbum.html" "Mozilla/5.0 (Windows NT 6.1; WOW64) AppleWebKit/534+ (KHTML, like Gecko) BingPreview/1.0b"
65.55.217.213 - - [13/Aug/2013:21:16:43 -0400] "GET /images/461_2006_Horses_and_tents.jpg HTTP/1.1" 200 28863 "http://www.dawneaglewoman.com/recenteventsalbum.html" "Mozilla/5.0 (Windows NT 6.1; WOW64) AppleWebKit/534+ (KHTML, like Gecko) BingPreview/1.0b"
65.55.217.213 - - [13/Aug/2013:21:16:43 -0400] "GET /images/461_2006_B_Fire_Keeping.jpg HTTP/1.1" 200 47365 "http://www.dawneaglewoman.com/recenteventsalbum.html" "Mozilla/5.0 (Windows NT 6.1; WOW64) AppleWebKit/534+ (KHTML, like Gecko) BingPreview/1.0b"
203.42.18.42 - - [13/Aug/2013:21:55:18 -0400] "GET /images/320_00%20White%20Wolf%20in%20Snow%20JPG.jpg HTTP/1.1" 200 21474 "-" "Mozilla/5.0 (iPad; CPU OS 6_1_3 like Mac OS X) AppleWebKit/536.26 (KHTML, like Gecko) Version/6.0 Mobile/10B329 Safari/8536.25"
66.249.72.179 - - [13/Aug/2013:22:14:39 -0400] "GET / HTTP/1.1" 200 11234 "-" "Mozilla/5.0 (iPhone; U; CPU iPhone OS 4_1 like Mac OS X; en-us) AppleWebKit/532.9 (KHTML, like Gecko) Version/4.0.5 Mobile/8B117 Safari/6531.22.7 (compatible; Googlebot-Mobile/2.1; +http://www.google.com/bot.html)"
66.249.72.179 - - [13/Aug/2013:20:47:43 -0400] "GET /individualworkretreats/retreats.html HTTP/1.1" 304 - "-" "SAMSUNG-SGH-E250/1.0 Profile/MIDP-2.0 Configuration/CLDC-1.1 UP.Browser/6.2.3.3.c.1.101 (GUI) MMP/2.0 (compatible; Googlebot-Mobile/2.1; +http://www.google.com/bot.html)"
86.161.55.168 - - [13/Aug/2013:14:02:33 -0400] "GET /scripts/user.js HTTP/1.1" 200 23762 "http://www.dawneaglewoman.com/" "Mozilla/5.0 (iPad; CPU OS 6_1_3 like Mac OS X) AppleWebKit/536.26 (KHTML, like Gecko) Version/6.0 Mobile/10B329 Safari/8536.25"
86.161.55.168 - - [13/Aug/2013:14:02:34 -0400] "GET /images/ic_047_navcontainer_bg.png HTTP/1.1" 200 48876 "http://www.dawneaglewoman.com/" "Mozilla/5.0 (iPad; CPU OS 6_1_3 like Mac OS X) AppleWebKit/536.26 (KHTML, like Gecko) Version/6.0 Mobile/10B329 Safari/8536.25"
188.39.15.252 - - [13/Aug/2013:15:10:14 -0400] "GET /scripts/user.js HTTP/1.1" 200 23762 "http://www.dawneaglewoman.com/" "Mozilla/5.0 (Linux; Android 4.1.2; GT-I8190N Build/JZO54K) AppleWebKit/537.36 (KHTML, like Gecko) Chrome/28.0.1500.94 Mobile Safari/537.36"
188.39.15.252 - - [13/Aug/2013:15:10:16 -0400] "GET /images/280_DEW_Serious_Front_JPG.jpg HTTP/1.1" 200 25201 "http://www.dawneaglewoman.com/" "Mozilla/5.0 (Linux; Android 4.1.2; GT-I8190N Build/JZO54K) AppleWebKit/537.36 (KHTML, like Gecko) Chrome/28.0.1500.94 Mobile Safari/537.36"
74.34.162.223 - - [13/Aug/2013:21:16:40 -0400] "GET /images/719_Frans-in-Pond-070_061609.jpg HTTP/1.1" 200 59473 "http://www.bing.com/images/search?q=buffalo+skull+sweat+alter&FORM=HDRSC2" "Mozilla/4.0 (compatible; MSIE 8.0; Windows NT 5.1; Trident/4.0; GTB7.5; .NET CLR 2.0.50727; AskTbWBV5/5.15.15.35882; .NET CLR 3.0.4506.2152; .NET CLR 3.5.30729)"
65.55.217.213 - - [13/Aug/2013:21:16:43 -0400] "GET /images/719_Frans-in-Pond-070_061609.jpg HTTP/1.1" 200 59473 "http://www.dawneaglewoman.com/recenteventsalbum.html" "Mozilla/5.0 (Windows NT 6.1; WOW64) AppleWebKit/534+ (KHTML, like Gecko) BingPreview/1.0b"
65.55.215.94 - - [13/Aug/2013:23:37:25 -0400] "GET /images/719_2006_Womens_Sweat_Group.jpg HTTP/1.1" 200 71010 "-" "msnbot-media/1.1 (+http://search.msn.com/msnbot.htm)"
66.249.75.179 - - [13/Aug/2013:13:24:12 -0400] "GET /individualworkretreats/retreats.html HTTP/1.1" 304 - "-" "Mozilla/5.0 (iPhone; U; CPU iPhone OS 4_1 like Mac OS X; en-us) AppleWebKit/532.9 (KHTML, like Gecko) Version/4.0.5 Mobile/8B117 Safari/6531.22.7 (compatible; Googlebot-Mobile/2.1; +http://www.google.com/bot.html)"
86.161.55.168 - - [13/Aug/2013:14:11:41 -0400] "GET /comingworkshopsevents.html HTTP/1.1" 200 12994 "http://www.dawneaglewoman.com/dewblog.php" "Mozilla/5.0 (iPad; CPU OS 6_1_3 like Mac OS X) AppleWebKit/536.26 (KHTML, like Gecko) Version/6.0 Mobile/10B329 Safari/8536.25"
86.161.55.168 - - [13/Aug/2013:14:11:42 -0400] "GET /images/590_Summer-Rainbow-2-180_071609.jpg HTTP/1.1" 200 15216 "http://www.dawneaglewoman.com/comingworkshopsevents.html" "Mozilla/5.0 (iPad; CPU OS 6_1_3 like Mac OS X) AppleWebKit/536.26 (KHTML, like Gecko) Version/6.0 Mobile/10B329 Safari/8536.25"
66.249.75.179 - - [13/Aug/2013:18:25:40 -0400] "GET /dawneaglewomanhome/linksfriendsgoodstuff.html HTTP/1.1" 304 - "-" "DoCoMo/2.0 N905i(c100;TB;W24H16) (compatible; Googlebot-Mobile/2.1; +http://www.google.com/bot.html)"
86.161.55.168 - - [13/Aug/2013:19:41:00 -0400] "GET /images/461_2006_Horses_and_tents.jpg HTTP/1.1" 200 28863 "http://www.dawneaglewoman.com/recenteventsalbum.html" "Mozilla/5.0 (iPad; CPU OS 6_1_3 like Mac OS X) AppleWebKit/536.26 (KHTML, like Gecko) Mobile/10B329"
66.249.75.117 - - [13/Aug/2013:11:03:47 -0400] "GET / HTTP/1.1" 200 11234 "-" "SAMSUNG-SGH-E250/1.0 Profile/MIDP-2.0 Configuration/CLDC-1.1 UP.Browser/6.2.3.3.c.1.101 (GUI) MMP/2.0 (compatible; Googlebot-Mobile/2.1; +http://www.google.com/bot.html)"
188.39.15.252 - - [13/Aug/2013:15:10:47 -0400] "GET /comingworkshopsevents.html HTTP/1.1" 200 12994 "http://www.dawneaglewoman.com/" "Mozilla/5.0 (Linux; Android 4.1.2; GT-I8190N Build/JZO54K) AppleWebKit/537.36 (KHTML, like Gecko) Chrome/28.0.1500.94 Mobile Safari/537.36"
188.39.15.252 - - [13/Aug/2013:15:10:47 -0400] "GET /images/doc_doc.gif HTTP/1.1" 200 1067 "http://www.dawneaglewoman.com/comingworkshopsevents.html" "Mozilla/5.0 (Linux; Android 4.1.2; GT-I8190N Build/JZO54K) AppleWebKit/537.36 (KHTML, like Gecko) Chrome/28.0.1500.94 Mobile Safari/537.36"
188.39.15.252 - - [13/Aug/2013:15:10:48 -0400] "GET /apple-touch-icon-precomposed.png HTTP/1.1" 404 575 "-" "Mozilla/5.0 (Linux; Android 4.1.2; GT-I8190N Build/JZO54K) AppleWebKit/537.36 (KHTML, like Gecko) Chrome/28.0.1500.94 Mobile Safari/537.36"
188.39.15.252 - - [13/Aug/2013:15:10:49 -0400] "GET /apple-touch-icon.png HTTP/1.1" 404 575 "-" "Mozilla/5.0 (Linux; Android 4.1.2; GT-I8190N Build/JZO54K) AppleWebKit/537.36 (KHTML, like Gecko) Chrome/28.0.1500.94 Mobile Safari/537.36"
65.55.213.45 - - [13/Aug/2013:17:50:19 -0400] "GET /scripts/template.css HTTP/1.1" 200 9420 "http://www.dawneaglewoman.com/index.html" "Mozilla/4.0 (compatible; MSIE 7.0; Windows NT 5.1; SLCC1; .NET CLR 1.1.4322; .NET CLR 2.0.40607)"
65.55.213.45 - - [13/Aug/2013:17:50:19 -0400] "GET /scripts/website.css HTTP/1.1" 200 1651 "http://www.dawneaglewoman.com/index.html" "Mozilla/4.0 (compatible; MSIE 7.0; Windows NT 5.1; SLCC1; .NET CLR 1.1.4322; .NET CLR 2.0.40607)"
65.55.213.45 - - [13/Aug/2013:17:50:19 -0400] "GET /scripts/print.css HTTP/1.1" 200 - "http://www.dawneaglewoman.com/index.html" "Mozilla/4.0 (compatible; MSIE 7.0; Windows NT 5.1; SLCC1; .NET CLR 1.1.4322; .NET CLR 2.0.40607)"
86.161.55.168 - - [13/Aug/2013:19:40:54 -0400] "GET /scripts/template.css HTTP/1.1" 200 9420 "http://www.dawneaglewoman.com/" "Mozilla/5.0 (iPad; CPU OS 6_1_3 like Mac OS X) AppleWebKit/536.26 (KHTML, like Gecko) Mobile/10B329"
199.21.99.110 - - [13/Aug/2013:20:04:36 -0400] "GET / HTTP/1.1" 200 11234 "-" "Mozilla/5.0 (compatible; YandexBot/3.0; +http://yandex.com/bots)"
131.253.36.202 - - [13/Aug/2013:08:14:05 -0400] "GET /scripts/3custom.css HTTP/1.1" 200 1813 "http://www.dawneaglewoman.com/individualworkretreats.html" "Mozilla/4.0 (compatible; MSIE 7.0; Windows NT 5.1; SLCC1; .NET CLR 1.1.4325; .NET CLR 2.0.50727; .NET CLR 3.0.04506.648)"
74.34.162.223 - - [13/Aug/2013:21:16:40 -0400] "GET /images/461_2006_Horses_and_tents.jpg HTTP/1.1" 200 28863 "http://www.bing.com/images/search?q=buffalo+skull+sweat+alter&FORM=HDRSC2" "Mozilla/4.0 (compatible; MSIE 8.0; Windows NT 5.1; Trident/4.0; GTB7.5; .NET CLR 2.0.50727; AskTbWBV5/5.15.15.35882; .NET CLR 3.0.4506.2152; .NET CLR 3.5.30729)"
72.74.188.211 - - [13/Aug/2013:21:46:50 -0400] "GET /images/719_00_White_Wolf_in_Snow_JPG.jpg HTTP/1.1" 200 76723 "-" "Wallpapers/1.6 CFNetwork/609.1.4 Darwin/13.0.0"
91.125.119.249 - - [13/Aug/2013:14:03:22 -0400] "GET /scripts/photoalbum.js HTTP/1.1" 200 62481 "http://www.dawneaglewoman.com/" "Mozilla/5.0 (Windows NT 6.1; rv:22.0) Gecko/20100101 Firefox/22.0"
91.125.119.249 - - [13/Aug/2013:14:03:23 -0400] "GET /images/280_DEW_Serious_Front_JPG.jpg HTTP/1.1" 200 25201 "http://www.dawneaglewoman.com/" "Mozilla/5.0 (Windows NT 6.1; rv:22.0) Gecko/20100101 Firefox/22.0"
91.125.119.249 - - [13/Aug/2013:14:04:01 -0400] "GET /scripts/31custom.css HTTP/1.1" 200 3166 "http://www.dawneaglewoman.com/comingworkshopsevents.html" "Mozilla/5.0 (Windows NT 6.1; rv:22.0) Gecko/20100101 Firefox/22.0"
178.154.178.251 - - [13/Aug/2013:02:23:14 -0400] "GET /images/313_Actual-Article-pg1-web.jpg HTTP/1.1" 304 - "-" "Mozilla/5.0 (compatible; YandexImages/3.0; +http://yandex.com/bots)"
66.249.75.117 - - [13/Aug/2013:11:22:45 -0400] "GET / HTTP/1.1" 200 11234 "-" "DoCoMo/2.0 N905i(c100;TB;W24H16) (compatible; Googlebot-Mobile/2.1; +http://www.google.com/bot.html)"
95.108.241.252 - - [13/Aug/2013:11:28:45 -0400] "GET /calendar.html HTTP/1.1" 304 - "-" "Mozilla/5.0 (compatible; YandexBot/3.0; +http://yandex.com/bots)"
74.221.46.176 - - [13/Aug/2013:21:05:42 -0400] "GET /images/719_00_White_Wolf_in_Snow_JPG.jpg HTTP/1.1" 200 76723 "http://kootation.com/wolf-in-the-snow.html" "Mozilla/5.0 (Windows NT 6.0; rv:22.0) Gecko/20100101 Firefox/22.0"
65.55.217.213 - - [13/Aug/2013:21:16:43 -0400] "GET /images/461_2006_Horses_and_tents.jpg HTTP/1.1" 200 28863 "http://www.dawneaglewoman.com/recenteventsalbum.html" "Mozilla/5.0 (Windows NT 6.1; WOW64) AppleWebKit/534+ (KHTML, like Gecko) BingPreview/1.0b"
86.161.55.168 - - [13/Aug/2013:14:02:33 -0400] "GET /scripts/template.css HTTP/1.1" 200 9420 "http://www.dawneaglewoman.com/" "Mozilla/5.0 (iPad; CPU OS 6_1_3 like Mac OS X) AppleWebKit/536.26 (KHTML, like Gecko) Version/6.0 Mobile/10B329 Safari/8536.25"
86.161.55.168 - - [13/Aug/2013:14:02:34 -0400] "GET /images/blue-lotus-dsc06099-a2-ws.jpg HTTP/1.1" 200 9426 "http://www.dawneaglewoman.com/" "Mozilla/5.0 (iPad; CPU OS 6_1_3 like Mac OS X) AppleWebKit/536.26 (KHTML, like Gecko) Version/6.0 Mobile/10B329 Safari/8536.25"
86.161.55.168 - - [13/Aug/2013:14:11:53 -0400] "GET /images/461_2006_Horses_and_tents.jpg HTTP/1.1" 200 28863 "http://www.dawneaglewoman.com/recenteventsalbum.html" "Mozilla/5.0 (iPad; CPU OS 6_1_3 like Mac OS X) AppleWebKit/536.26 (KHTML, like Gecko) Version/6.0 Mobile/10B329 Safari/8536.25"
54.242.23.175 - - [13/Aug/2013:04:09:10 -0400] "GET / HTTP/1.1" 200 11234 "-" "User-Agent: Mozilla/5.0 (Windows NT 6.1; WOW64) AppleWebKit/537.31 (KHTML, like Gecko) Chrome/26.0.1410.64 Safari/537.31"
86.161.55.168 - - [13/Aug/2013:19:40:54 -0400] "GET /scripts/photoalbum.js HTTP/1.1" 200 62481 "http://www.dawneaglewoman.com/" "Mozilla/5.0 (iPad; CPU OS 6_1_3 like Mac OS X) AppleWebKit/536.26 (KHTML, like Gecko) Mobile/10B329"
86.161.55.168 - - [13/Aug/2013:19:40:54 -0400] "GET /images/ic_047_header_bg.png HTTP/1.1" 200 21471 "http://www.dawneaglewoman.com/" "Mozilla/5.0 (iPad; CPU OS 6_1_3 like Mac OS X) AppleWebKit/536.26 (KHTML, like Gecko) Mobile/10B329"
66.249.72.179 - - [13/Aug/2013:20:47:43 -0400] "GET /robots.txt HTTP/1.1" 200 25 "-" "Mozilla/5.0 (compatible; Googlebot/2.1; +http://www.google.com/bot.html)"
199.30.16.28 - - [13/Aug/2013:07:04:20 -0400] "GET /robots.txt HTTP/1.1" 200 25 "-" "msnbot-media/1.1 (+http://search.msn.com/msnbot.htm)"
89.241.98.20 - - [13/Aug/2013:08:57:40 -0400] "GET /eblog/wordpress.css HTTP/1.1" 200 3043 "http://www.dawneaglewoman.com/dewblog.php" "Mozilla/5.0 (iPad; CPU OS 6_1_3 like Mac OS X) AppleWebKit/536.26 (KHTML, like Gecko) Version/6.0 Mobile/10B329 Safari/8536.25"
86.161.55.168 - - [13/Aug/2013:14:11:53 -0400] "GET /scripts/29.css HTTP/1.1" 200 92 "http://www.dawneaglewoman.com/recenteventsalbum.html" "Mozilla/5.0 (iPad; CPU OS 6_1_3 like Mac OS X) AppleWebKit/536.26 (KHTML, like Gecko) Version/6.0 Mobile/10B329 Safari/8536.25"
86.161.55.168 - - [13/Aug/2013:14:11:53 -0400] "GET /images/719_2006_Womens_Sweat_Group.jpg HTTP/1.1" 200 71010 "http://www.dawneaglewoman.com/recenteventsalbum.html" "Mozilla/5.0 (iPad; CPU OS 6_1_3 like Mac OS X) AppleWebKit/536.26 (KHTML, like Gecko) Version/6.0 Mobile/10B329 Safari/8536.25"
86.161.55.168 - - [13/Aug/2013:14:11:53 -0400] "GET /images/Eagle_Eye_Cropped.jpg HTTP/1.1" 200 10906 "http://www.dawneaglewoman.com/recenteventsalbum.html" "Mozilla/5.0 (iPad; CPU OS 6_1_3 like Mac OS X) AppleWebKit/536.26 (KHTML, like Gecko) Version/6.0 Mobile/10B329 Safari/8536.25"
86.161.55.168 - - [13/Aug/2013:14:11:54 -0400] "GET /images/719_Frans-in-Pond-070_061609.jpg HTTP/1.1" 200 59473 "http://www.dawneaglewoman.com/recenteventsalbum.html" "Mozilla/5.0 (iPad; CPU OS 6_1_3 like Mac OS X) AppleWebKit/536.26 (KHTML, like Gecko) Version/6.0 Mobile/10B329 Safari/8536.25"
131.253.24.5 - - [13/Aug/2013:03:52:20 -0400] "GET /images/photoalbum/button_photoPlay.jpg HTTP/1.1" 200 613 "-" "msnbot-media/1.1 (+http://search.msn.com/msnbot.htm)"
50.51.24.198 - - [13/Aug/2013:16:26:14 -0400] "HEAD /images/719_00_White_Wolf_in_Snow_JPG.jpg HTTP/1.1" 200 - "http://www.bing.com/images/search?q=white+wolf&go=&qs=n&form=QBIR&pq=white+wolf&sc=8-10&sp=-1&sk=#view=detail&id=8754B462B0B021F6C617CAEE1A873FCDDACD9543&selectedIndex=80" "Mozilla/5.0 (Linux; U; en-us; KFTT Build/IML74K) AppleWebKit/535.19 (KHTML, like Gecko) Silk/3.1 Safari/535.19 Silk-Accelerated=true"
65.55.219.154 - - [13/Aug/2013:21:16:39 -0400] "GET /scripts/user.js HTTP/1.1" 200 23762 "http://www.dawneaglewoman.com/recenteventsalbum.html" "Mozilla/5.0 (Windows NT 6.1; WOW64) AppleWebKit/534+ (KHTML, like Gecko) BingPreview/1.0b"
65.55.219.154 - - [13/Aug/2013:21:16:40 -0400] "GET /images/Eagle_Eye_Cropped.jpg HTTP/1.1" 200 10906 "http://www.dawneaglewoman.com/recenteventsalbum.html" "Mozilla/5.0 (Windows NT 6.1; WOW64) AppleWebKit/534+ (KHTML, like Gecko) BingPreview/1.0b"
65.55.219.154 - - [13/Aug/2013:21:16:40 -0400] "GET /images/461_2006_Tents.jpg HTTP/1.1" 200 31560 "http://www.dawneaglewoman.com/recenteventsalbum.html" "Mozilla/5.0 (Windows NT 6.1; WOW64) AppleWebKit/534+ (KHTML, like Gecko) BingPreview/1.0b"
65.55.219.154 - - [13/Aug/2013:21:16:42 -0400] "GET /images/461_2006_Buffalo_Skull_and_Fire.jpg HTTP/1.1" 200 41529 "http://www.dawneaglewoman.com/recenteventsalbum.html" "Mozilla/5.0 (Windows NT 6.1; WOW64) AppleWebKit/534+ (KHTML, like Gecko) BingPreview/1.0b"
86.161.55.168 - - [13/Aug/2013:19:45:03 -0400] "GET /scripts/38custom.css HTTP/1.1" 200 805 "http://www.dawneaglewoman.com/dawneaglewomanhome/linksfriendsgoodstuff.html" "Mozilla/5.0 (iPad; CPU OS 6_1_3 like Mac OS X) AppleWebKit/536.26 (KHTML, like Gecko) Mobile/10B329"
86.161.55.168 - - [13/Aug/2013:14:02:33 -0400] "GET /scripts/website.css HTTP/1.1" 200 1651 "http://www.dawneaglewoman.com/" "Mozilla/5.0 (iPad; CPU OS 6_1_3 like Mac OS X) AppleWebKit/536.26 (KHTML, like Gecko) Version/6.0 Mobile/10B329 Safari/8536.25"
65.55.218.61 - - [13/Aug/2013:08:14:01 -0400] "GET /scripts/print.css HTTP/1.1" 200 - "http://www.dawneaglewoman.com/individualworkretreats.html" "Mozilla/4.0 (compatible; MSIE 7.0; Windows NT 5.1; SLCC1; .NET CLR 1.1.4325; .NET CLR 2.0.50727; .NET CLR 3.0.04506.648)"
65.55.218.61 - - [13/Aug/2013:08:14:01 -0400] "GET /scripts/website.css HTTP/1.1" 200 1651 "http://www.dawneaglewoman.com/individualworkretreats.html" "Mozilla/4.0 (compatible; MSIE 7.0; Windows NT 5.1; SLCC1; .NET CLR 1.1.4325; .NET CLR 2.0.50727; .NET CLR 3.0.04506.648)"
124.89.102.59 - - [13/Aug/2013:08:25:06 -0400] "GET /robots.txt HTTP/1.1" 200 25 "http://dawneaglewoman.com/" "Mozilla/5.0 (compatible; MSIE 8.0; Windows NT 6.1)"
75.170.7.104 - - [13/Aug/2013:04:19:48 -0400] "GET /images/719_00_White_Wolf_in_Snow_JPG.jpg HTTP/1.1" 200 76723 "http://www.google.com/blank.html" "Mozilla/5.0 (Windows NT 5.1) AppleWebKit/537.36 (KHTML, like Gecko) Chrome/28.0.1500.95 Safari/537.36"
65.55.219.154 - - [13/Aug/2013:21:16:40 -0400] "GET /images/719_Frans-in-Pond-070_061609.jpg HTTP/1.1" 200 59473 "http://www.dawneaglewoman.com/recenteventsalbum.html" "Mozilla/5.0 (Windows NT 6.1; WOW64) AppleWebKit/534+ (KHTML, like Gecko) BingPreview/1.0b"
89.241.98.20 - - [13/Aug/2013:08:57:15 -0400] "GET /scripts/website.css HTTP/1.1" 200 1651 "http://www.dawneaglewoman.com/" "Mozilla/5.0 (iPad; CPU OS 6_1_3 like Mac OS X) AppleWebKit/536.26 (KHTML, like Gecko) Version/6.0 Mobile/10B329 Safari/8536.25"
188.39.15.252 - - [13/Aug/2013:15:10:15 -0400] "GET /scripts/icwebsiteelement.css HTTP/1.1" 200 8132 "http://www.dawneaglewoman.com/" "Mozilla/5.0 (Linux; Android 4.1.2; GT-I8190N Build/JZO54K) AppleWebKit/537.36 (KHTML, like Gecko) Chrome/28.0.1500.94 Mobile Safari/537.36"
188.39.15.252 - - [13/Aug/2013:15:10:16 -0400] "GET /scripts/print.css HTTP/1.1" 200 - "http://www.dawneaglewoman.com/" "Mozilla/5.0 (Linux; Android 4.1.2; GT-I8190N Build/JZO54K) AppleWebKit/537.36 (KHTML, like Gecko) Chrome/28.0.1500.94 Mobile Safari/537.36"
188.39.15.252 - - [13/Aug/2013:15:10:18 -0400] "GET /images/blue-lotus-dsc06099-a2-ws.jpg HTTP/1.1" 200 9426 "http://www.dawneaglewoman.com/" "Mozilla/5.0 (Linux; Android 4.1.2; GT-I8190N Build/JZO54K) AppleWebKit/537.36 (KHTML, like Gecko) Chrome/28.0.1500.94 Mobile Safari/537.36"
188.39.15.252 - - [13/Aug/2013:15:10:19 -0400] "GET /apple-touch-icon-precomposed.png HTTP/1.1" 404 575 "-" "Mozilla/5.0 (Linux; Android 4.1.2; GT-I8190N Build/JZO54K) AppleWebKit/537.36 (KHTML, like Gecko) Chrome/28.0.1500.94 Mobile Safari/537.36"
188.39.15.252 - - [13/Aug/2013:15:10:19 -0400] "GET /apple-touch-icon.png HTTP/1.1" 404 575 "-" "Mozilla/5.0 (Linux; Android 4.1.2; GT-I8190N Build/JZO54K) AppleWebKit/537.36 (KHTML, like Gecko) Chrome/28.0.1500.94 Mobile Safari/537.36"
180.76.6.213 - - [13/Aug/2013:13:28:04 -0400] "GET /robots.txt HTTP/1.1" 200 25 "-" "Mozilla/5.0 (Windows NT 5.1; rv:6.0.2) Gecko/20100101 Firefox/6.0.2"
72.91.229.226 - - [13/Aug/2013:18:43:31 -0400] "GET /images/719_00_White_Wolf_in_Snow_JPG.jpg HTTP/1.1" 200 76723 "https://www.google.com/" "Mozilla/5.0 (iPhone; CPU iPhone OS 6_1_3 like Mac OS X) AppleWebKit/536.26 (KHTML, like Gecko) Version/6.0 Mobile/10B329 Safari/8536.25"
86.161.55.168 - - [13/Aug/2013:19:40:54 -0400] "GET /scripts/website.css HTTP/1.1" 200 1651 "http://www.dawneaglewoman.com/" "Mozilla/5.0 (iPad; CPU OS 6_1_3 like Mac OS X) AppleWebKit/536.26 (KHTML, like Gecko) Mobile/10B329"
86.161.55.168 - - [13/Aug/2013:19:40:54 -0400] "GET /images/719_2008_Alison_Tipi_Photo.JPG HTTP/1.1" 200 138354 "http://www.dawneaglewoman.com/" "Mozilla/5.0 (iPad; CPU OS 6_1_3 like Mac OS X) AppleWebKit/536.26 (KHTML, like Gecko) Mobile/10B329"
199.21.99.110 - - [13/Aug/2013:10:09:31 -0400] "GET /robots.txt HTTP/1.1" 200 25 "-" "Mozilla/5.0 (compatible; YandexBot/3.0; +http://yandex.com/bots)"
66.249.72.179 - - [13/Aug/2013:23:54:32 -0400] "GET /images/100_Laburnam_Elk_Rose_Quartz.jpg HTTP/1.1" 304 - "-" "Googlebot-Image/1.0"
157.55.32.95 - - [13/Aug/2013:05:22:42 -0400] "GET /Frame-27-switzerland1106page27.html?refresh=1172811019316 HTTP/1.1" 304 - "-" "Mozilla/5.0 (compatible; bingbot/2.0; +http://www.bing.com/bingbot.htm)"
24.12.218.144 - - [13/Aug/2013:15:05:06 -0400] "GET /images/719_00_White_Wolf_in_Snow_JPG.jpg HTTP/1.1" 200 76723 "https://www.google.com/" "Mozilla/5.0 (iPhone; CPU iPhone OS 6_0_1 like Mac OS X) AppleWebKit/536.26 (KHTML, like Gecko) Version/6.0 Mobile/10A523 Safari/8536.25"
89.241.98.20 - - [13/Aug/2013:08:57:15 -0400] "GET /scripts/template.css HTTP/1.1" 200 9420 "http://www.dawneaglewoman.com/" "Mozilla/5.0 (iPad; CPU OS 6_1_3 like Mac OS X) AppleWebKit/536.26 (KHTML, like Gecko) Version/6.0 Mobile/10B329 Safari/8536.25"
66.249.75.179 - - [13/Aug/2013:02:15:52 -0400] "GET /dawneaglewomanhome/joinmailinglist.html HTTP/1.1" 200 10707 "-" "Mozilla/5.0 (compatible; Googlebot/2.1; +http://www.google.com/bot.html)"
199.30.20.41 - - [13/Aug/2013:02:39:22 -0400] "GET /robots.txt HTTP/1.1" 200 25 "-" "msnbot-media/1.1 (+http://search.msn.com/msnbot.htm)"
91.125.119.249 - - [13/Aug/2013:14:03:22 -0400] "GET /scripts/website.css HTTP/1.1" 200 1651 "http://www.dawneaglewoman.com/" "Mozilla/5.0 (Windows NT 6.1; rv:22.0) Gecko/20100101 Firefox/22.0"
91.125.119.249 - - [13/Aug/2013:14:03:23 -0400] "GET /images/blue-lotus-dsc06099-a2-ws.jpg HTTP/1.1" 200 9426 "http://www.dawneaglewoman.com/scripts/website.css" "Mozilla/5.0 (Windows NT 6.1; rv:22.0) Gecko/20100101 Firefox/22.0"
65.55.215.45 - - [13/Aug/2013:18:30:44 -0400] "GET /robots.txt HTTP/1.1" 200 25 "-" "msnbot-media/1.1 (+http://search.msn.com/msnbot.htm)"
86.161.55.168 - - [13/Aug/2013:19:41:55 -0400] "GET /scripts/31custom.css HTTP/1.1" 200 3166 "http://www.dawneaglewoman.com/comingworkshopsevents.html" "Mozilla/5.0 (iPad; CPU OS 6_1_3 like Mac OS X) AppleWebKit/536.26 (KHTML, like Gecko) Mobile/10B329"
78.158.11.226 - - [13/Aug/2013:23:41:27 -0400] "GET / HTTP/1.1" 200 11234 "http://evuln.com/tools/malware-scanner/www.dawneaglewoman.com/" "Lynx/2.8.5rel.1 libwww-FM/2.15FC SSL-MM/1.4.1c OpenSSL/0.9.7e-dev"
188.39.15.252 - - [13/Aug/2013:15:10:47 -0400] "GET /images/590_Summer-Rainbow-2-180_071609.jpg HTTP/1.1" 200 15216 "http://www.dawneaglewoman.com/comingworkshopsevents.html" "Mozilla/5.0 (Linux; Android 4.1.2; GT-I8190N Build/JZO54K) AppleWebKit/537.36 (KHTML, like Gecko) Chrome/28.0.1500.94 Mobile Safari/537.36"
188.39.15.252 - - [13/Aug/2013:15:10:48 -0400] "GET /favicon.ico HTTP/1.1" 404 575 "-" "Mozilla/5.0 (Linux; Android 4.1.2; GT-I8190N Build/JZO54K) AppleWebKit/537.36 (KHTML, like Gecko) Chrome/28.0.1500.94 Mobile Safari/537.36"
74.105.142.70 - - [13/Aug/2013:17:42:18 -0400] "GET /images/719_00_White_Wolf_in_Snow_JPG.jpg HTTP/1.1" 200 76723 "http://www.chickensmoothie.com/Forum/viewtopic.php?f=65&t=1933124&start=10" "Mozilla/5.0 (Macintosh; Intel Mac OS X 10_8_4) AppleWebKit/536.30.1 (KHTML, like Gecko) Version/6.0.5 Safari/536.30.1"
65.55.219.154 - - [13/Aug/2013:21:16:39 -0400] "GET /scripts/photoalbum.js HTTP/1.1" 200 62481 "http://www.dawneaglewoman.com/recenteventsalbum.html" "Mozilla/5.0 (Windows NT 6.1; WOW64) AppleWebKit/534+ (KHTML, like Gecko) BingPreview/1.0b"
65.55.219.154 - - [13/Aug/2013:21:16:40 -0400] "GET /images/258_Amy-Family-115_071609.jpg HTTP/1.1" 200 21677 "http://www.dawneaglewoman.com/recenteventsalbum.html" "Mozilla/5.0 (Windows NT 6.1; WOW64) AppleWebKit/534+ (KHTML, like Gecko) BingPreview/1.0b"
65.55.219.154 - - [13/Aug/2013:21:16:40 -0400] "GET /images/461_2006_Horses_and_tents.jpg HTTP/1.1" 200 28863 "http://www.dawneaglewoman.com/recenteventsalbum.html" "Mozilla/5.0 (Windows NT 6.1; WOW64) AppleWebKit/534+ (KHTML, like Gecko) BingPreview/1.0b"
65.55.219.164 - - [13/Aug/2013:21:16:43 -0400] "GET /images/461_2006_Buffalo_Skull_and_Fire.jpg HTTP/1.1" 200 41529 "http://www.dawneaglewoman.com/recenteventsalbum.html" "Mozilla/5.0 (Windows NT 6.1; WOW64) AppleWebKit/534+ (KHTML, like Gecko) BingPreview/1.0b"
199.30.16.28 - - [13/Aug/2013:07:04:20 -0400] "GET /images/photoalbum/button_photoSpeed4.jpg HTTP/1.1" 200 506 "-" "msnbot-media/1.1 (+http://search.msn.com/msnbot.htm)"
131.253.24.129 - - [13/Aug/2013:08:13:41 -0400] "GET /individualworkretreats.html HTTP/1.1" 200 16522 "-" "Mozilla/4.0 (compatible; MSIE 7.0; Windows NT 5.1; SLCC1; .NET CLR 1.1.4325; .NET CLR 2.0.50727; .NET CLR 3.0.04506.648)"
178.154.164.251 - - [13/Aug/2013:00:29:32 -0400] "GET /images/719_00_White_Wolf_in_Snow_JPG.jpg HTTP/1.1" 304 - "-" "Mozilla/5.0 (compatible; YandexImages/3.0; +http://yandex.com/bots)"
66.249.85.189 - - [13/Aug/2013:00:57:05 -0400] "GET /scripts/15custom.css HTTP/1.1" 200 1140 "http://www.dawneaglewoman.com/individualworkretreats/individualsessions.html" "Mozilla/5.0 (X11; Linux x86_64) AppleWebKit/537.4 (KHTML, like Gecko; Google Web Preview) Chrome/22.0.1229 Safari/537.4"
66.249.85.189 - - [13/Aug/2013:00:57:05 -0400] "GET /images/469_DEW_and_Lap_Dogs.jpg HTTP/1.1" 200 21248 "http://www.dawneaglewoman.com/individualworkretreats/individualsessions.html" "Mozilla/5.0 (X11; Linux x86_64) AppleWebKit/537.4 (KHTML, like Gecko; Google Web Preview) Chrome/22.0.1229 Safari/537.4"
86.161.55.168 - - [13/Aug/2013:19:41:28 -0400] "GET /images/photoalbum/button_photoNext.jpg HTTP/1.1" 200 662 "http://www.dawneaglewoman.com/individualworkretreats.html" "Mozilla/5.0 (iPad; CPU OS 6_1_3 like Mac OS X) AppleWebKit/536.26 (KHTML, like Gecko) Mobile/10B329"
86.161.55.168 - - [13/Aug/2013:19:41:28 -0400] "GET /images/photoalbum/button_photoSpeed2_ON.jpg HTTP/1.1" 200 492 "http://www.dawneaglewoman.com/individualworkretreats.html" "Mozilla/5.0 (iPad; CPU OS 6_1_3 like Mac OS X) AppleWebKit/536.26 (KHTML, like Gecko) Mobile/10B329"
86.161.55.168 - - [13/Aug/2013:19:41:28 -0400] "GET /images/photoalbum/photo_controlBG.jpg HTTP/1.1" 200 336 "http://www.dawneaglewoman.com/individualworkretreats.html" "Mozilla/5.0 (iPad; CPU OS 6_1_3 like Mac OS X) AppleWebKit/536.26 (KHTML, like Gecko) Mobile/10B329"
86.161.55.168 - - [13/Aug/2013:19:41:28 -0400] "GET /images/231_040311_005web.jpg HTTP/1.1" 200 9762 "http://www.dawneaglewoman.com/individualworkretreats.html" "Mozilla/5.0 (iPad; CPU OS 6_1_3 like Mac OS X) AppleWebKit/536.26 (KHTML, like Gecko) Mobile/10B329"
86.161.55.168 - - [13/Aug/2013:19:41:29 -0400] "GET /images/231_040311_002web.jpg HTTP/1.1" 200 9044 "http://www.dawneaglewoman.com/individualworkretreats.html" "Mozilla/5.0 (iPad; CPU OS 6_1_3 like Mac OS X) AppleWebKit/536.26 (KHTML, like Gecko) Mobile/10B329"
86.161.55.168 - - [13/Aug/2013:19:41:29 -0400] "GET /images/733_040311a_003web.jpg HTTP/1.1" 200 57579 "http://www.dawneaglewoman.com/individualworkretreats.html" "Mozilla/5.0 (iPad; CPU OS 6_1_3 like Mac OS X) AppleWebKit/536.26 (KHTML, like Gecko) Mobile/10B329"
86.161.55.168 - - [13/Aug/2013:19:41:29 -0400] "GET /images/153_1007078-001_100708-MedRm2.jpg HTTP/1.1" 200 10881 "http://www.dawneaglewoman.com/individualworkretreats.html" "Mozilla/5.0 (iPad; CPU OS 6_1_3 like Mac OS X) AppleWebKit/536.26 (KHTML, like Gecko) Mobile/10B329"
86.161.55.168 - - [13/Aug/2013:19:41:29 -0400] "GET /images/153_100708-021_090108-Moon.jpg HTTP/1.1" 200 3581 "http://www.dawneaglewoman.com/individualworkretreats.html" "Mozilla/5.0 (iPad; CPU OS 6_1_3 like Mac OS X) AppleWebKit/536.26 (KHTML, like Gecko) Mobile/10B329"
66.249.75.179 - - [13/Aug/2013:01:42:29 -0400] "GET /images/100_050707-092405-033.jpg HTTP/1.1" 304 - "-" "Googlebot-Image/1.0"
199.30.20.41 - - [13/Aug/2013:02:39:22 -0400] "GET /images/719_00_White_Wolf_in_Snow_JPG.jpg HTTP/1.1" 200 76723 "-" "msnbot-media/1.1 (+http://search.msn.com/msnbot.htm)"
86.161.55.168 - - [13/Aug/2013:19:43:21 -0400] "GET /calendar.html HTTP/1.1" 200 51462 "http://www.dawneaglewoman.com/whatsnew.html" "Mozilla/5.0 (iPad; CPU OS 6_1_3 like Mac OS X) AppleWebKit/536.26 (KHTML, like Gecko) Mobile/10B329"
86.161.55.168 - - [13/Aug/2013:19:43:21 -0400] "GET /images/719_00_White_Wolf_in_Snow_JPG.jpg HTTP/1.1" 200 76723 "http://www.dawneaglewoman.com/calendar.html" "Mozilla/5.0 (iPad; CPU OS 6_1_3 like Mac OS X) AppleWebKit/536.26 (KHTML, like Gecko) Mobile/10B329"
65.55.217.213 - - [13/Aug/2013:21:16:43 -0400] "GET /images/719_Frans-in-Pond-070_061609.jpg HTTP/1.1" 200 59473 "http://www.dawneaglewoman.com/recenteventsalbum.html" "Mozilla/5.0 (Windows NT 6.1; WOW64) AppleWebKit/534+ (KHTML, like Gecko) BingPreview/1.0b"
65.55.217.213 - - [13/Aug/2013:21:16:44 -0400] "GET /scripts/print.css HTTP/1.1" 200 - "http://www.dawneaglewoman.com/recenteventsalbum.html" "Mozilla/5.0 (Windows NT 6.1; WOW64) AppleWebKit/534+ (KHTML, like Gecko) BingPreview/1.0b"
24.144.199.248 - - [13/Aug/2013:21:48:42 -0400] "GET /images/719_00_White_Wolf_in_Snow_JPG.jpg HTTP/1.1" 200 76723 "http://www.google.com/blank.html" "Mozilla/5.0 (compatible; MSIE 10.0; Windows NT 6.1; WOW64; Trident/6.0)"
65.55.211.243 - - [13/Aug/2013:08:13:45 -0400] "GET /scripts/ic_globals_published.js HTTP/1.1" 200 566 "http://www.dawneaglewoman.com/individualworkretreats.html" "Mozilla/4.0 (compatible; MSIE 7.0; Windows NT 5.1; SLCC1; .NET CLR 1.1.4325; .NET CLR 2.0.50727; .NET CLR 3.0.04506.648)"
12.226.101.250 - - [13/Aug/2013:14:41:38 -0400] "GET /images/719_00_White_Wolf_in_Snow_JPG.jpg HTTP/1.1" 200 76723 "http://www.goodreads.com/topic/show/1075889-loners" "Mozilla/5.0 (Windows NT 6.1; rv:21.0) Gecko/20100101 Firefox/21.0"
37.140.141.1 - - [13/Aug/2013:02:56:20 -0400] "GET /images/576_Tipi_From_Above.jpg HTTP/1.1" 304 - "-" "Mozilla/5.0 (compatible; YandexImages/3.0; +http://yandex.com/bots)"
91.125.119.249 - - [13/Aug/2013:14:04:02 -0400] "GET /images/590_Summer-Rainbow-2-180_071609.jpg HTTP/1.1" 200 15216 "http://www.dawneaglewoman.com/comingworkshopsevents.html" "Mozilla/5.0 (Windows NT 6.1; rv:22.0) Gecko/20100101 Firefox/22.0"
86.161.55.168 - - [13/Aug/2013:19:43:21 -0400] "GET /images/375_0106_081605CDEW_323_Sit_Hillside_C_Mac.jpg HTTP/1.1" 200 36125 "http://www.dawneaglewoman.com/calendar.html" "Mozilla/5.0 (iPad; CPU OS 6_1_3 like Mac OS X) AppleWebKit/536.26 (KHTML, like Gecko) Mobile/10B329"
65.55.219.132 - - [13/Aug/2013:10:31:34 -0400] "GET /earthshipphotojournal.html HTTP/1.1" 200 42799 "-" "Mozilla/5.0 (Windows NT 6.1; WOW64) AppleWebKit/534+ (KHTML, like Gecko) BingPreview/1.0b"
65.55.219.132 - - [13/Aug/2013:10:31:34 -0400] "GET /scripts/template.css HTTP/1.1" 200 9420 "http://www.dawneaglewoman.com/earthshipphotojournal.html" "Mozilla/5.0 (Windows NT 6.1; WOW64) AppleWebKit/534+ (KHTML, like Gecko) BingPreview/1.0b"
65.55.219.132 - - [13/Aug/2013:10:31:34 -0400] "GET /scripts/website.css HTTP/1.1" 200 1651 "http://www.dawneaglewoman.com/earthshipphotojournal.html" "Mozilla/5.0 (Windows NT 6.1; WOW64) AppleWebKit/534+ (KHTML, like Gecko) BingPreview/1.0b"
65.55.219.132 - - [13/Aug/2013:10:31:34 -0400] "GET /scripts/8custom.css HTTP/1.1" 200 2494 "http://www.dawneaglewoman.com/earthshipphotojournal.html" "Mozilla/5.0 (Windows NT 6.1; WOW64) AppleWebKit/534+ (KHTML, like Gecko) BingPreview/1.0b"
65.55.219.132 - - [13/Aug/2013:10:31:34 -0400] "GET /images/ic_047_header_bg.png HTTP/1.1" 200 21471 "http://www.dawneaglewoman.com/earthshipphotojournal.html" "Mozilla/5.0 (Windows NT 6.1; WOW64) AppleWebKit/534+ (KHTML, like Gecko) BingPreview/1.0b"
65.55.219.132 - - [13/Aug/2013:10:31:34 -0400] "GET /images/219_00%20BW%20in%20Manhole%20JPG.jpg HTTP/1.1" 200 11110 "http://www.dawneaglewoman.com/earthshipphotojournal.html" "Mozilla/5.0 (Windows NT 6.1; WOW64) AppleWebKit/534+ (KHTML, like Gecko) BingPreview/1.0b"
65.55.219.132 - - [13/Aug/2013:10:31:34 -0400] "GET /images/375_First_Truss_from_west_end.jpg HTTP/1.1" 200 20428 "http://www.dawneaglewoman.com/earthshipphotojournal.html" "Mozilla/5.0 (Windows NT 6.1; WOW64) AppleWebKit/534+ (KHTML, like Gecko) BingPreview/1.0b"
65.55.219.132 - - [13/Aug/2013:10:31:35 -0400] "GET /images/375_Trusses_from_rear.jpg HTTP/1.1" 200 20352 "http://www.dawneaglewoman.com/earthshipphotojournal.html" "Mozilla/5.0 (Windows NT 6.1; WOW64) AppleWebKit/534+ (KHTML, like Gecko) BingPreview/1.0b"
65.55.219.132 - - [13/Aug/2013:10:31:35 -0400] "GET /images/375_01%20Generator%20Room%20JPG.jpg HTTP/1.1" 200 22799 "http://www.dawneaglewoman.com/earthshipphotojournal.html" "Mozilla/5.0 (Windows NT 6.1; WOW64) AppleWebKit/534+ (KHTML, like Gecko) BingPreview/1.0b"
65.55.219.132 - - [13/Aug/2013:10:31:35 -0400] "GET /images/375_x_Snow_in_the_House.jpg HTTP/1.1" 200 15024 "http://www.dawneaglewoman.com/earthshipphotojournal.html" "Mozilla/5.0 (Windows NT 6.1; WOW64) AppleWebKit/534+ (KHTML, like Gecko) BingPreview/1.0b"
65.55.219.132 - - [13/Aug/2013:10:31:35 -0400] "GET /images/375_x_Back_to_Work_Porch_is_Gone.jpg HTTP/1.1" 200 19755 "http://www.dawneaglewoman.com/earthshipphotojournal.html" "Mozilla/5.0 (Windows NT 6.1; WOW64) AppleWebKit/534+ (KHTML, like Gecko) BingPreview/1.0b"
65.55.219.132 - - [13/Aug/2013:10:31:35 -0400] "GET /images/375_xx_Front_Framed_Inside_View.jpg HTTP/1.1" 200 21017 "http://www.dawneaglewoman.com/earthshipphotojournal.html" "Mozilla/5.0 (Windows NT 6.1; WOW64) AppleWebKit/534+ (KHTML, like Gecko) BingPreview/1.0b"
65.55.219.132 - - [13/Aug/2013:10:31:35 -0400] "GET /images/375_xxx_First_Glass_Inside.jpg HTTP/1.1" 200 20643 "http://www.dawneaglewoman.com/earthshipphotojournal.html" "Mozilla/5.0 (Windows NT 6.1; WOW64) AppleWebKit/534+ (KHTML, like Gecko) BingPreview/1.0b"
65.55.219.132 - - [13/Aug/2013:10:31:36 -0400] "GET /images/375_030404_27_Windows_from_East.jpg HTTP/1.1" 200 17949 "http://www.dawneaglewoman.com/earthshipphotojournal.html" "Mozilla/5.0 (Windows NT 6.1; WOW64) AppleWebKit/534+ (KHTML, like Gecko) BingPreview/1.0b"
65.55.219.132 - - [13/Aug/2013:10:31:36 -0400] "GET /images/375_Inverter_Room_0704.jpg HTTP/1.1" 200 17683 "http://www.dawneaglewoman.com/earthshipphotojournal.html" "Mozilla/5.0 (Windows NT 6.1; WOW64) AppleWebKit/534+ (KHTML, like Gecko) BingPreview/1.0b"
65.55.219.132 - - [13/Aug/2013:10:31:36 -0400] "GET /images/375_01%20Cistern%20JPG.jpg HTTP/1.1" 200 25149 "http://www.dawneaglewoman.com/earthshipphotojournal.html" "Mozilla/5.0 (Windows NT 6.1; WOW64) AppleWebKit/534+ (KHTML, like Gecko) BingPreview/1.0b"
65.55.219.132 - - [13/Aug/2013:10:31:36 -0400] "GET /images/375_Spring_House_Mechanicals_0704.jpg HTTP/1.1" 200 22294 "http://www.dawneaglewoman.com/earthshipphotojournal.html" "Mozilla/5.0 (Windows NT 6.1; WOW64) AppleWebKit/534+ (KHTML, like Gecko) BingPreview/1.0b"
65.55.219.132 - - [13/Aug/2013:10:31:36 -0400] "GET /images/375_123004_Spring_House.jpg HTTP/1.1" 200 32126 "http://www.dawneaglewoman.com/earthshipphotojournal.html" "Mozilla/5.0 (Windows NT 6.1; WOW64) AppleWebKit/534+ (KHTML, like Gecko) BingPreview/1.0b"
65.55.219.132 - - [13/Aug/2013:10:31:36 -0400] "GET /images/photoalbum/button_photoPrev.jpg HTTP/1.1" 200 656 "http://www.dawneaglewoman.com/earthshipphotojournal.html" "Mozilla/5.0 (Windows NT 6.1; WOW64) AppleWebKit/534+ (KHTML, like Gecko) BingPreview/1.0b"
65.55.219.132 - - [13/Aug/2013:10:31:37 -0400] "GET /images/photoalbum/button_photoPlay.jpg HTTP/1.1" 200 613 "http://www.dawneaglewoman.com/earthshipphotojournal.html" "Mozilla/5.0 (Windows NT 6.1; WOW64) AppleWebKit/534+ (KHTML, like Gecko) BingPreview/1.0b"
65.55.219.132 - - [13/Aug/2013:10:31:37 -0400] "GET /images/photoalbum/button_photoNext.jpg HTTP/1.1" 200 662 "http://www.dawneaglewoman.com/earthshipphotojournal.html" "Mozilla/5.0 (Windows NT 6.1; WOW64) AppleWebKit/534+ (KHTML, like Gecko) BingPreview/1.0b"
65.55.219.132 - - [13/Aug/2013:10:31:37 -0400] "GET /images/photoalbum/detail_close.jpg HTTP/1.1" 200 1095 "http://www.dawneaglewoman.com/earthshipphotojournal.html" "Mozilla/5.0 (Windows NT 6.1; WOW64) AppleWebKit/534+ (KHTML, like Gecko) BingPreview/1.0b"
65.55.219.132 - - [13/Aug/2013:10:31:37 -0400] "GET /images/photoalbum/button_photoLast.jpg HTTP/1.1" 200 637 "http://www.dawneaglewoman.com/earthshipphotojournal.html" "Mozilla/5.0 (Windows NT 6.1; WOW64) AppleWebKit/534+ (KHTML, like Gecko) BingPreview/1.0b"
65.55.219.132 - - [13/Aug/2013:10:31:37 -0400] "GET /images/photoalbum/button_photoSpeed1_ON.jpg HTTP/1.1" 200 476 "http://www.dawneaglewoman.com/earthshipphotojournal.html" "Mozilla/5.0 (Windows NT 6.1; WOW64) AppleWebKit/534+ (KHTML, like Gecko) BingPreview/1.0b"
65.55.219.132 - - [13/Aug/2013:10:31:37 -0400] "GET /images/photoalbum/button_photoSpeed3_ON.jpg HTTP/1.1" 200 587 "http://www.dawneaglewoman.com/earthshipphotojournal.html" "Mozilla/5.0 (Windows NT 6.1; WOW64) AppleWebKit/534+ (KHTML, like Gecko) BingPreview/1.0b"
65.55.219.132 - - [13/Aug/2013:10:31:37 -0400] "GET /images/photoalbum/button_photoSpeed4.jpg HTTP/1.1" 200 506 "http://www.dawneaglewoman.com/earthshipphotojournal.html" "Mozilla/5.0 (Windows NT 6.1; WOW64) AppleWebKit/534+ (KHTML, like Gecko) BingPreview/1.0b"
65.55.219.132 - - [13/Aug/2013:10:31:37 -0400] "GET /images/clear_pixel.gif HTTP/1.1" 404 575 "http://www.dawneaglewoman.com/earthshipphotojournal.html" "Mozilla/5.0 (Windows NT 6.1; WOW64) AppleWebKit/534+ (KHTML, like Gecko) BingPreview/1.0b"
65.55.219.132 - - [13/Aug/2013:10:31:37 -0400] "GET /images/photoalbum/photo_controlBG.jpg HTTP/1.1" 200 336 "http://www.dawneaglewoman.com/earthshipphotojournal.html" "Mozilla/5.0 (Windows NT 6.1; WOW64) AppleWebKit/534+ (KHTML, like Gecko) BingPreview/1.0b"
65.55.219.132 - - [13/Aug/2013:10:31:37 -0400] "GET /images/214_022006_Compost_1.jpg HTTP/1.1" 200 7743 "http://www.dawneaglewoman.com/earthshipphotojournal.html" "Mozilla/5.0 (Windows NT 6.1; WOW64) AppleWebKit/534+ (KHTML, like Gecko) BingPreview/1.0b"
65.55.219.132 - - [13/Aug/2013:10:31:37 -0400] "GET /images/480_022006_Compost_1.jpg HTTP/1.1" 200 32388 "http://www.dawneaglewoman.com/earthshipphotojournal.html" "Mozilla/5.0 (Windows NT 6.1; WOW64) AppleWebKit/534+ (KHTML, like Gecko) BingPreview/1.0b"
65.55.219.132 - - [13/Aug/2013:10:31:37 -0400] "GET /images/214_022006_DEW_Slings_Mud.jpg HTTP/1.1" 200 7467 "http://www.dawneaglewoman.com/earthshipphotojournal.html" "Mozilla/5.0 (Windows NT 6.1; WOW64) AppleWebKit/534+ (KHTML, like Gecko) BingPreview/1.0b"
65.55.219.132 - - [13/Aug/2013:10:31:37 -0400] "GET /images/480_022006_DEW_Slings_Mud.jpg HTTP/1.1" 200 26465 "http://www.dawneaglewoman.com/earthshipphotojournal.html" "Mozilla/5.0 (Windows NT 6.1; WOW64) AppleWebKit/534+ (KHTML, like Gecko) BingPreview/1.0b"
89.241.98.20 - - [13/Aug/2013:08:56:12 -0400] "GET / HTTP/1.1" 200 11234 "http://www.google.co.uk/url?sa=t&rct=j&q=dawn%20eagle%20woman&source=web&cd=1&sqi=2&ved=0CCoQFjAA&url=http%3A%2F%2Fwww.dawneaglewoman.com%2F&ei=5ywKUqngAsGJ7Aa9o4CoDw&usg=AFQjCNEPW3Wye5Jh_NbEF8oADLj9dkZ3fw&sig2=XYbSKgxE5hdxNAJpDgm88A" "Mozilla/5.0 (iPad; CPU OS 6_1_3 like Mac OS X) AppleWebKit/536.26 (KHTML, like Gecko) Version/6.0 Mobile/10B329 Safari/8536.25"
65.55.213.45 - - [13/Aug/2013:17:50:12 -0400] "GET /index.html HTTP/1.1" 200 11234 "-" "Mozilla/4.0 (compatible; MSIE 7.0; Windows NT 5.1; SLCC1; .NET CLR 1.1.4322; .NET CLR 2.0.40607)"
65.55.213.45 - - [13/Aug/2013:17:50:13 -0400] "GET /scripts/ic_globals_published.js HTTP/1.1" 200 566 "http://www.dawneaglewoman.com/index.html" "Mozilla/4.0 (compatible; MSIE 7.0; Windows NT 5.1; SLCC1; .NET CLR 1.1.4322; .NET CLR 2.0.40607)"
65.55.213.45 - - [13/Aug/2013:17:50:14 -0400] "GET /scripts/user.js HTTP/1.1" 200 23762 "http://www.dawneaglewoman.com/index.html" "Mozilla/4.0 (compatible; MSIE 7.0; Windows NT 5.1; SLCC1; .NET CLR 1.1.4322; .NET CLR 2.0.40607)"
65.55.213.45 - - [13/Aug/2013:17:50:15 -0400] "GET /scripts/photoalbum.js HTTP/1.1" 200 62481 "http://www.dawneaglewoman.com/index.html" "Mozilla/4.0 (compatible; MSIE 7.0; Windows NT 5.1; SLCC1; .NET CLR 1.1.4322; .NET CLR 2.0.40607)"
74.34.162.223 - - [13/Aug/2013:21:23:50 -0400] "GET /images/461_2006_Buffalo_Skull_and_Fire.jpg HTTP/1.1" 304 - "http://www.bing.com/images/search?q=buffalo+skull++alter&qs=n&form=QBIR&pq=buffalo+skull+alter&sc=0-16&sp=-1&sk=" "Mozilla/4.0 (compatible; MSIE 8.0; Windows NT 5.1; Trident/4.0; GTB7.5; .NET CLR 2.0.50727; AskTbWBV5/5.15.15.35882; .NET CLR 3.0.4506.2152; .NET CLR 3.5.30729)"
65.55.219.154 - - [13/Aug/2013:21:16:39 -0400] "GET /recenteventsalbum.html HTTP/1.1" 200 18333 "-" "Mozilla/5.0 (Windows NT 6.1; WOW64) AppleWebKit/534+ (KHTML, like Gecko) BingPreview/1.0b"
65.55.219.154 - - [13/Aug/2013:21:16:39 -0400] "GET /scripts/ic_globals_published.js HTTP/1.1" 200 566 "http://www.dawneaglewoman.com/recenteventsalbum.html" "Mozilla/5.0 (Windows NT 6.1; WOW64) AppleWebKit/534+ (KHTML, like Gecko) BingPreview/1.0b"
65.55.219.154 - - [13/Aug/2013:21:16:39 -0400] "GET /scripts/template.css HTTP/1.1" 200 9420 "http://www.dawneaglewoman.com/recenteventsalbum.html" "Mozilla/5.0 (Windows NT 6.1; WOW64) AppleWebKit/534+ (KHTML, like Gecko) BingPreview/1.0b"
65.55.219.154 - - [13/Aug/2013:21:16:39 -0400] "GET /scripts/website.css HTTP/1.1" 200 1651 "http://www.dawneaglewoman.com/recenteventsalbum.html" "Mozilla/5.0 (Windows NT 6.1; WOW64) AppleWebKit/534+ (KHTML, like Gecko) BingPreview/1.0b"
65.55.219.154 - - [13/Aug/2013:21:16:39 -0400] "GET /scripts/29.css HTTP/1.1" 200 92 "http://www.dawneaglewoman.com/recenteventsalbum.html" "Mozilla/5.0 (Windows NT 6.1; WOW64) AppleWebKit/534+ (KHTML, like Gecko) BingPreview/1.0b"
65.55.219.154 - - [13/Aug/2013:21:16:39 -0400] "GET /scripts/29custom.css HTTP/1.1" 200 6882 "http://www.dawneaglewoman.com/recenteventsalbum.html" "Mozilla/5.0 (Windows NT 6.1; WOW64) AppleWebKit/534+ (KHTML, like Gecko) BingPreview/1.0b"
65.55.219.154 - - [13/Aug/2013:21:16:39 -0400] "GET /scripts/icwebsiteelement.css HTTP/1.1" 200 8132 "http://www.dawneaglewoman.com/recenteventsalbum.html" "Mozilla/5.0 (Windows NT 6.1; WOW64) AppleWebKit/534+ (KHTML, like Gecko) BingPreview/1.0b"
65.55.219.154 - - [13/Aug/2013:21:16:40 -0400] "GET /images/ic_047_header_bg.png HTTP/1.1" 200 21471 "http://www.dawneaglewoman.com/recenteventsalbum.html" "Mozilla/5.0 (Windows NT 6.1; WOW64) AppleWebKit/534+ (KHTML, like Gecko) BingPreview/1.0b"
65.55.219.154 - - [13/Aug/2013:21:16:40 -0400] "GET /images/719_2006_Womens_Sweat_Group.jpg HTTP/1.1" 200 71010 "http://www.dawneaglewoman.com/recenteventsalbum.html" "Mozilla/5.0 (Windows NT 6.1; WOW64) AppleWebKit/534+ (KHTML, like Gecko) BingPreview/1.0b"
65.55.219.154 - - [13/Aug/2013:21:16:42 -0400] "GET /images/461_2006_B_Fire_Keeping.jpg HTTP/1.1" 200 47365 "http://www.dawneaglewoman.com/recenteventsalbum.html" "Mozilla/5.0 (Windows NT 6.1; WOW64) AppleWebKit/534+ (KHTML, like Gecko) BingPreview/1.0b"
86.161.55.168 - - [13/Aug/2013:14:02:33 -0400] "GET /scripts/ic_globals_published.js HTTP/1.1" 200 566 "http://www.dawneaglewoman.com/" "Mozilla/5.0 (iPad; CPU OS 6_1_3 like Mac OS X) AppleWebKit/536.26 (KHTML, like Gecko) Version/6.0 Mobile/10B329 Safari/8536.25"
86.161.55.168 - - [13/Aug/2013:14:02:34 -0400] "GET /images/ic_047_header_bg.png HTTP/1.1" 200 21471 "http://www.dawneaglewoman.com/" "Mozilla/5.0 (iPad; CPU OS 6_1_3 like Mac OS X) AppleWebKit/536.26 (KHTML, like Gecko) Version/6.0 Mobile/10B329 Safari/8536.25"
131.253.24.5 - - [13/Aug/2013:03:52:20 -0400] "GET /robots.txt HTTP/1.1" 200 25 "-" "msnbot-media/1.1 (+http://search.msn.com/msnbot.htm)"
37.140.141.6 - - [13/Aug/2013:00:26:04 -0400] "GET /images/0_DandB%20with%20rocks.jpg HTTP/1.1" 404 575 "-" "Mozilla/5.0 (compatible; YandexImages/3.0; +http://yandex.com/bots)"
178.154.243.101 - - [13/Aug/2013:00:27:18 -0400] "GET /images/292_Blue_Flowers_0704.jpg HTTP/1.1" 304 - "-" "Mozilla/5.0 (compatible; YandexImages/3.0; +http://yandex.com/bots)"
66.249.85.189 - - [13/Aug/2013:00:57:05 -0400] "GET /scripts/user.js HTTP/1.1" 200 23762 "http://www.dawneaglewoman.com/individualworkretreats/individualsessions.html" "Mozilla/5.0 (X11; Linux x86_64) AppleWebKit/537.4 (KHTML, like Gecko; Google Web Preview) Chrome/22.0.1229 Safari/537.4"
86.161.55.168 - - [13/Aug/2013:19:41:28 -0400] "GET /images/photoalbum/button_photoPause.jpg HTTP/1.1" 200 605 "http://www.dawneaglewoman.com/individualworkretreats.html" "Mozilla/5.0 (iPad; CPU OS 6_1_3 like Mac OS X) AppleWebKit/536.26 (KHTML, like Gecko) Mobile/10B329"
