86.161.55.168 - - [13/Aug/2013:19:41:28 -0400] "GET /images/photoalbum/button_photoSpeed1_ON.jpg HTTP/1.1" 200 476 "http://www.dawneaglewoman.com/individualworkretreats.html" "Mozilla/5.0 (iPad; CPU OS 6_1_3 like Mac OS X) AppleWebKit/536.26 (KHTML, like Gecko) Mobile/10B329"
86.161.55.168 - - [13/Aug/2013:19:41:28 -0400] "GET /images/0_DandB%20with%20rocks.jpg HTTP/1.1" 404 575 "http://www.dawneaglewoman.com/individualworkretreats.html" "Mozilla/5.0 (iPad; CPU OS 6_1_3 like Mac OS X) AppleWebKit/536.26 (KHTML, like Gecko) Mobile/10B329"
86.161.55.168 - - [13/Aug/2013:19:41:28 -0400] "GET /images/733_040311_005web.jpg HTTP/1.1" 200 65143 "http://www.dawneaglewoman.com/individualworkretreats.html" "Mozilla/5.0 (iPad; CPU OS 6_1_3 like Mac OS X) AppleWebKit/536.26 (KHTML, like Gecko) Mobile/10B329"
86.161.55.168 - - [13/Aug/2013:19:41:29 -0400] "GET /images/480_040311a_003web.jpg HTTP/1.1" 200 27618 "http://www.dawneaglewoman.com/individualworkretreats.html" "Mozilla/5.0 (iPad; CPU OS 6_1_3 like Mac OS X) AppleWebKit/536.26 (KHTML, like Gecko) Mobile/10B329"
86.161.55.168 - - [13/Aug/2013:19:41:29 -0400] "GET /images/487_1007078-001_100708-MedRm2.jpg HTTP/1.1" 200 94035 "http://www.dawneaglewoman.com/individualworkretreats.html" "Mozilla/5.0 (iPad; CPU OS 6_1_3 like Mac OS X) AppleWebKit/536.26 (KHTML, like Gecko) Mobile/10B329"
86.161.55.168 - - [13/Aug/2013:19:42:11 -0400] "GET /whatsnew.html HTTP/1.1" 200 41171 "http://www.dawneaglewoman.com/comingworkshopsevents.html" "Mozilla/5.0 (iPad; CPU OS 6_1_3 like Mac OS X) AppleWebKit/536.26 (KHTML, like Gecko) Mobile/10B329"
86.161.55.168 - - [13/Aug/2013:19:42:11 -0400] "GET /images/340_061411-48-Meditation-Room.jpg HTTP/1.1" 200 23826 "http://www.dawneaglewoman.com/whatsnew.html" "Mozilla/5.0 (iPad; CPU OS 6_1_3 like Mac OS X) AppleWebKit/536.26 (KHTML, like Gecko) Mobile/10B329"
131.253.36.197 - - [13/Aug/2013:08:13:50 -0400] "GET /scripts/user.js HTTP/1.1" 200 23762 "http://www.dawneaglewoman.com/individualworkretreats.html" "Mozilla/4.0 (compatible; MSIE 7.0; Windows NT 5.1; SLCC1; .NET CLR 1.1.4325; .NET CLR 2.0.50727; .NET CLR 3.0.04506.648)"
131.253.36.197 - - [13/Aug/2013:08:13:53 -0400] "GET /scripts/photoalbum.js HTTP/1.1" 200 62481 "http://www.dawneaglewoman.com/individualworkretreats.html" "Mozilla/4.0 (compatible; MSIE 7.0; Windows NT 5.1; SLCC1; .NET CLR 1.1.4325; .NET CLR 2.0.50727; .NET CLR 3.0.04506.648)"
65.55.217.213 - - [13/Aug/2013:21:16:43 -0400] "GET /images/719_2006_Womens_Sweat_Group.jpg HTTP/1.1" 200 71010 "http://www.dawneaglewoman.com/recenteventsalbum.html" "Mozilla/5.0 (Windows NT 6.1; WOW64) AppleWebKit/534+ (KHTML, like Gecko) BingPreview/1.0b"
91.125.119.249 - - [13/Aug/2013:14:03:22 -0400] "GET /scripts/user.js HTTP/1.1" 200 23762 "http://www.dawneaglewoman.com/" "Mozilla/5.0 (Windows NT 6.1; rv:22.0) Gecko/20100101 Firefox/22.0"
91.125.119.249 - - [13/Aug/2013:14:03:23 -0400] "GET /images/719_2008_Alison_Tipi_Photo.JPG HTTP/1.1" 200 138354 "http://www.dawneaglewoman.com/" "Mozilla/5.0 (Windows NT 6.1; rv:22.0) Gecko/20100101 Firefox/22.0"
82.132.212.4 - - [13/Aug/2013:22:09:15 -0400] "GET /images/719_00_White_Wolf_in_Snow_JPG.jpg HTTP/1.1" 200 76723 "http://www.google.co.uk/search?tbm=isch&sa=1&ei=7OUKUpf2Donm7Aa8s4DYAQ&q=all+white+alfer+girl+wolf+wallpapers&oq=all+whit+alfer+girl+wolf++wallpapers&gs_l=mobile-gws-serp.1.0.30i10.54346.106193.1.109305.29.27.2.0.0.0.1023.10753.2-10j7j4j5j0j1.27.0....0...1c.1.25.mobile-gws-serp..26.40.12774.Nw8Mg0tvRJY&biw=360&bih=515&sei=g-YKUvi2IZCQ7Abet4H4Aw" "Mozilla/5.0 (Linux; U; Android 4.1.2; en-gb; XT890 Build/9.8.2I-50_SMI-29) AppleWebKit/534.30 (KHTML, like Gecko) Version/4.0 Mobile Safari/534.30"
89.241.98.20 - - [13/Aug/2013:08:57:15 -0400] "GET /scripts/user.js HTTP/1.1" 200 23762 "http://www.dawneaglewoman.com/" "Mozilla/5.0 (iPad; CPU OS 6_1_3 like Mac OS X) AppleWebKit/536.26 (KHTML, like Gecko) Version/6.0 Mobile/10B329 Safari/8536.25"
89.241.98.20 - - [13/Aug/2013:08:57:20 -0400] "GET /scripts/photoalbum.js HTTP/1.1" 200 62481 "http://www.dawneaglewoman.com/" "Mozilla/5.0 (iPad; CPU OS 6_1_3 like Mac OS X) AppleWebKit/536.26 (KHTML, like Gecko) Version/6.0 Mobile/10B329 Safari/8536.25"
86.161.55.168 - - [13/Aug/2013:14:02:43 -0400] "GET /scripts/2custom.css HTTP/1.1" 200 2152 "http://www.dawneaglewoman.com/calendar.html" "Mozilla/5.0 (iPad; CPU OS 6_1_3 like Mac OS X) AppleWebKit/536.26 (KHTML, like Gecko) Version/6.0 Mobile/10B329 Safari/8536.25"
86.161.55.168 - - [13/Aug/2013:14:02:44 -0400] "GET /images/719_00_White_Wolf_in_Snow_JPG.jpg HTTP/1.1" 200 76723 "http://www.dawneaglewoman.com/calendar.html" "Mozilla/5.0 (iPad; CPU OS 6_1_3 like Mac OS X) AppleWebKit/536.26 (KHTML, like Gecko) Version/6.0 Mobile/10B329 Safari/8536.25"
178.154.204.251 - - [13/Aug/2013:04:22:56 -0400] "GET / HTTP/1.1" 200 11234 "-" "Mozilla/5.0 (compatible; YandexBot/3.0; +http://yandex.com/bots)"
66.249.84.226 - - [13/Aug/2013:02:04:42 -0400] "GET /scripts/1custom.css HTTP/1.1" 200 2152 "http://www.dawneaglewoman.com/" "Mozilla/5.0 (en-us) AppleWebKit/534.14 (KHTML, like Gecko; Google Wireless Transcoder) Chrome/9.0.597 Safari/534.14"
66.249.84.226 - - [13/Aug/2013:02:04:42 -0400] "GET /images/ic_047_header_bg.png HTTP/1.1" 200 21471 "http://www.dawneaglewoman.com/" "Mozilla/5.0 (en-us) AppleWebKit/534.14 (KHTML, like Gecko; Google Wireless Transcoder) Chrome/9.0.597 Safari/534.14"
65.55.219.132 - - [13/Aug/2013:10:31:34 -0400] "GET /scripts/user.js HTTP/1.1" 200 23762 "http://www.dawneaglewoman.com/earthshipphotojournal.html" "Mozilla/5.0 (Windows NT 6.1; WOW64) AppleWebKit/534+ (KHTML, like Gecko) BingPreview/1.0b"
65.55.219.132 - - [13/Aug/2013:10:31:34 -0400] "GET /images/blue-lotus-dsc06099-a2-ws.jpg HTTP/1.1" 200 9426 "http://www.dawneaglewoman.com/earthshipphotojournal.html" "Mozilla/5.0 (Windows NT 6.1; WOW64) AppleWebKit/534+ (KHTML, like Gecko) BingPreview/1.0b"
65.55.219.132 - - [13/Aug/2013:10:31:34 -0400] "GET /images/375_First_Truss.jpg HTTP/1.1" 200 17068 "http://www.dawneaglewoman.com/earthshipphotojournal.html" "Mozilla/5.0 (Windows NT 6.1; WOW64) AppleWebKit/534+ (KHTML, like Gecko) BingPreview/1.0b"
65.55.219.132 - - [13/Aug/2013:10:31:35 -0400] "GET /images/375_Trusses_first_room.jpg HTTP/1.1" 200 15903 "http://www.dawneaglewoman.com/earthshipphotojournal.html" "Mozilla/5.0 (Windows NT 6.1; WOW64) AppleWebKit/534+ (KHTML, like Gecko) BingPreview/1.0b"
65.55.219.132 - - [13/Aug/2013:10:31:35 -0400] "GET /images/375_Trusses_on_3_Rooms.jpg HTTP/1.1" 200 20332 "http://www.dawneaglewoman.com/earthshipphotojournal.html" "Mozilla/5.0 (Windows NT 6.1; WOW64) AppleWebKit/534+ (KHTML, like Gecko) BingPreview/1.0b"
65.55.219.132 - - [13/Aug/2013:10:31:35 -0400] "GET /images/375_x_Fog_and_Snow.jpg HTTP/1.1" 200 13064 "http://www.dawneaglewoman.com/earthshipphotojournal.html" "Mozilla/5.0 (Windows NT 6.1; WOW64) AppleWebKit/534+ (KHTML, like Gecko) BingPreview/1.0b"
65.55.219.132 - - [13/Aug/2013:10:31:35 -0400] "GET /images/375_x_Shoveling_Out.jpg HTTP/1.1" 200 16918 "http://www.dawneaglewoman.com/earthshipphotojournal.html" "Mozilla/5.0 (Windows NT 6.1; WOW64) AppleWebKit/534+ (KHTML, like Gecko) BingPreview/1.0b"
65.55.219.132 - - [13/Aug/2013:10:31:35 -0400] "GET /images/375_xx_Front_Framed_Complete.jpg HTTP/1.1" 200 20501 "http://www.dawneaglewoman.com/earthshipphotojournal.html" "Mozilla/5.0 (Windows NT 6.1; WOW64) AppleWebKit/534+ (KHTML, like Gecko) BingPreview/1.0b"
65.55.219.132 - - [13/Aug/2013:10:31:35 -0400] "GET /images/375_xxx_First_Glass.jpg HTTP/1.1" 200 18124 "http://www.dawneaglewoman.com/earthshipphotojournal.html" "Mozilla/5.0 (Windows NT 6.1; WOW64) AppleWebKit/534+ (KHTML, like Gecko) BingPreview/1.0b"
65.55.219.132 - - [13/Aug/2013:10:31:35 -0400] "GET /images/375_030404_View_from_Bathroom.jpg HTTP/1.1" 200 19896 "http://www.dawneaglewoman.com/earthshipphotojournal.html" "Mozilla/5.0 (Windows NT 6.1; WOW64) AppleWebKit/534+ (KHTML, like Gecko) BingPreview/1.0b"
65.55.219.132 - - [13/Aug/2013:10:31:36 -0400] "GET /images/375_House_Mechanicals_0704.jpg HTTP/1.1" 200 33340 "http://www.dawneaglewoman.com/earthshipphotojournal.html" "Mozilla/5.0 (Windows NT 6.1; WOW64) AppleWebKit/534+ (KHTML, like Gecko) BingPreview/1.0b"
65.55.219.132 - - [13/Aug/2013:10:31:36 -0400] "GET /images/375_123004_Kitchen.jpg HTTP/1.1" 200 21036 "http://www.dawneaglewoman.com/earthshipphotojournal.html" "Mozilla/5.0 (Windows NT 6.1; WOW64) AppleWebKit/534+ (KHTML, like Gecko) BingPreview/1.0b"
65.55.219.132 - - [13/Aug/2013:10:31:36 -0400] "GET /images/375_123004_Cistern_House.jpg HTTP/1.1" 200 13582 "http://www.dawneaglewoman.com/earthshipphotojournal.html" "Mozilla/5.0 (Windows NT 6.1; WOW64) AppleWebKit/534+ (KHTML, like Gecko) BingPreview/1.0b"
65.55.219.132 - - [13/Aug/2013:10:31:36 -0400] "GET /images/375_0704_Spring_House_First_Dome.jpg HTTP/1.1" 200 25206 "http://www.dawneaglewoman.com/earthshipphotojournal.html" "Mozilla/5.0 (Windows NT 6.1; WOW64) AppleWebKit/534+ (KHTML, like Gecko) BingPreview/1.0b"
65.55.219.132 - - [13/Aug/2013:10:31:36 -0400] "GET /images/375_022006_Well_and_Stella.jpg HTTP/1.1" 200 19784 "http://www.dawneaglewoman.com/earthshipphotojournal.html" "Mozilla/5.0 (Windows NT 6.1; WOW64) AppleWebKit/534+ (KHTML, like Gecko) BingPreview/1.0b"
65.55.219.132 - - [13/Aug/2013:10:31:37 -0400] "GET /images/photoalbum/button_photoPause.jpg HTTP/1.1" 200 605 "http://www.dawneaglewoman.com/earthshipphotojournal.html" "Mozilla/5.0 (Windows NT 6.1; WOW64) AppleWebKit/534+ (KHTML, like Gecko) BingPreview/1.0b"
65.55.219.132 - - [13/Aug/2013:10:31:37 -0400] "GET /images/photoalbum/button_photoFirst.jpg HTTP/1.1" 200 637 "http://www.dawneaglewoman.com/earthshipphotojournal.html" "Mozilla/5.0 (Windows NT 6.1; WOW64) AppleWebKit/534+ (KHTML, like Gecko) BingPreview/1.0b"
65.55.219.132 - - [13/Aug/2013:10:31:37 -0400] "GET /images/photoalbum/button_photoSpeed2_ON.jpg HTTP/1.1" 200 492 "http://www.dawneaglewoman.com/earthshipphotojournal.html" "Mozilla/5.0 (Windows NT 6.1; WOW64) AppleWebKit/534+ (KHTML, like Gecko) BingPreview/1.0b"
65.55.219.132 - - [13/Aug/2013:10:31:37 -0400] "GET /images/photoalbum/button_photoSpeed5.jpg HTTP/1.1" 200 502 "http://www.dawneaglewoman.com/earthshipphotojournal.html" "Mozilla/5.0 (Windows NT 6.1; WOW64) AppleWebKit/534+ (KHTML, like Gecko) BingPreview/1.0b"
65.55.219.132 - - [13/Aug/2013:10:31:37 -0400] "GET /images/733_022006_Compost_1.jpg HTTP/1.1" 200 71785 "http://www.dawneaglewoman.com/earthshipphotojournal.html" "Mozilla/5.0 (Windows NT 6.1; WOW64) AppleWebKit/534+ (KHTML, like Gecko) BingPreview/1.0b"
65.55.215.45 - - [13/Aug/2013:18:30:44 -0400] "GET /images/375_Truss_view_from_shed.jpg HTTP/1.1" 200 21450 "-" "msnbot-media/1.1 (+http://search.msn.com/msnbot.htm)"
86.161.55.168 - - [13/Aug/2013:19:41:28 -0400] "GET /individualworkretreats.html HTTP/1.1" 200 16522 "http://www.dawneaglewoman.com/recenteventsalbum.html" "Mozilla/5.0 (iPad; CPU OS 6_1_3 like Mac OS X) AppleWebKit/536.26 (KHTML, like Gecko) Mobile/10B329"
86.161.55.168 - - [13/Aug/2013:19:41:28 -0400] "GET /images/0_DandB%20with%20rocks.jpg HTTP/1.1" 404 575 "http://www.dawneaglewoman.com/individualworkretreats.html" "Mozilla/5.0 (iPad; CPU OS 6_1_3 like Mac OS X) AppleWebKit/536.26 (KHTML, like Gecko) Mobile/10B329"
86.161.55.168 - - [13/Aug/2013:19:41:28 -0400] "GET /images/photoalbum/button_photoFirst.jpg HTTP/1.1" 200 637 "http://www.dawneaglewoman.com/individualworkretreats.html" "Mozilla/5.0 (iPad; CPU OS 6_1_3 like Mac OS X) AppleWebKit/536.26 (KHTML, like Gecko) Mobile/10B329"
86.161.55.168 - - [13/Aug/2013:19:41:28 -0400] "GET /images/photoalbum/button_photoSpeed5.jpg HTTP/1.1" 200 502 "http://www.dawneaglewoman.com/individualworkretreats.html" "Mozilla/5.0 (iPad; CPU OS 6_1_3 like Mac OS X) AppleWebKit/536.26 (KHTML, like Gecko) Mobile/10B329"
86.161.55.168 - - [13/Aug/2013:19:41:28 -0400] "GET /images/480_040311_004web.jpg HTTP/1.1" 200 31953 "http://www.dawneaglewoman.com/individualworkretreats.html" "Mozilla/5.0 (iPad; CPU OS 6_1_3 like Mac OS X) AppleWebKit/536.26 (KHTML, like Gecko) Mobile/10B329"
86.161.55.168 - - [13/Aug/2013:19:41:29 -0400] "GET /images/733_040311_002web.jpg HTTP/1.1" 200 68725 "http://www.dawneaglewoman.com/individualworkretreats.html" "Mozilla/5.0 (iPad; CPU OS 6_1_3 like Mac OS X) AppleWebKit/536.26 (KHTML, like Gecko) Mobile/10B329"
86.161.55.168 - - [13/Aug/2013:19:41:29 -0400] "GET /images/231_040311a_003web.jpg HTTP/1.1" 200 8777 "http://www.dawneaglewoman.com/individualworkretreats.html" "Mozilla/5.0 (iPad; CPU OS 6_1_3 like Mac OS X) AppleWebKit/536.26 (KHTML, like Gecko) Mobile/10B329"
86.161.55.168 - - [13/Aug/2013:19:41:29 -0400] "GET /images/319_100708-077_090108-Front.jpg HTTP/1.1" 200 27741 "http://www.dawneaglewoman.com/individualworkretreats.html" "Mozilla/5.0 (iPad; CPU OS 6_1_3 like Mac OS X) AppleWebKit/536.26 (KHTML, like Gecko) Mobile/10B329"
86.161.55.168 - - [13/Aug/2013:19:41:29 -0400] "GET /images/319_1007078-001_100708-MedRm2.jpg HTTP/1.1" 200 43349 "http://www.dawneaglewoman.com/individualworkretreats.html" "Mozilla/5.0 (iPad; CPU OS 6_1_3 like Mac OS X) AppleWebKit/536.26 (KHTML, like Gecko) Mobile/10B329"
86.161.55.168 - - [13/Aug/2013:19:41:29 -0400] "GET /images/319_100708-021_090108-Moon.jpg HTTP/1.1" 200 9932 "http://www.dawneaglewoman.com/individualworkretreats.html" "Mozilla/5.0 (iPad; CPU OS 6_1_3 like Mac OS X) AppleWebKit/536.26 (KHTML, like Gecko) Mobile/10B329"
86.161.55.168 - - [13/Aug/2013:19:42:11 -0400] "GET /images/340_DSC_0066-adjusted-small.jpg HTTP/1.1" 200 38878 "http://www.dawneaglewoman.com/whatsnew.html" "Mozilla/5.0 (iPad; CPU OS 6_1_3 like Mac OS X) AppleWebKit/536.26 (KHTML, like Gecko) Mobile/10B329"
74.34.162.223 - - [13/Aug/2013:21:16:40 -0400] "GET /images/461_2006_B_Fire_Keeping.jpg HTTP/1.1" 200 47365 "http://www.bing.com/images/search?q=buffalo+skull+sweat+alter&FORM=HDRSC2" "Mozilla/4.0 (compatible; MSIE 8.0; Windows NT 5.1; Trident/4.0; GTB7.5; .NET CLR 2.0.50727; AskTbWBV5/5.15.15.35882; .NET CLR 3.0.4506.2152; .NET CLR 3.5.30729)"
192.74.238.60 - - [13/Aug/2013:23:52:38 -0400] "GET /dewblog.php HTTP/1.0" 200 15463 "http://www.dawneaglewoman.com/dewblog.php" "Mozilla/5.0 (Windows NT 6.1; rv:17.0) Gecko/20100101 Firefox/17.0"
89.241.98.20 - - [13/Aug/2013:08:57:15 -0400] "GET /scripts/1custom.css HTTP/1.1" 200 2152 "http://www.dawneaglewoman.com/" "Mozilla/5.0 (iPad; CPU OS 6_1_3 like Mac OS X) AppleWebKit/536.26 (KHTML, like Gecko) Version/6.0 Mobile/10B329 Safari/8536.25"
180.76.5.194 - - [13/Aug/2013:03:59:27 -0400] "GET /scripts/9custom.css HTTP/1.1" 200 1815 "-" "Mozilla/5.0 (compatible; Baiduspider/2.0; +http://www.baidu.com/search/spider.html)"
66.249.85.189 - - [13/Aug/2013:00:57:05 -0400] "GET /scripts/ic_globals_published.js HTTP/1.1" 200 566 "http://www.dawneaglewoman.com/individualworkretreats/individualsessions.html" "Mozilla/5.0 (X11; Linux x86_64) AppleWebKit/537.4 (KHTML, like Gecko; Google Web Preview) Chrome/22.0.1229 Safari/537.4"
66.249.85.189 - - [13/Aug/2013:00:57:05 -0400] "GET /images/blue-lotus-dsc06099-a2-ws.jpg HTTP/1.1" 200 9426 "http://www.dawneaglewoman.com/individualworkretreats/individualsessions.html" "Mozilla/5.0 (X11; Linux x86_64) AppleWebKit/537.4 (KHTML, like Gecko; Google Web Preview) Chrome/22.0.1229 Safari/537.4"
66.249.84.226 - - [13/Aug/2013:02:04:42 -0400] "GET /images/719_2008_Alison_Tipi_Photo.JPG HTTP/1.1" 200 138354 "http://www.dawneaglewoman.com/" "Mozilla/5.0 (en-us) AppleWebKit/534.14 (KHTML, like Gecko; Google Wireless Transcoder) Chrome/9.0.597 Safari/534.14"
66.249.84.226 - - [13/Aug/2013:02:04:45 -0400] "GET /scripts/print.css HTTP/1.1" 200 - "http://www.dawneaglewoman.com/" "Mozilla/5.0 (en-us) AppleWebKit/534.14 (KHTML, like Gecko; Google Wireless Transcoder) Chrome/9.0.597 Safari/534.14"
178.154.243.98 - - [13/Aug/2013:18:08:29 -0400] "GET / HTTP/1.1" 200 11234 "-" "Mozilla/5.0 (compatible; YandexBot/3.0; +http://yandex.com/bots)"
66.249.85.189 - - [13/Aug/2013:00:57:05 -0400] "GET /scripts/website.css HTTP/1.1" 200 1651 "http://www.dawneaglewoman.com/individualworkretreats/individualsessions.html" "Mozilla/5.0 (X11; Linux x86_64) AppleWebKit/537.4 (KHTML, like Gecko; Google Web Preview) Chrome/22.0.1229 Safari/537.4"
66.249.85.189 - - [13/Aug/2013:00:57:05 -0400] "GET /images/ic_047_navcontainer_bg.png HTTP/1.1" 200 48876 "http://www.dawneaglewoman.com/individualworkretreats/individualsessions.html" "Mozilla/5.0 (X11; Linux x86_64) AppleWebKit/537.4 (KHTML, like Gecko; Google Web Preview) Chrome/22.0.1229 Safari/537.4"
70.138.219.89 - - [13/Aug/2013:12:50:03 -0400] "GET /images/719_00_White_Wolf_in_Snow_JPG.jpg HTTP/1.1" 200 76723 "http://www.bing.com/images/search?q=wolf+alpha&qs=HS&form=QBIR&pq=&sc=4-0&sp=4&sk=HS3" "Mozilla/5.0 (compatible; MSIE 10.0; Windows NT 6.1; WOW64; Trident/6.0)"
67.142.168.144 - - [13/Aug/2013:13:08:54 -0400] "GET /images/719_00_White_Wolf_in_Snow_JPG.jpg HTTP/1.1" 200 76723 "http://www.bing.com/images/search?q=White+wolf&qpvt=White+wolf&FORM=IGRE" "Mozilla/4.0 (compatible; MSIE 8.0; Windows NT 5.1; Trident/4.0; InfoPath.2)"
86.161.55.168 - - [13/Aug/2013:14:10:29 -0400] "GET /scripts/40custom.css HTTP/1.1" 200 804 "http://www.dawneaglewoman.com/dewblog.php" "Mozilla/5.0 (iPad; CPU OS 6_1_3 like Mac OS X) AppleWebKit/536.26 (KHTML, like Gecko) Version/6.0 Mobile/10B329 Safari/8536.25"
86.161.55.168 - - [13/Aug/2013:19:41:00 -0400] "GET /images/258_Amy-Family-115_071609.jpg HTTP/1.1" 200 21677 "http://www.dawneaglewoman.com/recenteventsalbum.html" "Mozilla/5.0 (iPad; CPU OS 6_1_3 like Mac OS X) AppleWebKit/536.26 (KHTML, like Gecko) Mobile/10B329"
86.161.55.168 - - [13/Aug/2013:19:41:00 -0400] "GET /images/461_2006_B_Fire_Keeping.jpg HTTP/1.1" 200 47365 "http://www.dawneaglewoman.com/recenteventsalbum.html" "Mozilla/5.0 (iPad; CPU OS 6_1_3 like Mac OS X) AppleWebKit/536.26 (KHTML, like Gecko) Mobile/10B329"
86.161.55.168 - - [13/Aug/2013:19:41:55 -0400] "GET /images/590_Summer-Rainbow-2-180_071609.jpg HTTP/1.1" 200 15216 "http://www.dawneaglewoman.com/comingworkshopsevents.html" "Mozilla/5.0 (iPad; CPU OS 6_1_3 like Mac OS X) AppleWebKit/536.26 (KHTML, like Gecko) Mobile/10B329"
66.249.75.179 - - [13/Aug/2013:09:24:43 -0400] "GET /dewblog.php?s=hungry-for-a-prayer HTTP/1.1" 200 10038 "-" "Mozilla/5.0 (iPhone; U; CPU iPhone OS 4_1 like Mac OS X; en-us) AppleWebKit/532.9 (KHTML, like Gecko) Version/4.0.5 Mobile/8B117 Safari/6531.22.7 (compatible; Googlebot-Mobile/2.1; +http://www.google.com/bot.html)"
91.125.119.249 - - [13/Aug/2013:14:03:22 -0400] "GET /scripts/template.css HTTP/1.1" 200 9420 "http://www.dawneaglewoman.com/" "Mozilla/5.0 (Windows NT 6.1; rv:22.0) Gecko/20100101 Firefox/22.0"
91.125.119.249 - - [13/Aug/2013:14:03:23 -0400] "GET /images/ic_047_navcontainer_bg.png HTTP/1.1" 200 48876 "http://www.dawneaglewoman.com/scripts/template.css" "Mozilla/5.0 (Windows NT 6.1; rv:22.0) Gecko/20100101 Firefox/22.0"
86.161.55.168 - - [13/Aug/2013:14:11:53 -0400] "GET /recenteventsalbum.html HTTP/1.1" 200 18333 "http://www.dawneaglewoman.com/comingworkshopsevents.html" "Mozilla/5.0 (iPad; CPU OS 6_1_3 like Mac OS X) AppleWebKit/536.26 (KHTML, like Gecko) Version/6.0 Mobile/10B329 Safari/8536.25"
86.161.55.168 - - [13/Aug/2013:14:11:53 -0400] "GET /images/258_Amy-Family-115_071609.jpg HTTP/1.1" 200 21677 "http://www.dawneaglewoman.com/recenteventsalbum.html" "Mozilla/5.0 (iPad; CPU OS 6_1_3 like Mac OS X) AppleWebKit/536.26 (KHTML, like Gecko) Version/6.0 Mobile/10B329 Safari/8536.25"
86.161.55.168 - - [13/Aug/2013:14:11:54 -0400] "GET /images/461_2006_Buffalo_Skull_and_Fire.jpg HTTP/1.1" 200 41529 "http://www.dawneaglewoman.com/recenteventsalbum.html" "Mozilla/5.0 (iPad; CPU OS 6_1_3 like Mac OS X) AppleWebKit/536.26 (KHTML, like Gecko) Version/6.0 Mobile/10B329 Safari/8536.25"
124.160.172.18 - - [13/Aug/2013:08:25:16 -0400] "GET /robots.txt HTTP/1.1" 200 25 "http://www.dawneaglewoman.com/" "Mozilla/5.0 (compatible; MSIE 8.0; Windows NT 6.1)"
66.249.85.189 - - [13/Aug/2013:00:57:05 -0400] "GET /scripts/template.css HTTP/1.1" 200 9420 "http://www.dawneaglewoman.com/individualworkretreats/individualsessions.html" "Mozilla/5.0 (X11; Linux x86_64) AppleWebKit/537.4 (KHTML, like Gecko; Google Web Preview) Chrome/22.0.1229 Safari/537.4"
178.154.205.251 - - [13/Aug/2013:04:31:05 -0400] "GET /images/340_DSC_0066-adjusted-small.jpg HTTP/1.1" 304 - "-" "Mozilla/5.0 (compatible; YandexImages/3.0; +http://yandex.com/bots)"
157.56.229.244 - - [13/Aug/2013:17:14:56 -0400] "GET / HTTP/1.1" 200 11234 "-" "Mozilla/5.0 (compatible; bingbot/2.0; +http://www.bing.com/bingbot.htm)"
74.34.162.223 - - [13/Aug/2013:21:16:40 -0400] "GET /images/461_2006_Buffalo_Skull_and_Fire.jpg HTTP/1.1" 200 41529 "http://www.bing.com/images/search?q=buffalo+skull+sweat+alter&FORM=HDRSC2" "Mozilla/4.0 (compatible; MSIE 8.0; Windows NT 5.1; Trident/4.0; GTB7.5; .NET CLR 2.0.50727; AskTbWBV5/5.15.15.35882; .NET CLR 3.0.4506.2152; .NET CLR 3.5.30729)"
65.55.219.132 - - [13/Aug/2013:10:31:34 -0400] "GET /scripts/ic_globals_published.js HTTP/1.1" 200 566 "http://www.dawneaglewoman.com/earthshipphotojournal.html" "Mozilla/5.0 (Windows NT 6.1; WOW64) AppleWebKit/534+ (KHTML, like Gecko) BingPreview/1.0b"
65.55.219.132 - - [13/Aug/2013:10:31:34 -0400] "GET /scripts/icwebsiteelement.css HTTP/1.1" 200 8132 "http://www.dawneaglewoman.com/earthshipphotojournal.html" "Mozilla/5.0 (Windows NT 6.1; WOW64) AppleWebKit/534+ (KHTML, like Gecko) BingPreview/1.0b"
65.55.219.132 - - [13/Aug/2013:10:31:34 -0400] "GET /images/ic_047_navcontainer_bg.png HTTP/1.1" 200 48876 "http://www.dawneaglewoman.com/earthshipphotojournal.html" "Mozilla/5.0 (Windows NT 6.1; WOW64) AppleWebKit/534+ (KHTML, like Gecko) BingPreview/1.0b"
65.55.219.132 - - [13/Aug/2013:10:31:36 -0400] "GET /images/375_123004_Fall_Inside.jpg HTTP/1.1" 200 24876 "http://www.dawneaglewoman.com/earthshipphotojournal.html" "Mozilla/5.0 (Windows NT 6.1; WOW64) AppleWebKit/534+ (KHTML, like Gecko) BingPreview/1.0b"
65.55.219.132 - - [13/Aug/2013:10:31:36 -0400] "GET /images/375_00_Cistern_with_tires_jpg.jpg HTTP/1.1" 200 24274 "http://www.dawneaglewoman.com/earthshipphotojournal.html" "Mozilla/5.0 (Windows NT 6.1; WOW64) AppleWebKit/534+ (KHTML, like Gecko) BingPreview/1.0b"
65.55.219.132 - - [13/Aug/2013:10:31:36 -0400] "GET /images/375_0704_Spring_House_2nd_Dome_Rebar.jpg HTTP/1.1" 200 26769 "http://www.dawneaglewoman.com/earthshipphotojournal.html" "Mozilla/5.0 (Windows NT 6.1; WOW64) AppleWebKit/534+ (KHTML, like Gecko) BingPreview/1.0b"
65.55.219.132 - - [13/Aug/2013:10:31:36 -0400] "GET /images/375_123004_B_at_Spring_House.jpg HTTP/1.1" 200 24384 "http://www.dawneaglewoman.com/earthshipphotojournal.html" "Mozilla/5.0 (Windows NT 6.1; WOW64) AppleWebKit/534+ (KHTML, like Gecko) BingPreview/1.0b"
95.108.245.251 - - [13/Aug/2013:11:28:48 -0400] "GET / HTTP/1.1" 200 11234 "-" "Mozilla/5.0 (compatible; YandexBot/3.0; +http://yandex.com/bots)"
86.161.55.168 - - [13/Aug/2013:19:41:00 -0400] "GET /scripts/29.css HTTP/1.1" 200 92 "http://www.dawneaglewoman.com/recenteventsalbum.html" "Mozilla/5.0 (iPad; CPU OS 6_1_3 like Mac OS X) AppleWebKit/536.26 (KHTML, like Gecko) Mobile/10B329"
86.161.55.168 - - [13/Aug/2013:19:41:00 -0400] "GET /images/719_2006_Womens_Sweat_Group.jpg HTTP/1.1" 200 71010 "http://www.dawneaglewoman.com/recenteventsalbum.html" "Mozilla/5.0 (iPad; CPU OS 6_1_3 like Mac OS X) AppleWebKit/536.26 (KHTML, like Gecko) Mobile/10B329"
66.249.75.179 - - [13/Aug/2013:09:24:43 -0400] "GET /robots.txt HTTP/1.1" 200 25 "-" "Mozilla/5.0 (compatible; Googlebot/2.1; +http://www.google.com/bot.html)"
86.161.55.168 - - [13/Aug/2013:19:45:02 -0400] "GET /dawneaglewomanhome/linksfriendsgoodstuff.html HTTP/1.1" 200 15213 "http://www.dawneaglewoman.com/whatsnew.html" "Mozilla/5.0 (iPad; CPU OS 6_1_3 like Mac OS X) AppleWebKit/536.26 (KHTML, like Gecko) Mobile/10B329"
77.88.29.248 - - [13/Aug/2013:20:56:55 -0400] "GET /images/719_00_White_Wolf_in_Snow_JPG.jpg HTTP/1.1" 304 - "-" "Mozilla/5.0 (compatible; YandexImages/3.0; +http://yandex.com/bots)"
86.161.55.168 - - [13/Aug/2013:19:41:28 -0400] "GET /images/photoalbum/button_photoPrev.jpg HTTP/1.1" 200 656 "http://www.dawneaglewoman.com/individualworkretreats.html" "Mozilla/5.0 (iPad; CPU OS 6_1_3 like Mac OS X) AppleWebKit/536.26 (KHTML, like Gecko) Mobile/10B329"
86.161.55.168 - - [13/Aug/2013:19:41:28 -0400] "GET /images/photoalbum/button_photoSpeed3_ON.jpg HTTP/1.1" 200 587 "http://www.dawneaglewoman.com/individualworkretreats.html" "Mozilla/5.0 (iPad; CPU OS 6_1_3 like Mac OS X) AppleWebKit/536.26 (KHTML, like Gecko) Mobile/10B329"
86.161.55.168 - - [13/Aug/2013:19:41:28 -0400] "GET /images/733_040311_004web.jpg HTTP/1.1" 200 67009 "http://www.dawneaglewoman.com/individualworkretreats.html" "Mozilla/5.0 (iPad; CPU OS 6_1_3 like Mac OS X) AppleWebKit/536.26 (KHTML, like Gecko) Mobile/10B329"
86.161.55.168 - - [13/Aug/2013:19:41:29 -0400] "GET /images/480_040311_002web.jpg HTTP/1.1" 200 31473 "http://www.dawneaglewoman.com/individualworkretreats.html" "Mozilla/5.0 (iPad; CPU OS 6_1_3 like Mac OS X) AppleWebKit/536.26 (KHTML, like Gecko) Mobile/10B329"
86.161.55.168 - - [13/Aug/2013:19:41:29 -0400] "GET /images/487_100708-077_090108-Front.jpg HTTP/1.1" 200 55833 "http://www.dawneaglewoman.com/individualworkretreats.html" "Mozilla/5.0 (iPad; CPU OS 6_1_3 like Mac OS X) AppleWebKit/536.26 (KHTML, like Gecko) Mobile/10B329"
86.161.55.168 - - [13/Aug/2013:19:41:29 -0400] "GET /images/487_100708-021_090108-Moon.jpg HTTP/1.1" 200 19248 "http://www.dawneaglewoman.com/individualworkretreats.html" "Mozilla/5.0 (iPad; CPU OS 6_1_3 like Mac OS X) AppleWebKit/536.26 (KHTML, like Gecko) Mobile/10B329"
77.88.26.27 - - [13/Aug/2013:01:56:20 -0400] "GET /images/360_DEW-cloud-web-010113.jpg HTTP/1.1" 304 - "-" "Mozilla/5.0 (compatible; YandexImages/3.0; +http://yandex.com/bots)"
157.55.32.95 - - [13/Aug/2013:16:33:50 -0400] "GET /robots.txt HTTP/1.1" 200 25 "-" "Mozilla/5.0 (compatible; bingbot/2.0; +http://www.bing.com/bingbot.htm)"
89.241.98.20 - - [13/Aug/2013:08:57:25 -0400] "GET /images/ic_047_navcontainer_bg.png HTTP/1.1" 200 48876 "http://www.dawneaglewoman.com/" "Mozilla/5.0 (iPad; CPU OS 6_1_3 like Mac OS X) AppleWebKit/536.26 (KHTML, like Gecko) Version/6.0 Mobile/10B329 Safari/8536.25"
89.241.98.20 - - [13/Aug/2013:08:57:26 -0400] "GET /images/ic_047_header_bg.png HTTP/1.1" 200 21471 "http://www.dawneaglewoman.com/" "Mozilla/5.0 (iPad; CPU OS 6_1_3 like Mac OS X) AppleWebKit/536.26 (KHTML, like Gecko) Version/6.0 Mobile/10B329 Safari/8536.25"
108.11.36.178 - - [13/Aug/2013:10:31:33 -0400] "GET /images/375_x_Shoveling_Out.jpg HTTP/1.1" 200 16918 "http://www.bing.com/images/search?q=woman+shoveling+out+of+way&qs=n&form=QBIR&pq=woman+shoveling+out+of+way&sc=0-16&sp=-1&sk=" "Mozilla/5.0 (Windows NT 6.1; WOW64; rv:22.0) Gecko/20100101 Firefox/22.0"
66.249.84.226 - - [13/Aug/2013:02:04:41 -0400] "GET / HTTP/1.1" 200 11234 "-" "Mozilla/5.0 (en-us) AppleWebKit/534.14 (KHTML, like Gecko; Google Wireless Transcoder) Chrome/9.0.597 Safari/534.14"
66.249.84.226 - - [13/Aug/2013:02:04:42 -0400] "GET /scripts/icwebsiteelement.css HTTP/1.1" 200 8132 "http://www.dawneaglewoman.com/" "Mozilla/5.0 (en-us) AppleWebKit/534.14 (KHTML, like Gecko; Google Wireless Transcoder) Chrome/9.0.597 Safari/534.14"
66.249.84.226 - - [13/Aug/2013:02:04:42 -0400] "GET /images/280_DEW_Serious_Front_JPG.jpg HTTP/1.1" 200 25201 "http://www.dawneaglewoman.com/" "Mozilla/5.0 (en-us) AppleWebKit/534.14 (KHTML, like Gecko; Google Wireless Transcoder) Chrome/9.0.597 Safari/534.14"
86.161.55.168 - - [13/Aug/2013:14:11:42 -0400] "GET /scripts/31custom.css HTTP/1.1" 200 3166 "http://www.dawneaglewoman.com/comingworkshopsevents.html" "Mozilla/5.0 (iPad; CPU OS 6_1_3 like Mac OS X) AppleWebKit/536.26 (KHTML, like Gecko) Version/6.0 Mobile/10B329 Safari/8536.25"
86.161.55.168 - - [13/Aug/2013:14:11:42 -0400] "GET /images/doc_doc.gif HTTP/1.1" 200 1067 "http://www.dawneaglewoman.com/comingworkshopsevents.html" "Mozilla/5.0 (iPad; CPU OS 6_1_3 like Mac OS X) AppleWebKit/536.26 (KHTML, like Gecko) Version/6.0 Mobile/10B329 Safari/8536.25"
86.161.55.168 - - [13/Aug/2013:14:11:53 -0400] "GET /scripts/29custom.css HTTP/1.1" 200 6882 "http://www.dawneaglewoman.com/recenteventsalbum.html" "Mozilla/5.0 (iPad; CPU OS 6_1_3 like Mac OS X) AppleWebKit/536.26 (KHTML, like Gecko) Version/6.0 Mobile/10B329 Safari/8536.25"
86.161.55.168 - - [13/Aug/2013:14:11:53 -0400] "GET /images/461_2006_Tents.jpg HTTP/1.1" 200 31560 "http://www.dawneaglewoman.com/recenteventsalbum.html" "Mozilla/5.0 (iPad; CPU OS 6_1_3 like Mac OS X) AppleWebKit/536.26 (KHTML, like Gecko) Version/6.0 Mobile/10B329 Safari/8536.25"
86.161.55.168 - - [13/Aug/2013:14:11:54 -0400] "GET /images/461_2006_B_Fire_Keeping.jpg HTTP/1.1" 200 47365 "http://www.dawneaglewoman.com/recenteventsalbum.html" "Mozilla/5.0 (iPad; CPU OS 6_1_3 like Mac OS X) AppleWebKit/536.26 (KHTML, like Gecko) Version/6.0 Mobile/10B329 Safari/8536.25"
105.227.172.12 - - [13/Aug/2013:14:43:52 -0400] "GET /images/719_00_White_Wolf_in_Snow_JPG.jpg HTTP/1.1" 200 76723 "http://www.google.co.za/blank.html" "Mozilla/5.0 (compatible; MSIE 10.0; Windows NT 6.2; WOW64; Trident/6.0; MASMJS)"
86.161.55.168 - - [13/Aug/2013:19:40:53 -0400] "GET / HTTP/1.1" 200 11234 "http://www.google.co.uk/url?sa=t&rct=j&q=dawn%20eagle%20woman&source=web&cd=1&sqi=2&ved=0CC0QFjAA&url=http%3A%2F%2Fwww.dawneaglewoman.com%2F&ei=-8MKUtiEEZODhQeFvIDYDA&usg=AFQjCNEPW3Wye5Jh_NbEF8oADLj9dkZ3fw&bvm=bv.50723672,bs.1,d.ZWU" "Mozilla/5.0 (iPad; CPU OS 6_1_3 like Mac OS X) AppleWebKit/536.26 (KHTML, like Gecko) Mobile/10B329"
86.161.55.168 - - [13/Aug/2013:19:40:54 -0400] "GET /scripts/ic_globals_published.js HTTP/1.1" 200 566 "http://www.dawneaglewoman.com/" "Mozilla/5.0 (iPad; CPU OS 6_1_3 like Mac OS X) AppleWebKit/536.26 (KHTML, like Gecko) Mobile/10B329"
86.161.55.168 - - [13/Aug/2013:19:40:54 -0400] "GET /scripts/1custom.css HTTP/1.1" 200 2152 "http://www.dawneaglewoman.com/" "Mozilla/5.0 (iPad; CPU OS 6_1_3 like Mac OS X) AppleWebKit/536.26 (KHTML, like Gecko) Mobile/10B329"
86.161.55.168 - - [13/Aug/2013:19:40:54 -0400] "GET /scripts/icwebsiteelement.css HTTP/1.1" 200 8132 "http://www.dawneaglewoman.com/" "Mozilla/5.0 (iPad; CPU OS 6_1_3 like Mac OS X) AppleWebKit/536.26 (KHTML, like Gecko) Mobile/10B329"
86.161.55.168 - - [13/Aug/2013:19:40:54 -0400] "GET /images/280_DEW_Serious_Front_JPG.jpg HTTP/1.1" 200 25201 "http://www.dawneaglewoman.com/" "Mozilla/5.0 (iPad; CPU OS 6_1_3 like Mac OS X) AppleWebKit/536.26 (KHTML, like Gecko) Mobile/10B329"
86.161.55.168 - - [13/Aug/2013:19:40:54 -0400] "GET /images/ic_047_navcontainer_bg.png HTTP/1.1" 200 48876 "http://www.dawneaglewoman.com/" "Mozilla/5.0 (iPad; CPU OS 6_1_3 like Mac OS X) AppleWebKit/536.26 (KHTML, like Gecko) Mobile/10B329"
86.161.55.168 - - [13/Aug/2013:19:42:11 -0400] "GET /scripts/30custom.css HTTP/1.1" 200 3505 "http://www.dawneaglewoman.com/whatsnew.html" "Mozilla/5.0 (iPad; CPU OS 6_1_3 like Mac OS X) AppleWebKit/536.26 (KHTML, like Gecko) Mobile/10B329"
86.161.55.168 - - [13/Aug/2013:19:42:11 -0400] "GET /images/360_DEW-cloud-web-010113.jpg HTTP/1.1" 200 10913 "http://www.dawneaglewoman.com/whatsnew.html" "Mozilla/5.0 (iPad; CPU OS 6_1_3 like Mac OS X) AppleWebKit/536.26 (KHTML, like Gecko) Mobile/10B329"
188.39.15.252 - - [13/Aug/2013:15:10:15 -0400] "GET /scripts/1custom.css HTTP/1.1" 200 2152 "http://www.dawneaglewoman.com/" "Mozilla/5.0 (Linux; Android 4.1.2; GT-I8190N Build/JZO54K) AppleWebKit/537.36 (KHTML, like Gecko) Chrome/28.0.1500.94 Mobile Safari/537.36"
50.51.24.198 - - [13/Aug/2013:16:26:06 -0400] "GET /images/719_00_White_Wolf_in_Snow_JPG.jpg HTTP/1.1" 200 76723 "http://www.bing.com/images/search?q=white+wolf&go=&qs=n&form=QBIR&pq=white+wolf&sc=8-10&sp=-1&sk=" "Mozilla/5.0 (Linux; U; en-us; KFTT Build/IML74K) AppleWebKit/535.19 (KHTML, like Gecko) Silk/3.1 Safari/535.19 Silk-Accelerated=true"
74.105.142.70 - - [13/Aug/2013:17:43:44 -0400] "GET /images/719_00_White_Wolf_in_Snow_JPG.jpg HTTP/1.1" 200 76723 "http://www.chickensmoothie.com/Forum/viewtopic.php?f=65&t=1933124&start=10" "Mozilla/5.0 (Macintosh; Intel Mac OS X 10_8_4) AppleWebKit/536.30.1 (KHTML, like Gecko) Version/6.0.5 Safari/536.30.1"
131.253.26.251 - - [13/Aug/2013:08:14:01 -0400] "GET /scripts/template.css HTTP/1.1" 200 9420 "http://www.dawneaglewoman.com/individualworkretreats.html" "Mozilla/4.0 (compatible; MSIE 7.0; Windows NT 5.1; SLCC1; .NET CLR 1.1.4325; .NET CLR 2.0.50727; .NET CLR 3.0.04506.648)"
89.241.98.20 - - [13/Aug/2013:08:57:20 -0400] "GET /images/280_DEW_Serious_Front_JPG.jpg HTTP/1.1" 200 25201 "http://www.dawneaglewoman.com/" "Mozilla/5.0 (iPad; CPU OS 6_1_3 like Mac OS X) AppleWebKit/536.26 (KHTML, like Gecko) Version/6.0 Mobile/10B329 Safari/8536.25"
91.125.119.249 - - [13/Aug/2013:14:03:22 -0400] "GET /scripts/print.css HTTP/1.1" 200 - "http://www.dawneaglewoman.com/" "Mozilla/5.0 (Windows NT 6.1; rv:22.0) Gecko/20100101 Firefox/22.0"
66.249.75.179 - - [13/Aug/2013:11:39:16 -0400] "GET /images/313_Actual-Article-pg1-web.jpg HTTP/1.1" 304 - "-" "Googlebot-Image/1.0"
89.241.98.20 - - [13/Aug/2013:08:58:11 -0400] "GET /scripts/40custom.css HTTP/1.1" 200 804 "http://www.dawneaglewoman.com/dewblog.php" "Mozilla/5.0 (iPad; CPU OS 6_1_3 like Mac OS X) AppleWebKit/536.26 (KHTML, like Gecko) Version/6.0 Mobile/10B329 Safari/8536.25"
5.135.125.183 - - [13/Aug/2013:22:47:38 -0400] "GET / HTTP/1.1" 200 11234 "-" "Mozilla/4.0 (compatible; MSIE 10.0; Windows NT 6.1; Trident/5.0)"
91.125.119.249 - - [13/Aug/2013:14:04:01 -0400] "GET /comingworkshopsevents.html HTTP/1.1" 200 12994 "http://www.dawneaglewoman.com/" "Mozilla/5.0 (Windows NT 6.1; rv:22.0) Gecko/20100101 Firefox/22.0"
91.125.119.249 - - [13/Aug/2013:14:04:01 -0400] "GET /images/doc_doc.gif HTTP/1.1" 200 1067 "http://www.dawneaglewoman.com/comingworkshopsevents.html" "Mozilla/5.0 (Windows NT 6.1; rv:22.0) Gecko/20100101 Firefox/22.0"
86.161.55.168 - - [13/Aug/2013:19:40:54 -0400] "GET /scripts/user.js HTTP/1.1" 200 23762 "http://www.dawneaglewoman.com/" "Mozilla/5.0 (iPad; CPU OS 6_1_3 like Mac OS X) AppleWebKit/536.26 (KHTML, like Gecko) Mobile/10B329"
86.161.55.168 - - [13/Aug/2013:19:40:54 -0400] "GET /images/blue-lotus-dsc06099-a2-ws.jpg HTTP/1.1" 200 9426 "http://www.dawneaglewoman.com/" "Mozilla/5.0 (iPad; CPU OS 6_1_3 like Mac OS X) AppleWebKit/536.26 (KHTML, like Gecko) Mobile/10B329"
86.161.55.168 - - [13/Aug/2013:19:40:55 -0400] "GET /scripts/print.css HTTP/1.1" 200 - "http://www.dawneaglewoman.com/" "Mozilla/5.0 (iPad; CPU OS 6_1_3 like Mac OS X) AppleWebKit/536.26 (KHTML, like Gecko) Mobile/10B329"
89.241.98.20 - - [13/Aug/2013:08:57:38 -0400] "GET /dewblog.php HTTP/1.1" 200 15463 "http://www.dawneaglewoman.com/" "Mozilla/5.0 (iPad; CPU OS 6_1_3 like Mac OS X) AppleWebKit/536.26 (KHTML, like Gecko) Version/6.0 Mobile/10B329 Safari/8536.25"
188.39.15.252 - - [13/Aug/2013:15:10:15 -0400] "GET /scripts/template.css HTTP/1.1" 200 9420 "http://www.dawneaglewoman.com/" "Mozilla/5.0 (Linux; Android 4.1.2; GT-I8190N Build/JZO54K) AppleWebKit/537.36 (KHTML, like Gecko) Chrome/28.0.1500.94 Mobile Safari/537.36"
157.55.32.95 - - [13/Aug/2013:16:34:42 -0400] "GET /individualworkretreats.html HTTP/1.1" 304 - "-" "Mozilla/5.0 (compatible; bingbot/2.0; +http://www.bing.com/bingbot.htm)"
85.164.161.49 - - [13/Aug/2013:17:36:54 -0400] "GET /images/340_061411-48-Meditation-Room.jpg HTTP/1.1" 200 23826 "-" "Mozilla/5.0 (Windows NT 6.2; WOW64) AppleWebKit/537.36 (KHTML, like Gecko) Chrome/28.0.1500.95 Safari/537.36"
74.34.162.223 - - [13/Aug/2013:21:16:40 -0400] "GET /images/719_2006_Womens_Sweat_Group.jpg HTTP/1.1" 200 71010 "http://www.bing.com/images/search?q=buffalo+skull+sweat+alter&FORM=HDRSC2" "Mozilla/4.0 (compatible; MSIE 8.0; Windows NT 5.1; Trident/4.0; GTB7.5; .NET CLR 2.0.50727; AskTbWBV5/5.15.15.35882; .NET CLR 3.0.4506.2152; .NET CLR 3.5.30729)"
180.76.5.57 - - [13/Aug/2013:13:47:36 -0400] "GET / HTTP/1.1" 304 - "-" "Mozilla/5.0 (compatible; Baiduspider/2.0; +http://www.baidu.com/search/spider.html)"
199.21.99.110 - - [13/Aug/2013:05:20:26 -0400] "GET / HTTP/1.1" 200 11234 "-" "Mozilla/5.0 (compatible; YandexBot/3.0; +http://yandex.com/bots)"
77.88.26.25 - - [13/Aug/2013:05:22:22 -0400] "GET /images/340_061411-48-Meditation-Room.jpg HTTP/1.1" 304 - "-" "Mozilla/5.0 (compatible; YandexImages/3.0; +http://yandex.com/bots)"
66.249.75.179 - - [13/Aug/2013:06:31:40 -0400] "GET /eblog/c.php?r=331778 HTTP/1.1" 200 2205 "-" "Googlebot-Image/1.0"
188.39.15.252 - - [13/Aug/2013:15:10:17 -0400] "GET /scripts/website.css HTTP/1.1" 200 1651 "http://www.dawneaglewoman.com/" "Mozilla/5.0 (Linux; Android 4.1.2; GT-I8190N Build/JZO54K) AppleWebKit/537.36 (KHTML, like Gecko) Chrome/28.0.1500.94 Mobile Safari/537.36"
188.39.15.252 - - [13/Aug/2013:15:10:18 -0400] "GET /images/ic_047_header_bg.png HTTP/1.1" 200 21471 "http://www.dawneaglewoman.com/" "Mozilla/5.0 (Linux; Android 4.1.2; GT-I8190N Build/JZO54K) AppleWebKit/537.36 (KHTML, like Gecko) Chrome/28.0.1500.94 Mobile Safari/537.36"
188.39.15.252 - - [13/Aug/2013:15:10:19 -0400] "GET /favicon.ico HTTP/1.1" 404 575 "-" "Mozilla/5.0 (Linux; Android 4.1.2; GT-I8190N Build/JZO54K) AppleWebKit/537.36 (KHTML, like Gecko) Chrome/28.0.1500.94 Mobile Safari/537.36"
74.105.142.70 - - [13/Aug/2013:17:44:15 -0400] "GET /images/719_00_White_Wolf_in_Snow_JPG.jpg HTTP/1.1" 200 76723 "http://www.chickensmoothie.com/Forum/viewtopic.php?f=65&t=1933124&p=60161734" "Mozilla/5.0 (Macintosh; Intel Mac OS X 10_8_4) AppleWebKit/536.30.1 (KHTML, like Gecko) Version/6.0.5 Safari/536.30.1"
108.67.243.86 - - [13/Aug/2013:01:34:50 -0400] "GET /images/719_00_White_Wolf_in_Snow_JPG.jpg HTTP/1.1" 200 76723 "http://www.bing.com/images/search?q=White+Wolf&FORM=RESTAB" "Mozilla/5.0 (compatible; MSIE 10.0; Windows NT 6.2; WOW64; Trident/6.0; MAGWJS)"
66.249.75.179 - - [13/Aug/2013:01:28:58 -0400] "GET /dewblog.php?s=funny-about-reading HTTP/1.1" 200 9327 "-" "Mozilla/5.0 (iPhone; U; CPU iPhone OS 4_1 like Mac OS X; en-us) AppleWebKit/532.9 (KHTML, like Gecko) Version/4.0.5 Mobile/8B117 Safari/6531.22.7 (compatible; Googlebot-Mobile/2.1; +http://www.google.com/bot.html)"
86.161.55.168 - - [13/Aug/2013:19:41:00 -0400] "GET /scripts/29custom.css HTTP/1.1" 200 6882 "http://www.dawneaglewoman.com/recenteventsalbum.html" "Mozilla/5.0 (iPad; CPU OS 6_1_3 like Mac OS X) AppleWebKit/536.26 (KHTML, like Gecko) Mobile/10B329"
86.161.55.168 - - [13/Aug/2013:19:41:00 -0400] "GET /images/461_2006_Tents.jpg HTTP/1.1" 200 31560 "http://www.dawneaglewoman.com/recenteventsalbum.html" "Mozilla/5.0 (iPad; CPU OS 6_1_3 like Mac OS X) AppleWebKit/536.26 (KHTML, like Gecko) Mobile/10B329"
86.161.55.168 - - [13/Aug/2013:19:41:00 -0400] "GET /images/Eagle_Eye_Cropped.jpg HTTP/1.1" 200 10906 "http://www.dawneaglewoman.com/recenteventsalbum.html" "Mozilla/5.0 (iPad; CPU OS 6_1_3 like Mac OS X) AppleWebKit/536.26 (KHTML, like Gecko) Mobile/10B329"
65.55.217.213 - - [13/Aug/2013:21:16:43 -0400] "GET /images/461_2006_Buffalo_Skull_and_Fire.jpg HTTP/1.1" 200 41529 "http://www.dawneaglewoman.com/recenteventsalbum.html" "Mozilla/5.0 (Windows NT 6.1; WOW64) AppleWebKit/534+ (KHTML, like Gecko) BingPreview/1.0b"
65.55.215.94 - - [13/Aug/2013:23:37:25 -0400] "GET /robots.txt HTTP/1.1" 200 25 "-" "msnbot-media/1.1 (+http://search.msn.com/msnbot.htm)"
188.39.15.252 - - [13/Aug/2013:15:10:14 -0400] "GET / HTTP/1.1" 200 11234 "https://www.google.co.uk/" "Mozilla/5.0 (Linux; Android 4.1.2; GT-I8190N Build/JZO54K) AppleWebKit/537.36 (KHTML, like Gecko) Chrome/28.0.1500.94 Mobile Safari/537.36"
188.39.15.252 - - [13/Aug/2013:15:10:14 -0400] "GET /scripts/ic_globals_published.js HTTP/1.1" 200 566 "http://www.dawneaglewoman.com/" "Mozilla/5.0 (Linux; Android 4.1.2; GT-I8190N Build/JZO54K) AppleWebKit/537.36 (KHTML, like Gecko) Chrome/28.0.1500.94 Mobile Safari/537.36"
188.39.15.252 - - [13/Aug/2013:15:10:15 -0400] "GET /scripts/photoalbum.js HTTP/1.1" 200 62481 "http://www.dawneaglewoman.com/" "Mozilla/5.0 (Linux; Android 4.1.2; GT-I8190N Build/JZO54K) AppleWebKit/537.36 (KHTML, like Gecko) Chrome/28.0.1500.94 Mobile Safari/537.36"
188.39.15.252 - - [13/Aug/2013:15:10:16 -0400] "GET /images/719_2008_Alison_Tipi_Photo.JPG HTTP/1.1" 200 138354 "http://www.dawneaglewoman.com/" "Mozilla/5.0 (Linux; Android 4.1.2; GT-I8190N Build/JZO54K) AppleWebKit/537.36 (KHTML, like Gecko) Chrome/28.0.1500.94 Mobile Safari/537.36"
188.39.15.252 - - [13/Aug/2013:15:10:18 -0400] "GET /images/ic_047_navcontainer_bg.png HTTP/1.1" 200 48876 "http://www.dawneaglewoman.com/" "Mozilla/5.0 (Linux; Android 4.1.2; GT-I8190N Build/JZO54K) AppleWebKit/537.36 (KHTML, like Gecko) Chrome/28.0.1500.94 Mobile Safari/537.36"
157.56.229.244 - - [13/Aug/2013:17:38:54 -0400] "GET / HTTP/1.1" 200 11234 "-" "Mozilla/5.0 (compatible; bingbot/2.0; +http://www.bing.com/bingbot.htm)"
74.34.162.223 - - [13/Aug/2013:21:16:40 -0400] "GET /images/258_Amy-Family-115_071609.jpg HTTP/1.1" 200 21677 "http://www.bing.com/images/search?q=buffalo+skull+sweat+alter&FORM=HDRSC2" "Mozilla/4.0 (compatible; MSIE 8.0; Windows NT 5.1; Trident/4.0; GTB7.5; .NET CLR 2.0.50727; AskTbWBV5/5.15.15.35882; .NET CLR 3.0.4506.2152; .NET CLR 3.5.30729)"
74.34.162.223 - - [13/Aug/2013:21:16:43 -0400] "GET /images/461_2006_Tents.jpg HTTP/1.1" 200 31560 "http://www.bing.com/images/search?q=buffalo+skull+sweat+alter&FORM=HDRSC2" "Mozilla/4.0 (compatible; MSIE 8.0; Windows NT 5.1; Trident/4.0; GTB7.5; .NET CLR 2.0.50727; AskTbWBV5/5.15.15.35882; .NET CLR 3.0.4506.2152; .NET CLR 3.5.30729)"
74.34.162.223 - - [13/Aug/2013:21:25:09 -0400] "GET /images/461_2006_Buffalo_Skull_and_Fire.jpg HTTP/1.1" 304 - "-" "Mozilla/4.0 (compatible; MSIE 8.0; Windows NT 5.1; Trident/4.0; GTB7.5; .NET CLR 2.0.50727; AskTbWBV5/5.15.15.35882; .NET CLR 3.0.4506.2152; .NET CLR 3.5.30729)"
74.34.162.223 - - [13/Aug/2013:21:25:09 -0400] "GET /favicon.ico HTTP/1.1" 404 575 "-" "Mozilla/4.0 (compatible; MSIE 8.0; Windows NT 5.1; Trident/4.0; GTB7.5; .NET CLR 2.0.50727; AskTbWBV5/5.15.15.35882; .NET CLR 3.0.4506.2152; .NET CLR 3.5.30729)"
66.249.73.101 - - [13/Aug/2013:23:02:33 -0400] "GET /images/156_050707-062006a-001.jpg HTTP/1.1" 304 - "-" "Googlebot-Image/1.0"
78.158.11.226 - - [13/Aug/2013:23:41:28 -0400] "GET / HTTP/1.1" 200 11234 "http://www.google.com/url?sa=t&rct=j&q=www.dawneaglewoman.com&source=web&cd=5&ved=0CF0QFjAE&url=http:%2F%2Fwww.dawneaglewoman.com%2F&cad=rja" "Lynx/2.8.5rel.1 libwww-FM/2.15FC SSL-MM/1.4.1c OpenSSL/0.9.7e-dev"
65.55.212.69 - - [13/Aug/2013:08:14:12 -0400] "GET / HTTP/1.1" 200 11234 "http://www.dawneaglewoman.com/individualworkretreats.html" "Mozilla/4.0 (compatible; MSIE 7.0; Windows NT 5.1; SLCC1; .NET CLR 1.1.4325; .NET CLR 2.0.50727; .NET CLR 3.0.04506.648)"
86.161.55.168 - - [13/Aug/2013:19:41:55 -0400] "GET /comingworkshopsevents.html HTTP/1.1" 200 12994 "http://www.dawneaglewoman.com/individualworkretreats.html" "Mozilla/5.0 (iPad; CPU OS 6_1_3 like Mac OS X) AppleWebKit/536.26 (KHTML, like Gecko) Mobile/10B329"
86.161.55.168 - - [13/Aug/2013:19:41:55 -0400] "GET /images/doc_doc.gif HTTP/1.1" 200 1067 "http://www.dawneaglewoman.com/comingworkshopsevents.html" "Mozilla/5.0 (iPad; CPU OS 6_1_3 like Mac OS X) AppleWebKit/536.26 (KHTML, like Gecko) Mobile/10B329"
66.249.85.189 - - [13/Aug/2013:00:57:05 -0400] "GET /individualworkretreats/individualsessions.html HTTP/1.1" 200 10489 "http://www.google.com/search" "Mozilla/5.0 (X11; Linux x86_64) AppleWebKit/537.4 (KHTML, like Gecko; Google Web Preview) Chrome/22.0.1229 Safari/537.4"
66.249.85.189 - - [13/Aug/2013:00:57:05 -0400] "GET /scripts/photoalbum.js HTTP/1.1" 200 62481 "http://www.dawneaglewoman.com/individualworkretreats/individualsessions.html" "Mozilla/5.0 (X11; Linux x86_64) AppleWebKit/537.4 (KHTML, like Gecko; Google Web Preview) Chrome/22.0.1229 Safari/537.4"
66.249.85.189 - - [13/Aug/2013:00:57:05 -0400] "GET /images/ic_047_header_bg.png HTTP/1.1" 200 21471 "http://www.dawneaglewoman.com/individualworkretreats/individualsessions.html" "Mozilla/5.0 (X11; Linux x86_64) AppleWebKit/537.4 (KHTML, like Gecko; Google Web Preview) Chrome/22.0.1229 Safari/537.4"
66.249.85.189 - - [13/Aug/2013:00:57:05 -0400] "GET /scripts/print.css HTTP/1.1" 200 - "http://www.dawneaglewoman.com/individualworkretreats/individualsessions.html" "Mozilla/5.0 (X11; Linux x86_64) AppleWebKit/537.4 (KHTML, like Gecko; Google Web Preview) Chrome/22.0.1229 Safari/537.4"
66.249.75.179 - - [13/Aug/2013:15:22:22 -0400] "GET /images/375_0704_Spring_House_PV_Panel.jpg HTTP/1.1" 304 - "-" "Googlebot-Image/1.0"
86.161.55.168 - - [13/Aug/2013:14:02:33 -0400] "GET / HTTP/1.1" 200 11234 "-" "Mozilla/5.0 (iPad; CPU OS 6_1_3 like Mac OS X) AppleWebKit/536.26 (KHTML, like Gecko) Version/6.0 Mobile/10B329 Safari/8536.25"
86.161.55.168 - - [13/Aug/2013:14:02:33 -0400] "GET /scripts/1custom.css HTTP/1.1" 200 2152 "http://www.dawneaglewoman.com/" "Mozilla/5.0 (iPad; CPU OS 6_1_3 like Mac OS X) AppleWebKit/536.26 (KHTML, like Gecko) Version/6.0 Mobile/10B329 Safari/8536.25"
86.161.55.168 - - [13/Aug/2013:14:02:33 -0400] "GET /scripts/icwebsiteelement.css HTTP/1.1" 200 8132 "http://www.dawneaglewoman.com/" "Mozilla/5.0 (iPad; CPU OS 6_1_3 like Mac OS X) AppleWebKit/536.26 (KHTML, like Gecko) Version/6.0 Mobile/10B329 Safari/8536.25"
86.161.55.168 - - [13/Aug/2013:14:02:34 -0400] "GET /images/719_2008_Alison_Tipi_Photo.JPG HTTP/1.1" 200 138354 "http://www.dawneaglewoman.com/" "Mozilla/5.0 (iPad; CPU OS 6_1_3 like Mac OS X) AppleWebKit/536.26 (KHTML, like Gecko) Version/6.0 Mobile/10B329 Safari/8536.25"
66.249.75.179 - - [13/Aug/2013:15:37:24 -0400] "GET /images/375_0704_Spring_House_PV_Panel.jpg HTTP/1.1" 304 - "-" "Googlebot-Image/1.0"
65.55.218.36 - - [13/Aug/2013:08:14:08 -0400] "GET /scripts/icwebsiteelement.css HTTP/1.1" 200 8132 "http://www.dawneaglewoman.com/individualworkretreats.html" "Mozilla/4.0 (compatible; MSIE 7.0; Windows NT 5.1; SLCC1; .NET CLR 1.1.4325; .NET CLR 2.0.50727; .NET CLR 3.0.04506.648)"
89.241.98.20 - - [13/Aug/2013:08:57:15 -0400] "GET /scripts/ic_globals_published.js HTTP/1.1" 200 566 "http://www.dawneaglewoman.com/" "Mozilla/5.0 (iPad; CPU OS 6_1_3 like Mac OS X) AppleWebKit/536.26 (KHTML, like Gecko) Version/6.0 Mobile/10B329 Safari/8536.25"
89.241.98.20 - - [13/Aug/2013:08:57:16 -0400] "GET /scripts/icwebsiteelement.css HTTP/1.1" 200 8132 "http://www.dawneaglewoman.com/" "Mozilla/5.0 (iPad; CPU OS 6_1_3 like Mac OS X) AppleWebKit/536.26 (KHTML, like Gecko) Version/6.0 Mobile/10B329 Safari/8536.25"
89.241.98.20 - - [13/Aug/2013:08:57:25 -0400] "GET /images/blue-lotus-dsc06099-a2-ws.jpg HTTP/1.1" 200 9426 "http://www.dawneaglewoman.com/" "Mozilla/5.0 (iPad; CPU OS 6_1_3 like Mac OS X) AppleWebKit/536.26 (KHTML, like Gecko) Version/6.0 Mobile/10B329 Safari/8536.25"
89.241.98.20 - - [13/Aug/2013:08:57:27 -0400] "GET /scripts/print.css HTTP/1.1" 200 - "http://www.dawneaglewoman.com/" "Mozilla/5.0 (iPad; CPU OS 6_1_3 like Mac OS X) AppleWebKit/536.26 (KHTML, like Gecko) Version/6.0 Mobile/10B329 Safari/8536.25"
66.249.84.226 - - [13/Aug/2013:02:04:42 -0400] "GET /scripts/website.css HTTP/1.1" 200 1651 "http://www.dawneaglewoman.com/" "Mozilla/5.0 (en-us) AppleWebKit/534.14 (KHTML, like Gecko; Google Wireless Transcoder) Chrome/9.0.597 Safari/534.14"
66.249.84.226 - - [13/Aug/2013:02:04:42 -0400] "GET /images/blue-lotus-dsc06099-a2-ws.jpg HTTP/1.1" 200 9426 "http://www.dawneaglewoman.com/" "Mozilla/5.0 (en-us) AppleWebKit/534.14 (KHTML, like Gecko; Google Wireless Transcoder) Chrome/9.0.597 Safari/534.14"
65.55.217.213 - - [13/Aug/2013:21:16:43 -0400] "GET /images/461_2006_Buffalo_Skull_and_Fire.jpg HTTP/1.1" 200 41529 "http://www.dawneaglewoman.com/recenteventsalbum.html" "Mozilla/5.0 (Windows NT 6.1; WOW64) AppleWebKit/534+ (KHTML, like Gecko) BingPreview/1.0b"
65.55.219.164 - - [13/Aug/2013:21:16:43 -0400] "GET /images/719_Frans-in-Pond-070_061609.jpg HTTP/1.1" 200 59473 "http://www.dawneaglewoman.com/recenteventsalbum.html" "Mozilla/5.0 (Windows NT 6.1; WOW64) AppleWebKit/534+ (KHTML, like Gecko) BingPreview/1.0b"
95.108.245.253 - - [13/Aug/2013:21:20:49 -0400] "GET /images/313_Actual-Article-pg1-web.jpg HTTP/1.1" 304 - "-" "Mozilla/5.0 (compatible; YandexImages/3.0; +http://yandex.com/bots)"
203.42.18.42 - - [13/Aug/2013:21:53:05 -0400] "GET /images/719_00_White_Wolf_in_Snow_JPG.jpg HTTP/1.1" 200 76723 "-" "Mozilla/5.0 (iPad; CPU OS 6_1_3 like Mac OS X) AppleWebKit/536.26 (KHTML, like Gecko) Version/6.0 Mobile/10B329 Safari/8536.25"
86.161.55.168 - - [13/Aug/2013:14:02:43 -0400] "GET /calendar.html HTTP/1.1" 200 51462 "http://www.dawneaglewoman.com/" "Mozilla/5.0 (iPad; CPU OS 6_1_3 like Mac OS X) AppleWebKit/536.26 (KHTML, like Gecko) Version/6.0 Mobile/10B329 Safari/8536.25"
86.161.55.168 - - [13/Aug/2013:14:02:44 -0400] "GET /images/375_0106_081605CDEW_323_Sit_Hillside_C_Mac.jpg HTTP/1.1" 200 36125 "http://www.dawneaglewoman.com/calendar.html" "Mozilla/5.0 (iPad; CPU OS 6_1_3 like Mac OS X) AppleWebKit/536.26 (KHTML, like Gecko) Version/6.0 Mobile/10B329 Safari/8536.25"
66.249.75.179 - - [13/Aug/2013:00:13:05 -0400] "GET /images/Large_Elk_Antler_and_Quartz.jpg HTTP/1.1" 304 - "-" "Googlebot-Image/1.0"
