0byt3m1n1
Path:
/
data
/
0
/
0
/
75
/
139
/
75791
/
meta
/
77076
/
logs
/
[
Home
]
File: x-access_log.2013-08-17
173.192.235.226 - - [17/Aug/2013:13:08:28 -0400] "GET /robots.txt HTTP/1.1" 200 25 "-" "Mozilla/5.0 (compatible; SiteExplorer/1.0b; +http://siteexplorer.info/)"
174.51.106.138 - - [17/Aug/2013:21:42:28 -0400] "GET /images/photoalbum/button_photoFirst.jpg HTTP/1.1" 200 637 "http://www.dawneaglewoman.com/photos.html" "Mozilla/5.0 (Windows NT 6.1; WOW64) AppleWebKit/537.36 (KHTML, like Gecko) Chrome/28.0.1500.95 Safari/537.36"
174.51.106.138 - - [17/Aug/2013:21:42:28 -0400] "GET /images/photoalbum/button_photoSpeed5.jpg HTTP/1.1" 200 502 "http://www.dawneaglewoman.com/photos.html" "Mozilla/5.0 (Windows NT 6.1; WOW64) AppleWebKit/537.36 (KHTML, like Gecko) Chrome/28.0.1500.95 Safari/537.36"
174.51.106.138 - - [17/Aug/2013:21:42:28 -0400] "GET /images/231_082205-009web.jpg HTTP/1.1" 200 7497 "http://www.dawneaglewoman.com/photos.html" "Mozilla/5.0 (Windows NT 6.1; WOW64) AppleWebKit/537.36 (KHTML, like Gecko) Chrome/28.0.1500.95 Safari/537.36"
174.51.106.138 - - [17/Aug/2013:21:42:28 -0400] "GET /images/231_052_092108web.jpg HTTP/1.1" 200 7702 "http://www.dawneaglewoman.com/photos.html" "Mozilla/5.0 (Windows NT 6.1; WOW64) AppleWebKit/537.36 (KHTML, like Gecko) Chrome/28.0.1500.95 Safari/537.36"
174.51.106.138 - - [17/Aug/2013:21:42:28 -0400] "GET /images/487_082105-064web.jpg HTTP/1.1" 200 68452 "http://www.dawneaglewoman.com/photos.html" "Mozilla/5.0 (Windows NT 6.1; WOW64) AppleWebKit/537.36 (KHTML, like Gecko) Chrome/28.0.1500.95 Safari/537.36"
174.51.106.138 - - [17/Aug/2013:21:42:29 -0400] "GET /images/487_128_062409web.jpg HTTP/1.1" 200 84440 "http://www.dawneaglewoman.com/photos.html" "Mozilla/5.0 (Windows NT 6.1; WOW64) AppleWebKit/537.36 (KHTML, like Gecko) Chrome/28.0.1500.95 Safari/537.36"
66.249.75.179 - - [17/Aug/2013:23:39:02 -0400] "GET /scripts/23custom.css HTTP/1.1" 200 1477 "-" "Mozilla/5.0 (compatible; Googlebot/2.1; +http://www.google.com/bot.html)"
70.193.195.91 - - [17/Aug/2013:23:58:28 -0400] "GET /images/719_00_White_Wolf_in_Snow_JPG.jpg HTTP/1.1" 200 76723 "https://www.google.com/" "Mozilla/5.0 (iPhone; CPU iPhone OS 6_1_4 like Mac OS X) AppleWebKit/536.26 (KHTML, like Gecko) Version/6.0 Mobile/10B350 Safari/8536.25"
173.227.230.236 - - [17/Aug/2013:07:47:24 -0400] "GET /dawneaglewomanhome/linksfriendsgoodstuff.html HTTP/1.1" 200 15213 "http://www.dawneaglewoman.com" "Mozilla/5.0 (Windows; U; Windows NT 5.1; en-US; rv:1.9.2.8) Gecko/20100721 Firefox/3.6.8"
77.75.77.11 - - [17/Aug/2013:17:03:06 -0400] "GET /dawneaglewomanhome/linksfriendsgoodstuff.html HTTP/1.1" 304 - "-" "SeznamBot/3.0 (+http://fulltext.sblog.cz/)"
70.194.211.84 - - [17/Aug/2013:17:12:54 -0400] "GET /images/469_DEW_and_Lap_Dogs.jpg HTTP/1.1" 200 21248 "http://www.google.com/search?client=ms-android-verizon&site=webhp&tbm=isch&sa=1&ei=xuUPUpTmB4jR2AWUjID4Bg&q=lap+dogs&oq=lap+dpgs&gs_l=mobile-gws-serp.1.0.0i13l5.91292.97357.0.100177.9.8.0.1.1.0.358.1645.2-4j2.6.0....0...1c.1.25.mobile-gws-serp..2.7.1681.8ilI1rDcNOQ&biw=360&bih=563&sei=LeYPUvKhDuav2QWc_oCQDA" "Mozilla/5.0 (Linux; U; Android 4.1.2; en-us; DROID4 Build/9.8.2O-72_VZW-18) AppleWebKit/534.30 (KHTML, like Gecko) Version/4.0 Mobile Safari/534.30"
50.142.26.37 - - [17/Aug/2013:13:29:14 -0400] "GET /images/719_00_White_Wolf_in_Snow_JPG.jpg HTTP/1.1" 200 76723 "http://images.search.yahoo.com/images/view;_ylt=A0PDoQ6psg9SaRYAtsiJzbkF;_ylu=X3oDMTFyNnBndTUyBHNlYwNzcgRzbGsDaW1nBG9pZANhMmU4NDIwZTRlZWEyNTliZGJmYThiNjQ0NjkzYzk5ZARncG9zAzE0?back=http%3A%2F%2Fimages.search.yahoo.com%2Fsearch%2Fimages%3F_adv_prop%3Dimage%26va%3Dwhite%2Bwolves%26fr%3Dw3i%26ri%3D8%26tab%3Dorganic%26ri%3D14&w=640&h=480&imgurl=1.bp.blogspot.com%2F_krIckddyXCI%2FTBU8gv7b-qI%2FAAAAAAAABIA%2FLevA8Z-b2Vc%2Fs1600%2FWhite-Wolf-Pup-wolves-7570936-640-480.jpg&rurl=http%3A%2F%2Fbest-animals.blogspot.com%2F2011%2F11%2Fwhite-wolf.html&size=42.1KB&name=%3Cb%3EWhite+%3C%2Fb%3EWolf+Pup+%3Cb%3Ewolves%3C%2Fb%3E&p=white+wolves&oid=a2e8420e4eea259bdbfa8b644693c99d&fr2=&fr=w3i&tt=%3Cb%3EWhite+%3C%2Fb%3EWolf+Pup+%3Cb%3Ewolves%3C%2Fb%3E&b=0&ni=42&no=14&ts=&tab=organic&sigr=11oqdu5p8&sigb=13a0jcfpj&sigi=13icot3ia&.crumb=vO.7OCMD1z/&fr=w3i" "Mozilla/4.0 (compatible; MSIE 7.0; Windows NT 6.1; WOW64; Trident/6.0; SLCC2; .NET CLR 2.0.50727; .NET CLR 3.5.30729; .NET CLR 3.0.30729; Media Center PC 6.0; .NET4.0C; FunWebProducts; 88980362703; lib/6.02190)"
174.51.106.138 - - [17/Aug/2013:21:40:56 -0400] "GET /scripts/1custom.css HTTP/1.1" 200 2152 "http://www.dawneaglewoman.com/" "Mozilla/5.0 (Windows NT 6.1; WOW64) AppleWebKit/537.36 (KHTML, like Gecko) Chrome/28.0.1500.95 Safari/537.36"
174.51.106.138 - - [17/Aug/2013:21:40:57 -0400] "GET /images/ic_047_navcontainer_bg.png HTTP/1.1" 200 48876 "http://www.dawneaglewoman.com/" "Mozilla/5.0 (Windows NT 6.1; WOW64) AppleWebKit/537.36 (KHTML, like Gecko) Chrome/28.0.1500.95 Safari/537.36"
174.51.106.138 - - [17/Aug/2013:21:40:57 -0400] "GET /favicon.ico HTTP/1.1" 404 575 "-" "Mozilla/5.0 (Windows NT 6.1; WOW64) AppleWebKit/537.36 (KHTML, like Gecko) Chrome/28.0.1500.95 Safari/537.36"
217.69.135.246 - - [17/Aug/2013:08:27:30 -0400] "GET /robots.txt HTTP/1.0" 200 25 "-" "Mozilla/5.0 (compatible; Linux x86_64; Mail.RU_Bot/2.0; +http://go.mail.ru/help/robots)"
66.249.75.179 - - [17/Aug/2013:17:34:14 -0400] "GET /dawneaglewomanhome/publishedarticles.html HTTP/1.1" 304 - "-" "Mozilla/5.0 (compatible; Googlebot/2.1; +http://www.google.com/bot.html)"
66.249.75.179 - - [17/Aug/2013:19:28:22 -0400] "GET /scripts/33custom.css HTTP/1.1" 200 1141 "-" "Mozilla/5.0 (compatible; Googlebot/2.1; +http://www.google.com/bot.html)"
174.51.106.138 - - [17/Aug/2013:21:40:56 -0400] "GET /scripts/user.js HTTP/1.1" 200 23762 "http://www.dawneaglewoman.com/" "Mozilla/5.0 (Windows NT 6.1; WOW64) AppleWebKit/537.36 (KHTML, like Gecko) Chrome/28.0.1500.95 Safari/537.36"
174.51.106.138 - - [17/Aug/2013:21:40:57 -0400] "GET /images/719_2008_Alison_Tipi_Photo.JPG HTTP/1.1" 200 138354 "http://www.dawneaglewoman.com/" "Mozilla/5.0 (Windows NT 6.1; WOW64) AppleWebKit/537.36 (KHTML, like Gecko) Chrome/28.0.1500.95 Safari/537.36"
66.249.75.179 - - [17/Aug/2013:22:08:08 -0400] "GET /photos.html HTTP/1.1" 304 - "-" "Mozilla/5.0 (compatible; Googlebot/2.1; +http://www.google.com/bot.html)"
94.23.202.64 - - [17/Aug/2013:03:09:05 -0400] "GET /scripts/user.js HTTP/1.1" 200 23762 "http://www.dawneaglewoman.com/" "Mozilla/5.0 (X11; Linux x86_64) AppleWebKit/534.34 (KHTML, like Gecko) Qt/4.8.1 Safari/534.34"
66.249.75.179 - - [17/Aug/2013:22:11:39 -0400] "GET /Frame-2-calendarpage2.html?refresh=1204055632948 HTTP/1.1" 304 - "-" "Mozilla/5.0 (iPhone; U; CPU iPhone OS 4_1 like Mac OS X; en-us) AppleWebKit/532.9 (KHTML, like Gecko) Version/4.0.5 Mobile/8B117 Safari/6531.22.7 (compatible; Googlebot-Mobile/2.1; +http://www.google.com/bot.html)"
195.174.17.189 - - [17/Aug/2013:22:13:52 -0400] "GET /images/719_00_White_Wolf_in_Snow_JPG.jpg HTTP/1.1" 200 76723 "http://www.goodreads.com/topic/show/1075889-loners" "Mozilla/5.0 (Windows NT 5.1) AppleWebKit/537.36 (KHTML, like Gecko) Chrome/28.0.1500.95 Safari/537.36"
178.154.243.97 - - [17/Aug/2013:02:31:46 -0400] "GET /eblog/c.php?r=755415 HTTP/1.1" 200 2195 "-" "Mozilla/5.0 (compatible; YandexImages/3.0; +http://yandex.com/bots)"
94.23.202.64 - - [17/Aug/2013:03:09:05 -0400] "GET /scripts/photoalbum.js HTTP/1.1" 200 62481 "http://www.dawneaglewoman.com/" "Mozilla/5.0 (X11; Linux x86_64) AppleWebKit/534.34 (KHTML, like Gecko) Qt/4.8.1 Safari/534.34"
199.58.86.206 - - [17/Aug/2013:05:34:40 -0400] "GET / HTTP/1.0" 200 11234 "-" "Mozilla/5.0 (compatible; MJ12bot/v1.4.3; http://www.majestic12.co.uk/bot.php?+)"
65.128.23.190 - - [17/Aug/2013:16:34:05 -0400] "GET /scripts/website.css HTTP/1.1" 200 1651 "http://www.dawneaglewoman.com/" "Mozilla/5.0 (Macintosh; Intel Mac OS X 10_6_8) AppleWebKit/534.59.8 (KHTML, like Gecko) Version/5.1.9 Safari/534.59.8"
65.128.23.190 - - [17/Aug/2013:16:34:05 -0400] "GET /images/ic_047_header_bg.png HTTP/1.1" 200 21471 "http://www.dawneaglewoman.com/" "Mozilla/5.0 (Macintosh; Intel Mac OS X 10_6_8) AppleWebKit/534.59.8 (KHTML, like Gecko) Version/5.1.9 Safari/534.59.8"
123.125.71.115 - - [17/Aug/2013:23:38:30 -0400] "GET /images/photoalbum/button_photoPause.jpg HTTP/1.1" 200 605 "-" "Baiduspider-image+(+http://www.baidu.com/search/spider.htm)"
94.23.202.64 - - [17/Aug/2013:03:09:05 -0400] "GET / HTTP/1.1" 200 11234 "-" "Mozilla/5.0 (X11; Linux x86_64) AppleWebKit/534.34 (KHTML, like Gecko) Qt/4.8.1 Safari/534.34"
94.23.202.64 - - [17/Aug/2013:03:09:05 -0400] "GET /scripts/ic_globals_published.js HTTP/1.1" 200 566 "http://www.dawneaglewoman.com/" "Mozilla/5.0 (X11; Linux x86_64) AppleWebKit/534.34 (KHTML, like Gecko) Qt/4.8.1 Safari/534.34"
94.23.202.64 - - [17/Aug/2013:03:09:06 -0400] "GET /images/719_2008_Alison_Tipi_Photo.JPG HTTP/1.1" 200 138354 "http://www.dawneaglewoman.com/" "Mozilla/5.0 (X11; Linux x86_64) AppleWebKit/534.34 (KHTML, like Gecko) Qt/4.8.1 Safari/534.34"
66.249.75.179 - - [17/Aug/2013:20:16:21 -0400] "GET /dawneaglewomanhome/linksfriendsgoodstuff.html HTTP/1.1" 200 15213 "-" "Mozilla/5.0 (compatible; Googlebot/2.1; +http://www.google.com/bot.html)"
98.137.207.19 - - [17/Aug/2013:09:13:02 -0400] "GET /scripts/print.css HTTP/1.1" 200 - "http://dawneaglewoman.com/" "Mozilla/5.0 (compatible; Yahoo! Slurp/3.0; http://help.yahoo.com/help/us/ysearch/slurp) NOT Firefox/3.5"
98.137.207.19 - - [17/Aug/2013:09:13:02 -0400] "GET /images/280_DEW_Serious_Front_JPG.jpg HTTP/1.1" 200 25201 "http://dawneaglewoman.com/" "Mozilla/5.0 (compatible; Yahoo! Slurp/3.0; http://help.yahoo.com/help/us/ysearch/slurp) NOT Firefox/3.5"
98.137.207.19 - - [17/Aug/2013:09:13:03 -0400] "GET /images/ic_047_navcontainer_bg.png HTTP/1.1" 200 48876 "http://dawneaglewoman.com/scripts/template.css" "Mozilla/5.0 (compatible; Yahoo! Slurp/3.0; http://help.yahoo.com/help/us/ysearch/slurp) NOT Firefox/3.5"
174.51.106.138 - - [17/Aug/2013:21:42:47 -0400] "GET /dewblog.php HTTP/1.1" 200 15463 "http://www.dawneaglewoman.com/photos.html" "Mozilla/5.0 (Windows NT 6.1; WOW64) AppleWebKit/537.36 (KHTML, like Gecko) Chrome/28.0.1500.95 Safari/537.36"
77.75.77.11 - - [17/Aug/2013:17:01:07 -0400] "GET / HTTP/1.1" 200 11234 "-" "SeznamBot/3.0 (+http://fulltext.sblog.cz/)"
173.199.115.83 - - [17/Aug/2013:02:01:44 -0400] "GET /dewblog.php HTTP/1.1" 200 15463 "-" "Mozilla/5.0 (compatible; AhrefsBot/4.0; +http://ahrefs.com/robot/)"
184.168.152.9 - - [17/Aug/2013:04:50:12 -0400] "HEAD / HTTP/1.1" 200 - "http://nataliecutsforth.com" "Mozilla/5.0 (compatible; MSIE 9.0; Windows NT 6.1; WOW64; Trident/5.0)"
98.137.207.19 - - [17/Aug/2013:09:13:02 -0400] "GET /scripts/website.css HTTP/1.1" 200 1651 "http://dawneaglewoman.com/" "Mozilla/5.0 (compatible; Yahoo! Slurp/3.0; http://help.yahoo.com/help/us/ysearch/slurp) NOT Firefox/3.5"
98.137.207.19 - - [17/Aug/2013:09:13:02 -0400] "GET /images/719_2008_Alison_Tipi_Photo.JPG HTTP/1.1" 200 138354 "http://dawneaglewoman.com/" "Mozilla/5.0 (compatible; Yahoo! Slurp/3.0; http://help.yahoo.com/help/us/ysearch/slurp) NOT Firefox/3.5"
199.21.99.110 - - [17/Aug/2013:19:53:50 -0400] "GET /robots.txt HTTP/1.1" 200 25 "-" "Mozilla/5.0 (compatible; YandexBot/3.0; +http://yandex.com/bots)"
174.51.106.138 - - [17/Aug/2013:21:42:28 -0400] "GET /images/photoalbum/button_photoNext.jpg HTTP/1.1" 200 662 "http://www.dawneaglewoman.com/photos.html" "Mozilla/5.0 (Windows NT 6.1; WOW64) AppleWebKit/537.36 (KHTML, like Gecko) Chrome/28.0.1500.95 Safari/537.36"
174.51.106.138 - - [17/Aug/2013:21:42:28 -0400] "GET /images/photoalbum/button_photoSpeed3_ON.jpg HTTP/1.1" 200 587 "http://www.dawneaglewoman.com/photos.html" "Mozilla/5.0 (Windows NT 6.1; WOW64) AppleWebKit/537.36 (KHTML, like Gecko) Chrome/28.0.1500.95 Safari/537.36"
174.51.106.138 - - [17/Aug/2013:21:42:28 -0400] "GET /images/231_011_060307web.jpg HTTP/1.1" 200 8213 "http://www.dawneaglewoman.com/photos.html" "Mozilla/5.0 (Windows NT 6.1; WOW64) AppleWebKit/537.36 (KHTML, like Gecko) Chrome/28.0.1500.95 Safari/537.36"
174.51.106.138 - - [17/Aug/2013:21:42:28 -0400] "GET /images/733_052_092108web.jpg HTTP/1.1" 200 58771 "http://www.dawneaglewoman.com/photos.html" "Mozilla/5.0 (Windows NT 6.1; WOW64) AppleWebKit/537.36 (KHTML, like Gecko) Chrome/28.0.1500.95 Safari/537.36"
174.51.106.138 - - [17/Aug/2013:21:42:29 -0400] "GET /images/231_017_080610web.jpg HTTP/1.1" 200 13142 "http://www.dawneaglewoman.com/photos.html" "Mozilla/5.0 (Windows NT 6.1; WOW64) AppleWebKit/537.36 (KHTML, like Gecko) Chrome/28.0.1500.95 Safari/537.36"
174.51.106.138 - - [17/Aug/2013:21:42:29 -0400] "GET /images/319_092405-069web.jpg HTTP/1.1" 200 38541 "http://www.dawneaglewoman.com/photos.html" "Mozilla/5.0 (Windows NT 6.1; WOW64) AppleWebKit/537.36 (KHTML, like Gecko) Chrome/28.0.1500.95 Safari/537.36"
174.51.106.138 - - [17/Aug/2013:21:42:29 -0400] "GET /images/149_Aspens.jpg HTTP/1.1" 200 13562 "http://www.dawneaglewoman.com/photos.html" "Mozilla/5.0 (Windows NT 6.1; WOW64) AppleWebKit/537.36 (KHTML, like Gecko) Chrome/28.0.1500.95 Safari/537.36"
108.237.75.101 - - [17/Aug/2013:13:35:39 -0400] "GET /images/340_061411-48-Meditation-Room.jpg HTTP/1.1" 200 23826 "-" "Mozilla/5.0 (iPad; CPU OS 6_1_3 like Mac OS X) AppleWebKit/536.26 (KHTML, like Gecko) Version/6.0 Mobile/10B329 Safari/8536.25"
87.115.188.2 - - [17/Aug/2013:15:20:17 -0400] "GET /scripts/30custom.css HTTP/1.1" 200 3505 "http://www.dawneaglewoman.com/whatsnew.html" "Mozilla/5.0 (Windows NT 5.1) AppleWebKit/537.36 (KHTML, like Gecko) Chrome/28.0.1500.95 Safari/537.36"
87.115.188.2 - - [17/Aug/2013:15:20:18 -0400] "GET /images/ic_047_navcontainer_bg.png HTTP/1.1" 200 48876 "http://www.dawneaglewoman.com/whatsnew.html" "Mozilla/5.0 (Windows NT 5.1) AppleWebKit/537.36 (KHTML, like Gecko) Chrome/28.0.1500.95 Safari/537.36"
87.115.188.2 - - [17/Aug/2013:15:20:20 -0400] "GET /favicon.ico HTTP/1.1" 404 575 "-" "Mozilla/5.0 (Windows NT 5.1) AppleWebKit/537.36 (KHTML, like Gecko) Chrome/28.0.1500.95 Safari/537.36"
66.249.75.179 - - [17/Aug/2013:16:05:20 -0400] "GET /comingworkshopsevents.html HTTP/1.1" 304 - "-" "Mozilla/5.0 (compatible; Googlebot/2.1; +http://www.google.com/bot.html)"
65.128.23.190 - - [17/Aug/2013:16:34:04 -0400] "GET / HTTP/1.1" 200 11234 "http://www.google.com/url?sa=t&rct=j&q=dawn%20eagle%20woman&source=web&cd=1&ved=0CC0QFjAA&url=http%3A%2F%2Fwww.dawneaglewoman.com%2F&ei=8t0PUtfPGcbS2QWlv4DgDw&usg=AFQjCNEPW3Wye5Jh_NbEF8oADLj9dkZ3fw&sig2=BSsa11XKf66jEOuCAhZjdg&bvm=bv.50768961,d.b2I" "Mozilla/5.0 (Macintosh; Intel Mac OS X 10_6_8) AppleWebKit/534.59.8 (KHTML, like Gecko) Version/5.1.9 Safari/534.59.8"
65.128.23.190 - - [17/Aug/2013:16:34:05 -0400] "GET /scripts/user.js HTTP/1.1" 200 23762 "http://www.dawneaglewoman.com/" "Mozilla/5.0 (Macintosh; Intel Mac OS X 10_6_8) AppleWebKit/534.59.8 (KHTML, like Gecko) Version/5.1.9 Safari/534.59.8"
65.128.23.190 - - [17/Aug/2013:16:34:05 -0400] "GET /scripts/1custom.css HTTP/1.1" 200 2152 "http://www.dawneaglewoman.com/" "Mozilla/5.0 (Macintosh; Intel Mac OS X 10_6_8) AppleWebKit/534.59.8 (KHTML, like Gecko) Version/5.1.9 Safari/534.59.8"
65.128.23.190 - - [17/Aug/2013:16:34:05 -0400] "GET /scripts/icwebsiteelement.css HTTP/1.1" 200 8132 "http://www.dawneaglewoman.com/" "Mozilla/5.0 (Macintosh; Intel Mac OS X 10_6_8) AppleWebKit/534.59.8 (KHTML, like Gecko) Version/5.1.9 Safari/534.59.8"
65.128.23.190 - - [17/Aug/2013:16:34:05 -0400] "GET /images/blue-lotus-dsc06099-a2-ws.jpg HTTP/1.1" 200 9426 "http://www.dawneaglewoman.com/" "Mozilla/5.0 (Macintosh; Intel Mac OS X 10_6_8) AppleWebKit/534.59.8 (KHTML, like Gecko) Version/5.1.9 Safari/534.59.8"
65.128.23.190 - - [17/Aug/2013:16:34:06 -0400] "GET /scripts/print.css HTTP/1.1" 200 - "http://www.dawneaglewoman.com/" "Mozilla/5.0 (Macintosh; Intel Mac OS X 10_6_8) AppleWebKit/534.59.8 (KHTML, like Gecko) Version/5.1.9 Safari/534.59.8"
65.128.23.190 - - [17/Aug/2013:16:34:07 -0400] "GET /favicon.ico HTTP/1.1" 404 575 "http://www.dawneaglewoman.com/" "Mozilla/5.0 (Macintosh; Intel Mac OS X 10_6_8) AppleWebKit/534.59.8 (KHTML, like Gecko) Version/5.1.9 Safari/534.59.8"