0byt3m1n1
Path:
/
data
/
0
/
0
/
75
/
139
/
75791
/
meta
/
77076
/
logs
/
[
Home
]
File: x-access_log.2013-08-18
65.55.215.42 - - [18/Aug/2013:00:49:42 -0400] "GET /images/0_DandB%20with%20rocks.jpg HTTP/1.1" 404 575 "-" "msnbot-media/1.1 (+http://search.msn.com/msnbot.htm)"
184.21.22.86 - - [18/Aug/2013:14:15:55 -0400] "GET / HTTP/1.1" 200 11234 "https://www.google.com/" "Mozilla/5.0 (Macintosh; Intel Mac OS X 10_7_5) AppleWebKit/537.36 (KHTML, like Gecko) Chrome/28.0.1500.95 Safari/537.36"
184.21.22.86 - - [18/Aug/2013:14:16:31 -0400] "GET /\"images/photoalbum/button_photoPlay.jpg\" HTTP/1.1" 404 575 "http://www.dawneaglewoman.com/individualworkretreats.html" "Mozilla/5.0 (Macintosh; Intel Mac OS X 10_7_5) AppleWebKit/537.36 (KHTML, like Gecko) Chrome/28.0.1500.95 Safari/537.36"
184.21.22.86 - - [18/Aug/2013:14:16:32 -0400] "GET /images/photoalbum/button_photoNext.jpg HTTP/1.1" 200 662 "http://www.dawneaglewoman.com/individualworkretreats.html" "Mozilla/5.0 (Macintosh; Intel Mac OS X 10_7_5) AppleWebKit/537.36 (KHTML, like Gecko) Chrome/28.0.1500.95 Safari/537.36"
199.21.99.110 - - [18/Aug/2013:07:56:00 -0400] "GET /robots.txt HTTP/1.1" 200 25 "-" "Mozilla/5.0 (compatible; YandexBot/3.0; +http://yandex.com/bots)"
199.21.99.110 - - [18/Aug/2013:07:56:02 -0400] "GET / HTTP/1.1" 200 11234 "-" "Mozilla/5.0 (compatible; YandexBot/3.0; +http://yandex.com/bots)"
65.55.24.237 - - [18/Aug/2013:12:17:29 -0400] "GET /robots.txt HTTP/1.1" 200 25 "-" "Mozilla/5.0 (compatible; bingbot/2.0; +http://www.bing.com/bingbot.htm)"
184.21.22.86 - - [18/Aug/2013:14:16:35 -0400] "GET /scripts/3custom.css HTTP/1.1" 200 1813 "http://www.dawneaglewoman.com/individualworkretreats.html" "Mozilla/5.0 (Macintosh; Intel Mac OS X 10_7_5) AppleWebKit/537.36 (KHTML, like Gecko) Chrome/28.0.1500.95 Safari/537.36"
2.241.67.16 - - [18/Aug/2013:15:57:49 -0400] "GET /scripts/1custom.css HTTP/1.1" 200 2152 "http://www.dawneaglewoman.com/" "Mozilla/5.0 (compatible; MSIE 9.0; Windows NT 6.0; Trident/5.0)"
2.241.67.16 - - [18/Aug/2013:15:57:51 -0400] "GET /images/blue-lotus-dsc06099-a2-ws.jpg HTTP/1.1" 200 9426 "http://www.dawneaglewoman.com/" "Mozilla/5.0 (compatible; MSIE 9.0; Windows NT 6.0; Trident/5.0)"
2.241.67.16 - - [18/Aug/2013:15:58:49 -0400] "GET /scripts/2custom.css HTTP/1.1" 200 2152 "http://www.dawneaglewoman.com/calendar.html" "Mozilla/5.0 (compatible; MSIE 9.0; Windows NT 6.0; Trident/5.0)"
2.241.67.16 - - [18/Aug/2013:15:58:49 -0400] "GET /images/719_00_White_Wolf_in_Snow_JPG.jpg HTTP/1.1" 200 76723 "http://www.dawneaglewoman.com/calendar.html" "Mozilla/5.0 (compatible; MSIE 9.0; Windows NT 6.0; Trident/5.0)"
2.241.67.16 - - [18/Aug/2013:16:01:25 -0400] "GET /images/258_Amy-Family-115_071609.jpg HTTP/1.1" 200 21677 "http://www.dawneaglewoman.com/recenteventsalbum.html" "Mozilla/5.0 (compatible; MSIE 9.0; Windows NT 6.0; Trident/5.0)"
184.21.22.86 - - [18/Aug/2013:14:16:31 -0400] "GET /images/photoalbum/button_photoSpeed1_ON.jpg HTTP/1.1" 200 476 "http://www.dawneaglewoman.com/individualworkretreats.html" "Mozilla/5.0 (Macintosh; Intel Mac OS X 10_7_5) AppleWebKit/537.36 (KHTML, like Gecko) Chrome/28.0.1500.95 Safari/537.36"
184.21.22.86 - - [18/Aug/2013:14:16:37 -0400] "GET /images/480_040311_002web.jpg HTTP/1.1" 200 31473 "http://www.dawneaglewoman.com/individualworkretreats.html" "Mozilla/5.0 (Macintosh; Intel Mac OS X 10_7_5) AppleWebKit/537.36 (KHTML, like Gecko) Chrome/28.0.1500.95 Safari/537.36"
2.241.67.16 - - [18/Aug/2013:15:58:45 -0400] "GET /calendar.html HTTP/1.1" 200 51462 "http://www.dawneaglewoman.com/" "Mozilla/5.0 (compatible; MSIE 9.0; Windows NT 6.0; Trident/5.0)"
2.241.67.16 - - [18/Aug/2013:16:01:21 -0400] "GET /recenteventsalbum.html HTTP/1.1" 200 18333 "http://www.dawneaglewoman.com/photos.html" "Mozilla/5.0 (compatible; MSIE 9.0; Windows NT 6.0; Trident/5.0)"
2.241.67.16 - - [18/Aug/2013:16:01:22 -0400] "GET /images/461_2006_Tents.jpg HTTP/1.1" 200 31560 "http://www.dawneaglewoman.com/recenteventsalbum.html" "Mozilla/5.0 (compatible; MSIE 9.0; Windows NT 6.0; Trident/5.0)"
2.241.67.16 - - [18/Aug/2013:16:01:22 -0400] "GET /images/461_2006_B_Fire_Keeping.jpg HTTP/1.1" 200 47365 "http://www.dawneaglewoman.com/recenteventsalbum.html" "Mozilla/5.0 (compatible; MSIE 9.0; Windows NT 6.0; Trident/5.0)"
86.144.12.204 - - [18/Aug/2013:01:58:04 -0400] "GET /scripts/photoalbum.js HTTP/1.1" 304 - "http://www.dawneaglewoman.com/" "Mozilla/5.0 (iPad; CPU OS 6_1_3 like Mac OS X) AppleWebKit/536.26 (KHTML, like Gecko) Mobile/10B329"
184.21.22.86 - - [18/Aug/2013:14:16:31 -0400] "GET /scripts/photoalbum.js HTTP/1.1" 304 - "http://www.dawneaglewoman.com/individualworkretreats.html" "Mozilla/5.0 (Macintosh; Intel Mac OS X 10_7_5) AppleWebKit/537.36 (KHTML, like Gecko) Chrome/28.0.1500.95 Safari/537.36"
184.21.22.86 - - [18/Aug/2013:14:16:36 -0400] "GET /images/photoalbum/photo_controlBG.jpg HTTP/1.1" 200 336 "http://www.dawneaglewoman.com/individualworkretreats.html" "Mozilla/5.0 (Macintosh; Intel Mac OS X 10_7_5) AppleWebKit/537.36 (KHTML, like Gecko) Chrome/28.0.1500.95 Safari/537.36"
66.249.82.179 - - [18/Aug/2013:14:35:08 -0400] "GET /images/ic_047_header_bg.png HTTP/1.1" 200 21471 "http://www.dawneaglewoman.com/earthshipalternativeenergy/earthshipphotojournal.html" "Mozilla/5.0 (X11; Linux x86_64) AppleWebKit/537.4 (KHTML, like Gecko; Google Web Preview) Chrome/22.0.1229 Safari/537.4"
66.249.82.179 - - [18/Aug/2013:14:35:08 -0400] "GET /images/375_01%20Spring%20House%20JPG.jpg HTTP/1.1" 200 29086 "http://www.dawneaglewoman.com/earthshipalternativeenergy/earthshipphotojournal.html" "Mozilla/5.0 (X11; Linux x86_64) AppleWebKit/537.4 (KHTML, like Gecko; Google Web Preview) Chrome/22.0.1229 Safari/537.4"
66.249.82.179 - - [18/Aug/2013:14:35:08 -0400] "GET /images/214_022006_DEW_Slings_Mud.jpg HTTP/1.1" 200 7467 "http://www.dawneaglewoman.com/earthshipalternativeenergy/earthshipphotojournal.html" "Mozilla/5.0 (X11; Linux x86_64) AppleWebKit/537.4 (KHTML, like Gecko; Google Web Preview) Chrome/22.0.1229 Safari/537.4"
66.249.82.179 - - [18/Aug/2013:14:35:08 -0400] "GET /images/214_022006_Hall_Ceiling_2.jpg HTTP/1.1" 200 6566 "http://www.dawneaglewoman.com/earthshipalternativeenergy/earthshipphotojournal.html" "Mozilla/5.0 (X11; Linux x86_64) AppleWebKit/537.4 (KHTML, like Gecko; Google Web Preview) Chrome/22.0.1229 Safari/537.4"
66.249.82.179 - - [18/Aug/2013:14:35:08 -0400] "GET /images/733_022006_Hall_Roof.jpg HTTP/1.1" 200 48121 "http://www.dawneaglewoman.com/earthshipalternativeenergy/earthshipphotojournal.html" "Mozilla/5.0 (X11; Linux x86_64) AppleWebKit/537.4 (KHTML, like Gecko; Google Web Preview) Chrome/22.0.1229 Safari/537.4"
66.249.82.179 - - [18/Aug/2013:14:35:08 -0400] "GET /images/733_022006_Vent_Windows_Flags.jpg HTTP/1.1" 200 56565 "http://www.dawneaglewoman.com/earthshipalternativeenergy/earthshipphotojournal.html" "Mozilla/5.0 (X11; Linux x86_64) AppleWebKit/537.4 (KHTML, like Gecko; Google Web Preview) Chrome/22.0.1229 Safari/537.4"
188.143.232.111 - - [18/Aug/2013:10:26:36 -0400] "GET /whatsnew.html HTTP/1.1" 200 41171 "-" "Mozilla/4.0 (compatible; MSIE 6.0; Windows NT 5.1; SV1)"
65.55.217.240 - - [18/Aug/2013:04:25:42 -0400] "GET /images/719_00_White_Wolf_in_Snow_JPG.jpg HTTP/1.1" 200 76723 "http://keeproleplaying.forumotion.com/t1506-openmisty-woods-wolf-packopen" "Mozilla/5.0 (Windows NT 6.1; WOW64) AppleWebKit/534+ (KHTML, like Gecko) BingPreview/1.0b"
2.241.67.16 - - [18/Aug/2013:16:02:38 -0400] "GET /scripts/38custom.css HTTP/1.1" 200 805 "http://www.dawneaglewoman.com/dawneaglewomanhome/linksfriendsgoodstuff.html" "Mozilla/5.0 (compatible; MSIE 9.0; Windows NT 6.0; Trident/5.0)"
95.211.224.31 - - [18/Aug/2013:17:17:07 -0400] "GET /images/DawnFlyerCircleNew_web.pdf HTTP/1.1" 200 235514 "-" "Mozilla/5.0 (Windows NT 5.1) AppleWebKit/537.22 (KHTML, like Gecko) Chrome/25.0.1364.172 Safari/537.22"
66.249.75.179 - - [18/Aug/2013:01:48:40 -0400] "GET /dewblog.php?s=back-in-wyoming HTTP/1.1" 200 9410 "-" "Mozilla/5.0 (iPhone; U; CPU iPhone OS 4_1 like Mac OS X; en-us) AppleWebKit/532.9 (KHTML, like Gecko) Version/4.0.5 Mobile/8B117 Safari/6531.22.7 (compatible; Googlebot-Mobile/2.1; +http://www.google.com/bot.html)"
86.144.12.204 - - [18/Aug/2013:02:01:13 -0400] "GET /calendar.html HTTP/1.1" 304 - "http://www.dawneaglewoman.com/whatsnew.html" "Mozilla/5.0 (iPad; CPU OS 6_1_3 like Mac OS X) AppleWebKit/536.26 (KHTML, like Gecko) Mobile/10B329"
86.144.12.204 - - [18/Aug/2013:02:01:13 -0400] "GET /scripts/2custom.css HTTP/1.1" 304 - "http://www.dawneaglewoman.com/calendar.html" "Mozilla/5.0 (iPad; CPU OS 6_1_3 like Mac OS X) AppleWebKit/536.26 (KHTML, like Gecko) Mobile/10B329"
123.125.71.31 - - [18/Aug/2013:07:45:56 -0400] "GET /images/photoalbum/button_photoNext.jpg HTTP/1.1" 200 662 "-" "Baiduspider-image+(+http://www.baidu.com/search/spider.htm)"
199.21.99.110 - - [18/Aug/2013:14:00:16 -0400] "GET / HTTP/1.1" 200 11234 "-" "Mozilla/5.0 (compatible; YandexBot/3.0; +http://yandex.com/bots)"
66.249.82.179 - - [18/Aug/2013:14:35:08 -0400] "GET /images/375_Trusses_from_rear.jpg HTTP/1.1" 200 20352 "http://www.dawneaglewoman.com/earthshipalternativeenergy/earthshipphotojournal.html" "Mozilla/5.0 (X11; Linux x86_64) AppleWebKit/537.4 (KHTML, like Gecko; Google Web Preview) Chrome/22.0.1229 Safari/537.4"
66.249.82.179 - - [18/Aug/2013:14:35:08 -0400] "GET /images/375_00_Cistern_with_tires_jpg.jpg HTTP/1.1" 200 24274 "http://www.dawneaglewoman.com/earthshipalternativeenergy/earthshipphotojournal.html" "Mozilla/5.0 (X11; Linux x86_64) AppleWebKit/537.4 (KHTML, like Gecko; Google Web Preview) Chrome/22.0.1229 Safari/537.4"
66.249.82.179 - - [18/Aug/2013:14:35:08 -0400] "GET /images/480_022006_BR_Mud_1.jpg HTTP/1.1" 200 37000 "http://www.dawneaglewoman.com/earthshipalternativeenergy/earthshipphotojournal.html" "Mozilla/5.0 (X11; Linux x86_64) AppleWebKit/537.4 (KHTML, like Gecko; Google Web Preview) Chrome/22.0.1229 Safari/537.4"
66.249.82.179 - - [18/Aug/2013:14:35:08 -0400] "GET /images/733_022006_Hall_Ceiling_5.jpg HTTP/1.1" 200 66119 "http://www.dawneaglewoman.com/earthshipalternativeenergy/earthshipphotojournal.html" "Mozilla/5.0 (X11; Linux x86_64) AppleWebKit/537.4 (KHTML, like Gecko; Google Web Preview) Chrome/22.0.1229 Safari/537.4"
66.249.82.179 - - [18/Aug/2013:14:35:08 -0400] "GET /images/318_022006_Hallway_Steps_Done_1.jpg HTTP/1.1" 200 26909 "http://www.dawneaglewoman.com/earthshipalternativeenergy/earthshipphotojournal.html" "Mozilla/5.0 (X11; Linux x86_64) AppleWebKit/537.4 (KHTML, like Gecko; Google Web Preview) Chrome/22.0.1229 Safari/537.4"
66.249.82.179 - - [18/Aug/2013:14:35:08 -0400] "GET /images/214_022006_House_from_SW.jpg HTTP/1.1" 200 5651 "http://www.dawneaglewoman.com/earthshipalternativeenergy/earthshipphotojournal.html" "Mozilla/5.0 (X11; Linux x86_64) AppleWebKit/537.4 (KHTML, like Gecko; Google Web Preview) Chrome/22.0.1229 Safari/537.4"
180.76.6.211 - - [18/Aug/2013:06:03:26 -0400] "GET /dawneaglewomanhome/publishedarticles.html HTTP/1.1" 200 9038 "-" "Mozilla/5.0 (compatible; Baiduspider/2.0; +http://www.baidu.com/search/spider.html)"
5.10.83.48 - - [18/Aug/2013:00:48:43 -0400] "GET /robots.txt HTTP/1.1" 200 25 "-" "Mozilla/5.0 (compatible; AhrefsBot/5.0; +http://ahrefs.com/robot/)"
24.76.89.109 - - [18/Aug/2013:23:57:14 -0400] "GET /images/719_00_White_Wolf_in_Snow_JPG.jpg HTTP/1.1" 200 76723 "http://www.google.ca/search?hl=en&site=webhp&tbm=isch&source=hp&ei=Y5YRUrv4MuioyAHExIAw&q=wolf+and+snow&oq=wolf+and+snow&gs_l=mobile-gws-hp.3..0l2j0i5.4852.13054.0.13944.14.13.0.1.1.0.343.2225.0j6j5j1.12.0....0...1c.1.25.mobile-gws-hp..1.13.2318.Boj8GbfUXsQ&biw=320&bih=356&sei=Z5cRUoWtNoOa2gWM44Eg" "Mozilla/5.0 (iPod; CPU iPhone OS 5_1_1 like Mac OS X) AppleWebKit/534.46 (KHTML, like Gecko) Version/5.1 Mobile/9B206 Safari/7534.48.3"
178.154.243.93 - - [18/Aug/2013:12:40:31 -0400] "GET /eblog/c.php?r=456053 HTTP/1.1" 200 2093 "-" "Mozilla/5.0 (compatible; YandexImages/3.0; +http://yandex.com/bots)"
123.125.71.97 - - [18/Aug/2013:16:17:07 -0400] "GET /images/0_DandB%20with%20rocks.jpg HTTP/1.1" 404 575 "-" "Baiduspider-image+(+http://www.baidu.com/search/spider.htm)"
184.21.22.86 - - [18/Aug/2013:14:16:31 -0400] "GET /scripts/ic_globals_published.js HTTP/1.1" 304 - "http://www.dawneaglewoman.com/individualworkretreats.html" "Mozilla/5.0 (Macintosh; Intel Mac OS X 10_7_5) AppleWebKit/537.36 (KHTML, like Gecko) Chrome/28.0.1500.95 Safari/537.36"
184.21.22.86 - - [18/Aug/2013:14:16:31 -0400] "GET /scripts/print.css HTTP/1.1" 200 - "http://www.dawneaglewoman.com/individualworkretreats.html" "Mozilla/5.0 (Macintosh; Intel Mac OS X 10_7_5) AppleWebKit/537.36 (KHTML, like Gecko) Chrome/28.0.1500.95 Safari/537.36"
184.21.22.86 - - [18/Aug/2013:14:16:36 -0400] "GET /images/480_040311_004web.jpg HTTP/1.1" 200 31953 "http://www.dawneaglewoman.com/individualworkretreats.html" "Mozilla/5.0 (Macintosh; Intel Mac OS X 10_7_5) AppleWebKit/537.36 (KHTML, like Gecko) Chrome/28.0.1500.95 Safari/537.36"
184.21.22.86 - - [18/Aug/2013:14:16:36 -0400] "GET /images/0_DandB%20with%20rocks.jpg HTTP/1.1" 404 575 "http://www.dawneaglewoman.com/individualworkretreats.html" "Mozilla/5.0 (Macintosh; Intel Mac OS X 10_7_5) AppleWebKit/537.36 (KHTML, like Gecko) Chrome/28.0.1500.95 Safari/537.36"
184.21.22.86 - - [18/Aug/2013:14:16:38 -0400] "GET /images/231_040311a_003web.jpg HTTP/1.1" 200 8777 "http://www.dawneaglewoman.com/individualworkretreats.html" "Mozilla/5.0 (Macintosh; Intel Mac OS X 10_7_5) AppleWebKit/537.36 (KHTML, like Gecko) Chrome/28.0.1500.95 Safari/537.36"
184.21.22.86 - - [18/Aug/2013:14:16:38 -0400] "GET /images/487_1007078-001_100708-MedRm2.jpg HTTP/1.1" 200 94035 "http://www.dawneaglewoman.com/individualworkretreats.html" "Mozilla/5.0 (Macintosh; Intel Mac OS X 10_7_5) AppleWebKit/537.36 (KHTML, like Gecko) Chrome/28.0.1500.95 Safari/537.36"
66.249.82.179 - - [18/Aug/2013:14:35:08 -0400] "GET /scripts/website.css HTTP/1.1" 200 1651 "http://www.dawneaglewoman.com/earthshipalternativeenergy/earthshipphotojournal.html" "Mozilla/5.0 (X11; Linux x86_64) AppleWebKit/537.4 (KHTML, like Gecko; Google Web Preview) Chrome/22.0.1229 Safari/537.4"
66.249.82.179 - - [18/Aug/2013:14:35:08 -0400] "GET /images/219_00%20BW%20in%20Manhole%20JPG.jpg HTTP/1.1" 200 11110 "http://www.dawneaglewoman.com/earthshipalternativeenergy/earthshipphotojournal.html" "Mozilla/5.0 (X11; Linux x86_64) AppleWebKit/537.4 (KHTML, like Gecko; Google Web Preview) Chrome/22.0.1229 Safari/537.4"
66.249.82.179 - - [18/Aug/2013:14:35:08 -0400] "GET /images/375_x_Fog_and_Snow.jpg HTTP/1.1" 200 13064 "http://www.dawneaglewoman.com/earthshipalternativeenergy/earthshipphotojournal.html" "Mozilla/5.0 (X11; Linux x86_64) AppleWebKit/537.4 (KHTML, like Gecko; Google Web Preview) Chrome/22.0.1229 Safari/537.4"
66.249.82.179 - - [18/Aug/2013:14:35:08 -0400] "GET /images/375_030404_27_Windows_from_East.jpg HTTP/1.1" 200 17949 "http://www.dawneaglewoman.com/earthshipalternativeenergy/earthshipphotojournal.html" "Mozilla/5.0 (X11; Linux x86_64) AppleWebKit/537.4 (KHTML, like Gecko; Google Web Preview) Chrome/22.0.1229 Safari/537.4"
66.249.82.179 - - [18/Aug/2013:14:35:08 -0400] "GET /images/375_123004_Fall_Inside.jpg HTTP/1.1" 200 24876 "http://www.dawneaglewoman.com/earthshipalternativeenergy/earthshipphotojournal.html" "Mozilla/5.0 (X11; Linux x86_64) AppleWebKit/537.4 (KHTML, like Gecko; Google Web Preview) Chrome/22.0.1229 Safari/537.4"
66.249.82.179 - - [18/Aug/2013:14:35:08 -0400] "GET /images/photoalbum/detail_close.jpg HTTP/1.1" 200 1095 "http://www.dawneaglewoman.com/earthshipalternativeenergy/earthshipphotojournal.html" "Mozilla/5.0 (X11; Linux x86_64) AppleWebKit/537.4 (KHTML, like Gecko; Google Web Preview) Chrome/22.0.1229 Safari/537.4"
66.249.82.179 - - [18/Aug/2013:14:35:08 -0400] "GET /images/photoalbum/button_photoSpeed1_ON.jpg HTTP/1.1" 200 476 "http://www.dawneaglewoman.com/earthshipalternativeenergy/earthshipphotojournal.html" "Mozilla/5.0 (X11; Linux x86_64) AppleWebKit/537.4 (KHTML, like Gecko; Google Web Preview) Chrome/22.0.1229 Safari/537.4"
66.249.82.179 - - [18/Aug/2013:14:35:08 -0400] "GET /images/photoalbum/button_photoSpeed4.jpg HTTP/1.1" 200 506 "http://www.dawneaglewoman.com/earthshipalternativeenergy/earthshipphotojournal.html" "Mozilla/5.0 (X11; Linux x86_64) AppleWebKit/537.4 (KHTML, like Gecko; Google Web Preview) Chrome/22.0.1229 Safari/537.4"
66.249.82.179 - - [18/Aug/2013:14:35:08 -0400] "GET /images/214_022006_BR_Mud_1.jpg HTTP/1.1" 200 9469 "http://www.dawneaglewoman.com/earthshipalternativeenergy/earthshipphotojournal.html" "Mozilla/5.0 (X11; Linux x86_64) AppleWebKit/537.4 (KHTML, like Gecko; Google Web Preview) Chrome/22.0.1229 Safari/537.4"
66.249.82.179 - - [18/Aug/2013:14:35:08 -0400] "GET /images/photoalbum/button_photoPlay.jpg HTTP/1.1" 200 613 "http://www.dawneaglewoman.com/earthshipalternativeenergy/earthshipphotojournal.html" "Mozilla/5.0 (X11; Linux x86_64) AppleWebKit/537.4 (KHTML, like Gecko; Google Web Preview) Chrome/22.0.1229 Safari/537.4"
66.249.82.179 - - [18/Aug/2013:14:35:08 -0400] "GET /images/214_022006_Hall_Bondbeam_Rebar_3.jpg HTTP/1.1" 200 8401 "http://www.dawneaglewoman.com/earthshipalternativeenergy/earthshipphotojournal.html" "Mozilla/5.0 (X11; Linux x86_64) AppleWebKit/537.4 (KHTML, like Gecko; Google Web Preview) Chrome/22.0.1229 Safari/537.4"
66.249.82.179 - - [18/Aug/2013:14:35:08 -0400] "GET /images/733_022006_Compost_2.jpg HTTP/1.1" 200 96161 "http://www.dawneaglewoman.com/earthshipalternativeenergy/earthshipphotojournal.html" "Mozilla/5.0 (X11; Linux x86_64) AppleWebKit/537.4 (KHTML, like Gecko; Google Web Preview) Chrome/22.0.1229 Safari/537.4"
66.249.82.179 - - [18/Aug/2013:14:35:08 -0400] "GET /images/480_022006_Hall_Ceiling_11.jpg HTTP/1.1" 200 28478 "http://www.dawneaglewoman.com/earthshipalternativeenergy/earthshipphotojournal.html" "Mozilla/5.0 (X11; Linux x86_64) AppleWebKit/537.4 (KHTML, like Gecko; Google Web Preview) Chrome/22.0.1229 Safari/537.4"
66.249.82.179 - - [18/Aug/2013:14:35:08 -0400] "GET /images/214_022006_Hall_Ceiling_5.jpg HTTP/1.1" 200 5488 "http://www.dawneaglewoman.com/earthshipalternativeenergy/earthshipphotojournal.html" "Mozilla/5.0 (X11; Linux x86_64) AppleWebKit/537.4 (KHTML, like Gecko; Google Web Preview) Chrome/22.0.1229 Safari/537.4"
66.249.82.179 - - [18/Aug/2013:14:35:08 -0400] "GET /images/733_022006_Hall_Ceiling_2.jpg HTTP/1.1" 200 56721 "http://www.dawneaglewoman.com/earthshipalternativeenergy/earthshipphotojournal.html" "Mozilla/5.0 (X11; Linux x86_64) AppleWebKit/537.4 (KHTML, like Gecko; Google Web Preview) Chrome/22.0.1229 Safari/537.4"
66.249.82.179 - - [18/Aug/2013:14:35:08 -0400] "GET /images/480_022006_Hall_Ceiling_from_East.jpg HTTP/1.1" 200 30058 "http://www.dawneaglewoman.com/earthshipalternativeenergy/earthshipphotojournal.html" "Mozilla/5.0 (X11; Linux x86_64) AppleWebKit/537.4 (KHTML, like Gecko; Google Web Preview) Chrome/22.0.1229 Safari/537.4"
66.249.82.179 - - [18/Aug/2013:14:35:08 -0400] "GET /images/733_022006_Hallway_to_House.jpg HTTP/1.1" 200 79585 "http://www.dawneaglewoman.com/earthshipalternativeenergy/earthshipphotojournal.html" "Mozilla/5.0 (X11; Linux x86_64) AppleWebKit/537.4 (KHTML, like Gecko; Google Web Preview) Chrome/22.0.1229 Safari/537.4"
66.249.82.179 - - [18/Aug/2013:14:35:08 -0400] "GET /images/480_100708-066_090108-Guest-Rm1.jpg HTTP/1.1" 200 22823 "http://www.dawneaglewoman.com/earthshipalternativeenergy/earthshipphotojournal.html" "Mozilla/5.0 (X11; Linux x86_64) AppleWebKit/537.4 (KHTML, like Gecko; Google Web Preview) Chrome/22.0.1229 Safari/537.4"
66.249.75.179 - - [18/Aug/2013:01:20:22 -0400] "GET /anahatalandforsale.html HTTP/1.1" 304 - "-" "Mozilla/5.0 (compatible; Googlebot/2.1; +http://www.google.com/bot.html)"
86.144.12.204 - - [18/Aug/2013:01:58:04 -0400] "GET /scripts/1custom.css HTTP/1.1" 304 - "http://www.dawneaglewoman.com/" "Mozilla/5.0 (iPad; CPU OS 6_1_3 like Mac OS X) AppleWebKit/536.26 (KHTML, like Gecko) Mobile/10B329"
86.144.12.204 - - [18/Aug/2013:01:58:05 -0400] "GET /images/ic_047_navcontainer_bg.png HTTP/1.1" 304 - "http://www.dawneaglewoman.com/" "Mozilla/5.0 (iPad; CPU OS 6_1_3 like Mac OS X) AppleWebKit/536.26 (KHTML, like Gecko) Mobile/10B329"
81.103.212.145 - - [18/Aug/2013:18:35:54 -0400] "GET /images/469_DEW_and_Lap_Dogs.jpg HTTP/1.1" 200 21248 "http://www.google.co.uk/search?client=ms-android-samsung&hl=en-GB&v=133247963&tbm=isch&sa=1&ei=2ksRUtXVIcTB7AaBpoDYAQ&q=lap+dogs&oq=lap+dogs&gs_l=mobile-gws-serp.3..0l5.51267.61727.0.62470.20.12.0.2.2.1.166.1325.0j10.10.0....0...1c.1.25.mobile-gws-serp..9.11.1333.lPzv--9Ers4&biw=320&bih=508&sei=GkwRUpvaJ4LG7Abdn4HICQ" "Mozilla/5.0 (Linux; U; Android 2.3.3; en-gb; GT-I9100 Build/GINGERBREAD) AppleWebKit/533.1 (KHTML, like Gecko) Version/4.0 Mobile Safari/533.1"
66.87.78.148 - - [18/Aug/2013:13:55:38 -0400] "GET /images/469_DEW_and_Lap_Dogs.jpg HTTP/1.1" 200 21248 "https://www.google.com/" "Mozilla/5.0 (iPhone; CPU iPhone OS 6_1_3 like Mac OS X) AppleWebKit/536.26 (KHTML, like Gecko) Version/6.0 Mobile/10B329 Safari/8536.25"
184.21.22.86 - - [18/Aug/2013:14:15:56 -0400] "GET /images/ic_047_navcontainer_bg.png HTTP/1.1" 200 48876 "http://www.dawneaglewoman.com/" "Mozilla/5.0 (Macintosh; Intel Mac OS X 10_7_5) AppleWebKit/537.36 (KHTML, like Gecko) Chrome/28.0.1500.95 Safari/537.36"
184.21.22.86 - - [18/Aug/2013:14:16:31 -0400] "GET /images/photoalbum/button_photoSpeed4.jpg HTTP/1.1" 200 506 "http://www.dawneaglewoman.com/individualworkretreats.html" "Mozilla/5.0 (Macintosh; Intel Mac OS X 10_7_5) AppleWebKit/537.36 (KHTML, like Gecko) Chrome/28.0.1500.95 Safari/537.36"
180.76.6.225 - - [18/Aug/2013:02:43:04 -0400] "GET /scripts/37custom.css HTTP/1.1" 200 804 "-" "Mozilla/5.0 (compatible; Baiduspider/2.0; +http://www.baidu.com/search/spider.html)"
88.190.57.92 - - [18/Aug/2013:10:54:05 -0400] "GET / HTTP/1.1" 200 11234 "-" "Mozilla/5.0 (X11; Linux x86_64) AppleWebKit/534.34 (KHTML, like Gecko) Qt/4.8.1 Safari/534.34"
88.190.57.92 - - [18/Aug/2013:10:54:06 -0400] "GET /scripts/user.js HTTP/1.1" 200 23762 "http://www.dawneaglewoman.com/" "Mozilla/5.0 (X11; Linux x86_64) AppleWebKit/534.34 (KHTML, like Gecko) Qt/4.8.1 Safari/534.34"
88.190.57.92 - - [18/Aug/2013:10:54:07 -0400] "GET /images/719_2008_Alison_Tipi_Photo.JPG HTTP/1.1" 200 138354 "http://www.dawneaglewoman.com/" "Mozilla/5.0 (X11; Linux x86_64) AppleWebKit/534.34 (KHTML, like Gecko) Qt/4.8.1 Safari/534.34"
2.241.67.16 - - [18/Aug/2013:16:01:13 -0400] "GET /images/photoalbum/button_photoNext_ON.jpg HTTP/1.1" 200 664 "http://www.dawneaglewoman.com/photos.html" "Mozilla/5.0 (compatible; MSIE 9.0; Windows NT 6.0; Trident/5.0)"
2.241.67.16 - - [18/Aug/2013:16:01:22 -0400] "GET /images/719_Frans-in-Pond-070_061609.jpg HTTP/1.1" 200 59473 "http://www.dawneaglewoman.com/recenteventsalbum.html" "Mozilla/5.0 (compatible; MSIE 9.0; Windows NT 6.0; Trident/5.0)"
2.241.67.16 - - [18/Aug/2013:16:01:22 -0400] "GET /images/719_2006_Womens_Sweat_Group.jpg HTTP/1.1" 200 71010 "http://www.dawneaglewoman.com/recenteventsalbum.html" "Mozilla/5.0 (compatible; MSIE 9.0; Windows NT 6.0; Trident/5.0)"
131.111.185.87 - - [18/Aug/2013:16:55:54 -0400] "GET /images/375_0106_081605CDEW_323_Sit_Hillside_C_Mac.jpg HTTP/1.1" 200 36125 "-" "Mozilla/5.0 (Macintosh; Intel Mac OS X 10_8_4) AppleWebKit/537.36 (KHTML, like Gecko) Chrome/28.0.1500.95 Safari/537.36"
88.190.57.92 - - [18/Aug/2013:10:54:06 -0400] "GET /scripts/photoalbum.js HTTP/1.1" 200 62481 "http://www.dawneaglewoman.com/" "Mozilla/5.0 (X11; Linux x86_64) AppleWebKit/534.34 (KHTML, like Gecko) Qt/4.8.1 Safari/534.34"
184.21.22.86 - - [18/Aug/2013:14:15:55 -0400] "GET /scripts/user.js HTTP/1.1" 200 23762 "http://www.dawneaglewoman.com/" "Mozilla/5.0 (Macintosh; Intel Mac OS X 10_7_5) AppleWebKit/537.36 (KHTML, like Gecko) Chrome/28.0.1500.95 Safari/537.36"
65.55.24.247 - - [18/Aug/2013:18:08:51 -0400] "GET /internships.html HTTP/1.1" 200 9578 "-" "Mozilla/5.0 (compatible; bingbot/2.0; +http://www.bing.com/bingbot.htm)"
66.249.75.179 - - [18/Aug/2013:03:32:44 -0400] "GET /dewblog.php?s=in-honor-of-obi HTTP/1.1" 200 9462 "-" "Mozilla/5.0 (iPhone; U; CPU iPhone OS 4_1 like Mac OS X; en-us) AppleWebKit/532.9 (KHTML, like Gecko) Version/4.0.5 Mobile/8B117 Safari/6531.22.7 (compatible; Googlebot-Mobile/2.1; +http://www.google.com/bot.html)"
184.21.22.86 - - [18/Aug/2013:14:16:31 -0400] "GET /images/photoalbum/button_photoSpeed3_ON.jpg HTTP/1.1" 200 587 "http://www.dawneaglewoman.com/individualworkretreats.html" "Mozilla/5.0 (Macintosh; Intel Mac OS X 10_7_5) AppleWebKit/537.36 (KHTML, like Gecko) Chrome/28.0.1500.95 Safari/537.36"
184.21.22.86 - - [18/Aug/2013:14:16:36 -0400] "GET /images/733_040311_004web.jpg HTTP/1.1" 200 67009 "http://www.dawneaglewoman.com/individualworkretreats.html" "Mozilla/5.0 (Macintosh; Intel Mac OS X 10_7_5) AppleWebKit/537.36 (KHTML, like Gecko) Chrome/28.0.1500.95 Safari/537.36"
184.21.22.86 - - [18/Aug/2013:14:16:42 -0400] "GET /favicon.ico HTTP/1.1" 404 575 "-" "Mozilla/5.0 (Macintosh; Intel Mac OS X 10_7_5) AppleWebKit/537.36 (KHTML, like Gecko) Chrome/28.0.1500.95 Safari/537.36"
101.227.4.23 - - [18/Aug/2013:15:35:09 -0400] "HEAD / HTTP/1.1" 200 - "-" "Mozilla/5.0 (compatible; YYSpider; +http://www.yunyun.com/spider.html)"
2.241.67.16 - - [18/Aug/2013:16:00:41 -0400] "GET /photos.html HTTP/1.1" 200 14528 "http://www.dawneaglewoman.com/calendar.html" "Mozilla/5.0 (compatible; MSIE 9.0; Windows NT 6.0; Trident/5.0)"
2.241.67.16 - - [18/Aug/2013:16:00:41 -0400] "GET /images/photoalbum/button_photoFirst.jpg HTTP/1.1" 200 637 "http://www.dawneaglewoman.com/photos.html" "Mozilla/5.0 (compatible; MSIE 9.0; Windows NT 6.0; Trident/5.0)"
2.241.67.16 - - [18/Aug/2013:16:00:42 -0400] "GET /images/photoalbum/button_photoSpeed5.jpg HTTP/1.1" 200 502 "http://www.dawneaglewoman.com/photos.html" "Mozilla/5.0 (compatible; MSIE 9.0; Windows NT 6.0; Trident/5.0)"
2.241.67.16 - - [18/Aug/2013:16:00:42 -0400] "GET /images/153_082105-064web.jpg HTTP/1.1" 200 8825 "http://www.dawneaglewoman.com/photos.html" "Mozilla/5.0 (compatible; MSIE 9.0; Windows NT 6.0; Trident/5.0)"
2.241.67.16 - - [18/Aug/2013:16:00:42 -0400] "GET /images/231_011505-0167web.jpg HTTP/1.1" 200 6345 "http://www.dawneaglewoman.com/photos.html" "Mozilla/5.0 (compatible; MSIE 9.0; Windows NT 6.0; Trident/5.0)"
2.241.67.16 - - [18/Aug/2013:16:00:42 -0400] "GET /images/149_Aspens.jpg HTTP/1.1" 200 13562 "http://www.dawneaglewoman.com/photos.html" "Mozilla/5.0 (compatible; MSIE 9.0; Windows NT 6.0; Trident/5.0)"
2.241.67.16 - - [18/Aug/2013:16:00:43 -0400] "GET /images/480_011505-0167web.jpg HTTP/1.1" 200 19227 "http://www.dawneaglewoman.com/photos.html" "Mozilla/5.0 (compatible; MSIE 9.0; Windows NT 6.0; Trident/5.0)"
2.241.67.16 - - [18/Aug/2013:16:00:43 -0400] "GET /images/309_Aspens.jpg HTTP/1.1" 200 55895 "http://www.dawneaglewoman.com/photos.html" "Mozilla/5.0 (compatible; MSIE 9.0; Windows NT 6.0; Trident/5.0)"
66.249.75.179 - - [18/Aug/2013:23:01:47 -0400] "GET /dawneaglewomanhome/joinmailinglist.html HTTP/1.1" 304 - "-" "Mozilla/5.0 (iPhone; U; CPU iPhone OS 4_1 like Mac OS X; en-us) AppleWebKit/532.9 (KHTML, like Gecko) Version/4.0.5 Mobile/8B117 Safari/6531.22.7 (compatible; Googlebot-Mobile/2.1; +http://www.google.com/bot.html)"
216.110.243.114 - - [18/Aug/2013:12:07:14 -0400] "GET /images/469_DEW_and_Lap_Dogs.jpg HTTP/1.1" 200 21248 "-" "Mozilla/5.0 (iPad; CPU OS 6_1_3 like Mac OS X) AppleWebKit/536.26 (KHTML, like Gecko) Version/6.0 Mobile/10B329 Safari/8536.25"
184.21.22.86 - - [18/Aug/2013:14:16:35 -0400] "GET /scripts/3custom.css HTTP/1.1" 200 1813 "http://www.dawneaglewoman.com/individualworkretreats.html" "Mozilla/5.0 (Macintosh; Intel Mac OS X 10_7_5) AppleWebKit/537.36 (KHTML, like Gecko) Chrome/28.0.1500.95 Safari/537.36"
66.249.75.179 - - [18/Aug/2013:03:39:59 -0400] "GET /eblog/c.php?r=405326 HTTP/1.1" 200 2201 "-" "Googlebot-Image/1.0"
173.69.46.147 - - [18/Aug/2013:07:37:18 -0400] "GET /images/719_00_White_Wolf_in_Snow_JPG.jpg HTTP/1.1" 200 76723 "http://www.bing.com/images/search?q=Wolf+in+Snow+at+Night&FORM=RESTAB" "Mozilla/5.0 (compatible; MSIE 10.0; Windows NT 6.1; WOW64; Trident/6.0)"
66.57.121.224 - - [18/Aug/2013:00:28:46 -0400] "GET /images/719_00_White_Wolf_in_Snow_JPG.jpg HTTP/1.1" 200 76723 "http://www.goodreads.com/topic/show/1075889-loners" "Mozilla/5.0 (Linux; U; Android 4.0.3; en-us; KFTT Build/IML74K) AppleWebKit/535.19 (KHTML, like Gecko) Silk/3.1 Mobile Safari/535.19 Silk-Accelerated=true"
86.144.12.204 - - [18/Aug/2013:01:58:24 -0400] "GET /dewblog.php HTTP/1.1" 200 15463 "http://www.dawneaglewoman.com/dawneaglewomanhome/publishedarticles.html" "Mozilla/5.0 (iPad; CPU OS 6_1_3 like Mac OS X) AppleWebKit/536.26 (KHTML, like Gecko) Mobile/10B329"
86.144.12.204 - - [18/Aug/2013:01:58:26 -0400] "GET /eblog/wordpress.css HTTP/1.1" 200 3043 "http://www.dawneaglewoman.com/dewblog.php" "Mozilla/5.0 (iPad; CPU OS 6_1_3 like Mac OS X) AppleWebKit/536.26 (KHTML, like Gecko) Mobile/10B329"
188.143.232.111 - - [18/Aug/2013:10:26:39 -0400] "GET /dawneaglewomanhome/linksfriendsgoodstuff.html HTTP/1.1" 200 15213 "-" "Mozilla/4.0 (compatible; MSIE 6.0; Windows NT 5.1; SV1)"
184.21.22.86 - - [18/Aug/2013:14:15:55 -0400] "GET /scripts/template.css HTTP/1.1" 200 9420 "http://www.dawneaglewoman.com/" "Mozilla/5.0 (Macintosh; Intel Mac OS X 10_7_5) AppleWebKit/537.36 (KHTML, like Gecko) Chrome/28.0.1500.95 Safari/537.36"
184.21.22.86 - - [18/Aug/2013:14:16:37 -0400] "GET /images/231_040311_002web.jpg HTTP/1.1" 200 9044 "http://www.dawneaglewoman.com/individualworkretreats.html" "Mozilla/5.0 (Macintosh; Intel Mac OS X 10_7_5) AppleWebKit/537.36 (KHTML, like Gecko) Chrome/28.0.1500.95 Safari/537.36"
187.172.182.136 - - [18/Aug/2013:14:35:07 -0400] "GET /images/375_0704_Spring_House_First_Dome.jpg HTTP/1.1" 200 25206 "http://www.google.com.mx/search?safe=off&q=dome+earthship&bav=on.2,or.r_cp.&bvm=bv.50768961,d.aWc,pv.xjs.s.en_US.E_1kRF_UP4s.O&um=1&ie=UTF-8&hl=es&tbm=isch&source=og&sa=N&tab=wi&ei=rPYQUqW_Bq2A2QWSjYAg&biw=1024&bih=672&sei=3P4QUoGuD8X02QXNg4GgCQ" "Mozilla/5.0 (iPad; CPU OS 6_1 like Mac OS X) AppleWebKit/536.26 (KHTML, like Gecko) Version/6.0 Mobile/10B141 Safari/8536.25"
66.249.82.179 - - [18/Aug/2013:14:35:08 -0400] "GET /images/375_0704_Spring_House_First_Dome.jpg HTTP/1.1" 200 25206 "http://www.dawneaglewoman.com/earthshipalternativeenergy/earthshipphotojournal.html" "Mozilla/5.0 (X11; Linux x86_64) AppleWebKit/537.4 (KHTML, like Gecko; Google Web Preview) Chrome/22.0.1229 Safari/537.4"
66.249.82.179 - - [18/Aug/2013:14:35:08 -0400] "GET /images/214_022006_Hall_Ceiling_8.jpg HTTP/1.1" 200 6886 "http://www.dawneaglewoman.com/earthshipalternativeenergy/earthshipphotojournal.html" "Mozilla/5.0 (X11; Linux x86_64) AppleWebKit/537.4 (KHTML, like Gecko; Google Web Preview) Chrome/22.0.1229 Safari/537.4"
66.249.82.179 - - [18/Aug/2013:14:35:08 -0400] "GET /images/733_1007078-001_100708-East.jpg HTTP/1.1" 200 54524 "http://www.dawneaglewoman.com/earthshipalternativeenergy/earthshipphotojournal.html" "Mozilla/5.0 (X11; Linux x86_64) AppleWebKit/537.4 (KHTML, like Gecko; Google Web Preview) Chrome/22.0.1229 Safari/537.4"
50.131.14.245 - - [18/Aug/2013:17:35:33 -0400] "GET /images/719_00_White_Wolf_in_Snow_JPG.jpg HTTP/1.1" 200 76723 "http://www.bing.com/images/search?q=the+white+wolf+&qs=n&form=QBIR&pq=the+white+wolf+&sc=8-13&sp=-1&sk=" "Mozilla/5.0 (compatible; MSIE 10.0; Windows NT 6.1; Win64; x64; Trident/6.0)"
184.21.22.86 - - [18/Aug/2013:14:15:55 -0400] "GET /favicon.ico HTTP/1.1" 404 575 "http://www.dawneaglewoman.com/" "Mozilla/5.0 (Macintosh; Intel Mac OS X 10_7_5) AppleWebKit/537.36 (KHTML, like Gecko) Chrome/28.0.1500.95 Safari/537.36"
184.21.22.86 - - [18/Aug/2013:14:16:31 -0400] "GET /\"images/photoalbum/button_photoPause.jpg\" HTTP/1.1" 404 575 "http://www.dawneaglewoman.com/individualworkretreats.html" "Mozilla/5.0 (Macintosh; Intel Mac OS X 10_7_5) AppleWebKit/537.36 (KHTML, like Gecko) Chrome/28.0.1500.95 Safari/537.36"
199.21.99.110 - - [18/Aug/2013:20:36:08 -0400] "GET /robots.txt HTTP/1.1" 200 25 "-" "Mozilla/5.0 (compatible; YandexBot/3.0; +http://yandex.com/bots)"
184.21.22.86 - - [18/Aug/2013:14:15:55 -0400] "GET /scripts/1custom.css HTTP/1.1" 200 2152 "http://www.dawneaglewoman.com/" "Mozilla/5.0 (Macintosh; Intel Mac OS X 10_7_5) AppleWebKit/537.36 (KHTML, like Gecko) Chrome/28.0.1500.95 Safari/537.36"
184.21.22.86 - - [18/Aug/2013:14:16:31 -0400] "GET /scripts/user.js HTTP/1.1" 304 - "http://www.dawneaglewoman.com/individualworkretreats.html" "Mozilla/5.0 (Macintosh; Intel Mac OS X 10_7_5) AppleWebKit/537.36 (KHTML, like Gecko) Chrome/28.0.1500.95 Safari/537.36"
188.143.232.111 - - [18/Aug/2013:10:27:28 -0400] "GET /recenteventsalbum.html HTTP/1.1" 200 18333 "-" "Mozilla/4.0 (compatible; MSIE 6.0; Windows NT 5.1; SV1)"
66.249.75.179 - - [18/Aug/2013:20:02:10 -0400] "GET /eblog/c.php?r=594301 HTTP/1.1" 200 2225 "-" "Googlebot-Image/1.0"
99.197.130.86 - - [18/Aug/2013:18:03:58 -0400] "GET /images/340_061411-48-Meditation-Room.jpg HTTP/1.1" 200 23826 "http://www.google.com/search?um=1&hl=en&biw=768&bih=900&tbm=isch&sa=1&ei=lkMRUu3NPMXY2QXy1YCQCg&q=meditation+room&oq=meditation+room&gs_l=img.3..0l10.22964.29010.0.29593.15.15.0.0.0.0.482.3932.3j1j4-8.12.0....0...1c.1.25.img..9.6.1591.e3TVFbCzdxA" "Mozilla/5.0 (iPad; CPU OS 6_1_3 like Mac OS X) AppleWebKit/536.26 (KHTML, like Gecko) Version/6.0 Mobile/10B329 Safari/8536.25"
77.88.29.246 - - [18/Aug/2013:05:25:03 -0400] "GET / HTTP/1.1" 200 11234 "-" "Mozilla/5.0 (compatible; YandexBot/3.0; +http://yandex.com/bots)"
184.21.22.86 - - [18/Aug/2013:14:16:30 -0400] "GET /individualworkretreats.html HTTP/1.1" 200 16522 "http://www.dawneaglewoman.com/" "Mozilla/5.0 (Macintosh; Intel Mac OS X 10_7_5) AppleWebKit/537.36 (KHTML, like Gecko) Chrome/28.0.1500.95 Safari/537.36"
184.21.22.86 - - [18/Aug/2013:14:16:31 -0400] "GET /\"images/photoalbum/button_photoPrev.jpg\" HTTP/1.1" 404 575 "http://www.dawneaglewoman.com/individualworkretreats.html" "Mozilla/5.0 (Macintosh; Intel Mac OS X 10_7_5) AppleWebKit/537.36 (KHTML, like Gecko) Chrome/28.0.1500.95 Safari/537.36"
66.249.82.179 - - [18/Aug/2013:14:35:08 -0400] "GET /scripts/ic_globals_published.js HTTP/1.1" 200 566 "http://www.dawneaglewoman.com/earthshipalternativeenergy/earthshipphotojournal.html" "Mozilla/5.0 (X11; Linux x86_64) AppleWebKit/537.4 (KHTML, like Gecko; Google Web Preview) Chrome/22.0.1229 Safari/537.4"
66.249.82.179 - - [18/Aug/2013:14:35:08 -0400] "GET /images/375_First_Truss_from_west_end.jpg HTTP/1.1" 200 20428 "http://www.dawneaglewoman.com/earthshipalternativeenergy/earthshipphotojournal.html" "Mozilla/5.0 (X11; Linux x86_64) AppleWebKit/537.4 (KHTML, like Gecko; Google Web Preview) Chrome/22.0.1229 Safari/537.4"
66.249.82.179 - - [18/Aug/2013:14:35:08 -0400] "GET /images/375_123004_Wind_Solar.jpg HTTP/1.1" 200 21127 "http://www.dawneaglewoman.com/earthshipalternativeenergy/earthshipphotojournal.html" "Mozilla/5.0 (X11; Linux x86_64) AppleWebKit/537.4 (KHTML, like Gecko; Google Web Preview) Chrome/22.0.1229 Safari/537.4"
66.249.82.179 - - [18/Aug/2013:14:35:08 -0400] "GET /images/photoalbum/button_photoFirst.jpg HTTP/1.1" 200 637 "http://www.dawneaglewoman.com/earthshipalternativeenergy/earthshipphotojournal.html" "Mozilla/5.0 (X11; Linux x86_64) AppleWebKit/537.4 (KHTML, like Gecko; Google Web Preview) Chrome/22.0.1229 Safari/537.4"
66.249.82.179 - - [18/Aug/2013:14:35:08 -0400] "GET /images/clear_pixel.gif HTTP/1.1" 404 575 "http://www.dawneaglewoman.com/earthshipalternativeenergy/earthshipphotojournal.html" "Mozilla/5.0 (X11; Linux x86_64) AppleWebKit/537.4 (KHTML, like Gecko; Google Web Preview) Chrome/22.0.1229 Safari/537.4"
66.249.82.179 - - [18/Aug/2013:14:35:08 -0400] "GET /images/733_022006_DEW_Slings_Mud.jpg HTTP/1.1" 200 52364 "http://www.dawneaglewoman.com/earthshipalternativeenergy/earthshipphotojournal.html" "Mozilla/5.0 (X11; Linux x86_64) AppleWebKit/537.4 (KHTML, like Gecko; Google Web Preview) Chrome/22.0.1229 Safari/537.4"
66.249.82.179 - - [18/Aug/2013:14:35:08 -0400] "GET /images/733_022006_Hall_Ceiling_11.jpg HTTP/1.1" 200 58547 "http://www.dawneaglewoman.com/earthshipalternativeenergy/earthshipphotojournal.html" "Mozilla/5.0 (X11; Linux x86_64) AppleWebKit/537.4 (KHTML, like Gecko; Google Web Preview) Chrome/22.0.1229 Safari/537.4"
66.249.82.179 - - [18/Aug/2013:14:35:08 -0400] "GET /images/480_022006_Hall_Ceiling_8.jpg HTTP/1.1" 200 25149 "http://www.dawneaglewoman.com/earthshipalternativeenergy/earthshipphotojournal.html" "Mozilla/5.0 (X11; Linux x86_64) AppleWebKit/537.4 (KHTML, like Gecko; Google Web Preview) Chrome/22.0.1229 Safari/537.4"
66.249.82.179 - - [18/Aug/2013:14:35:08 -0400] "GET /images/480_022006_Hall_Roof_North.jpg HTTP/1.1" 200 24100 "http://www.dawneaglewoman.com/earthshipalternativeenergy/earthshipphotojournal.html" "Mozilla/5.0 (X11; Linux x86_64) AppleWebKit/537.4 (KHTML, like Gecko; Google Web Preview) Chrome/22.0.1229 Safari/537.4"
66.249.82.179 - - [18/Aug/2013:14:35:08 -0400] "GET /images/214_022006_Hallway_to_House.jpg HTTP/1.1" 200 8185 "http://www.dawneaglewoman.com/earthshipalternativeenergy/earthshipphotojournal.html" "Mozilla/5.0 (X11; Linux x86_64) AppleWebKit/537.4 (KHTML, like Gecko; Google Web Preview) Chrome/22.0.1229 Safari/537.4"
66.249.82.179 - - [18/Aug/2013:14:35:08 -0400] "GET /images/318_022006_Mixed_Mud_Wheelbarrow.jpg HTTP/1.1" 200 35660 "http://www.dawneaglewoman.com/earthshipalternativeenergy/earthshipphotojournal.html" "Mozilla/5.0 (X11; Linux x86_64) AppleWebKit/537.4 (KHTML, like Gecko; Google Web Preview) Chrome/22.0.1229 Safari/537.4"
66.249.82.179 - - [18/Aug/2013:14:35:08 -0400] "GET /images/733_100708-066_090108-Guest-Rm1.jpg HTTP/1.1" 200 46836 "http://www.dawneaglewoman.com/earthshipalternativeenergy/earthshipphotojournal.html" "Mozilla/5.0 (X11; Linux x86_64) AppleWebKit/537.4 (KHTML, like Gecko; Google Web Preview) Chrome/22.0.1229 Safari/537.4"
2.241.67.16 - - [18/Aug/2013:16:00:41 -0400] "GET /scripts/39custom.css HTTP/1.1" 200 1141 "http://www.dawneaglewoman.com/photos.html" "Mozilla/5.0 (compatible; MSIE 9.0; Windows NT 6.0; Trident/5.0)"
2.241.67.16 - - [18/Aug/2013:16:00:41 -0400] "GET /images/photoalbum/detail_close.jpg HTTP/1.1" 200 1095 "http://www.dawneaglewoman.com/photos.html" "Mozilla/5.0 (compatible; MSIE 9.0; Windows NT 6.0; Trident/5.0)"
2.241.67.16 - - [18/Aug/2013:16:00:41 -0400] "GET /images/photoalbum/button_photoLast.jpg HTTP/1.1" 200 637 "http://www.dawneaglewoman.com/photos.html" "Mozilla/5.0 (compatible; MSIE 9.0; Windows NT 6.0; Trident/5.0)"
2.241.67.16 - - [18/Aug/2013:16:00:42 -0400] "GET /images/733_011_060307web.jpg HTTP/1.1" 200 64451 "http://www.dawneaglewoman.com/photos.html" "Mozilla/5.0 (compatible; MSIE 9.0; Windows NT 6.0; Trident/5.0)"
86.144.12.204 - - [18/Aug/2013:02:01:41 -0400] "GET /scripts/29custom.css HTTP/1.1" 304 - "http://www.dawneaglewoman.com/recenteventsalbum.html" "Mozilla/5.0 (iPad; CPU OS 6_1_3 like Mac OS X) AppleWebKit/536.26 (KHTML, like Gecko) Mobile/10B329"
86.144.12.204 - - [18/Aug/2013:02:01:41 -0400] "GET /images/Eagle_Eye_Cropped.jpg HTTP/1.1" 304 - "http://www.dawneaglewoman.com/recenteventsalbum.html" "Mozilla/5.0 (iPad; CPU OS 6_1_3 like Mac OS X) AppleWebKit/536.26 (KHTML, like Gecko) Mobile/10B329"
188.143.232.111 - - [18/Aug/2013:10:27:20 -0400] "GET /individualworkretreats/individualsessions.html HTTP/1.1" 200 10489 "-" "Mozilla/4.0 (compatible; MSIE 6.0; Windows NT 5.1; SV1)"
88.190.57.92 - - [18/Aug/2013:10:54:06 -0400] "GET /scripts/ic_globals_published.js HTTP/1.1" 200 566 "http://www.dawneaglewoman.com/" "Mozilla/5.0 (X11; Linux x86_64) AppleWebKit/534.34 (KHTML, like Gecko) Qt/4.8.1 Safari/534.34"
66.249.75.179 - - [18/Aug/2013:11:34:53 -0400] "GET /robots.txt HTTP/1.1" 200 25 "-" "Mozilla/5.0 (compatible; Googlebot/2.1; +http://www.google.com/bot.html)"
123.125.71.98 - - [18/Aug/2013:12:56:44 -0400] "GET /images/photoalbum/detail_close.jpg HTTP/1.1" 200 1095 "-" "Baiduspider-image+(+http://www.baidu.com/search/spider.htm)"
184.21.22.86 - - [18/Aug/2013:14:15:59 -0400] "GET /scripts/icwebsiteelement.css HTTP/1.1" 200 8132 "http://www.dawneaglewoman.com/" "Mozilla/5.0 (Macintosh; Intel Mac OS X 10_7_5) AppleWebKit/537.36 (KHTML, like Gecko) Chrome/28.0.1500.95 Safari/537.36"
66.249.82.179 - - [18/Aug/2013:14:35:08 -0400] "GET /scripts/icwebsiteelement.css HTTP/1.1" 200 8132 "http://www.dawneaglewoman.com/earthshipalternativeenergy/earthshipphotojournal.html" "Mozilla/5.0 (X11; Linux x86_64) AppleWebKit/537.4 (KHTML, like Gecko; Google Web Preview) Chrome/22.0.1229 Safari/537.4"
66.249.82.179 - - [18/Aug/2013:14:35:08 -0400] "GET /images/spacer.gif HTTP/1.1" 200 43 "http://www.dawneaglewoman.com/earthshipalternativeenergy/earthshipphotojournal.html" "Mozilla/5.0 (X11; Linux x86_64) AppleWebKit/537.4 (KHTML, like Gecko; Google Web Preview) Chrome/22.0.1229 Safari/537.4"
66.249.82.179 - - [18/Aug/2013:14:35:08 -0400] "GET /images/blue-lotus-dsc06099-a2-ws.jpg HTTP/1.1" 200 9426 "http://www.dawneaglewoman.com/earthshipalternativeenergy/earthshipphotojournal.html" "Mozilla/5.0 (X11; Linux x86_64) AppleWebKit/537.4 (KHTML, like Gecko; Google Web Preview) Chrome/22.0.1229 Safari/537.4"
66.249.82.179 - - [18/Aug/2013:14:35:08 -0400] "GET /images/375_030404_View_from_Bathroom.jpg HTTP/1.1" 200 19896 "http://www.dawneaglewoman.com/earthshipalternativeenergy/earthshipphotojournal.html" "Mozilla/5.0 (X11; Linux x86_64) AppleWebKit/537.4 (KHTML, like Gecko; Google Web Preview) Chrome/22.0.1229 Safari/537.4"
66.249.82.179 - - [18/Aug/2013:14:35:08 -0400] "GET /images/375_123004_Spring_House.jpg HTTP/1.1" 200 32126 "http://www.dawneaglewoman.com/earthshipalternativeenergy/earthshipphotojournal.html" "Mozilla/5.0 (X11; Linux x86_64) AppleWebKit/537.4 (KHTML, like Gecko; Google Web Preview) Chrome/22.0.1229 Safari/537.4"
66.249.82.179 - - [18/Aug/2013:14:35:08 -0400] "GET /images/733_022006_BR_Mud_1.jpg HTTP/1.1" 200 76431 "http://www.dawneaglewoman.com/earthshipalternativeenergy/earthshipphotojournal.html" "Mozilla/5.0 (X11; Linux x86_64) AppleWebKit/537.4 (KHTML, like Gecko; Google Web Preview) Chrome/22.0.1229 Safari/537.4"
66.249.82.179 - - [18/Aug/2013:14:35:08 -0400] "GET /images/214_022006_Hall_Ceiling_from_East.jpg HTTP/1.1" 200 7620 "http://www.dawneaglewoman.com/earthshipalternativeenergy/earthshipphotojournal.html" "Mozilla/5.0 (X11; Linux x86_64) AppleWebKit/537.4 (KHTML, like Gecko; Google Web Preview) Chrome/22.0.1229 Safari/537.4"
66.249.82.179 - - [18/Aug/2013:14:35:08 -0400] "GET /images/486_022006_Hallway_Steps_Done_1.jpg HTTP/1.1" 200 58534 "http://www.dawneaglewoman.com/earthshipalternativeenergy/earthshipphotojournal.html" "Mozilla/5.0 (X11; Linux x86_64) AppleWebKit/537.4 (KHTML, like Gecko; Google Web Preview) Chrome/22.0.1229 Safari/537.4"
66.249.82.179 - - [18/Aug/2013:14:35:08 -0400] "GET /images/142_1007078-001_100708-MedRm2.jpg HTTP/1.1" 200 9385 "http://www.dawneaglewoman.com/earthshipalternativeenergy/earthshipphotojournal.html" "Mozilla/5.0 (X11; Linux x86_64) AppleWebKit/537.4 (KHTML, like Gecko; Google Web Preview) Chrome/22.0.1229 Safari/537.4"
188.143.232.111 - - [18/Aug/2013:10:26:44 -0400] "GET /dawneaglewomanhome/joinmailinglist.html HTTP/1.1" 200 10707 "-" "Mozilla/4.0 (compatible; MSIE 6.0; Windows NT 5.1; SV1)"
220.181.108.116 - - [18/Aug/2013:17:21:44 -0400] "GET /images/photoalbum/button_photoSpeed1_ON.jpg HTTP/1.1" 200 476 "-" "Baiduspider-image+(+http://www.baidu.com/search/spider.htm)"
108.44.175.65 - - [18/Aug/2013:21:01:10 -0400] "GET /images/719_00_White_Wolf_in_Snow_JPG.jpg HTTP/1.1" 200 76723 "http://www.google.com/search?hl=en&site=webhp&tbm=isch&source=hp&ei=ZWsOUo_xOvWp4APKnoDoCA&q=white+wolf&oq=&gs_l=mobile-gws-hp.1.0.41l2.0.0.0.7607.1.0.0.1.1.0.0.0..0.0....0...1c..25.mobile-gws-hp..0.1.69.KYxLn8LQOmI&biw=480&bih=208&sei=F2oRUpriA-aoyAHMuIBA" "Mozilla/5.0 (iPhone; CPU iPhone OS 6_1_3 like Mac OS X) AppleWebKit/536.26 (KHTML, like Gecko) Version/6.0 Mobile/10B329 Safari/8536.25"
184.21.22.86 - - [18/Aug/2013:14:16:31 -0400] "GET /scripts/template.css HTTP/1.1" 304 - "http://www.dawneaglewoman.com/individualworkretreats.html" "Mozilla/5.0 (Macintosh; Intel Mac OS X 10_7_5) AppleWebKit/537.36 (KHTML, like Gecko) Chrome/28.0.1500.95 Safari/537.36"
66.249.82.179 - - [18/Aug/2013:14:35:08 -0400] "GET /images/375_x_Shoveling_Out.jpg HTTP/1.1" 200 16918 "http://www.dawneaglewoman.com/earthshipalternativeenergy/earthshipphotojournal.html" "Mozilla/5.0 (X11; Linux x86_64) AppleWebKit/537.4 (KHTML, like Gecko; Google Web Preview) Chrome/22.0.1229 Safari/537.4"
66.249.82.179 - - [18/Aug/2013:14:35:08 -0400] "GET /images/375_0704_Spring_House_PV_Panel.jpg HTTP/1.1" 200 32892 "http://www.dawneaglewoman.com/earthshipalternativeenergy/earthshipphotojournal.html" "Mozilla/5.0 (X11; Linux x86_64) AppleWebKit/537.4 (KHTML, like Gecko; Google Web Preview) Chrome/22.0.1229 Safari/537.4"
66.249.82.179 - - [18/Aug/2013:14:35:08 -0400] "GET /images/480_022006_DEW_Slings_Mud.jpg HTTP/1.1" 200 26465 "http://www.dawneaglewoman.com/earthshipalternativeenergy/earthshipphotojournal.html" "Mozilla/5.0 (X11; Linux x86_64) AppleWebKit/537.4 (KHTML, like Gecko; Google Web Preview) Chrome/22.0.1229 Safari/537.4"
66.249.82.179 - - [18/Aug/2013:14:35:08 -0400] "GET /images/733_022006_Hall_Ceiling_4.jpg HTTP/1.1" 200 58677 "http://www.dawneaglewoman.com/earthshipalternativeenergy/earthshipphotojournal.html" "Mozilla/5.0 (X11; Linux x86_64) AppleWebKit/537.4 (KHTML, like Gecko; Google Web Preview) Chrome/22.0.1229 Safari/537.4"
66.249.82.179 - - [18/Aug/2013:14:35:08 -0400] "GET /images/480_022006_House_from_SW.jpg HTTP/1.1" 200 23020 "http://www.dawneaglewoman.com/earthshipalternativeenergy/earthshipphotojournal.html" "Mozilla/5.0 (X11; Linux x86_64) AppleWebKit/537.4 (KHTML, like Gecko; Google Web Preview) Chrome/22.0.1229 Safari/537.4"
66.249.75.179 - - [18/Aug/2013:02:02:32 -0400] "GET /images/JD_DEW_BUDLEIGH_oct_2012.pdf HTTP/1.1" 200 1522904 "-" "Googlebot/2.1 (+http://www.google.com/bot.html)"
92.239.14.10 - - [18/Aug/2013:06:00:12 -0400] "GET /images/719_00_White_Wolf_in_Snow_JPG.jpg HTTP/1.1" 200 76723 "http://uk.images.search.yahoo.com/images/view;_ylt=A0PDodi6mhBSj0kAppFNBQx.;_ylu=X3oDMTFyc25kbjcyBHNlYwNzcgRzbGsDaW1nBG9pZAM1OWNmYzViZmQ4ZjJlMTY5ZWZjNGQxMWY0OTRjOTQ2YwRncG9zAzEx?back=http%3A%2F%2Fuk.images.search.yahoo.com%2Fsearch%2Fimages%3Fp%3Dwolf%2Bin%2Bsnow%26n%3D30%26ei%3Dutf-8%26tab%3Dorganic%26ri%3D11&w=500&h=465&imgurl=www.medicinemancreations.com%2Fimages%2FGreyWolfInSnow.gif&rurl=http%3A%2F%2Fwww.medicinemancreations.com%2Fcatalog.php%3Fcategory%3D21&size=431.8KB&name=Grey+%3Cb%3EWolf+In+Snow%3C%2Fb%3E-&p=wolf+in+snow&oid=59cfc5bfd8f2e169efc4d11f494c946c&fr2=&fr=&tt=Grey+%3Cb%3EWolf+In+Snow%3C%2Fb%3E-&b=0&ni=128&no=11&ts=&tab=organic&sigr=11rtf9i13&sigb=12uc1hjtu&sigi=11mbmhk40&.crumb=vY6tF5qHknR&" "Mozilla/5.0 (Windows NT 6.1; rv:23.0) Gecko/20100101 Firefox/23.0"
66.249.82.179 - - [18/Aug/2013:14:35:08 -0400] "GET /earthshipalternativeenergy/earthshipphotojournal.html HTTP/1.1" 200 43728 "http://www.google.com/search" "Mozilla/5.0 (X11; Linux x86_64) AppleWebKit/537.4 (KHTML, like Gecko; Google Web Preview) Chrome/22.0.1229 Safari/537.4"
66.249.82.179 - - [18/Aug/2013:14:35:08 -0400] "GET /scripts/user.js HTTP/1.1" 200 23762 "http://www.dawneaglewoman.com/earthshipalternativeenergy/earthshipphotojournal.html" "Mozilla/5.0 (X11; Linux x86_64) AppleWebKit/537.4 (KHTML, like Gecko; Google Web Preview) Chrome/22.0.1229 Safari/537.4"
66.249.82.179 - - [18/Aug/2013:14:35:08 -0400] "GET /images/375_xxx_First_Glass.jpg HTTP/1.1" 200 18124 "http://www.dawneaglewoman.com/earthshipalternativeenergy/earthshipphotojournal.html" "Mozilla/5.0 (X11; Linux x86_64) AppleWebKit/537.4 (KHTML, like Gecko; Google Web Preview) Chrome/22.0.1229 Safari/537.4"
66.249.82.179 - - [18/Aug/2013:14:35:08 -0400] "GET /images/375_xxx_First_Glass_Inside.jpg HTTP/1.1" 200 20643 "http://www.dawneaglewoman.com/earthshipalternativeenergy/earthshipphotojournal.html" "Mozilla/5.0 (X11; Linux x86_64) AppleWebKit/537.4 (KHTML, like Gecko; Google Web Preview) Chrome/22.0.1229 Safari/537.4"
66.249.82.179 - - [18/Aug/2013:14:35:08 -0400] "GET /images/375_123004_B_at_Spring_House.jpg HTTP/1.1" 200 24384 "http://www.dawneaglewoman.com/earthshipalternativeenergy/earthshipphotojournal.html" "Mozilla/5.0 (X11; Linux x86_64) AppleWebKit/537.4 (KHTML, like Gecko; Google Web Preview) Chrome/22.0.1229 Safari/537.4"
66.249.82.179 - - [18/Aug/2013:14:35:08 -0400] "GET /images/480_022006_Compost_5.jpg HTTP/1.1" 200 35473 "http://www.dawneaglewoman.com/earthshipalternativeenergy/earthshipphotojournal.html" "Mozilla/5.0 (X11; Linux x86_64) AppleWebKit/537.4 (KHTML, like Gecko; Google Web Preview) Chrome/22.0.1229 Safari/537.4"
66.249.82.179 - - [18/Aug/2013:14:35:08 -0400] "GET /images/480_022006_Hall_Ceiling_14.jpg HTTP/1.1" 200 26887 "http://www.dawneaglewoman.com/earthshipalternativeenergy/earthshipphotojournal.html" "Mozilla/5.0 (X11; Linux x86_64) AppleWebKit/537.4 (KHTML, like Gecko; Google Web Preview) Chrome/22.0.1229 Safari/537.4"
66.249.82.179 - - [18/Aug/2013:14:35:08 -0400] "GET /images/480_022006_Hall_Ceiling_5.jpg HTTP/1.1" 200 24248 "http://www.dawneaglewoman.com/earthshipalternativeenergy/earthshipphotojournal.html" "Mozilla/5.0 (X11; Linux x86_64) AppleWebKit/537.4 (KHTML, like Gecko; Google Web Preview) Chrome/22.0.1229 Safari/537.4"
66.249.82.179 - - [18/Aug/2013:14:35:08 -0400] "GET /images/214_022006_Hall_Roof_North.jpg HTTP/1.1" 200 6418 "http://www.dawneaglewoman.com/earthshipalternativeenergy/earthshipphotojournal.html" "Mozilla/5.0 (X11; Linux x86_64) AppleWebKit/537.4 (KHTML, like Gecko; Google Web Preview) Chrome/22.0.1229 Safari/537.4"
66.249.82.179 - - [18/Aug/2013:14:35:08 -0400] "GET /images/142_022006_Hallway_Tires_4.jpg HTTP/1.1" 200 6645 "http://www.dawneaglewoman.com/earthshipalternativeenergy/earthshipphotojournal.html" "Mozilla/5.0 (X11; Linux x86_64) AppleWebKit/537.4 (KHTML, like Gecko; Google Web Preview) Chrome/22.0.1229 Safari/537.4"
