66.249.82.179 - - [18/Aug/2013:14:35:08 -0400] "GET /images/486_022006_Mixed_Mud_Wheelbarrow.jpg HTTP/1.1" 200 75823 "http://www.dawneaglewoman.com/earthshipalternativeenergy/earthshipphotojournal.html" "Mozilla/5.0 (X11; Linux x86_64) AppleWebKit/537.4 (KHTML, like Gecko; Google Web Preview) Chrome/22.0.1229 Safari/537.4"
66.249.82.179 - - [18/Aug/2013:14:35:08 -0400] "GET /images/318_022006_Sweat_Pond_Stella.jpg HTTP/1.1" 200 53594 "http://www.dawneaglewoman.com/earthshipalternativeenergy/earthshipphotojournal.html" "Mozilla/5.0 (X11; Linux x86_64) AppleWebKit/537.4 (KHTML, like Gecko; Google Web Preview) Chrome/22.0.1229 Safari/537.4"
66.249.82.179 - - [18/Aug/2013:14:35:08 -0400] "GET /images/214_1007078-001_100708-East.jpg HTTP/1.1" 200 6667 "http://www.dawneaglewoman.com/earthshipalternativeenergy/earthshipphotojournal.html" "Mozilla/5.0 (X11; Linux x86_64) AppleWebKit/537.4 (KHTML, like Gecko; Google Web Preview) Chrome/22.0.1229 Safari/537.4"
66.249.82.179 - - [18/Aug/2013:14:35:08 -0400] "GET /images/214_1007078-001_100708-MedRm.jpg HTTP/1.1" 200 8726 "http://www.dawneaglewoman.com/earthshipalternativeenergy/earthshipphotojournal.html" "Mozilla/5.0 (X11; Linux x86_64) AppleWebKit/537.4 (KHTML, like Gecko; Google Web Preview) Chrome/22.0.1229 Safari/537.4"
66.249.82.179 - - [18/Aug/2013:14:35:08 -0400] "GET /images/480_1007078-001_100708-East.jpg HTTP/1.1" 200 26164 "http://www.dawneaglewoman.com/earthshipalternativeenergy/earthshipphotojournal.html" "Mozilla/5.0 (X11; Linux x86_64) AppleWebKit/537.4 (KHTML, like Gecko; Google Web Preview) Chrome/22.0.1229 Safari/537.4"
123.125.71.34 - - [18/Aug/2013:12:33:46 -0400] "GET /images/photoalbum/button_photoPause.jpg HTTP/1.1" 200 605 "-" "Baiduspider-image+(+http://www.baidu.com/search/spider.htm)"
157.55.35.94 - - [18/Aug/2013:13:36:13 -0400] "GET / HTTP/1.1" 304 - "-" "Mozilla/5.0 (compatible; bingbot/2.0; +http://www.bing.com/bingbot.htm)"
184.21.22.86 - - [18/Aug/2013:14:15:55 -0400] "GET /images/719_2008_Alison_Tipi_Photo.JPG HTTP/1.1" 200 138354 "http://www.dawneaglewoman.com/" "Mozilla/5.0 (Macintosh; Intel Mac OS X 10_7_5) AppleWebKit/537.36 (KHTML, like Gecko) Chrome/28.0.1500.95 Safari/537.36"
65.55.215.42 - - [18/Aug/2013:00:49:42 -0400] "GET /robots.txt HTTP/1.1" 200 25 "-" "msnbot-media/1.1 (+http://search.msn.com/msnbot.htm)"
184.21.22.86 - - [18/Aug/2013:14:16:38 -0400] "GET /images/319_100708-077_090108-Front.jpg HTTP/1.1" 200 27741 "http://www.dawneaglewoman.com/individualworkretreats.html" "Mozilla/5.0 (Macintosh; Intel Mac OS X 10_7_5) AppleWebKit/537.36 (KHTML, like Gecko) Chrome/28.0.1500.95 Safari/537.36"
2.241.67.16 - - [18/Aug/2013:16:01:54 -0400] "GET /scripts/30custom.css HTTP/1.1" 200 3505 "http://www.dawneaglewoman.com/whatsnew.html" "Mozilla/5.0 (compatible; MSIE 9.0; Windows NT 6.0; Trident/5.0)"
2.241.67.16 - - [18/Aug/2013:16:01:55 -0400] "GET /images/360_DEW-cloud-web-010113.jpg HTTP/1.1" 200 10913 "http://www.dawneaglewoman.com/whatsnew.html" "Mozilla/5.0 (compatible; MSIE 9.0; Windows NT 6.0; Trident/5.0)"
95.211.224.31 - - [18/Aug/2013:17:17:02 -0400] "GET /images/DawnFlyerCircleNew_web.pdf HTTP/1.1" 200 235514 "-" "Mozilla/5.0 (Windows NT 5.1) AppleWebKit/537.22 (KHTML, like Gecko) Chrome/25.0.1364.172 Safari/537.22"
69.171.160.52 - - [18/Aug/2013:19:53:12 -0400] "GET /images/469_DEW_and_Lap_Dogs.jpg HTTP/1.1" 200 21248 "http://www.google.com/search?q=lap+dogs&client=ms-android-cricket&hl=en&source=android-launcher-search&v=141400000&source=lnms&tbm=isch&sa=X&ei=jFoRUtKPDOOt2AWHuIDwBw&ved=0CAgQ_AUoAA&biw=320&bih=508" "Mozilla/5.0 (Linux; U; Android 4.0.4; en-us; V8000_USA_Cricket Build/IMM76D) AppleWebKit/534.30 (KHTML, like Gecko) Version/4.0 Mobile Safari/534.30"
184.21.22.86 - - [18/Aug/2013:14:16:31 -0400] "GET /\"images/photoalbum/button_photoLast.jpg\" HTTP/1.1" 404 575 "http://www.dawneaglewoman.com/individualworkretreats.html" "Mozilla/5.0 (Macintosh; Intel Mac OS X 10_7_5) AppleWebKit/537.36 (KHTML, like Gecko) Chrome/28.0.1500.95 Safari/537.36"
184.21.22.86 - - [18/Aug/2013:14:16:31 -0400] "GET /scripts/website.css HTTP/1.1" 304 - "http://www.dawneaglewoman.com/individualworkretreats.html" "Mozilla/5.0 (Macintosh; Intel Mac OS X 10_7_5) AppleWebKit/537.36 (KHTML, like Gecko) Chrome/28.0.1500.95 Safari/537.36"
66.249.75.179 - - [18/Aug/2013:02:32:00 -0400] "GET /images/DEW_Autumn_2012_Flier.pdf HTTP/1.1" 200 1231793 "-" "Googlebot/2.1 (+http://www.google.com/bot.html)"
184.21.22.86 - - [18/Aug/2013:14:16:31 -0400] "GET /\"images/photoalbum/button_photoFirst.jpg\" HTTP/1.1" 404 575 "http://www.dawneaglewoman.com/individualworkretreats.html" "Mozilla/5.0 (Macintosh; Intel Mac OS X 10_7_5) AppleWebKit/537.36 (KHTML, like Gecko) Chrome/28.0.1500.95 Safari/537.36"
184.21.22.86 - - [18/Aug/2013:14:16:40 -0400] "GET /images/319_100708-021_090108-Moon.jpg HTTP/1.1" 200 9932 "http://www.dawneaglewoman.com/individualworkretreats.html" "Mozilla/5.0 (Macintosh; Intel Mac OS X 10_7_5) AppleWebKit/537.36 (KHTML, like Gecko) Chrome/28.0.1500.95 Safari/537.36"
180.76.5.67 - - [18/Aug/2013:09:24:42 -0400] "GET /scripts/website.css HTTP/1.1" 200 1651 "-" "Mozilla/5.0 (compatible; Baiduspider/2.0; +http://www.baidu.com/search/spider.html)"
192.74.238.60 - - [18/Aug/2013:22:25:55 -0400] "GET /dewblog.php HTTP/1.0" 200 15463 "http://www.dawneaglewoman.com/dewblog.php" "Mozilla/5.0 (Windows NT 6.0; rv:16.0) Gecko/20100101 Firefox/16.0"
66.249.75.179 - - [18/Aug/2013:01:55:01 -0400] "GET /anahatamysteryschool.html HTTP/1.1" 304 - "-" "Mozilla/5.0 (compatible; Googlebot/2.1; +http://www.google.com/bot.html)"
188.143.232.111 - - [18/Aug/2013:10:27:34 -0400] "GET /photos.html HTTP/1.1" 200 14528 "-" "Mozilla/4.0 (compatible; MSIE 6.0; Windows NT 5.1; SV1)"
95.108.247.251 - - [18/Aug/2013:22:13:45 -0400] "GET /images/375_0106_081605CDEW_323_Sit_Hillside_C_Mac.jpg HTTP/1.1" 304 - "-" "Mozilla/5.0 (compatible; YandexImages/3.0; +http://yandex.com/bots)"
184.21.22.86 - - [18/Aug/2013:14:16:31 -0400] "GET /images/photoalbum/button_photoSpeed2_ON.jpg HTTP/1.1" 200 492 "http://www.dawneaglewoman.com/individualworkretreats.html" "Mozilla/5.0 (Macintosh; Intel Mac OS X 10_7_5) AppleWebKit/537.36 (KHTML, like Gecko) Chrome/28.0.1500.95 Safari/537.36"
184.21.22.86 - - [18/Aug/2013:14:16:32 -0400] "GET /images/photoalbum/button_photoPlay.jpg HTTP/1.1" 200 613 "http://www.dawneaglewoman.com/individualworkretreats.html" "Mozilla/5.0 (Macintosh; Intel Mac OS X 10_7_5) AppleWebKit/537.36 (KHTML, like Gecko) Chrome/28.0.1500.95 Safari/537.36"
184.21.22.86 - - [18/Aug/2013:14:16:38 -0400] "GET /images/480_040311a_003web.jpg HTTP/1.1" 200 27618 "http://www.dawneaglewoman.com/individualworkretreats.html" "Mozilla/5.0 (Macintosh; Intel Mac OS X 10_7_5) AppleWebKit/537.36 (KHTML, like Gecko) Chrome/28.0.1500.95 Safari/537.36"
2.241.67.16 - - [18/Aug/2013:16:00:41 -0400] "GET /images/photoalbum/button_photoPrev.jpg HTTP/1.1" 200 656 "http://www.dawneaglewoman.com/photos.html" "Mozilla/5.0 (compatible; MSIE 9.0; Windows NT 6.0; Trident/5.0)"
2.241.67.16 - - [18/Aug/2013:16:00:42 -0400] "GET /images/photoalbum/button_photoSpeed1_ON.jpg HTTP/1.1" 200 476 "http://www.dawneaglewoman.com/photos.html" "Mozilla/5.0 (compatible; MSIE 9.0; Windows NT 6.0; Trident/5.0)"
2.241.67.16 - - [18/Aug/2013:16:00:42 -0400] "GET /images/480_082205-009web.jpg HTTP/1.1" 200 25800 "http://www.dawneaglewoman.com/photos.html" "Mozilla/5.0 (compatible; MSIE 9.0; Windows NT 6.0; Trident/5.0)"
2.241.67.16 - - [18/Aug/2013:16:00:42 -0400] "GET /images/733_011_060307web.jpg HTTP/1.1" 200 64451 "http://www.dawneaglewoman.com/photos.html" "Mozilla/5.0 (compatible; MSIE 9.0; Windows NT 6.0; Trident/5.0)"
2.241.67.16 - - [18/Aug/2013:16:01:08 -0400] "GET /images/733_082205-009web.jpg HTTP/1.1" 200 56637 "http://www.dawneaglewoman.com/photos.html" "Mozilla/5.0 (compatible; MSIE 9.0; Windows NT 6.0; Trident/5.0)"
220.181.108.171 - - [18/Aug/2013:08:09:08 -0400] "GET /images/photoalbum/button_photoSpeed5.jpg HTTP/1.1" 200 502 "-" "Baiduspider-image+(+http://www.baidu.com/search/spider.htm)"
86.144.12.204 - - [18/Aug/2013:01:58:25 -0400] "GET /scripts/40custom.css HTTP/1.1" 200 804 "http://www.dawneaglewoman.com/dewblog.php" "Mozilla/5.0 (iPad; CPU OS 6_1_3 like Mac OS X) AppleWebKit/536.26 (KHTML, like Gecko) Mobile/10B329"
66.249.82.179 - - [18/Aug/2013:14:35:08 -0400] "GET /scripts/template.css HTTP/1.1" 200 9420 "http://www.dawneaglewoman.com/earthshipalternativeenergy/earthshipphotojournal.html" "Mozilla/5.0 (X11; Linux x86_64) AppleWebKit/537.4 (KHTML, like Gecko; Google Web Preview) Chrome/22.0.1229 Safari/537.4"
66.249.82.179 - - [18/Aug/2013:14:35:08 -0400] "GET /images/375_First_Truss.jpg HTTP/1.1" 200 17068 "http://www.dawneaglewoman.com/earthshipalternativeenergy/earthshipphotojournal.html" "Mozilla/5.0 (X11; Linux x86_64) AppleWebKit/537.4 (KHTML, like Gecko; Google Web Preview) Chrome/22.0.1229 Safari/537.4"
66.249.82.179 - - [18/Aug/2013:14:35:08 -0400] "GET /images/375_House_Mechanicals_0704.jpg HTTP/1.1" 200 33340 "http://www.dawneaglewoman.com/earthshipalternativeenergy/earthshipphotojournal.html" "Mozilla/5.0 (X11; Linux x86_64) AppleWebKit/537.4 (KHTML, like Gecko; Google Web Preview) Chrome/22.0.1229 Safari/537.4"
66.249.82.179 - - [18/Aug/2013:14:35:08 -0400] "GET /images/photoalbum/button_photoLast.jpg HTTP/1.1" 200 637 "http://www.dawneaglewoman.com/earthshipalternativeenergy/earthshipphotojournal.html" "Mozilla/5.0 (X11; Linux x86_64) AppleWebKit/537.4 (KHTML, like Gecko; Google Web Preview) Chrome/22.0.1229 Safari/537.4"
66.249.82.179 - - [18/Aug/2013:14:35:08 -0400] "GET /images/214_022006_Compost_1.jpg HTTP/1.1" 200 7743 "http://www.dawneaglewoman.com/earthshipalternativeenergy/earthshipphotojournal.html" "Mozilla/5.0 (X11; Linux x86_64) AppleWebKit/537.4 (KHTML, like Gecko; Google Web Preview) Chrome/22.0.1229 Safari/537.4"
66.249.82.179 - - [18/Aug/2013:14:35:08 -0400] "GET /images/480_022006_Hall_Bondbeam_Rebar_3.jpg HTTP/1.1" 200 36372 "http://www.dawneaglewoman.com/earthshipalternativeenergy/earthshipphotojournal.html" "Mozilla/5.0 (X11; Linux x86_64) AppleWebKit/537.4 (KHTML, like Gecko; Google Web Preview) Chrome/22.0.1229 Safari/537.4"
66.249.82.179 - - [18/Aug/2013:14:35:08 -0400] "GET /images/480_022006_Hall_Ceiling_2.jpg HTTP/1.1" 200 26592 "http://www.dawneaglewoman.com/earthshipalternativeenergy/earthshipphotojournal.html" "Mozilla/5.0 (X11; Linux x86_64) AppleWebKit/537.4 (KHTML, like Gecko; Google Web Preview) Chrome/22.0.1229 Safari/537.4"
66.249.82.179 - - [18/Aug/2013:14:35:08 -0400] "GET /images/733_022006_Hall_Ceiling_from_East.jpg HTTP/1.1" 200 63844 "http://www.dawneaglewoman.com/earthshipalternativeenergy/earthshipphotojournal.html" "Mozilla/5.0 (X11; Linux x86_64) AppleWebKit/537.4 (KHTML, like Gecko; Google Web Preview) Chrome/22.0.1229 Safari/537.4"
66.249.82.179 - - [18/Aug/2013:14:35:08 -0400] "GET /images/486_022006_Sweat_Pond_Stella.jpg HTTP/1.1" 200 120557 "http://www.dawneaglewoman.com/earthshipalternativeenergy/earthshipphotojournal.html" "Mozilla/5.0 (X11; Linux x86_64) AppleWebKit/537.4 (KHTML, like Gecko; Google Web Preview) Chrome/22.0.1229 Safari/537.4"
188.143.232.111 - - [18/Aug/2013:10:27:25 -0400] "GET /individualworkretreats/retreats.html HTTP/1.1" 200 10343 "-" "Mozilla/4.0 (compatible; MSIE 6.0; Windows NT 5.1; SV1)"
184.21.22.86 - - [18/Aug/2013:14:16:31 -0400] "GET /images/292_Blue_Flowers_0704.jpg HTTP/1.1" 200 30798 "http://www.dawneaglewoman.com/individualworkretreats.html" "Mozilla/5.0 (Macintosh; Intel Mac OS X 10_7_5) AppleWebKit/537.36 (KHTML, like Gecko) Chrome/28.0.1500.95 Safari/537.36"
184.21.22.86 - - [18/Aug/2013:14:16:36 -0400] "GET /images/733_040311_005web.jpg HTTP/1.1" 200 65143 "http://www.dawneaglewoman.com/individualworkretreats.html" "Mozilla/5.0 (Macintosh; Intel Mac OS X 10_7_5) AppleWebKit/537.36 (KHTML, like Gecko) Chrome/28.0.1500.95 Safari/537.36"
66.249.82.179 - - [18/Aug/2013:14:35:08 -0400] "GET /images/ic_047_navcontainer_bg.png HTTP/1.1" 200 48876 "http://www.dawneaglewoman.com/earthshipalternativeenergy/earthshipphotojournal.html" "Mozilla/5.0 (X11; Linux x86_64) AppleWebKit/537.4 (KHTML, like Gecko; Google Web Preview) Chrome/22.0.1229 Safari/537.4"
66.249.82.179 - - [18/Aug/2013:14:35:08 -0400] "GET /images/375_Spring_House_Mechanicals_0704.jpg HTTP/1.1" 200 22294 "http://www.dawneaglewoman.com/earthshipalternativeenergy/earthshipphotojournal.html" "Mozilla/5.0 (X11; Linux x86_64) AppleWebKit/537.4 (KHTML, like Gecko; Google Web Preview) Chrome/22.0.1229 Safari/537.4"
66.249.82.179 - - [18/Aug/2013:14:35:08 -0400] "GET /images/214_022006_Compost_2.jpg HTTP/1.1" 200 8435 "http://www.dawneaglewoman.com/earthshipalternativeenergy/earthshipphotojournal.html" "Mozilla/5.0 (X11; Linux x86_64) AppleWebKit/537.4 (KHTML, like Gecko; Google Web Preview) Chrome/22.0.1229 Safari/537.4"
66.249.82.179 - - [18/Aug/2013:14:35:08 -0400] "GET /images/733_022006_Hall_Ceiling_3.jpg HTTP/1.1" 200 60113 "http://www.dawneaglewoman.com/earthshipalternativeenergy/earthshipphotojournal.html" "Mozilla/5.0 (X11; Linux x86_64) AppleWebKit/537.4 (KHTML, like Gecko; Google Web Preview) Chrome/22.0.1229 Safari/537.4"
66.249.82.179 - - [18/Aug/2013:14:35:08 -0400] "GET /images/142_022006_Hallway_Tires_1.jpg HTTP/1.1" 200 7050 "http://www.dawneaglewoman.com/earthshipalternativeenergy/earthshipphotojournal.html" "Mozilla/5.0 (X11; Linux x86_64) AppleWebKit/537.4 (KHTML, like Gecko; Google Web Preview) Chrome/22.0.1229 Safari/537.4"
66.249.82.179 - - [18/Aug/2013:14:35:08 -0400] "GET /images/142_022006_Sweat_Pond_Stella.jpg HTTP/1.1" 200 10943 "http://www.dawneaglewoman.com/earthshipalternativeenergy/earthshipphotojournal.html" "Mozilla/5.0 (X11; Linux x86_64) AppleWebKit/537.4 (KHTML, like Gecko; Google Web Preview) Chrome/22.0.1229 Safari/537.4"
66.249.82.179 - - [18/Aug/2013:14:35:08 -0400] "GET /images/319_1007078-001_100708-MedRm2.jpg HTTP/1.1" 200 43349 "http://www.dawneaglewoman.com/earthshipalternativeenergy/earthshipphotojournal.html" "Mozilla/5.0 (X11; Linux x86_64) AppleWebKit/537.4 (KHTML, like Gecko; Google Web Preview) Chrome/22.0.1229 Safari/537.4"
188.143.232.111 - - [18/Aug/2013:10:26:39 -0400] "GET /dawneaglewomanhome.html HTTP/1.1" 200 11234 "-" "Mozilla/4.0 (compatible; MSIE 6.0; Windows NT 5.1; SV1)"
101.227.4.23 - - [18/Aug/2013:15:35:05 -0400] "GET /robots.txt HTTP/1.1" 200 25 "-" "Mozilla/5.0 ()"
2.241.67.16 - - [18/Aug/2013:16:02:38 -0400] "GET /dawneaglewomanhome/linksfriendsgoodstuff.html HTTP/1.1" 200 15213 "http://www.dawneaglewoman.com/whatsnew.html" "Mozilla/5.0 (compatible; MSIE 9.0; Windows NT 6.0; Trident/5.0)"
66.249.82.179 - - [18/Aug/2013:14:35:08 -0400] "GET /scripts/8custom.css HTTP/1.1" 200 2494 "http://www.dawneaglewoman.com/earthshipalternativeenergy/earthshipphotojournal.html" "Mozilla/5.0 (X11; Linux x86_64) AppleWebKit/537.4 (KHTML, like Gecko; Google Web Preview) Chrome/22.0.1229 Safari/537.4"
66.249.82.179 - - [18/Aug/2013:14:35:08 -0400] "GET /images/375_x_Snow_Beginning.jpg HTTP/1.1" 200 19738 "http://www.dawneaglewoman.com/earthshipalternativeenergy/earthshipphotojournal.html" "Mozilla/5.0 (X11; Linux x86_64) AppleWebKit/537.4 (KHTML, like Gecko; Google Web Preview) Chrome/22.0.1229 Safari/537.4"
66.249.82.179 - - [18/Aug/2013:14:35:08 -0400] "GET /images/375_123004_Kitchen.jpg HTTP/1.1" 200 21036 "http://www.dawneaglewoman.com/earthshipalternativeenergy/earthshipphotojournal.html" "Mozilla/5.0 (X11; Linux x86_64) AppleWebKit/537.4 (KHTML, like Gecko; Google Web Preview) Chrome/22.0.1229 Safari/537.4"
66.249.82.179 - - [18/Aug/2013:14:35:08 -0400] "GET /images/photoalbum/button_photoPrev.jpg HTTP/1.1" 200 656 "http://www.dawneaglewoman.com/earthshipalternativeenergy/earthshipphotojournal.html" "Mozilla/5.0 (X11; Linux x86_64) AppleWebKit/537.4 (KHTML, like Gecko; Google Web Preview) Chrome/22.0.1229 Safari/537.4"
66.249.82.179 - - [18/Aug/2013:14:35:08 -0400] "GET /images/photoalbum/button_photoSpeed2_ON.jpg HTTP/1.1" 200 492 "http://www.dawneaglewoman.com/earthshipalternativeenergy/earthshipphotojournal.html" "Mozilla/5.0 (X11; Linux x86_64) AppleWebKit/537.4 (KHTML, like Gecko; Google Web Preview) Chrome/22.0.1229 Safari/537.4"
66.249.82.179 - - [18/Aug/2013:14:35:08 -0400] "GET /images/photoalbum/photo_controlBG.jpg HTTP/1.1" 200 336 "http://www.dawneaglewoman.com/earthshipalternativeenergy/earthshipphotojournal.html" "Mozilla/5.0 (X11; Linux x86_64) AppleWebKit/537.4 (KHTML, like Gecko; Google Web Preview) Chrome/22.0.1229 Safari/537.4"
66.249.82.179 - - [18/Aug/2013:14:35:08 -0400] "GET /images/733_022006_Compost_1.jpg HTTP/1.1" 200 71785 "http://www.dawneaglewoman.com/earthshipalternativeenergy/earthshipphotojournal.html" "Mozilla/5.0 (X11; Linux x86_64) AppleWebKit/537.4 (KHTML, like Gecko; Google Web Preview) Chrome/22.0.1229 Safari/537.4"
66.249.82.179 - - [18/Aug/2013:14:35:08 -0400] "GET /images/214_022006_Hall_Ceiling_4.jpg HTTP/1.1" 200 7213 "http://www.dawneaglewoman.com/earthshipalternativeenergy/earthshipphotojournal.html" "Mozilla/5.0 (X11; Linux x86_64) AppleWebKit/537.4 (KHTML, like Gecko; Google Web Preview) Chrome/22.0.1229 Safari/537.4"
66.249.82.179 - - [18/Aug/2013:14:35:08 -0400] "GET /images/733_022006_Hall_Ceiling_8.jpg HTTP/1.1" 200 51095 "http://www.dawneaglewoman.com/earthshipalternativeenergy/earthshipphotojournal.html" "Mozilla/5.0 (X11; Linux x86_64) AppleWebKit/537.4 (KHTML, like Gecko; Google Web Preview) Chrome/22.0.1229 Safari/537.4"
66.249.82.179 - - [18/Aug/2013:14:35:08 -0400] "GET /images/486_022006_Hallway_Tires_4.jpg HTTP/1.1" 200 54438 "http://www.dawneaglewoman.com/earthshipalternativeenergy/earthshipphotojournal.html" "Mozilla/5.0 (X11; Linux x86_64) AppleWebKit/537.4 (KHTML, like Gecko; Google Web Preview) Chrome/22.0.1229 Safari/537.4"
66.249.82.179 - - [18/Aug/2013:14:35:08 -0400] "GET /images/733_1007078-001_100708-MedRm.jpg HTTP/1.1" 200 80549 "http://www.dawneaglewoman.com/earthshipalternativeenergy/earthshipphotojournal.html" "Mozilla/5.0 (X11; Linux x86_64) AppleWebKit/537.4 (KHTML, like Gecko; Google Web Preview) Chrome/22.0.1229 Safari/537.4"
184.21.22.86 - - [18/Aug/2013:14:15:55 -0400] "GET /scripts/photoalbum.js HTTP/1.1" 200 62481 "http://www.dawneaglewoman.com/" "Mozilla/5.0 (Macintosh; Intel Mac OS X 10_7_5) AppleWebKit/537.36 (KHTML, like Gecko) Chrome/28.0.1500.95 Safari/537.36"
184.21.22.86 - - [18/Aug/2013:14:16:33 -0400] "GET /images/photoalbum/button_photoFirst.jpg HTTP/1.1" 200 637 "http://www.dawneaglewoman.com/individualworkretreats.html" "Mozilla/5.0 (Macintosh; Intel Mac OS X 10_7_5) AppleWebKit/537.36 (KHTML, like Gecko) Chrome/28.0.1500.95 Safari/537.36"
184.21.22.86 - - [18/Aug/2013:14:16:39 -0400] "GET /images/153_1007078-001_100708-MedRm2.jpg HTTP/1.1" 200 10881 "http://www.dawneaglewoman.com/individualworkretreats.html" "Mozilla/5.0 (Macintosh; Intel Mac OS X 10_7_5) AppleWebKit/537.36 (KHTML, like Gecko) Chrome/28.0.1500.95 Safari/537.36"
182.118.20.165 - - [18/Aug/2013:15:51:01 -0400] "GET /robots.txt HTTP/1.1" 200 25 "http://www.dawneaglewoman.com/robots.txt" "Mozilla/5.0 (Windows; U; Windows NT 5.1; zh-CN; rv:1.8.0.11) Firefox/1.5.0.11; 360Spider"
2.241.67.16 - - [18/Aug/2013:16:00:42 -0400] "GET /images/480_011_060307web.jpg HTTP/1.1" 200 29351 "http://www.dawneaglewoman.com/photos.html" "Mozilla/5.0 (compatible; MSIE 9.0; Windows NT 6.0; Trident/5.0)"
2.241.67.16 - - [18/Aug/2013:16:00:43 -0400] "GET /images/319_092405-069web.jpg HTTP/1.1" 200 38541 "http://www.dawneaglewoman.com/photos.html" "Mozilla/5.0 (compatible; MSIE 9.0; Windows NT 6.0; Trident/5.0)"
220.181.108.95 - - [18/Aug/2013:22:19:14 -0400] "GET /images/photoalbum/button_photoSpeed2_ON.jpg HTTP/1.1" 200 492 "-" "Baiduspider-image+(+http://www.baidu.com/search/spider.htm)"
124.168.51.212 - - [18/Aug/2013:23:00:39 -0400] "GET /images/719_00_White_Wolf_in_Snow_JPG.jpg HTTP/1.1" 200 76723 "http://www.goodreads.com/topic/show/1075889-loners" "Mozilla/5.0 (Macintosh; Intel Mac OS X 10_6_8) AppleWebKit/534.59.8 (KHTML, like Gecko) Version/5.1.9 Safari/534.59.8"
86.144.12.204 - - [18/Aug/2013:01:58:04 -0400] "GET /scripts/website.css HTTP/1.1" 304 - "http://www.dawneaglewoman.com/" "Mozilla/5.0 (iPad; CPU OS 6_1_3 like Mac OS X) AppleWebKit/536.26 (KHTML, like Gecko) Mobile/10B329"
86.144.12.204 - - [18/Aug/2013:01:58:05 -0400] "GET /images/blue-lotus-dsc06099-a2-ws.jpg HTTP/1.1" 304 - "http://www.dawneaglewoman.com/" "Mozilla/5.0 (iPad; CPU OS 6_1_3 like Mac OS X) AppleWebKit/536.26 (KHTML, like Gecko) Mobile/10B329"
188.143.232.111 - - [18/Aug/2013:10:27:10 -0400] "GET /individualworkretreats.html HTTP/1.1" 200 16522 "-" "Mozilla/4.0 (compatible; MSIE 6.0; Windows NT 5.1; SV1)"
184.21.22.86 - - [18/Aug/2013:14:15:55 -0400] "GET /scripts/ic_globals_published.js HTTP/1.1" 200 566 "http://www.dawneaglewoman.com/" "Mozilla/5.0 (Macintosh; Intel Mac OS X 10_7_5) AppleWebKit/537.36 (KHTML, like Gecko) Chrome/28.0.1500.95 Safari/537.36"
184.21.22.86 - - [18/Aug/2013:14:15:55 -0400] "GET /scripts/website.css HTTP/1.1" 200 1651 "http://www.dawneaglewoman.com/" "Mozilla/5.0 (Macintosh; Intel Mac OS X 10_7_5) AppleWebKit/537.36 (KHTML, like Gecko) Chrome/28.0.1500.95 Safari/537.36"
184.21.22.86 - - [18/Aug/2013:14:16:31 -0400] "GET /images/0_DandB%20with%20rocks.jpg HTTP/1.1" 404 575 "http://www.dawneaglewoman.com/individualworkretreats.html" "Mozilla/5.0 (Macintosh; Intel Mac OS X 10_7_5) AppleWebKit/537.36 (KHTML, like Gecko) Chrome/28.0.1500.95 Safari/537.36"
2.241.67.16 - - [18/Aug/2013:15:58:46 -0400] "GET /images/375_0106_081605CDEW_323_Sit_Hillside_C_Mac.jpg HTTP/1.1" 200 36125 "http://www.dawneaglewoman.com/calendar.html" "Mozilla/5.0 (compatible; MSIE 9.0; Windows NT 6.0; Trident/5.0)"
2.241.67.16 - - [18/Aug/2013:16:01:54 -0400] "GET /whatsnew.html HTTP/1.1" 200 41171 "http://www.dawneaglewoman.com/recenteventsalbum.html" "Mozilla/5.0 (compatible; MSIE 9.0; Windows NT 6.0; Trident/5.0)"
37.140.141.9 - - [18/Aug/2013:16:04:13 -0400] "GET /images/375_0106_081605CDEW_323_Sit_Hillside_C_Mac.jpg HTTP/1.1" 304 - "-" "Mozilla/5.0 (compatible; YandexImages/3.0; +http://yandex.com/bots)"
95.108.241.250 - - [18/Aug/2013:05:24:04 -0400] "GET /eblog/c.php?r=456053 HTTP/1.1" 200 2198 "-" "Mozilla/5.0 (compatible; YandexImages/3.0; +http://yandex.com/bots)"
208.115.113.89 - - [18/Aug/2013:23:38:38 -0400] "GET /robots.txt HTTP/1.1" 200 25 "-" "Mozilla/5.0 (compatible; Ezooms/1.0; ezooms.bot@gmail.com)"
219.251.72.106 - - [18/Aug/2013:02:18:50 -0400] "GET /images/719_00_White_Wolf_in_Snow_JPG.jpg HTTP/1.1" 200 76723 "http://www.google.co.kr/search?newwindow=1&hl=en&site=webhp&tbm=isch&source=hp&ei=vGYQUu6RLcbDkwW06YHwAw&q=wolf+snow&oq=wolf+snow&gs_l=mobile-gws-hp.12..0l5.9078.12857.0.14699.10.9.0.1.1.0.409.1962.2j3j0j3j1.9.0....0...1c.1.25.mobile-gws-hp..2.8.1764.bRTrie4w-hQ&biw=360&bih=519&sei=zGYQUob2EovbkgXU54GYCQ" "Mozilla/5.0 (Linux; Android 4.1.2; LT30p Build/9.1.A.1.141) AppleWebKit/537.36 (KHTML, like Gecko) Chrome/28.0.1500.94 Mobile Safari/537.36"
188.143.232.111 - - [18/Aug/2013:10:27:03 -0400] "GET /calendar.html HTTP/1.1" 200 51462 "-" "Mozilla/4.0 (compatible; MSIE 6.0; Windows NT 5.1; SV1)"
2.241.67.16 - - [18/Aug/2013:16:01:59 -0400] "GET /images/340_061411-48-Meditation-Room.jpg HTTP/1.1" 200 23826 "http://www.dawneaglewoman.com/whatsnew.html" "Mozilla/5.0 (compatible; MSIE 9.0; Windows NT 6.0; Trident/5.0)"
184.21.22.86 - - [18/Aug/2013:14:15:59 -0400] "GET /scripts/icwebsiteelement.css HTTP/1.1" 200 8132 "http://www.dawneaglewoman.com/" "Mozilla/5.0 (Macintosh; Intel Mac OS X 10_7_5) AppleWebKit/537.36 (KHTML, like Gecko) Chrome/28.0.1500.95 Safari/537.36"
199.21.99.110 - - [18/Aug/2013:01:46:09 -0400] "GET / HTTP/1.1" 200 11234 "-" "Mozilla/5.0 (compatible; YandexBot/3.0; +http://yandex.com/bots)"
86.144.12.204 - - [18/Aug/2013:01:58:04 -0400] "GET / HTTP/1.1" 304 - "http://www.google.co.uk/url?sa=t&rct=j&q=dawn%20eagle%20woman&source=web&cd=1&ved=0CC0QFjAA&url=http%3A%2F%2Fwww.dawneaglewoman.com%2F&ei=ZWIQUq6bO6fe7Abt9IDYBw&usg=AFQjCNEPW3Wye5Jh_NbEF8oADLj9dkZ3fw&bvm=bv.50768961,d.d2k" "Mozilla/5.0 (iPad; CPU OS 6_1_3 like Mac OS X) AppleWebKit/536.26 (KHTML, like Gecko) Mobile/10B329"
86.144.12.204 - - [18/Aug/2013:01:58:04 -0400] "GET /scripts/ic_globals_published.js HTTP/1.1" 304 - "http://www.dawneaglewoman.com/" "Mozilla/5.0 (iPad; CPU OS 6_1_3 like Mac OS X) AppleWebKit/536.26 (KHTML, like Gecko) Mobile/10B329"
86.144.12.204 - - [18/Aug/2013:01:58:04 -0400] "GET /scripts/template.css HTTP/1.1" 304 - "http://www.dawneaglewoman.com/" "Mozilla/5.0 (iPad; CPU OS 6_1_3 like Mac OS X) AppleWebKit/536.26 (KHTML, like Gecko) Mobile/10B329"
86.144.12.204 - - [18/Aug/2013:01:58:04 -0400] "GET /scripts/icwebsiteelement.css HTTP/1.1" 304 - "http://www.dawneaglewoman.com/" "Mozilla/5.0 (iPad; CPU OS 6_1_3 like Mac OS X) AppleWebKit/536.26 (KHTML, like Gecko) Mobile/10B329"
86.144.12.204 - - [18/Aug/2013:01:58:05 -0400] "GET /images/ic_047_header_bg.png HTTP/1.1" 304 - "http://www.dawneaglewoman.com/" "Mozilla/5.0 (iPad; CPU OS 6_1_3 like Mac OS X) AppleWebKit/536.26 (KHTML, like Gecko) Mobile/10B329"
184.21.22.86 - - [18/Aug/2013:14:15:55 -0400] "GET /scripts/print.css HTTP/1.1" 200 - "http://www.dawneaglewoman.com/" "Mozilla/5.0 (Macintosh; Intel Mac OS X 10_7_5) AppleWebKit/537.36 (KHTML, like Gecko) Chrome/28.0.1500.95 Safari/537.36"
66.249.82.179 - - [18/Aug/2013:14:35:08 -0400] "GET /images/375_xx_Front_Framed_Inside_View.jpg HTTP/1.1" 200 21017 "http://www.dawneaglewoman.com/earthshipalternativeenergy/earthshipphotojournal.html" "Mozilla/5.0 (X11; Linux x86_64) AppleWebKit/537.4 (KHTML, like Gecko; Google Web Preview) Chrome/22.0.1229 Safari/537.4"
66.249.82.179 - - [18/Aug/2013:14:35:08 -0400] "GET /images/375_Inverter_Room_0704.jpg HTTP/1.1" 200 17683 "http://www.dawneaglewoman.com/earthshipalternativeenergy/earthshipphotojournal.html" "Mozilla/5.0 (X11; Linux x86_64) AppleWebKit/537.4 (KHTML, like Gecko; Google Web Preview) Chrome/22.0.1229 Safari/537.4"
66.249.82.179 - - [18/Aug/2013:14:35:08 -0400] "GET /images/photoalbum/button_photoNext.jpg HTTP/1.1" 200 662 "http://www.dawneaglewoman.com/earthshipalternativeenergy/earthshipphotojournal.html" "Mozilla/5.0 (X11; Linux x86_64) AppleWebKit/537.4 (KHTML, like Gecko; Google Web Preview) Chrome/22.0.1229 Safari/537.4"
66.249.82.179 - - [18/Aug/2013:14:35:08 -0400] "GET /images/214_022006_Compost_5.jpg HTTP/1.1" 200 8019 "http://www.dawneaglewoman.com/earthshipalternativeenergy/earthshipphotojournal.html" "Mozilla/5.0 (X11; Linux x86_64) AppleWebKit/537.4 (KHTML, like Gecko; Google Web Preview) Chrome/22.0.1229 Safari/537.4"
66.249.82.179 - - [18/Aug/2013:14:35:08 -0400] "GET /images/214_022006_Hall_Ceiling_11.jpg HTTP/1.1" 200 7478 "http://www.dawneaglewoman.com/earthshipalternativeenergy/earthshipphotojournal.html" "Mozilla/5.0 (X11; Linux x86_64) AppleWebKit/537.4 (KHTML, like Gecko; Google Web Preview) Chrome/22.0.1229 Safari/537.4"
66.249.82.179 - - [18/Aug/2013:14:35:08 -0400] "GET /images/733_022006_Hall_Ceiling_14.jpg HTTP/1.1" 200 59658 "http://www.dawneaglewoman.com/earthshipalternativeenergy/earthshipphotojournal.html" "Mozilla/5.0 (X11; Linux x86_64) AppleWebKit/537.4 (KHTML, like Gecko; Google Web Preview) Chrome/22.0.1229 Safari/537.4"
66.249.82.179 - - [18/Aug/2013:14:35:08 -0400] "GET /images/486_022006_Hallway_Tires_1.jpg HTTP/1.1" 200 62419 "http://www.dawneaglewoman.com/earthshipalternativeenergy/earthshipphotojournal.html" "Mozilla/5.0 (X11; Linux x86_64) AppleWebKit/537.4 (KHTML, like Gecko; Google Web Preview) Chrome/22.0.1229 Safari/537.4"
66.249.82.179 - - [18/Aug/2013:14:35:08 -0400] "GET /images/733_022006_House_from_SW.jpg HTTP/1.1" 200 49709 "http://www.dawneaglewoman.com/earthshipalternativeenergy/earthshipphotojournal.html" "Mozilla/5.0 (X11; Linux x86_64) AppleWebKit/537.4 (KHTML, like Gecko; Google Web Preview) Chrome/22.0.1229 Safari/537.4"
66.249.82.179 - - [18/Aug/2013:14:35:08 -0400] "GET /images/480_1007078-001_100708-MedRm.jpg HTTP/1.1" 200 38041 "http://www.dawneaglewoman.com/earthshipalternativeenergy/earthshipphotojournal.html" "Mozilla/5.0 (X11; Linux x86_64) AppleWebKit/537.4 (KHTML, like Gecko; Google Web Preview) Chrome/22.0.1229 Safari/537.4"
2.241.67.16 - - [18/Aug/2013:15:57:49 -0400] "GET /scripts/ic_globals_published.js HTTP/1.1" 200 566 "http://www.dawneaglewoman.com/" "Mozilla/5.0 (compatible; MSIE 9.0; Windows NT 6.0; Trident/5.0)"
2.241.67.16 - - [18/Aug/2013:15:57:49 -0400] "GET /scripts/template.css HTTP/1.1" 200 9420 "http://www.dawneaglewoman.com/" "Mozilla/5.0 (compatible; MSIE 9.0; Windows NT 6.0; Trident/5.0)"
2.241.67.16 - - [18/Aug/2013:15:57:49 -0400] "GET /images/719_2008_Alison_Tipi_Photo.JPG HTTP/1.1" 200 138354 "http://www.dawneaglewoman.com/" "Mozilla/5.0 (compatible; MSIE 9.0; Windows NT 6.0; Trident/5.0)"
157.55.35.94 - - [18/Aug/2013:17:30:54 -0400] "GET /robots.txt HTTP/1.1" 200 25 "-" "Mozilla/5.0 (compatible; bingbot/2.0; +http://www.bing.com/bingbot.htm)"
184.21.22.86 - - [18/Aug/2013:14:16:39 -0400] "GET /images/487_100708-021_090108-Moon.jpg HTTP/1.1" 200 19248 "http://www.dawneaglewoman.com/individualworkretreats.html" "Mozilla/5.0 (Macintosh; Intel Mac OS X 10_7_5) AppleWebKit/537.36 (KHTML, like Gecko) Chrome/28.0.1500.95 Safari/537.36"
93.158.148.30 - - [18/Aug/2013:16:33:22 -0400] "GET / HTTP/1.1" 200 11234 "-" "Mozilla/5.0 (compatible; YandexBot/3.0; +http://yandex.com/bots)"
86.144.12.204 - - [18/Aug/2013:01:59:19 -0400] "GET /whatsnew.html HTTP/1.1" 304 - "http://www.dawneaglewoman.com/dewblog.php" "Mozilla/5.0 (iPad; CPU OS 6_1_3 like Mac OS X) AppleWebKit/536.26 (KHTML, like Gecko) Mobile/10B329"
86.144.12.204 - - [18/Aug/2013:01:59:19 -0400] "GET /scripts/30custom.css HTTP/1.1" 304 - "http://www.dawneaglewoman.com/whatsnew.html" "Mozilla/5.0 (iPad; CPU OS 6_1_3 like Mac OS X) AppleWebKit/536.26 (KHTML, like Gecko) Mobile/10B329"
188.143.232.111 - - [18/Aug/2013:10:27:08 -0400] "GET /comingworkshopsevents.html HTTP/1.1" 200 12994 "-" "Mozilla/4.0 (compatible; MSIE 6.0; Windows NT 5.1; SV1)"
65.55.24.237 - - [18/Aug/2013:12:23:54 -0400] "GET /Frame-5-soaringeaglespage5.html?refresh=1204055633377 HTTP/1.1" 304 - "-" "Mozilla/5.0 (compatible; bingbot/2.0; +http://www.bing.com/bingbot.htm)"
184.21.22.86 - - [18/Aug/2013:14:15:59 -0400] "GET /images/blue-lotus-dsc06099-a2-ws.jpg HTTP/1.1" 200 9426 "http://www.dawneaglewoman.com/" "Mozilla/5.0 (Macintosh; Intel Mac OS X 10_7_5) AppleWebKit/537.36 (KHTML, like Gecko) Chrome/28.0.1500.95 Safari/537.36"
66.249.75.179 - - [18/Aug/2013:11:34:53 -0400] "GET / HTTP/1.1" 200 11234 "-" "Mozilla/5.0 (iPhone; U; CPU iPhone OS 4_1 like Mac OS X; en-us) AppleWebKit/532.9 (KHTML, like Gecko) Version/4.0.5 Mobile/8B117 Safari/6531.22.7 (compatible; Googlebot-Mobile/2.1; +http://www.google.com/bot.html)"
184.21.22.86 - - [18/Aug/2013:14:15:56 -0400] "GET /images/ic_047_header_bg.png HTTP/1.1" 200 21471 "http://www.dawneaglewoman.com/" "Mozilla/5.0 (Macintosh; Intel Mac OS X 10_7_5) AppleWebKit/537.36 (KHTML, like Gecko) Chrome/28.0.1500.95 Safari/537.36"
184.21.22.86 - - [18/Aug/2013:14:16:33 -0400] "GET /images/photoalbum/button_photoLast.jpg HTTP/1.1" 200 637 "http://www.dawneaglewoman.com/individualworkretreats.html" "Mozilla/5.0 (Macintosh; Intel Mac OS X 10_7_5) AppleWebKit/537.36 (KHTML, like Gecko) Chrome/28.0.1500.95 Safari/537.36"
101.227.4.23 - - [18/Aug/2013:15:35:11 -0400] "GET / HTTP/1.1" 200 11234 "-" "Mozilla/5.0 (compatible; YYSpider; +http://www.yunyun.com/spider.html)"
178.32.251.117 - - [18/Aug/2013:04:30:58 -0400] "GET /calendar.html HTTP/1.1" 200 51462 "http://www.dawneaglewoman.com/" "Mozilla/4.0 (compatible; MSIE 7.0; Windows NT 5.1; Trident/4.0; .NET CLR 1.1.4322)"
178.32.251.117 - - [18/Aug/2013:04:31:00 -0400] "GET /individualworkretreats/individualsessions.html HTTP/1.1" 200 10489 "http://www.dawneaglewoman.com/" "Mozilla/4.0 (compatible; MSIE 7.0; Windows NT 5.1; Trident/4.0; .NET CLR 1.1.4322)"
184.21.22.86 - - [18/Aug/2013:14:16:31 -0400] "GET /images/photoalbum/detail_close.jpg HTTP/1.1" 200 1095 "http://www.dawneaglewoman.com/individualworkretreats.html" "Mozilla/5.0 (Macintosh; Intel Mac OS X 10_7_5) AppleWebKit/537.36 (KHTML, like Gecko) Chrome/28.0.1500.95 Safari/537.36"
184.21.22.86 - - [18/Aug/2013:14:16:32 -0400] "GET /images/0_DandB%20with%20rocks.jpg HTTP/1.1" 404 575 "http://www.dawneaglewoman.com/individualworkretreats.html" "Mozilla/5.0 (Macintosh; Intel Mac OS X 10_7_5) AppleWebKit/537.36 (KHTML, like Gecko) Chrome/28.0.1500.95 Safari/537.36"
184.21.22.86 - - [18/Aug/2013:14:16:36 -0400] "GET /images/231_040311_004web.jpg HTTP/1.1" 200 9725 "http://www.dawneaglewoman.com/individualworkretreats.html" "Mozilla/5.0 (Macintosh; Intel Mac OS X 10_7_5) AppleWebKit/537.36 (KHTML, like Gecko) Chrome/28.0.1500.95 Safari/537.36"
184.21.22.86 - - [18/Aug/2013:14:16:37 -0400] "GET /images/480_040311_005web.jpg HTTP/1.1" 200 31470 "http://www.dawneaglewoman.com/individualworkretreats.html" "Mozilla/5.0 (Macintosh; Intel Mac OS X 10_7_5) AppleWebKit/537.36 (KHTML, like Gecko) Chrome/28.0.1500.95 Safari/537.36"
184.21.22.86 - - [18/Aug/2013:14:16:37 -0400] "GET /images/733_040311a_003web.jpg HTTP/1.1" 200 57579 "http://www.dawneaglewoman.com/individualworkretreats.html" "Mozilla/5.0 (Macintosh; Intel Mac OS X 10_7_5) AppleWebKit/537.36 (KHTML, like Gecko) Chrome/28.0.1500.95 Safari/537.36"
69.131.141.207 - - [18/Aug/2013:15:22:35 -0400] "GET /images/719_00_White_Wolf_in_Snow_JPG.jpg HTTP/1.1" 200 76723 "https://www.google.com/" "Mozilla/5.0 (iPhone; CPU iPhone OS 6_1_4 like Mac OS X) AppleWebKit/536.26 (KHTML, like Gecko) Version/6.0 Mobile/10B350 Safari/8536.25"
2.241.67.16 - - [18/Aug/2013:15:57:50 -0400] "GET /scripts/photoalbum.js HTTP/1.1" 200 62481 "http://www.dawneaglewoman.com/" "Mozilla/5.0 (compatible; MSIE 9.0; Windows NT 6.0; Trident/5.0)"
2.241.67.16 - - [18/Aug/2013:15:57:50 -0400] "GET /scripts/user.js HTTP/1.1" 200 23762 "http://www.dawneaglewoman.com/" "Mozilla/5.0 (compatible; MSIE 9.0; Windows NT 6.0; Trident/5.0)"
157.55.35.94 - - [18/Aug/2013:17:47:34 -0400] "GET / HTTP/1.1" 200 11234 "-" "Mozilla/5.0 (compatible; bingbot/2.0; +http://www.bing.com/bingbot.htm)"
220.181.108.165 - - [18/Aug/2013:02:56:39 -0400] "GET /images/photoalbum/button_photoLast.jpg HTTP/1.1" 200 637 "-" "Baiduspider-image+(+http://www.baidu.com/search/spider.htm)"
188.143.232.111 - - [18/Aug/2013:10:26:57 -0400] "GET /dewblog.php HTTP/1.1" 200 15463 "-" "Mozilla/4.0 (compatible; MSIE 6.0; Windows NT 5.1; SV1)"
184.21.22.86 - - [18/Aug/2013:14:16:31 -0400] "GET /\"images/photoalbum/button_photoNext.jpg\" HTTP/1.1" 404 575 "http://www.dawneaglewoman.com/individualworkretreats.html" "Mozilla/5.0 (Macintosh; Intel Mac OS X 10_7_5) AppleWebKit/537.36 (KHTML, like Gecko) Chrome/28.0.1500.95 Safari/537.36"
66.249.82.179 - - [18/Aug/2013:14:35:08 -0400] "GET /scripts/photoalbum.js HTTP/1.1" 200 62481 "http://www.dawneaglewoman.com/earthshipalternativeenergy/earthshipphotojournal.html" "Mozilla/5.0 (X11; Linux x86_64) AppleWebKit/537.4 (KHTML, like Gecko; Google Web Preview) Chrome/22.0.1229 Safari/537.4"
66.249.82.179 - - [18/Aug/2013:14:35:08 -0400] "GET /images/375_x_Back_to_Work_Porch_is_Gone.jpg HTTP/1.1" 200 19755 "http://www.dawneaglewoman.com/earthshipalternativeenergy/earthshipphotojournal.html" "Mozilla/5.0 (X11; Linux x86_64) AppleWebKit/537.4 (KHTML, like Gecko; Google Web Preview) Chrome/22.0.1229 Safari/537.4"
66.249.82.179 - - [18/Aug/2013:14:35:08 -0400] "GET /images/375_x_Snow_in_the_House.jpg HTTP/1.1" 200 15024 "http://www.dawneaglewoman.com/earthshipalternativeenergy/earthshipphotojournal.html" "Mozilla/5.0 (X11; Linux x86_64) AppleWebKit/537.4 (KHTML, like Gecko; Google Web Preview) Chrome/22.0.1229 Safari/537.4"
66.249.82.179 - - [18/Aug/2013:14:35:08 -0400] "GET /images/375_030404_27_Windows_from_West.jpg HTTP/1.1" 200 15144 "http://www.dawneaglewoman.com/earthshipalternativeenergy/earthshipphotojournal.html" "Mozilla/5.0 (X11; Linux x86_64) AppleWebKit/537.4 (KHTML, like Gecko; Google Web Preview) Chrome/22.0.1229 Safari/537.4"
66.249.82.179 - - [18/Aug/2013:14:35:08 -0400] "GET /images/375_022006_Well_and_Stella.jpg HTTP/1.1" 200 19784 "http://www.dawneaglewoman.com/earthshipalternativeenergy/earthshipphotojournal.html" "Mozilla/5.0 (X11; Linux x86_64) AppleWebKit/537.4 (KHTML, like Gecko; Google Web Preview) Chrome/22.0.1229 Safari/537.4"
66.249.82.179 - - [18/Aug/2013:14:35:08 -0400] "GET /images/375_01%20Cistern%20JPG.jpg HTTP/1.1" 200 25149 "http://www.dawneaglewoman.com/earthshipalternativeenergy/earthshipphotojournal.html" "Mozilla/5.0 (X11; Linux x86_64) AppleWebKit/537.4 (KHTML, like Gecko; Google Web Preview) Chrome/22.0.1229 Safari/537.4"
66.249.82.179 - - [18/Aug/2013:14:35:08 -0400] "GET /images/photoalbum/button_photoPause.jpg HTTP/1.1" 200 605 "http://www.dawneaglewoman.com/earthshipalternativeenergy/earthshipphotojournal.html" "Mozilla/5.0 (X11; Linux x86_64) AppleWebKit/537.4 (KHTML, like Gecko; Google Web Preview) Chrome/22.0.1229 Safari/537.4"
66.249.82.179 - - [18/Aug/2013:14:35:08 -0400] "GET /images/photoalbum/button_photoSpeed5.jpg HTTP/1.1" 200 502 "http://www.dawneaglewoman.com/earthshipalternativeenergy/earthshipphotojournal.html" "Mozilla/5.0 (X11; Linux x86_64) AppleWebKit/537.4 (KHTML, like Gecko; Google Web Preview) Chrome/22.0.1229 Safari/537.4"
66.249.82.179 - - [18/Aug/2013:14:35:08 -0400] "GET /images/733_022006_Hall_Bondbeam_Rebar_3.jpg HTTP/1.1" 200 77950 "http://www.dawneaglewoman.com/earthshipalternativeenergy/earthshipphotojournal.html" "Mozilla/5.0 (X11; Linux x86_64) AppleWebKit/537.4 (KHTML, like Gecko; Google Web Preview) Chrome/22.0.1229 Safari/537.4"
66.249.82.179 - - [18/Aug/2013:14:35:08 -0400] "GET /images/214_022006_Hall_Roof.jpg HTTP/1.1" 200 5716 "http://www.dawneaglewoman.com/earthshipalternativeenergy/earthshipphotojournal.html" "Mozilla/5.0 (X11; Linux x86_64) AppleWebKit/537.4 (KHTML, like Gecko; Google Web Preview) Chrome/22.0.1229 Safari/537.4"
66.249.82.179 - - [18/Aug/2013:14:35:08 -0400] "GET /images/142_022006_Mixed_Mud_Wheelbarrow.jpg HTTP/1.1" 200 8343 "http://www.dawneaglewoman.com/earthshipalternativeenergy/earthshipphotojournal.html" "Mozilla/5.0 (X11; Linux x86_64) AppleWebKit/537.4 (KHTML, like Gecko; Google Web Preview) Chrome/22.0.1229 Safari/537.4"
66.249.82.179 - - [18/Aug/2013:14:35:08 -0400] "GET /images/214_022006_Vent_Windows_Flags.jpg HTTP/1.1" 200 6931 "http://www.dawneaglewoman.com/earthshipalternativeenergy/earthshipphotojournal.html" "Mozilla/5.0 (X11; Linux x86_64) AppleWebKit/537.4 (KHTML, like Gecko; Google Web Preview) Chrome/22.0.1229 Safari/537.4"
66.249.82.179 - - [18/Aug/2013:14:35:08 -0400] "GET /images/487_1007078-001_100708-MedRm2.jpg HTTP/1.1" 200 94035 "http://www.dawneaglewoman.com/earthshipalternativeenergy/earthshipphotojournal.html" "Mozilla/5.0 (X11; Linux x86_64) AppleWebKit/537.4 (KHTML, like Gecko; Google Web Preview) Chrome/22.0.1229 Safari/537.4"
66.249.82.179 - - [18/Aug/2013:14:35:08 -0400] "GET /images/319_100708-077_090108-Front2.jpg HTTP/1.1" 200 29675 "http://www.dawneaglewoman.com/earthshipalternativeenergy/earthshipphotojournal.html" "Mozilla/5.0 (X11; Linux x86_64) AppleWebKit/537.4 (KHTML, like Gecko; Google Web Preview) Chrome/22.0.1229 Safari/537.4"
66.249.75.179 - - [18/Aug/2013:15:49:50 -0400] "GET /calendar.html HTTP/1.1" 304 - "-" "Mozilla/5.0 (iPhone; U; CPU iPhone OS 4_1 like Mac OS X; en-us) AppleWebKit/532.9 (KHTML, like Gecko) Version/4.0.5 Mobile/8B117 Safari/6531.22.7 (compatible; Googlebot-Mobile/2.1; +http://www.google.com/bot.html)"
5.10.83.48 - - [18/Aug/2013:00:48:43 -0400] "GET /robots.txt HTTP/1.1" 200 25 "-" "Mozilla/5.0 (compatible; AhrefsBot/5.0; +http://ahrefs.com/robot/)"
184.21.22.86 - - [18/Aug/2013:14:16:32 -0400] "GET /images/photoalbum/button_photoPause.jpg HTTP/1.1" 200 605 "http://www.dawneaglewoman.com/individualworkretreats.html" "Mozilla/5.0 (Macintosh; Intel Mac OS X 10_7_5) AppleWebKit/537.36 (KHTML, like Gecko) Chrome/28.0.1500.95 Safari/537.36"
184.21.22.86 - - [18/Aug/2013:14:16:37 -0400] "GET /images/231_040311_005web.jpg HTTP/1.1" 200 9762 "http://www.dawneaglewoman.com/individualworkretreats.html" "Mozilla/5.0 (Macintosh; Intel Mac OS X 10_7_5) AppleWebKit/537.36 (KHTML, like Gecko) Chrome/28.0.1500.95 Safari/537.36"
66.249.82.179 - - [18/Aug/2013:14:35:08 -0400] "GET /images/375_xx_Front_Framed_Complete.jpg HTTP/1.1" 200 20501 "http://www.dawneaglewoman.com/earthshipalternativeenergy/earthshipphotojournal.html" "Mozilla/5.0 (X11; Linux x86_64) AppleWebKit/537.4 (KHTML, like Gecko; Google Web Preview) Chrome/22.0.1229 Safari/537.4"
66.249.82.179 - - [18/Aug/2013:14:35:08 -0400] "GET /images/375_123004_Cistern_House.jpg HTTP/1.1" 200 13582 "http://www.dawneaglewoman.com/earthshipalternativeenergy/earthshipphotojournal.html" "Mozilla/5.0 (X11; Linux x86_64) AppleWebKit/537.4 (KHTML, like Gecko; Google Web Preview) Chrome/22.0.1229 Safari/537.4"
66.249.82.179 - - [18/Aug/2013:14:35:08 -0400] "GET /images/480_022006_Compost_1.jpg HTTP/1.1" 200 32388 "http://www.dawneaglewoman.com/earthshipalternativeenergy/earthshipphotojournal.html" "Mozilla/5.0 (X11; Linux x86_64) AppleWebKit/537.4 (KHTML, like Gecko; Google Web Preview) Chrome/22.0.1229 Safari/537.4"
66.249.82.179 - - [18/Aug/2013:14:35:08 -0400] "GET /images/214_022006_Hall_Ceiling_3.jpg HTTP/1.1" 200 7755 "http://www.dawneaglewoman.com/earthshipalternativeenergy/earthshipphotojournal.html" "Mozilla/5.0 (X11; Linux x86_64) AppleWebKit/537.4 (KHTML, like Gecko; Google Web Preview) Chrome/22.0.1229 Safari/537.4"
66.249.82.179 - - [18/Aug/2013:14:35:08 -0400] "GET /images/480_022006_Hall_Roof.jpg HTTP/1.1" 200 22226 "http://www.dawneaglewoman.com/earthshipalternativeenergy/earthshipphotojournal.html" "Mozilla/5.0 (X11; Linux x86_64) AppleWebKit/537.4 (KHTML, like Gecko; Google Web Preview) Chrome/22.0.1229 Safari/537.4"
66.249.82.179 - - [18/Aug/2013:14:35:08 -0400] "GET /images/480_022006_Hallway_to_House.jpg HTTP/1.1" 200 35480 "http://www.dawneaglewoman.com/earthshipalternativeenergy/earthshipphotojournal.html" "Mozilla/5.0 (X11; Linux x86_64) AppleWebKit/537.4 (KHTML, like Gecko; Google Web Preview) Chrome/22.0.1229 Safari/537.4"
66.249.82.179 - - [18/Aug/2013:14:35:08 -0400] "GET /images/142_100708-077_090108-Front2.jpg HTTP/1.1" 200 7287 "http://www.dawneaglewoman.com/earthshipalternativeenergy/earthshipphotojournal.html" "Mozilla/5.0 (X11; Linux x86_64) AppleWebKit/537.4 (KHTML, like Gecko; Google Web Preview) Chrome/22.0.1229 Safari/537.4"
165.139.238.3 - - [18/Aug/2013:21:36:48 -0400] "GET /images/719_00_White_Wolf_in_Snow_JPG.jpg HTTP/1.1" 200 76723 "http://www.google.com/search?q=white+wolf+pictures&safe=active&client=safari&hl=en&source=lnms&tbm=isch&sa=X&ei=f3URUszpL4nQ2wWe2oC4Dg&ved=0CAkQ_AUoAA&biw=768&bih=928&surl=1" "Mozilla/5.0 (iPad; CPU OS 6_1_3 like Mac OS X) AppleWebKit/536.26 (KHTML, like Gecko) Version/6.0 Mobile/10B329 Safari/8536.25"
157.55.35.94 - - [18/Aug/2013:13:21:44 -0400] "GET /robots.txt HTTP/1.1" 200 25 "-" "Mozilla/5.0 (compatible; bingbot/2.0; +http://www.bing.com/bingbot.htm)"
184.21.22.86 - - [18/Aug/2013:14:16:02 -0400] "GET /favicon.ico HTTP/1.1" 404 575 "-" "Mozilla/5.0 (Macintosh; Intel Mac OS X 10_7_5) AppleWebKit/537.36 (KHTML, like Gecko) Chrome/28.0.1500.95 Safari/537.36"
2.241.67.16 - - [18/Aug/2013:16:01:55 -0400] "GET /images/340_DSC_0066-adjusted-small.jpg HTTP/1.1" 200 38878 "http://www.dawneaglewoman.com/whatsnew.html" "Mozilla/5.0 (compatible; MSIE 9.0; Windows NT 6.0; Trident/5.0)"
63.248.66.168 - - [18/Aug/2013:22:39:41 -0400] "GET /images/719_00_White_Wolf_in_Snow_JPG.jpg HTTP/1.1" 200 76723 "http://www.google.com/blank.html" "Mozilla/5.0 (Windows NT 5.1; rv:23.0) Gecko/20100101 Firefox/23.0"
184.21.22.86 - - [18/Aug/2013:14:15:55 -0400] "GET /images/280_DEW_Serious_Front_JPG.jpg HTTP/1.1" 200 25201 "http://www.dawneaglewoman.com/" "Mozilla/5.0 (Macintosh; Intel Mac OS X 10_7_5) AppleWebKit/537.36 (KHTML, like Gecko) Chrome/28.0.1500.95 Safari/537.36"
184.21.22.86 - - [18/Aug/2013:14:16:32 -0400] "GET /images/photoalbum/button_photoPrev.jpg HTTP/1.1" 200 656 "http://www.dawneaglewoman.com/individualworkretreats.html" "Mozilla/5.0 (Macintosh; Intel Mac OS X 10_7_5) AppleWebKit/537.36 (KHTML, like Gecko) Chrome/28.0.1500.95 Safari/537.36"
66.249.82.179 - - [18/Aug/2013:14:35:12 -0400] "GET /scripts/print.css HTTP/1.1" 200 - "http://www.dawneaglewoman.com/earthshipalternativeenergy/earthshipphotojournal.html" "Mozilla/5.0 (X11; Linux x86_64) AppleWebKit/537.4 (KHTML, like Gecko; Google Web Preview) Chrome/22.0.1229 Safari/537.4"
66.249.75.179 - - [18/Aug/2013:23:45:22 -0400] "GET /Frame-5-soaringeaglespage5.html?refresh=1208619590791 HTTP/1.1" 200 7343 "-" "Mozilla/5.0 (compatible; Googlebot/2.1; +http://www.google.com/bot.html)"
2.241.67.16 - - [18/Aug/2013:16:01:13 -0400] "GET /images/733_052_092108web.jpg HTTP/1.1" 200 58771 "http://www.dawneaglewoman.com/photos.html" "Mozilla/5.0 (compatible; MSIE 9.0; Windows NT 6.0; Trident/5.0)"
188.143.232.111 - - [18/Aug/2013:10:26:47 -0400] "GET /dawneaglewomanhome/publishedarticles.html HTTP/1.1" 200 9038 "-" "Mozilla/4.0 (compatible; MSIE 6.0; Windows NT 5.1; SV1)"
2.241.67.16 - - [18/Aug/2013:16:00:41 -0400] "GET /images/photoalbum/button_photoPlay.jpg HTTP/1.1" 200 613 "http://www.dawneaglewoman.com/photos.html" "Mozilla/5.0 (compatible; MSIE 9.0; Windows NT 6.0; Trident/5.0)"
2.241.67.16 - - [18/Aug/2013:16:00:42 -0400] "GET /images/photoalbum/button_photoSpeed2_ON.jpg HTTP/1.1" 200 492 "http://www.dawneaglewoman.com/photos.html" "Mozilla/5.0 (compatible; MSIE 9.0; Windows NT 6.0; Trident/5.0)"
2.241.67.16 - - [18/Aug/2013:16:00:42 -0400] "GET /images/231_011_060307web.jpg HTTP/1.1" 200 8213 "http://www.dawneaglewoman.com/photos.html" "Mozilla/5.0 (compatible; MSIE 9.0; Windows NT 6.0; Trident/5.0)"
2.241.67.16 - - [18/Aug/2013:16:00:42 -0400] "GET /images/231_017_080610web.jpg HTTP/1.1" 200 13142 "http://www.dawneaglewoman.com/photos.html" "Mozilla/5.0 (compatible; MSIE 9.0; Windows NT 6.0; Trident/5.0)"
2.241.67.16 - - [18/Aug/2013:16:00:42 -0400] "GET /images/photoalbum/photo_controlBG.jpg HTTP/1.1" 200 336 "http://www.dawneaglewoman.com/photos.html" "Mozilla/5.0 (compatible; MSIE 9.0; Windows NT 6.0; Trident/5.0)"
2.241.67.16 - - [18/Aug/2013:16:00:43 -0400] "GET /images/480_017_080610web.jpg HTTP/1.1" 200 49984 "http://www.dawneaglewoman.com/photos.html" "Mozilla/5.0 (compatible; MSIE 9.0; Windows NT 6.0; Trident/5.0)"
92.37.66.199 - - [18/Aug/2013:17:10:34 -0400] "GET /images/719_00_White_Wolf_in_Snow_JPG.jpg HTTP/1.1" 200 76723 "http://keeproleplaying.forumotion.com/t1506-openmisty-woods-wolf-packopen" "Mozilla/5.0 (Windows NT 6.1; WOW64) AppleWebKit/537.36 (KHTML, like Gecko) Chrome/28.0.1500.95 Safari/537.36"
184.21.22.86 - - [18/Aug/2013:14:16:38 -0400] "GET /images/487_100708-077_090108-Front.jpg HTTP/1.1" 200 55833 "http://www.dawneaglewoman.com/individualworkretreats.html" "Mozilla/5.0 (Macintosh; Intel Mac OS X 10_7_5) AppleWebKit/537.36 (KHTML, like Gecko) Chrome/28.0.1500.95 Safari/537.36"
184.21.22.86 - - [18/Aug/2013:14:16:39 -0400] "GET /images/319_1007078-001_100708-MedRm2.jpg HTTP/1.1" 200 43349 "http://www.dawneaglewoman.com/individualworkretreats.html" "Mozilla/5.0 (Macintosh; Intel Mac OS X 10_7_5) AppleWebKit/537.36 (KHTML, like Gecko) Chrome/28.0.1500.95 Safari/537.36"
184.21.22.86 - - [18/Aug/2013:14:16:40 -0400] "GET /images/153_100708-021_090108-Moon.jpg HTTP/1.1" 200 3581 "http://www.dawneaglewoman.com/individualworkretreats.html" "Mozilla/5.0 (Macintosh; Intel Mac OS X 10_7_5) AppleWebKit/537.36 (KHTML, like Gecko) Chrome/28.0.1500.95 Safari/537.36"
66.249.82.179 - - [18/Aug/2013:14:35:08 -0400] "GET /images/375_01%20Generator%20Room%20JPG.jpg HTTP/1.1" 200 22799 "http://www.dawneaglewoman.com/earthshipalternativeenergy/earthshipphotojournal.html" "Mozilla/5.0 (X11; Linux x86_64) AppleWebKit/537.4 (KHTML, like Gecko; Google Web Preview) Chrome/22.0.1229 Safari/537.4"
66.249.82.179 - - [18/Aug/2013:14:35:08 -0400] "GET /images/375_123004_Kitchen_Drift.jpg HTTP/1.1" 200 18700 "http://www.dawneaglewoman.com/earthshipalternativeenergy/earthshipphotojournal.html" "Mozilla/5.0 (X11; Linux x86_64) AppleWebKit/537.4 (KHTML, like Gecko; Google Web Preview) Chrome/22.0.1229 Safari/537.4"
66.249.82.179 - - [18/Aug/2013:14:35:08 -0400] "GET /images/photoalbum/button_photoSpeed3_ON.jpg HTTP/1.1" 200 587 "http://www.dawneaglewoman.com/earthshipalternativeenergy/earthshipphotojournal.html" "Mozilla/5.0 (X11; Linux x86_64) AppleWebKit/537.4 (KHTML, like Gecko; Google Web Preview) Chrome/22.0.1229 Safari/537.4"
66.249.82.179 - - [18/Aug/2013:14:35:08 -0400] "GET /images/480_022006_Compost_2.jpg HTTP/1.1" 200 41344 "http://www.dawneaglewoman.com/earthshipalternativeenergy/earthshipphotojournal.html" "Mozilla/5.0 (X11; Linux x86_64) AppleWebKit/537.4 (KHTML, like Gecko; Google Web Preview) Chrome/22.0.1229 Safari/537.4"
66.249.82.179 - - [18/Aug/2013:14:35:08 -0400] "GET /images/214_022006_Hall_Ceiling_14.jpg HTTP/1.1" 200 6589 "http://www.dawneaglewoman.com/earthshipalternativeenergy/earthshipphotojournal.html" "Mozilla/5.0 (X11; Linux x86_64) AppleWebKit/537.4 (KHTML, like Gecko; Google Web Preview) Chrome/22.0.1229 Safari/537.4"
66.249.82.179 - - [18/Aug/2013:14:35:08 -0400] "GET /images/480_022006_Hall_Ceiling_3.jpg HTTP/1.1" 200 28963 "http://www.dawneaglewoman.com/earthshipalternativeenergy/earthshipphotojournal.html" "Mozilla/5.0 (X11; Linux x86_64) AppleWebKit/537.4 (KHTML, like Gecko; Google Web Preview) Chrome/22.0.1229 Safari/537.4"
66.249.82.179 - - [18/Aug/2013:14:35:08 -0400] "GET /images/142_022006_Hallway_Steps_Done_1.jpg HTTP/1.1" 200 6956 "http://www.dawneaglewoman.com/earthshipalternativeenergy/earthshipphotojournal.html" "Mozilla/5.0 (X11; Linux x86_64) AppleWebKit/537.4 (KHTML, like Gecko; Google Web Preview) Chrome/22.0.1229 Safari/537.4"
