0byt3m1n1
Path:
/
data
/
0
/
0
/
75
/
139
/
75791
/
meta
/
77076
/
logs
/
[
Home
]
File: x-access_log.2013-08-19
178.154.204.250 - - [19/Aug/2013:13:07:43 -0400] "GET / HTTP/1.1" 200 11234 "-" "Mozilla/5.0 (compatible; YandexBot/3.0; +http://yandex.com/bots)"
107.202.248.203 - - [19/Aug/2013:13:27:12 -0400] "GET /images/280_DEW_Serious_Front_JPG.jpg HTTP/1.1" 200 25201 "http://www.123people.com/f/dawn+eagle" "Mozilla/5.0 (compatible; MSIE 10.0; Windows NT 6.2; WOW64; Trident/6.0; MATBJS)"
77.168.160.240 - - [19/Aug/2013:18:00:11 -0400] "GET /images/2013_Medicine_Wheel.doc HTTP/1.1" 200 1620480 "http://www.dawneaglewoman.com/comingworkshopsevents.html" "Mozilla/5.0 (Windows NT 6.0) AppleWebKit/537.36 (KHTML, like Gecko) Chrome/28.0.1500.95 Safari/537.36"
99.42.92.208 - - [19/Aug/2013:04:48:03 -0400] "GET /images/280_DEW_Serious_Front_JPG.jpg HTTP/1.1" 200 25201 "https://www.google.com/" "Mozilla/5.0 (iPhone; CPU iPhone OS 6_1_4 like Mac OS X) AppleWebKit/536.26 (KHTML, like Gecko) Version/6.0 Mobile/10B350 Safari/8536.25"
65.55.215.37 - - [19/Aug/2013:22:56:06 -0400] "GET /robots.txt HTTP/1.1" 200 25 "-" "msnbot-media/1.1 (+http://search.msn.com/msnbot.htm)"
172.7.188.225 - - [19/Aug/2013:19:37:40 -0400] "GET /wp-login.php HTTP/1.0" 403 214 "-" "Mozilla/5.0 (Windows NT 6.1; rv:19.0) Gecko/20100101 Firefox/19.0"
66.249.75.179 - - [19/Aug/2013:13:54:21 -0400] "GET /robots.txt HTTP/1.1" 200 25 "-" "Mozilla/5.0 (compatible; Googlebot/2.1; +http://www.google.com/bot.html)"
66.249.75.179 - - [19/Aug/2013:13:54:21 -0400] "GET /images/JD_DEW_Brighton_Nov_2012_-_AW.pdf HTTP/1.1" 200 1888179 "-" "Googlebot/2.1 (+http://www.google.com/bot.html)"
130.132.91.23 - - [19/Aug/2013:16:53:40 -0400] "GET /images/156_050707-062805-040.jpg HTTP/1.1" 200 2037 "http://www.dawneaglewoman.com/clouds.html" "Mozilla/4.0 (compatible; MSIE 8.0; Windows NT 5.1; Trident/4.0; .NET CLR 2.0.50727; .NET CLR 3.5.30729; .NET CLR 3.0.4506.2152; InfoPath.2)"
130.132.91.23 - - [19/Aug/2013:16:53:40 -0400] "GET /images/156_050707-020406-092.jpg HTTP/1.1" 200 2581 "http://www.dawneaglewoman.com/clouds.html" "Mozilla/4.0 (compatible; MSIE 8.0; Windows NT 5.1; Trident/4.0; .NET CLR 2.0.50727; .NET CLR 3.5.30729; .NET CLR 3.0.4506.2152; InfoPath.2)"
130.132.91.23 - - [19/Aug/2013:16:53:40 -0400] "GET /images/156_050707-032105-019.jpg HTTP/1.1" 200 5604 "http://www.dawneaglewoman.com/clouds.html" "Mozilla/4.0 (compatible; MSIE 8.0; Windows NT 5.1; Trident/4.0; .NET CLR 2.0.50727; .NET CLR 3.5.30729; .NET CLR 3.0.4506.2152; InfoPath.2)"
130.132.91.23 - - [19/Aug/2013:16:53:40 -0400] "GET /images/156_050707-062006a-015.jpg HTTP/1.1" 200 2835 "http://www.dawneaglewoman.com/clouds.html" "Mozilla/4.0 (compatible; MSIE 8.0; Windows NT 5.1; Trident/4.0; .NET CLR 2.0.50727; .NET CLR 3.5.30729; .NET CLR 3.0.4506.2152; InfoPath.2)"
130.132.91.23 - - [19/Aug/2013:16:53:40 -0400] "GET /images/156_050707-062006-091.jpg HTTP/1.1" 200 2976 "http://www.dawneaglewoman.com/clouds.html" "Mozilla/4.0 (compatible; MSIE 8.0; Windows NT 5.1; Trident/4.0; .NET CLR 2.0.50727; .NET CLR 3.5.30729; .NET CLR 3.0.4506.2152; InfoPath.2)"
130.132.91.23 - - [19/Aug/2013:16:53:40 -0400] "GET /images/156_050707-080406-016.jpg HTTP/1.1" 200 4346 "http://www.dawneaglewoman.com/clouds.html" "Mozilla/4.0 (compatible; MSIE 8.0; Windows NT 5.1; Trident/4.0; .NET CLR 2.0.50727; .NET CLR 3.5.30729; .NET CLR 3.0.4506.2152; InfoPath.2)"
130.132.91.23 - - [19/Aug/2013:16:53:40 -0400] "GET /images/156_050707-072206-072.jpg HTTP/1.1" 200 3270 "http://www.dawneaglewoman.com/clouds.html" "Mozilla/4.0 (compatible; MSIE 8.0; Windows NT 5.1; Trident/4.0; .NET CLR 2.0.50727; .NET CLR 3.5.30729; .NET CLR 3.0.4506.2152; InfoPath.2)"
130.132.91.23 - - [19/Aug/2013:16:53:40 -0400] "GET /images/156_050707-072206-025.jpg HTTP/1.1" 200 4821 "http://www.dawneaglewoman.com/clouds.html" "Mozilla/4.0 (compatible; MSIE 8.0; Windows NT 5.1; Trident/4.0; .NET CLR 2.0.50727; .NET CLR 3.5.30729; .NET CLR 3.0.4506.2152; InfoPath.2)"
130.132.91.23 - - [19/Aug/2013:16:53:40 -0400] "GET /images/156_050707-072206-021.jpg HTTP/1.1" 200 2309 "http://www.dawneaglewoman.com/clouds.html" "Mozilla/4.0 (compatible; MSIE 8.0; Windows NT 5.1; Trident/4.0; .NET CLR 2.0.50727; .NET CLR 3.5.30729; .NET CLR 3.0.4506.2152; InfoPath.2)"
77.168.160.240 - - [19/Aug/2013:17:59:17 -0400] "GET /scripts/website.css HTTP/1.1" 200 1651 "http://www.dawneaglewoman.com/" "Mozilla/5.0 (Windows NT 6.0) AppleWebKit/537.36 (KHTML, like Gecko) Chrome/28.0.1500.95 Safari/537.36"
77.168.160.240 - - [19/Aug/2013:17:59:18 -0400] "GET /images/ic_047_navcontainer_bg.png HTTP/1.1" 200 48876 "http://www.dawneaglewoman.com/" "Mozilla/5.0 (Windows NT 6.0) AppleWebKit/537.36 (KHTML, like Gecko) Chrome/28.0.1500.95 Safari/537.36"
66.249.75.179 - - [19/Aug/2013:03:49:42 -0400] "GET /images/Kindred_Spirit_Web_Sep_06.doc HTTP/1.1" 304 - "-" "Mozilla/5.0 (compatible; Googlebot/2.1; +http://www.google.com/bot.html)"
2.50.142.223 - - [19/Aug/2013:04:11:14 -0400] "GET /images/719_00_White_Wolf_in_Snow_JPG.jpg HTTP/1.1" 200 76723 "http://search.yahoo.com/search;_ylt=AnfmXwJdu.AEiQQjZpAJjFWbvZx4?p=SNOW+WOMEN&toggle=1&cop=mss&ei=UTF-8&fr=yfp-t-900" "Mozilla/4.0 (compatible; MSIE 7.0; Windows NT 5.1)"
130.132.91.23 - - [19/Aug/2013:16:53:40 -0400] "GET /images/ic_047_navcontainer_bg.png HTTP/1.1" 200 48876 "http://www.dawneaglewoman.com/clouds.html" "Mozilla/4.0 (compatible; MSIE 8.0; Windows NT 5.1; Trident/4.0; .NET CLR 2.0.50727; .NET CLR 3.5.30729; .NET CLR 3.0.4506.2152; InfoPath.2)"
130.132.91.23 - - [19/Aug/2013:16:53:40 -0400] "GET /images/156_050707-060505a-023.jpg HTTP/1.1" 200 4073 "http://www.dawneaglewoman.com/clouds.html" "Mozilla/4.0 (compatible; MSIE 8.0; Windows NT 5.1; Trident/4.0; .NET CLR 2.0.50727; .NET CLR 3.5.30729; .NET CLR 3.0.4506.2152; InfoPath.2)"
130.132.91.23 - - [19/Aug/2013:16:53:40 -0400] "GET /images/156_050707-062006a-006.jpg HTTP/1.1" 200 3875 "http://www.dawneaglewoman.com/clouds.html" "Mozilla/4.0 (compatible; MSIE 8.0; Windows NT 5.1; Trident/4.0; .NET CLR 2.0.50727; .NET CLR 3.5.30729; .NET CLR 3.0.4506.2152; InfoPath.2)"
130.132.91.23 - - [19/Aug/2013:16:53:40 -0400] "GET /images/156_050707-062805-037.jpg HTTP/1.1" 200 2608 "http://www.dawneaglewoman.com/clouds.html" "Mozilla/4.0 (compatible; MSIE 8.0; Windows NT 5.1; Trident/4.0; .NET CLR 2.0.50727; .NET CLR 3.5.30729; .NET CLR 3.0.4506.2152; InfoPath.2)"
130.132.91.23 - - [19/Aug/2013:16:53:40 -0400] "GET /images/156_050707-083005-073.jpg HTTP/1.1" 200 3247 "http://www.dawneaglewoman.com/clouds.html" "Mozilla/4.0 (compatible; MSIE 8.0; Windows NT 5.1; Trident/4.0; .NET CLR 2.0.50727; .NET CLR 3.5.30729; .NET CLR 3.0.4506.2152; InfoPath.2)"
130.132.91.23 - - [19/Aug/2013:16:53:40 -0400] "GET /images/156_050707-013006-100.jpg HTTP/1.1" 200 4111 "http://www.dawneaglewoman.com/clouds.html" "Mozilla/4.0 (compatible; MSIE 8.0; Windows NT 5.1; Trident/4.0; .NET CLR 2.0.50727; .NET CLR 3.5.30729; .NET CLR 3.0.4506.2152; InfoPath.2)"
130.132.91.23 - - [19/Aug/2013:16:53:40 -0400] "GET /images/156_050707-062305-086.jpg HTTP/1.1" 200 3376 "http://www.dawneaglewoman.com/clouds.html" "Mozilla/4.0 (compatible; MSIE 8.0; Windows NT 5.1; Trident/4.0; .NET CLR 2.0.50727; .NET CLR 3.5.30729; .NET CLR 3.0.4506.2152; InfoPath.2)"
130.132.91.23 - - [19/Aug/2013:16:53:40 -0400] "GET /images/156_050707-100406b-067.jpg HTTP/1.1" 200 4587 "http://www.dawneaglewoman.com/clouds.html" "Mozilla/4.0 (compatible; MSIE 8.0; Windows NT 5.1; Trident/4.0; .NET CLR 2.0.50727; .NET CLR 3.5.30729; .NET CLR 3.0.4506.2152; InfoPath.2)"
95.67.80.226 - - [19/Aug/2013:12:56:34 -0400] "GET / HTTP/1.0" 200 11234 "-" "Mozilla/4.0 (compatible; MSIE 6.0; Windows NT 5.1)"
77.168.160.240 - - [19/Aug/2013:18:03:15 -0400] "GET /photos.html HTTP/1.1" 200 14528 "http://www.dawneaglewoman.com/recenteventsalbum.html" "Mozilla/5.0 (Windows NT 6.0) AppleWebKit/537.36 (KHTML, like Gecko) Chrome/28.0.1500.95 Safari/537.36"
77.168.160.240 - - [19/Aug/2013:18:03:15 -0400] "GET /images/photoalbum/button_photoPrev.jpg HTTP/1.1" 200 656 "http://www.dawneaglewoman.com/photos.html" "Mozilla/5.0 (Windows NT 6.0) AppleWebKit/537.36 (KHTML, like Gecko) Chrome/28.0.1500.95 Safari/537.36"
77.168.160.240 - - [19/Aug/2013:18:03:15 -0400] "GET /images/photoalbum/button_photoLast.jpg HTTP/1.1" 200 637 "http://www.dawneaglewoman.com/photos.html" "Mozilla/5.0 (Windows NT 6.0) AppleWebKit/537.36 (KHTML, like Gecko) Chrome/28.0.1500.95 Safari/537.36"
77.168.160.240 - - [19/Aug/2013:18:03:15 -0400] "GET /images/photoalbum/photo_controlBG.jpg HTTP/1.1" 200 336 "http://www.dawneaglewoman.com/photos.html" "Mozilla/5.0 (Windows NT 6.0) AppleWebKit/537.36 (KHTML, like Gecko) Chrome/28.0.1500.95 Safari/537.36"
77.168.160.240 - - [19/Aug/2013:18:03:16 -0400] "GET /images/480_082205-009web.jpg HTTP/1.1" 200 25800 "http://www.dawneaglewoman.com/photos.html" "Mozilla/5.0 (Windows NT 6.0) AppleWebKit/537.36 (KHTML, like Gecko) Chrome/28.0.1500.95 Safari/537.36"
77.168.160.240 - - [19/Aug/2013:18:03:16 -0400] "GET /images/480_052_092108web.jpg HTTP/1.1" 200 27104 "http://www.dawneaglewoman.com/photos.html" "Mozilla/5.0 (Windows NT 6.0) AppleWebKit/537.36 (KHTML, like Gecko) Chrome/28.0.1500.95 Safari/537.36"
77.168.160.240 - - [19/Aug/2013:18:03:16 -0400] "GET /images/319_082105-064web.jpg HTTP/1.1" 200 30334 "http://www.dawneaglewoman.com/photos.html" "Mozilla/5.0 (Windows NT 6.0) AppleWebKit/537.36 (KHTML, like Gecko) Chrome/28.0.1500.95 Safari/537.36"
77.168.160.240 - - [19/Aug/2013:18:03:16 -0400] "GET /images/480_011505-0167web.jpg HTTP/1.1" 200 19227 "http://www.dawneaglewoman.com/photos.html" "Mozilla/5.0 (Windows NT 6.0) AppleWebKit/537.36 (KHTML, like Gecko) Chrome/28.0.1500.95 Safari/537.36"
77.168.160.240 - - [19/Aug/2013:18:03:16 -0400] "GET /images/480_017_080610web.jpg HTTP/1.1" 200 49984 "http://www.dawneaglewoman.com/photos.html" "Mozilla/5.0 (Windows NT 6.0) AppleWebKit/537.36 (KHTML, like Gecko) Chrome/28.0.1500.95 Safari/537.36"
66.249.75.179 - - [19/Aug/2013:00:39:08 -0400] "GET /scripts/website.css HTTP/1.1" 200 1651 "-" "Mozilla/5.0 (compatible; Googlebot/2.1; +http://www.google.com/bot.html)"
180.76.5.97 - - [19/Aug/2013:06:52:07 -0400] "GET /scripts/icwebsiteelement.css HTTP/1.1" 200 8132 "-" "Mozilla/5.0 (compatible; Baiduspider/2.0; +http://www.baidu.com/search/spider.html)"
123.125.71.14 - - [19/Aug/2013:14:40:52 -0400] "GET /robots.txt HTTP/1.1" 200 25 "-" "Mozilla/5.0 (compatible; Baiduspider/2.0; +http://www.baidu.com/search/spider.html)"
5.9.22.40 - - [19/Aug/2013:23:55:07 -0400] "GET /robots.txt HTTP/1.1" 200 25 "-" "Mozilla/5.0 (compatible; SearchmetricsBot; http://www.searchmetrics.com/en/searchmetrics-bot/)"
5.9.22.40 - - [19/Aug/2013:23:55:08 -0400] "GET / HTTP/1.1" 200 11234 "-" "Mozilla/5.0 (compatible; SearchmetricsBot; http://www.searchmetrics.com/en/searchmetrics-bot/)"
5.9.22.40 - - [19/Aug/2013:23:55:08 -0400] "GET /../scripts/ic_globals_published.js HTTP/1.1" 400 226 "-" "Mozilla/5.0 (compatible; SearchmetricsBot; http://www.searchmetrics.com/en/searchmetrics-bot/)"
66.249.75.179 - - [19/Aug/2013:15:56:23 -0400] "GET /images/JD_DEW_London_Nov_2012_-_AW.pdf HTTP/1.1" 200 1405176 "-" "Googlebot/2.1 (+http://www.google.com/bot.html)"
130.132.91.23 - - [19/Aug/2013:16:53:40 -0400] "GET /images/blue-lotus-dsc06099-a2-ws.jpg HTTP/1.1" 200 9426 "http://www.dawneaglewoman.com/clouds.html" "Mozilla/4.0 (compatible; MSIE 8.0; Windows NT 5.1; Trident/4.0; .NET CLR 2.0.50727; .NET CLR 3.5.30729; .NET CLR 3.0.4506.2152; InfoPath.2)"
130.132.91.23 - - [19/Aug/2013:16:53:40 -0400] "GET /images/156_050707-062805-081.jpg HTTP/1.1" 200 2081 "http://www.dawneaglewoman.com/clouds.html" "Mozilla/4.0 (compatible; MSIE 8.0; Windows NT 5.1; Trident/4.0; .NET CLR 2.0.50727; .NET CLR 3.5.30729; .NET CLR 3.0.4506.2152; InfoPath.2)"
130.132.91.23 - - [19/Aug/2013:16:53:40 -0400] "GET /images/156_050707-063005-092.jpg HTTP/1.1" 200 3430 "http://www.dawneaglewoman.com/clouds.html" "Mozilla/4.0 (compatible; MSIE 8.0; Windows NT 5.1; Trident/4.0; .NET CLR 2.0.50727; .NET CLR 3.5.30729; .NET CLR 3.0.4506.2152; InfoPath.2)"
130.132.91.23 - - [19/Aug/2013:16:53:40 -0400] "GET /images/156_050707-052205-129.jpg HTTP/1.1" 200 5887 "http://www.dawneaglewoman.com/clouds.html" "Mozilla/4.0 (compatible; MSIE 8.0; Windows NT 5.1; Trident/4.0; .NET CLR 2.0.50727; .NET CLR 3.5.30729; .NET CLR 3.0.4506.2152; InfoPath.2)"
130.132.91.23 - - [19/Aug/2013:16:53:40 -0400] "GET /images/156_050707-062006-087.jpg HTTP/1.1" 200 3639 "http://www.dawneaglewoman.com/clouds.html" "Mozilla/4.0 (compatible; MSIE 8.0; Windows NT 5.1; Trident/4.0; .NET CLR 2.0.50727; .NET CLR 3.5.30729; .NET CLR 3.0.4506.2152; InfoPath.2)"
130.132.91.23 - - [19/Aug/2013:16:53:40 -0400] "GET /images/156_050707-061605-086.jpg HTTP/1.1" 200 4546 "http://www.dawneaglewoman.com/clouds.html" "Mozilla/4.0 (compatible; MSIE 8.0; Windows NT 5.1; Trident/4.0; .NET CLR 2.0.50727; .NET CLR 3.5.30729; .NET CLR 3.0.4506.2152; InfoPath.2)"
130.132.91.23 - - [19/Aug/2013:16:53:40 -0400] "GET /images/156_050707-072905-024.jpg HTTP/1.1" 200 3076 "http://www.dawneaglewoman.com/clouds.html" "Mozilla/4.0 (compatible; MSIE 8.0; Windows NT 5.1; Trident/4.0; .NET CLR 2.0.50727; .NET CLR 3.5.30729; .NET CLR 3.0.4506.2152; InfoPath.2)"
130.132.91.23 - - [19/Aug/2013:16:53:40 -0400] "GET /images/156_050707-072206-058.jpg HTTP/1.1" 200 4644 "http://www.dawneaglewoman.com/clouds.html" "Mozilla/4.0 (compatible; MSIE 8.0; Windows NT 5.1; Trident/4.0; .NET CLR 2.0.50727; .NET CLR 3.5.30729; .NET CLR 3.0.4506.2152; InfoPath.2)"
130.132.91.23 - - [19/Aug/2013:16:53:40 -0400] "GET /images/156_050707-083005a-006.jpg HTTP/1.1" 200 4690 "http://www.dawneaglewoman.com/clouds.html" "Mozilla/4.0 (compatible; MSIE 8.0; Windows NT 5.1; Trident/4.0; .NET CLR 2.0.50727; .NET CLR 3.5.30729; .NET CLR 3.0.4506.2152; InfoPath.2)"
130.132.91.23 - - [19/Aug/2013:16:53:40 -0400] "GET /favicon.ico HTTP/1.1" 404 575 "-" "Mozilla/4.0 (compatible; MSIE 8.0; Windows NT 5.1; Trident/4.0; .NET CLR 2.0.50727; .NET CLR 3.5.30729; .NET CLR 3.0.4506.2152; InfoPath.2)"
98.25.134.216 - - [19/Aug/2013:00:13:51 -0400] "GET /images/469_DEW_and_Lap_Dogs.jpg HTTP/1.1" 200 21248 "http://www.google.com/search?client=safari&hl=en&biw=768&bih=928&tbm=isch&sa=1&ei=_JoRUvfwOIapyAHcg4Fg&q=lap+dogs&oq=lap+&gs_l=img.1.5.0l10.23415.48170.0.51169.11.11.0.0.0.0.454.1420.1j4j1j0j1.7.0....0...1c.1.25.img..4.7.1415.QdYCWtzhhMQ" "Mozilla/5.0 (iPad; CPU OS 5_1_1 like Mac OS X) AppleWebKit/534.46 (KHTML, like Gecko) Version/5.1 Mobile/9B206 Safari/7534.48.3"
66.249.75.179 - - [19/Aug/2013:11:02:49 -0400] "GET /dawneaglewomanhome/publishedarticles.html HTTP/1.1" 200 9038 "-" "Mozilla/5.0 (compatible; Googlebot/2.1; +http://www.google.com/bot.html)"
77.168.160.240 - - [19/Aug/2013:18:03:15 -0400] "GET /scripts/39custom.css HTTP/1.1" 200 1141 "http://www.dawneaglewoman.com/photos.html" "Mozilla/5.0 (Windows NT 6.0) AppleWebKit/537.36 (KHTML, like Gecko) Chrome/28.0.1500.95 Safari/537.36"
77.168.160.240 - - [19/Aug/2013:18:03:15 -0400] "GET /images/photoalbum/button_photoFirst.jpg HTTP/1.1" 200 637 "http://www.dawneaglewoman.com/photos.html" "Mozilla/5.0 (Windows NT 6.0) AppleWebKit/537.36 (KHTML, like Gecko) Chrome/28.0.1500.95 Safari/537.36"
77.168.160.240 - - [19/Aug/2013:18:03:15 -0400] "GET /images/photoalbum/button_photoSpeed4.jpg HTTP/1.1" 200 506 "http://www.dawneaglewoman.com/photos.html" "Mozilla/5.0 (Windows NT 6.0) AppleWebKit/537.36 (KHTML, like Gecko) Chrome/28.0.1500.95 Safari/537.36"
77.168.160.240 - - [19/Aug/2013:18:03:16 -0400] "GET /images/231_082205-009web.jpg HTTP/1.1" 200 7497 "http://www.dawneaglewoman.com/photos.html" "Mozilla/5.0 (Windows NT 6.0) AppleWebKit/537.36 (KHTML, like Gecko) Chrome/28.0.1500.95 Safari/537.36"
77.168.160.240 - - [19/Aug/2013:18:03:16 -0400] "GET /images/231_052_092108web.jpg HTTP/1.1" 200 7702 "http://www.dawneaglewoman.com/photos.html" "Mozilla/5.0 (Windows NT 6.0) AppleWebKit/537.36 (KHTML, like Gecko) Chrome/28.0.1500.95 Safari/537.36"
77.168.160.240 - - [19/Aug/2013:18:03:16 -0400] "GET /images/487_082105-064web.jpg HTTP/1.1" 200 68452 "http://www.dawneaglewoman.com/photos.html" "Mozilla/5.0 (Windows NT 6.0) AppleWebKit/537.36 (KHTML, like Gecko) Chrome/28.0.1500.95 Safari/537.36"
77.168.160.240 - - [19/Aug/2013:18:03:17 -0400] "GET /images/319_092405-069web.jpg HTTP/1.1" 200 38541 "http://www.dawneaglewoman.com/photos.html" "Mozilla/5.0 (Windows NT 6.0) AppleWebKit/537.36 (KHTML, like Gecko) Chrome/28.0.1500.95 Safari/537.36"
77.168.160.240 - - [19/Aug/2013:18:03:17 -0400] "GET /images/473_Aspens.jpg HTTP/1.1" 200 120091 "http://www.dawneaglewoman.com/photos.html" "Mozilla/5.0 (Windows NT 6.0) AppleWebKit/537.36 (KHTML, like Gecko) Chrome/28.0.1500.95 Safari/537.36"
65.55.24.237 - - [19/Aug/2013:23:59:48 -0400] "GET /calendar.html HTTP/1.1" 304 - "-" "Mozilla/5.0 (compatible; bingbot/2.0; +http://www.bing.com/bingbot.htm)"
208.115.113.89 - - [19/Aug/2013:11:40:42 -0400] "GET /pages/1/index.htm HTTP/1.1" 200 118 "-" "Mozilla/5.0 (compatible; Ezooms/1.0; ezooms.bot@gmail.com)"
66.249.75.179 - - [19/Aug/2013:03:42:51 -0400] "GET /earthshipphotojournal.html HTTP/1.1" 304 - "-" "Mozilla/5.0 (compatible; Googlebot/2.1; +http://www.google.com/bot.html)"
130.132.91.23 - - [19/Aug/2013:16:53:40 -0400] "GET /images/clear_pixel.gif HTTP/1.1" 404 575 "http://www.dawneaglewoman.com/clouds.html" "Mozilla/4.0 (compatible; MSIE 8.0; Windows NT 5.1; Trident/4.0; .NET CLR 2.0.50727; .NET CLR 3.5.30729; .NET CLR 3.0.4506.2152; InfoPath.2)"
130.132.91.23 - - [19/Aug/2013:16:53:40 -0400] "GET /images/156_050707-080406-047.jpg HTTP/1.1" 200 2926 "http://www.dawneaglewoman.com/clouds.html" "Mozilla/4.0 (compatible; MSIE 8.0; Windows NT 5.1; Trident/4.0; .NET CLR 2.0.50727; .NET CLR 3.5.30729; .NET CLR 3.0.4506.2152; InfoPath.2)"
130.132.91.23 - - [19/Aug/2013:16:53:40 -0400] "GET /images/156_050707-062805-054.jpg HTTP/1.1" 200 2410 "http://www.dawneaglewoman.com/clouds.html" "Mozilla/4.0 (compatible; MSIE 8.0; Windows NT 5.1; Trident/4.0; .NET CLR 2.0.50727; .NET CLR 3.5.30729; .NET CLR 3.0.4506.2152; InfoPath.2)"
130.132.91.23 - - [19/Aug/2013:16:53:40 -0400] "GET /images/156_050707-062906-060.jpg HTTP/1.1" 200 4165 "http://www.dawneaglewoman.com/clouds.html" "Mozilla/4.0 (compatible; MSIE 8.0; Windows NT 5.1; Trident/4.0; .NET CLR 2.0.50727; .NET CLR 3.5.30729; .NET CLR 3.0.4506.2152; InfoPath.2)"
130.132.91.23 - - [19/Aug/2013:16:53:40 -0400] "GET /images/156_050707-020406-084.jpg HTTP/1.1" 200 2533 "http://www.dawneaglewoman.com/clouds.html" "Mozilla/4.0 (compatible; MSIE 8.0; Windows NT 5.1; Trident/4.0; .NET CLR 2.0.50727; .NET CLR 3.5.30729; .NET CLR 3.0.4506.2152; InfoPath.2)"
130.132.91.23 - - [19/Aug/2013:16:53:40 -0400] "GET /images/156_050707-051306-036.jpg HTTP/1.1" 200 5782 "http://www.dawneaglewoman.com/clouds.html" "Mozilla/4.0 (compatible; MSIE 8.0; Windows NT 5.1; Trident/4.0; .NET CLR 2.0.50727; .NET CLR 3.5.30729; .NET CLR 3.0.4506.2152; InfoPath.2)"
130.132.91.23 - - [19/Aug/2013:16:53:40 -0400] "GET /images/156_050707-061705-010.jpg HTTP/1.1" 200 3037 "http://www.dawneaglewoman.com/clouds.html" "Mozilla/4.0 (compatible; MSIE 8.0; Windows NT 5.1; Trident/4.0; .NET CLR 2.0.50727; .NET CLR 3.5.30729; .NET CLR 3.0.4506.2152; InfoPath.2)"
130.132.91.23 - - [19/Aug/2013:16:53:40 -0400] "GET /images/156_050707-061605-051.jpg HTTP/1.1" 200 2117 "http://www.dawneaglewoman.com/clouds.html" "Mozilla/4.0 (compatible; MSIE 8.0; Windows NT 5.1; Trident/4.0; .NET CLR 2.0.50727; .NET CLR 3.5.30729; .NET CLR 3.0.4506.2152; InfoPath.2)"
130.132.91.23 - - [19/Aug/2013:16:53:40 -0400] "GET /images/156_050707-062006a-001.jpg HTTP/1.1" 200 2083 "http://www.dawneaglewoman.com/clouds.html" "Mozilla/4.0 (compatible; MSIE 8.0; Windows NT 5.1; Trident/4.0; .NET CLR 2.0.50727; .NET CLR 3.5.30729; .NET CLR 3.0.4506.2152; InfoPath.2)"
130.132.91.23 - - [19/Aug/2013:16:53:40 -0400] "GET /images/156_050707-061605-066.jpg HTTP/1.1" 200 3513 "http://www.dawneaglewoman.com/clouds.html" "Mozilla/4.0 (compatible; MSIE 8.0; Windows NT 5.1; Trident/4.0; .NET CLR 2.0.50727; .NET CLR 3.5.30729; .NET CLR 3.0.4506.2152; InfoPath.2)"
130.132.91.23 - - [19/Aug/2013:16:53:40 -0400] "GET /images/156_050707-072206-047.jpg HTTP/1.1" 200 3690 "http://www.dawneaglewoman.com/clouds.html" "Mozilla/4.0 (compatible; MSIE 8.0; Windows NT 5.1; Trident/4.0; .NET CLR 2.0.50727; .NET CLR 3.5.30729; .NET CLR 3.0.4506.2152; InfoPath.2)"
130.132.91.23 - - [19/Aug/2013:16:53:40 -0400] "GET /images/156_050707-071705-040.jpg HTTP/1.1" 200 2795 "http://www.dawneaglewoman.com/clouds.html" "Mozilla/4.0 (compatible; MSIE 8.0; Windows NT 5.1; Trident/4.0; .NET CLR 2.0.50727; .NET CLR 3.5.30729; .NET CLR 3.0.4506.2152; InfoPath.2)"
130.132.91.23 - - [19/Aug/2013:16:53:40 -0400] "GET /images/156_050707-092405-033.jpg HTTP/1.1" 200 4585 "http://www.dawneaglewoman.com/clouds.html" "Mozilla/4.0 (compatible; MSIE 8.0; Windows NT 5.1; Trident/4.0; .NET CLR 2.0.50727; .NET CLR 3.5.30729; .NET CLR 3.0.4506.2152; InfoPath.2)"
130.132.91.23 - - [19/Aug/2013:16:53:40 -0400] "GET /images/156_050707-112206-002.jpg HTTP/1.1" 200 2935 "http://www.dawneaglewoman.com/clouds.html" "Mozilla/4.0 (compatible; MSIE 8.0; Windows NT 5.1; Trident/4.0; .NET CLR 2.0.50727; .NET CLR 3.5.30729; .NET CLR 3.0.4506.2152; InfoPath.2)"
130.132.91.23 - - [19/Aug/2013:16:53:40 -0400] "GET /images/156_050707-062805-059.jpg HTTP/1.1" 200 2156 "http://www.dawneaglewoman.com/clouds.html" "Mozilla/4.0 (compatible; MSIE 8.0; Windows NT 5.1; Trident/4.0; .NET CLR 2.0.50727; .NET CLR 3.5.30729; .NET CLR 3.0.4506.2152; InfoPath.2)"
130.132.91.23 - - [19/Aug/2013:16:53:40 -0400] "GET /images/156_050707-063005-099.jpg HTTP/1.1" 200 2772 "http://www.dawneaglewoman.com/clouds.html" "Mozilla/4.0 (compatible; MSIE 8.0; Windows NT 5.1; Trident/4.0; .NET CLR 2.0.50727; .NET CLR 3.5.30729; .NET CLR 3.0.4506.2152; InfoPath.2)"
130.132.91.23 - - [19/Aug/2013:16:53:40 -0400] "GET /images/156_050707-071705-050.jpg HTTP/1.1" 200 2783 "http://www.dawneaglewoman.com/clouds.html" "Mozilla/4.0 (compatible; MSIE 8.0; Windows NT 5.1; Trident/4.0; .NET CLR 2.0.50727; .NET CLR 3.5.30729; .NET CLR 3.0.4506.2152; InfoPath.2)"
130.132.91.23 - - [19/Aug/2013:16:53:40 -0400] "GET /images/156_050707-072206-040.jpg HTTP/1.1" 200 5277 "http://www.dawneaglewoman.com/clouds.html" "Mozilla/4.0 (compatible; MSIE 8.0; Windows NT 5.1; Trident/4.0; .NET CLR 2.0.50727; .NET CLR 3.5.30729; .NET CLR 3.0.4506.2152; InfoPath.2)"
130.132.91.23 - - [19/Aug/2013:16:53:40 -0400] "GET /images/156_050707-083005a-019.jpg HTTP/1.1" 200 4720 "http://www.dawneaglewoman.com/clouds.html" "Mozilla/4.0 (compatible; MSIE 8.0; Windows NT 5.1; Trident/4.0; .NET CLR 2.0.50727; .NET CLR 3.5.30729; .NET CLR 3.0.4506.2152; InfoPath.2)"
130.132.91.23 - - [19/Aug/2013:16:53:40 -0400] "GET /images/156_050707-080406-038.jpg HTTP/1.1" 200 2481 "http://www.dawneaglewoman.com/clouds.html" "Mozilla/4.0 (compatible; MSIE 8.0; Windows NT 5.1; Trident/4.0; .NET CLR 2.0.50727; .NET CLR 3.5.30729; .NET CLR 3.0.4506.2152; InfoPath.2)"
77.168.160.240 - - [19/Aug/2013:17:59:17 -0400] "GET /scripts/ic_globals_published.js HTTP/1.1" 200 566 "http://www.dawneaglewoman.com/" "Mozilla/5.0 (Windows NT 6.0) AppleWebKit/537.36 (KHTML, like Gecko) Chrome/28.0.1500.95 Safari/537.36"
77.168.160.240 - - [19/Aug/2013:17:59:17 -0400] "GET /scripts/photoalbum.js HTTP/1.1" 200 62481 "http://www.dawneaglewoman.com/" "Mozilla/5.0 (Windows NT 6.0) AppleWebKit/537.36 (KHTML, like Gecko) Chrome/28.0.1500.95 Safari/537.36"
77.168.160.240 - - [19/Aug/2013:17:59:18 -0400] "GET /images/280_DEW_Serious_Front_JPG.jpg HTTP/1.1" 200 25201 "http://www.dawneaglewoman.com/" "Mozilla/5.0 (Windows NT 6.0) AppleWebKit/537.36 (KHTML, like Gecko) Chrome/28.0.1500.95 Safari/537.36"
77.168.160.240 - - [19/Aug/2013:17:59:35 -0400] "GET /favicon.ico HTTP/1.1" 404 575 "-" "Mozilla/5.0 (Windows NT 6.0) AppleWebKit/537.36 (KHTML, like Gecko) Chrome/28.0.1500.95 Safari/537.36"
77.168.160.240 - - [19/Aug/2013:18:02:09 -0400] "GET /scripts/29custom.css HTTP/1.1" 200 6882 "http://www.dawneaglewoman.com/recenteventsalbum.html" "Mozilla/5.0 (Windows NT 6.0) AppleWebKit/537.36 (KHTML, like Gecko) Chrome/28.0.1500.95 Safari/537.36"
77.168.160.240 - - [19/Aug/2013:18:02:09 -0400] "GET /images/461_2006_Buffalo_Skull_and_Fire.jpg HTTP/1.1" 200 41529 "http://www.dawneaglewoman.com/recenteventsalbum.html" "Mozilla/5.0 (Windows NT 6.0) AppleWebKit/537.36 (KHTML, like Gecko) Chrome/28.0.1500.95 Safari/537.36"
220.181.108.93 - - [19/Aug/2013:18:33:01 -0400] "GET /images/photoalbum/button_photoPause.jpg HTTP/1.1" 200 605 "-" "Baiduspider-image+(+http://www.baidu.com/search/spider.htm)"
74.67.47.198 - - [19/Aug/2013:10:50:20 -0400] "GET /images/719_00_White_Wolf_in_Snow_JPG.jpg HTTP/1.1" 200 76723 "http://www.google.com/search?q=white+wolf+with+violet+eyes&client=safari&hl=en&source=lnms&tbm=isch&sa=X&ei=lTASUru_IeTWyQHbx4CwDw&ved=0CAgQ_AUoAA&biw=320&bih=416" "Mozilla/5.0 (iPod; CPU iPhone OS 5_1 like Mac OS X) AppleWebKit/534.46 (KHTML, like Gecko) Version/5.1 Mobile/9B176 Safari/7534.48.3"
130.132.91.23 - - [19/Aug/2013:16:53:37 -0400] "GET /scripts/ic_globals_published.js HTTP/1.1" 200 566 "http://www.dawneaglewoman.com/clouds.html" "Mozilla/4.0 (compatible; MSIE 8.0; Windows NT 5.1; Trident/4.0; .NET CLR 2.0.50727; .NET CLR 3.5.30729; .NET CLR 3.0.4506.2152; InfoPath.2)"
130.132.91.23 - - [19/Aug/2013:16:53:37 -0400] "GET /scripts/user.js HTTP/1.1" 200 23762 "http://www.dawneaglewoman.com/clouds.html" "Mozilla/4.0 (compatible; MSIE 8.0; Windows NT 5.1; Trident/4.0; .NET CLR 2.0.50727; .NET CLR 3.5.30729; .NET CLR 3.0.4506.2152; InfoPath.2)"
81.100.213.87 - - [19/Aug/2013:17:33:42 -0400] "GET /images/340_061411-48-Meditation-Room.jpg HTTP/1.1" 200 23826 "http://www.google.co.uk/search?q=meditation+room&client=safari&hl=en&tbm=isch&tbo=u&source=univ&sa=X&ei=ZYwSUojTAdSXhQe_xoGgAw&ved=0CCsQsAQ&biw=1024&bih=672" "Mozilla/5.0 (iPad; CPU OS 5_1_1 like Mac OS X) AppleWebKit/534.46 (KHTML, like Gecko) Version/5.1 Mobile/9B206 Safari/7534.48.3"
66.249.75.179 - - [19/Aug/2013:23:46:21 -0400] "GET / HTTP/1.1" 200 11234 "-" "Mozilla/5.0 (iPhone; U; CPU iPhone OS 4_1 like Mac OS X; en-us) AppleWebKit/532.9 (KHTML, like Gecko) Version/4.0.5 Mobile/8B117 Safari/6531.22.7 (compatible; Googlebot-Mobile/2.1; +http://www.google.com/bot.html)"
208.115.113.89 - - [19/Aug/2013:10:52:52 -0400] "GET /robots.txt HTTP/1.1" 200 25 "-" "Mozilla/5.0 (compatible; Ezooms/1.0; ezooms.bot@gmail.com)"
77.168.160.240 - - [19/Aug/2013:18:02:01 -0400] "GET /favicon.ico HTTP/1.1" 404 575 "-" "Mozilla/5.0 (Windows NT 6.0) AppleWebKit/537.36 (KHTML, like Gecko) Chrome/28.0.1500.95 Safari/537.36"
199.21.99.110 - - [19/Aug/2013:21:50:52 -0400] "GET / HTTP/1.1" 200 11234 "-" "Mozilla/5.0 (compatible; YandexBot/3.0; +http://yandex.com/bots)"
69.114.106.189 - - [19/Aug/2013:16:57:58 -0400] "GET /images/719_00_White_Wolf_in_Snow_JPG.jpg HTTP/1.1" 200 76723 "http://images.search.yahoo.com/images/view;_ylt=A0PDoQ6phhJS4x0A_W2JzbkF;_ylu=X3oDMTFydXEwMThtBHNlYwNzcgRzbGsDaW1nBG9pZAM2MjZmMjBjMjgzZmIwNGM5ZDJkNGUyYzc5YjkyNGEyNgRncG9zAzc5?back=http%3A%2F%2Fimages.search.yahoo.com%2Fsearch%2Fimages%3Fp%3Dbeta%2Bwolf%2Bbecome%2Ba%2Balpha%26norw%3D1%26n%3D30%26ei%3DUTF-8%26y%3DSearch%26fr%3Dyfp-t-900%26fr2%3Dsp-qrw-corr-top%26tab%3Dorganic%26ri%3D79&w=212&h=256&imgurl=images6.fanpop.com%2Fimage%2Fpolls%2F1113000%2F1113628_1346895028847_full.jpg&rurl=http%3A%2F%2Fwww.fanpop.com%2Fclubs%2Fteen-wolf%2Fpicks%2Fresults%2F1113628&size=7.7KB&name=Would+you+date+Erica%3F+-+Teen+%3Cb%3EWolf+%3C%2Fb%3E-+Fanpop&p=beta+wolf+become+a+alpha&oid=626f20c283fb04c9d2d4e2c79b924a26&fr2=sp-qrw-corr-top&fr=yfp-t-900&tt=Would+you+date+Erica%3F+-+Teen+%3Cb%3EWolf+%3C%2Fb%3E-+Fanpop&b=61&ni=128&no=79&ts=&tab=organic&norw=1&sigr=11rejao15&sigb=14oa2fb49&sigi=125fkm6ec&.crumb=VzPMX/gyS5l&fr=yfp-t-900" "Mozilla/5.0 (compatible; MSIE 10.0; Windows NT 6.2; Win64; x64; Trident/6.0)"
77.168.160.240 - - [19/Aug/2013:18:00:21 -0400] "GET /calendar.html HTTP/1.1" 200 51462 "http://www.dawneaglewoman.com/comingworkshopsevents.html" "Mozilla/5.0 (Windows NT 6.0) AppleWebKit/537.36 (KHTML, like Gecko) Chrome/28.0.1500.95 Safari/537.36"
77.168.160.240 - - [19/Aug/2013:18:00:21 -0400] "GET /images/719_00_White_Wolf_in_Snow_JPG.jpg HTTP/1.1" 200 76723 "http://www.dawneaglewoman.com/calendar.html" "Mozilla/5.0 (Windows NT 6.0) AppleWebKit/537.36 (KHTML, like Gecko) Chrome/28.0.1500.95 Safari/537.36"
77.168.160.240 - - [19/Aug/2013:18:00:23 -0400] "GET /favicon.ico HTTP/1.1" 404 575 "-" "Mozilla/5.0 (Windows NT 6.0) AppleWebKit/537.36 (KHTML, like Gecko) Chrome/28.0.1500.95 Safari/537.36"
66.249.75.179 - - [19/Aug/2013:00:39:23 -0400] "GET /scripts/icwebsiteelement.css HTTP/1.1" 200 8132 "-" "Mozilla/5.0 (compatible; Googlebot/2.1; +http://www.google.com/bot.html)"
208.115.113.89 - - [19/Aug/2013:16:20:22 -0400] "GET /dawneaglewomanhome/linksfriendsgoodstuff.html HTTP/1.1" 200 15213 "-" "Mozilla/5.0 (compatible; Ezooms/1.0; ezooms.bot@gmail.com)"
77.168.160.240 - - [19/Aug/2013:17:59:46 -0400] "GET /scripts/31custom.css HTTP/1.1" 200 3166 "http://www.dawneaglewoman.com/comingworkshopsevents.html" "Mozilla/5.0 (Windows NT 6.0) AppleWebKit/537.36 (KHTML, like Gecko) Chrome/28.0.1500.95 Safari/537.36"
77.168.160.240 - - [19/Aug/2013:17:59:47 -0400] "GET /images/590_Summer-Rainbow-2-180_071609.jpg HTTP/1.1" 200 15216 "http://www.dawneaglewoman.com/comingworkshopsevents.html" "Mozilla/5.0 (Windows NT 6.0) AppleWebKit/537.36 (KHTML, like Gecko) Chrome/28.0.1500.95 Safari/537.36"
77.168.160.240 - - [19/Aug/2013:17:59:47 -0400] "GET /favicon.ico HTTP/1.1" 404 575 "-" "Mozilla/5.0 (Windows NT 6.0) AppleWebKit/537.36 (KHTML, like Gecko) Chrome/28.0.1500.95 Safari/537.36"
77.168.160.240 - - [19/Aug/2013:18:02:09 -0400] "GET /images/719_Frans-in-Pond-070_061609.jpg HTTP/1.1" 200 59473 "http://www.dawneaglewoman.com/recenteventsalbum.html" "Mozilla/5.0 (Windows NT 6.0) AppleWebKit/537.36 (KHTML, like Gecko) Chrome/28.0.1500.95 Safari/537.36"
64.216.239.169 - - [19/Aug/2013:20:32:20 -0400] "GET /admin.php HTTP/1.0" 403 211 "-" "Mozilla/5.0 (Windows NT 6.1; rv:19.0) Gecko/20100101 Firefox/19.0"
178.154.243.98 - - [19/Aug/2013:05:40:20 -0400] "GET / HTTP/1.1" 200 11234 "-" "Mozilla/5.0 (compatible; YandexBot/3.0; +http://yandex.com/bots)"
77.168.160.240 - - [19/Aug/2013:18:02:09 -0400] "GET /scripts/29.css HTTP/1.1" 200 92 "http://www.dawneaglewoman.com/recenteventsalbum.html" "Mozilla/5.0 (Windows NT 6.0) AppleWebKit/537.36 (KHTML, like Gecko) Chrome/28.0.1500.95 Safari/537.36"
77.168.160.240 - - [19/Aug/2013:18:02:09 -0400] "GET /images/719_2006_Womens_Sweat_Group.jpg HTTP/1.1" 200 71010 "http://www.dawneaglewoman.com/recenteventsalbum.html" "Mozilla/5.0 (Windows NT 6.0) AppleWebKit/537.36 (KHTML, like Gecko) Chrome/28.0.1500.95 Safari/537.36"
178.154.160.29 - - [19/Aug/2013:19:29:04 -0400] "GET / HTTP/1.1" 200 11234 "-" "Mozilla/5.0 (compatible; YandexBot/3.0; +http://yandex.com/bots)"
208.115.113.89 - - [19/Aug/2013:14:54:50 -0400] "GET /robots.txt HTTP/1.1" 200 25 "-" "Mozilla/5.0 (compatible; Ezooms/1.0; ezooms.bot@gmail.com)"
123.125.71.32 - - [19/Aug/2013:10:17:15 -0400] "GET /images/photoalbum/button_photoSpeed5.jpg HTTP/1.1" 200 502 "-" "Baiduspider-image+(+http://www.baidu.com/search/spider.htm)"
130.132.91.23 - - [19/Aug/2013:16:53:40 -0400] "GET /scripts/print.css HTTP/1.1" 200 - "http://www.dawneaglewoman.com/clouds.html" "Mozilla/4.0 (compatible; MSIE 8.0; Windows NT 5.1; Trident/4.0; .NET CLR 2.0.50727; .NET CLR 3.5.30729; .NET CLR 3.0.4506.2152; InfoPath.2)"
130.132.91.23 - - [19/Aug/2013:16:53:40 -0400] "GET /images/ic_047_header_bg.png HTTP/1.1" 200 21471 "http://www.dawneaglewoman.com/clouds.html" "Mozilla/4.0 (compatible; MSIE 8.0; Windows NT 5.1; Trident/4.0; .NET CLR 2.0.50727; .NET CLR 3.5.30729; .NET CLR 3.0.4506.2152; InfoPath.2)"
130.132.91.23 - - [19/Aug/2013:16:53:40 -0400] "GET /images/156_050707-062006a-022.jpg HTTP/1.1" 200 4121 "http://www.dawneaglewoman.com/clouds.html" "Mozilla/4.0 (compatible; MSIE 8.0; Windows NT 5.1; Trident/4.0; .NET CLR 2.0.50727; .NET CLR 3.5.30729; .NET CLR 3.0.4506.2152; InfoPath.2)"
130.132.91.23 - - [19/Aug/2013:16:53:40 -0400] "GET /images/156_050707-082105-048.jpg HTTP/1.1" 200 4174 "http://www.dawneaglewoman.com/clouds.html" "Mozilla/4.0 (compatible; MSIE 8.0; Windows NT 5.1; Trident/4.0; .NET CLR 2.0.50727; .NET CLR 3.5.30729; .NET CLR 3.0.4506.2152; InfoPath.2)"
130.132.91.23 - - [19/Aug/2013:16:53:40 -0400] "GET /images/156_050707-061405-004.jpg HTTP/1.1" 200 5722 "http://www.dawneaglewoman.com/clouds.html" "Mozilla/4.0 (compatible; MSIE 8.0; Windows NT 5.1; Trident/4.0; .NET CLR 2.0.50727; .NET CLR 3.5.30729; .NET CLR 3.0.4506.2152; InfoPath.2)"
130.132.91.23 - - [19/Aug/2013:16:53:40 -0400] "GET /images/156_050707-062006-100.jpg HTTP/1.1" 200 2109 "http://www.dawneaglewoman.com/clouds.html" "Mozilla/4.0 (compatible; MSIE 8.0; Windows NT 5.1; Trident/4.0; .NET CLR 2.0.50727; .NET CLR 3.5.30729; .NET CLR 3.0.4506.2152; InfoPath.2)"
130.132.91.23 - - [19/Aug/2013:16:53:40 -0400] "GET /images/156_050707-062006a-013.jpg HTTP/1.1" 200 2896 "http://www.dawneaglewoman.com/clouds.html" "Mozilla/4.0 (compatible; MSIE 8.0; Windows NT 5.1; Trident/4.0; .NET CLR 2.0.50727; .NET CLR 3.5.30729; .NET CLR 3.0.4506.2152; InfoPath.2)"
130.132.91.23 - - [19/Aug/2013:16:53:40 -0400] "GET /images/156_050707-082506-016.jpg HTTP/1.1" 200 2813 "http://www.dawneaglewoman.com/clouds.html" "Mozilla/4.0 (compatible; MSIE 8.0; Windows NT 5.1; Trident/4.0; .NET CLR 2.0.50727; .NET CLR 3.5.30729; .NET CLR 3.0.4506.2152; InfoPath.2)"
130.132.91.23 - - [19/Aug/2013:16:53:40 -0400] "GET /images/156_050707-020406-069.jpg HTTP/1.1" 200 2949 "http://www.dawneaglewoman.com/clouds.html" "Mozilla/4.0 (compatible; MSIE 8.0; Windows NT 5.1; Trident/4.0; .NET CLR 2.0.50727; .NET CLR 3.5.30729; .NET CLR 3.0.4506.2152; InfoPath.2)"
130.132.91.23 - - [19/Aug/2013:16:53:40 -0400] "GET /images/156_050707-072306-080.jpg HTTP/1.1" 200 3401 "http://www.dawneaglewoman.com/clouds.html" "Mozilla/4.0 (compatible; MSIE 8.0; Windows NT 5.1; Trident/4.0; .NET CLR 2.0.50727; .NET CLR 3.5.30729; .NET CLR 3.0.4506.2152; InfoPath.2)"
130.132.91.23 - - [19/Aug/2013:16:53:40 -0400] "GET /images/156_050707-072306-067.jpg HTTP/1.1" 200 2753 "http://www.dawneaglewoman.com/clouds.html" "Mozilla/4.0 (compatible; MSIE 8.0; Windows NT 5.1; Trident/4.0; .NET CLR 2.0.50727; .NET CLR 3.5.30729; .NET CLR 3.0.4506.2152; InfoPath.2)"
77.168.160.240 - - [19/Aug/2013:18:02:12 -0400] "GET /images/461_2006_Tents.jpg HTTP/1.1" 200 31560 "http://www.dawneaglewoman.com/recenteventsalbum.html" "Mozilla/5.0 (Windows NT 6.0) AppleWebKit/537.36 (KHTML, like Gecko) Chrome/28.0.1500.95 Safari/537.36"
77.168.160.240 - - [19/Aug/2013:18:02:13 -0400] "GET /favicon.ico HTTP/1.1" 404 575 "-" "Mozilla/5.0 (Windows NT 6.0) AppleWebKit/537.36 (KHTML, like Gecko) Chrome/28.0.1500.95 Safari/537.36"
199.21.99.110 - - [19/Aug/2013:16:15:13 -0400] "GET / HTTP/1.1" 200 11234 "-" "Mozilla/5.0 (compatible; YandexBot/3.0; +http://yandex.com/bots)"
130.132.91.23 - - [19/Aug/2013:16:53:37 -0400] "GET /scripts/19custom.css HTTP/1.1" 200 1140 "http://www.dawneaglewoman.com/clouds.html" "Mozilla/4.0 (compatible; MSIE 8.0; Windows NT 5.1; Trident/4.0; .NET CLR 2.0.50727; .NET CLR 3.5.30729; .NET CLR 3.0.4506.2152; InfoPath.2)"
77.168.160.240 - - [19/Aug/2013:17:59:17 -0400] "GET /scripts/1custom.css HTTP/1.1" 200 2152 "http://www.dawneaglewoman.com/" "Mozilla/5.0 (Windows NT 6.0) AppleWebKit/537.36 (KHTML, like Gecko) Chrome/28.0.1500.95 Safari/537.36"
77.168.160.240 - - [19/Aug/2013:17:59:18 -0400] "GET /images/ic_047_header_bg.png HTTP/1.1" 200 21471 "http://www.dawneaglewoman.com/" "Mozilla/5.0 (Windows NT 6.0) AppleWebKit/537.36 (KHTML, like Gecko) Chrome/28.0.1500.95 Safari/537.36"
157.55.33.146 - - [19/Aug/2013:23:32:11 -0400] "GET / HTTP/1.1" 200 11234 "-" "Mozilla/5.0 (compatible; bingbot/2.0; +http://www.bing.com/bingbot.htm)"
220.181.108.86 - - [19/Aug/2013:12:08:51 -0400] "GET /dawneaglewomanhome/linksfriendsgoodstuff.html HTTP/1.1" 304 - "-" "Mozilla/5.0 (compatible; Baiduspider/2.0; +http://www.baidu.com/search/spider.html)"
172.7.188.225 - - [19/Aug/2013:19:37:40 -0400] "GET /administrator/index.php HTTP/1.0" 403 225 "-" "Mozilla/5.0 (Windows NT 6.1; rv:19.0) Gecko/20100101 Firefox/19.0"
65.55.119.7 - - [19/Aug/2013:07:26:12 -0400] "GET /images/719_00_White_Wolf_in_Snow_JPG.jpg HTTP/1.1" 200 76723 "-" "-"
220.181.108.78 - - [19/Aug/2013:00:52:38 -0400] "GET /scripts/ic_globals_published.js HTTP/1.1" 200 566 "http://www.dawneaglewoman.com/individualworkretreats/individualsessions.html" "Mozilla/5.0 (X11; U; Linux x86_64; en-US; rv:1.9) Gecko Minefield/3.0"
108.175.84.226 - - [19/Aug/2013:21:13:06 -0400] "GET /images/719_00_White_Wolf_in_Snow_JPG.jpg HTTP/1.1" 200 76723 "http://www.bing.com/images/search?q=white+wolf&FORM=HDRSC2" "Mozilla/5.0 (Windows NT 5.1) AppleWebKit/537.36 (KHTML, like Gecko) Chrome/28.0.1500.95 Safari/537.36"
77.168.160.240 - - [19/Aug/2013:18:03:15 -0400] "GET /images/photoalbum/button_photoPlay.jpg HTTP/1.1" 200 613 "http://www.dawneaglewoman.com/photos.html" "Mozilla/5.0 (Windows NT 6.0) AppleWebKit/537.36 (KHTML, like Gecko) Chrome/28.0.1500.95 Safari/537.36"
77.168.160.240 - - [19/Aug/2013:18:03:15 -0400] "GET /images/photoalbum/button_photoSpeed1_ON.jpg HTTP/1.1" 200 476 "http://www.dawneaglewoman.com/photos.html" "Mozilla/5.0 (Windows NT 6.0) AppleWebKit/537.36 (KHTML, like Gecko) Chrome/28.0.1500.95 Safari/537.36"
77.168.160.240 - - [19/Aug/2013:18:03:15 -0400] "GET /images/231_011_060307web.jpg HTTP/1.1" 200 8213 "http://www.dawneaglewoman.com/photos.html" "Mozilla/5.0 (Windows NT 6.0) AppleWebKit/537.36 (KHTML, like Gecko) Chrome/28.0.1500.95 Safari/537.36"
77.168.160.240 - - [19/Aug/2013:18:03:16 -0400] "GET /images/733_052_092108web.jpg HTTP/1.1" 200 58771 "http://www.dawneaglewoman.com/photos.html" "Mozilla/5.0 (Windows NT 6.0) AppleWebKit/537.36 (KHTML, like Gecko) Chrome/28.0.1500.95 Safari/537.36"
66.249.75.179 - - [19/Aug/2013:01:55:27 -0400] "GET /images/_flyer_NL_May13_web.pdf HTTP/1.1" 304 - "-" "Mozilla/5.0 (compatible; Googlebot/2.1; +http://www.google.com/bot.html)"
99.42.92.208 - - [19/Aug/2013:04:48:29 -0400] "GET /images/340_DSC_0066-adjusted-small.jpg HTTP/1.1" 200 38878 "https://www.google.com/" "Mozilla/5.0 (iPhone; CPU iPhone OS 6_1_4 like Mac OS X) AppleWebKit/536.26 (KHTML, like Gecko) Version/6.0 Mobile/10B350 Safari/8536.25"
99.42.92.208 - - [19/Aug/2013:04:48:31 -0400] "GET /images/375_0106_081605CDEW_323_Sit_Hillside_C_Mac.jpg HTTP/1.1" 200 36125 "https://www.google.com/" "Mozilla/5.0 (iPhone; CPU iPhone OS 6_1_4 like Mac OS X) AppleWebKit/536.26 (KHTML, like Gecko) Version/6.0 Mobile/10B350 Safari/8536.25"
77.168.160.240 - - [19/Aug/2013:17:59:17 -0400] "GET /scripts/icwebsiteelement.css HTTP/1.1" 200 8132 "http://www.dawneaglewoman.com/" "Mozilla/5.0 (Windows NT 6.0) AppleWebKit/537.36 (KHTML, like Gecko) Chrome/28.0.1500.95 Safari/537.36"
77.168.160.240 - - [19/Aug/2013:17:59:18 -0400] "GET /scripts/print.css HTTP/1.1" 200 - "http://www.dawneaglewoman.com/" "Mozilla/5.0 (Windows NT 6.0) AppleWebKit/537.36 (KHTML, like Gecko) Chrome/28.0.1500.95 Safari/537.36"
77.168.160.240 - - [19/Aug/2013:18:03:15 -0400] "GET /images/photoalbum/detail_close.jpg HTTP/1.1" 200 1095 "http://www.dawneaglewoman.com/photos.html" "Mozilla/5.0 (Windows NT 6.0) AppleWebKit/537.36 (KHTML, like Gecko) Chrome/28.0.1500.95 Safari/537.36"
77.168.160.240 - - [19/Aug/2013:18:03:15 -0400] "GET /images/733_011_060307web.jpg HTTP/1.1" 200 64451 "http://www.dawneaglewoman.com/photos.html" "Mozilla/5.0 (Windows NT 6.0) AppleWebKit/537.36 (KHTML, like Gecko) Chrome/28.0.1500.95 Safari/537.36"
77.168.160.240 - - [19/Aug/2013:18:03:16 -0400] "GET /images/733_017_080610web.jpg HTTP/1.1" 200 110989 "http://www.dawneaglewoman.com/photos.html" "Mozilla/5.0 (Windows NT 6.0) AppleWebKit/537.36 (KHTML, like Gecko) Chrome/28.0.1500.95 Safari/537.36"
77.168.160.240 - - [19/Aug/2013:18:03:17 -0400] "GET /images/153_128_062409web.jpg HTTP/1.1" 200 10266 "http://www.dawneaglewoman.com/photos.html" "Mozilla/5.0 (Windows NT 6.0) AppleWebKit/537.36 (KHTML, like Gecko) Chrome/28.0.1500.95 Safari/537.36"
77.168.160.240 - - [19/Aug/2013:18:03:17 -0400] "GET /images/309_Aspens.jpg HTTP/1.1" 200 55895 "http://www.dawneaglewoman.com/photos.html" "Mozilla/5.0 (Windows NT 6.0) AppleWebKit/537.36 (KHTML, like Gecko) Chrome/28.0.1500.95 Safari/537.36"
77.168.160.240 - - [19/Aug/2013:18:03:18 -0400] "GET /favicon.ico HTTP/1.1" 404 575 "-" "Mozilla/5.0 (Windows NT 6.0) AppleWebKit/537.36 (KHTML, like Gecko) Chrome/28.0.1500.95 Safari/537.36"
31.52.191.56 - - [19/Aug/2013:03:21:29 -0400] "GET /images/469_DEW_and_Lap_Dogs.jpg HTTP/1.1" 200 21248 "-" "Mozilla/5.0 (iPad; CPU OS 6_1_3 like Mac OS X) AppleWebKit/536.26 (KHTML, like Gecko) Version/6.0 Mobile/10B329 Safari/8536.25"
99.42.92.208 - - [19/Aug/2013:04:48:22 -0400] "GET /images/719_2008_Alison_Tipi_Photo.JPG HTTP/1.1" 200 138354 "https://www.google.com/" "Mozilla/5.0 (iPhone; CPU iPhone OS 6_1_4 like Mac OS X) AppleWebKit/536.26 (KHTML, like Gecko) Version/6.0 Mobile/10B350 Safari/8536.25"
77.168.160.240 - - [19/Aug/2013:17:59:17 -0400] "GET / HTTP/1.1" 200 11234 "-" "Mozilla/5.0 (Windows NT 6.0) AppleWebKit/537.36 (KHTML, like Gecko) Chrome/28.0.1500.95 Safari/537.36"
77.168.160.240 - - [19/Aug/2013:17:59:17 -0400] "GET /scripts/template.css HTTP/1.1" 200 9420 "http://www.dawneaglewoman.com/" "Mozilla/5.0 (Windows NT 6.0) AppleWebKit/537.36 (KHTML, like Gecko) Chrome/28.0.1500.95 Safari/537.36"
77.168.160.240 - - [19/Aug/2013:17:59:18 -0400] "GET /images/blue-lotus-dsc06099-a2-ws.jpg HTTP/1.1" 200 9426 "http://www.dawneaglewoman.com/" "Mozilla/5.0 (Windows NT 6.0) AppleWebKit/537.36 (KHTML, like Gecko) Chrome/28.0.1500.95 Safari/537.36"
64.216.239.169 - - [19/Aug/2013:20:32:19 -0400] "GET /wp-login.php HTTP/1.0" 403 214 "-" "Mozilla/5.0 (Windows NT 6.1; rv:19.0) Gecko/20100101 Firefox/19.0"
65.55.215.37 - - [19/Aug/2013:22:56:06 -0400] "GET /images/719_2006_Womens_Sweat_Group.jpg HTTP/1.1" 200 71010 "-" "msnbot-media/1.1 (+http://search.msn.com/msnbot.htm)"
107.202.248.203 - - [19/Aug/2013:13:27:06 -0400] "GET /images/375_0106_081605CDEW_323_Sit_Hillside_C_Mac.jpg HTTP/1.1" 200 36125 "http://www.123people.com/f/dawn+eagle" "Mozilla/5.0 (compatible; MSIE 10.0; Windows NT 6.2; WOW64; Trident/6.0; MATBJS)"
168.11.48.199 - - [19/Aug/2013:09:33:15 -0400] "GET /images/719_00_White_Wolf_in_Snow_JPG.jpg HTTP/1.1" 200 76723 "http://www.google.com/blank.html" "Mozilla/5.0 (compatible; MSIE 10.0; Windows NT 6.1; Trident/6.0)"
99.98.73.139 - - [19/Aug/2013:20:02:04 -0400] "GET /wp-login.php HTTP/1.0" 403 214 "-" "Mozilla/5.0 (Windows NT 6.1; rv:19.0) Gecko/20100101 Firefox/19.0"
220.181.108.84 - - [19/Aug/2013:00:52:39 -0400] "GET /scripts/user.js HTTP/1.1" 200 23762 "http://www.dawneaglewoman.com/individualworkretreats/individualsessions.html" "Mozilla/5.0 (X11; U; Linux x86_64; en-US; rv:1.9) Gecko Minefield/3.0"
220.181.108.149 - - [19/Aug/2013:08:57:49 -0400] "GET /images/photoalbum/button_photoSpeed1_ON.jpg HTTP/1.1" 200 476 "-" "Baiduspider-image+(+http://www.baidu.com/search/spider.htm)"
77.168.160.240 - - [19/Aug/2013:18:03:15 -0400] "GET /images/photoalbum/button_photoNext.jpg HTTP/1.1" 200 662 "http://www.dawneaglewoman.com/photos.html" "Mozilla/5.0 (Windows NT 6.0) AppleWebKit/537.36 (KHTML, like Gecko) Chrome/28.0.1500.95 Safari/537.36"
77.168.160.240 - - [19/Aug/2013:18:03:15 -0400] "GET /images/photoalbum/button_photoSpeed3_ON.jpg HTTP/1.1" 200 587 "http://www.dawneaglewoman.com/photos.html" "Mozilla/5.0 (Windows NT 6.0) AppleWebKit/537.36 (KHTML, like Gecko) Chrome/28.0.1500.95 Safari/537.36"
77.168.160.240 - - [19/Aug/2013:18:03:15 -0400] "GET /images/733_082205-009web.jpg HTTP/1.1" 200 56637 "http://www.dawneaglewoman.com/photos.html" "Mozilla/5.0 (Windows NT 6.0) AppleWebKit/537.36 (KHTML, like Gecko) Chrome/28.0.1500.95 Safari/537.36"
77.168.160.240 - - [19/Aug/2013:18:03:16 -0400] "GET /images/231_011505-0167web.jpg HTTP/1.1" 200 6345 "http://www.dawneaglewoman.com/photos.html" "Mozilla/5.0 (Windows NT 6.0) AppleWebKit/537.36 (KHTML, like Gecko) Chrome/28.0.1500.95 Safari/537.36"
77.168.160.240 - - [19/Aug/2013:18:03:16 -0400] "GET /images/231_017_080610web.jpg HTTP/1.1" 200 13142 "http://www.dawneaglewoman.com/photos.html" "Mozilla/5.0 (Windows NT 6.0) AppleWebKit/537.36 (KHTML, like Gecko) Chrome/28.0.1500.95 Safari/537.36"
77.168.160.240 - - [19/Aug/2013:18:03:16 -0400] "GET /images/487_092405-069web.jpg HTTP/1.1" 200 89894 "http://www.dawneaglewoman.com/photos.html" "Mozilla/5.0 (Windows NT 6.0) AppleWebKit/537.36 (KHTML, like Gecko) Chrome/28.0.1500.95 Safari/537.36"
77.168.160.240 - - [19/Aug/2013:18:03:17 -0400] "GET /images/319_128_062409web.jpg HTTP/1.1" 200 38584 "http://www.dawneaglewoman.com/photos.html" "Mozilla/5.0 (Windows NT 6.0) AppleWebKit/537.36 (KHTML, like Gecko) Chrome/28.0.1500.95 Safari/537.36"
77.168.160.240 - - [19/Aug/2013:18:03:17 -0400] "GET /images/149_Aspens.jpg HTTP/1.1" 200 13562 "http://www.dawneaglewoman.com/photos.html" "Mozilla/5.0 (Windows NT 6.0) AppleWebKit/537.36 (KHTML, like Gecko) Chrome/28.0.1500.95 Safari/537.36"
77.168.160.240 - - [19/Aug/2013:18:03:17 -0400] "GET /images/photoalbum/button_photoSpeed5.jpg HTTP/1.1" 200 502 "http://www.dawneaglewoman.com/photos.html" "Mozilla/5.0 (Windows NT 6.0) AppleWebKit/537.36 (KHTML, like Gecko) Chrome/28.0.1500.95 Safari/537.36"
199.21.99.110 - - [19/Aug/2013:05:40:24 -0400] "GET / HTTP/1.1" 200 11234 "-" "Mozilla/5.0 (compatible; YandexBot/3.0; +http://yandex.com/bots)"
157.55.33.146 - - [19/Aug/2013:23:30:58 -0400] "GET /robots.txt HTTP/1.1" 200 25 "-" "Mozilla/5.0 (compatible; bingbot/2.0; +http://www.bing.com/bingbot.htm)"
123.125.71.84 - - [19/Aug/2013:23:20:30 -0400] "GET /images/photoalbum/button_photoLast.jpg HTTP/1.1" 200 637 "-" "Baiduspider-image+(+http://www.baidu.com/search/spider.htm)"
208.115.113.89 - - [19/Aug/2013:14:54:50 -0400] "GET /robots.txt HTTP/1.1" 200 25 "-" "Mozilla/5.0 (compatible; Ezooms/1.0; ezooms.bot@gmail.com)"
77.168.160.240 - - [19/Aug/2013:17:59:17 -0400] "GET /scripts/user.js HTTP/1.1" 200 23762 "http://www.dawneaglewoman.com/" "Mozilla/5.0 (Windows NT 6.0) AppleWebKit/537.36 (KHTML, like Gecko) Chrome/28.0.1500.95 Safari/537.36"
77.168.160.240 - - [19/Aug/2013:17:59:18 -0400] "GET /images/719_2008_Alison_Tipi_Photo.JPG HTTP/1.1" 200 138354 "http://www.dawneaglewoman.com/" "Mozilla/5.0 (Windows NT 6.0) AppleWebKit/537.36 (KHTML, like Gecko) Chrome/28.0.1500.95 Safari/537.36"
77.168.160.240 - - [19/Aug/2013:17:59:19 -0400] "GET /favicon.ico HTTP/1.1" 404 575 "-" "Mozilla/5.0 (Windows NT 6.0) AppleWebKit/537.36 (KHTML, like Gecko) Chrome/28.0.1500.95 Safari/537.36"
204.76.196.19 - - [19/Aug/2013:19:00:51 -0400] "GET /images/719_00_White_Wolf_in_Snow_JPG.jpg HTTP/1.1" 200 76723 "http://www.bing.com/images/search?q=white+wolf&FORM=HDRSC2" "Mozilla/4.0 (compatible; MSIE 8.0; Windows NT 6.1; WOW64; Trident/4.0; SLCC2; .NET CLR 2.0.50727; .NET CLR 3.5.30729; .NET CLR 3.0.30729; Media Center PC 6.0; .NET4.0C; .NET4.0E; InfoPath.3)"
184.59.165.218 - - [19/Aug/2013:13:59:19 -0400] "GET /images/719_00_White_Wolf_in_Snow_JPG.jpg HTTP/1.1" 200 76723 "http://www.bing.com/images/search?q=black+wolf+in+the+snow&go=&qs=n&form=QBIR&pq=black+wolf+in+the+snow&sc=8-19&sp=-1&sk=" "Mozilla/5.0 (Windows NT 6.1) AppleWebKit/537.36 (KHTML, like Gecko) Chrome/28.0.1500.95 Safari/537.36"
66.249.75.179 - - [19/Aug/2013:14:34:31 -0400] "GET /dawneaglewomanhome/publishedarticles.html HTTP/1.1" 304 - "-" "Mozilla/5.0 (iPhone; U; CPU iPhone OS 4_1 like Mac OS X; en-us) AppleWebKit/532.9 (KHTML, like Gecko) Version/4.0.5 Mobile/8B117 Safari/6531.22.7 (compatible; Googlebot-Mobile/2.1; +http://www.google.com/bot.html)"
66.249.75.179 - - [19/Aug/2013:00:29:44 -0400] "GET /dewblog.php?s=in-honor-of-obi HTTP/1.1" 200 9462 "-" "Mozilla/5.0 (compatible; Googlebot/2.1; +http://www.google.com/bot.html)"
208.115.113.89 - - [19/Aug/2013:01:01:26 -0400] "GET /dawneaglewomanhome.html HTTP/1.1" 200 11234 "-" "Mozilla/5.0 (compatible; Ezooms/1.0; ezooms.bot@gmail.com)"
99.98.73.139 - - [19/Aug/2013:20:02:04 -0400] "GET /admin.php HTTP/1.0" 403 211 "-" "Mozilla/5.0 (Windows NT 6.1; rv:19.0) Gecko/20100101 Firefox/19.0"
128.72.79.43 - - [19/Aug/2013:11:16:15 -0400] "GET /images/719_00_White_Wolf_in_Snow_JPG.jpg HTTP/1.1" 200 76723 "http://images.yandex.ru/yandsearch?p=1&text=%D0%B2%D0%BE%D0%BB%D1%87%D0%B8%D0%B9%20%D1%81%D0%BE%D0%BD&pos=52&uinfo=sw-1423-sh-799-fw-1198-fh-593-pd-1&rpt=simage&img_url=http%3A%2F%2Fstat20.privet.ru%2Flr%2F0d089a12daa4e45435298346224f7ae4" "Mozilla/5.0 (Windows NT 6.1; WOW64) AppleWebKit/537.36 (KHTML, like Gecko) Chrome/28.0.1500.95 Safari/537.36"
66.249.75.179 - - [19/Aug/2013:04:48:38 -0400] "GET /images/_dawn_flyer_final.pdf HTTP/1.1" 304 - "-" "Mozilla/5.0 (compatible; Googlebot/2.1; +http://www.google.com/bot.html)"
173.3.216.36 - - [19/Aug/2013:19:03:05 -0400] "GET /images/112808_Steamboat_Flyer_web_version.doc HTTP/1.1" 200 88576 "-" "-"
71.58.179.53 - - [19/Aug/2013:19:33:23 -0400] "GET /images/719_00_White_Wolf_in_Snow_JPG.jpg HTTP/1.1" 200 76723 "http://www.bing.com/images/search?q=white+wolf+imaes&FORM=HDRSC2" "Mozilla/5.0 (compatible; MSIE 10.0; Windows NT 6.1; WOW64; Trident/6.0)"
66.249.75.179 - - [19/Aug/2013:05:42:52 -0400] "GET / HTTP/1.1" 200 11234 "-" "Mozilla/5.0 (compatible; Googlebot/2.1; +http://www.google.com/bot.html)"
