0byt3m1n1
Path:
/
data
/
0
/
0
/
75
/
139
/
75791
/
meta
/
77076
/
logs
/
[
Home
]
File: x-access_log.2014-06-20
207.46.13.73 - - [20/Jun/2014:10:01:24 -0400] "GET /dawneaglewomanhome/linksfriendsgoodstuff.html HTTP/1.1" 200 16930 "-" "Mozilla/5.0 (compatible; bingbot/2.0; +http://www.bing.com/bingbot.htm)"
207.46.13.73 - - [20/Jun/2014:10:56:22 -0400] "GET /dawneaglewomanhome/linksfriendsgoodstuff.html HTTP/1.1" 200 16930 "-" "Mozilla/5.0 (compatible; bingbot/2.0; +http://www.bing.com/bingbot.htm)"
157.55.39.196 - - [20/Jun/2014:00:29:32 -0400] "GET /images/091412_Medicine_Wheel.doc HTTP/1.1" 200 1620992 "-" "Mozilla/5.0 (compatible; bingbot/2.0; +http://www.bing.com/bingbot.htm)"
199.30.20.23 - - [20/Jun/2014:01:59:52 -0400] "GET /images/719_2006_Womens_Sweat_Group.jpg HTTP/1.1" 200 71010 "-" "msnbot-media/1.1 (+http://search.msn.com/msnbot.htm)"
157.55.39.196 - - [20/Jun/2014:10:01:44 -0400] "GET /robots.txt HTTP/1.1" 200 25 "-" "Mozilla/5.0 (compatible; bingbot/2.0; +http://www.bing.com/bingbot.htm)"
157.55.39.196 - - [20/Jun/2014:10:01:44 -0400] "GET /scripts/icwebsiteelement.css HTTP/1.1" 200 8132 "-" "Mozilla/5.0 (compatible; bingbot/2.0; +http://www.bing.com/bingbot.htm)"
157.55.39.196 - - [20/Jun/2014:10:01:44 -0400] "GET /scripts/template.css HTTP/1.1" 200 9420 "-" "Mozilla/5.0 (compatible; bingbot/2.0; +http://www.bing.com/bingbot.htm)"
162.210.196.98 - - [20/Jun/2014:10:23:05 -0400] "GET / HTTP/1.0" 200 11249 "-" "Mozilla/5.0 (compatible; MJ12bot/v1.4.5; http://www.majestic12.co.uk/bot.php?+)"
65.55.211.249 - - [20/Jun/2014:02:13:19 -0400] "GET /scripts/user.js HTTP/1.1" 200 23762 "http://www.dawneaglewoman.com/recenteventsalbum.html" "Mozilla/5.0 (compatible; MSIE 9.0; Windows NT 6.0; Trident/5.0; Trident/5.0)"
65.55.211.249 - - [20/Jun/2014:02:13:20 -0400] "GET /scripts/print.css HTTP/1.1" 200 - "http://www.dawneaglewoman.com/recenteventsalbum.html" "Mozilla/5.0 (compatible; MSIE 9.0; Windows NT 6.0; Trident/5.0; Trident/5.0)"
66.249.67.41 - - [20/Jun/2014:02:22:29 -0400] "GET /individualworkretreats/individualsessions.html HTTP/1.1" 304 - "-" "Mozilla/5.0 (compatible; Googlebot/2.1; +http://www.google.com/bot.html)"
36.252.94.250 - - [20/Jun/2014:00:21:58 -0400] "GET /scripts/photoalbum.js HTTP/1.1" 200 62481 "http://www.dawneaglewoman.com/" "Mozilla/5.0 (Macintosh; Intel Mac OS X 10_6_8) AppleWebKit/537.36 (KHTML, like Gecko) Chrome/35.0.1916.153 Safari/537.36"
66.87.121.42 - - [20/Jun/2014:00:31:12 -0400] "GET /images/719_00_White_Wolf_in_Snow_JPG.jpg HTTP/1.1" 200 76723 "http://image-search.kik.com/" "Kik/7.2.2.99 (Android 4.1.2) Mozilla/5.0 (Linux; U; Android 4.1.2; en-us; XT897 Build/9.8.2Q-122_XT897_FFW-8) AppleWebKit/534.30 (KHTML, like Gecko) Version/4.0 Mobile Safari/534.30"
62.146.2.234 - - [20/Jun/2014:05:47:57 -0400] "GET /robots.txt HTTP/1.1" 200 25 "-" "Domnutch-Bot/Nutch-1.0 (Domnutch; http://www.Nutch.de/)"
62.146.2.234 - - [20/Jun/2014:05:47:58 -0400] "GET / HTTP/1.1" 200 11249 "-" "Domnutch-Bot/Nutch-1.0 (Domnutch; http://www.Nutch.de/)"
66.249.65.54 - - [20/Jun/2014:23:43:12 -0400] "GET /comingworkshopsevents.html HTTP/1.1" 304 - "-" "Mozilla/5.0 (compatible; Googlebot/2.1; +http://www.google.com/bot.html)"
131.253.24.11 - - [20/Jun/2014:07:20:59 -0400] "GET /images/719_00_White_Wolf_in_Snow_JPG.jpg HTTP/1.1" 200 76723 "-" "msnbot-media/1.1 (+http://search.msn.com/msnbot.htm)"
36.252.94.250 - - [20/Jun/2014:00:22:00 -0400] "GET /images/ic_047_header_bg.png HTTP/1.1" 200 21471 "http://www.dawneaglewoman.com/" "Mozilla/5.0 (Macintosh; Intel Mac OS X 10_6_8) AppleWebKit/537.36 (KHTML, like Gecko) Chrome/35.0.1916.153 Safari/537.36"
36.252.94.250 - - [20/Jun/2014:00:23:17 -0400] "GET /individualworkretreats/individualsessions.html HTTP/1.1" 200 10512 "http://www.dawneaglewoman.com/" "Mozilla/5.0 (Macintosh; Intel Mac OS X 10_6_8) AppleWebKit/537.36 (KHTML, like Gecko) Chrome/35.0.1916.153 Safari/537.36"
36.252.94.250 - - [20/Jun/2014:00:21:58 -0400] "GET /scripts/user.js HTTP/1.1" 200 23762 "http://www.dawneaglewoman.com/" "Mozilla/5.0 (Macintosh; Intel Mac OS X 10_6_8) AppleWebKit/537.36 (KHTML, like Gecko) Chrome/35.0.1916.153 Safari/537.36"
36.252.94.250 - - [20/Jun/2014:00:33:41 -0400] "GET /comingworkshopsevents.html HTTP/1.1" 200 13746 "http://www.dawneaglewoman.com/individualworkretreats/individualsessions.html" "Mozilla/5.0 (Macintosh; Intel Mac OS X 10_6_8) AppleWebKit/537.36 (KHTML, like Gecko) Chrome/35.0.1916.153 Safari/537.36"
207.46.13.73 - - [20/Jun/2014:10:01:42 -0400] "GET /scripts/user.js HTTP/1.1" 200 23762 "-" "Mozilla/5.0 (compatible; bingbot/2.0; +http://www.bing.com/bingbot.htm)"
207.46.13.73 - - [20/Jun/2014:10:01:42 -0400] "GET /scripts/website.css HTTP/1.1" 200 1651 "-" "Mozilla/5.0 (compatible; bingbot/2.0; +http://www.bing.com/bingbot.htm)"
162.210.196.98 - - [20/Jun/2014:10:23:03 -0400] "GET /robots.txt HTTP/1.0" 200 25 "-" "Mozilla/5.0 (compatible; MJ12bot/v1.4.5; http://www.majestic12.co.uk/bot.php?+)"
178.255.215.76 - - [20/Jun/2014:13:36:36 -0400] "GET / HTTP/1.1" 200 11249 "-" "Mozilla/5.0 (compatible; Exabot/3.0; +http://www.exabot.com/go/robot)"
36.252.94.250 - - [20/Jun/2014:00:23:20 -0400] "GET /images/469_DEW_and_Lap_Dogs.jpg HTTP/1.1" 200 21248 "http://www.dawneaglewoman.com/individualworkretreats/individualsessions.html" "Mozilla/5.0 (Macintosh; Intel Mac OS X 10_6_8) AppleWebKit/537.36 (KHTML, like Gecko) Chrome/35.0.1916.153 Safari/537.36"
36.252.94.250 - - [20/Jun/2014:00:33:44 -0400] "GET /images/doc_doc.gif HTTP/1.1" 200 1067 "http://www.dawneaglewoman.com/comingworkshopsevents.html" "Mozilla/5.0 (Macintosh; Intel Mac OS X 10_6_8) AppleWebKit/537.36 (KHTML, like Gecko) Chrome/35.0.1916.153 Safari/537.36"
36.252.94.250 - - [20/Jun/2014:00:21:58 -0400] "GET /scripts/website.css HTTP/1.1" 200 1651 "http://www.dawneaglewoman.com/" "Mozilla/5.0 (Macintosh; Intel Mac OS X 10_6_8) AppleWebKit/537.36 (KHTML, like Gecko) Chrome/35.0.1916.153 Safari/537.36"
217.123.174.66 - - [20/Jun/2014:02:32:40 -0400] "GET /scripts/ic_globals_published.js HTTP/1.1" 200 566 "http://www.dawneaglewoman.com/calendar.html" "Mozilla/5.0 (iPad; CPU OS 5_1_1 like Mac OS X) AppleWebKit/534.46 (KHTML, like Gecko) Version/5.1 Mobile/9B206 Safari/7534.48.3"
217.123.174.66 - - [20/Jun/2014:02:32:41 -0400] "GET /images/blue-lotus-dsc06099-a2-ws.jpg HTTP/1.1" 200 9426 "http://www.dawneaglewoman.com/calendar.html" "Mozilla/5.0 (iPad; CPU OS 5_1_1 like Mac OS X) AppleWebKit/534.46 (KHTML, like Gecko) Version/5.1 Mobile/9B206 Safari/7534.48.3"
180.76.5.194 - - [20/Jun/2014:13:06:05 -0400] "GET /earthshipalternativeenergy/internships.html HTTP/1.1" 200 9765 "-" "Mozilla/5.0 (compatible; Baiduspider/2.0; +http://www.baidu.com/search/spider.html)"
88.198.56.239 - - [20/Jun/2014:19:49:38 -0400] "GET / HTTP/1.1" 200 11249 "-" "Mozilla/5.0 (Windows NT 6.1; WOW64; rv:21.0) Gecko/20100101 Firefox/21.0"
66.249.65.54 - - [20/Jun/2014:19:53:17 -0400] "GET /calendar.html HTTP/1.1" 304 - "-" "Mozilla/5.0 (compatible; Googlebot/2.1; +http://www.google.com/bot.html)"
36.252.94.250 - - [20/Jun/2014:00:22:00 -0400] "GET /scripts/print.css HTTP/1.1" 200 - "http://www.dawneaglewoman.com/" "Mozilla/5.0 (Macintosh; Intel Mac OS X 10_6_8) AppleWebKit/537.36 (KHTML, like Gecko) Chrome/35.0.1916.153 Safari/537.36"
36.252.94.250 - - [20/Jun/2014:00:21:59 -0400] "GET /images/240_Dawn-and-Brian.jpg HTTP/1.1" 200 11702 "http://www.dawneaglewoman.com/" "Mozilla/5.0 (Macintosh; Intel Mac OS X 10_6_8) AppleWebKit/537.36 (KHTML, like Gecko) Chrome/35.0.1916.153 Safari/537.36"
63.250.204.24 - - [20/Jun/2014:02:46:52 -0400] "GET /images/320_00%20White%20Wolf%20in%20Snow%20JPG.jpg HTTP/1.1" 200 21474 "-" "YahooCacheSystem"
66.249.65.54 - - [20/Jun/2014:18:30:43 -0400] "GET /whatsnew.html HTTP/1.1" 200 15109 "-" "Mozilla/5.0 (iPhone; CPU iPhone OS 6_0 like Mac OS X) AppleWebKit/536.26 (KHTML, like Gecko) Version/6.0 Mobile/10A5376e Safari/8536.25 (compatible; Googlebot/2.1; +http://www.google.com/bot.html)"
36.252.94.250 - - [20/Jun/2014:00:22:00 -0400] "GET /images/ic_047_navcontainer_bg.png HTTP/1.1" 200 48876 "http://www.dawneaglewoman.com/" "Mozilla/5.0 (Macintosh; Intel Mac OS X 10_6_8) AppleWebKit/537.36 (KHTML, like Gecko) Chrome/35.0.1916.153 Safari/537.36"
91.121.141.160 - - [20/Jun/2014:20:11:58 -0400] "GET / HTTP/1.1" 200 11249 "-" "Mozilla/4.0 (compatible; MSIE 5.01; Windows NT 5.0)"
207.46.13.13 - - [20/Jun/2014:10:08:10 -0400] "GET /scripts/38custom.css HTTP/1.1" 200 805 "-" "Mozilla/5.0 (compatible; bingbot/2.0; +http://www.bing.com/bingbot.htm)"
207.46.13.13 - - [20/Jun/2014:10:08:10 -0400] "GET /scripts/photoalbum.js HTTP/1.1" 200 62481 "-" "Mozilla/5.0 (compatible; bingbot/2.0; +http://www.bing.com/bingbot.htm)"
36.252.94.250 - - [20/Jun/2014:00:22:02 -0400] "GET /favicon.ico HTTP/1.1" 404 575 "-" "Mozilla/5.0 (Macintosh; Intel Mac OS X 10_6_8) AppleWebKit/537.36 (KHTML, like Gecko) Chrome/35.0.1916.153 Safari/537.36"
193.111.141.116 - - [20/Jun/2014:19:49:49 -0400] "GET / HTTP/1.1" 200 11249 "-" "Mozilla/5.0 (compatible; MSIE 10.0; Windows NT 6.1; Trident/4.0; InfoPath.2; SV1; .NET CLR 2.0.50727; WOW64)"
208.115.111.73 - - [20/Jun/2014:14:13:18 -0400] "GET /recenteventsalbum.html HTTP/1.1" 200 18356 "-" "Mozilla/5.0 (compatible; DotBot/1.1; http://www.opensiteexplorer.org/dotbot, help@moz.com)"
108.20.117.156 - - [20/Jun/2014:20:21:45 -0400] "GET / HTTP/1.1" 200 11249 "-" "Mozilla/5.0 (Windows NT 6.1; WOW64) AppleWebKit/537.36 (KHTML, like Gecko) Chrome/35.0.1916.153 Safari/537.36"
108.20.117.156 - - [20/Jun/2014:20:21:45 -0400] "GET /scripts/user.js HTTP/1.1" 200 23762 "http://www.dawneaglewoman.com/" "Mozilla/5.0 (Windows NT 6.1; WOW64) AppleWebKit/537.36 (KHTML, like Gecko) Chrome/35.0.1916.153 Safari/537.36"
66.249.65.41 - - [20/Jun/2014:21:19:14 -0400] "GET /recenteventsalbum.html HTTP/1.1" 304 - "-" "Mozilla/5.0 (compatible; Googlebot/2.1; +http://www.google.com/bot.html)"
36.252.94.250 - - [20/Jun/2014:00:21:58 -0400] "GET /scripts/icwebsiteelement.css HTTP/1.1" 200 8132 "http://www.dawneaglewoman.com/" "Mozilla/5.0 (Macintosh; Intel Mac OS X 10_6_8) AppleWebKit/537.36 (KHTML, like Gecko) Chrome/35.0.1916.153 Safari/537.36"
66.249.65.54 - - [20/Jun/2014:22:20:50 -0400] "GET /individualworkretreats/retreats.html HTTP/1.1" 200 10366 "-" "Mozilla/5.0 (compatible; Googlebot/2.1; +http://www.google.com/bot.html)"
86.97.218.210 - - [20/Jun/2014:03:31:52 -0400] "GET /images/020608_News_Letter_1_Sarah_James.doc HTTP/1.1" 200 32768 "http://www.google.ae/search?q=diamond+necklace+greeting+words&hl=en&redir_esc=&client=ms-android-htc-rev&v=133247963&qsubts=&action=devloc&v=133247963&oq=diamond+necklace+greeting+words&gs_l=mobile-heirloom-serp.12...471962.543585.0.545180.57.24.23.10.14.0.815.9796.0j1j2j9j10j1j1.24.0....0...1c.1.34.mobile-heirloom-serp..16.41.7812.nEmQP_BP2uc" "Mozilla/5.0 (Android; Mobile; rv:23.0) Gecko/23.0 Firefox/23.0"
72.70.107.31 - - [20/Jun/2014:18:04:26 -0400] "GET /scripts/user.js HTTP/1.1" 200 23762 "http://dawneaglewoman.com/" "Mozilla/5.0 (Macintosh; Intel Mac OS X 10_9_3) AppleWebKit/537.76.4 (KHTML, like Gecko) Version/7.0.4 Safari/537.76.4"
72.70.107.31 - - [20/Jun/2014:18:04:27 -0400] "GET /images/280_DEW_Serious_Front_JPG.jpg HTTP/1.1" 200 25201 "http://dawneaglewoman.com/" "Mozilla/5.0 (Macintosh; Intel Mac OS X 10_9_3) AppleWebKit/537.76.4 (KHTML, like Gecko) Version/7.0.4 Safari/537.76.4"
198.27.69.52 - - [20/Jun/2014:09:04:47 -0400] "GET /robots.txt HTTP/1.1" 200 25 "-" "Mozilla/5.0 (compatible; meanpathbot/1.0; +http://www.meanpath.com/meanpathbot.html)"
198.27.69.52 - - [20/Jun/2014:09:04:47 -0400] "GET / HTTP/1.1" 200 11249 "-" "Mozilla/5.0 (compatible; meanpathbot/1.0; +http://www.meanpath.com/meanpathbot.html)"
157.55.39.114 - - [20/Jun/2014:10:01:52 -0400] "GET /scripts/ic_globals_published.js HTTP/1.1" 200 566 "-" "Mozilla/5.0 (compatible; bingbot/2.0; +http://www.bing.com/bingbot.htm)"
157.55.39.114 - - [20/Jun/2014:10:01:52 -0400] "GET /scripts/print.css HTTP/1.1" 200 - "-" "Mozilla/5.0 (compatible; bingbot/2.0; +http://www.bing.com/bingbot.htm)"
98.101.110.210 - - [20/Jun/2014:14:12:59 -0400] "GET / HTTP/1.1" 200 11249 "-" "Mozilla/5.0 (Windows NT 6.0) AppleWebKit/537.36 (KHTML, like Gecko) Chrome/32.0.1700.107 Safari/537.36"
184.47.231.15 - - [20/Jun/2014:14:39:26 -0400] "GET /images/719_00_White_Wolf_in_Snow_JPG.jpg HTTP/1.1" 200 76723 "http://www.bing.com/images/search?q=pic+of+snow+wolf&FORM=HDRSC2" "Mozilla/5.0 (Macintosh; U; Intel Mac OS X 10_6_3; en-us; Silk/1.0.143.1-Gen4_11004910) AppleWebKit/533.16 (KHTML, like Gecko) Version/5.0 Safari/533.16 Silk-Accelerated=true"
66.249.67.67 - - [20/Jun/2014:01:55:25 -0400] "GET /images/719_2006_Womens_Sweat_Group.jpg HTTP/1.1" 304 - "-" "Googlebot-Image/1.0"
217.123.174.66 - - [20/Jun/2014:02:32:39 -0400] "GET /scripts/user.js HTTP/1.1" 200 23762 "http://www.dawneaglewoman.com/calendar.html" "Mozilla/5.0 (iPad; CPU OS 5_1_1 like Mac OS X) AppleWebKit/534.46 (KHTML, like Gecko) Version/5.1 Mobile/9B206 Safari/7534.48.3"
180.76.5.170 - - [20/Jun/2014:19:01:39 -0400] "GET /kindredspiritarticle.html HTTP/1.1" 200 9214 "-" "Mozilla/5.0 (compatible; Baiduspider/2.0; +http://www.baidu.com/search/spider.html)"
217.123.174.66 - - [20/Jun/2014:02:32:40 -0400] "GET /scripts/template.css HTTP/1.1" 200 9420 "http://www.dawneaglewoman.com/calendar.html" "Mozilla/5.0 (iPad; CPU OS 5_1_1 like Mac OS X) AppleWebKit/534.46 (KHTML, like Gecko) Version/5.1 Mobile/9B206 Safari/7534.48.3"
66.249.65.54 - - [20/Jun/2014:22:38:56 -0400] "GET /calendar.html HTTP/1.1" 304 - "-" "Mozilla/5.0 (iPhone; CPU iPhone OS 6_0 like Mac OS X) AppleWebKit/536.26 (KHTML, like Gecko) Version/6.0 Mobile/10A5376e Safari/8536.25 (compatible; Googlebot/2.1; +http://www.google.com/bot.html)"
108.20.117.156 - - [20/Jun/2014:20:21:45 -0400] "GET /scripts/website.css HTTP/1.1" 200 1651 "http://www.dawneaglewoman.com/" "Mozilla/5.0 (Windows NT 6.1; WOW64) AppleWebKit/537.36 (KHTML, like Gecko) Chrome/35.0.1916.153 Safari/537.36"
108.20.117.156 - - [20/Jun/2014:20:21:45 -0400] "GET /images/280_DEW_Serious_Front_JPG.jpg HTTP/1.1" 200 25201 "http://www.dawneaglewoman.com/" "Mozilla/5.0 (Windows NT 6.1; WOW64) AppleWebKit/537.36 (KHTML, like Gecko) Chrome/35.0.1916.153 Safari/537.36"
108.20.117.156 - - [20/Jun/2014:20:21:46 -0400] "GET /images/ic_047_header_bg.png HTTP/1.1" 200 21471 "http://www.dawneaglewoman.com/" "Mozilla/5.0 (Windows NT 6.1; WOW64) AppleWebKit/537.36 (KHTML, like Gecko) Chrome/35.0.1916.153 Safari/537.36"
123.125.71.41 - - [20/Jun/2014:09:45:38 -0400] "GET /photos.html HTTP/1.1" 200 14551 "-" "Mozilla/5.0 (compatible; Baiduspider/2.0; +http://www.baidu.com/search/spider.html)"
157.55.39.40 - - [20/Jun/2014:00:39:06 -0400] "GET /robots.txt HTTP/1.1" 200 25 "-" "Mozilla/5.0 (compatible; bingbot/2.0; +http://www.bing.com/bingbot.htm)"
131.253.26.226 - - [20/Jun/2014:02:13:19 -0400] "GET /scripts/template.css HTTP/1.1" 200 9420 "http://www.dawneaglewoman.com/recenteventsalbum.html" "Mozilla/5.0 (compatible; MSIE 9.0; Windows NT 6.0; Trident/5.0; Trident/5.0)"
131.253.26.226 - - [20/Jun/2014:02:13:20 -0400] "GET /scripts/icwebsiteelement.css HTTP/1.1" 200 8132 "http://www.dawneaglewoman.com/recenteventsalbum.html" "Mozilla/5.0 (compatible; MSIE 9.0; Windows NT 6.0; Trident/5.0; Trident/5.0)"
36.252.94.250 - - [20/Jun/2014:00:22:00 -0400] "GET /images/blue-lotus-dsc06099-a2-ws.jpg HTTP/1.1" 200 9426 "http://www.dawneaglewoman.com/" "Mozilla/5.0 (Macintosh; Intel Mac OS X 10_6_8) AppleWebKit/537.36 (KHTML, like Gecko) Chrome/35.0.1916.153 Safari/537.36"
72.70.107.31 - - [20/Jun/2014:18:04:27 -0400] "GET /scripts/template.css HTTP/1.1" 200 9420 "http://dawneaglewoman.com/" "Mozilla/5.0 (Macintosh; Intel Mac OS X 10_9_3) AppleWebKit/537.76.4 (KHTML, like Gecko) Version/7.0.4 Safari/537.76.4"
72.70.107.31 - - [20/Jun/2014:18:04:27 -0400] "GET /images/blue-lotus-dsc06099-a2-ws.jpg HTTP/1.1" 200 9426 "http://dawneaglewoman.com/" "Mozilla/5.0 (Macintosh; Intel Mac OS X 10_9_3) AppleWebKit/537.76.4 (KHTML, like Gecko) Version/7.0.4 Safari/537.76.4"
24.131.139.163 - - [20/Jun/2014:22:56:58 -0400] "GET /images/719_00_White_Wolf_in_Snow_JPG.jpg HTTP/1.1" 200 76723 "http://www.bing.com/images/search?q=White+Wolf&FORM=RESTAB" "Mozilla/5.0 (Windows NT 6.3; Win64; x64; Trident/7.0; rv:11.0) like Gecko"
157.55.39.114 - - [20/Jun/2014:10:56:41 -0400] "GET /images/blue-lotus-dsc06099-a2-ws.jpg HTTP/1.1" 200 9426 "-" "Mozilla/5.0 (compatible; bingbot/2.0; +http://www.bing.com/bingbot.htm)"
157.55.39.114 - - [20/Jun/2014:10:56:41 -0400] "GET /images/ic_047_header_bg.png HTTP/1.1" 200 21471 "-" "Mozilla/5.0 (compatible; bingbot/2.0; +http://www.bing.com/bingbot.htm)"
36.252.94.250 - - [20/Jun/2014:00:21:58 -0400] "GET /scripts/1custom.css HTTP/1.1" 200 2152 "http://www.dawneaglewoman.com/" "Mozilla/5.0 (Macintosh; Intel Mac OS X 10_6_8) AppleWebKit/537.36 (KHTML, like Gecko) Chrome/35.0.1916.153 Safari/537.36"
72.70.107.31 - - [20/Jun/2014:18:04:27 -0400] "GET / HTTP/1.1" 200 11249 "-" "Mozilla/5.0 (Macintosh; Intel Mac OS X 10_9_3) AppleWebKit/537.76.4 (KHTML, like Gecko) Version/7.0.4 Safari/537.76.4"
72.70.107.31 - - [20/Jun/2014:18:04:27 -0400] "GET /scripts/1custom.css HTTP/1.1" 200 2152 "http://dawneaglewoman.com/" "Mozilla/5.0 (Macintosh; Intel Mac OS X 10_9_3) AppleWebKit/537.76.4 (KHTML, like Gecko) Version/7.0.4 Safari/537.76.4"
72.70.107.31 - - [20/Jun/2014:18:04:27 -0400] "GET /scripts/print.css HTTP/1.1" 200 - "http://dawneaglewoman.com/" "Mozilla/5.0 (Macintosh; Intel Mac OS X 10_9_3) AppleWebKit/537.76.4 (KHTML, like Gecko) Version/7.0.4 Safari/537.76.4"
72.70.107.31 - - [20/Jun/2014:18:04:27 -0400] "GET /images/719_2008_Alison_Tipi_Photo.JPG HTTP/1.1" 200 138354 "http://dawneaglewoman.com/" "Mozilla/5.0 (Macintosh; Intel Mac OS X 10_9_3) AppleWebKit/537.76.4 (KHTML, like Gecko) Version/7.0.4 Safari/537.76.4"
108.20.117.156 - - [20/Jun/2014:20:21:45 -0400] "GET /scripts/ic_globals_published.js HTTP/1.1" 200 566 "http://www.dawneaglewoman.com/" "Mozilla/5.0 (Windows NT 6.1; WOW64) AppleWebKit/537.36 (KHTML, like Gecko) Chrome/35.0.1916.153 Safari/537.36"
108.20.117.156 - - [20/Jun/2014:20:21:45 -0400] "GET /scripts/photoalbum.js HTTP/1.1" 200 62481 "http://www.dawneaglewoman.com/" "Mozilla/5.0 (Windows NT 6.1; WOW64) AppleWebKit/537.36 (KHTML, like Gecko) Chrome/35.0.1916.153 Safari/537.36"
108.20.117.156 - - [20/Jun/2014:20:21:46 -0400] "GET /scripts/print.css HTTP/1.1" 200 - "http://www.dawneaglewoman.com/" "Mozilla/5.0 (Windows NT 6.1; WOW64) AppleWebKit/537.36 (KHTML, like Gecko) Chrome/35.0.1916.153 Safari/537.36"
36.252.94.250 - - [20/Jun/2014:00:21:57 -0400] "GET / HTTP/1.1" 200 11249 "https://www.google.com/" "Mozilla/5.0 (Macintosh; Intel Mac OS X 10_6_8) AppleWebKit/537.36 (KHTML, like Gecko) Chrome/35.0.1916.153 Safari/537.36"
217.123.174.66 - - [20/Jun/2014:02:32:40 -0400] "GET /scripts/website.css HTTP/1.1" 200 1651 "http://www.dawneaglewoman.com/calendar.html" "Mozilla/5.0 (iPad; CPU OS 5_1_1 like Mac OS X) AppleWebKit/534.46 (KHTML, like Gecko) Version/5.1 Mobile/9B206 Safari/7534.48.3"
66.249.67.67 - - [20/Jun/2014:04:59:47 -0400] "GET /anahatalandforsale.html HTTP/1.1" 304 - "-" "Mozilla/5.0 (compatible; Googlebot/2.1; +http://www.google.com/bot.html)"
64.233.172.179 - - [20/Jun/2014:16:48:50 -0400] "GET /images/719_00_White_Wolf_in_Snow_JPG.jpg HTTP/1.1" 200 76723 "http://forum.thesims3.com/jforum/posts/list/30/725218.page" "Mozilla/5.0 (X11; Linux x86_64) AppleWebKit/537.36 (KHTML, like Gecko; Google Web Preview) Chrome/27.0.1453 Safari/537.36"
66.249.65.41 - - [20/Jun/2014:18:34:22 -0400] "GET /scripts/website.css HTTP/1.1" 200 1651 "-" "Mozilla/5.0 (compatible; Googlebot/2.1; +http://www.google.com/bot.html)"
108.20.117.156 - - [20/Jun/2014:20:21:45 -0400] "GET /scripts/1custom.css HTTP/1.1" 200 2152 "http://www.dawneaglewoman.com/" "Mozilla/5.0 (Windows NT 6.1; WOW64) AppleWebKit/537.36 (KHTML, like Gecko) Chrome/35.0.1916.153 Safari/537.36"
108.20.117.156 - - [20/Jun/2014:20:21:45 -0400] "GET /images/240_Dawn-and-Brian.jpg HTTP/1.1" 200 11702 "http://www.dawneaglewoman.com/" "Mozilla/5.0 (Windows NT 6.1; WOW64) AppleWebKit/537.36 (KHTML, like Gecko) Chrome/35.0.1916.153 Safari/537.36"
108.20.117.156 - - [20/Jun/2014:20:21:46 -0400] "GET /images/ic_047_navcontainer_bg.png HTTP/1.1" 200 48876 "http://www.dawneaglewoman.com/" "Mozilla/5.0 (Windows NT 6.1; WOW64) AppleWebKit/537.36 (KHTML, like Gecko) Chrome/35.0.1916.153 Safari/537.36"
108.20.117.156 - - [20/Jun/2014:20:21:46 -0400] "GET /favicon.ico HTTP/1.1" 404 575 "-" "Mozilla/5.0 (Windows NT 6.1; WOW64) AppleWebKit/537.36 (KHTML, like Gecko) Chrome/35.0.1916.153 Safari/537.36"
66.249.65.54 - - [20/Jun/2014:22:25:25 -0400] "GET /scripts/23custom.css HTTP/1.1" 200 1477 "-" "Mozilla/5.0 (compatible; Googlebot/2.1; +http://www.google.com/bot.html)"
207.46.13.73 - - [20/Jun/2014:10:56:39 -0400] "GET /images/ic_047_navcontainer_bg.png HTTP/1.1" 200 48876 "-" "Mozilla/5.0 (compatible; bingbot/2.0; +http://www.bing.com/bingbot.htm)"
72.70.107.31 - - [20/Jun/2014:18:04:30 -0400] "GET /favicon.ico HTTP/1.1" 404 575 "http://dawneaglewoman.com/" "Mozilla/5.0 (Macintosh; Intel Mac OS X 10_9_3) AppleWebKit/537.76.4 (KHTML, like Gecko) Version/7.0.4 Safari/537.76.4"
208.115.111.73 - - [20/Jun/2014:20:56:45 -0400] "GET /robots.txt HTTP/1.1" 200 25 "-" "Mozilla/5.0 (compatible; DotBot/1.1; http://www.opensiteexplorer.org/dotbot, help@moz.com)"
217.123.174.66 - - [20/Jun/2014:02:32:39 -0400] "GET /calendar.html HTTP/1.1" 200 22658 "http://www.google.nl/url?sa=t&rct=j&q=dawn%20eagle%20woman%20wyoming&source=web&cd=3&ved=0CCcQjBAwAg&url=http%3A%2F%2Fwww.dawneaglewoman.com%2Fcalendar.html&ei=gNWjU-zAAsi-ObbggdAF&usg=AFQjCNED5L-W7LVSAENI-Q9n40NLP3rG-g&bvm=bv.69411363,d.ZWU" "Mozilla/5.0 (iPad; CPU OS 5_1_1 like Mac OS X) AppleWebKit/534.46 (KHTML, like Gecko) Version/5.1 Mobile/9B206 Safari/7534.48.3"
217.123.174.66 - - [20/Jun/2014:02:32:40 -0400] "GET /scripts/2custom.css HTTP/1.1" 200 2152 "http://www.dawneaglewoman.com/calendar.html" "Mozilla/5.0 (iPad; CPU OS 5_1_1 like Mac OS X) AppleWebKit/534.46 (KHTML, like Gecko) Version/5.1 Mobile/9B206 Safari/7534.48.3"
217.123.174.66 - - [20/Jun/2014:02:32:40 -0400] "GET /scripts/icwebsiteelement.css HTTP/1.1" 200 8132 "http://www.dawneaglewoman.com/calendar.html" "Mozilla/5.0 (iPad; CPU OS 5_1_1 like Mac OS X) AppleWebKit/534.46 (KHTML, like Gecko) Version/5.1 Mobile/9B206 Safari/7534.48.3"
217.123.174.66 - - [20/Jun/2014:02:32:40 -0400] "GET /images/719_00_White_Wolf_in_Snow_JPG.jpg HTTP/1.1" 200 76723 "http://www.dawneaglewoman.com/calendar.html" "Mozilla/5.0 (iPad; CPU OS 5_1_1 like Mac OS X) AppleWebKit/534.46 (KHTML, like Gecko) Version/5.1 Mobile/9B206 Safari/7534.48.3"
217.123.174.66 - - [20/Jun/2014:02:32:41 -0400] "GET /scripts/print.css HTTP/1.1" 200 - "http://www.dawneaglewoman.com/calendar.html" "Mozilla/5.0 (iPad; CPU OS 5_1_1 like Mac OS X) AppleWebKit/534.46 (KHTML, like Gecko) Version/5.1 Mobile/9B206 Safari/7534.48.3"
66.249.67.54 - - [20/Jun/2014:03:42:45 -0400] "GET /recenteventsalbum.html HTTP/1.1" 304 - "-" "Mozilla/5.0 (compatible; Googlebot/2.1; +http://www.google.com/bot.html)"
157.55.39.41 - - [20/Jun/2014:04:38:30 -0400] "GET / HTTP/1.1" 200 11249 "-" "Mozilla/5.0 (compatible; bingbot/2.0; +http://www.bing.com/bingbot.htm)"
182.118.21.248 - - [20/Jun/2014:19:10:48 -0400] "GET /robots.txt HTTP/1.1" 200 25 "http://www.dawneaglewoman.com/robots.txt" "Mozilla/5.0 (compatible; MSIE 9.0; Windows NT 6.1; Trident/5.0); 360Spider"
36.252.94.250 - - [20/Jun/2014:00:21:06 -0400] "GET /images/280_DEW_Serious_Front_JPG.jpg HTTP/1.1" 200 25201 "http://www.dawneaglewoman.com/" "Mozilla/5.0 (Macintosh; Intel Mac OS X 10_6_8) AppleWebKit/537.36 (KHTML, like Gecko) Chrome/35.0.1916.153 Safari/537.36"
5.46.121.90 - - [20/Jun/2014:05:12:39 -0400] "GET /images/280_DEW_Serious_Front_JPG.jpg HTTP/1.1" 200 25201 "https://www.google.com.tr/" "Mozilla/5.0 (Windows NT 6.1) AppleWebKit/537.36 (KHTML, like Gecko) Chrome/35.0.1916.153 Safari/537.36"
5.46.121.90 - - [20/Jun/2014:05:12:41 -0400] "GET /images/375_0106_081605CDEW_323_Sit_Hillside_C_Mac.jpg HTTP/1.1" 200 36125 "https://www.google.com.tr/" "Mozilla/5.0 (Windows NT 6.1) AppleWebKit/537.36 (KHTML, like Gecko) Chrome/35.0.1916.153 Safari/537.36"
108.20.117.156 - - [20/Jun/2014:20:20:52 -0400] "GET /scripts/template.css HTTP/1.1" 200 9420 "http://www.dawneaglewoman.com/" "Mozilla/5.0 (Windows NT 6.1; WOW64) AppleWebKit/537.36 (KHTML, like Gecko) Chrome/35.0.1916.153 Safari/537.36"
108.20.117.156 - - [20/Jun/2014:20:20:52 -0400] "GET /images/719_2008_Alison_Tipi_Photo.JPG HTTP/1.1" 200 138354 "http://www.dawneaglewoman.com/" "Mozilla/5.0 (Windows NT 6.1; WOW64) AppleWebKit/537.36 (KHTML, like Gecko) Chrome/35.0.1916.153 Safari/537.36"
72.70.107.31 - - [20/Jun/2014:18:04:38 -0400] "GET /scripts/ic_globals_published.js HTTP/1.1" 200 566 "http://dawneaglewoman.com/" "Mozilla/5.0 (Macintosh; Intel Mac OS X 10_9_3) AppleWebKit/537.76.4 (KHTML, like Gecko) Version/7.0.4 Safari/537.76.4"
72.70.107.31 - - [20/Jun/2014:18:04:39 -0400] "GET /images/ic_047_header_bg.png HTTP/1.1" 200 21471 "http://dawneaglewoman.com/" "Mozilla/5.0 (Macintosh; Intel Mac OS X 10_9_3) AppleWebKit/537.76.4 (KHTML, like Gecko) Version/7.0.4 Safari/537.76.4"
72.30.199.13 - - [20/Jun/2014:21:42:47 -0400] "GET /images/719_00_White_Wolf_in_Snow_JPG.jpg HTTP/1.1" 200 76723 "-" "YahooCacheSystem"
36.252.94.250 - - [20/Jun/2014:00:21:58 -0400] "GET /scripts/ic_globals_published.js HTTP/1.1" 200 566 "http://www.dawneaglewoman.com/" "Mozilla/5.0 (Macintosh; Intel Mac OS X 10_6_8) AppleWebKit/537.36 (KHTML, like Gecko) Chrome/35.0.1916.153 Safari/537.36"
65.55.212.74 - - [20/Jun/2014:02:13:19 -0400] "GET /scripts/photoalbum.js HTTP/1.1" 200 62481 "http://www.dawneaglewoman.com/recenteventsalbum.html" "Mozilla/5.0 (compatible; MSIE 9.0; Windows NT 6.0; Trident/5.0; Trident/5.0)"
65.55.212.74 - - [20/Jun/2014:02:13:20 -0400] "GET /scripts/29custom.css HTTP/1.1" 200 6882 "http://www.dawneaglewoman.com/recenteventsalbum.html" "Mozilla/5.0 (compatible; MSIE 9.0; Windows NT 6.0; Trident/5.0; Trident/5.0)"
184.168.152.6 - - [20/Jun/2014:17:32:33 -0400] "HEAD / HTTP/1.1" 200 - "http://nataliecutsforth.com" "Mozilla/5.0 (compatible; MSIE 9.0; Windows NT 6.1; WOW64; Trident/5.0)"
108.20.117.156 - - [20/Jun/2014:20:21:45 -0400] "GET /scripts/icwebsiteelement.css HTTP/1.1" 200 8132 "http://www.dawneaglewoman.com/" "Mozilla/5.0 (Windows NT 6.1; WOW64) AppleWebKit/537.36 (KHTML, like Gecko) Chrome/35.0.1916.153 Safari/537.36"
108.20.117.156 - - [20/Jun/2014:20:21:46 -0400] "GET /images/blue-lotus-dsc06099-a2-ws.jpg HTTP/1.1" 200 9426 "http://www.dawneaglewoman.com/" "Mozilla/5.0 (Windows NT 6.1; WOW64) AppleWebKit/537.36 (KHTML, like Gecko) Chrome/35.0.1916.153 Safari/537.36"
208.115.111.73 - - [20/Jun/2014:22:11:43 -0400] "GET /whatsnew.html HTTP/1.1" 200 15109 "-" "Mozilla/5.0 (compatible; DotBot/1.1; http://www.opensiteexplorer.org/dotbot, help@moz.com)"
131.253.24.11 - - [20/Jun/2014:07:20:59 -0400] "GET /robots.txt HTTP/1.1" 200 25 "-" "msnbot-media/1.1 (+http://search.msn.com/msnbot.htm)"
36.252.94.250 - - [20/Jun/2014:00:21:58 -0400] "GET /scripts/template.css HTTP/1.1" 200 9420 "http://www.dawneaglewoman.com/" "Mozilla/5.0 (Macintosh; Intel Mac OS X 10_6_8) AppleWebKit/537.36 (KHTML, like Gecko) Chrome/35.0.1916.153 Safari/537.36"
199.30.20.23 - - [20/Jun/2014:01:59:52 -0400] "GET /robots.txt HTTP/1.1" 200 25 "-" "msnbot-media/1.1 (+http://search.msn.com/msnbot.htm)"
66.249.67.54 - - [20/Jun/2014:00:05:27 -0400] "GET /comingworkshopsevents.html HTTP/1.1" 304 - "-" "Mozilla/5.0 (compatible; Googlebot/2.1; +http://www.google.com/bot.html)"
36.252.94.250 - - [20/Jun/2014:00:23:18 -0400] "GET /scripts/15custom.css HTTP/1.1" 200 1140 "http://www.dawneaglewoman.com/individualworkretreats/individualsessions.html" "Mozilla/5.0 (Macintosh; Intel Mac OS X 10_6_8) AppleWebKit/537.36 (KHTML, like Gecko) Chrome/35.0.1916.153 Safari/537.36"
72.70.107.31 - - [20/Jun/2014:18:04:27 -0400] "GET /scripts/photoalbum.js HTTP/1.1" 200 62481 "http://dawneaglewoman.com/" "Mozilla/5.0 (Macintosh; Intel Mac OS X 10_9_3) AppleWebKit/537.76.4 (KHTML, like Gecko) Version/7.0.4 Safari/537.76.4"
72.70.107.31 - - [20/Jun/2014:18:04:27 -0400] "GET /images/ic_047_navcontainer_bg.png HTTP/1.1" 200 48876 "http://dawneaglewoman.com/" "Mozilla/5.0 (Macintosh; Intel Mac OS X 10_9_3) AppleWebKit/537.76.4 (KHTML, like Gecko) Version/7.0.4 Safari/537.76.4"
36.252.94.250 - - [20/Jun/2014:00:21:59 -0400] "GET /images/719_2008_Alison_Tipi_Photo.JPG HTTP/1.1" 200 138354 "http://www.dawneaglewoman.com/" "Mozilla/5.0 (Macintosh; Intel Mac OS X 10_6_8) AppleWebKit/537.36 (KHTML, like Gecko) Chrome/35.0.1916.153 Safari/537.36"
36.252.94.250 - - [20/Jun/2014:00:33:43 -0400] "GET /scripts/31custom.css HTTP/1.1" 200 3166 "http://www.dawneaglewoman.com/comingworkshopsevents.html" "Mozilla/5.0 (Macintosh; Intel Mac OS X 10_6_8) AppleWebKit/537.36 (KHTML, like Gecko) Chrome/35.0.1916.153 Safari/537.36"
208.115.111.73 - - [20/Jun/2014:01:00:28 -0400] "GET /robots.txt HTTP/1.1" 200 25 "-" "Mozilla/5.0 (compatible; DotBot/1.1; http://www.opensiteexplorer.org/dotbot, help@moz.com)"
217.123.174.66 - - [20/Jun/2014:02:32:40 -0400] "GET /scripts/photoalbum.js HTTP/1.1" 200 62481 "http://www.dawneaglewoman.com/calendar.html" "Mozilla/5.0 (iPad; CPU OS 5_1_1 like Mac OS X) AppleWebKit/534.46 (KHTML, like Gecko) Version/5.1 Mobile/9B206 Safari/7534.48.3"
217.123.174.66 - - [20/Jun/2014:02:32:40 -0400] "GET /images/375_0106_081605CDEW_323_Sit_Hillside_C_Mac.jpg HTTP/1.1" 200 36125 "http://www.dawneaglewoman.com/calendar.html" "Mozilla/5.0 (iPad; CPU OS 5_1_1 like Mac OS X) AppleWebKit/534.46 (KHTML, like Gecko) Version/5.1 Mobile/9B206 Safari/7534.48.3"
107.77.64.90 - - [20/Jun/2014:22:03:00 -0400] "GET /images/719_00_White_Wolf_in_Snow_JPG.jpg HTTP/1.1" 200 76723 "http://www.bing.com/images/search?q=white%20wolf&pq=white%20wolf&sc=9-10&sp=-1&qs=n&sk=&FORM=QSBIW8&cc=US&setlang=en-US&w8-height=768&w8-width=1366&w8-version=1.5.1.259&bingapp-iv=1.2&bingapp-t=0&w8-devicedpi=96%2C96" "Mozilla/5.0 (compatible; MSIE 10.0; Windows NT 6.2; Trident/6.0; MSAppHost/1.0)"
208.115.111.73 - - [20/Jun/2014:12:56:42 -0400] "GET /robots.txt HTTP/1.1" 200 25 "-" "Mozilla/5.0 (compatible; DotBot/1.1; http://www.opensiteexplorer.org/dotbot, help@moz.com)"
66.249.67.67 - - [20/Jun/2014:06:01:25 -0400] "GET /earthshipalternativeenergy/earthshipphotojournal.html HTTP/1.1" 304 - "-" "Mozilla/5.0 (compatible; Googlebot/2.1; +http://www.google.com/bot.html)"
66.249.65.54 - - [20/Jun/2014:18:34:23 -0400] "GET /scripts/icwebsiteelement.css HTTP/1.1" 200 8132 "-" "Mozilla/5.0 (compatible; Googlebot/2.1; +http://www.google.com/bot.html)"
66.249.65.67 - - [20/Jun/2014:13:33:36 -0400] "GET /robots.txt HTTP/1.1" 200 25 "-" "Mozilla/5.0 (compatible; Googlebot/2.1; +http://www.google.com/bot.html)"
66.249.65.67 - - [20/Jun/2014:13:33:36 -0400] "GET /images/469_DEW_and_Lap_Dogs.jpg HTTP/1.1" 304 - "-" "Googlebot-Image/1.0"
72.70.107.31 - - [20/Jun/2014:18:04:22 -0400] "GET /scripts/website.css HTTP/1.1" 200 1651 "http://dawneaglewoman.com/" "Mozilla/5.0 (Macintosh; Intel Mac OS X 10_9_3) AppleWebKit/537.76.4 (KHTML, like Gecko) Version/7.0.4 Safari/537.76.4"
72.70.107.31 - - [20/Jun/2014:18:04:22 -0400] "GET /scripts/icwebsiteelement.css HTTP/1.1" 200 8132 "http://dawneaglewoman.com/" "Mozilla/5.0 (Macintosh; Intel Mac OS X 10_9_3) AppleWebKit/537.76.4 (KHTML, like Gecko) Version/7.0.4 Safari/537.76.4"
72.70.107.31 - - [20/Jun/2014:18:04:23 -0400] "GET /images/240_Dawn-and-Brian.jpg HTTP/1.1" 200 11702 "http://dawneaglewoman.com/" "Mozilla/5.0 (Macintosh; Intel Mac OS X 10_9_3) AppleWebKit/537.76.4 (KHTML, like Gecko) Version/7.0.4 Safari/537.76.4"
146.148.84.247 - - [20/Jun/2014:10:58:13 -0400] "GET / HTTP/1.0" 200 11249 "-" "NerdyBot"
36.252.94.250 - - [20/Jun/2014:00:33:10 -0400] "GET /images/590_Summer-Rainbow-2-180_071609.jpg HTTP/1.1" 200 15216 "http://www.dawneaglewoman.com/comingworkshopsevents.html" "Mozilla/5.0 (Macintosh; Intel Mac OS X 10_6_8) AppleWebKit/537.36 (KHTML, like Gecko) Chrome/35.0.1916.153 Safari/537.36"
65.55.218.44 - - [20/Jun/2014:02:13:17 -0400] "GET /recenteventsalbum.html HTTP/1.1" 200 18356 "-" "Mozilla/5.0 (compatible; MSIE 9.0; Windows NT 6.0; Trident/5.0; Trident/5.0)"
65.55.218.44 - - [20/Jun/2014:02:13:17 -0400] "GET /scripts/ic_globals_published.js HTTP/1.1" 200 566 "http://www.dawneaglewoman.com/recenteventsalbum.html" "Mozilla/5.0 (compatible; MSIE 9.0; Windows NT 6.0; Trident/5.0; Trident/5.0)"
65.55.218.44 - - [20/Jun/2014:02:13:17 -0400] "GET /scripts/website.css HTTP/1.1" 200 1651 "http://www.dawneaglewoman.com/recenteventsalbum.html" "Mozilla/5.0 (compatible; MSIE 9.0; Windows NT 6.0; Trident/5.0; Trident/5.0)"
65.55.218.44 - - [20/Jun/2014:02:13:18 -0400] "GET /scripts/29.css HTTP/1.1" 200 92 "http://www.dawneaglewoman.com/recenteventsalbum.html" "Mozilla/5.0 (compatible; MSIE 9.0; Windows NT 6.0; Trident/5.0; Trident/5.0)"
208.115.111.73 - - [20/Jun/2014:02:19:45 -0400] "GET /individualworkretreats/individualsessions.html HTTP/1.1" 200 10512 "-" "Mozilla/5.0 (compatible; DotBot/1.1; http://www.opensiteexplorer.org/dotbot, help@moz.com)"
66.249.65.41 - - [20/Jun/2014:18:21:38 -0400] "GET / HTTP/1.1" 304 - "-" "Mozilla/5.0 (compatible; Googlebot/2.1; +http://www.google.com/bot.html)"
66.249.65.67 - - [20/Jun/2014:18:34:20 -0400] "GET /scripts/30custom.css HTTP/1.1" 200 1479 "-" "Mozilla/5.0 (compatible; Googlebot/2.1; +http://www.google.com/bot.html)"
178.255.215.76 - - [20/Jun/2014:13:36:13 -0400] "GET /robots.txt HTTP/1.1" 200 25 "-" "Mozilla/5.0 (compatible; Exabot/3.0; +http://www.exabot.com/go/robot)"
37.58.100.70 - - [20/Jun/2014:07:50:23 -0400] "GET /kindredspiritinterview.html HTTP/1.1" 200 7564 "-" "Mozilla/5.0 (compatible; AhrefsBot/5.0; +http://ahrefs.com/robot/)"
180.76.5.148 - - [20/Jun/2014:04:51:19 -0400] "GET /images/Wisdom_Circle_Steamboat_0714.doc HTTP/1.1" 200 386048 "-" "Mozilla/5.0 (compatible; Baiduspider/2.0; +http://www.baidu.com/search/spider.html)"
66.249.65.41 - - [20/Jun/2014:18:33:40 -0400] "GET /scripts/template.css HTTP/1.1" 200 9420 "-" "Mozilla/5.0 (compatible; Googlebot/2.1; +http://www.google.com/bot.html)"
77.54.80.58 - - [20/Jun/2014:19:39:45 -0400] "GET /images/719_00_White_Wolf_in_Snow_JPG.jpg HTTP/1.1" 200 76723 "https://www.google.pt/" "Mozilla/5.0 (Windows NT 6.3; WOW64) AppleWebKit/537.36 (KHTML, like Gecko) Chrome/35.0.1916.153 Safari/537.36"