0byt3m1n1
Path:
/
data
/
0
/
0
/
96
/
86
/
96901
/
meta
/
98317
/
logs
/
[
Home
]
File: x-access_log.2020-09-10
34.75.230.95 - - [10/Sep/2020:06:01:36 -0400] "GET /otherproducts.html HTTP/1.0" 200 16621 "-" "ZoominfoBot (zoominfobot at zoominfo dot com)"
34.75.230.95 - - [10/Sep/2020:06:10:43 -0400] "GET /home.html HTTP/1.0" 200 18940 "-" "ZoominfoBot (zoominfobot at zoominfo dot com)"
54.36.148.142 - - [10/Sep/2020:07:08:26 -0400] "GET /lifeinsurance.html HTTP/1.0" 200 16691 "-" "Mozilla/5.0 (compatible; AhrefsBot/7.0; +http://ahrefs.com/robot/)"
114.124.212.80 - - [10/Sep/2020:07:31:05 -0400] "GET /55/images/index_05_01.jpg HTTP/1.0" 200 5361 "http://theinsurancepro.net/?semalt.com" "Mozilla/5.0 (Windows NT 6.1; WOW64) AppleWebKit/537.36 (KHTML, like Gecko) Chrome/36.0.1985.143 Safari/537.36"
114.124.212.80 - - [10/Sep/2020:07:31:07 -0400] "GET /55/images/index_01_04.gif HTTP/1.0" 200 132 "http://theinsurancepro.net/?semalt.com" "Mozilla/5.0 (Windows NT 6.1; WOW64) AppleWebKit/537.36 (KHTML, like Gecko) Chrome/36.0.1985.143 Safari/537.36"
58.250.125.103 - - [10/Sep/2020:08:30:48 -0400] "GET / HTTP/1.0" 200 18940 "-" "Sogou web spider/4.0(+http://www.sogou.com/docs/help/webmasters.htm#07)"
161.0.158.195 - - [10/Sep/2020:09:04:04 -0400] "GET /55/scripts/master.css HTTP/1.0" 200 2007 "http://theinsurancepro.net/" "Mozilla/5.0 (Macintosh; Intel Mac OS X 10_15_4) AppleWebKit/605.1.15 (KHTML, like Gecko) Version/13.1.2 Safari/605.1.15"
161.0.158.195 - - [10/Sep/2020:09:04:04 -0400] "GET /55/images/slogan.jpg HTTP/1.0" 200 1771 "http://theinsurancepro.net/" "Mozilla/5.0 (Macintosh; Intel Mac OS X 10_15_4) AppleWebKit/605.1.15 (KHTML, like Gecko) Version/13.1.2 Safari/605.1.15"
161.0.158.195 - - [10/Sep/2020:09:04:04 -0400] "GET /55/images/index_05_01.jpg HTTP/1.0" 200 5361 "http://theinsurancepro.net/" "Mozilla/5.0 (Macintosh; Intel Mac OS X 10_15_4) AppleWebKit/605.1.15 (KHTML, like Gecko) Version/13.1.2 Safari/605.1.15"
161.0.158.195 - - [10/Sep/2020:09:04:04 -0400] "GET /55/images/index_09_01.jpg HTTP/1.0" 200 4724 "http://theinsurancepro.net/" "Mozilla/5.0 (Macintosh; Intel Mac OS X 10_15_4) AppleWebKit/605.1.15 (KHTML, like Gecko) Version/13.1.2 Safari/605.1.15"
98.32.84.212 - - [10/Sep/2020:11:41:44 -0400] "GET /55/scripts/icwebsiteelement.css HTTP/1.0" 200 8132 "http://theinsurancepro.net/" "Mozilla/5.0 (Macintosh; Intel Mac OS X 10_13_6) AppleWebKit/537.36 (KHTML, like Gecko) Chrome/85.0.4183.83 Safari/537.36"
98.32.84.212 - - [10/Sep/2020:11:41:44 -0400] "GET /scripts/ic_globals_published.js HTTP/1.0" 200 566 "http://theinsurancepro.net/" "Mozilla/5.0 (Macintosh; Intel Mac OS X 10_13_6) AppleWebKit/537.36 (KHTML, like Gecko) Chrome/85.0.4183.83 Safari/537.36"
98.32.84.212 - - [10/Sep/2020:11:41:44 -0400] "GET /scripts/photoalbum.js HTTP/1.0" 200 62481 "http://theinsurancepro.net/" "Mozilla/5.0 (Macintosh; Intel Mac OS X 10_13_6) AppleWebKit/537.36 (KHTML, like Gecko) Chrome/85.0.4183.83 Safari/537.36"
98.32.84.212 - - [10/Sep/2020:11:41:45 -0400] "GET /55/images/index_01_04.gif HTTP/1.0" 200 132 "http://theinsurancepro.net/" "Mozilla/5.0 (Macintosh; Intel Mac OS X 10_13_6) AppleWebKit/537.36 (KHTML, like Gecko) Chrome/85.0.4183.83 Safari/537.36"
98.32.84.212 - - [10/Sep/2020:11:41:45 -0400] "GET /55/images/index_05_01.jpg HTTP/1.0" 200 5361 "http://theinsurancepro.net/" "Mozilla/5.0 (Macintosh; Intel Mac OS X 10_13_6) AppleWebKit/537.36 (KHTML, like Gecko) Chrome/85.0.4183.83 Safari/537.36"
98.32.84.212 - - [10/Sep/2020:11:41:45 -0400] "GET /55/images/index_07_01.jpg HTTP/1.0" 200 5005 "http://theinsurancepro.net/" "Mozilla/5.0 (Macintosh; Intel Mac OS X 10_13_6) AppleWebKit/537.36 (KHTML, like Gecko) Chrome/85.0.4183.83 Safari/537.36"
98.32.84.212 - - [10/Sep/2020:11:41:45 -0400] "GET /55/images/index_09_01.jpg HTTP/1.0" 200 4724 "http://theinsurancepro.net/" "Mozilla/5.0 (Macintosh; Intel Mac OS X 10_13_6) AppleWebKit/537.36 (KHTML, like Gecko) Chrome/85.0.4183.83 Safari/537.36"
98.32.84.212 - - [10/Sep/2020:11:41:45 -0400] "GET /55/images/index_10_01.jpg HTTP/1.0" 200 3019 "http://theinsurancepro.net/" "Mozilla/5.0 (Macintosh; Intel Mac OS X 10_13_6) AppleWebKit/537.36 (KHTML, like Gecko) Chrome/85.0.4183.83 Safari/537.36"
98.32.84.212 - - [10/Sep/2020:11:41:49 -0400] "GET /55/images/index_06_01_over.jpg HTTP/1.0" 200 4609 "http://www.theinsurancepro.net/" "Mozilla/5.0 (Macintosh; Intel Mac OS X 10_13_6) AppleWebKit/537.36 (KHTML, like Gecko) Chrome/85.0.4183.83 Safari/537.36"
98.32.84.212 - - [10/Sep/2020:11:41:50 -0400] "GET /55/images/motif01.jpg HTTP/1.0" 200 15459 "http://www.theinsurancepro.net/" "Mozilla/5.0 (Macintosh; Intel Mac OS X 10_13_6) AppleWebKit/537.36 (KHTML, like Gecko) Chrome/85.0.4183.83 Safari/537.36"
114.119.156.38 - - [10/Sep/2020:12:06:07 -0400] "GET /robots.txt HTTP/1.0" 200 25 "-" "(compatible;PetalBot;+http://aspiegel.com/petalbot)"
176.8.250.231 - - [10/Sep/2020:18:41:52 -0400] "GET / HTTP/1.0" 200 18940 "https://avtointeres.ru/" "Mozilla/4.0 (compatible; MSIE 6.0; Windows XP)"
34.73.235.76 - - [10/Sep/2020:22:15:53 -0400] "GET /otherproducts.html HTTP/1.0" 200 16621 "-" "ZoominfoBot (zoominfobot at zoominfo dot com)"
34.73.235.76 - - [10/Sep/2020:22:27:46 -0400] "GET /lifeinsurance.html HTTP/1.0" 200 16691 "-" "ZoominfoBot (zoominfobot at zoominfo dot com)"
66.249.66.85 - - [10/Sep/2020:00:06:33 -0400] "GET / HTTP/1.0" 200 18940 "-" "Mozilla/5.0 (compatible; Googlebot/2.1; +http://www.google.com/bot.html)"
173.93.169.235 - - [10/Sep/2020:00:18:15 -0400] "GET / HTTP/1.0" 200 18940 "-" "Mozilla/5.0 (Windows NT 10.0) AppleWebKit/537.36 (KHTML, like Gecko) Chrome/43.0.2376.69 Safari/537.36"
173.93.169.235 - - [10/Sep/2020:00:18:15 -0400] "GET / HTTP/1.0" 200 18940 "-" "Mozilla/5.0 (Windows NT 10.0) AppleWebKit/537.36 (KHTML, like Gecko) Chrome/43.0.2376.69 Safari/537.36"
184.168.193.120 - - [10/Sep/2020:01:14:13 -0400] "GET /site/wp-includes/wlwmanifest.xml HTTP/1.0" 404 575 "-" "Mozilla/5.0 (Windows NT 10.0; Win64; x64) AppleWebKit/537.36 (KHTML, like Gecko) Chrome/70.0.3538.77 Safari/537.36"
103.56.158.12 - - [10/Sep/2020:01:22:38 -0400] "GET /oldsite/wp-includes/wlwmanifest.xml HTTP/1.0" 404 575 "-" "Mozilla/5.0 (Windows NT 10.0; Win64; x64) AppleWebKit/537.36 (KHTML, like Gecko) Chrome/70.0.3538.77 Safari/537.36"
50.63.197.28 - - [10/Sep/2020:01:22:57 -0400] "GET /website/wp-includes/wlwmanifest.xml HTTP/1.0" 404 575 "-" "Mozilla/5.0 (Windows NT 10.0; Win64; x64) AppleWebKit/537.36 (KHTML, like Gecko) Chrome/70.0.3538.77 Safari/537.36"
103.27.200.76 - - [10/Sep/2020:01:23:13 -0400] "GET /portal/wp-includes/wlwmanifest.xml HTTP/1.0" 404 575 "-" "Mozilla/5.0 (Windows NT 10.0; Win64; x64) AppleWebKit/537.36 (KHTML, like Gecko) Chrome/70.0.3538.77 Safari/537.36"
178.137.209.220 - - [10/Sep/2020:03:36:25 -0400] "GET / HTTP/1.0" 200 18940 "https://gcup.ru/" "Mozilla/4.61 [en] (X11; U; ) - BrowseX (2.0.0 Windows)"
69.197.177.18 - - [10/Sep/2020:06:08:12 -0400] "GET / HTTP/1.0" 200 18940 "-" "Mozilla/5.0 (Macintosh; Intel Mac OS X 10_12_5) AppleWeb Kit/537.36 (KHTML, like Gecko) Chrome/58.0.3029.110 Safari/537.36"
114.124.212.96 - - [10/Sep/2020:07:31:05 -0400] "GET /55/images/index_04_01_over.jpg HTTP/1.0" 200 4184 "http://theinsurancepro.net/?semalt.com" "Mozilla/5.0 (Windows NT 6.1; WOW64) AppleWebKit/537.36 (KHTML, like Gecko) Chrome/36.0.1985.143 Safari/537.36"
114.124.212.240 - - [10/Sep/2020:07:31:06 -0400] "GET /55/images/index_07_01.jpg HTTP/1.0" 200 5005 "http://theinsurancepro.net/?semalt.com" "Mozilla/5.0 (Windows NT 6.1; WOW64) AppleWebKit/537.36 (KHTML, like Gecko) Chrome/36.0.1985.143 Safari/537.36"
114.124.212.80 - - [10/Sep/2020:07:31:07 -0400] "GET /55/images/company.jpg HTTP/1.0" 200 7255 "http://theinsurancepro.net/?semalt.com" "Mozilla/5.0 (Windows NT 6.1; WOW64) AppleWebKit/537.36 (KHTML, like Gecko) Chrome/36.0.1985.143 Safari/537.36"
161.0.158.195 - - [10/Sep/2020:09:04:03 -0400] "GET /scripts/photoalbum.js HTTP/1.0" 200 62481 "http://theinsurancepro.net/" "Mozilla/5.0 (Macintosh; Intel Mac OS X 10_15_4) AppleWebKit/605.1.15 (KHTML, like Gecko) Version/13.1.2 Safari/605.1.15"
161.0.158.195 - - [10/Sep/2020:09:04:03 -0400] "GET /55/images/index_08_01.jpg HTTP/1.0" 200 5209 "http://theinsurancepro.net/" "Mozilla/5.0 (Macintosh; Intel Mac OS X 10_15_4) AppleWebKit/605.1.15 (KHTML, like Gecko) Version/13.1.2 Safari/605.1.15"
161.0.158.195 - - [10/Sep/2020:09:04:03 -0400] "GET /55/images/index_04_01.jpg HTTP/1.0" 200 4367 "http://theinsurancepro.net/" "Mozilla/5.0 (Macintosh; Intel Mac OS X 10_15_4) AppleWebKit/605.1.15 (KHTML, like Gecko) Version/13.1.2 Safari/605.1.15"
161.0.158.195 - - [10/Sep/2020:09:04:04 -0400] "GET /55/images/index_06_01_over.jpg HTTP/1.0" 200 4609 "http://theinsurancepro.net/" "Mozilla/5.0 (Macintosh; Intel Mac OS X 10_15_4) AppleWebKit/605.1.15 (KHTML, like Gecko) Version/13.1.2 Safari/605.1.15"
161.0.158.195 - - [10/Sep/2020:09:04:04 -0400] "GET /55/images/index_07_01_over.jpg HTTP/1.0" 200 5083 "http://theinsurancepro.net/" "Mozilla/5.0 (Macintosh; Intel Mac OS X 10_15_4) AppleWebKit/605.1.15 (KHTML, like Gecko) Version/13.1.2 Safari/605.1.15"
161.0.158.195 - - [10/Sep/2020:09:04:04 -0400] "GET /55/images/top_back.jpg HTTP/1.0" 200 417 "http://theinsurancepro.net/" "Mozilla/5.0 (Macintosh; Intel Mac OS X 10_15_4) AppleWebKit/605.1.15 (KHTML, like Gecko) Version/13.1.2 Safari/605.1.15"
195.181.161.20 - - [10/Sep/2020:10:14:02 -0400] "GET / HTTP/1.0" 200 18940 "http://theinsurancepro.net/" "Mozilla/5.0 (Windows NT 6.1; Win64; x64) AppleWebKit/537.36 (KHTML, like Gecko) Chrome/67.0.3396.79 Safari/537.36"
54.36.148.24 - - [10/Sep/2020:11:40:16 -0400] "GET / HTTP/1.0" 200 18940 "-" "Mozilla/5.0 (compatible; AhrefsBot/7.0; +http://ahrefs.com/robot/)"
98.32.84.212 - - [10/Sep/2020:11:41:44 -0400] "GET / HTTP/1.0" 200 18940 "https://www.google.com/" "Mozilla/5.0 (Macintosh; Intel Mac OS X 10_13_6) AppleWebKit/537.36 (KHTML, like Gecko) Chrome/85.0.4183.83 Safari/537.36"
98.32.84.212 - - [10/Sep/2020:11:41:45 -0400] "GET /55/images/01a.jpg HTTP/1.0" 200 3972 "http://theinsurancepro.net/" "Mozilla/5.0 (Macintosh; Intel Mac OS X 10_13_6) AppleWebKit/537.36 (KHTML, like Gecko) Chrome/85.0.4183.83 Safari/537.36"
98.32.84.212 - - [10/Sep/2020:11:41:45 -0400] "GET /55/images/index_06_01.jpg HTTP/1.0" 200 4528 "http://theinsurancepro.net/" "Mozilla/5.0 (Macintosh; Intel Mac OS X 10_13_6) AppleWebKit/537.36 (KHTML, like Gecko) Chrome/85.0.4183.83 Safari/537.36"
98.32.84.212 - - [10/Sep/2020:11:41:49 -0400] "GET /55/images/index_04_01.jpg HTTP/1.0" 200 4367 "http://www.theinsurancepro.net/" "Mozilla/5.0 (Macintosh; Intel Mac OS X 10_13_6) AppleWebKit/537.36 (KHTML, like Gecko) Chrome/85.0.4183.83 Safari/537.36"
98.32.84.212 - - [10/Sep/2020:11:41:49 -0400] "GET /55/images/index_07_01_over.jpg HTTP/1.0" 200 5083 "http://www.theinsurancepro.net/" "Mozilla/5.0 (Macintosh; Intel Mac OS X 10_13_6) AppleWebKit/537.36 (KHTML, like Gecko) Chrome/85.0.4183.83 Safari/537.36"
98.32.84.212 - - [10/Sep/2020:11:41:49 -0400] "GET /55/images/index_09_01_over.jpg HTTP/1.0" 200 4683 "http://www.theinsurancepro.net/" "Mozilla/5.0 (Macintosh; Intel Mac OS X 10_13_6) AppleWebKit/537.36 (KHTML, like Gecko) Chrome/85.0.4183.83 Safari/537.36"
98.32.84.212 - - [10/Sep/2020:11:41:50 -0400] "GET /55/images/top_back.jpg HTTP/1.0" 200 417 "http://www.theinsurancepro.net/" "Mozilla/5.0 (Macintosh; Intel Mac OS X 10_13_6) AppleWebKit/537.36 (KHTML, like Gecko) Chrome/85.0.4183.83 Safari/537.36"
34.73.235.76 - - [10/Sep/2020:22:15:14 -0400] "GET /contactus.html HTTP/1.0" 200 10923 "-" "ZoominfoBot (zoominfobot at zoominfo dot com)"
34.73.235.76 - - [10/Sep/2020:22:19:19 -0400] "GET /healthinsurance.html HTTP/1.0" 200 13696 "-" "ZoominfoBot (zoominfobot at zoominfo dot com)"
34.73.235.76 - - [10/Sep/2020:22:23:14 -0400] "GET /contactus.html HTTP/1.0" 200 10923 "-" "ZoominfoBot (zoominfobot at zoominfo dot com)"
182.50.130.27 - - [10/Sep/2020:01:16:13 -0400] "GET /demo/wp-includes/wlwmanifest.xml HTTP/1.0" 404 575 "-" "Mozilla/5.0 (Windows NT 10.0; Win64; x64) AppleWebKit/537.36 (KHTML, like Gecko) Chrome/70.0.3538.77 Safari/537.36"
184.168.46.111 - - [10/Sep/2020:01:16:39 -0400] "GET /dev/wp-includes/wlwmanifest.xml HTTP/1.0" 404 575 "-" "Mozilla/5.0 (Windows NT 10.0; Win64; x64) AppleWebKit/537.36 (KHTML, like Gecko) Chrome/70.0.3538.77 Safari/537.36"
198.71.227.10 - - [10/Sep/2020:01:19:47 -0400] "GET /staging/wp-includes/wlwmanifest.xml HTTP/1.0" 404 575 "-" "Mozilla/5.0 (Windows NT 10.0; Win64; x64) AppleWebKit/537.36 (KHTML, like Gecko) Chrome/70.0.3538.77 Safari/537.36"
50.62.208.182 - - [10/Sep/2020:01:25:27 -0400] "GET /wp2/wp-includes/wlwmanifest.xml HTTP/1.0" 404 575 "-" "Mozilla/5.0 (Windows NT 10.0; Win64; x64) AppleWebKit/537.36 (KHTML, like Gecko) Chrome/70.0.3538.77 Safari/537.36"
178.137.209.220 - - [10/Sep/2020:03:36:26 -0400] "GET / HTTP/1.0" 200 18940 "https://gcup.ru/" "Mozilla/4.61 [en] (X11; U; ) - BrowseX (2.0.0 Windows)"
34.75.230.95 - - [10/Sep/2020:05:53:46 -0400] "GET /robots.txt HTTP/1.0" 200 25 "-" "ZoominfoBot (zoominfobot at zoominfo dot com)"
34.75.230.95 - - [10/Sep/2020:06:09:18 -0400] "GET /lifeinsurance.html HTTP/1.0" 200 16691 "-" "ZoominfoBot (zoominfobot at zoominfo dot com)"
3.236.8.150 - - [10/Sep/2020:06:58:24 -0400] "GET /wp-content/plugins/wp-file-manager/lib/php/connector.minimal.php HTTP/1.0" 404 575 "www.google.com" "Mozlila/5.0 (Linux; Android 7.0; SM-G892A Bulid/NRD90M; wv) AppleWebKit/537.36 (KHTML, like Gecko) Version/4.0 Chrome/60.0.3112.107 Moblie Safari/537.36"
114.124.212.241 - - [10/Sep/2020:07:31:06 -0400] "GET /55/images/index_09_01_over.jpg HTTP/1.0" 200 4683 "http://theinsurancepro.net/?semalt.com" "Mozilla/5.0 (Windows NT 6.1; WOW64) AppleWebKit/537.36 (KHTML, like Gecko) Chrome/36.0.1985.143 Safari/537.36"
114.124.212.96 - - [10/Sep/2020:07:31:07 -0400] "GET /55/images/spacer.gif HTTP/1.0" 200 43 "http://theinsurancepro.net/?semalt.com" "Mozilla/5.0 (Windows NT 6.1; WOW64) AppleWebKit/537.36 (KHTML, like Gecko) Chrome/36.0.1985.143 Safari/537.36"
161.0.158.195 - - [10/Sep/2020:09:04:03 -0400] "GET /55/images/index_06_01.jpg HTTP/1.0" 200 4528 "http://theinsurancepro.net/" "Mozilla/5.0 (Macintosh; Intel Mac OS X 10_15_4) AppleWebKit/605.1.15 (KHTML, like Gecko) Version/13.1.2 Safari/605.1.15"
161.0.158.195 - - [10/Sep/2020:09:04:04 -0400] "GET /55/images/index_08_01_over.jpg HTTP/1.0" 200 5204 "http://theinsurancepro.net/" "Mozilla/5.0 (Macintosh; Intel Mac OS X 10_15_4) AppleWebKit/605.1.15 (KHTML, like Gecko) Version/13.1.2 Safari/605.1.15"
161.0.158.195 - - [10/Sep/2020:09:04:04 -0400] "GET /favicon.ico HTTP/1.0" 404 575 "http://theinsurancepro.net/" "Mozilla/5.0 (Macintosh; Intel Mac OS X 10_15_4) AppleWebKit/605.1.15 (KHTML, like Gecko) Version/13.1.2 Safari/605.1.15"
114.119.137.89 - - [10/Sep/2020:09:29:39 -0400] "GET /robots.txt HTTP/1.0" 200 25 "-" "(compatible;PetalBot;+http://aspiegel.com/petalbot)"
114.119.157.17 - - [10/Sep/2020:10:46:39 -0400] "GET /robots.txt HTTP/1.0" 200 25 "-" "(compatible;PetalBot;+http://aspiegel.com/petalbot)"
66.249.66.85 - - [10/Sep/2020:11:57:39 -0400] "GET / HTTP/1.0" 200 18940 "-" "Mozilla/5.0 (compatible; Googlebot/2.1; +http://www.google.com/bot.html)"
34.73.235.76 - - [10/Sep/2020:22:18:41 -0400] "GET /medicaresupplements.html HTTP/1.0" 200 12772 "-" "ZoominfoBot (zoominfobot at zoominfo dot com)"
34.73.235.76 - - [10/Sep/2020:22:20:43 -0400] "GET /otherproducts.html HTTP/1.0" 200 16621 "-" "ZoominfoBot (zoominfobot at zoominfo dot com)"
34.73.235.76 - - [10/Sep/2020:22:44:46 -0400] "GET /home.html HTTP/1.0" 200 18940 "-" "ZoominfoBot (zoominfobot at zoominfo dot com)"
35.247.11.16 - - [10/Sep/2020:00:59:01 -0400] "GET / HTTP/1.0" 200 18940 "-" "Mozilla/5.0 (Windows NT 10.0; Win64; x64; rv:79.0) Gecko/20100101 Firefox/79.0"
97.74.24.215 - - [10/Sep/2020:01:20:23 -0400] "GET /news/wp-includes/wlwmanifest.xml HTTP/1.0" 404 575 "-" "Mozilla/5.0 (Windows NT 10.0; Win64; x64) AppleWebKit/537.36 (KHTML, like Gecko) Chrome/70.0.3538.77 Safari/537.36"
68.66.226.73 - - [10/Sep/2020:01:21:25 -0400] "GET /main/wp-includes/wlwmanifest.xml HTTP/1.0" 404 575 "-" "Mozilla/5.0 (Windows NT 10.0; Win64; x64) AppleWebKit/537.36 (KHTML, like Gecko) Chrome/70.0.3538.77 Safari/537.36"
198.71.231.76 - - [10/Sep/2020:01:22:01 -0400] "GET /newsite/wp-includes/wlwmanifest.xml HTTP/1.0" 404 575 "-" "Mozilla/5.0 (Windows NT 10.0; Win64; x64) AppleWebKit/537.36 (KHTML, like Gecko) Chrome/70.0.3538.77 Safari/537.36"
198.71.239.17 - - [10/Sep/2020:01:25:05 -0400] "GET /1/wp-includes/wlwmanifest.xml HTTP/1.0" 404 575 "-" "Mozilla/5.0 (Windows NT 10.0; Win64; x64) AppleWebKit/537.36 (KHTML, like Gecko) Chrome/70.0.3538.77 Safari/537.36"
34.75.230.95 - - [10/Sep/2020:05:56:30 -0400] "GET /otherproducts.html HTTP/1.0" 200 16621 "-" "ZoominfoBot (zoominfobot at zoominfo dot com)"
114.124.212.80 - - [10/Sep/2020:07:31:04 -0400] "GET /scripts/ic_globals_published.js HTTP/1.0" 200 566 "http://theinsurancepro.net/?semalt.com" "Mozilla/5.0 (Windows NT 6.1; WOW64) AppleWebKit/537.36 (KHTML, like Gecko) Chrome/36.0.1985.143 Safari/537.36"
114.124.212.240 - - [10/Sep/2020:07:31:04 -0400] "GET /scripts/photoalbum.js HTTP/1.0" 200 62481 "http://theinsurancepro.net/?semalt.com" "Mozilla/5.0 (Windows NT 6.1; WOW64) AppleWebKit/537.36 (KHTML, like Gecko) Chrome/36.0.1985.143 Safari/537.36"
114.124.212.241 - - [10/Sep/2020:07:31:07 -0400] "GET /55/images/motif01.jpg HTTP/1.0" 200 15459 "http://theinsurancepro.net/?semalt.com" "Mozilla/5.0 (Windows NT 6.1; WOW64) AppleWebKit/537.36 (KHTML, like Gecko) Chrome/36.0.1985.143 Safari/537.36"
161.0.158.195 - - [10/Sep/2020:09:04:04 -0400] "GET /55/images/company.jpg HTTP/1.0" 200 7255 "http://theinsurancepro.net/" "Mozilla/5.0 (Macintosh; Intel Mac OS X 10_15_4) AppleWebKit/605.1.15 (KHTML, like Gecko) Version/13.1.2 Safari/605.1.15"
161.0.158.195 - - [10/Sep/2020:09:04:04 -0400] "GET /55/images/motif01.jpg HTTP/1.0" 200 15459 "http://theinsurancepro.net/" "Mozilla/5.0 (Macintosh; Intel Mac OS X 10_15_4) AppleWebKit/605.1.15 (KHTML, like Gecko) Version/13.1.2 Safari/605.1.15"
161.0.158.195 - - [10/Sep/2020:09:04:04 -0400] "GET /55/images/index_10_01.jpg HTTP/1.0" 200 3019 "http://theinsurancepro.net/" "Mozilla/5.0 (Macintosh; Intel Mac OS X 10_15_4) AppleWebKit/605.1.15 (KHTML, like Gecko) Version/13.1.2 Safari/605.1.15"
161.0.158.195 - - [10/Sep/2020:09:04:04 -0400] "GET /55/images/index_04_01_over.jpg HTTP/1.0" 200 4184 "http://theinsurancepro.net/" "Mozilla/5.0 (Macintosh; Intel Mac OS X 10_15_4) AppleWebKit/605.1.15 (KHTML, like Gecko) Version/13.1.2 Safari/605.1.15"
98.32.84.212 - - [10/Sep/2020:11:41:45 -0400] "GET /55/images/company.jpg HTTP/1.0" 200 7255 "http://theinsurancepro.net/" "Mozilla/5.0 (Macintosh; Intel Mac OS X 10_13_6) AppleWebKit/537.36 (KHTML, like Gecko) Chrome/85.0.4183.83 Safari/537.36"
98.32.84.212 - - [10/Sep/2020:11:41:45 -0400] "GET /55/images/motif01.jpg HTTP/1.0" 200 15459 "http://theinsurancepro.net/" "Mozilla/5.0 (Macintosh; Intel Mac OS X 10_13_6) AppleWebKit/537.36 (KHTML, like Gecko) Chrome/85.0.4183.83 Safari/537.36"
98.32.84.212 - - [10/Sep/2020:11:41:45 -0400] "GET /55/images/index_02_02.gif HTTP/1.0" 200 503 "http://theinsurancepro.net/" "Mozilla/5.0 (Macintosh; Intel Mac OS X 10_13_6) AppleWebKit/537.36 (KHTML, like Gecko) Chrome/85.0.4183.83 Safari/537.36"
98.32.84.212 - - [10/Sep/2020:11:41:48 -0400] "GET / HTTP/1.0" 200 18940 "https://www.google.com/" "Mozilla/5.0 (Macintosh; Intel Mac OS X 10_13_6) AppleWebKit/537.36 (KHTML, like Gecko) Chrome/85.0.4183.83 Safari/537.36"
98.32.84.212 - - [10/Sep/2020:11:41:49 -0400] "GET /scripts/photoalbum.js HTTP/1.0" 200 62481 "http://www.theinsurancepro.net/" "Mozilla/5.0 (Macintosh; Intel Mac OS X 10_13_6) AppleWebKit/537.36 (KHTML, like Gecko) Chrome/85.0.4183.83 Safari/537.36"
98.32.84.212 - - [10/Sep/2020:11:41:49 -0400] "GET /55/images/index_01_04.gif HTTP/1.0" 200 132 "http://www.theinsurancepro.net/" "Mozilla/5.0 (Macintosh; Intel Mac OS X 10_13_6) AppleWebKit/537.36 (KHTML, like Gecko) Chrome/85.0.4183.83 Safari/537.36"
98.32.84.212 - - [10/Sep/2020:11:41:50 -0400] "GET /55/images/01a.jpg HTTP/1.0" 200 3972 "http://www.theinsurancepro.net/" "Mozilla/5.0 (Macintosh; Intel Mac OS X 10_13_6) AppleWebKit/537.36 (KHTML, like Gecko) Chrome/85.0.4183.83 Safari/537.36"
34.249.120.137 - - [10/Sep/2020:12:35:23 -0400] "GET /lifeinsurance.html HTTP/1.0" 200 16691 "-" "Mozilla/5.0 (Windows NT 6.2; WOW64)"
173.225.16.69 - - [10/Sep/2020:17:08:15 -0400] "GET / HTTP/1.0" 200 18940 "-" "PageFreezer (pagefreezer crawler; http://pagefreezer.com/pagefreezer-crawler/; info@pagefreezer.com)"
34.249.120.137 - - [10/Sep/2020:17:44:35 -0400] "GET /otherproducts.html HTTP/1.0" 200 16621 "-" "Mozilla/5.0 (Windows NT 6.2; WOW64)"
176.8.250.231 - - [10/Sep/2020:18:41:53 -0400] "GET / HTTP/1.0" 200 18940 "https://avtointeres.ru/" "Mozilla/4.0 (compatible; MSIE 6.0; Windows XP)"
34.73.235.76 - - [10/Sep/2020:22:13:21 -0400] "GET /robots.txt HTTP/1.0" 200 25 "-" "ZoominfoBot (zoominfobot at zoominfo dot com)"
34.73.235.76 - - [10/Sep/2020:22:29:05 -0400] "GET /home.html HTTP/1.0" 200 18940 "-" "ZoominfoBot (zoominfobot at zoominfo dot com)"
46.245.167.226 - - [10/Sep/2020:01:16:28 -0400] "GET /web/wp-includes/wlwmanifest.xml HTTP/1.0" 404 575 "-" "Mozilla/5.0 (Windows NT 10.0; Win64; x64) AppleWebKit/537.36 (KHTML, like Gecko) Chrome/70.0.3538.77 Safari/537.36"
34.235.233.220 - - [10/Sep/2020:02:06:26 -0400] "GET / HTTP/1.0" 200 18940 "-" "Mozilla/5.0 (Windows NT 10.0; Win64; x64) AppleWebKit/537.36 (KHTML, like Gecko) Chrome/84.0.4147.105 Safari/537.36"
66.249.66.159 - - [10/Sep/2020:03:14:58 -0400] "GET /robots.txt HTTP/1.0" 200 25 "-" "Mozilla/5.0 (compatible; Googlebot/2.1; +http://www.google.com/bot.html)"
178.137.209.220 - - [10/Sep/2020:03:36:24 -0400] "GET / HTTP/1.0" 200 18940 "https://gcup.ru/" "Mozilla/4.61 [en] (X11; U; ) - BrowseX (2.0.0 Windows)"
52.142.51.17 - - [10/Sep/2020:04:57:18 -0400] "GET /.env HTTP/1.0" 404 575 "-" "Mozilla/5.0 (X11; Linux x86_64) AppleWebKit/537.36 (KHTML, like Gecko) Chrome/81.0.4044.129 Safari/537.36"
34.75.230.95 - - [10/Sep/2020:05:53:46 -0400] "GET /medicaresupplements.html HTTP/1.0" 200 12772 "-" "ZoominfoBot (zoominfobot at zoominfo dot com)"
34.75.230.95 - - [10/Sep/2020:05:59:26 -0400] "GET /medicaresupplements.html HTTP/1.0" 200 12772 "-" "ZoominfoBot (zoominfobot at zoominfo dot com)"
34.75.230.95 - - [10/Sep/2020:06:13:01 -0400] "GET /healthinsurance.html HTTP/1.0" 200 13696 "-" "ZoominfoBot (zoominfobot at zoominfo dot com)"
66.249.66.84 - - [10/Sep/2020:06:45:56 -0400] "GET /robots.txt HTTP/1.0" 200 25 "-" "Mozilla/5.0 (compatible; Googlebot/2.1; +http://www.google.com/bot.html)"
114.124.212.80 - - [10/Sep/2020:07:31:05 -0400] "GET /55/images/index_04_01.jpg HTTP/1.0" 200 4367 "http://theinsurancepro.net/?semalt.com" "Mozilla/5.0 (Windows NT 6.1; WOW64) AppleWebKit/537.36 (KHTML, like Gecko) Chrome/36.0.1985.143 Safari/537.36"
114.124.212.241 - - [10/Sep/2020:07:31:08 -0400] "GET /images/340_Dave_housepic.jpg HTTP/1.0" 200 37162 "http://theinsurancepro.net/?semalt.com" "Mozilla/5.0 (Windows NT 6.1; WOW64) AppleWebKit/537.36 (KHTML, like Gecko) Chrome/36.0.1985.143 Safari/537.36"
161.0.158.195 - - [10/Sep/2020:09:04:04 -0400] "GET /55/images/01a.jpg HTTP/1.0" 200 3972 "http://theinsurancepro.net/" "Mozilla/5.0 (Macintosh; Intel Mac OS X 10_15_4) AppleWebKit/605.1.15 (KHTML, like Gecko) Version/13.1.2 Safari/605.1.15"
161.0.158.195 - - [10/Sep/2020:09:04:04 -0400] "GET /55/images/index_02_02.gif HTTP/1.0" 200 503 "http://theinsurancepro.net/" "Mozilla/5.0 (Macintosh; Intel Mac OS X 10_15_4) AppleWebKit/605.1.15 (KHTML, like Gecko) Version/13.1.2 Safari/605.1.15"
161.0.158.195 - - [10/Sep/2020:09:04:04 -0400] "GET /images/340_Dave_housepic.jpg HTTP/1.0" 200 37162 "http://theinsurancepro.net/" "Mozilla/5.0 (Macintosh; Intel Mac OS X 10_15_4) AppleWebKit/605.1.15 (KHTML, like Gecko) Version/13.1.2 Safari/605.1.15"
161.0.158.195 - - [10/Sep/2020:09:04:04 -0400] "GET /55/images/index_09_01_over.jpg HTTP/1.0" 200 4683 "http://theinsurancepro.net/" "Mozilla/5.0 (Macintosh; Intel Mac OS X 10_15_4) AppleWebKit/605.1.15 (KHTML, like Gecko) Version/13.1.2 Safari/605.1.15"
161.0.158.195 - - [10/Sep/2020:09:04:04 -0400] "GET /55/images/spacer.gif HTTP/1.0" 200 43 "http://theinsurancepro.net/" "Mozilla/5.0 (Macintosh; Intel Mac OS X 10_15_4) AppleWebKit/605.1.15 (KHTML, like Gecko) Version/13.1.2 Safari/605.1.15"
195.181.161.20 - - [10/Sep/2020:10:14:03 -0400] "GET /contactus.html HTTP/1.0" 200 10923 "http://theinsurancepro.net/contactus.html" "Mozilla/5.0 (Windows NT 6.1; Win64; x64) AppleWebKit/537.36 (KHTML, like Gecko) Chrome/67.0.3396.79 Safari/537.36"
66.249.66.157 - - [10/Sep/2020:11:07:29 -0400] "GET / HTTP/1.0" 200 18940 "-" "Mozilla/5.0 (compatible; Googlebot/2.1; +http://www.google.com/bot.html)"
98.32.84.212 - - [10/Sep/2020:11:41:45 -0400] "GET /55/images/index_08_01.jpg HTTP/1.0" 200 5209 "http://theinsurancepro.net/" "Mozilla/5.0 (Macintosh; Intel Mac OS X 10_13_6) AppleWebKit/537.36 (KHTML, like Gecko) Chrome/85.0.4183.83 Safari/537.36"
98.32.84.212 - - [10/Sep/2020:11:41:45 -0400] "GET /images/340_Dave_housepic.jpg HTTP/1.0" 200 37162 "http://theinsurancepro.net/" "Mozilla/5.0 (Macintosh; Intel Mac OS X 10_13_6) AppleWebKit/537.36 (KHTML, like Gecko) Chrome/85.0.4183.83 Safari/537.36"
98.32.84.212 - - [10/Sep/2020:11:41:49 -0400] "GET /55/images/company.jpg HTTP/1.0" 200 7255 "http://www.theinsurancepro.net/" "Mozilla/5.0 (Macintosh; Intel Mac OS X 10_13_6) AppleWebKit/537.36 (KHTML, like Gecko) Chrome/85.0.4183.83 Safari/537.36"
98.32.84.212 - - [10/Sep/2020:11:41:49 -0400] "GET /55/images/slogan.jpg HTTP/1.0" 200 1771 "http://www.theinsurancepro.net/" "Mozilla/5.0 (Macintosh; Intel Mac OS X 10_13_6) AppleWebKit/537.36 (KHTML, like Gecko) Chrome/85.0.4183.83 Safari/537.36"
98.32.84.212 - - [10/Sep/2020:11:41:50 -0400] "GET /55/images/index_10_01.jpg HTTP/1.0" 200 3019 "http://www.theinsurancepro.net/" "Mozilla/5.0 (Macintosh; Intel Mac OS X 10_13_6) AppleWebKit/537.36 (KHTML, like Gecko) Chrome/85.0.4183.83 Safari/537.36"
176.8.250.231 - - [10/Sep/2020:18:41:53 -0400] "GET / HTTP/1.0" 200 18940 "https://avtointeres.ru/" "Mozilla/4.0 (compatible; MSIE 6.0; Windows XP)"
34.73.235.76 - - [10/Sep/2020:22:31:11 -0400] "GET /healthinsurance.html HTTP/1.0" 200 13696 "-" "ZoominfoBot (zoominfobot at zoominfo dot com)"
10.30.83.31 - - [10/Sep/2020:23:22:58 -0400] "GET / HTTP/1.0" 200 18940 "-" "Mozilla/5.0 (compatible; AhrefsBot/7.0; +http://ahrefs.com/robot/)"
66.249.66.84 - - [10/Sep/2020:00:06:37 -0400] "GET /55/scripts/master.css HTTP/1.0" 200 2007 "http://theinsurancepro.net/" "Mozilla/5.0 AppleWebKit/537.36 (KHTML, like Gecko; compatible; Googlebot/2.1; +http://www.google.com/bot.html) Chrome/85.0.4183.93 Safari/537.36"
184.168.152.203 - - [10/Sep/2020:01:14:47 -0400] "GET /test/wp-includes/wlwmanifest.xml HTTP/1.0" 404 575 "-" "Mozilla/5.0 (Windows NT 10.0; Win64; x64) AppleWebKit/537.36 (KHTML, like Gecko) Chrome/70.0.3538.77 Safari/537.36"
66.249.66.157 - - [10/Sep/2020:03:14:57 -0400] "GET / HTTP/1.0" 200 18940 "-" "Mozilla/5.0 (Linux; Android 6.0.1; Nexus 5X Build/MMB29P) AppleWebKit/537.36 (KHTML, like Gecko) Chrome/80.0.3987.92 Mobile Safari/537.36 (compatible; Googlebot/2.1; +http://www.google.com/bot.html)"
125.162.211.69 - - [10/Sep/2020:03:19:39 -0400] "GET /?q=semalt.com HTTP/1.0" 200 18940 "http://google.com/search?q=semalt.com" "Mozilla/5.0 (Windows NT 10.0; Win64; x64) AppleWebKit/537.36 (KHTML, like Gecko) Chrome/74.0.3729.169 Safari/537.36"
42.120.161.98 - - [10/Sep/2020:03:58:56 -0400] "GET /55/scripts/icwebsiteelement.css HTTP/1.0" 200 8132 "http://www.theinsurancepro.net/" "YisouSpider"
52.142.51.17 - - [10/Sep/2020:04:57:25 -0400] "GET /vendor/phpunit/phpunit/src/Util/PHP/eval-stdin.php HTTP/1.0" 404 575 "-" "Mozilla/5.0 (Macintosh; Intel Mac OS X 10_10_1) AppleWebKit/537.36 (KHTML, like Gecko) Chrome/39.0.2171.95 Safari/537.36"
34.75.230.95 - - [10/Sep/2020:05:57:50 -0400] "GET /lifeinsurance.html HTTP/1.0" 200 16691 "-" "ZoominfoBot (zoominfobot at zoominfo dot com)"
114.124.212.80 - - [10/Sep/2020:07:31:00 -0400] "GET /?semalt.com HTTP/1.0" 200 18940 "http://google.com/search?q=semalt.com" "Mozilla/5.0 (Windows NT 6.1; WOW64) AppleWebKit/537.36 (KHTML, like Gecko) Chrome/36.0.1985.143 Safari/537.36"
114.124.213.193 - - [10/Sep/2020:07:31:04 -0400] "GET /scripts/user.js HTTP/1.0" 200 23762 "http://theinsurancepro.net/?semalt.com" "Mozilla/5.0 (Windows NT 6.1; WOW64) AppleWebKit/537.36 (KHTML, like Gecko) Chrome/36.0.1985.143 Safari/537.36"
114.124.213.193 - - [10/Sep/2020:07:31:06 -0400] "GET /55/images/index_05_01_over.jpg HTTP/1.0" 200 3981 "http://theinsurancepro.net/?semalt.com" "Mozilla/5.0 (Windows NT 6.1; WOW64) AppleWebKit/537.36 (KHTML, like Gecko) Chrome/36.0.1985.143 Safari/537.36"
114.124.212.80 - - [10/Sep/2020:07:31:06 -0400] "GET /55/images/index_07_01_over.jpg HTTP/1.0" 200 5083 "http://theinsurancepro.net/?semalt.com" "Mozilla/5.0 (Windows NT 6.1; WOW64) AppleWebKit/537.36 (KHTML, like Gecko) Chrome/36.0.1985.143 Safari/537.36"
114.124.212.80 - - [10/Sep/2020:07:31:08 -0400] "GET /55/images/01a.jpg HTTP/1.0" 200 3972 "http://theinsurancepro.net/?semalt.com" "Mozilla/5.0 (Windows NT 6.1; WOW64) AppleWebKit/537.36 (KHTML, like Gecko) Chrome/36.0.1985.143 Safari/537.36"
114.124.212.80 - - [10/Sep/2020:07:31:08 -0400] "GET /55/images/index_10_01.jpg HTTP/1.0" 200 3019 "http://theinsurancepro.net/?semalt.com" "Mozilla/5.0 (Windows NT 6.1; WOW64) AppleWebKit/537.36 (KHTML, like Gecko) Chrome/36.0.1985.143 Safari/537.36"
114.119.145.139 - - [10/Sep/2020:08:14:39 -0400] "GET /robots.txt HTTP/1.0" 200 25 "-" "(compatible;PetalBot;+http://aspiegel.com/petalbot)"
161.0.158.195 - - [10/Sep/2020:09:04:04 -0400] "GET /scripts/ic_globals_published.js HTTP/1.0" 200 566 "http://theinsurancepro.net/" "Mozilla/5.0 (Macintosh; Intel Mac OS X 10_15_4) AppleWebKit/605.1.15 (KHTML, like Gecko) Version/13.1.2 Safari/605.1.15"
161.0.158.195 - - [10/Sep/2020:09:04:04 -0400] "GET /scripts/user.js HTTP/1.0" 200 23762 "http://theinsurancepro.net/" "Mozilla/5.0 (Macintosh; Intel Mac OS X 10_15_4) AppleWebKit/605.1.15 (KHTML, like Gecko) Version/13.1.2 Safari/605.1.15"
161.0.158.195 - - [10/Sep/2020:09:04:04 -0400] "GET /55/images/index_07_01.jpg HTTP/1.0" 200 5005 "http://theinsurancepro.net/" "Mozilla/5.0 (Macintosh; Intel Mac OS X 10_15_4) AppleWebKit/605.1.15 (KHTML, like Gecko) Version/13.1.2 Safari/605.1.15"
98.32.84.212 - - [10/Sep/2020:11:41:44 -0400] "GET /55/scripts/master.css HTTP/1.0" 200 2007 "http://theinsurancepro.net/" "Mozilla/5.0 (Macintosh; Intel Mac OS X 10_13_6) AppleWebKit/537.36 (KHTML, like Gecko) Chrome/85.0.4183.83 Safari/537.36"
98.32.84.212 - - [10/Sep/2020:11:41:49 -0400] "GET /55/images/index_00.gif HTTP/1.0" 200 43 "http://www.theinsurancepro.net/" "Mozilla/5.0 (Macintosh; Intel Mac OS X 10_13_6) AppleWebKit/537.36 (KHTML, like Gecko) Chrome/85.0.4183.83 Safari/537.36"
98.32.84.212 - - [10/Sep/2020:11:41:49 -0400] "GET /55/images/index_05_01.jpg HTTP/1.0" 200 5361 "http://www.theinsurancepro.net/" "Mozilla/5.0 (Macintosh; Intel Mac OS X 10_13_6) AppleWebKit/537.36 (KHTML, like Gecko) Chrome/85.0.4183.83 Safari/537.36"
98.32.84.212 - - [10/Sep/2020:11:41:49 -0400] "GET /55/images/index_05_01_over.jpg HTTP/1.0" 200 3981 "http://www.theinsurancepro.net/" "Mozilla/5.0 (Macintosh; Intel Mac OS X 10_13_6) AppleWebKit/537.36 (KHTML, like Gecko) Chrome/85.0.4183.83 Safari/537.36"
98.32.84.212 - - [10/Sep/2020:11:41:50 -0400] "GET /55/images/new_back.jpg HTTP/1.0" 200 5239 "http://www.theinsurancepro.net/" "Mozilla/5.0 (Macintosh; Intel Mac OS X 10_13_6) AppleWebKit/537.36 (KHTML, like Gecko) Chrome/85.0.4183.83 Safari/537.36"
98.32.84.212 - - [10/Sep/2020:11:41:50 -0400] "GET /55/images/spacer.gif HTTP/1.0" 200 43 "http://www.theinsurancepro.net/" "Mozilla/5.0 (Macintosh; Intel Mac OS X 10_13_6) AppleWebKit/537.36 (KHTML, like Gecko) Chrome/85.0.4183.83 Safari/537.36"
114.119.140.206 - - [10/Sep/2020:13:23:33 -0400] "GET /robots.txt HTTP/1.0" 200 25 "-" "(compatible;PetalBot;+http://aspiegel.com/petalbot)"
34.254.246.76 - - [10/Sep/2020:14:34:32 -0400] "GET /robots.txt HTTP/1.0" 200 25 "-" "Pandalytics/1.0 (https://domainsbot.com/pandalytics/)"
160.153.156.135 - - [10/Sep/2020:01:13:52 -0400] "GET /wordpress/wp-includes/wlwmanifest.xml HTTP/1.0" 404 575 "-" "Mozilla/5.0 (Windows NT 10.0; Win64; x64) AppleWebKit/537.36 (KHTML, like Gecko) Chrome/70.0.3538.77 Safari/537.36"
198.71.239.36 - - [10/Sep/2020:01:14:57 -0400] "GET /backup/wp-includes/wlwmanifest.xml HTTP/1.0" 404 575 "-" "Mozilla/5.0 (Windows NT 10.0; Win64; x64) AppleWebKit/537.36 (KHTML, like Gecko) Chrome/70.0.3538.77 Safari/537.36"
107.180.89.170 - - [10/Sep/2020:01:15:36 -0400] "GET /en/wp-includes/wlwmanifest.xml HTTP/1.0" 404 575 "-" "Mozilla/5.0 (Windows NT 10.0; Win64; x64) AppleWebKit/537.36 (KHTML, like Gecko) Chrome/70.0.3538.77 Safari/537.36"
34.75.230.95 - - [10/Sep/2020:05:55:50 -0400] "GET /contactus.html HTTP/1.0" 200 10923 "-" "ZoominfoBot (zoominfobot at zoominfo dot com)"
114.124.212.96 - - [10/Sep/2020:07:31:07 -0400] "GET /55/images/top_back.jpg HTTP/1.0" 200 417 "http://theinsurancepro.net/?semalt.com" "Mozilla/5.0 (Windows NT 6.1; WOW64) AppleWebKit/537.36 (KHTML, like Gecko) Chrome/36.0.1985.143 Safari/537.36"
114.124.212.240 - - [10/Sep/2020:07:31:07 -0400] "GET /55/images/slogan.jpg HTTP/1.0" 200 1771 "http://theinsurancepro.net/?semalt.com" "Mozilla/5.0 (Windows NT 6.1; WOW64) AppleWebKit/537.36 (KHTML, like Gecko) Chrome/36.0.1985.143 Safari/537.36"
114.124.213.193 - - [10/Sep/2020:07:31:07 -0400] "GET /55/images/new_back.jpg HTTP/1.0" 200 5239 "http://theinsurancepro.net/?semalt.com" "Mozilla/5.0 (Windows NT 6.1; WOW64) AppleWebKit/537.36 (KHTML, like Gecko) Chrome/36.0.1985.143 Safari/537.36"
98.32.84.212 - - [10/Sep/2020:11:41:45 -0400] "GET /55/images/slogan.jpg HTTP/1.0" 200 1771 "http://theinsurancepro.net/" "Mozilla/5.0 (Macintosh; Intel Mac OS X 10_13_6) AppleWebKit/537.36 (KHTML, like Gecko) Chrome/85.0.4183.83 Safari/537.36"
98.32.84.212 - - [10/Sep/2020:11:41:48 -0400] "GET /55/scripts/icwebsiteelement.css HTTP/1.0" 200 8132 "http://www.theinsurancepro.net/" "Mozilla/5.0 (Macintosh; Intel Mac OS X 10_13_6) AppleWebKit/537.36 (KHTML, like Gecko) Chrome/85.0.4183.83 Safari/537.36"
98.32.84.212 - - [10/Sep/2020:11:41:50 -0400] "GET /55/images/index_02_02.gif HTTP/1.0" 200 503 "http://www.theinsurancepro.net/" "Mozilla/5.0 (Macintosh; Intel Mac OS X 10_13_6) AppleWebKit/537.36 (KHTML, like Gecko) Chrome/85.0.4183.83 Safari/537.36"
198.71.239.40 - - [10/Sep/2020:01:12:26 -0400] "GET /wp-includes/wlwmanifest.xml HTTP/1.0" 404 575 "-" "Mozilla/5.0 (Windows NT 10.0; Win64; x64) AppleWebKit/537.36 (KHTML, like Gecko) Chrome/70.0.3538.77 Safari/537.36"
160.153.154.21 - - [10/Sep/2020:01:25:16 -0400] "GET /store/wp-includes/wlwmanifest.xml HTTP/1.0" 404 575 "-" "Mozilla/5.0 (Windows NT 10.0; Win64; x64) AppleWebKit/537.36 (KHTML, like Gecko) Chrome/70.0.3538.77 Safari/537.36"
34.75.230.95 - - [10/Sep/2020:06:00:08 -0400] "GET /healthinsurance.html HTTP/1.0" 200 13696 "-" "ZoominfoBot (zoominfobot at zoominfo dot com)"
34.75.230.95 - - [10/Sep/2020:06:04:20 -0400] "GET /contactus.html HTTP/1.0" 200 10923 "-" "ZoominfoBot (zoominfobot at zoominfo dot com)"
114.124.212.96 - - [10/Sep/2020:07:31:04 -0400] "GET /55/scripts/icwebsiteelement.css HTTP/1.0" 200 8132 "http://theinsurancepro.net/?semalt.com" "Mozilla/5.0 (Windows NT 6.1; WOW64) AppleWebKit/537.36 (KHTML, like Gecko) Chrome/36.0.1985.143 Safari/537.36"
114.124.212.240 - - [10/Sep/2020:07:31:05 -0400] "GET /55/images/index_06_01.jpg HTTP/1.0" 200 4528 "http://theinsurancepro.net/?semalt.com" "Mozilla/5.0 (Windows NT 6.1; WOW64) AppleWebKit/537.36 (KHTML, like Gecko) Chrome/36.0.1985.143 Safari/537.36"
114.124.213.193 - - [10/Sep/2020:07:31:06 -0400] "GET /55/images/index_08_01.jpg HTTP/1.0" 200 5209 "http://theinsurancepro.net/?semalt.com" "Mozilla/5.0 (Windows NT 6.1; WOW64) AppleWebKit/537.36 (KHTML, like Gecko) Chrome/36.0.1985.143 Safari/537.36"
114.124.212.80 - - [10/Sep/2020:07:31:06 -0400] "GET /55/images/index_09_01.jpg HTTP/1.0" 200 4724 "http://theinsurancepro.net/?semalt.com" "Mozilla/5.0 (Windows NT 6.1; WOW64) AppleWebKit/537.36 (KHTML, like Gecko) Chrome/36.0.1985.143 Safari/537.36"
114.124.213.193 - - [10/Sep/2020:07:31:07 -0400] "GET /55/images/index_00.gif HTTP/1.0" 200 43 "http://theinsurancepro.net/?semalt.com" "Mozilla/5.0 (Windows NT 6.1; WOW64) AppleWebKit/537.36 (KHTML, like Gecko) Chrome/36.0.1985.143 Safari/537.36"
114.124.212.240 - - [10/Sep/2020:07:31:07 -0400] "GET /55/images/index_02_02.gif HTTP/1.0" 200 503 "http://theinsurancepro.net/?semalt.com" "Mozilla/5.0 (Windows NT 6.1; WOW64) AppleWebKit/537.36 (KHTML, like Gecko) Chrome/36.0.1985.143 Safari/537.36"
161.0.158.195 - - [10/Sep/2020:09:04:03 -0400] "GET / HTTP/1.0" 200 18940 "http://theexchangepro.net/" "Mozilla/5.0 (Macintosh; Intel Mac OS X 10_15_4) AppleWebKit/605.1.15 (KHTML, like Gecko) Version/13.1.2 Safari/605.1.15"
161.0.158.195 - - [10/Sep/2020:09:04:03 -0400] "GET /55/scripts/icwebsiteelement.css HTTP/1.0" 200 8132 "http://theinsurancepro.net/" "Mozilla/5.0 (Macintosh; Intel Mac OS X 10_15_4) AppleWebKit/605.1.15 (KHTML, like Gecko) Version/13.1.2 Safari/605.1.15"
161.0.158.195 - - [10/Sep/2020:09:04:03 -0400] "GET /55/images/index_00.gif HTTP/1.0" 200 43 "http://theinsurancepro.net/" "Mozilla/5.0 (Macintosh; Intel Mac OS X 10_15_4) AppleWebKit/605.1.15 (KHTML, like Gecko) Version/13.1.2 Safari/605.1.15"
161.0.158.195 - - [10/Sep/2020:09:04:04 -0400] "GET /55/images/new_back.jpg HTTP/1.0" 200 5239 "http://theinsurancepro.net/" "Mozilla/5.0 (Macintosh; Intel Mac OS X 10_15_4) AppleWebKit/605.1.15 (KHTML, like Gecko) Version/13.1.2 Safari/605.1.15"
98.32.84.212 - - [10/Sep/2020:11:41:45 -0400] "GET /55/images/index_00.gif HTTP/1.0" 200 43 "http://theinsurancepro.net/" "Mozilla/5.0 (Macintosh; Intel Mac OS X 10_13_6) AppleWebKit/537.36 (KHTML, like Gecko) Chrome/85.0.4183.83 Safari/537.36"
98.32.84.212 - - [10/Sep/2020:11:41:48 -0400] "GET /55/scripts/master.css HTTP/1.0" 200 2007 "http://www.theinsurancepro.net/" "Mozilla/5.0 (Macintosh; Intel Mac OS X 10_13_6) AppleWebKit/537.36 (KHTML, like Gecko) Chrome/85.0.4183.83 Safari/537.36"
98.32.84.212 - - [10/Sep/2020:11:41:49 -0400] "GET /55/images/index_08_01.jpg HTTP/1.0" 200 5209 "http://www.theinsurancepro.net/" "Mozilla/5.0 (Macintosh; Intel Mac OS X 10_13_6) AppleWebKit/537.36 (KHTML, like Gecko) Chrome/85.0.4183.83 Safari/537.36"
98.32.84.212 - - [10/Sep/2020:11:41:49 -0400] "GET /55/images/index_08_01_over.jpg HTTP/1.0" 200 5204 "http://www.theinsurancepro.net/" "Mozilla/5.0 (Macintosh; Intel Mac OS X 10_13_6) AppleWebKit/537.36 (KHTML, like Gecko) Chrome/85.0.4183.83 Safari/537.36"
98.32.84.212 - - [10/Sep/2020:11:41:49 -0400] "GET /55/images/index_09_01.jpg HTTP/1.0" 200 4724 "http://www.theinsurancepro.net/" "Mozilla/5.0 (Macintosh; Intel Mac OS X 10_13_6) AppleWebKit/537.36 (KHTML, like Gecko) Chrome/85.0.4183.83 Safari/537.36"
98.32.84.212 - - [10/Sep/2020:11:41:50 -0400] "GET /images/340_Dave_housepic.jpg HTTP/1.0" 200 37162 "http://www.theinsurancepro.net/" "Mozilla/5.0 (Macintosh; Intel Mac OS X 10_13_6) AppleWebKit/537.36 (KHTML, like Gecko) Chrome/85.0.4183.83 Safari/537.36"
34.254.246.76 - - [10/Sep/2020:14:34:32 -0400] "GET / HTTP/1.0" 200 18940 "-" "Pandalytics/1.0 (https://domainsbot.com/pandalytics/)"
151.138.13.148 - - [10/Sep/2020:17:17:36 -0400] "GET / HTTP/1.0" 200 18940 "http://www.mbgolf.com" "Mozilla/5.0 (Windows NT 10.0; Win64; x64) Gecko/20100101 Firefox superpagesbot2.0"
203.217.245.194 - - [10/Sep/2020:21:58:05 -0400] "GET /home.html HTTP/1.0" 200 18940 "-" "Mozilla/5.0 (Macintosh; Intel Mac OS X 10_14_1) AppleWebKit/537.36 (KHTML, like Gecko) Chrome/70.0.3538.102 Safari/537.36"
111.177.117.45 - - [10/Sep/2020:22:01:48 -0400] "GET / HTTP/1.0" 200 18940 "https://www.google.com/search?q=Google+global+ranking+site%3Aranking.fenban.net" "Mozilla/5.0 (compatible; MSIE 9.0; Windows NT 6.1; Trident/5.0;"
34.73.235.76 - - [10/Sep/2020:22:13:21 -0400] "GET /medicaresupplements.html HTTP/1.0" 200 12772 "-" "ZoominfoBot (zoominfobot at zoominfo dot com)"
34.73.235.76 - - [10/Sep/2020:22:17:11 -0400] "GET /lifeinsurance.html HTTP/1.0" 200 16691 "-" "ZoominfoBot (zoominfobot at zoominfo dot com)"
114.119.135.107 - - [10/Sep/2020:22:32:08 -0400] "GET /contactus.html HTTP/1.0" 200 10923 "-" "Mozilla/5.0 (Linux; Android 7.0;) AppleWebKit/537.36 (KHTML, like Gecko) Mobile Safari/537.36 (compatible; PetalBot;+http://aspiegel.com/petalbot)"
10.30.83.30 - - [10/Sep/2020:23:22:37 -0400] "GET / HTTP/1.0" 200 18940 "-" "Mozilla/5.0 (Windows NT 10.0; Win64; x64)AppleWebKit/537.36 (KHTML, like Gecko) Chrome/66.0.3359.181 Safari/537.36"
161.35.100.215 - - [10/Sep/2020:00:34:25 -0400] "GET / HTTP/1.0" 200 18940 "-" "python-requests/2.24.0"
122.155.7.196 - - [10/Sep/2020:01:25:45 -0400] "GET /blogs/wp-includes/wlwmanifest.xml HTTP/1.0" 404 575 "-" "Mozilla/5.0 (Windows NT 10.0; Win64; x64) AppleWebKit/537.36 (KHTML, like Gecko) Chrome/70.0.3538.77 Safari/537.36"
114.119.137.68 - - [10/Sep/2020:02:37:04 -0400] "GET /otherproducts.html HTTP/1.0" 200 16621 "-" "Mozilla/5.0 (Linux; Android 7.0;) AppleWebKit/537.36 (KHTML, like Gecko) Mobile Safari/537.36 (compatible; PetalBot;+http://aspiegel.com/petalbot)"
52.142.51.17 - - [10/Sep/2020:04:57:21 -0400] "POST / HTTP/1.0" 200 18940 "-" "Mozilla/5.0 (X11; Linux x86_64) AppleWebKit/537.36 (KHTML, like Gecko) Chrome/81.0.4044.129 Safari/537.36"
34.75.230.95 - - [10/Sep/2020:05:55:50 -0400] "GET /robots.txt HTTP/1.0" 200 25 "-" "ZoominfoBot (zoominfobot at zoominfo dot com)"
34.75.230.95 - - [10/Sep/2020:06:27:19 -0400] "GET /home.html HTTP/1.0" 200 18940 "-" "ZoominfoBot (zoominfobot at zoominfo dot com)"
66.249.66.84 - - [10/Sep/2020:06:45:57 -0400] "GET / HTTP/1.0" 200 18940 "-" "Mozilla/5.0 (Linux; Android 6.0.1; Nexus 5X Build/MMB29P) AppleWebKit/537.36 (KHTML, like Gecko) Chrome/80.0.3987.92 Mobile Safari/537.36 (compatible; Googlebot/2.1; +http://www.google.com/bot.html)"
114.124.212.80 - - [10/Sep/2020:07:31:04 -0400] "GET /55/scripts/master.css HTTP/1.0" 200 2007 "http://theinsurancepro.net/?semalt.com" "Mozilla/5.0 (Windows NT 6.1; WOW64) AppleWebKit/537.36 (KHTML, like Gecko) Chrome/36.0.1985.143 Safari/537.36"
114.124.212.241 - - [10/Sep/2020:07:31:06 -0400] "GET /55/images/index_06_01_over.jpg HTTP/1.0" 200 4609 "http://theinsurancepro.net/?semalt.com" "Mozilla/5.0 (Windows NT 6.1; WOW64) AppleWebKit/537.36 (KHTML, like Gecko) Chrome/36.0.1985.143 Safari/537.36"
114.124.212.96 - - [10/Sep/2020:07:31:06 -0400] "GET /55/images/index_08_01_over.jpg HTTP/1.0" 200 5204 "http://theinsurancepro.net/?semalt.com" "Mozilla/5.0 (Windows NT 6.1; WOW64) AppleWebKit/537.36 (KHTML, like Gecko) Chrome/36.0.1985.143 Safari/537.36"
161.0.158.195 - - [10/Sep/2020:09:04:04 -0400] "GET /55/images/index_01_04.gif HTTP/1.0" 200 132 "http://theinsurancepro.net/" "Mozilla/5.0 (Macintosh; Intel Mac OS X 10_15_4) AppleWebKit/605.1.15 (KHTML, like Gecko) Version/13.1.2 Safari/605.1.15"
161.0.158.195 - - [10/Sep/2020:09:04:04 -0400] "GET /55/images/index_05_01_over.jpg HTTP/1.0" 200 3981 "http://theinsurancepro.net/" "Mozilla/5.0 (Macintosh; Intel Mac OS X 10_15_4) AppleWebKit/605.1.15 (KHTML, like Gecko) Version/13.1.2 Safari/605.1.15"
114.119.153.246 - - [10/Sep/2020:10:21:37 -0400] "GET /healthinsurance.html HTTP/1.0" 200 13696 "-" "Mozilla/5.0 (Linux; Android 7.0;) AppleWebKit/537.36 (KHTML, like Gecko) Mobile Safari/537.36 (compatible; PetalBot;+http://aspiegel.com/petalbot)"
98.32.84.212 - - [10/Sep/2020:11:41:44 -0400] "GET /scripts/user.js HTTP/1.0" 200 23762 "http://theinsurancepro.net/" "Mozilla/5.0 (Macintosh; Intel Mac OS X 10_13_6) AppleWebKit/537.36 (KHTML, like Gecko) Chrome/85.0.4183.83 Safari/537.36"
98.32.84.212 - - [10/Sep/2020:11:41:49 -0400] "GET /scripts/ic_globals_published.js HTTP/1.0" 200 566 "http://www.theinsurancepro.net/" "Mozilla/5.0 (Macintosh; Intel Mac OS X 10_13_6) AppleWebKit/537.36 (KHTML, like Gecko) Chrome/85.0.4183.83 Safari/537.36"
98.32.84.212 - - [10/Sep/2020:11:41:49 -0400] "GET /scripts/user.js HTTP/1.0" 200 23762 "http://www.theinsurancepro.net/" "Mozilla/5.0 (Macintosh; Intel Mac OS X 10_13_6) AppleWebKit/537.36 (KHTML, like Gecko) Chrome/85.0.4183.83 Safari/537.36"
98.32.84.212 - - [10/Sep/2020:11:41:49 -0400] "GET /55/images/index_04_01_over.jpg HTTP/1.0" 200 4184 "http://www.theinsurancepro.net/" "Mozilla/5.0 (Macintosh; Intel Mac OS X 10_13_6) AppleWebKit/537.36 (KHTML, like Gecko) Chrome/85.0.4183.83 Safari/537.36"
98.32.84.212 - - [10/Sep/2020:11:41:49 -0400] "GET /55/images/index_06_01.jpg HTTP/1.0" 200 4528 "http://www.theinsurancepro.net/" "Mozilla/5.0 (Macintosh; Intel Mac OS X 10_13_6) AppleWebKit/537.36 (KHTML, like Gecko) Chrome/85.0.4183.83 Safari/537.36"
98.32.84.212 - - [10/Sep/2020:11:41:49 -0400] "GET /55/images/index_07_01.jpg HTTP/1.0" 200 5005 "http://www.theinsurancepro.net/" "Mozilla/5.0 (Macintosh; Intel Mac OS X 10_13_6) AppleWebKit/537.36 (KHTML, like Gecko) Chrome/85.0.4183.83 Safari/537.36"
66.249.66.158 - - [10/Sep/2020:13:28:18 -0400] "GET / HTTP/1.0" 200 18940 "-" "Mozilla/5.0 (Linux; Android 6.0.1; Nexus 5X Build/MMB29P) AppleWebKit/537.36 (KHTML, like Gecko) Chrome/80.0.3987.92 Mobile Safari/537.36 (compatible; Googlebot/2.1; +http://www.google.com/bot.html)"
34.73.235.76 - - [10/Sep/2020:22:15:15 -0400] "GET /robots.txt HTTP/1.0" 200 25 "-" "ZoominfoBot (zoominfobot at zoominfo dot com)"
34.249.120.137 - - [10/Sep/2020:23:09:06 -0400] "GET /contactus.html HTTP/1.0" 200 10923 "-" "Mozilla/5.0 (Windows NT 6.2; WOW64)"