0byt3m1n1
Path:
/
data
/
0
/
0
/
96
/
86
/
96901
/
meta
/
98317
/
logs
/
[
Home
]
File: x-access_log.2020-09-12
54.84.50.54 - - [12/Sep/2020:00:08:27 -0400] "GET /robots.txt HTTP/1.0" 200 25 "http:// theinsurancepro.net" "Mozilla/5.0 (Windows NT 10.0; Win64; x64) AppleWebKit/537.36 (KHTML, like Gecko) Chrome/85.0.4183.83 Safari/537.36 Edg/85.0.564.44"
66.249.66.159 - - [12/Sep/2020:05:16:12 -0400] "GET /robots.txt HTTP/1.0" 200 25 "-" "Mozilla/5.0 (compatible; Googlebot/2.1; +http://www.google.com/bot.html)"
52.188.163.148 - - [12/Sep/2020:10:51:18 -0400] "GET //test/wp-admin/setup-config.php HTTP/1.0" 404 575 "-" "python-requests/2.24.0"
35.185.87.111 - - [12/Sep/2020:14:42:40 -0400] "GET / HTTP/1.0" 200 18940 "-" "ZoominfoBot (zoominfobot at zoominfo dot com)"
35.229.91.121 - - [12/Sep/2020:15:33:44 -0400] "GET /robots.txt HTTP/1.0" 200 25 "-" "ZoominfoBot (zoominfobot at zoominfo dot com)"
35.229.91.121 - - [12/Sep/2020:15:33:44 -0400] "GET / HTTP/1.0" 200 18940 "-" "ZoominfoBot (zoominfobot at zoominfo dot com)"
66.249.70.89 - - [12/Sep/2020:16:00:28 -0400] "GET / HTTP/1.0" 200 18940 "-" "Mozilla/5.0 (compatible; Googlebot/2.1; +http://www.google.com/bot.html)"
114.119.138.207 - - [12/Sep/2020:17:22:35 -0400] "GET /robots.txt HTTP/1.0" 200 25 "-" "(compatible;PetalBot;+http://aspiegel.com/petalbot)"
73.33.17.24 - - [12/Sep/2020:19:51:54 -0400] "GET /55/images/index_00.gif HTTP/1.0" 200 43 "http://www.theinsurancepro.net/" "Mozilla/5.0 (Macintosh; Intel Mac OS X 10_15_4) AppleWebKit/605.1.15 (KHTML, like Gecko) Version/13.1.2 Safari/605.1.15"
73.33.17.24 - - [12/Sep/2020:19:51:54 -0400] "GET /55/images/company.jpg HTTP/1.0" 200 7255 "http://www.theinsurancepro.net/" "Mozilla/5.0 (Macintosh; Intel Mac OS X 10_15_4) AppleWebKit/605.1.15 (KHTML, like Gecko) Version/13.1.2 Safari/605.1.15"
73.33.17.24 - - [12/Sep/2020:19:51:54 -0400] "GET /55/images/index_01_04.gif HTTP/1.0" 200 132 "http://www.theinsurancepro.net/" "Mozilla/5.0 (Macintosh; Intel Mac OS X 10_15_4) AppleWebKit/605.1.15 (KHTML, like Gecko) Version/13.1.2 Safari/605.1.15"
73.33.17.24 - - [12/Sep/2020:19:51:54 -0400] "GET /55/images/index_02_02.gif HTTP/1.0" 200 503 "http://www.theinsurancepro.net/" "Mozilla/5.0 (Macintosh; Intel Mac OS X 10_15_4) AppleWebKit/605.1.15 (KHTML, like Gecko) Version/13.1.2 Safari/605.1.15"
73.33.17.24 - - [12/Sep/2020:19:51:54 -0400] "GET /55/images/index_06_01_over.jpg HTTP/1.0" 200 4609 "http://www.theinsurancepro.net/" "Mozilla/5.0 (Macintosh; Intel Mac OS X 10_15_4) AppleWebKit/605.1.15 (KHTML, like Gecko) Version/13.1.2 Safari/605.1.15"
73.33.17.24 - - [12/Sep/2020:19:51:54 -0400] "GET /55/images/index_05_01_over.jpg HTTP/1.0" 200 3981 "http://www.theinsurancepro.net/" "Mozilla/5.0 (Macintosh; Intel Mac OS X 10_15_4) AppleWebKit/605.1.15 (KHTML, like Gecko) Version/13.1.2 Safari/605.1.15"
73.33.17.24 - - [12/Sep/2020:19:51:54 -0400] "GET /55/images/index_08_01_over.jpg HTTP/1.0" 200 5204 "http://www.theinsurancepro.net/" "Mozilla/5.0 (Macintosh; Intel Mac OS X 10_15_4) AppleWebKit/605.1.15 (KHTML, like Gecko) Version/13.1.2 Safari/605.1.15"
73.33.17.24 - - [12/Sep/2020:19:51:54 -0400] "GET /55/images/new_back.jpg HTTP/1.0" 200 5239 "http://www.theinsurancepro.net/" "Mozilla/5.0 (Macintosh; Intel Mac OS X 10_15_4) AppleWebKit/605.1.15 (KHTML, like Gecko) Version/13.1.2 Safari/605.1.15"
73.33.17.24 - - [12/Sep/2020:19:51:54 -0400] "GET /55/images/index_09_01_over.jpg HTTP/1.0" 200 4683 "http://www.theinsurancepro.net/" "Mozilla/5.0 (Macintosh; Intel Mac OS X 10_15_4) AppleWebKit/605.1.15 (KHTML, like Gecko) Version/13.1.2 Safari/605.1.15"
73.33.17.24 - - [12/Sep/2020:19:51:54 -0400] "GET /55/images/spacer.gif HTTP/1.0" 200 43 "http://www.theinsurancepro.net/" "Mozilla/5.0 (Macintosh; Intel Mac OS X 10_15_4) AppleWebKit/605.1.15 (KHTML, like Gecko) Version/13.1.2 Safari/605.1.15"
35.196.254.13 - - [12/Sep/2020:19:53:44 -0400] "GET /medicaresupplements.html HTTP/1.0" 200 12772 "-" "ZoominfoBot (zoominfobot at zoominfo dot com)"
35.196.254.13 - - [12/Sep/2020:19:54:24 -0400] "GET /healthinsurance.html HTTP/1.0" 200 13696 "-" "ZoominfoBot (zoominfobot at zoominfo dot com)"
54.190.165.157 - - [12/Sep/2020:23:57:00 -0400] "GET / HTTP/1.0" 200 18940 "-" "Mozilla/5.0 (Windows NT 10.0; Win64; x64)AppleWebKit/537.36 (KHTML, like Gecko) Chrome/66.0.3359.181 Safari/537.36"
77.88.5.212 - - [12/Sep/2020:03:16:13 -0400] "GET /robots.txt HTTP/1.0" 200 25 "-" "Mozilla/5.0 (compatible; YandexBot/3.0; +http://yandex.com/bots)"
35.185.33.15 - - [12/Sep/2020:03:48:46 -0400] "GET /otherproducts.html HTTP/1.0" 200 16621 "-" "ZoominfoBot (zoominfobot at zoominfo dot com)"
66.249.70.89 - - [12/Sep/2020:08:36:55 -0400] "GET / HTTP/1.0" 200 18940 "-" "Mozilla/5.0 (Linux; Android 6.0.1; Nexus 5X Build/MMB29P) AppleWebKit/537.36 (KHTML, like Gecko) Chrome/80.0.3987.92 Mobile Safari/537.36 (compatible; Googlebot/2.1; +http://www.google.com/bot.html)"
52.188.163.148 - - [12/Sep/2020:10:40:59 -0400] "GET //old/wp-admin/install.php?step=1 HTTP/1.0" 404 575 "-" "python-requests/2.24.0"
52.188.163.148 - - [12/Sep/2020:10:44:44 -0400] "GET //wp-admin/setup-config.php HTTP/1.0" 404 575 "-" "python-requests/2.24.0"
114.119.158.144 - - [12/Sep/2020:12:24:55 -0400] "GET / HTTP/1.0" 200 18940 "-" "Mozilla/5.0 (Linux; Android 7.0;) AppleWebKit/537.36 (KHTML, like Gecko) Mobile Safari/537.36 (compatible; PetalBot;+http://aspiegel.com/petalbot)"
35.185.87.111 - - [12/Sep/2020:14:42:41 -0400] "GET /robots.txt HTTP/1.0" 200 25 "-" "ZoominfoBot (zoominfobot at zoominfo dot com)"
109.162.71.172 - - [12/Sep/2020:17:20:38 -0400] "GET / HTTP/1.0" 200 18940 "https://pornokisa.com/" "Mozilla/4.0 (compatible; MSIE 6.0; Windows XP)"
35.196.254.13 - - [12/Sep/2020:19:49:46 -0400] "GET /robots.txt HTTP/1.0" 200 25 "-" "ZoominfoBot (zoominfobot at zoominfo dot com)"
35.196.254.13 - - [12/Sep/2020:20:06:25 -0400] "GET /healthinsurance.html HTTP/1.0" 200 13696 "-" "ZoominfoBot (zoominfobot at zoominfo dot com)"
54.36.148.167 - - [12/Sep/2020:22:08:24 -0400] "GET / HTTP/1.0" 200 18940 "-" "Mozilla/5.0 (compatible; AhrefsBot/7.0; +http://ahrefs.com/robot/)"
66.249.70.54 - - [12/Sep/2020:22:27:10 -0400] "GET / HTTP/1.0" 200 18940 "-" "Mozilla/5.0 (compatible; Googlebot/2.1; +http://www.google.com/bot.html)"
18.144.70.98 - - [12/Sep/2020:00:07:02 -0400] "GET /contactus.html HTTP/1.0" 200 10923 "http:// www.theinsurancepro.net" "Mozilla/5.0 (Windows NT 10.0; Win64; x64) AppleWebKit/537.36 (KHTML, like Gecko) Chrome/85.0.4183.83 Safari/537.36 Edg/85.0.564.44"
54.84.50.54 - - [12/Sep/2020:00:08:28 -0400] "GET / HTTP/1.0" 200 18940 "http:// www.theinsurancepro.net" "Mozilla/5.0 (Windows NT 10.0; Win64; x64) AppleWebKit/537.36 (KHTML, like Gecko) Chrome/85.0.4183.83 Safari/537.36 Edg/85.0.564.44"
54.36.148.142 - - [12/Sep/2020:01:46:01 -0400] "GET / HTTP/1.0" 200 18940 "-" "Mozilla/5.0 (compatible; AhrefsBot/7.0; +http://ahrefs.com/robot/)"
77.88.5.212 - - [12/Sep/2020:03:16:16 -0400] "GET / HTTP/1.0" 200 18940 "-" "Mozilla/5.0 (compatible; YandexBot/3.0; +http://yandex.com/bots)"
35.185.33.15 - - [12/Sep/2020:04:03:06 -0400] "GET /home.html HTTP/1.0" 200 18940 "-" "ZoominfoBot (zoominfobot at zoominfo dot com)"
50.116.78.109 - - [12/Sep/2020:05:09:01 -0400] "GET / HTTP/1.0" 200 18940 "http://theinsurancepro.net/" "Mozilla/4.0 (compatible; MSIE 8.0; Windows NT 5.1; Trident/4.0; .NET CLR 2.0.50727; .NET CLR 3.0.04506.30; .NET CLR 3.0.04506.648; .NET CLR 1.1.4322; .NET CLR 3.0.4506.2152; .NET CLR 3.5.30729)"
52.188.163.148 - - [12/Sep/2020:10:40:12 -0400] "GET //blog/wp-admin/install.php?step=1 HTTP/1.0" 404 575 "-" "python-requests/2.24.0"
73.33.17.24 - - [12/Sep/2020:19:51:54 -0400] "GET /scripts/user.js HTTP/1.0" 200 23762 "http://www.theinsurancepro.net/" "Mozilla/5.0 (Macintosh; Intel Mac OS X 10_15_4) AppleWebKit/605.1.15 (KHTML, like Gecko) Version/13.1.2 Safari/605.1.15"
73.33.17.24 - - [12/Sep/2020:19:51:54 -0400] "GET /55/images/index_07_01_over.jpg HTTP/1.0" 200 5083 "http://www.theinsurancepro.net/" "Mozilla/5.0 (Macintosh; Intel Mac OS X 10_15_4) AppleWebKit/605.1.15 (KHTML, like Gecko) Version/13.1.2 Safari/605.1.15"
109.162.71.172 - - [12/Sep/2020:20:24:21 -0400] "GET / HTTP/1.0" 200 18940 "https://teenporn18.net/" "Mozilla/4.0 (compatible; MSIE 6.0; Windows XP)"
114.119.158.94 - - [12/Sep/2020:21:04:08 -0400] "GET /robots.txt HTTP/1.0" 200 25 "-" "(compatible;PetalBot;+http://aspiegel.com/petalbot)"
35.185.33.15 - - [12/Sep/2020:03:50:20 -0400] "GET /lifeinsurance.html HTTP/1.0" 200 16691 "-" "ZoominfoBot (zoominfobot at zoominfo dot com)"
35.185.33.15 - - [12/Sep/2020:03:53:02 -0400] "GET /healthinsurance.html HTTP/1.0" 200 13696 "-" "ZoominfoBot (zoominfobot at zoominfo dot com)"
35.185.33.15 - - [12/Sep/2020:03:54:46 -0400] "GET /otherproducts.html HTTP/1.0" 200 16621 "-" "ZoominfoBot (zoominfobot at zoominfo dot com)"
35.185.33.15 - - [12/Sep/2020:03:57:25 -0400] "GET /contactus.html HTTP/1.0" 200 10923 "-" "ZoominfoBot (zoominfobot at zoominfo dot com)"
17.58.98.147 - - [12/Sep/2020:04:48:40 -0400] "GET /robots.txt HTTP/1.0" 200 25 "-" "Mozilla/5.0 (Macintosh; Intel Mac OS X 10_15_5) AppleWebKit/605.1.15 (KHTML, like Gecko) Version/13.1.1 Safari/605.1.15 (Applebot/0.1; +http://www.apple.com/go/applebot)"
17.58.96.130 - - [12/Sep/2020:04:48:40 -0400] "GET /otherproducts.html HTTP/1.0" 200 16621 "-" "Mozilla/5.0 (Macintosh; Intel Mac OS X 10_15_5) AppleWebKit/605.1.15 (KHTML, like Gecko) Version/13.1.1 Safari/605.1.15 (Applebot/0.1; +http://www.apple.com/go/applebot)"
50.116.78.109 - - [12/Sep/2020:05:09:01 -0400] "GET / HTTP/1.0" 200 18940 "http://theinsurancepro.net/" "Mozilla/4.0 (compatible; MSIE 8.0; Windows NT 5.1; Trident/4.0; .NET CLR 2.0.50727; .NET CLR 3.0.04506.30; .NET CLR 3.0.04506.648; .NET CLR 1.1.4322; .NET CLR 3.0.4506.2152; .NET CLR 3.5.30729)"
185.191.171.3 - - [12/Sep/2020:08:57:03 -0400] "GET /robots.txt HTTP/1.0" 200 25 "-" "Mozilla/5.0 (compatible; SemrushBot/6~bl; +http://www.semrush.com/bot.html)"
185.191.171.18 - - [12/Sep/2020:08:57:03 -0400] "GET /medicaresupplements.html HTTP/1.0" 200 12772 "-" "Mozilla/5.0 (compatible; SemrushBot/6~bl; +http://www.semrush.com/bot.html)"
52.188.163.148 - - [12/Sep/2020:10:41:59 -0400] "GET //new/wp-admin/install.php?step=1 HTTP/1.0" 404 575 "-" "python-requests/2.24.0"
52.188.163.148 - - [12/Sep/2020:10:43:49 -0400] "GET //wp/wp-admin/install.php?step=1 HTTP/1.0" 404 575 "-" "python-requests/2.24.0"
52.188.163.148 - - [12/Sep/2020:10:47:49 -0400] "GET //blog/wp-admin/setup-config.php HTTP/1.0" 404 575 "-" "python-requests/2.24.0"
35.229.91.121 - - [12/Sep/2020:15:37:53 -0400] "GET /robots.txt HTTP/1.0" 200 25 "-" "ZoominfoBot (zoominfobot at zoominfo dot com)"
109.162.71.172 - - [12/Sep/2020:17:20:35 -0400] "GET / HTTP/1.0" 200 18940 "https://pornokisa.com/" "Mozilla/4.0 (compatible; MSIE 6.0; Windows XP)"
73.33.17.24 - - [12/Sep/2020:19:51:54 -0400] "GET /scripts/ic_globals_published.js HTTP/1.0" 200 566 "http://www.theinsurancepro.net/" "Mozilla/5.0 (Macintosh; Intel Mac OS X 10_15_4) AppleWebKit/605.1.15 (KHTML, like Gecko) Version/13.1.2 Safari/605.1.15"
73.33.17.24 - - [12/Sep/2020:19:51:54 -0400] "GET /55/images/top_back.jpg HTTP/1.0" 200 417 "http://www.theinsurancepro.net/" "Mozilla/5.0 (Macintosh; Intel Mac OS X 10_15_4) AppleWebKit/605.1.15 (KHTML, like Gecko) Version/13.1.2 Safari/605.1.15"
35.196.254.13 - - [12/Sep/2020:20:20:13 -0400] "GET /home.html HTTP/1.0" 200 18940 "-" "ZoominfoBot (zoominfobot at zoominfo dot com)"
185.191.171.17 - - [12/Sep/2020:20:49:15 -0400] "GET /lifeinsurance.html HTTP/1.0" 200 16691 "-" "Mozilla/5.0 (compatible; SemrushBot/6~bl; +http://www.semrush.com/bot.html)"
54.36.148.188 - - [12/Sep/2020:22:08:23 -0400] "GET /robots.txt HTTP/1.0" 200 25 "-" "Mozilla/5.0 (compatible; AhrefsBot/6.1; +http://ahrefs.com/robot/)"
54.84.50.54 - - [12/Sep/2020:00:08:27 -0400] "GET /robots.txt HTTP/1.0" 200 25 "http:// www.theinsurancepro.net" "Mozilla/5.0 (Windows NT 10.0; Win64; x64) AppleWebKit/537.36 (KHTML, like Gecko) Chrome/85.0.4183.83 Safari/537.36 Edg/85.0.564.44"
54.84.50.54 - - [12/Sep/2020:00:08:27 -0400] "GET /contactus.html HTTP/1.0" 200 10923 "http:// www.theinsurancepro.net" "Mozilla/5.0 (Windows NT 10.0; Win64; x64) AppleWebKit/537.36 (KHTML, like Gecko) Chrome/85.0.4183.83 Safari/537.36 Edg/85.0.564.44"
77.88.5.212 - - [12/Sep/2020:03:16:13 -0400] "GET /robots.txt HTTP/1.0" 200 25 "-" "Mozilla/5.0 (compatible; YandexBot/3.0; +http://yandex.com/bots)"
39.98.158.5 - - [12/Sep/2020:16:47:34 -0400] "GET /e/data/js/ajax.js HTTP/1.0" 404 575 "-" "Mozilla/5.0 (Windows NT 10.0; WOW64; rv:48.0) Gecko/20100101 Firefox/48.0"
109.162.71.172 - - [12/Sep/2020:17:20:36 -0400] "GET / HTTP/1.0" 200 18940 "https://pornokisa.com/" "Mozilla/4.0 (compatible; MSIE 6.0; Windows XP)"
17.58.96.130 - - [12/Sep/2020:18:54:26 -0400] "GET /healthinsurance.html HTTP/1.0" 200 13696 "-" "Mozilla/5.0 (Macintosh; Intel Mac OS X 10_15_5) AppleWebKit/605.1.15 (KHTML, like Gecko) Version/13.1.1 Safari/605.1.15 (Applebot/0.1; +http://www.apple.com/go/applebot)"
73.33.17.24 - - [12/Sep/2020:19:51:54 -0400] "GET /55/scripts/master.css HTTP/1.0" 200 2007 "http://www.theinsurancepro.net/" "Mozilla/5.0 (Macintosh; Intel Mac OS X 10_15_4) AppleWebKit/605.1.15 (KHTML, like Gecko) Version/13.1.2 Safari/605.1.15"
73.33.17.24 - - [12/Sep/2020:19:51:54 -0400] "GET /55/images/motif01.jpg HTTP/1.0" 200 15459 "http://www.theinsurancepro.net/" "Mozilla/5.0 (Macintosh; Intel Mac OS X 10_15_4) AppleWebKit/605.1.15 (KHTML, like Gecko) Version/13.1.2 Safari/605.1.15"
73.33.17.24 - - [12/Sep/2020:19:51:54 -0400] "GET /55/images/index_07_01.jpg HTTP/1.0" 200 5005 "http://www.theinsurancepro.net/" "Mozilla/5.0 (Macintosh; Intel Mac OS X 10_15_4) AppleWebKit/605.1.15 (KHTML, like Gecko) Version/13.1.2 Safari/605.1.15"
73.33.17.24 - - [12/Sep/2020:19:51:54 -0400] "GET /55/images/index_10_01.jpg HTTP/1.0" 200 3019 "http://www.theinsurancepro.net/" "Mozilla/5.0 (Macintosh; Intel Mac OS X 10_15_4) AppleWebKit/605.1.15 (KHTML, like Gecko) Version/13.1.2 Safari/605.1.15"
18.144.70.98 - - [12/Sep/2020:00:07:01 -0400] "GET /robots.txt HTTP/1.0" 200 25 "http:// theinsurancepro.net" "Mozilla/5.0 (Windows NT 10.0; Win64; x64) AppleWebKit/537.36 (KHTML, like Gecko) Chrome/85.0.4183.83 Safari/537.36 Edg/85.0.564.44"
77.88.5.212 - - [12/Sep/2020:03:16:18 -0400] "GET / HTTP/1.0" 200 18940 "-" "Mozilla/5.0 (compatible; YandexBot/3.0; +http://yandex.com/bots)"
35.185.33.15 - - [12/Sep/2020:03:45:48 -0400] "GET /robots.txt HTTP/1.0" 200 25 "-" "ZoominfoBot (zoominfobot at zoominfo dot com)"
35.185.33.15 - - [12/Sep/2020:03:52:07 -0400] "GET /medicaresupplements.html HTTP/1.0" 200 12772 "-" "ZoominfoBot (zoominfobot at zoominfo dot com)"
66.249.70.50 - - [12/Sep/2020:06:46:27 -0400] "GET / HTTP/1.0" 200 18940 "-" "Mozilla/5.0 (compatible; Googlebot/2.1; +http://www.google.com/bot.html)"
54.36.148.142 - - [12/Sep/2020:10:07:39 -0400] "GET / HTTP/1.0" 200 18940 "-" "Mozilla/5.0 (compatible; AhrefsBot/7.0; +http://ahrefs.com/robot/)"
52.188.163.148 - - [12/Sep/2020:10:39:15 -0400] "GET //wordpress/wp-admin/install.php?step=1 HTTP/1.0" 404 575 "-" "python-requests/2.24.0"
52.188.163.148 - - [12/Sep/2020:10:46:44 -0400] "GET //wp/wp-admin/setup-config.php HTTP/1.0" 404 575 "-" "python-requests/2.24.0"
17.58.96.130 - - [12/Sep/2020:11:15:42 -0400] "GET /home.html HTTP/1.0" 200 18940 "-" "Mozilla/5.0 (Macintosh; Intel Mac OS X 10_15_5) AppleWebKit/605.1.15 (KHTML, like Gecko) Version/13.1.1 Safari/605.1.15 (Applebot/0.1; +http://www.apple.com/go/applebot)"
114.119.138.28 - - [12/Sep/2020:14:47:19 -0400] "GET / HTTP/1.0" 200 18940 "-" "Mozilla/5.0 (Linux; Android 7.0;) AppleWebKit/537.36 (KHTML, like Gecko) Mobile Safari/537.36 (compatible; PetalBot;+http://aspiegel.com/petalbot)"
66.249.70.50 - - [12/Sep/2020:16:10:15 -0400] "GET / HTTP/1.0" 200 18940 "-" "Mozilla/5.0 (compatible; Googlebot/2.1; +http://www.google.com/bot.html)"
73.33.17.24 - - [12/Sep/2020:19:51:54 -0400] "GET /55/images/slogan.jpg HTTP/1.0" 200 1771 "http://www.theinsurancepro.net/" "Mozilla/5.0 (Macintosh; Intel Mac OS X 10_15_4) AppleWebKit/605.1.15 (KHTML, like Gecko) Version/13.1.2 Safari/605.1.15"
73.33.17.24 - - [12/Sep/2020:19:51:54 -0400] "GET /55/images/01a.jpg HTTP/1.0" 200 3972 "http://www.theinsurancepro.net/" "Mozilla/5.0 (Macintosh; Intel Mac OS X 10_15_4) AppleWebKit/605.1.15 (KHTML, like Gecko) Version/13.1.2 Safari/605.1.15"
73.33.17.24 - - [12/Sep/2020:19:51:54 -0400] "GET /55/images/index_05_01.jpg HTTP/1.0" 200 5361 "http://www.theinsurancepro.net/" "Mozilla/5.0 (Macintosh; Intel Mac OS X 10_15_4) AppleWebKit/605.1.15 (KHTML, like Gecko) Version/13.1.2 Safari/605.1.15"
73.33.17.24 - - [12/Sep/2020:19:51:54 -0400] "GET /55/images/index_06_01.jpg HTTP/1.0" 200 4528 "http://www.theinsurancepro.net/" "Mozilla/5.0 (Macintosh; Intel Mac OS X 10_15_4) AppleWebKit/605.1.15 (KHTML, like Gecko) Version/13.1.2 Safari/605.1.15"
73.33.17.24 - - [12/Sep/2020:19:51:54 -0400] "GET /55/images/index_08_01.jpg HTTP/1.0" 200 5209 "http://www.theinsurancepro.net/" "Mozilla/5.0 (Macintosh; Intel Mac OS X 10_15_4) AppleWebKit/605.1.15 (KHTML, like Gecko) Version/13.1.2 Safari/605.1.15"
73.33.17.24 - - [12/Sep/2020:19:51:54 -0400] "GET /55/images/index_04_01.jpg HTTP/1.0" 200 4367 "http://www.theinsurancepro.net/" "Mozilla/5.0 (Macintosh; Intel Mac OS X 10_15_4) AppleWebKit/605.1.15 (KHTML, like Gecko) Version/13.1.2 Safari/605.1.15"
73.33.17.24 - - [12/Sep/2020:19:51:54 -0400] "GET /55/images/index_04_01_over.jpg HTTP/1.0" 200 4184 "http://www.theinsurancepro.net/" "Mozilla/5.0 (Macintosh; Intel Mac OS X 10_15_4) AppleWebKit/605.1.15 (KHTML, like Gecko) Version/13.1.2 Safari/605.1.15"
35.196.254.13 - - [12/Sep/2020:19:55:40 -0400] "GET /otherproducts.html HTTP/1.0" 200 16621 "-" "ZoominfoBot (zoominfobot at zoominfo dot com)"
114.119.158.144 - - [12/Sep/2020:20:16:57 -0400] "GET /healthinsurance.html HTTP/1.0" 200 13696 "-" "Mozilla/5.0 (Linux; Android 7.0;) AppleWebKit/537.36 (KHTML, like Gecko) Mobile Safari/537.36 (compatible; PetalBot;+http://aspiegel.com/petalbot)"
18.144.70.98 - - [12/Sep/2020:00:07:01 -0400] "GET /robots.txt HTTP/1.0" 200 25 "http:// www.theinsurancepro.net" "Mozilla/5.0 (Windows NT 10.0; Win64; x64) AppleWebKit/537.36 (KHTML, like Gecko) Chrome/85.0.4183.83 Safari/537.36 Edg/85.0.564.44"
35.185.33.15 - - [12/Sep/2020:03:47:58 -0400] "GET /robots.txt HTTP/1.0" 200 25 "-" "ZoominfoBot (zoominfobot at zoominfo dot com)"
35.185.33.15 - - [12/Sep/2020:04:05:25 -0400] "GET /healthinsurance.html HTTP/1.0" 200 13696 "-" "ZoominfoBot (zoominfobot at zoominfo dot com)"
66.249.66.157 - - [12/Sep/2020:05:16:12 -0400] "GET / HTTP/1.0" 200 18940 "-" "Mozilla/5.0 (compatible; Googlebot/2.1; +http://www.google.com/bot.html)"
52.188.163.148 - - [12/Sep/2020:10:48:54 -0400] "GET //old/wp-admin/setup-config.php HTTP/1.0" 404 575 "-" "python-requests/2.24.0"
96.240.11.219 - - [12/Sep/2020:12:20:49 -0400] "GET / HTTP/1.0" 200 18940 "-" "Mozilla/4.0 (compatible; MSIE 5.5; Windows NT 4.0)"
96.240.11.219 - - [12/Sep/2020:12:20:50 -0400] "GET /contactus.html HTTP/1.0" 200 10923 "-" "Mozilla/4.0 (compatible; MSIE 5.5; Windows NT 4.0)"
109.162.71.172 - - [12/Sep/2020:20:24:20 -0400] "GET / HTTP/1.0" 200 18940 "https://teenporn18.net/" "Mozilla/4.0 (compatible; MSIE 6.0; Windows XP)"
35.185.33.15 - - [12/Sep/2020:03:45:47 -0400] "GET /medicaresupplements.html HTTP/1.0" 200 12772 "-" "ZoominfoBot (zoominfobot at zoominfo dot com)"
35.185.33.15 - - [12/Sep/2020:04:02:04 -0400] "GET /lifeinsurance.html HTTP/1.0" 200 16691 "-" "ZoominfoBot (zoominfobot at zoominfo dot com)"
35.185.33.15 - - [12/Sep/2020:04:19:32 -0400] "GET /home.html HTTP/1.0" 200 18940 "-" "ZoominfoBot (zoominfobot at zoominfo dot com)"
52.188.163.148 - - [12/Sep/2020:10:42:53 -0400] "GET //test/wp-admin/install.php?step=1 HTTP/1.0" 404 575 "-" "python-requests/2.24.0"
52.188.163.148 - - [12/Sep/2020:10:50:04 -0400] "GET //new/wp-admin/setup-config.php HTTP/1.0" 404 575 "-" "python-requests/2.24.0"
35.185.87.111 - - [12/Sep/2020:14:39:12 -0400] "GET /robots.txt HTTP/1.0" 200 25 "-" "ZoominfoBot (zoominfobot at zoominfo dot com)"
35.185.87.111 - - [12/Sep/2020:14:39:12 -0400] "GET / HTTP/1.0" 200 18940 "-" "ZoominfoBot (zoominfobot at zoominfo dot com)"
35.229.91.121 - - [12/Sep/2020:15:37:53 -0400] "GET / HTTP/1.0" 200 18940 "-" "ZoominfoBot (zoominfobot at zoominfo dot com)"
114.119.136.78 - - [12/Sep/2020:18:36:46 -0400] "GET /robots.txt HTTP/1.0" 200 25 "-" "(compatible;PetalBot;+http://aspiegel.com/petalbot)"
35.196.254.13 - - [12/Sep/2020:19:47:52 -0400] "GET /robots.txt HTTP/1.0" 200 25 "-" "ZoominfoBot (zoominfobot at zoominfo dot com)"
35.196.254.13 - - [12/Sep/2020:19:49:46 -0400] "GET /contactus.html HTTP/1.0" 200 10923 "-" "ZoominfoBot (zoominfobot at zoominfo dot com)"
114.119.138.77 - - [12/Sep/2020:19:50:19 -0400] "GET /robots.txt HTTP/1.0" 200 25 "-" "(compatible;PetalBot;+http://aspiegel.com/petalbot)"
73.33.17.24 - - [12/Sep/2020:19:51:54 -0400] "GET /55/scripts/icwebsiteelement.css HTTP/1.0" 200 8132 "http://www.theinsurancepro.net/" "Mozilla/5.0 (Macintosh; Intel Mac OS X 10_15_4) AppleWebKit/605.1.15 (KHTML, like Gecko) Version/13.1.2 Safari/605.1.15"
73.33.17.24 - - [12/Sep/2020:19:51:54 -0400] "GET /55/images/index_09_01.jpg HTTP/1.0" 200 4724 "http://www.theinsurancepro.net/" "Mozilla/5.0 (Macintosh; Intel Mac OS X 10_15_4) AppleWebKit/605.1.15 (KHTML, like Gecko) Version/13.1.2 Safari/605.1.15"
35.196.254.13 - - [12/Sep/2020:20:04:10 -0400] "GET /home.html HTTP/1.0" 200 18940 "-" "ZoominfoBot (zoominfobot at zoominfo dot com)"
18.144.70.98 - - [12/Sep/2020:00:07:02 -0400] "GET / HTTP/1.0" 200 18940 "http:// www.theinsurancepro.net" "Mozilla/5.0 (Windows NT 10.0; Win64; x64) AppleWebKit/537.36 (KHTML, like Gecko) Chrome/85.0.4183.83 Safari/537.36 Edg/85.0.564.44"
35.185.33.15 - - [12/Sep/2020:03:47:58 -0400] "GET /contactus.html HTTP/1.0" 200 10923 "-" "ZoominfoBot (zoominfobot at zoominfo dot com)"
66.249.70.50 - - [12/Sep/2020:05:58:26 -0400] "GET / HTTP/1.0" 200 18940 "-" "Mozilla/5.0 (Linux; Android 6.0.1; Nexus 5X Build/MMB29P) AppleWebKit/537.36 (KHTML, like Gecko) Chrome/80.0.3987.92 Mobile Safari/537.36 (compatible; Googlebot/2.1; +http://www.google.com/bot.html)"
52.188.163.148 - - [12/Sep/2020:10:38:11 -0400] "GET //wp-admin/install.php?step=1 HTTP/1.0" 404 575 "-" "python-requests/2.24.0"
52.188.163.148 - - [12/Sep/2020:10:45:51 -0400] "GET //wordpress/wp-admin/setup-config.php HTTP/1.0" 404 575 "-" "python-requests/2.24.0"
66.249.70.54 - - [12/Sep/2020:16:10:14 -0400] "GET /robots.txt HTTP/1.0" 200 25 "-" "Mozilla/5.0 (compatible; Googlebot/2.1; +http://www.google.com/bot.html)"
35.196.254.13 - - [12/Sep/2020:19:47:52 -0400] "GET /medicaresupplements.html HTTP/1.0" 200 12772 "-" "ZoominfoBot (zoominfobot at zoominfo dot com)"
35.196.254.13 - - [12/Sep/2020:19:50:31 -0400] "GET /otherproducts.html HTTP/1.0" 200 16621 "-" "ZoominfoBot (zoominfobot at zoominfo dot com)"
73.33.17.24 - - [12/Sep/2020:19:51:53 -0400] "GET / HTTP/1.0" 200 18940 "-" "Mozilla/5.0 (Macintosh; Intel Mac OS X 10_15_4) AppleWebKit/605.1.15 (KHTML, like Gecko) Version/13.1.2 Safari/605.1.15"
73.33.17.24 - - [12/Sep/2020:19:51:54 -0400] "GET /scripts/photoalbum.js HTTP/1.0" 200 62481 "http://www.theinsurancepro.net/" "Mozilla/5.0 (Macintosh; Intel Mac OS X 10_15_4) AppleWebKit/605.1.15 (KHTML, like Gecko) Version/13.1.2 Safari/605.1.15"
73.33.17.24 - - [12/Sep/2020:19:51:54 -0400] "GET /images/340_Dave_housepic.jpg HTTP/1.0" 200 37162 "http://www.theinsurancepro.net/" "Mozilla/5.0 (Macintosh; Intel Mac OS X 10_15_4) AppleWebKit/605.1.15 (KHTML, like Gecko) Version/13.1.2 Safari/605.1.15"
35.196.254.13 - - [12/Sep/2020:19:51:56 -0400] "GET /lifeinsurance.html HTTP/1.0" 200 16691 "-" "ZoominfoBot (zoominfobot at zoominfo dot com)"
35.196.254.13 - - [12/Sep/2020:19:58:06 -0400] "GET /contactus.html HTTP/1.0" 200 10923 "-" "ZoominfoBot (zoominfobot at zoominfo dot com)"
35.196.254.13 - - [12/Sep/2020:20:02:37 -0400] "GET /lifeinsurance.html HTTP/1.0" 200 16691 "-" "ZoominfoBot (zoominfobot at zoominfo dot com)"
109.162.71.172 - - [12/Sep/2020:20:24:20 -0400] "GET / HTTP/1.0" 200 18940 "https://teenporn18.net/" "Mozilla/4.0 (compatible; MSIE 6.0; Windows XP)"
185.191.171.9 - - [12/Sep/2020:20:49:15 -0400] "GET /robots.txt HTTP/1.0" 200 25 "-" "Mozilla/5.0 (compatible; SemrushBot/6~bl; +http://www.semrush.com/bot.html)"