68.35.245.222 - - [27/Feb/2009:08:07:33 -0500] "GET /images/374_shwr5.JPG HTTP/1.1" 304 - "http://www.dreamhomesremodeling.com/bathremodels.html" "Mozilla/4.0 (compatible; MSIE 7.0; Windows NT 5.1; Comcast Install 1.0; GTB5; .NET CLR 1.0.3705)" www.dreamhomesremodeling.com
68.35.245.222 - - [27/Feb/2009:08:07:33 -0500] "GET /images/360_shwr5.JPG HTTP/1.1" 304 - "http://www.dreamhomesremodeling.com/bathremodels.html" "Mozilla/4.0 (compatible; MSIE 7.0; Windows NT 5.1; Comcast Install 1.0; GTB5; .NET CLR 1.0.3705)" www.thehungrymouse.com
24.218.221.207 - - [27/Feb/2009:08:07:29 -0500] "GET /home/wp-content/uploads/2008/12/dsc09149.jpg HTTP/1.1" 200 241030 "http://www.thehungrymouse.com/home/2008/12/13/creamy-roasted-butternut-squash-soup/" "Mozilla/5.0 (Windows; U; Windows NT 5.1; en-US; rv:1.9.0.6) Gecko/2009011913 Firefox/3.0.6" www.dreamhomesremodeling.com
68.35.245.222 - - [27/Feb/2009:08:07:35 -0500] "GET /images/499_shwr2.JPG HTTP/1.1" 304 - "http://www.dreamhomesremodeling.com/bathremodels.html" "Mozilla/4.0 (compatible; MSIE 7.0; Windows NT 5.1; Comcast Install 1.0; GTB5; .NET CLR 1.0.3705)" www.dreamhomesremodeling.com
68.35.245.222 - - [27/Feb/2009:08:07:35 -0500] "GET /images/480_shwr2.JPG HTTP/1.1" 304 - "http://www.dreamhomesremodeling.com/bathremodels.html" "Mozilla/4.0 (compatible; MSIE 7.0; Windows NT 5.1; Comcast Install 1.0; GTB5; .NET CLR 1.0.3705)" www.dreamhomesremodeling.com
68.35.245.222 - - [27/Feb/2009:08:07:36 -0500] "GET /images/374_IMG_0029.JPG HTTP/1.1" 304 - "http://www.dreamhomesremodeling.com/bathremodels.html" "Mozilla/4.0 (compatible; MSIE 7.0; Windows NT 5.1; Comcast Install 1.0; GTB5; .NET CLR 1.0.3705)" www.dreamhomesremodeling.com
68.35.245.222 - - [27/Feb/2009:08:07:36 -0500] "GET /images/360_IMG_0029.JPG HTTP/1.1" 304 - "http://www.dreamhomesremodeling.com/bathremodels.html" "Mozilla/4.0 (compatible; MSIE 7.0; Windows NT 5.1; Comcast Install 1.0; GTB5; .NET CLR 1.0.3705)" www.dreamhomesremodeling.com
68.35.245.222 - - [27/Feb/2009:08:07:36 -0500] "GET /images/499_DSC00282.JPG HTTP/1.1" 304 - "http://www.dreamhomesremodeling.com/bathremodels.html" "Mozilla/4.0 (compatible; MSIE 7.0; Windows NT 5.1; Comcast Install 1.0; GTB5; .NET CLR 1.0.3705)" www.dreamhomesremodeling.com
68.35.245.222 - - [27/Feb/2009:08:07:36 -0500] "GET /images/480_DSC00282.JPG HTTP/1.1" 304 - "http://www.dreamhomesremodeling.com/bathremodels.html" "Mozilla/4.0 (compatible; MSIE 7.0; Windows NT 5.1; Comcast Install 1.0; GTB5; .NET CLR 1.0.3705)" www.dreamhomesremodeling.com
68.35.245.222 - - [27/Feb/2009:08:07:36 -0500] "GET /images/499_DSC00177.JPG HTTP/1.1" 304 - "http://www.dreamhomesremodeling.com/bathremodels.html" "Mozilla/4.0 (compatible; MSIE 7.0; Windows NT 5.1; Comcast Install 1.0; GTB5; .NET CLR 1.0.3705)" www.dreamhomesremodeling.com
68.35.245.222 - - [27/Feb/2009:08:07:36 -0500] "GET /images/480_DSC00177.JPG HTTP/1.1" 304 - "http://www.dreamhomesremodeling.com/bathremodels.html" "Mozilla/4.0 (compatible; MSIE 7.0; Windows NT 5.1; Comcast Install 1.0; GTB5; .NET CLR 1.0.3705)" www.thehungrymouse.com
24.218.221.207 - - [27/Feb/2009:08:07:27 -0500] "GET /home/wp-content/uploads/2008/12/dsc09143.jpg HTTP/1.1" 200 264555 "http://www.thehungrymouse.com/home/2008/12/13/creamy-roasted-butternut-squash-soup/" "Mozilla/5.0 (Windows; U; Windows NT 5.1; en-US; rv:1.9.0.6) Gecko/2009011913 Firefox/3.0.6" www.thehungrymouse.com
24.218.221.207 - - [27/Feb/2009:08:07:27 -0500] "GET /home/wp-content/uploads/2008/12/dsc09136.jpg HTTP/1.1" 200 243410 "http://www.thehungrymouse.com/home/2008/12/13/creamy-roasted-butternut-squash-soup/" "Mozilla/5.0 (Windows; U; Windows NT 5.1; en-US; rv:1.9.0.6) Gecko/2009011913 Firefox/3.0.6" www.thehungrymouse.com
24.218.221.207 - - [27/Feb/2009:08:07:38 -0500] "GET /cse/brand?form=cse-search-box&lang=en HTTP/1.1" 404 693 "http://www.thehungrymouse.com/home/2008/12/13/creamy-roasted-butternut-squash-soup/" "Mozilla/5.0 (Windows; U; Windows NT 5.1; en-US; rv:1.9.0.6) Gecko/2009011913 Firefox/3.0.6" www.dreamhomesremodeling.com
68.35.245.222 - - [27/Feb/2009:08:07:38 -0500] "GET /images/499_DSC00223.JPG HTTP/1.1" 304 - "http://www.dreamhomesremodeling.com/bathremodels.html" "Mozilla/4.0 (compatible; MSIE 7.0; Windows NT 5.1; Comcast Install 1.0; GTB5; .NET CLR 1.0.3705)" www.dreamhomesremodeling.com
68.35.245.222 - - [27/Feb/2009:08:07:38 -0500] "GET /images/480_DSC00223.JPG HTTP/1.1" 304 - "http://www.dreamhomesremodeling.com/bathremodels.html" "Mozilla/4.0 (compatible; MSIE 7.0; Windows NT 5.1; Comcast Install 1.0; GTB5; .NET CLR 1.0.3705)" www.dreamhomesremodeling.com
68.35.245.222 - - [27/Feb/2009:08:07:39 -0500] "GET /images/499_DSC00412.JPG HTTP/1.1" 304 - "http://www.dreamhomesremodeling.com/bathremodels.html" "Mozilla/4.0 (compatible; MSIE 7.0; Windows NT 5.1; Comcast Install 1.0; GTB5; .NET CLR 1.0.3705)" www.dreamhomesremodeling.com
68.35.245.222 - - [27/Feb/2009:08:07:39 -0500] "GET /images/480_DSC00412.JPG HTTP/1.1" 304 - "http://www.dreamhomesremodeling.com/bathremodels.html" "Mozilla/4.0 (compatible; MSIE 7.0; Windows NT 5.1; Comcast Install 1.0; GTB5; .NET CLR 1.0.3705)" www.dreamhomesremodeling.com
68.35.245.222 - - [27/Feb/2009:08:07:39 -0500] "GET /images/374_IMG_0023.JPG HTTP/1.1" 304 - "http://www.dreamhomesremodeling.com/bathremodels.html" "Mozilla/4.0 (compatible; MSIE 7.0; Windows NT 5.1; Comcast Install 1.0; GTB5; .NET CLR 1.0.3705)" www.dreamhomesremodeling.com
68.35.245.222 - - [27/Feb/2009:08:07:39 -0500] "GET /images/360_IMG_0023.JPG HTTP/1.1" 304 - "http://www.dreamhomesremodeling.com/bathremodels.html" "Mozilla/4.0 (compatible; MSIE 7.0; Windows NT 5.1; Comcast Install 1.0; GTB5; .NET CLR 1.0.3705)" www.dreamhomesremodeling.com
68.35.245.222 - - [27/Feb/2009:08:07:39 -0500] "GET /images/499_vanity1.JPG HTTP/1.1" 304 - "http://www.dreamhomesremodeling.com/bathremodels.html" "Mozilla/4.0 (compatible; MSIE 7.0; Windows NT 5.1; Comcast Install 1.0; GTB5; .NET CLR 1.0.3705)" www.dreamhomesremodeling.com
68.35.245.222 - - [27/Feb/2009:08:07:39 -0500] "GET /images/480_vanity1.JPG HTTP/1.1" 304 - "http://www.dreamhomesremodeling.com/bathremodels.html" "Mozilla/4.0 (compatible; MSIE 7.0; Windows NT 5.1; Comcast Install 1.0; GTB5; .NET CLR 1.0.3705)" www.thehungrymouse.com
24.218.221.207 - - [27/Feb/2009:08:07:27 -0500] "GET /home/wp-content/uploads/2008/12/dsc09146.jpg HTTP/1.1" 200 256520 "http://www.thehungrymouse.com/home/2008/12/13/creamy-roasted-butternut-squash-soup/" "Mozilla/5.0 (Windows; U; Windows NT 5.1; en-US; rv:1.9.0.6) Gecko/2009011913 Firefox/3.0.6" www.dreamhomesremodeling.com
68.35.245.222 - - [27/Feb/2009:08:07:41 -0500] "GET /images/499_bluebath3.JPG HTTP/1.1" 304 - "http://www.dreamhomesremodeling.com/bathremodels.html" "Mozilla/4.0 (compatible; MSIE 7.0; Windows NT 5.1; Comcast Install 1.0; GTB5; .NET CLR 1.0.3705)" www.dreamhomesremodeling.com
68.35.245.222 - - [27/Feb/2009:08:07:42 -0500] "GET /images/499_tilesaw.JPG HTTP/1.1" 304 - "http://www.dreamhomesremodeling.com/bathremodels.html" "Mozilla/4.0 (compatible; MSIE 7.0; Windows NT 5.1; Comcast Install 1.0; GTB5; .NET CLR 1.0.3705)" www.dreamhomesremodeling.com
68.35.245.222 - - [27/Feb/2009:08:07:42 -0500] "GET /images/480_tilesaw.JPG HTTP/1.1" 304 - "http://www.dreamhomesremodeling.com/bathremodels.html" "Mozilla/4.0 (compatible; MSIE 7.0; Windows NT 5.1; Comcast Install 1.0; GTB5; .NET CLR 1.0.3705)" www.dreamhomesremodeling.com
68.35.245.222 - - [27/Feb/2009:08:07:42 -0500] "GET /images/499_DSC00411.JPG HTTP/1.1" 304 - "http://www.dreamhomesremodeling.com/bathremodels.html" "Mozilla/4.0 (compatible; MSIE 7.0; Windows NT 5.1; Comcast Install 1.0; GTB5; .NET CLR 1.0.3705)" www.dreamhomesremodeling.com
68.35.245.222 - - [27/Feb/2009:08:07:42 -0500] "GET /images/480_DSC00411.JPG HTTP/1.1" 304 - "http://www.dreamhomesremodeling.com/bathremodels.html" "Mozilla/4.0 (compatible; MSIE 7.0; Windows NT 5.1; Comcast Install 1.0; GTB5; .NET CLR 1.0.3705)" www.dreamhomesremodeling.com
68.35.245.222 - - [27/Feb/2009:08:07:42 -0500] "GET /images/499_DSC00271.JPG HTTP/1.1" 304 - "http://www.dreamhomesremodeling.com/bathremodels.html" "Mozilla/4.0 (compatible; MSIE 7.0; Windows NT 5.1; Comcast Install 1.0; GTB5; .NET CLR 1.0.3705)" www.dreamhomesremodeling.com
68.35.245.222 - - [27/Feb/2009:08:07:42 -0500] "GET /images/480_DSC00271.JPG HTTP/1.1" 304 - "http://www.dreamhomesremodeling.com/bathremodels.html" "Mozilla/4.0 (compatible; MSIE 7.0; Windows NT 5.1; Comcast Install 1.0; GTB5; .NET CLR 1.0.3705)" www.dreamhomesremodeling.com
68.35.245.222 - - [27/Feb/2009:08:07:45 -0500] "GET /images/480_DSC00278.JPG HTTP/1.1" 304 - "http://www.dreamhomesremodeling.com/bathremodels.html" "Mozilla/4.0 (compatible; MSIE 7.0; Windows NT 5.1; Comcast Install 1.0; GTB5; .NET CLR 1.0.3705)" www.dreamhomesremodeling.com
68.35.245.222 - - [27/Feb/2009:08:07:45 -0500] "GET /images/499_DSC00278.JPG HTTP/1.1" 304 - "http://www.dreamhomesremodeling.com/bathremodels.html" "Mozilla/4.0 (compatible; MSIE 7.0; Windows NT 5.1; Comcast Install 1.0; GTB5; .NET CLR 1.0.3705)" www.dreamhomesremodeling.com
68.35.245.222 - - [27/Feb/2009:08:07:45 -0500] "GET /images/499_DSC00410.JPG HTTP/1.1" 304 - "http://www.dreamhomesremodeling.com/bathremodels.html" "Mozilla/4.0 (compatible; MSIE 7.0; Windows NT 5.1; Comcast Install 1.0; GTB5; .NET CLR 1.0.3705)" www.dreamhomesremodeling.com
68.35.245.222 - - [27/Feb/2009:08:07:45 -0500] "GET /images/480_DSC00410.JPG HTTP/1.1" 304 - "http://www.dreamhomesremodeling.com/bathremodels.html" "Mozilla/4.0 (compatible; MSIE 7.0; Windows NT 5.1; Comcast Install 1.0; GTB5; .NET CLR 1.0.3705)" www.dreamhomesremodeling.com
68.35.245.222 - - [27/Feb/2009:08:07:45 -0500] "GET /images/374_IMG_0029.JPG HTTP/1.1" 304 - "http://www.dreamhomesremodeling.com/bathremodels.html" "Mozilla/4.0 (compatible; MSIE 7.0; Windows NT 5.1; Comcast Install 1.0; GTB5; .NET CLR 1.0.3705)" www.dreamhomesremodeling.com
68.35.245.222 - - [27/Feb/2009:08:07:45 -0500] "GET /images/360_IMG_0029.JPG HTTP/1.1" 304 - "http://www.dreamhomesremodeling.com/bathremodels.html" "Mozilla/4.0 (compatible; MSIE 7.0; Windows NT 5.1; Comcast Install 1.0; GTB5; .NET CLR 1.0.3705)" www.thehungrymouse.com
24.218.221.207 - - [27/Feb/2009:08:07:39 -0500] "GET /home/wp-content/uploads/2008/12/dsc09167.jpg HTTP/1.1" 200 184196 "http://www.thehungrymouse.com/home/2008/12/13/creamy-roasted-butternut-squash-soup/" "Mozilla/5.0 (Windows; U; Windows NT 5.1; en-US; rv:1.9.0.6) Gecko/2009011913 Firefox/3.0.6" www.dreamhomesremodeling.com
68.35.245.222 - - [27/Feb/2009:08:07:45 -0500] "GET /images/499_bluebath2.JPG HTTP/1.1" 304 - "http://www.dreamhomesremodeling.com/bathremodels.html" "Mozilla/4.0 (compatible; MSIE 7.0; Windows NT 5.1; Comcast Install 1.0; GTB5; .NET CLR 1.0.3705)" www.dreamhomesremodeling.com
68.35.245.222 - - [27/Feb/2009:08:07:45 -0500] "GET /images/480_bluebath2.JPG HTTP/1.1" 304 - "http://www.dreamhomesremodeling.com/bathremodels.html" "Mozilla/4.0 (compatible; MSIE 7.0; Windows NT 5.1; Comcast Install 1.0; GTB5; .NET CLR 1.0.3705)" www.thehungrymouse.com
24.218.221.207 - - [27/Feb/2009:08:07:29 -0500] "GET /home/wp-content/uploads/2008/12/dsc09153.jpg HTTP/1.1" 200 252613 "http://www.thehungrymouse.com/home/2008/12/13/creamy-roasted-butternut-squash-soup/" "Mozilla/5.0 (Windows; U; Windows NT 5.1; en-US; rv:1.9.0.6) Gecko/2009011913 Firefox/3.0.6" www.ufc-forums.com
66.249.65.237 - - [27/Feb/2009:08:07:46 -0500] "GET /robots.txt HTTP/1.1" 404 514 "-" "Mozilla/5.0 (compatible; Googlebot/2.1; +http://www.google.com/bot.html)" www.dreamhomesremodeling.com
68.35.245.222 - - [27/Feb/2009:08:07:48 -0500] "GET /images/374_shwr5.JPG HTTP/1.1" 304 - "http://www.dreamhomesremodeling.com/bathremodels.html" "Mozilla/4.0 (compatible; MSIE 7.0; Windows NT 5.1; Comcast Install 1.0; GTB5; .NET CLR 1.0.3705)" www.dreamhomesremodeling.com
68.35.245.222 - - [27/Feb/2009:08:07:48 -0500] "GET /images/360_shwr5.JPG HTTP/1.1" 304 - "http://www.dreamhomesremodeling.com/bathremodels.html" "Mozilla/4.0 (compatible; MSIE 7.0; Windows NT 5.1; Comcast Install 1.0; GTB5; .NET CLR 1.0.3705)" www.dreamhomesremodeling.com
68.35.245.222 - - [27/Feb/2009:08:07:48 -0500] "GET /images/374_IMG_0023.JPG HTTP/1.1" 304 - "http://www.dreamhomesremodeling.com/bathremodels.html" "Mozilla/4.0 (compatible; MSIE 7.0; Windows NT 5.1; Comcast Install 1.0; GTB5; .NET CLR 1.0.3705)" www.dreamhomesremodeling.com
68.35.245.222 - - [27/Feb/2009:08:07:48 -0500] "GET /images/360_IMG_0023.JPG HTTP/1.1" 304 - "http://www.dreamhomesremodeling.com/bathremodels.html" "Mozilla/4.0 (compatible; MSIE 7.0; Windows NT 5.1; Comcast Install 1.0; GTB5; .NET CLR 1.0.3705)" www.dreamhomesremodeling.com
68.35.245.222 - - [27/Feb/2009:08:07:48 -0500] "GET /images/499_DSC00280.JPG HTTP/1.1" 304 - "http://www.dreamhomesremodeling.com/bathremodels.html" "Mozilla/4.0 (compatible; MSIE 7.0; Windows NT 5.1; Comcast Install 1.0; GTB5; .NET CLR 1.0.3705)" www.dreamhomesremodeling.com
68.35.245.222 - - [27/Feb/2009:08:07:48 -0500] "GET /images/480_DSC00280.JPG HTTP/1.1" 304 - "http://www.dreamhomesremodeling.com/bathremodels.html" "Mozilla/4.0 (compatible; MSIE 7.0; Windows NT 5.1; Comcast Install 1.0; GTB5; .NET CLR 1.0.3705)" www.dreamhomesremodeling.com
68.35.245.222 - - [27/Feb/2009:08:07:48 -0500] "GET /images/499_DSC00174.JPG HTTP/1.1" 304 - "http://www.dreamhomesremodeling.com/bathremodels.html" "Mozilla/4.0 (compatible; MSIE 7.0; Windows NT 5.1; Comcast Install 1.0; GTB5; .NET CLR 1.0.3705)" www.dreamhomesremodeling.com
68.35.245.222 - - [27/Feb/2009:08:07:48 -0500] "GET /images/480_DSC00174.JPG HTTP/1.1" 304 - "http://www.dreamhomesremodeling.com/bathremodels.html" "Mozilla/4.0 (compatible; MSIE 7.0; Windows NT 5.1; Comcast Install 1.0; GTB5; .NET CLR 1.0.3705)" www.dreamhomesremodeling.com
68.35.245.222 - - [27/Feb/2009:08:07:51 -0500] "GET /images/499_DSC00173.JPG HTTP/1.1" 304 - "http://www.dreamhomesremodeling.com/bathremodels.html" "Mozilla/4.0 (compatible; MSIE 7.0; Windows NT 5.1; Comcast Install 1.0; GTB5; .NET CLR 1.0.3705)" www.dreamhomesremodeling.com
68.35.245.222 - - [27/Feb/2009:08:07:51 -0500] "GET /images/480_DSC00173.JPG HTTP/1.1" 304 - "http://www.dreamhomesremodeling.com/bathremodels.html" "Mozilla/4.0 (compatible; MSIE 7.0; Windows NT 5.1; Comcast Install 1.0; GTB5; .NET CLR 1.0.3705)" www.dreamhomesremodeling.com
68.35.245.222 - - [27/Feb/2009:08:07:51 -0500] "GET /images/499_DSC00281.JPG HTTP/1.1" 304 - "http://www.dreamhomesremodeling.com/bathremodels.html" "Mozilla/4.0 (compatible; MSIE 7.0; Windows NT 5.1; Comcast Install 1.0; GTB5; .NET CLR 1.0.3705)" www.dreamhomesremodeling.com
68.35.245.222 - - [27/Feb/2009:08:07:51 -0500] "GET /images/480_DSC00281.JPG HTTP/1.1" 304 - "http://www.dreamhomesremodeling.com/bathremodels.html" "Mozilla/4.0 (compatible; MSIE 7.0; Windows NT 5.1; Comcast Install 1.0; GTB5; .NET CLR 1.0.3705)" www.dreamhomesremodeling.com
68.35.245.222 - - [27/Feb/2009:08:07:51 -0500] "GET /images/499_tilesaw.JPG HTTP/1.1" 304 - "http://www.dreamhomesremodeling.com/bathremodels.html" "Mozilla/4.0 (compatible; MSIE 7.0; Windows NT 5.1; Comcast Install 1.0; GTB5; .NET CLR 1.0.3705)" www.dreamhomesremodeling.com
68.35.245.222 - - [27/Feb/2009:08:07:51 -0500] "GET /images/480_tilesaw.JPG HTTP/1.1" 304 - "http://www.dreamhomesremodeling.com/bathremodels.html" "Mozilla/4.0 (compatible; MSIE 7.0; Windows NT 5.1; Comcast Install 1.0; GTB5; .NET CLR 1.0.3705)" www.dreamhomesremodeling.com
68.35.245.222 - - [27/Feb/2009:08:07:51 -0500] "GET /images/499_shwr2.JPG HTTP/1.1" 304 - "http://www.dreamhomesremodeling.com/bathremodels.html" "Mozilla/4.0 (compatible; MSIE 7.0; Windows NT 5.1; Comcast Install 1.0; GTB5; .NET CLR 1.0.3705)" www.dreamhomesremodeling.com
68.35.245.222 - - [27/Feb/2009:08:07:51 -0500] "GET /images/480_shwr2.JPG HTTP/1.1" 304 - "http://www.dreamhomesremodeling.com/bathremodels.html" "Mozilla/4.0 (compatible; MSIE 7.0; Windows NT 5.1; Comcast Install 1.0; GTB5; .NET CLR 1.0.3705)" www.thehungrymouse.com
24.218.221.207 - - [27/Feb/2009:08:07:39 -0500] "GET /home/wp-content/uploads/2008/12/dsc09155.jpg HTTP/1.1" 200 183385 "http://www.thehungrymouse.com/home/2008/12/13/creamy-roasted-butternut-squash-soup/" "Mozilla/5.0 (Windows; U; Windows NT 5.1; en-US; rv:1.9.0.6) Gecko/2009011913 Firefox/3.0.6" www.dreamhomesremodeling.com
68.35.245.222 - - [27/Feb/2009:08:07:54 -0500] "GET /images/499_vanity1.JPG HTTP/1.1" 304 - "http://www.dreamhomesremodeling.com/bathremodels.html" "Mozilla/4.0 (compatible; MSIE 7.0; Windows NT 5.1; Comcast Install 1.0; GTB5; .NET CLR 1.0.3705)" www.dreamhomesremodeling.com
68.35.245.222 - - [27/Feb/2009:08:07:54 -0500] "GET /images/480_vanity1.JPG HTTP/1.1" 304 - "http://www.dreamhomesremodeling.com/bathremodels.html" "Mozilla/4.0 (compatible; MSIE 7.0; Windows NT 5.1; Comcast Install 1.0; GTB5; .NET CLR 1.0.3705)" www.dreamhomesremodeling.com
68.35.245.222 - - [27/Feb/2009:08:07:54 -0500] "GET /images/374_IMG_0029.JPG HTTP/1.1" 304 - "http://www.dreamhomesremodeling.com/bathremodels.html" "Mozilla/4.0 (compatible; MSIE 7.0; Windows NT 5.1; Comcast Install 1.0; GTB5; .NET CLR 1.0.3705)" www.dreamhomesremodeling.com
68.35.245.222 - - [27/Feb/2009:08:07:54 -0500] "GET /images/499_DSC00282.JPG HTTP/1.1" 304 - "http://www.dreamhomesremodeling.com/bathremodels.html" "Mozilla/4.0 (compatible; MSIE 7.0; Windows NT 5.1; Comcast Install 1.0; GTB5; .NET CLR 1.0.3705)" www.dreamhomesremodeling.com
68.35.245.222 - - [27/Feb/2009:08:07:54 -0500] "GET /images/480_DSC00282.JPG HTTP/1.1" 304 - "http://www.dreamhomesremodeling.com/bathremodels.html" "Mozilla/4.0 (compatible; MSIE 7.0; Windows NT 5.1; Comcast Install 1.0; GTB5; .NET CLR 1.0.3705)" www.dreamhomesremodeling.com
68.35.245.222 - - [27/Feb/2009:08:07:54 -0500] "GET /images/480_DSC00177.JPG HTTP/1.1" 304 - "http://www.dreamhomesremodeling.com/bathremodels.html" "Mozilla/4.0 (compatible; MSIE 7.0; Windows NT 5.1; Comcast Install 1.0; GTB5; .NET CLR 1.0.3705)" www.dreamhomesremodeling.com
68.35.245.222 - - [27/Feb/2009:08:07:57 -0500] "GET /images/480_DSC00223.JPG HTTP/1.1" 304 - "http://www.dreamhomesremodeling.com/bathremodels.html" "Mozilla/4.0 (compatible; MSIE 7.0; Windows NT 5.1; Comcast Install 1.0; GTB5; .NET CLR 1.0.3705)" www.dreamhomesremodeling.com
68.35.245.222 - - [27/Feb/2009:08:07:57 -0500] "GET /images/480_DSC00412.JPG HTTP/1.1" 304 - "http://www.dreamhomesremodeling.com/bathremodels.html" "Mozilla/4.0 (compatible; MSIE 7.0; Windows NT 5.1; Comcast Install 1.0; GTB5; .NET CLR 1.0.3705)" www.dreamhomesremodeling.com
68.35.245.222 - - [27/Feb/2009:08:07:57 -0500] "GET /images/360_IMG_0023.JPG HTTP/1.1" 304 - "http://www.dreamhomesremodeling.com/bathremodels.html" "Mozilla/4.0 (compatible; MSIE 7.0; Windows NT 5.1; Comcast Install 1.0; GTB5; .NET CLR 1.0.3705)" www.dreamhomesremodeling.com
68.35.245.222 - - [27/Feb/2009:08:08:00 -0500] "GET /images/499_bluebath2.JPG HTTP/1.1" 304 - "http://www.dreamhomesremodeling.com/bathremodels.html" "Mozilla/4.0 (compatible; MSIE 7.0; Windows NT 5.1; Comcast Install 1.0; GTB5; .NET CLR 1.0.3705)" www.dreamhomesremodeling.com
68.35.245.222 - - [27/Feb/2009:08:08:00 -0500] "GET /images/499_tilesaw.JPG HTTP/1.1" 304 - "http://www.dreamhomesremodeling.com/bathremodels.html" "Mozilla/4.0 (compatible; MSIE 7.0; Windows NT 5.1; Comcast Install 1.0; GTB5; .NET CLR 1.0.3705)" www.dreamhomesremodeling.com
68.35.245.222 - - [27/Feb/2009:08:08:00 -0500] "GET /images/499_DSC00411.JPG HTTP/1.1" 304 - "http://www.dreamhomesremodeling.com/bathremodels.html" "Mozilla/4.0 (compatible; MSIE 7.0; Windows NT 5.1; Comcast Install 1.0; GTB5; .NET CLR 1.0.3705)" www.dreamhomesremodeling.com
68.35.245.222 - - [27/Feb/2009:08:08:00 -0500] "GET /images/499_DSC00271.JPG HTTP/1.1" 304 - "http://www.dreamhomesremodeling.com/bathremodels.html" "Mozilla/4.0 (compatible; MSIE 7.0; Windows NT 5.1; Comcast Install 1.0; GTB5; .NET CLR 1.0.3705)" www.thehungrymouse.com
24.218.221.207 - - [27/Feb/2009:08:07:27 -0500] "GET /home/wp-content/uploads/2008/12/dsc09148.jpg HTTP/1.1" 200 217295 "http://www.thehungrymouse.com/home/2008/12/13/creamy-roasted-butternut-squash-soup/" "Mozilla/5.0 (Windows; U; Windows NT 5.1; en-US; rv:1.9.0.6) Gecko/2009011913 Firefox/3.0.6" www.dreamhomesremodeling.com
68.35.245.222 - - [27/Feb/2009:08:08:03 -0500] "GET /images/499_DSC00278.JPG HTTP/1.1" 304 - "http://www.dreamhomesremodeling.com/bathremodels.html" "Mozilla/4.0 (compatible; MSIE 7.0; Windows NT 5.1; Comcast Install 1.0; GTB5; .NET CLR 1.0.3705)" www.dreamhomesremodeling.com
68.35.245.222 - - [27/Feb/2009:08:08:03 -0500] "GET /images/499_DSC00410.JPG HTTP/1.1" 304 - "http://www.dreamhomesremodeling.com/bathremodels.html" "Mozilla/4.0 (compatible; MSIE 7.0; Windows NT 5.1; Comcast Install 1.0; GTB5; .NET CLR 1.0.3705)" www.dreamhomesremodeling.com
68.35.245.222 - - [27/Feb/2009:08:08:03 -0500] "GET /images/374_IMG_0029.JPG HTTP/1.1" 304 - "http://www.dreamhomesremodeling.com/bathremodels.html" "Mozilla/4.0 (compatible; MSIE 7.0; Windows NT 5.1; Comcast Install 1.0; GTB5; .NET CLR 1.0.3705)" www.dreamhomesremodeling.com
68.35.245.222 - - [27/Feb/2009:08:08:03 -0500] "GET /images/360_IMG_0029.JPG HTTP/1.1" 304 - "http://www.dreamhomesremodeling.com/bathremodels.html" "Mozilla/4.0 (compatible; MSIE 7.0; Windows NT 5.1; Comcast Install 1.0; GTB5; .NET CLR 1.0.3705)" www.dreamhomesremodeling.com
68.35.245.222 - - [27/Feb/2009:08:08:06 -0500] "GET /images/499_shwr2.JPG HTTP/1.1" 304 - "http://www.dreamhomesremodeling.com/bathremodels.html" "Mozilla/4.0 (compatible; MSIE 7.0; Windows NT 5.1; Comcast Install 1.0; GTB5; .NET CLR 1.0.3705)" www.thehungrymouse.com
24.218.221.207 - - [27/Feb/2009:08:07:38 -0500] "GET /home/wp-content/uploads/2008/12/dsc09158.jpg HTTP/1.1" 200 221933 "http://www.thehungrymouse.com/home/2008/12/13/creamy-roasted-butternut-squash-soup/" "Mozilla/5.0 (Windows; U; Windows NT 5.1; en-US; rv:1.9.0.6) Gecko/2009011913 Firefox/3.0.6" www.thehungrymouse.com
24.218.221.207 - - [27/Feb/2009:08:08:10 -0500] "GET /home/wp-content/uploads/2008/12/dsc09163.jpg HTTP/1.1" 200 140997 "http://www.thehungrymouse.com/home/2008/12/13/creamy-roasted-butternut-squash-soup/" "Mozilla/5.0 (Windows; U; Windows NT 5.1; en-US; rv:1.9.0.6) Gecko/2009011913 Firefox/3.0.6" www.thehungrymouse.com
24.218.221.207 - - [27/Feb/2009:08:07:47 -0500] "GET /home/wp-content/uploads/2008/12/dsc09169.jpg HTTP/1.1" 200 176385 "http://www.thehungrymouse.com/home/2008/12/13/creamy-roasted-butternut-squash-soup/" "Mozilla/5.0 (Windows; U; Windows NT 5.1; en-US; rv:1.9.0.6) Gecko/2009011913 Firefox/3.0.6" www.thehungrymouse.com
24.218.221.207 - - [27/Feb/2009:08:08:10 -0500] "GET /home/wp-content/uploads/2008/12/dsc09180.jpg HTTP/1.1" 200 142044 "http://www.thehungrymouse.com/home/2008/12/13/creamy-roasted-butternut-squash-soup/" "Mozilla/5.0 (Windows; U; Windows NT 5.1; en-US; rv:1.9.0.6) Gecko/2009011913 Firefox/3.0.6" www.thehungrymouse.com
24.218.221.207 - - [27/Feb/2009:08:08:10 -0500] "GET /home/wp-content/uploads/2008/12/dsc09164.jpg HTTP/1.1" 200 125187 "http://www.thehungrymouse.com/home/2008/12/13/creamy-roasted-butternut-squash-soup/" "Mozilla/5.0 (Windows; U; Windows NT 5.1; en-US; rv:1.9.0.6) Gecko/2009011913 Firefox/3.0.6" www.thehungrymouse.com
24.218.221.207 - - [27/Feb/2009:08:08:10 -0500] "GET /home/wp-content/uploads/2008/12/dsc09170.jpg HTTP/1.1" 200 163066 "http://www.thehungrymouse.com/home/2008/12/13/creamy-roasted-butternut-squash-soup/" "Mozilla/5.0 (Windows; U; Windows NT 5.1; en-US; rv:1.9.0.6) Gecko/2009011913 Firefox/3.0.6" www.thehungrymouse.com
24.218.221.207 - - [27/Feb/2009:08:07:47 -0500] "GET /home/wp-content/uploads/2008/12/dsc09162.jpg HTTP/1.1" 200 208382 "http://www.thehungrymouse.com/home/2008/12/13/creamy-roasted-butternut-squash-soup/" "Mozilla/5.0 (Windows; U; Windows NT 5.1; en-US; rv:1.9.0.6) Gecko/2009011913 Firefox/3.0.6" www.thehungrymouse.com
24.218.221.207 - - [27/Feb/2009:08:08:10 -0500] "GET /home/wp-content/uploads/2008/12/dsc09172.jpg HTTP/1.1" 200 167925 "http://www.thehungrymouse.com/home/2008/12/13/creamy-roasted-butternut-squash-soup/" "Mozilla/5.0 (Windows; U; Windows NT 5.1; en-US; rv:1.9.0.6) Gecko/2009011913 Firefox/3.0.6" www.thehungrymouse.com
24.218.221.207 - - [27/Feb/2009:08:08:14 -0500] "GET /home/wp-content/uploads/2008/12/dsc09173.jpg HTTP/1.1" 200 163203 "http://www.thehungrymouse.com/home/2008/12/13/creamy-roasted-butternut-squash-soup/" "Mozilla/5.0 (Windows; U; Windows NT 5.1; en-US; rv:1.9.0.6) Gecko/2009011913 Firefox/3.0.6" www.thehungrymouse.com
24.218.221.207 - - [27/Feb/2009:08:08:10 -0500] "GET /home/wp-content/uploads/2008/12/dsc09171.jpg HTTP/1.1" 200 173463 "http://www.thehungrymouse.com/home/2008/12/13/creamy-roasted-butternut-squash-soup/" "Mozilla/5.0 (Windows; U; Windows NT 5.1; en-US; rv:1.9.0.6) Gecko/2009011913 Firefox/3.0.6" www.thehungrymouse.com
24.218.221.207 - - [27/Feb/2009:08:08:14 -0500] "GET /home/wp-content/uploads/2008/12/dsc09182.jpg HTTP/1.1" 200 147366 "http://www.thehungrymouse.com/home/2008/12/13/creamy-roasted-butternut-squash-soup/" "Mozilla/5.0 (Windows; U; Windows NT 5.1; en-US; rv:1.9.0.6) Gecko/2009011913 Firefox/3.0.6" www.thehungrymouse.com
24.218.221.207 - - [27/Feb/2009:08:08:17 -0500] "GET /home/wp-content/uploads/2008/12/dsc09185.jpg HTTP/1.1" 200 104013 "http://www.thehungrymouse.com/home/2008/12/13/creamy-roasted-butternut-squash-soup/" "Mozilla/5.0 (Windows; U; Windows NT 5.1; en-US; rv:1.9.0.6) Gecko/2009011913 Firefox/3.0.6" www.thehungrymouse.com
24.218.221.207 - - [27/Feb/2009:08:08:16 -0500] "GET /home/wp-content/uploads/2008/12/dsc09184.jpg HTTP/1.1" 200 167653 "http://www.thehungrymouse.com/home/2008/12/13/creamy-roasted-butternut-squash-soup/" "Mozilla/5.0 (Windows; U; Windows NT 5.1; en-US; rv:1.9.0.6) Gecko/2009011913 Firefox/3.0.6" www.thehungrymouse.com
24.218.221.207 - - [27/Feb/2009:08:08:29 -0500] "GET /home/wp-includes/images/smilies/icon_smile.gif HTTP/1.1" 200 174 "http://www.thehungrymouse.com/home/2008/12/13/creamy-roasted-butternut-squash-soup/" "Mozilla/5.0 (Windows; U; Windows NT 5.1; en-US; rv:1.9.0.6) Gecko/2009011913 Firefox/3.0.6" www.thehungrymouse.com
24.218.221.207 - - [27/Feb/2009:08:08:21 -0500] "GET /home/wp-content/uploads/2008/12/dsc09187.jpg HTTP/1.1" 200 120609 "http://www.thehungrymouse.com/home/2008/12/13/creamy-roasted-butternut-squash-soup/" "Mozilla/5.0 (Windows; U; Windows NT 5.1; en-US; rv:1.9.0.6) Gecko/2009011913 Firefox/3.0.6" www.thehungrymouse.com
24.218.221.207 - - [27/Feb/2009:08:08:30 -0500] "GET /home/wp-content/themes/arthemia-premium/images/sub.png HTTP/1.1" 200 3581 "http://www.thehungrymouse.com/home/wp-content/themes/arthemia-premium/style.css" "Mozilla/5.0 (Windows; U; Windows NT 5.1; en-US; rv:1.9.0.6) Gecko/2009011913 Firefox/3.0.6" thehungrymouse.com
24.218.221.207 - - [27/Feb/2009:08:08:30 -0500] "GET /logos%20and%20images/shopping.jpg HTTP/1.1" 200 10493 "http://www.thehungrymouse.com/home/2008/12/13/creamy-roasted-butternut-squash-soup/" "Mozilla/5.0 (Windows; U; Windows NT 5.1; en-US; rv:1.9.0.6) Gecko/2009011913 Firefox/3.0.6" thehungrymouse.com
24.218.221.207 - - [27/Feb/2009:08:08:30 -0500] "GET /logos%20and%20images/Visual%20Archives%20Button.jpg HTTP/1.1" 200 17064 "http://www.thehungrymouse.com/home/2008/12/13/creamy-roasted-butternut-squash-soup/" "Mozilla/5.0 (Windows; U; Windows NT 5.1; en-US; rv:1.9.0.6) Gecko/2009011913 Firefox/3.0.6" www.thehungrymouse.com
24.218.221.207 - - [27/Feb/2009:08:07:44 -0500] "GET /home/wp-content/uploads/2008/12/dsc09166.jpg HTTP/1.1" 200 238465 "http://www.thehungrymouse.com/home/2008/12/13/creamy-roasted-butternut-squash-soup/" "Mozilla/5.0 (Windows; U; Windows NT 5.1; en-US; rv:1.9.0.6) Gecko/2009011913 Firefox/3.0.6" www.thehungrymouse.com
24.218.221.207 - - [27/Feb/2009:08:08:24 -0500] "GET /home/wp-content/uploads/2008/12/dsc09190.jpg HTTP/1.1" 200 166693 "http://www.thehungrymouse.com/home/2008/12/13/creamy-roasted-butternut-squash-soup/" "Mozilla/5.0 (Windows; U; Windows NT 5.1; en-US; rv:1.9.0.6) Gecko/2009011913 Firefox/3.0.6" www.thehungrymouse.com
24.218.221.207 - - [27/Feb/2009:08:08:34 -0500] "GET /home/wp-content/themes/arthemia-premium/scripts/timthumb.php?src=/wp-content/uploads/2008/10/dsc05896.jpg&w=80&h=80&zc=1&q=100 HTTP/1.1" 200 9176 "http://www.thehungrymouse.com/home/2008/12/13/creamy-roasted-butternut-squash-soup/" "Mozilla/5.0 (Windows; U; Windows NT 5.1; en-US; rv:1.9.0.6) Gecko/2009011913 Firefox/3.0.6" www.thehungrymouse.com
24.218.221.207 - - [27/Feb/2009:08:08:23 -0500] "GET /home/wp-content/uploads/2008/12/dsc09189.jpg HTTP/1.1" 200 157685 "http://www.thehungrymouse.com/home/2008/12/13/creamy-roasted-butternut-squash-soup/" "Mozilla/5.0 (Windows; U; Windows NT 5.1; en-US; rv:1.9.0.6) Gecko/2009011913 Firefox/3.0.6" www.thehungrymouse.com
24.218.221.207 - - [27/Feb/2009:08:08:36 -0500] "GET /home/wp-content/themes/arthemia-premium/scripts/timthumb.php?src=/wp-content/uploads/2009/01/dscn3079.jpg&w=80&h=80&zc=1&q=100 HTTP/1.1" 200 7913 "http://www.thehungrymouse.com/home/2008/12/13/creamy-roasted-butternut-squash-soup/" "Mozilla/5.0 (Windows; U; Windows NT 5.1; en-US; rv:1.9.0.6) Gecko/2009011913 Firefox/3.0.6" www.thehungrymouse.com
24.218.221.207 - - [27/Feb/2009:08:08:37 -0500] "GET /home/wp-content/themes/arthemia-premium/scripts/timthumb.php?src=/wp-content/uploads/2008/08/il_fullxfull29701136.jpg&w=80&h=80&zc=1&q=100 HTTP/1.1" 200 5386 "http://www.thehungrymouse.com/home/2008/12/13/creamy-roasted-butternut-squash-soup/" "Mozilla/5.0 (Windows; U; Windows NT 5.1; en-US; rv:1.9.0.6) Gecko/2009011913 Firefox/3.0.6" www.thehungrymouse.com
24.218.221.207 - - [27/Feb/2009:08:08:25 -0500] "GET /home/wp-content/uploads/2008/12/dsc09195.jpg HTTP/1.1" 200 163106 "http://www.thehungrymouse.com/home/2008/12/13/creamy-roasted-butternut-squash-soup/" "Mozilla/5.0 (Windows; U; Windows NT 5.1; en-US; rv:1.9.0.6) Gecko/2009011913 Firefox/3.0.6" www.thehungrymouse.com
24.218.221.207 - - [27/Feb/2009:08:08:37 -0500] "GET /home/wp-content/themes/arthemia-premium/scripts/timthumb.php?src=/wp-content/uploads/2008/12/dsc09410.jpg&w=80&h=80&zc=1&q=100 HTTP/1.1" 200 7514 "http://www.thehungrymouse.com/home/2008/12/13/creamy-roasted-butternut-squash-soup/" "Mozilla/5.0 (Windows; U; Windows NT 5.1; en-US; rv:1.9.0.6) Gecko/2009011913 Firefox/3.0.6" www.thehungrymouse.com
24.218.221.207 - - [27/Feb/2009:08:08:38 -0500] "GET /home/wp-content/themes/arthemia-premium/scripts/timthumb.php?src=/wp-content/uploads/2008/12/dsc09794.jpg&w=80&h=80&zc=1&q=100 HTTP/1.1" 200 8724 "http://www.thehungrymouse.com/home/2008/12/13/creamy-roasted-butternut-squash-soup/" "Mozilla/5.0 (Windows; U; Windows NT 5.1; en-US; rv:1.9.0.6) Gecko/2009011913 Firefox/3.0.6" www.thehungrymouse.com
24.218.221.207 - - [27/Feb/2009:08:08:39 -0500] "GET /home/wp-content/themes/arthemia-premium/scripts/timthumb.php?src=/wp-content/uploads/2009/01/dscn1826.jpg&w=80&h=80&zc=1&q=100 HTTP/1.1" 200 6476 "http://www.thehungrymouse.com/home/2008/12/13/creamy-roasted-butternut-squash-soup/" "Mozilla/5.0 (Windows; U; Windows NT 5.1; en-US; rv:1.9.0.6) Gecko/2009011913 Firefox/3.0.6" www.thehungrymouse.com
24.218.221.207 - - [27/Feb/2009:08:08:39 -0500] "GET /home/wp-content/themes/arthemia-premium/scripts/timthumb.php?src=/wp-content/uploads/2008/10/dsc050971.jpg&w=80&h=80&zc=1&q=100 HTTP/1.1" 200 10469 "http://www.thehungrymouse.com/home/2008/12/13/creamy-roasted-butternut-squash-soup/" "Mozilla/5.0 (Windows; U; Windows NT 5.1; en-US; rv:1.9.0.6) Gecko/2009011913 Firefox/3.0.6" www.thehungrymouse.com
24.218.221.207 - - [27/Feb/2009:08:08:39 -0500] "GET /home/wp-content/themes/arthemia-premium/scripts/timthumb.php?src=/wp-content/uploads/2008/10/dsc06019.jpg&w=80&h=80&zc=1&q=100 HTTP/1.1" 200 8457 "http://www.thehungrymouse.com/home/2008/12/13/creamy-roasted-butternut-squash-soup/" "Mozilla/5.0 (Windows; U; Windows NT 5.1; en-US; rv:1.9.0.6) Gecko/2009011913 Firefox/3.0.6" www.thehungrymouse.com
24.218.221.207 - - [27/Feb/2009:08:08:39 -0500] "GET /home/wp-content/themes/arthemia-premium/images/dots_footer.gif HTTP/1.1" 200 43 "http://www.thehungrymouse.com/home/wp-content/themes/arthemia-premium/style.css" "Mozilla/5.0 (Windows; U; Windows NT 5.1; en-US; rv:1.9.0.6) Gecko/2009011913 Firefox/3.0.6" www.thehungrymouse.com
24.218.221.207 - - [27/Feb/2009:08:08:39 -0500] "GET /home/wp-content/themes/arthemia-premium/scripts/timthumb.php?src=/wp-content/uploads/2009/02/dscn3259.jpg&w=80&h=80&zc=1&q=100 HTTP/1.1" 200 7529 "http://www.thehungrymouse.com/home/2008/12/13/creamy-roasted-butternut-squash-soup/" "Mozilla/5.0 (Windows; U; Windows NT 5.1; en-US; rv:1.9.0.6) Gecko/2009011913 Firefox/3.0.6" www.thehungrymouse.com
24.218.221.207 - - [27/Feb/2009:08:08:39 -0500] "GET /home/wp-content/themes/arthemia-premium/scripts/timthumb.php?src=/wp-content/uploads/2009/01/dscn2731.jpg&w=80&h=80&zc=1&q=100 HTTP/1.1" 200 6458 "http://www.thehungrymouse.com/home/2008/12/13/creamy-roasted-butternut-squash-soup/" "Mozilla/5.0 (Windows; U; Windows NT 5.1; en-US; rv:1.9.0.6) Gecko/2009011913 Firefox/3.0.6" www.inspirebydesign.com
66.249.65.237 - - [27/Feb/2009:08:08:40 -0500] "GET /Frame-926274-mainpagepage926274.html?refresh=1231907425732 HTTP/1.1" 200 16317 "-" "Mozilla/5.0 (compatible; Googlebot/2.1; +http://www.google.com/bot.html)" indiux.com
76.104.8.89 - - [27/Feb/2009:08:08:43 -0500] "POST /wp-admin/admin-ajax.php HTTP/1.1" 200 359 "http://indiux.com/wp-admin/post.php?action=edit&post=11&_wp_original_http_referer=http%3A%2F%2Findiux.com%2Fwp-admin%2Fedit.php&message=1" "Mozilla/5.0 (Macintosh; U; Intel Mac OS X 10.5; en-US; rv:1.9.0.6) Gecko/2009011912 Firefox/3.0.6" indiux.com
76.104.8.89 - - [27/Feb/2009:08:08:45 -0500] "POST /wp-admin/admin-ajax.php HTTP/1.1" 200 2 "http://indiux.com/wp-admin/post.php?action=edit&post=11&_wp_original_http_referer=http%3A%2F%2Findiux.com%2Fwp-admin%2Fedit.php&message=1" "Mozilla/5.0 (Macintosh; U; Intel Mac OS X 10.5; en-US; rv:1.9.0.6) Gecko/2009011912 Firefox/3.0.6" www.thehungrymouse.com
24.218.221.207 - - [27/Feb/2009:08:08:30 -0500] "GET /home/wp-content/uploads/2008/12/dsc09133.jpg HTTP/1.1" 200 222778 "http://www.thehungrymouse.com/home/2008/12/13/creamy-roasted-butternut-squash-soup/" "Mozilla/5.0 (Windows; U; Windows NT 5.1; en-US; rv:1.9.0.6) Gecko/2009011913 Firefox/3.0.6" www.kalamals.com
66.249.65.237 - - [27/Feb/2009:08:09:07 -0500] "GET /2007_Litter_Families.htm HTTP/1.1" 200 20032 "-" "Mozilla/5.0 (compatible; Googlebot/2.1; +http://www.google.com/bot.html)" www.xeromusic.com
74.81.189.16 - - [27/Feb/2009:08:09:18 -0500] "GET /azimages/abingdonboysschool.jpg HTTP/1.1" 200 64166 "http://edohsama.blogspot.com/2008_06_01_archive.html" "Mozilla/5.0 (Windows; U; Windows NT 5.1; en-US; rv:1.9.0.6) Gecko/2009011913 Firefox/3.0.6 (.NET CLR 3.5.30729)" www.posterpop.com
84.58.112.69 - - [27/Feb/2009:08:09:32 -0500] "GET /images/merchandise/patches/t4vrp02.jpg HTTP/1.1" 200 7675 "http://www.posterpop.com/merchandise/artistmerch/vrmerch.html" "Mozilla/4.0 (compatible; MSIE 7.0; Windows NT 6.0; SLCC1; .NET CLR 2.0.50727; .NET CLR 3.0.04506)" www.posterpop.com
84.58.112.69 - - [27/Feb/2009:08:09:32 -0500] "GET /images/merchandise/tattoos/VR-Tattoo_Flash-FLYER5.jpg HTTP/1.1" 200 70027 "http://www.posterpop.com/merchandise/artistmerch/vrmerch.html" "Mozilla/4.0 (compatible; MSIE 7.0; Windows NT 6.0; SLCC1; .NET CLR 2.0.50727; .NET CLR 3.0.04506)" www.posterpop.com
84.58.112.69 - - [27/Feb/2009:08:09:36 -0500] "GET /images/merchandise/tattoos/t5pizz%20flash%201%20christ.jpg HTTP/1.1" 200 9011 "http://www.posterpop.com/merchandise/artistmerch/pizzmerch.html" "Mozilla/4.0 (compatible; MSIE 7.0; Windows NT 6.0; SLCC1; .NET CLR 2.0.50727; .NET CLR 3.0.04506)" www.posterpop.com
84.58.112.69 - - [27/Feb/2009:08:09:36 -0500] "GET /images/merchandise/tattoos/t5pizz%20flash%202%20rocka.jpg HTTP/1.1" 200 9773 "http://www.posterpop.com/merchandise/artistmerch/pizzmerch.html" "Mozilla/4.0 (compatible; MSIE 7.0; Windows NT 6.0; SLCC1; .NET CLR 2.0.50727; .NET CLR 3.0.04506)" www.ducksters.com
193.136.33.133 - - [27/Feb/2009:08:09:59 -0500] "GET /coaching/footballrostersoftware.php HTTP/1.1" 200 18228 "http://www.google.pt/search?q=football+game+organizer&ie=utf-8&oe=utf-8&aq=t&rls=org.mozilla:pt-PT:official&client=firefox-a" "Mozilla/5.0 (Windows; U; Windows NT 6.0; pt-PT; rv:1.9.0.6) Gecko/2009011913 Firefox/3.0.6 (.NET CLR 3.5.30729)" www.ducksters.com
193.136.33.133 - - [27/Feb/2009:08:10:00 -0500] "GET /coaching/duckheadmusic2.gif HTTP/1.1" 200 1606 "http://www.ducksters.com/coaching/footballrostersoftware.php" "Mozilla/5.0 (Windows; U; Windows NT 6.0; pt-PT; rv:1.9.0.6) Gecko/2009011913 Firefox/3.0.6 (.NET CLR 3.5.30729)" www.ducksters.com
193.136.33.133 - - [27/Feb/2009:08:10:00 -0500] "GET /coaching/duckheadstudy2.gif HTTP/1.1" 200 1646 "http://www.ducksters.com/coaching/footballrostersoftware.php" "Mozilla/5.0 (Windows; U; Windows NT 6.0; pt-PT; rv:1.9.0.6) Gecko/2009011913 Firefox/3.0.6 (.NET CLR 3.5.30729)" www.ducksters.com
193.136.33.133 - - [27/Feb/2009:08:10:00 -0500] "GET /coaching/ducksterssh.gif HTTP/1.1" 200 4662 "http://www.ducksters.com/coaching/footballrostersoftware.php" "Mozilla/5.0 (Windows; U; Windows NT 6.0; pt-PT; rv:1.9.0.6) Gecko/2009011913 Firefox/3.0.6 (.NET CLR 3.5.30729)" www.ducksters.com
193.136.33.133 - - [27/Feb/2009:08:10:00 -0500] "GET /coaching/duckheadmovies2.gif HTTP/1.1" 200 1584 "http://www.ducksters.com/coaching/footballrostersoftware.php" "Mozilla/5.0 (Windows; U; Windows NT 6.0; pt-PT; rv:1.9.0.6) Gecko/2009011913 Firefox/3.0.6 (.NET CLR 3.5.30729)" www.ducksters.com
193.136.33.133 - - [27/Feb/2009:08:10:00 -0500] "GET /coaching/duckheadgames2.gif HTTP/1.1" 200 1762 "http://www.ducksters.com/coaching/footballrostersoftware.php" "Mozilla/5.0 (Windows; U; Windows NT 6.0; pt-PT; rv:1.9.0.6) Gecko/2009011913 Firefox/3.0.6 (.NET CLR 3.5.30729)" www.ducksters.com
193.136.33.133 - - [27/Feb/2009:08:10:00 -0500] "GET /coaching/fbsmall.jpg HTTP/1.1" 200 10369 "http://www.ducksters.com/coaching/footballrostersoftware.php" "Mozilla/5.0 (Windows; U; Windows NT 6.0; pt-PT; rv:1.9.0.6) Gecko/2009011913 Firefox/3.0.6 (.NET CLR 3.5.30729)" www.ducksters.com
193.136.33.133 - - [27/Feb/2009:08:10:00 -0500] "GET /coaching/duckheadjoke2.gif HTTP/1.1" 200 2488 "http://www.ducksters.com/coaching/footballrostersoftware.php" "Mozilla/5.0 (Windows; U; Windows NT 6.0; pt-PT; rv:1.9.0.6) Gecko/2009011913 Firefox/3.0.6 (.NET CLR 3.5.30729)" www.ducksters.com
193.136.33.133 - - [27/Feb/2009:08:10:00 -0500] "GET /coaching/duckheadsports2.gif HTTP/1.1" 200 1931 "http://www.ducksters.com/coaching/footballrostersoftware.php" "Mozilla/5.0 (Windows; U; Windows NT 6.0; pt-PT; rv:1.9.0.6) Gecko/2009011913 Firefox/3.0.6 (.NET CLR 3.5.30729)" www.ducksters.com
193.136.33.133 - - [27/Feb/2009:08:10:00 -0500] "GET /coaching/fbaroster.gif HTTP/1.1" 200 20009 "http://www.ducksters.com/coaching/footballrostersoftware.php" "Mozilla/5.0 (Windows; U; Windows NT 6.0; pt-PT; rv:1.9.0.6) Gecko/2009011913 Firefox/3.0.6 (.NET CLR 3.5.30729)" www.ducksters.com
193.136.33.133 - - [27/Feb/2009:08:10:00 -0500] "GET /coaching/fba10.gif HTTP/1.1" 200 36137 "http://www.ducksters.com/coaching/footballrostersoftware.php" "Mozilla/5.0 (Windows; U; Windows NT 6.0; pt-PT; rv:1.9.0.6) Gecko/2009011913 Firefox/3.0.6 (.NET CLR 3.5.30729)" www.ducksters.com
193.136.33.133 - - [27/Feb/2009:08:10:01 -0500] "GET /favicon.ico HTTP/1.1" 404 693 "-" "Mozilla/5.0 (Windows; U; Windows NT 6.0; pt-PT; rv:1.9.0.6) Gecko/2009011913 Firefox/3.0.6 (.NET CLR 3.5.30729)" www.ducksters.com
193.136.33.133 - - [27/Feb/2009:08:10:04 -0500] "GET /favicon.ico HTTP/1.1" 404 693 "-" "Mozilla/5.0 (Windows; U; Windows NT 6.0; pt-PT; rv:1.9.0.6) Gecko/2009011913 Firefox/3.0.6 (.NET CLR 3.5.30729)" www.ducksters.com
204.9.147.2 - - [27/Feb/2009:08:10:06 -0500] "GET /jokesforkids/riddles.php HTTP/1.1" 200 18221 "http://www.google.com/search?hl=en&q=list+of+riddles&btnG=Google+Search&aq=0&oq=list+of+ridd" "Mozilla/5.0 (Macintosh; U; PPC Mac OS X; en) AppleWebKit/418.9.1 (KHTML, like Gecko) Safari/419.3" www.ducksters.com
204.9.147.2 - - [27/Feb/2009:08:10:06 -0500] "GET /jokesforkids/duckheadmusic2.gif HTTP/1.1" 200 1606 "http://www.ducksters.com/jokesforkids/riddles.php" "Mozilla/5.0 (Macintosh; U; PPC Mac OS X; en) AppleWebKit/418.9.1 (KHTML, like Gecko) Safari/419.3" www.ducksters.com
204.9.147.2 - - [27/Feb/2009:08:10:06 -0500] "GET /jokesforkids/duckheadstudy2.gif HTTP/1.1" 200 1646 "http://www.ducksters.com/jokesforkids/riddles.php" "Mozilla/5.0 (Macintosh; U; PPC Mac OS X; en) AppleWebKit/418.9.1 (KHTML, like Gecko) Safari/419.3" www.chaninatandleeds.com
65.55.232.35 - - [27/Feb/2009:08:10:06 -0500] "GET /links_index.html HTTP/1.0" 200 31886 "-" "Mozilla/4.0 (compatible; MSIE 6.0; Windows NT 5.2; SV1; .NET CLR 1.1.4322)" www.ducksters.com
204.9.147.2 - - [27/Feb/2009:08:10:06 -0500] "GET /jokesforkids/duckheadgames2.gif HTTP/1.1" 200 1762 "http://www.ducksters.com/jokesforkids/riddles.php" "Mozilla/5.0 (Macintosh; U; PPC Mac OS X; en) AppleWebKit/418.9.1 (KHTML, like Gecko) Safari/419.3" www.ducksters.com
204.9.147.2 - - [27/Feb/2009:08:10:07 -0500] "GET /jokesforkids/ducksterssh.gif HTTP/1.1" 200 4662 "http://www.ducksters.com/jokesforkids/riddles.php" "Mozilla/5.0 (Macintosh; U; PPC Mac OS X; en) AppleWebKit/418.9.1 (KHTML, like Gecko) Safari/419.3" www.ducksters.com
204.9.147.2 - - [27/Feb/2009:08:10:07 -0500] "GET /jokesforkids/duckheadmovies2.gif HTTP/1.1" 200 1584 "http://www.ducksters.com/jokesforkids/riddles.php" "Mozilla/5.0 (Macintosh; U; PPC Mac OS X; en) AppleWebKit/418.9.1 (KHTML, like Gecko) Safari/419.3" www.ducksters.com
204.9.147.2 - - [27/Feb/2009:08:10:07 -0500] "GET /jokesforkids/duckheadjoke2.gif HTTP/1.1" 200 2488 "http://www.ducksters.com/jokesforkids/riddles.php" "Mozilla/5.0 (Macintosh; U; PPC Mac OS X; en) AppleWebKit/418.9.1 (KHTML, like Gecko) Safari/419.3" www.ducksters.com
204.9.147.2 - - [27/Feb/2009:08:10:07 -0500] "GET /jokesforkids/duckheadsports2.gif HTTP/1.1" 200 1931 "http://www.ducksters.com/jokesforkids/riddles.php" "Mozilla/5.0 (Macintosh; U; PPC Mac OS X; en) AppleWebKit/418.9.1 (KHTML, like Gecko) Safari/419.3" www.ducksters.com
204.9.147.2 - - [27/Feb/2009:08:10:07 -0500] "GET /favicon.ico HTTP/1.1" 404 693 "-" "Mozilla/5.0 (Macintosh; U; PPC Mac OS X; en) AppleWebKit/418.9.1 (KHTML, like Gecko) Safari/419.3" www.chaninatandleeds.com
65.55.232.35 - - [27/Feb/2009:08:10:17 -0500] "GET /font.css HTTP/1.0" 200 654 "http://www.chaninatandleeds.com/links_index.html" "Mozilla/4.0 (compatible; MSIE 6.0; Windows NT 5.2; SV1; .NET CLR 1.1.4322)" www.chaninatandleeds.com
65.55.232.35 - - [27/Feb/2009:08:10:23 -0500] "GET /mm_menu.js HTTP/1.0" 200 29972 "http://www.chaninatandleeds.com/links_index.html" "Mozilla/4.0 (compatible; MSIE 6.0; Windows NT 5.2; SV1; .NET CLR 1.1.4322)" www.bubblenewyork.com
24.4.31.136 - - [27/Feb/2009:08:10:27 -0500] "GET / HTTP/1.1" 200 5414 "-" "Mozilla/5.0 (Macintosh; U; Intel Mac OS X 10_4_11; en) AppleWebKit/525.27.1 (KHTML, like Gecko) Version/3.0.4 Safari/523.12.2" www.bubblenewyork.com
24.4.31.136 - - [27/Feb/2009:08:10:27 -0500] "GET /img/blondon.jpg HTTP/1.1" 200 3319 "http://www.bubblenewyork.com/" "Mozilla/5.0 (Macintosh; U; Intel Mac OS X 10_4_11; en) AppleWebKit/525.27.1 (KHTML, like Gecko) Version/3.0.4 Safari/523.12.2" www.bubblenewyork.com
24.4.31.136 - - [27/Feb/2009:08:10:27 -0500] "GET /img/logo-bubble-new.gif HTTP/1.1" 200 15894 "http://www.bubblenewyork.com/" "Mozilla/5.0 (Macintosh; U; Intel Mac OS X 10_4_11; en) AppleWebKit/525.27.1 (KHTML, like Gecko) Version/3.0.4 Safari/523.12.2" www.bubblenewyork.com
24.4.31.136 - - [27/Feb/2009:08:10:27 -0500] "GET /img/blank.gif HTTP/1.1" 200 58 "http://www.bubblenewyork.com/" "Mozilla/5.0 (Macintosh; U; Intel Mac OS X 10_4_11; en) AppleWebKit/525.27.1 (KHTML, like Gecko) Version/3.0.4 Safari/523.12.2" www.bubblenewyork.com
24.4.31.136 - - [27/Feb/2009:08:10:27 -0500] "GET /img/bnewyork.jpg HTTP/1.1" 200 3478 "http://www.bubblenewyork.com/" "Mozilla/5.0 (Macintosh; U; Intel Mac OS X 10_4_11; en) AppleWebKit/525.27.1 (KHTML, like Gecko) Version/3.0.4 Safari/523.12.2" www.bubblenewyork.com
24.4.31.136 - - [27/Feb/2009:08:10:28 -0500] "GET /favicon.ico HTTP/1.1" 404 693 "http://www.bubblenewyork.com/" "Mozilla/5.0 (Macintosh; U; Intel Mac OS X 10_4_11; en) AppleWebKit/525.27.1 (KHTML, like Gecko) Version/3.0.4 Safari/523.12.2" www.bubblenewyork.com
24.4.31.136 - - [27/Feb/2009:08:10:28 -0500] "GET /img_naka/ball.jpg HTTP/1.1" 200 60714 "http://www.bubblenewyork.com/" "Mozilla/5.0 (Macintosh; U; Intel Mac OS X 10_4_11; en) AppleWebKit/525.27.1 (KHTML, like Gecko) Version/3.0.4 Safari/523.12.2" www.bubblenewyork.com
24.4.31.136 - - [27/Feb/2009:08:10:28 -0500] "GET /img/concept-on.gif HTTP/1.1" 200 437 "http://www.bubblenewyork.com/" "Mozilla/5.0 (Macintosh; U; Intel Mac OS X 10_4_11; en) AppleWebKit/525.27.1 (KHTML, like Gecko) Version/3.0.4 Safari/523.12.2" www.bubblenewyork.com
24.4.31.136 - - [27/Feb/2009:08:10:28 -0500] "GET /img/buyers-on.gif HTTP/1.1" 200 1292 "http://www.bubblenewyork.com/" "Mozilla/5.0 (Macintosh; U; Intel Mac OS X 10_4_11; en) AppleWebKit/525.27.1 (KHTML, like Gecko) Version/3.0.4 Safari/523.12.2" www.bubblenewyork.com
24.4.31.136 - - [27/Feb/2009:08:10:28 -0500] "GET /img/calendar-on.gif HTTP/1.1" 200 503 "http://www.bubblenewyork.com/" "Mozilla/5.0 (Macintosh; U; Intel Mac OS X 10_4_11; en) AppleWebKit/525.27.1 (KHTML, like Gecko) Version/3.0.4 Safari/523.12.2" www.bubblenewyork.com
24.4.31.136 - - [27/Feb/2009:08:10:28 -0500] "GET /img/buzz-on.gif HTTP/1.1" 200 332 "http://www.bubblenewyork.com/" "Mozilla/5.0 (Macintosh; U; Intel Mac OS X 10_4_11; en) AppleWebKit/525.27.1 (KHTML, like Gecko) Version/3.0.4 Safari/523.12.2" www.bubblenewyork.com
24.4.31.136 - - [27/Feb/2009:08:10:28 -0500] "GET /img/gallery-on.gif HTTP/1.1" 200 584 "http://www.bubblenewyork.com/" "Mozilla/5.0 (Macintosh; U; Intel Mac OS X 10_4_11; en) AppleWebKit/525.27.1 (KHTML, like Gecko) Version/3.0.4 Safari/523.12.2" www.bubblenewyork.com
24.4.31.136 - - [27/Feb/2009:08:10:28 -0500] "GET /img/contact-on.gif HTTP/1.1" 200 440 "http://www.bubblenewyork.com/" "Mozilla/5.0 (Macintosh; U; Intel Mac OS X 10_4_11; en) AppleWebKit/525.27.1 (KHTML, like Gecko) Version/3.0.4 Safari/523.12.2" www.bubblenewyork.com
24.4.31.136 - - [27/Feb/2009:08:10:28 -0500] "GET /img/news-on.gif HTTP/1.1" 200 514 "http://www.bubblenewyork.com/" "Mozilla/5.0 (Macintosh; U; Intel Mac OS X 10_4_11; en) AppleWebKit/525.27.1 (KHTML, like Gecko) Version/3.0.4 Safari/523.12.2" www.bubblenewyork.com
24.4.31.136 - - [27/Feb/2009:08:10:28 -0500] "GET /img/register-on.gif HTTP/1.1" 200 608 "http://www.bubblenewyork.com/" "Mozilla/5.0 (Macintosh; U; Intel Mac OS X 10_4_11; en) AppleWebKit/525.27.1 (KHTML, like Gecko) Version/3.0.4 Safari/523.12.2" www.bubblenewyork.com
24.4.31.136 - - [27/Feb/2009:08:10:28 -0500] "GET /img/kidding-on.gif HTTP/1.1" 200 761 "http://www.bubblenewyork.com/" "Mozilla/5.0 (Macintosh; U; Intel Mac OS X 10_4_11; en) AppleWebKit/525.27.1 (KHTML, like Gecko) Version/3.0.4 Safari/523.12.2" www.bubblenewyork.com
24.4.31.136 - - [27/Feb/2009:08:10:28 -0500] "GET /img/press-on.gif HTTP/1.1" 200 383 "http://www.bubblenewyork.com/" "Mozilla/5.0 (Macintosh; U; Intel Mac OS X 10_4_11; en) AppleWebKit/525.27.1 (KHTML, like Gecko) Version/3.0.4 Safari/523.12.2" www.chaninatandleeds.com
65.55.232.35 - - [27/Feb/2009:08:10:32 -0500] "GET /mm_menu.js HTTP/1.0" 200 29972 "http://www.chaninatandleeds.com/links_index.html" "Mozilla/4.0 (compatible; MSIE 6.0; Windows NT 5.2; SV1; .NET CLR 1.1.4322)" www.chessieview.com
24.253.158.37 - - [27/Feb/2009:08:11:58 -0500] "GET /chessiestore.html HTTP/1.1" 200 11825 "http://www.chessieview.com/oursupportteam.html" "Mozilla/5.0 (Macintosh; U; Intel Mac OS X 10.5; en-US; rv:1.9.0.6) Gecko/2009011912 Firefox/3.0.6" www.chessieview.com
24.253.158.37 - - [27/Feb/2009:08:11:59 -0500] "GET /scripts/392973custom.css HTTP/1.1" 200 1477 "http://www.chessieview.com/chessiestore.html" "Mozilla/5.0 (Macintosh; U; Intel Mac OS X 10.5; en-US; rv:1.9.0.6) Gecko/2009011912 Firefox/3.0.6" www.chessieview.com
24.253.158.37 - - [27/Feb/2009:08:11:59 -0500] "GET /images/440_Chessie_Shirt_Web_2.gif HTTP/1.1" 200 67612 "http://www.chessieview.com/chessiestore.html" "Mozilla/5.0 (Macintosh; U; Intel Mac OS X 10.5; en-US; rv:1.9.0.6) Gecko/2009011912 Firefox/3.0.6" www.chessieview.com
24.253.158.37 - - [27/Feb/2009:08:12:08 -0500] "GET /scripts/392975custom.css HTTP/1.1" 200 804 "http://www.chessieview.com/openpositions.html" "Mozilla/5.0 (Macintosh; U; Intel Mac OS X 10.5; en-US; rv:1.9.0.6) Gecko/2009011912 Firefox/3.0.6" www.bcaplan.com
92.75.151.61 - - [27/Feb/2009:08:12:07 -0500] "GET /cgi-bin/makelog.cgi?Political=Theory,http://www.gmu.edu/departments/economics/bcaplan/poltheor.html HTTP/1.1" 200 43 "http://www.gmu.edu/departments/economics/bcaplan/poltheor.html" "Mozilla/5.0 (Windows; U; Windows NT 5.1; de; rv:1.9.0.6) Gecko/2009011913 Firefox/3.0.6" www.melroserunningclub.com
199.46.198.232 - - [27/Feb/2009:08:12:10 -0500] "GET /ads/ad3.gif HTTP/1.1" 304 - "http://www.melroserunningclub.com/menu.htm" "Mozilla/4.0 (compatible; MSIE 6.0; Windows NT 5.1; SV1; GTB5; .NET CLR 2.0.50727)" www.chessieview.com
24.253.158.37 - - [27/Feb/2009:08:12:08 -0500] "GET /openpositions.html HTTP/1.1" 200 109305 "http://www.chessieview.com/chessiestore.html" "Mozilla/5.0 (Macintosh; U; Intel Mac OS X 10.5; en-US; rv:1.9.0.6) Gecko/2009011912 Firefox/3.0.6" www.ducksters.com
170.158.67.1 - - [27/Feb/2009:08:14:23 -0500] "GET /jokesforkids/math.php HTTP/1.1" 200 15708 "-" "Mozilla/4.0 (compatible; MSIE 7.0; Windows NT 5.1; .NET CLR 2.0.50727; InfoPath.1)" www.ducksters.com
170.158.67.1 - - [27/Feb/2009:08:14:23 -0500] "GET /jokesforkids/duckheadmusic2.gif HTTP/1.1" 200 1606 "http://www.ducksters.com/jokesforkids/math.php" "Mozilla/4.0 (compatible; MSIE 7.0; Windows NT 5.1; .NET CLR 2.0.50727; InfoPath.1)" www.ducksters.com
