66.82.9.18 - - [27/Feb/2009:08:49:02 -0500] "GET /Genealogy/images_famouspeople/famous19.jpg HTTP/1.1" 200 7231 "http://www.mayflowerhistory.com/Genealogy/famousdescendants.php" "Mozilla/4.0 (compatible; MSIE 7.0; Windows NT 6.0; SLCC1; .NET CLR 2.0.50727; .NET CLR 3.5.30729; .NET CLR 3.0.30618)" www.mayflowerhistory.com
66.82.9.18 - - [27/Feb/2009:08:49:02 -0500] "GET /Genealogy/images_famouspeople/famous24.gif HTTP/1.1" 200 15756 "http://www.mayflowerhistory.com/Genealogy/famousdescendants.php" "Mozilla/4.0 (compatible; MSIE 7.0; Windows NT 6.0; SLCC1; .NET CLR 2.0.50727; .NET CLR 3.5.30729; .NET CLR 3.0.30618)" www.mambazo.com
196.202.232.249 - - [27/Feb/2009:08:49:02 -0500] "GET /images/460_topn.gif HTTP/1.0" 200 5250 "http://www.mambazo.com/Frame-1-currentnewspage1.htm?refresh=1234301200588" "Opera/9.63 (Windows NT 5.1; U; fr) Presto/2.1.1" www.mayflowerhistory.com
66.82.9.18 - - [27/Feb/2009:08:49:02 -0500] "GET /Genealogy/images_famouspeople/famous25.jpg HTTP/1.1" 200 6934 "http://www.mayflowerhistory.com/Genealogy/famousdescendants.php" "Mozilla/4.0 (compatible; MSIE 7.0; Windows NT 6.0; SLCC1; .NET CLR 2.0.50727; .NET CLR 3.5.30729; .NET CLR 3.0.30618)" www.mayflowerhistory.com
66.82.9.18 - - [27/Feb/2009:08:49:03 -0500] "GET /Genealogy/images_famouspeople/famous26.gif HTTP/1.1" 200 23232 "http://www.mayflowerhistory.com/Genealogy/famousdescendants.php" "Mozilla/4.0 (compatible; MSIE 7.0; Windows NT 6.0; SLCC1; .NET CLR 2.0.50727; .NET CLR 3.5.30729; .NET CLR 3.0.30618)" www.mayflowerhistory.com
66.82.9.18 - - [27/Feb/2009:08:49:03 -0500] "GET /Genealogy/images_famouspeople/famous20.jpg HTTP/1.1" 200 7788 "http://www.mayflowerhistory.com/Genealogy/famousdescendants.php" "Mozilla/4.0 (compatible; MSIE 7.0; Windows NT 6.0; SLCC1; .NET CLR 2.0.50727; .NET CLR 3.5.30729; .NET CLR 3.0.30618)" www.mayflowerhistory.com
66.82.9.18 - - [27/Feb/2009:08:49:04 -0500] "GET /Genealogy/images_famouspeople/BenjaminSpock.jpg HTTP/1.1" 200 9130 "http://www.mayflowerhistory.com/Genealogy/famousdescendants.php" "Mozilla/4.0 (compatible; MSIE 7.0; Windows NT 6.0; SLCC1; .NET CLR 2.0.50727; .NET CLR 3.5.30729; .NET CLR 3.0.30618)" www.mayflowerhistory.com
66.82.9.18 - - [27/Feb/2009:08:49:04 -0500] "GET /images/cokieroberts.jpg HTTP/1.1" 200 33404 "http://www.mayflowerhistory.com/Genealogy/famousdescendants.php" "Mozilla/4.0 (compatible; MSIE 7.0; Windows NT 6.0; SLCC1; .NET CLR 2.0.50727; .NET CLR 3.5.30729; .NET CLR 3.0.30618)" www.highlandlakeswc.com
66.249.65.232 - - [27/Feb/2009:08:49:06 -0500] "GET /images/REMAX.doc HTTP/1.1" 304 - "-" "Mozilla/5.0 (compatible; Googlebot/2.1; +http://www.google.com/bot.html)" www.gpny.com
69.121.4.95 - - [27/Feb/2009:08:49:20 -0500] "GET /launch08/media.php HTTP/1.1" 200 11902 "http://www.gpny.com/launch08/arrive_and_drive.php" "Mozilla/4.0 (compatible; MSIE 7.0; Windows NT 5.1; .NET CLR 1.0.3705; .NET CLR 1.1.4322; .NET CLR 2.0.50727)" www.gpny.com
69.121.4.95 - - [27/Feb/2009:08:49:22 -0500] "GET /launch08/vids.php HTTP/1.1" 200 11878 "http://www.gpny.com/launch08/media.php" "Mozilla/4.0 (compatible; MSIE 7.0; Windows NT 5.1; .NET CLR 1.0.3705; .NET CLR 1.1.4322; .NET CLR 2.0.50727)" www.gpny.com
69.121.4.95 - - [27/Feb/2009:08:49:22 -0500] "GET /launch08/webimages/vids/t_ut.jpg HTTP/1.1" 200 19691 "http://www.gpny.com/launch08/vids.php" "Mozilla/4.0 (compatible; MSIE 7.0; Windows NT 5.1; .NET CLR 1.0.3705; .NET CLR 1.1.4322; .NET CLR 2.0.50727)" www.gpny.com
69.121.4.95 - - [27/Feb/2009:08:49:22 -0500] "GET /launch08/webimages/vids/t_dt.jpg HTTP/1.1" 200 17375 "http://www.gpny.com/launch08/vids.php" "Mozilla/4.0 (compatible; MSIE 7.0; Windows NT 5.1; .NET CLR 1.0.3705; .NET CLR 1.1.4322; .NET CLR 2.0.50727)" www.gpny.com
69.121.4.95 - - [27/Feb/2009:08:49:26 -0500] "GET /launch08/vids/one_lap_ut.wmv HTTP/1.1" 200 5166729 "http://www.gpny.com/launch08/vids.php" "Mozilla/4.0 (compatible; MSIE 7.0; Windows NT 5.1; .NET CLR 1.0.3705; .NET CLR 1.1.4322; .NET CLR 2.0.50727)" www.mambazo.com
196.202.232.249 - - [27/Feb/2009:08:49:02 -0500] "GET /images/460_460_Mambazo2008_cover.jpg HTTP/1.0" 200 67400 "http://www.mambazo.com/Frame-1-currentnewspage1.htm?refresh=1234301200588" "Opera/9.63 (Windows NT 5.1; U; fr) Presto/2.1.1" www.ducksters.com
168.216.129.17 - - [27/Feb/2009:08:49:40 -0500] "GET /questions/duckheadmusic2.gif HTTP/1.1" 200 1606 "http://www.ducksters.com/questions/frenchcolors.php" "Mozilla/4.0 (compatible; MSIE 7.0; Windows NT 5.1; GTB5; .NET CLR 1.1.4322)" www.ducksters.com
168.216.129.17 - - [27/Feb/2009:08:49:40 -0500] "GET /questions/duckheadstudy2.gif HTTP/1.1" 200 1646 "http://www.ducksters.com/questions/frenchcolors.php" "Mozilla/4.0 (compatible; MSIE 7.0; Windows NT 5.1; GTB5; .NET CLR 1.1.4322)" www.ducksters.com
168.216.129.17 - - [27/Feb/2009:08:49:40 -0500] "GET /questions/duckheadgames2.gif HTTP/1.1" 200 1762 "http://www.ducksters.com/questions/frenchcolors.php" "Mozilla/4.0 (compatible; MSIE 7.0; Windows NT 5.1; GTB5; .NET CLR 1.1.4322)" www.ducksters.com
168.216.129.17 - - [27/Feb/2009:08:49:40 -0500] "GET /questions/ducksterssh.gif HTTP/1.1" 200 4662 "http://www.ducksters.com/questions/frenchcolors.php" "Mozilla/4.0 (compatible; MSIE 7.0; Windows NT 5.1; GTB5; .NET CLR 1.1.4322)" www.ducksters.com
168.216.129.17 - - [27/Feb/2009:08:49:40 -0500] "GET /questions/duckheadmovies2.gif HTTP/1.1" 200 1584 "http://www.ducksters.com/questions/frenchcolors.php" "Mozilla/4.0 (compatible; MSIE 7.0; Windows NT 5.1; GTB5; .NET CLR 1.1.4322)" www.ducksters.com
168.216.129.17 - - [27/Feb/2009:08:49:40 -0500] "GET /questions/duckheadjoke2.gif HTTP/1.1" 200 2488 "http://www.ducksters.com/questions/frenchcolors.php" "Mozilla/4.0 (compatible; MSIE 7.0; Windows NT 5.1; GTB5; .NET CLR 1.1.4322)" www.ducksters.com
168.216.129.17 - - [27/Feb/2009:08:49:40 -0500] "GET /questions/duckheadsports2.gif HTTP/1.1" 200 1931 "http://www.ducksters.com/questions/frenchcolors.php" "Mozilla/4.0 (compatible; MSIE 7.0; Windows NT 5.1; GTB5; .NET CLR 1.1.4322)" www.ducksters.com
168.216.129.17 - - [27/Feb/2009:08:49:41 -0500] "GET /favicon.ico HTTP/1.1" 404 693 "-" "Mozilla/4.0 (compatible; MSIE 7.0; Windows NT 5.1; GTB5; .NET CLR 1.1.4322)" www.stilllife-game.com
84.173.189.102 - - [27/Feb/2009:08:49:47 -0500] "GET /favicon.ico HTTP/1.1" 302 - "-" "Mozilla/5.0 (Windows; U; Windows NT 5.1; de; rv:1.9.0.6) Gecko/2009011913 Firefox/3.0.6 (.NET CLR 3.5.30729)" www.stilllife-game.com
84.173.189.102 - - [27/Feb/2009:08:49:48 -0500] "GET / HTTP/1.1" 302 - "-" "Mozilla/5.0 (Windows; U; Windows NT 5.1; de; rv:1.9.0.6) Gecko/2009011913 Firefox/3.0.6 (.NET CLR 3.5.30729)" www.stilllife-game.com
84.173.189.102 - - [27/Feb/2009:08:49:48 -0500] "GET /en/ HTTP/1.1" 206 15049 "-" "Mozilla/5.0 (Windows; U; Windows NT 5.1; de; rv:1.9.0.6) Gecko/2009011913 Firefox/3.0.6 (.NET CLR 3.5.30729)" www.stilllife-game.com
84.173.189.102 - - [27/Feb/2009:08:49:53 -0500] "GET /en/post-mortem-galerie-the-white-case.html HTTP/1.1" 200 13215 "http://www.stilllife-game.com/en/still-life-2-the-new-victoria-mcpherson-s-adventures.html" "Mozilla/5.0 (Windows; U; Windows NT 5.1; de; rv:1.9.0.6) Gecko/2009011913 Firefox/3.0.6 (.NET CLR 3.5.30729)" www.stilllife-game.com
84.173.189.102 - - [27/Feb/2009:08:49:55 -0500] "GET /screen/pmthb/screen05.jpg HTTP/1.1" 200 1026 "http://www.stilllife-game.com/en/post-mortem-galerie-the-white-case.html" "Mozilla/5.0 (Windows; U; Windows NT 5.1; de; rv:1.9.0.6) Gecko/2009011913 Firefox/3.0.6 (.NET CLR 3.5.30729)" www.stilllife-game.com
84.173.189.102 - - [27/Feb/2009:08:49:55 -0500] "GET /screen/pmthb/screen01.jpg HTTP/1.1" 200 937 "http://www.stilllife-game.com/en/post-mortem-galerie-the-white-case.html" "Mozilla/5.0 (Windows; U; Windows NT 5.1; de; rv:1.9.0.6) Gecko/2009011913 Firefox/3.0.6 (.NET CLR 3.5.30729)" www.stilllife-game.com
84.173.189.102 - - [27/Feb/2009:08:49:55 -0500] "GET /screen/pmthb/screen02.jpg HTTP/1.1" 200 1020 "http://www.stilllife-game.com/en/post-mortem-galerie-the-white-case.html" "Mozilla/5.0 (Windows; U; Windows NT 5.1; de; rv:1.9.0.6) Gecko/2009011913 Firefox/3.0.6 (.NET CLR 3.5.30729)" www.stilllife-game.com
84.173.189.102 - - [27/Feb/2009:08:49:55 -0500] "GET /screen/pmthb/screen03.jpg HTTP/1.1" 200 1097 "http://www.stilllife-game.com/en/post-mortem-galerie-the-white-case.html" "Mozilla/5.0 (Windows; U; Windows NT 5.1; de; rv:1.9.0.6) Gecko/2009011913 Firefox/3.0.6 (.NET CLR 3.5.30729)" www.stilllife-game.com
84.173.189.102 - - [27/Feb/2009:08:49:55 -0500] "GET /screen/pmthb/screen04.jpg HTTP/1.1" 200 1132 "http://www.stilllife-game.com/en/post-mortem-galerie-the-white-case.html" "Mozilla/5.0 (Windows; U; Windows NT 5.1; de; rv:1.9.0.6) Gecko/2009011913 Firefox/3.0.6 (.NET CLR 3.5.30729)" www.stilllife-game.com
84.173.189.102 - - [27/Feb/2009:08:49:55 -0500] "GET /screen/pmthb/screen06.jpg HTTP/1.1" 200 1422 "http://www.stilllife-game.com/en/post-mortem-galerie-the-white-case.html" "Mozilla/5.0 (Windows; U; Windows NT 5.1; de; rv:1.9.0.6) Gecko/2009011913 Firefox/3.0.6 (.NET CLR 3.5.30729)" www.stilllife-game.com
84.173.189.102 - - [27/Feb/2009:08:49:55 -0500] "GET /screen/pmthb/screen07.jpg HTTP/1.1" 200 1186 "http://www.stilllife-game.com/en/post-mortem-galerie-the-white-case.html" "Mozilla/5.0 (Windows; U; Windows NT 5.1; de; rv:1.9.0.6) Gecko/2009011913 Firefox/3.0.6 (.NET CLR 3.5.30729)" www.stilllife-game.com
84.173.189.102 - - [27/Feb/2009:08:49:55 -0500] "GET /screen/pmthb/screen08.jpg HTTP/1.1" 200 1229 "http://www.stilllife-game.com/en/post-mortem-galerie-the-white-case.html" "Mozilla/5.0 (Windows; U; Windows NT 5.1; de; rv:1.9.0.6) Gecko/2009011913 Firefox/3.0.6 (.NET CLR 3.5.30729)" www.stilllife-game.com
84.173.189.102 - - [27/Feb/2009:08:49:56 -0500] "GET /screen/pmthb/screen09.jpg HTTP/1.1" 200 1163 "http://www.stilllife-game.com/en/post-mortem-galerie-the-white-case.html" "Mozilla/5.0 (Windows; U; Windows NT 5.1; de; rv:1.9.0.6) Gecko/2009011913 Firefox/3.0.6 (.NET CLR 3.5.30729)" www.stilllife-game.com
84.173.189.102 - - [27/Feb/2009:08:49:56 -0500] "GET /screen/pmthb/screen10.jpg HTTP/1.1" 200 1283 "http://www.stilllife-game.com/en/post-mortem-galerie-the-white-case.html" "Mozilla/5.0 (Windows; U; Windows NT 5.1; de; rv:1.9.0.6) Gecko/2009011913 Firefox/3.0.6 (.NET CLR 3.5.30729)" www.stilllife-game.com
84.173.189.102 - - [27/Feb/2009:08:49:56 -0500] "GET /screen/pmthb/screen11.jpg HTTP/1.1" 200 862 "http://www.stilllife-game.com/en/post-mortem-galerie-the-white-case.html" "Mozilla/5.0 (Windows; U; Windows NT 5.1; de; rv:1.9.0.6) Gecko/2009011913 Firefox/3.0.6 (.NET CLR 3.5.30729)" www.stilllife-game.com
84.173.189.102 - - [27/Feb/2009:08:49:56 -0500] "GET /screen/pmthb/screen12.jpg HTTP/1.1" 200 1281 "http://www.stilllife-game.com/en/post-mortem-galerie-the-white-case.html" "Mozilla/5.0 (Windows; U; Windows NT 5.1; de; rv:1.9.0.6) Gecko/2009011913 Firefox/3.0.6 (.NET CLR 3.5.30729)" www.stilllife-game.com
84.173.189.102 - - [27/Feb/2009:08:49:56 -0500] "GET /screen/pmthb/screen13.jpg HTTP/1.1" 200 1285 "http://www.stilllife-game.com/en/post-mortem-galerie-the-white-case.html" "Mozilla/5.0 (Windows; U; Windows NT 5.1; de; rv:1.9.0.6) Gecko/2009011913 Firefox/3.0.6 (.NET CLR 3.5.30729)" www.stilllife-game.com
84.173.189.102 - - [27/Feb/2009:08:49:56 -0500] "GET /screen/pmthb/screen14.jpg HTTP/1.1" 200 960 "http://www.stilllife-game.com/en/post-mortem-galerie-the-white-case.html" "Mozilla/5.0 (Windows; U; Windows NT 5.1; de; rv:1.9.0.6) Gecko/2009011913 Firefox/3.0.6 (.NET CLR 3.5.30729)" www.stilllife-game.com
84.173.189.102 - - [27/Feb/2009:08:49:56 -0500] "GET /screen/pmthb/screen15.jpg HTTP/1.1" 200 1118 "http://www.stilllife-game.com/en/post-mortem-galerie-the-white-case.html" "Mozilla/5.0 (Windows; U; Windows NT 5.1; de; rv:1.9.0.6) Gecko/2009011913 Firefox/3.0.6 (.NET CLR 3.5.30729)" www.stilllife-game.com
84.173.189.102 - - [27/Feb/2009:08:49:56 -0500] "GET /screen/pmthb/screen16.jpg HTTP/1.1" 200 878 "http://www.stilllife-game.com/en/post-mortem-galerie-the-white-case.html" "Mozilla/5.0 (Windows; U; Windows NT 5.1; de; rv:1.9.0.6) Gecko/2009011913 Firefox/3.0.6 (.NET CLR 3.5.30729)" www.stilllife-game.com
84.173.189.102 - - [27/Feb/2009:08:49:57 -0500] "GET /screen/pmthb/screen17.jpg HTTP/1.1" 200 1311 "http://www.stilllife-game.com/en/post-mortem-galerie-the-white-case.html" "Mozilla/5.0 (Windows; U; Windows NT 5.1; de; rv:1.9.0.6) Gecko/2009011913 Firefox/3.0.6 (.NET CLR 3.5.30729)" www.stilllife-game.com
84.173.189.102 - - [27/Feb/2009:08:49:57 -0500] "GET /screen/pmthb/screen18.jpg HTTP/1.1" 200 1176 "http://www.stilllife-game.com/en/post-mortem-galerie-the-white-case.html" "Mozilla/5.0 (Windows; U; Windows NT 5.1; de; rv:1.9.0.6) Gecko/2009011913 Firefox/3.0.6 (.NET CLR 3.5.30729)" www.stilllife-game.com
84.173.189.102 - - [27/Feb/2009:08:49:57 -0500] "GET /screen/pmthb/screen19.jpg HTTP/1.1" 200 1236 "http://www.stilllife-game.com/en/post-mortem-galerie-the-white-case.html" "Mozilla/5.0 (Windows; U; Windows NT 5.1; de; rv:1.9.0.6) Gecko/2009011913 Firefox/3.0.6 (.NET CLR 3.5.30729)" www.stilllife-game.com
84.173.189.102 - - [27/Feb/2009:08:49:57 -0500] "GET /screen/pmthb/decors01.jpg HTTP/1.1" 200 1526 "http://www.stilllife-game.com/en/post-mortem-galerie-the-white-case.html" "Mozilla/5.0 (Windows; U; Windows NT 5.1; de; rv:1.9.0.6) Gecko/2009011913 Firefox/3.0.6 (.NET CLR 3.5.30729)" www.stilllife-game.com
84.173.189.102 - - [27/Feb/2009:08:49:57 -0500] "GET /screen/pmthb/decors02.jpg HTTP/1.1" 200 993 "http://www.stilllife-game.com/en/post-mortem-galerie-the-white-case.html" "Mozilla/5.0 (Windows; U; Windows NT 5.1; de; rv:1.9.0.6) Gecko/2009011913 Firefox/3.0.6 (.NET CLR 3.5.30729)" www.stilllife-game.com
84.173.189.102 - - [27/Feb/2009:08:49:58 -0500] "GET /screen/pmthb/decors03.jpg HTTP/1.1" 200 995 "http://www.stilllife-game.com/en/post-mortem-galerie-the-white-case.html" "Mozilla/5.0 (Windows; U; Windows NT 5.1; de; rv:1.9.0.6) Gecko/2009011913 Firefox/3.0.6 (.NET CLR 3.5.30729)" www.stilllife-game.com
84.173.189.102 - - [27/Feb/2009:08:49:58 -0500] "GET /screen/pmthb/decors04.jpg HTTP/1.1" 200 1276 "http://www.stilllife-game.com/en/post-mortem-galerie-the-white-case.html" "Mozilla/5.0 (Windows; U; Windows NT 5.1; de; rv:1.9.0.6) Gecko/2009011913 Firefox/3.0.6 (.NET CLR 3.5.30729)" www.stilllife-game.com
84.173.189.102 - - [27/Feb/2009:08:49:58 -0500] "GET /screen/pmthb/decors05.jpg HTTP/1.1" 200 920 "http://www.stilllife-game.com/en/post-mortem-galerie-the-white-case.html" "Mozilla/5.0 (Windows; U; Windows NT 5.1; de; rv:1.9.0.6) Gecko/2009011913 Firefox/3.0.6 (.NET CLR 3.5.30729)" www.stilllife-game.com
84.173.189.102 - - [27/Feb/2009:08:49:58 -0500] "GET /img/contenu/title_screens.png HTTP/1.1" 200 5027 "http://www.stilllife-game.com/styles.css" "Mozilla/5.0 (Windows; U; Windows NT 5.1; de; rv:1.9.0.6) Gecko/2009011913 Firefox/3.0.6 (.NET CLR 3.5.30729)" www.stilllife-game.com
84.173.189.102 - - [27/Feb/2009:08:49:58 -0500] "GET /en/still-life-2-gallery-the-new-victoria-mcpherson-s-adventures.html HTTP/1.1" 200 15563 "http://www.stilllife-game.com/en/post-mortem-galerie-the-white-case.html" "Mozilla/5.0 (Windows; U; Windows NT 5.1; de; rv:1.9.0.6) Gecko/2009011913 Firefox/3.0.6 (.NET CLR 3.5.30729)" www.stilllife-game.com
84.173.189.102 - - [27/Feb/2009:08:49:58 -0500] "GET /img/contenu/en/title_decors.png HTTP/1.1" 200 3617 "http://www.stilllife-game.com/styles.css" "Mozilla/5.0 (Windows; U; Windows NT 5.1; de; rv:1.9.0.6) Gecko/2009011913 Firefox/3.0.6 (.NET CLR 3.5.30729)" www.stilllife-game.com
84.173.189.102 - - [27/Feb/2009:08:49:54 -0500] "GET /img/body_fondpm.jpg HTTP/1.1" 200 136010 "http://www.stilllife-game.com/layout.css" "Mozilla/5.0 (Windows; U; Windows NT 5.1; de; rv:1.9.0.6) Gecko/2009011913 Firefox/3.0.6 (.NET CLR 3.5.30729)" www.nwm.com
66.117.250.197 - - [27/Feb/2009:08:50:01 -0500] "GET / HTTP/1.0" 200 10482 "http://www.google.com/search?sourceid=navclient&ie=UTF-8&rls=HPID,HPID:2006-27,HPID:en&q=nationwide+wholesale+mortgage+lenders" "Mozilla/4.0 (compatible; MSIE 6.0; Windows NT 5.1; SV1; .NET CLR 1.1.4322)" www.stilllife-game.com
84.173.189.102 - - [27/Feb/2009:08:50:01 -0500] "GET /screen/sl2thb/screen02.jpg HTTP/1.1" 200 3866 "http://www.stilllife-game.com/en/still-life-2-gallery-the-new-victoria-mcpherson-s-adventures.html" "Mozilla/5.0 (Windows; U; Windows NT 5.1; de; rv:1.9.0.6) Gecko/2009011913 Firefox/3.0.6 (.NET CLR 3.5.30729)" www.stilllife-game.com
84.173.189.102 - - [27/Feb/2009:08:50:01 -0500] "GET /screen/sl2thb/screen03.jpg HTTP/1.1" 200 4023 "http://www.stilllife-game.com/en/still-life-2-gallery-the-new-victoria-mcpherson-s-adventures.html" "Mozilla/5.0 (Windows; U; Windows NT 5.1; de; rv:1.9.0.6) Gecko/2009011913 Firefox/3.0.6 (.NET CLR 3.5.30729)" www.stilllife-game.com
84.173.189.102 - - [27/Feb/2009:08:50:01 -0500] "GET /screen/sl2thb/screen07.jpg HTTP/1.1" 200 3110 "http://www.stilllife-game.com/en/still-life-2-gallery-the-new-victoria-mcpherson-s-adventures.html" "Mozilla/5.0 (Windows; U; Windows NT 5.1; de; rv:1.9.0.6) Gecko/2009011913 Firefox/3.0.6 (.NET CLR 3.5.30729)" www.stilllife-game.com
84.173.189.102 - - [27/Feb/2009:08:50:01 -0500] "GET /screen/sl2thb/screen04.jpg HTTP/1.1" 200 4762 "http://www.stilllife-game.com/en/still-life-2-gallery-the-new-victoria-mcpherson-s-adventures.html" "Mozilla/5.0 (Windows; U; Windows NT 5.1; de; rv:1.9.0.6) Gecko/2009011913 Firefox/3.0.6 (.NET CLR 3.5.30729)" www.nwm.com
66.117.250.197 - - [27/Feb/2009:08:50:01 -0500] "GET /img/spr.gif HTTP/1.0" 200 49 "http://www.nwm.com/" "Mozilla/4.0 (compatible; MSIE 6.0; Windows NT 5.1; SV1; .NET CLR 1.1.4322)" www.nwm.com
66.117.250.197 - - [27/Feb/2009:08:50:01 -0500] "GET /img/home_bt_ov.jpg HTTP/1.0" 200 2532 "http://www.nwm.com/" "Mozilla/4.0 (compatible; MSIE 6.0; Windows NT 5.1; SV1; .NET CLR 1.1.4322)" www.stilllife-game.com
84.173.189.102 - - [27/Feb/2009:08:50:01 -0500] "GET /screen/sl2thb/screen06.jpg HTTP/1.1" 200 5848 "http://www.stilllife-game.com/en/still-life-2-gallery-the-new-victoria-mcpherson-s-adventures.html" "Mozilla/5.0 (Windows; U; Windows NT 5.1; de; rv:1.9.0.6) Gecko/2009011913 Firefox/3.0.6 (.NET CLR 3.5.30729)" www.nwm.com
66.117.250.197 - - [27/Feb/2009:08:50:01 -0500] "GET /img/policy_bt.jpg HTTP/1.0" 200 4386 "http://www.nwm.com/" "Mozilla/4.0 (compatible; MSIE 6.0; Windows NT 5.1; SV1; .NET CLR 1.1.4322)" www.nwm.com
66.117.250.197 - - [27/Feb/2009:08:50:01 -0500] "GET /img/get_bt.jpg HTTP/1.0" 200 3852 "http://www.nwm.com/" "Mozilla/4.0 (compatible; MSIE 6.0; Windows NT 5.1; SV1; .NET CLR 1.1.4322)" www.nwm.com
66.117.250.197 - - [27/Feb/2009:08:50:01 -0500] "GET /img/top.jpg HTTP/1.0" 200 42204 "http://www.nwm.com/" "Mozilla/4.0 (compatible; MSIE 6.0; Windows NT 5.1; SV1; .NET CLR 1.1.4322)" www.nwm.com
66.117.250.197 - - [27/Feb/2009:08:50:01 -0500] "GET /img/top_img.jpg HTTP/1.0" 200 63647 "http://www.nwm.com/" "Mozilla/4.0 (compatible; MSIE 6.0; Windows NT 5.1; SV1; .NET CLR 1.1.4322)" www.stilllife-game.com
84.173.189.102 - - [27/Feb/2009:08:50:02 -0500] "GET /screen/sl2thb/screen09.jpg HTTP/1.1" 200 2871 "http://www.stilllife-game.com/en/still-life-2-gallery-the-new-victoria-mcpherson-s-adventures.html" "Mozilla/5.0 (Windows; U; Windows NT 5.1; de; rv:1.9.0.6) Gecko/2009011913 Firefox/3.0.6 (.NET CLR 3.5.30729)" www.nwm.com
66.117.250.197 - - [27/Feb/2009:08:50:02 -0500] "GET /img/pr_line_bt.jpg HTTP/1.0" 200 3943 "http://www.nwm.com/" "Mozilla/4.0 (compatible; MSIE 6.0; Windows NT 5.1; SV1; .NET CLR 1.1.4322)" www.stilllife-game.com
84.173.189.102 - - [27/Feb/2009:08:50:02 -0500] "GET /screen/sl2thb/screen10.jpg HTTP/1.1" 200 1775 "http://www.stilllife-game.com/en/still-life-2-gallery-the-new-victoria-mcpherson-s-adventures.html" "Mozilla/5.0 (Windows; U; Windows NT 5.1; de; rv:1.9.0.6) Gecko/2009011913 Firefox/3.0.6 (.NET CLR 3.5.30729)" www.nwm.com
66.117.250.197 - - [27/Feb/2009:08:50:02 -0500] "GET /img/about_bt.jpg HTTP/1.0" 200 3143 "http://www.nwm.com/" "Mozilla/4.0 (compatible; MSIE 6.0; Windows NT 5.1; SV1; .NET CLR 1.1.4322)" www.nwm.com
66.117.250.197 - - [27/Feb/2009:08:50:02 -0500] "GET /img/contact_bt.jpg HTTP/1.0" 200 3716 "http://www.nwm.com/" "Mozilla/4.0 (compatible; MSIE 6.0; Windows NT 5.1; SV1; .NET CLR 1.1.4322)" www.nwm.com
66.117.250.197 - - [27/Feb/2009:08:50:02 -0500] "GET /img/calc_bt.jpg HTTP/1.0" 200 3227 "http://www.nwm.com/" "Mozilla/4.0 (compatible; MSIE 6.0; Windows NT 5.1; SV1; .NET CLR 1.1.4322)" www.stilllife-game.com
84.173.189.102 - - [27/Feb/2009:08:50:02 -0500] "GET /screen/sl2thb/screen11.jpg HTTP/1.1" 200 2668 "http://www.stilllife-game.com/en/still-life-2-gallery-the-new-victoria-mcpherson-s-adventures.html" "Mozilla/5.0 (Windows; U; Windows NT 5.1; de; rv:1.9.0.6) Gecko/2009011913 Firefox/3.0.6 (.NET CLR 3.5.30729)" www.nwm.com
66.117.250.197 - - [27/Feb/2009:08:50:02 -0500] "GET /img/calc_img.jpg HTTP/1.0" 200 4980 "http://www.nwm.com/" "Mozilla/4.0 (compatible; MSIE 6.0; Windows NT 5.1; SV1; .NET CLR 1.1.4322)" www.stilllife-game.com
84.173.189.102 - - [27/Feb/2009:08:50:02 -0500] "GET /screen/sl2thb/screen12.jpg HTTP/1.1" 200 3054 "http://www.stilllife-game.com/en/still-life-2-gallery-the-new-victoria-mcpherson-s-adventures.html" "Mozilla/5.0 (Windows; U; Windows NT 5.1; de; rv:1.9.0.6) Gecko/2009011913 Firefox/3.0.6 (.NET CLR 3.5.30729)" www.stilllife-game.com
84.173.189.102 - - [27/Feb/2009:08:50:02 -0500] "GET /screen/sl2thb/screen13.jpg HTTP/1.1" 200 3015 "http://www.stilllife-game.com/en/still-life-2-gallery-the-new-victoria-mcpherson-s-adventures.html" "Mozilla/5.0 (Windows; U; Windows NT 5.1; de; rv:1.9.0.6) Gecko/2009011913 Firefox/3.0.6 (.NET CLR 3.5.30729)" www.nwm.com
66.117.250.197 - - [27/Feb/2009:08:50:02 -0500] "GET /img/calc_img2.jpg HTTP/1.0" 200 20414 "http://www.nwm.com/" "Mozilla/4.0 (compatible; MSIE 6.0; Windows NT 5.1; SV1; .NET CLR 1.1.4322)" www.stilllife-game.com
84.173.189.102 - - [27/Feb/2009:08:50:02 -0500] "GET /screen/sl2thb/screen14.jpg HTTP/1.1" 200 5474 "http://www.stilllife-game.com/en/still-life-2-gallery-the-new-victoria-mcpherson-s-adventures.html" "Mozilla/5.0 (Windows; U; Windows NT 5.1; de; rv:1.9.0.6) Gecko/2009011913 Firefox/3.0.6 (.NET CLR 3.5.30729)" www.nwm.com
66.117.250.197 - - [27/Feb/2009:08:50:02 -0500] "GET /img/anm1.gif HTTP/1.0" 200 24378 "http://www.nwm.com/" "Mozilla/4.0 (compatible; MSIE 6.0; Windows NT 5.1; SV1; .NET CLR 1.1.4322)" www.nwm.com
66.117.250.197 - - [27/Feb/2009:08:50:02 -0500] "GET /img/anm2.gif HTTP/1.0" 200 27672 "http://www.nwm.com/" "Mozilla/4.0 (compatible; MSIE 6.0; Windows NT 5.1; SV1; .NET CLR 1.1.4322)" www.stilllife-game.com
84.173.189.102 - - [27/Feb/2009:08:50:03 -0500] "GET /screen/sl2thb/screen15.jpg HTTP/1.1" 200 4750 "http://www.stilllife-game.com/en/still-life-2-gallery-the-new-victoria-mcpherson-s-adventures.html" "Mozilla/5.0 (Windows; U; Windows NT 5.1; de; rv:1.9.0.6) Gecko/2009011913 Firefox/3.0.6 (.NET CLR 3.5.30729)" www.nwm.com
66.117.250.197 - - [27/Feb/2009:08:50:02 -0500] "GET /img/anm3.gif HTTP/1.0" 200 25016 "http://www.nwm.com/" "Mozilla/4.0 (compatible; MSIE 6.0; Windows NT 5.1; SV1; .NET CLR 1.1.4322)" www.stilllife-game.com
84.173.189.102 - - [27/Feb/2009:08:50:03 -0500] "GET /screen/sl2thb/screen16.jpg HTTP/1.1" 200 4529 "http://www.stilllife-game.com/en/still-life-2-gallery-the-new-victoria-mcpherson-s-adventures.html" "Mozilla/5.0 (Windows; U; Windows NT 5.1; de; rv:1.9.0.6) Gecko/2009011913 Firefox/3.0.6 (.NET CLR 3.5.30729)" www.stilllife-game.com
84.173.189.102 - - [27/Feb/2009:08:50:03 -0500] "GET /screen/sl2thb/screen17.jpg HTTP/1.1" 200 5524 "http://www.stilllife-game.com/en/still-life-2-gallery-the-new-victoria-mcpherson-s-adventures.html" "Mozilla/5.0 (Windows; U; Windows NT 5.1; de; rv:1.9.0.6) Gecko/2009011913 Firefox/3.0.6 (.NET CLR 3.5.30729)" www.nwm.com
66.117.250.197 - - [27/Feb/2009:08:50:03 -0500] "GET /img/Equal%20Housing%20Opportunity.jpg HTTP/1.0" 200 13012 "http://www.nwm.com/" "Mozilla/4.0 (compatible; MSIE 6.0; Windows NT 5.1; SV1; .NET CLR 1.1.4322)" www.nwm.com
66.117.250.197 - - [27/Feb/2009:08:50:03 -0500] "GET /img/anm4.gif HTTP/1.0" 200 52548 "http://www.nwm.com/" "Mozilla/4.0 (compatible; MSIE 6.0; Windows NT 5.1; SV1; .NET CLR 1.1.4322)" www.nwm.com
66.117.250.197 - - [27/Feb/2009:08:50:03 -0500] "GET /img/anm6.gif HTTP/1.0" 200 44929 "http://www.nwm.com/" "Mozilla/4.0 (compatible; MSIE 6.0; Windows NT 5.1; SV1; .NET CLR 1.1.4322)" www.nwm.com
66.117.250.197 - - [27/Feb/2009:08:50:03 -0500] "GET /img/anm5.gif HTTP/1.0" 200 51646 "http://www.nwm.com/" "Mozilla/4.0 (compatible; MSIE 6.0; Windows NT 5.1; SV1; .NET CLR 1.1.4322)" www.stilllife-game.com
84.173.189.102 - - [27/Feb/2009:08:50:04 -0500] "GET /screen/sl2thb/screen18.jpg HTTP/1.1" 200 4622 "http://www.stilllife-game.com/en/still-life-2-gallery-the-new-victoria-mcpherson-s-adventures.html" "Mozilla/5.0 (Windows; U; Windows NT 5.1; de; rv:1.9.0.6) Gecko/2009011913 Firefox/3.0.6 (.NET CLR 3.5.30729)" www.stilllife-game.com
84.173.189.102 - - [27/Feb/2009:08:50:04 -0500] "GET /screen/sl2thb/screen19.jpg HTTP/1.1" 200 3716 "http://www.stilllife-game.com/en/still-life-2-gallery-the-new-victoria-mcpherson-s-adventures.html" "Mozilla/5.0 (Windows; U; Windows NT 5.1; de; rv:1.9.0.6) Gecko/2009011913 Firefox/3.0.6 (.NET CLR 3.5.30729)" www.nwm.com
66.117.250.197 - - [27/Feb/2009:08:50:04 -0500] "GET /img/cr_bg.jpg HTTP/1.0" 200 427 "http://www.nwm.com/" "Mozilla/4.0 (compatible; MSIE 6.0; Windows NT 5.1; SV1; .NET CLR 1.1.4322)" www.stilllife-game.com
84.173.189.102 - - [27/Feb/2009:08:50:04 -0500] "GET /screen/sl2thb/screen20.jpg HTTP/1.1" 200 4972 "http://www.stilllife-game.com/en/still-life-2-gallery-the-new-victoria-mcpherson-s-adventures.html" "Mozilla/5.0 (Windows; U; Windows NT 5.1; de; rv:1.9.0.6) Gecko/2009011913 Firefox/3.0.6 (.NET CLR 3.5.30729)" www.stilllife-game.com
84.173.189.102 - - [27/Feb/2009:08:50:04 -0500] "GET /screen/sl2thb/screen01.jpg HTTP/1.1" 200 3458 "http://www.stilllife-game.com/en/still-life-2-gallery-the-new-victoria-mcpherson-s-adventures.html" "Mozilla/5.0 (Windows; U; Windows NT 5.1; de; rv:1.9.0.6) Gecko/2009011913 Firefox/3.0.6 (.NET CLR 3.5.30729)" www.nwm.com
66.117.250.197 - - [27/Feb/2009:08:50:04 -0500] "GET /(EmptyReference!) HTTP/1.0" 404 693 "http://www.nwm.com/" "Mozilla/4.0 (compatible; MSIE 6.0; Windows NT 5.1; SV1; .NET CLR 1.1.4322)" www.stilllife-game.com
84.173.189.102 - - [27/Feb/2009:08:50:04 -0500] "GET /screen/sl2thb/serie2-1.jpg HTTP/1.1" 200 3517 "http://www.stilllife-game.com/en/still-life-2-gallery-the-new-victoria-mcpherson-s-adventures.html" "Mozilla/5.0 (Windows; U; Windows NT 5.1; de; rv:1.9.0.6) Gecko/2009011913 Firefox/3.0.6 (.NET CLR 3.5.30729)" www.stilllife-game.com
84.173.189.102 - - [27/Feb/2009:08:50:04 -0500] "GET /screen/sl2thb/serie2-2.jpg HTTP/1.1" 200 6604 "http://www.stilllife-game.com/en/still-life-2-gallery-the-new-victoria-mcpherson-s-adventures.html" "Mozilla/5.0 (Windows; U; Windows NT 5.1; de; rv:1.9.0.6) Gecko/2009011913 Firefox/3.0.6 (.NET CLR 3.5.30729)" www.stilllife-game.com
84.173.189.102 - - [27/Feb/2009:08:50:04 -0500] "GET /screen/sl2thb/serie2-3.jpg HTTP/1.1" 200 4525 "http://www.stilllife-game.com/en/still-life-2-gallery-the-new-victoria-mcpherson-s-adventures.html" "Mozilla/5.0 (Windows; U; Windows NT 5.1; de; rv:1.9.0.6) Gecko/2009011913 Firefox/3.0.6 (.NET CLR 3.5.30729)" www.stilllife-game.com
84.173.189.102 - - [27/Feb/2009:08:50:04 -0500] "GET /screen/sl2thb/serie2-4.jpg HTTP/1.1" 200 4148 "http://www.stilllife-game.com/en/still-life-2-gallery-the-new-victoria-mcpherson-s-adventures.html" "Mozilla/5.0 (Windows; U; Windows NT 5.1; de; rv:1.9.0.6) Gecko/2009011913 Firefox/3.0.6 (.NET CLR 3.5.30729)" www.mambazo.com
196.202.232.249 - - [27/Feb/2009:08:49:01 -0500] "GET /images/400_longwalk.jpg HTTP/1.0" 200 170899 "http://www.mambazo.com/Frame-1-currentnewspage1.htm?refresh=1234301200588" "Opera/9.63 (Windows NT 5.1; U; fr) Presto/2.1.1" www.stilllife-game.com
84.173.189.102 - - [27/Feb/2009:08:50:05 -0500] "GET /screen/sl2thb/serie2-5.jpg HTTP/1.1" 200 3429 "http://www.stilllife-game.com/en/still-life-2-gallery-the-new-victoria-mcpherson-s-adventures.html" "Mozilla/5.0 (Windows; U; Windows NT 5.1; de; rv:1.9.0.6) Gecko/2009011913 Firefox/3.0.6 (.NET CLR 3.5.30729)" www.stilllife-game.com
84.173.189.102 - - [27/Feb/2009:08:50:05 -0500] "GET /screen/sl2thb/serie2-6.jpg HTTP/1.1" 200 5055 "http://www.stilllife-game.com/en/still-life-2-gallery-the-new-victoria-mcpherson-s-adventures.html" "Mozilla/5.0 (Windows; U; Windows NT 5.1; de; rv:1.9.0.6) Gecko/2009011913 Firefox/3.0.6 (.NET CLR 3.5.30729)" www.stilllife-game.com
84.173.189.102 - - [27/Feb/2009:08:50:05 -0500] "GET /screen/sl2thb/serie2-7.jpg HTTP/1.1" 200 5278 "http://www.stilllife-game.com/en/still-life-2-gallery-the-new-victoria-mcpherson-s-adventures.html" "Mozilla/5.0 (Windows; U; Windows NT 5.1; de; rv:1.9.0.6) Gecko/2009011913 Firefox/3.0.6 (.NET CLR 3.5.30729)" www.stilllife-game.com
84.173.189.102 - - [27/Feb/2009:08:50:05 -0500] "GET /screen/sl2thb/serie2-8.jpg HTTP/1.1" 200 5348 "http://www.stilllife-game.com/en/still-life-2-gallery-the-new-victoria-mcpherson-s-adventures.html" "Mozilla/5.0 (Windows; U; Windows NT 5.1; de; rv:1.9.0.6) Gecko/2009011913 Firefox/3.0.6 (.NET CLR 3.5.30729)" www.stilllife-game.com
84.173.189.102 - - [27/Feb/2009:08:50:05 -0500] "GET /screen/sl2thb/serie2-9.jpg HTTP/1.1" 200 5487 "http://www.stilllife-game.com/en/still-life-2-gallery-the-new-victoria-mcpherson-s-adventures.html" "Mozilla/5.0 (Windows; U; Windows NT 5.1; de; rv:1.9.0.6) Gecko/2009011913 Firefox/3.0.6 (.NET CLR 3.5.30729)" www.stilllife-game.com
84.173.189.102 - - [27/Feb/2009:08:50:05 -0500] "GET /screen/sl2thb/cin02.jpg HTTP/1.1" 200 3235 "http://www.stilllife-game.com/en/still-life-2-gallery-the-new-victoria-mcpherson-s-adventures.html" "Mozilla/5.0 (Windows; U; Windows NT 5.1; de; rv:1.9.0.6) Gecko/2009011913 Firefox/3.0.6 (.NET CLR 3.5.30729)" www.stilllife-game.com
84.173.189.102 - - [27/Feb/2009:08:50:05 -0500] "GET /screen/sl2thb/cin04.jpg HTTP/1.1" 200 3003 "http://www.stilllife-game.com/en/still-life-2-gallery-the-new-victoria-mcpherson-s-adventures.html" "Mozilla/5.0 (Windows; U; Windows NT 5.1; de; rv:1.9.0.6) Gecko/2009011913 Firefox/3.0.6 (.NET CLR 3.5.30729)" www.stilllife-game.com
84.173.189.102 - - [27/Feb/2009:08:50:05 -0500] "GET /screen/sl2thb/cin05.jpg HTTP/1.1" 200 5169 "http://www.stilllife-game.com/en/still-life-2-gallery-the-new-victoria-mcpherson-s-adventures.html" "Mozilla/5.0 (Windows; U; Windows NT 5.1; de; rv:1.9.0.6) Gecko/2009011913 Firefox/3.0.6 (.NET CLR 3.5.30729)" www.stilllife-game.com
84.173.189.102 - - [27/Feb/2009:08:50:06 -0500] "GET /screen/sl2thb/cin06.jpg HTTP/1.1" 200 3842 "http://www.stilllife-game.com/en/still-life-2-gallery-the-new-victoria-mcpherson-s-adventures.html" "Mozilla/5.0 (Windows; U; Windows NT 5.1; de; rv:1.9.0.6) Gecko/2009011913 Firefox/3.0.6 (.NET CLR 3.5.30729)" www.stilllife-game.com
84.173.189.102 - - [27/Feb/2009:08:50:06 -0500] "GET /screen/sl2thb/cin07.jpg HTTP/1.1" 200 1981 "http://www.stilllife-game.com/en/still-life-2-gallery-the-new-victoria-mcpherson-s-adventures.html" "Mozilla/5.0 (Windows; U; Windows NT 5.1; de; rv:1.9.0.6) Gecko/2009011913 Firefox/3.0.6 (.NET CLR 3.5.30729)" www.stilllife-game.com
84.173.189.102 - - [27/Feb/2009:08:50:06 -0500] "GET /screen/sl2thb/cin08.jpg HTTP/1.1" 200 3273 "http://www.stilllife-game.com/en/still-life-2-gallery-the-new-victoria-mcpherson-s-adventures.html" "Mozilla/5.0 (Windows; U; Windows NT 5.1; de; rv:1.9.0.6) Gecko/2009011913 Firefox/3.0.6 (.NET CLR 3.5.30729)" www.stilllife-game.com
84.173.189.102 - - [27/Feb/2009:08:50:06 -0500] "GET /screen/sl2thb/cin09.jpg HTTP/1.1" 200 2945 "http://www.stilllife-game.com/en/still-life-2-gallery-the-new-victoria-mcpherson-s-adventures.html" "Mozilla/5.0 (Windows; U; Windows NT 5.1; de; rv:1.9.0.6) Gecko/2009011913 Firefox/3.0.6 (.NET CLR 3.5.30729)" www.stilllife-game.com
84.173.189.102 - - [27/Feb/2009:08:50:06 -0500] "GET /screen/sl2thb/decors01.jpg HTTP/1.1" 200 2508 "http://www.stilllife-game.com/en/still-life-2-gallery-the-new-victoria-mcpherson-s-adventures.html" "Mozilla/5.0 (Windows; U; Windows NT 5.1; de; rv:1.9.0.6) Gecko/2009011913 Firefox/3.0.6 (.NET CLR 3.5.30729)" www.stilllife-game.com
84.173.189.102 - - [27/Feb/2009:08:50:07 -0500] "GET /screen/sl2thb/decors02.jpg HTTP/1.1" 200 2250 "http://www.stilllife-game.com/en/still-life-2-gallery-the-new-victoria-mcpherson-s-adventures.html" "Mozilla/5.0 (Windows; U; Windows NT 5.1; de; rv:1.9.0.6) Gecko/2009011913 Firefox/3.0.6 (.NET CLR 3.5.30729)" www.stilllife-game.com
84.173.189.102 - - [27/Feb/2009:08:50:07 -0500] "GET /screen/sl2thb/decors03.jpg HTTP/1.1" 200 2130 "http://www.stilllife-game.com/en/still-life-2-gallery-the-new-victoria-mcpherson-s-adventures.html" "Mozilla/5.0 (Windows; U; Windows NT 5.1; de; rv:1.9.0.6) Gecko/2009011913 Firefox/3.0.6 (.NET CLR 3.5.30729)" www.stilllife-game.com
84.173.189.102 - - [27/Feb/2009:08:50:07 -0500] "GET /screen/sl2thb/decors04.jpg HTTP/1.1" 200 2213 "http://www.stilllife-game.com/en/still-life-2-gallery-the-new-victoria-mcpherson-s-adventures.html" "Mozilla/5.0 (Windows; U; Windows NT 5.1; de; rv:1.9.0.6) Gecko/2009011913 Firefox/3.0.6 (.NET CLR 3.5.30729)" www.stilllife-game.com
84.173.189.102 - - [27/Feb/2009:08:50:07 -0500] "GET /screen/sl2thb/decors05.jpg HTTP/1.1" 200 2464 "http://www.stilllife-game.com/en/still-life-2-gallery-the-new-victoria-mcpherson-s-adventures.html" "Mozilla/5.0 (Windows; U; Windows NT 5.1; de; rv:1.9.0.6) Gecko/2009011913 Firefox/3.0.6 (.NET CLR 3.5.30729)" www.stilllife-game.com
84.173.189.102 - - [27/Feb/2009:08:50:07 -0500] "GET /screen/sl2thb/decors06.jpg HTTP/1.1" 200 2419 "http://www.stilllife-game.com/en/still-life-2-gallery-the-new-victoria-mcpherson-s-adventures.html" "Mozilla/5.0 (Windows; U; Windows NT 5.1; de; rv:1.9.0.6) Gecko/2009011913 Firefox/3.0.6 (.NET CLR 3.5.30729)" www.stilllife-game.com
84.173.189.102 - - [27/Feb/2009:08:50:07 -0500] "GET /img/contenu/title_screens.png HTTP/1.1" 206 3575 "http://www.stilllife-game.com/styles.css" "Mozilla/5.0 (Windows; U; Windows NT 5.1; de; rv:1.9.0.6) Gecko/2009011913 Firefox/3.0.6 (.NET CLR 3.5.30729)" www.stilllife-game.com
84.173.189.102 - - [27/Feb/2009:08:50:07 -0500] "GET /img/contenu/en/title_cine.png HTTP/1.1" 200 4377 "http://www.stilllife-game.com/styles.css" "Mozilla/5.0 (Windows; U; Windows NT 5.1; de; rv:1.9.0.6) Gecko/2009011913 Firefox/3.0.6 (.NET CLR 3.5.30729)" www.stilllife-game.com
84.173.189.102 - - [27/Feb/2009:08:50:07 -0500] "GET /img/contenu/en/title_decors.png HTTP/1.1" 200 3617 "http://www.stilllife-game.com/styles.css" "Mozilla/5.0 (Windows; U; Windows NT 5.1; de; rv:1.9.0.6) Gecko/2009011913 Firefox/3.0.6 (.NET CLR 3.5.30729)" www.stilllife-game.com
84.173.189.102 - - [27/Feb/2009:08:50:10 -0500] "GET /screen/sl2/screen01.jpg HTTP/1.1" 200 36630 "http://www.stilllife-game.com/en/still-life-2-gallery-the-new-victoria-mcpherson-s-adventures.html" "Mozilla/5.0 (Windows; U; Windows NT 5.1; de; rv:1.9.0.6) Gecko/2009011913 Firefox/3.0.6 (.NET CLR 3.5.30729)" www.stilllife-game.com
84.173.189.102 - - [27/Feb/2009:08:50:11 -0500] "GET /screen/sl2/screen02.jpg HTTP/1.1" 200 63898 "http://www.stilllife-game.com/en/still-life-2-gallery-the-new-victoria-mcpherson-s-adventures.html" "Mozilla/5.0 (Windows; U; Windows NT 5.1; de; rv:1.9.0.6) Gecko/2009011913 Firefox/3.0.6 (.NET CLR 3.5.30729)" www.stilllife-game.com
84.173.189.102 - - [27/Feb/2009:08:50:15 -0500] "GET /images/nextlabel.gif HTTP/1.1" 200 1252 "http://www.stilllife-game.com/lightbox.css" "Mozilla/5.0 (Windows; U; Windows NT 5.1; de; rv:1.9.0.6) Gecko/2009011913 Firefox/3.0.6 (.NET CLR 3.5.30729)" www.stilllife-game.com
84.173.189.102 - - [27/Feb/2009:08:50:24 -0500] "GET /screen/sl2/screen03.jpg HTTP/1.1" 200 80636 "http://www.stilllife-game.com/en/still-life-2-gallery-the-new-victoria-mcpherson-s-adventures.html" "Mozilla/5.0 (Windows; U; Windows NT 5.1; de; rv:1.9.0.6) Gecko/2009011913 Firefox/3.0.6 (.NET CLR 3.5.30729)" www.stilllife-game.com
84.173.189.102 - - [27/Feb/2009:08:50:26 -0500] "GET /images/prevlabel.gif HTTP/1.1" 200 1264 "http://www.stilllife-game.com/lightbox.css" "Mozilla/5.0 (Windows; U; Windows NT 5.1; de; rv:1.9.0.6) Gecko/2009011913 Firefox/3.0.6 (.NET CLR 3.5.30729)" www.stilllife-game.com
84.173.189.102 - - [27/Feb/2009:08:50:28 -0500] "GET /screen/sl2/screen04.jpg HTTP/1.1" 200 139591 "http://www.stilllife-game.com/en/still-life-2-gallery-the-new-victoria-mcpherson-s-adventures.html" "Mozilla/5.0 (Windows; U; Windows NT 5.1; de; rv:1.9.0.6) Gecko/2009011913 Firefox/3.0.6 (.NET CLR 3.5.30729)" 00668f9.netsolhost.com
205.178.145.65 - - [27/Feb/2009:08:50:32 -0500] "GET /sourceblog/wp-content/themes/redie-30/style.css HTTP/1.0" 200 21323 "-" "-" www.hitorisangayatteru.com
114.154.173.115 - - [27/Feb/2009:08:50:36 -0500] "GET /favicon.ico HTTP/1.1" 404 693 "-" "Mozilla/4.0 (compatible; MSIE 7.0; Windows NT 5.1)" greenroombooking.com
61.135.249.203 - - [27/Feb/2009:08:50:41 -0500] "GET /robots.txt HTTP/1.1" 404 693 "-" "Mozilla/5.0 (compatible; YoudaoBot/1.0; http://www.youdao.com/help/webmaster/spider/; )" 00668f9.netsolhost.com
205.178.145.65 - - [27/Feb/2009:08:50:43 -0500] "GET /sourceblog/wp-content/themes/redie-30/style.css HTTP/1.0" 200 21323 "-" "-" greenroombooking.com
61.135.249.203 - - [27/Feb/2009:08:50:43 -0500] "GET / HTTP/1.1" 304 - "-" "Mozilla/5.0 (compatible; YoudaoBot/1.0; http://www.youdao.com/help/webmaster/spider/; )" www.stilllife-game.com
84.173.189.102 - - [27/Feb/2009:08:50:39 -0500] "GET /screen/sl2/screen05.jpg HTTP/1.1" 200 130242 "http://www.stilllife-game.com/en/still-life-2-gallery-the-new-victoria-mcpherson-s-adventures.html" "Mozilla/5.0 (Windows; U; Windows NT 5.1; de; rv:1.9.0.6) Gecko/2009011913 Firefox/3.0.6 (.NET CLR 3.5.30729)" 00668f9.netsolhost.com
205.178.145.65 - - [27/Feb/2009:08:50:52 -0500] "GET /sourceblog/wp-content/themes/redie-30/style.css HTTP/1.0" 200 21323 "-" "-" www.stilllife-game.com
84.173.189.102 - - [27/Feb/2009:08:50:49 -0500] "GET /screen/sl2/screen06.jpg HTTP/1.1" 200 163518 "http://www.stilllife-game.com/en/still-life-2-gallery-the-new-victoria-mcpherson-s-adventures.html" "Mozilla/5.0 (Windows; U; Windows NT 5.1; de; rv:1.9.0.6) Gecko/2009011913 Firefox/3.0.6 (.NET CLR 3.5.30729)" www.stilllife-game.com
84.173.189.102 - - [27/Feb/2009:08:50:57 -0500] "GET /screen/sl2/screen07.jpg HTTP/1.1" 200 32930 "http://www.stilllife-game.com/en/still-life-2-gallery-the-new-victoria-mcpherson-s-adventures.html" "Mozilla/5.0 (Windows; U; Windows NT 5.1; de; rv:1.9.0.6) Gecko/2009011913 Firefox/3.0.6 (.NET CLR 3.5.30729)" www.piquantfoods.com
155.94.62.222 - - [27/Feb/2009:08:50:57 -0500] "GET / HTTP/1.1" 200 9555 "-" "Mozilla/4.0 (compatible; MSIE 6.0; Windows NT 5.1; SV1; UserXYZ123; .NET CLR 1.1.4322; .NET CLR 2.0.50727; UserXYZ123)" www.piquantfoods.com
155.94.62.222 - - [27/Feb/2009:08:50:58 -0500] "GET /spacer.gif HTTP/1.1" 404 693 "-" "Mozilla/4.0 (compatible;)" www.piquantfoods.com
155.94.62.222 - - [27/Feb/2009:08:50:58 -0500] "GET /piquant.css HTTP/1.1" 200 2068 "-" "Mozilla/4.0 (compatible;)" www.piquantfoods.com
155.94.62.222 - - [27/Feb/2009:08:50:58 -0500] "GET /favicon.ico HTTP/1.1" 200 7358 "-" "Mozilla/4.0 (compatible;)" www.piquantfoods.com
155.94.62.222 - - [27/Feb/2009:08:50:59 -0500] "GET /spacer.gif HTTP/1.1" 404 693 "http://www.piquantfoods.com/" "Mozilla/4.0 (compatible; MSIE 6.0; Windows NT 5.1; SV1; UserXYZ123; .NET CLR 1.1.4322; .NET CLR 2.0.50727; UserXYZ123)" www.piquantfoods.com
155.94.62.222 - - [27/Feb/2009:08:50:59 -0500] "GET /images/welcome.jpg HTTP/1.1" 200 6559 "-" "Mozilla/4.0 (compatible;)" www.piquantfoods.com
155.94.62.222 - - [27/Feb/2009:08:50:59 -0500] "GET /images/piquantSlogan.jpg HTTP/1.1" 200 9291 "-" "Mozilla/4.0 (compatible;)" www.piquantfoods.com
155.94.62.222 - - [27/Feb/2009:08:50:58 -0500] "GET /images/piquantlogo.jpg HTTP/1.1" 200 4383 "-" "Mozilla/4.0 (compatible;)" www.piquantfoods.com
155.94.62.222 - - [27/Feb/2009:08:50:59 -0500] "GET /images/Piquant-Food.jpg HTTP/1.1" 200 24418 "-" "Mozilla/4.0 (compatible;)" www.piquantfoods.com
155.94.62.222 - - [27/Feb/2009:08:50:59 -0500] "GET /scroll_home.php HTTP/1.1" 200 8399 "-" "Mozilla/4.0 (compatible;)" www.piquantfoods.com
155.94.62.222 - - [27/Feb/2009:08:50:58 -0500] "GET /images/banner290x299.swf HTTP/1.1" 200 87310 "-" "Mozilla/4.0 (compatible;)" www.piquantfoods.com
155.94.62.222 - - [27/Feb/2009:08:50:59 -0500] "GET /js/abc.js HTTP/1.1" 200 2140 "http://www.piquantfoods.com/scroll_home.php" "Mozilla/4.0 (compatible; MSIE 6.0; Windows NT 5.1; SV1; UserXYZ123; .NET CLR 1.1.4322; .NET CLR 2.0.50727; UserXYZ123)" www.piquantfoods.com
155.94.62.222 - - [27/Feb/2009:08:50:59 -0500] "GET /admin/image_gallery/Nandi_Wedding.jpg HTTP/1.1" 200 19594 "http://www.piquantfoods.com/scroll_home.php" "Mozilla/4.0 (compatible; MSIE 6.0; Windows NT 5.1; SV1; UserXYZ123; .NET CLR 1.1.4322; .NET CLR 2.0.50727; UserXYZ123)" www.piquantfoods.com
155.94.62.222 - - [27/Feb/2009:08:50:59 -0500] "GET /admin/image_gallery/RutgersCS2.jpg HTTP/1.1" 200 142628 "http://www.piquantfoods.com/scroll_home.php" "Mozilla/4.0 (compatible; MSIE 6.0; Windows NT 5.1; SV1; UserXYZ123; .NET CLR 1.1.4322; .NET CLR 2.0.50727; UserXYZ123)" www.piquantfoods.com
155.94.62.222 - - [27/Feb/2009:08:50:59 -0500] "GET /admin/image_gallery/Mayor_japanDelegation2.jpg HTTP/1.1" 200 122347 "http://www.piquantfoods.com/scroll_home.php" "Mozilla/4.0 (compatible; MSIE 6.0; Windows NT 5.1; SV1; UserXYZ123; .NET CLR 1.1.4322; .NET CLR 2.0.50727; UserXYZ123)" www.piquantfoods.com
155.94.62.222 - - [27/Feb/2009:08:50:59 -0500] "GET /admin/image_gallery/LizTeam.jpg HTTP/1.1" 200 88975 "http://www.piquantfoods.com/scroll_home.php" "Mozilla/4.0 (compatible; MSIE 6.0; Windows NT 5.1; SV1; UserXYZ123; .NET CLR 1.1.4322; .NET CLR 2.0.50727; UserXYZ123)" www.piquantfoods.com
155.94.62.222 - - [27/Feb/2009:08:50:59 -0500] "GET /admin/image_gallery/CookingClass1_Oct6.jpg HTTP/1.1" 200 73729 "http://www.piquantfoods.com/scroll_home.php" "Mozilla/4.0 (compatible; MSIE 6.0; Windows NT 5.1; SV1; UserXYZ123; .NET CLR 1.1.4322; .NET CLR 2.0.50727; UserXYZ123)" www.piquantfoods.com
155.94.62.222 - - [27/Feb/2009:08:50:59 -0500] "GET /admin/image_gallery/Jose_Navidad.jpg HTTP/1.1" 200 88861 "http://www.piquantfoods.com/scroll_home.php" "Mozilla/4.0 (compatible; MSIE 6.0; Windows NT 5.1; SV1; UserXYZ123; .NET CLR 1.1.4322; .NET CLR 2.0.50727; UserXYZ123)" www.piquantfoods.com
155.94.62.222 - - [27/Feb/2009:08:50:59 -0500] "GET /admin/image_gallery/Dancing_japanDelegation2.jpg HTTP/1.1" 200 153979 "http://www.piquantfoods.com/scroll_home.php" "Mozilla/4.0 (compatible; MSIE 6.0; Windows NT 5.1; SV1; UserXYZ123; .NET CLR 1.1.4322; .NET CLR 2.0.50727; UserXYZ123)" www.stilllife-game.com
84.173.189.102 - - [27/Feb/2009:08:50:59 -0500] "GET /screen/sl2/screen08.jpg HTTP/1.1" 200 62235 "http://www.stilllife-game.com/en/still-life-2-gallery-the-new-victoria-mcpherson-s-adventures.html" "Mozilla/5.0 (Windows; U; Windows NT 5.1; de; rv:1.9.0.6) Gecko/2009011913 Firefox/3.0.6 (.NET CLR 3.5.30729)" caasoccer.com
68.154.216.247 - - [27/Feb/2009:08:50:59 -0500] "GET / HTTP/1.1" 200 11925 "-" "Mozilla/4.0 (compatible; MSIE 7.0; Windows NT 5.1; .NET CLR 1.1.4322; .NET CLR 2.0.50727)" caasoccer.com
68.154.216.247 - - [27/Feb/2009:08:51:00 -0500] "GET /style.css HTTP/1.1" 304 - "http://caasoccer.com/" "Mozilla/4.0 (compatible; MSIE 7.0; Windows NT 5.1; .NET CLR 1.1.4322; .NET CLR 2.0.50727)" caasoccer.com
68.154.216.247 - - [27/Feb/2009:08:51:00 -0500] "GET /images/ussoccer.gif HTTP/1.1" 404 693 "http://caasoccer.com/" "Mozilla/4.0 (compatible; MSIE 7.0; Windows NT 5.1; .NET CLR 1.1.4322; .NET CLR 2.0.50727)" www.mambazo.com
196.202.232.249 - - [27/Feb/2009:08:48:58 -0500] "GET /images/460_PaulMambazo.jpg HTTP/1.0" 200 56273 "http://www.mambazo.com/Frame-1-currentnewspage1.htm?refresh=1234301200588" "Opera/9.63 (Windows NT 5.1; U; fr) Presto/2.1.1" www.piquantfoods.com
155.94.62.222 - - [27/Feb/2009:08:51:03 -0500] "GET /menus.php HTTP/1.1" 200 7243 "http://www.piquantfoods.com/" "Mozilla/4.0 (compatible; MSIE 6.0; Windows NT 5.1; SV1; UserXYZ123; .NET CLR 1.1.4322; .NET CLR 2.0.50727; UserXYZ123)" www.piquantfoods.com
155.94.62.222 - - [27/Feb/2009:08:51:04 -0500] "GET /spacer.gif HTTP/1.1" 404 693 "http://www.piquantfoods.com/menus.php" "Mozilla/4.0 (compatible; MSIE 6.0; Windows NT 5.1; SV1; UserXYZ123; .NET CLR 1.1.4322; .NET CLR 2.0.50727; UserXYZ123)" www.piquantfoods.com
155.94.62.222 - - [27/Feb/2009:08:51:04 -0500] "GET /style/iframe.css HTTP/1.1" 200 214 "-" "Mozilla/4.0 (compatible;)" www.piquantfoods.com
155.94.62.222 - - [27/Feb/2009:08:51:04 -0500] "GET /images/menu.jpg HTTP/1.1" 200 24186 "-" "Mozilla/4.0 (compatible;)" www.piquantfoods.com
155.94.62.222 - - [27/Feb/2009:08:51:04 -0500] "GET /images/makeReservations.jpg HTTP/1.1" 200 3368 "-" "Mozilla/4.0 (compatible;)" www.piquantfoods.com
155.94.62.222 - - [27/Feb/2009:08:51:04 -0500] "GET /images/reservationBorder.jpg HTTP/1.1" 200 2417 "-" "Mozilla/4.0 (compatible;)" www.piquantfoods.com
155.94.62.222 - - [27/Feb/2009:08:51:04 -0500] "GET /dinner.php HTTP/1.1" 200 20474 "-" "Mozilla/4.0 (compatible;)" www.piquantfoods.com
155.94.62.222 - - [27/Feb/2009:08:51:04 -0500] "GET /images/bullet.gif HTTP/1.1" 200 61 "http://www.piquantfoods.com/dinner.php" "Mozilla/4.0 (compatible; MSIE 6.0; Windows NT 5.1; SV1; UserXYZ123; .NET CLR 1.1.4322; .NET CLR 2.0.50727; UserXYZ123)" www.piquantfoods.com
155.94.62.222 - - [27/Feb/2009:08:51:04 -0500] "GET /image002.jpg HTTP/1.1" 200 893 "http://www.piquantfoods.com/dinner.php" "Mozilla/4.0 (compatible; MSIE 6.0; Windows NT 5.1; SV1; UserXYZ123; .NET CLR 1.1.4322; .NET CLR 2.0.50727; UserXYZ123)" www.stilllife-game.com
84.173.189.102 - - [27/Feb/2009:08:51:04 -0500] "GET /screen/sl2/screen09.jpg HTTP/1.1" 200 56392 "http://www.stilllife-game.com/en/still-life-2-gallery-the-new-victoria-mcpherson-s-adventures.html" "Mozilla/5.0 (Windows; U; Windows NT 5.1; de; rv:1.9.0.6) Gecko/2009011913 Firefox/3.0.6 (.NET CLR 3.5.30729)" www.piquantfoods.com
155.94.62.222 - - [27/Feb/2009:08:51:17 -0500] "GET /dinner.php?ID=6 HTTP/1.1" 200 18891 "http://www.piquantfoods.com/dinner.php" "Mozilla/4.0 (compatible; MSIE 6.0; Windows NT 5.1; SV1; UserXYZ123; .NET CLR 1.1.4322; .NET CLR 2.0.50727; UserXYZ123)" www.stilllife-game.com
84.173.189.102 - - [27/Feb/2009:08:51:08 -0500] "GET /screen/sl2/screen10.jpg HTTP/1.1" 200 423829 "http://www.stilllife-game.com/en/still-life-2-gallery-the-new-victoria-mcpherson-s-adventures.html" "Mozilla/5.0 (Windows; U; Windows NT 5.1; de; rv:1.9.0.6) Gecko/2009011913 Firefox/3.0.6 (.NET CLR 3.5.30729)" www.stilllife-game.com
84.173.189.102 - - [27/Feb/2009:08:51:25 -0500] "GET /screen/sl2/screen11.jpg HTTP/1.1" 200 26455 "http://www.stilllife-game.com/en/still-life-2-gallery-the-new-victoria-mcpherson-s-adventures.html" "Mozilla/5.0 (Windows; U; Windows NT 5.1; de; rv:1.9.0.6) Gecko/2009011913 Firefox/3.0.6 (.NET CLR 3.5.30729)" www.piquantfoods.com
155.94.62.222 - - [27/Feb/2009:08:51:28 -0500] "GET /gallery.html HTTP/1.1" 200 7340 "http://www.piquantfoods.com/menus.php" "Mozilla/4.0 (compatible; MSIE 6.0; Windows NT 5.1; SV1; UserXYZ123; .NET CLR 1.1.4322; .NET CLR 2.0.50727; UserXYZ123)" www.piquantfoods.com
155.94.62.222 - - [27/Feb/2009:08:51:29 -0500] "GET /images/gallery.jpg HTTP/1.1" 200 22502 "-" "Mozilla/4.0 (compatible;)" www.piquantfoods.com
155.94.62.222 - - [27/Feb/2009:08:51:29 -0500] "GET /scroll_gallery.php HTTP/1.1" 200 2735 "-" "Mozilla/4.0 (compatible;)" www.piquantfoods.com
155.94.62.222 - - [27/Feb/2009:08:51:29 -0500] "GET /spacer.gif HTTP/1.1" 404 693 "http://www.piquantfoods.com/gallery.html" "Mozilla/4.0 (compatible; MSIE 6.0; Windows NT 5.1; SV1; UserXYZ123; .NET CLR 1.1.4322; .NET CLR 2.0.50727; UserXYZ123)" www.piquantfoods.com
155.94.62.222 - - [27/Feb/2009:08:51:29 -0500] "GET /gallery.swf HTTP/1.1" 200 48854 "-" "Mozilla/4.0 (compatible;)" www.piquantfoods.com
155.94.62.222 - - [27/Feb/2009:08:51:29 -0500] "GET /scroll_gallery.php HTTP/1.1" 200 2735 "http://www.piquantfoods.com/gallery.html" "Mozilla/4.0 (compatible; MSIE 6.0; Windows NT 5.1; SV1; UserXYZ123; .NET CLR 1.1.4322; .NET CLR 2.0.50727; UserXYZ123)" www.piquantfoods.com
155.94.62.222 - - [27/Feb/2009:08:51:29 -0500] "GET /admin/image_gallery/thai_shrimp.jpg HTTP/1.1" 200 55160 "-" "Mozilla/4.0 (compatible;)" www.piquantfoods.com
155.94.62.222 - - [27/Feb/2009:08:51:29 -0500] "GET /admin/image_gallery/avocado_mango.jpg HTTP/1.1" 200 55046 "-" "Mozilla/4.0 (compatible;)" www.stilllife-game.com
84.173.189.102 - - [27/Feb/2009:08:51:28 -0500] "GET /screen/sl2/screen12.jpg HTTP/1.1" 200 145425 "http://www.stilllife-game.com/en/still-life-2-gallery-the-new-victoria-mcpherson-s-adventures.html" "Mozilla/5.0 (Windows; U; Windows NT 5.1; de; rv:1.9.0.6) Gecko/2009011913 Firefox/3.0.6 (.NET CLR 3.5.30729)" www.stilllife-game.com
84.173.189.102 - - [27/Feb/2009:08:51:36 -0500] "GET /screen/sl2/screen13.jpg HTTP/1.1" 200 143472 "http://www.stilllife-game.com/en/still-life-2-gallery-the-new-victoria-mcpherson-s-adventures.html" "Mozilla/5.0 (Windows; U; Windows NT 5.1; de; rv:1.9.0.6) Gecko/2009011913 Firefox/3.0.6 (.NET CLR 3.5.30729)" www.piquantfoods.com
155.94.62.222 - - [27/Feb/2009:08:51:39 -0500] "GET /philosophy.html HTTP/1.1" 200 7171 "http://www.piquantfoods.com/gallery.html" "Mozilla/4.0 (compatible; MSIE 6.0; Windows NT 5.1; SV1; UserXYZ123; .NET CLR 1.1.4322; .NET CLR 2.0.50727; UserXYZ123)" www.piquantfoods.com
155.94.62.222 - - [27/Feb/2009:08:51:39 -0500] "GET /scroll_phi.php HTTP/1.1" 200 3828 "-" "Mozilla/4.0 (compatible;)" 01f6a56.netsolhost.com
155.94.62.222 - - [27/Feb/2009:08:51:39 -0500] "GET /images/piquantlogo.jpg HTTP/1.1" 200 4383 "-" "Mozilla/4.0 (compatible;)" 01f6a56.netsolhost.com
155.94.62.222 - - [27/Feb/2009:08:51:39 -0500] "GET /spacer.gif HTTP/1.1" 404 693 "-" "Mozilla/4.0 (compatible;)" 01f6a56.netsolhost.com
