0byt3m1n1
Path:
/
data
/
0
/
0
/
100
/
72
/
100561
/
meta
/
101997
/
logs
/
[
Home
]
File: x-access_log.2013-08-13
71.224.43.54 - - [13/Aug/2013:19:57:34 -0400] "GET /Media/WRAP%20ME%20WITH%20YOUR%20LOVE%20M1_04.wav HTTP/1.1" 206 2 "-" "AppleCoreMedia/1.0.0.10B329 (iPhone; U; CPU OS 6_1_3 like Mac OS X; en_us)"
71.224.43.54 - - [13/Aug/2013:19:57:34 -0400] "GET /Media/WRAP%20ME%20WITH%20YOUR%20LOVE%20M1_04.wav HTTP/1.1" 206 40917240 "-" "AppleCoreMedia/1.0.0.10B329 (iPhone; U; CPU OS 6_1_3 like Mac OS X; en_us)"
71.224.43.54 - - [13/Aug/2013:19:58:33 -0400] "GET /Media/WRAP%20ME%20WITH%20YOUR%20LOVE%20M1_04.wav HTTP/1.1" 206 131072 "-" "AppleCoreMedia/1.0.0.10B329 (iPhone; U; CPU OS 6_1_3 like Mac OS X; en_us)"
71.224.43.54 - - [13/Aug/2013:19:58:36 -0400] "GET /Media/WRAP%20ME%20WITH%20YOUR%20LOVE%20M1_04.wav HTTP/1.1" 206 524288 "-" "AppleCoreMedia/1.0.0.10B329 (iPhone; U; CPU OS 6_1_3 like Mac OS X; en_us)"
71.224.43.54 - - [13/Aug/2013:19:58:08 -0400] "GET /Media/WRAP%20ME%20WITH%20YOUR%20LOVE%20M1_04.wav HTTP/1.1" 206 40914344 "-" "AppleCoreMedia/1.0.0.10B329 (iPhone; U; CPU OS 6_1_3 like Mac OS X; en_us)"
199.30.20.63 - - [13/Aug/2013:09:30:19 -0400] "GET /robots.txt HTTP/1.1" 404 575 "-" "msnbot-media/1.1 (+http://search.msn.com/msnbot.htm)"
66.249.75.227 - - [13/Aug/2013:17:42:08 -0400] "GET /Links_files/images3Fq3Dgoogle2Blogo%26hl%3Den%26usg%3D__-MOXZz3ZhRJ1tMbxnncdJkFWsd4%3D%26ei%3DJXS5SdHfNJGksQOpn4wv%26sa%3DX%26oi%3Dimage_result%26resnum%3D3%26ct%3Dimage%26cd%3D1.jpg HTTP/1.1" 304 - "-" "Googlebot-Image/1.0"
37.155.173.70 - - [13/Aug/2013:05:18:45 -0400] "GET /Scripts/iWebImage.js HTTP/1.1" 200 39662 "http://www.ninaninanina.com/Enter.html" "Mozilla/5.0 (Windows NT 6.1) AppleWebKit/537.22 (KHTML, like Gecko) Chrome/25.0.1364.172 YaBrowser/1.7.1364.18260 Safari/537.22"
37.155.173.70 - - [13/Aug/2013:05:18:47 -0400] "GET /Enter_files/images-8.jpg HTTP/1.1" 200 1701 "http://www.ninaninanina.com/Enter.html" "Mozilla/5.0 (Windows NT 6.1) AppleWebKit/537.22 (KHTML, like Gecko) Chrome/25.0.1364.172 YaBrowser/1.7.1364.18260 Safari/537.22"
37.155.173.70 - - [13/Aug/2013:05:18:47 -0400] "GET /Enter_files/shapeimage_2.png HTTP/1.1" 200 21370 "http://www.ninaninanina.com/Enter.html" "Mozilla/5.0 (Windows NT 6.1) AppleWebKit/537.22 (KHTML, like Gecko) Chrome/25.0.1364.172 YaBrowser/1.7.1364.18260 Safari/537.22"
37.155.173.70 - - [13/Aug/2013:05:18:47 -0400] "GET /Enter_files/WMWYL%20cvr.jpg HTTP/1.1" 200 22747 "http://www.ninaninanina.com/Enter.html" "Mozilla/5.0 (Windows NT 6.1) AppleWebKit/537.22 (KHTML, like Gecko) Chrome/25.0.1364.172 YaBrowser/1.7.1364.18260 Safari/537.22"
37.155.173.70 - - [13/Aug/2013:05:18:48 -0400] "GET /Enter_files/stroke.png HTTP/1.1" 200 100 "http://www.ninaninanina.com/Enter.html" "Mozilla/5.0 (Windows NT 6.1) AppleWebKit/537.22 (KHTML, like Gecko) Chrome/25.0.1364.172 YaBrowser/1.7.1364.18260 Safari/537.22"
37.155.173.70 - - [13/Aug/2013:05:18:48 -0400] "GET /Enter_files/stroke_6.png HTTP/1.1" 200 112 "http://www.ninaninanina.com/Enter.html" "Mozilla/5.0 (Windows NT 6.1) AppleWebKit/537.22 (KHTML, like Gecko) Chrome/25.0.1364.172 YaBrowser/1.7.1364.18260 Safari/537.22"
217.55.246.221 - - [13/Aug/2013:16:26:56 -0400] "GET /Enter_files/shapeimage_1.png HTTP/1.1" 200 2031 "http://www.ninaninanina.com/Enter.html" "Mozilla/5.0 (Windows NT 6.2; WOW64) AppleWebKit/537.36 (KHTML, like Gecko) Chrome/28.0.1500.95 Safari/537.36"
217.55.246.221 - - [13/Aug/2013:16:26:56 -0400] "GET /Enter_files/shapeimage_2.png HTTP/1.1" 200 21370 "http://www.ninaninanina.com/Enter.html" "Mozilla/5.0 (Windows NT 6.2; WOW64) AppleWebKit/537.36 (KHTML, like Gecko) Chrome/28.0.1500.95 Safari/537.36"
217.55.246.221 - - [13/Aug/2013:16:26:57 -0400] "GET /Enter_files/stroke_2.png HTTP/1.1" 200 97 "http://www.ninaninanina.com/Enter.html" "Mozilla/5.0 (Windows NT 6.2; WOW64) AppleWebKit/537.36 (KHTML, like Gecko) Chrome/28.0.1500.95 Safari/537.36"
71.224.43.54 - - [13/Aug/2013:19:57:32 -0400] "GET /Enter_files/Enter.js HTTP/1.1" 200 2821 "http://www.ninaninanina.com/Enter.html" "Mozilla/5.0 (iPhone; CPU iPhone OS 6_1_3 like Mac OS X) AppleWebKit/536.26 (KHTML, like Gecko) Mobile/10B329 Twitter for iPhone"
71.224.43.54 - - [13/Aug/2013:19:57:33 -0400] "GET /Enter_files/images3Fq3Dtwitter2Blogos26hl3Den26client3Dfirefox-a26rls3Dorg.jpg HTTP/1.1" 200 5062 "http://www.ninaninanina.com/Enter.html" "Mozilla/5.0 (iPhone; CPU iPhone OS 6_1_3 like Mac OS X) AppleWebKit/536.26 (KHTML, like Gecko) Mobile/10B329 Twitter for iPhone"
71.224.43.54 - - [13/Aug/2013:19:57:33 -0400] "GET /Enter_files/EYH%20vid%20cvr%201.jpg HTTP/1.1" 200 29662 "http://www.ninaninanina.com/Enter.html" "Mozilla/5.0 (iPhone; CPU iPhone OS 6_1_3 like Mac OS X) AppleWebKit/536.26 (KHTML, like Gecko) Mobile/10B329 Twitter for iPhone"
71.224.43.54 - - [13/Aug/2013:19:57:35 -0400] "GET /Enter_files/stroke_4.png HTTP/1.1" 200 100 "http://www.ninaninanina.com/Enter.html" "Mozilla/5.0 (iPhone; CPU iPhone OS 6_1_3 like Mac OS X) AppleWebKit/536.26 (KHTML, like Gecko) Mobile/10B329 Twitter for iPhone"
112.207.91.73 - - [13/Aug/2013:23:01:08 -0400] "GET /Scripts/Widgets/SharedResources/WidgetCommon.js HTTP/1.1" 200 36124 "http://www.ninaninanina.com/Enter.html" "Mozilla/5.0 (Windows NT 6.1) AppleWebKit/537.36 (KHTML, like Gecko) Chrome/28.0.1500.72 Safari/537.36"
112.207.91.73 - - [13/Aug/2013:23:01:10 -0400] "GET /Enter_files/images.jpg HTTP/1.1" 200 2098 "http://www.ninaninanina.com/Enter.html" "Mozilla/5.0 (Windows NT 6.1) AppleWebKit/537.36 (KHTML, like Gecko) Chrome/28.0.1500.72 Safari/537.36"
112.207.91.73 - - [13/Aug/2013:23:01:11 -0400] "GET /Enter_files/stroke_5.png HTTP/1.1" 200 86 "http://www.ninaninanina.com/Enter.html" "Mozilla/5.0 (Windows NT 6.1) AppleWebKit/537.36 (KHTML, like Gecko) Chrome/28.0.1500.72 Safari/537.36"
71.224.43.54 - - [13/Aug/2013:19:57:31 -0400] "GET /Enter_files/Enter.css HTTP/1.1" 200 6513 "http://www.ninaninanina.com/Enter.html" "Mozilla/5.0 (iPhone; CPU iPhone OS 6_1_3 like Mac OS X) AppleWebKit/536.26 (KHTML, like Gecko) Mobile/10B329 Twitter for iPhone"
71.224.43.54 - - [13/Aug/2013:19:57:32 -0400] "GET /Scripts/iWebSite.js HTTP/1.1" 200 146115 "http://www.ninaninanina.com/Enter.html" "Mozilla/5.0 (iPhone; CPU iPhone OS 6_1_3 like Mac OS X) AppleWebKit/536.26 (KHTML, like Gecko) Mobile/10B329 Twitter for iPhone"
71.224.43.54 - - [13/Aug/2013:19:57:33 -0400] "GET /Enter_files/nina%20camaro%20purpleEfx1.jpg HTTP/1.1" 200 83882 "http://www.ninaninanina.com/Enter.html" "Mozilla/5.0 (iPhone; CPU iPhone OS 6_1_3 like Mac OS X) AppleWebKit/536.26 (KHTML, like Gecko) Mobile/10B329 Twitter for iPhone"
71.224.43.54 - - [13/Aug/2013:19:57:34 -0400] "GET /Enter_files/images-2.jpg HTTP/1.1" 200 1536 "http://www.ninaninanina.com/Enter.html" "Mozilla/5.0 (iPhone; CPU iPhone OS 6_1_3 like Mac OS X) AppleWebKit/536.26 (KHTML, like Gecko) Mobile/10B329 Twitter for iPhone"
71.224.43.54 - - [13/Aug/2013:19:57:35 -0400] "GET /Enter_files/stroke_1.png HTTP/1.1" 200 78 "http://www.ninaninanina.com/Enter.html" "Mozilla/5.0 (iPhone; CPU iPhone OS 6_1_3 like Mac OS X) AppleWebKit/536.26 (KHTML, like Gecko) Mobile/10B329 Twitter for iPhone"
71.224.43.54 - - [13/Aug/2013:19:57:35 -0400] "GET /Enter_files/stroke_6.png HTTP/1.1" 200 112 "http://www.ninaninanina.com/Enter.html" "Mozilla/5.0 (iPhone; CPU iPhone OS 6_1_3 like Mac OS X) AppleWebKit/536.26 (KHTML, like Gecko) Mobile/10B329 Twitter for iPhone"
71.224.43.54 - - [13/Aug/2013:19:58:28 -0400] "GET /Media/WRAP%20ME%20WITH%20YOUR%20LOVE%20M1_04.wav HTTP/1.1" 206 983040 "-" "AppleCoreMedia/1.0.0.10B329 (iPhone; U; CPU OS 6_1_3 like Mac OS X; en_us)"
199.30.20.127 - - [13/Aug/2013:05:23:32 -0400] "GET /robots.txt HTTP/1.1" 404 575 "-" "msnbot-media/1.1 (+http://search.msn.com/msnbot.htm)"
217.55.246.221 - - [13/Aug/2013:16:26:48 -0400] "GET /Scripts/iWebSite.js HTTP/1.1" 200 146115 "http://www.ninaninanina.com/Enter.html" "Mozilla/5.0 (Windows NT 6.2; WOW64) AppleWebKit/537.36 (KHTML, like Gecko) Chrome/28.0.1500.95 Safari/537.36"
71.224.43.54 - - [13/Aug/2013:19:57:32 -0400] "GET /Scripts/iWebImage.js HTTP/1.1" 200 39662 "http://www.ninaninanina.com/Enter.html" "Mozilla/5.0 (iPhone; CPU iPhone OS 6_1_3 like Mac OS X) AppleWebKit/536.26 (KHTML, like Gecko) Mobile/10B329 Twitter for iPhone"
71.224.43.54 - - [13/Aug/2013:19:57:33 -0400] "GET /Enter_files/myspace%20logo.png HTTP/1.1" 200 3317 "http://www.ninaninanina.com/Enter.html" "Mozilla/5.0 (iPhone; CPU iPhone OS 6_1_3 like Mac OS X) AppleWebKit/536.26 (KHTML, like Gecko) Mobile/10B329 Twitter for iPhone"
71.224.43.54 - - [13/Aug/2013:19:57:33 -0400] "GET /Enter_files/shapeimage_3.png HTTP/1.1" 200 22173 "http://www.ninaninanina.com/Enter.html" "Mozilla/5.0 (iPhone; CPU iPhone OS 6_1_3 like Mac OS X) AppleWebKit/536.26 (KHTML, like Gecko) Mobile/10B329 Twitter for iPhone"
71.224.43.54 - - [13/Aug/2013:19:57:33 -0400] "GET /Enter_files/WMWYL%20cvr.jpg HTTP/1.1" 200 22747 "http://www.ninaninanina.com/Enter.html" "Mozilla/5.0 (iPhone; CPU iPhone OS 6_1_3 like Mac OS X) AppleWebKit/536.26 (KHTML, like Gecko) Mobile/10B329 Twitter for iPhone"
71.224.43.54 - - [13/Aug/2013:19:57:35 -0400] "GET /Enter_files/stroke_3.png HTTP/1.1" 200 78 "http://www.ninaninanina.com/Enter.html" "Mozilla/5.0 (iPhone; CPU iPhone OS 6_1_3 like Mac OS X) AppleWebKit/536.26 (KHTML, like Gecko) Mobile/10B329 Twitter for iPhone"
71.224.43.54 - - [13/Aug/2013:19:57:44 -0400] "GET /Media/WRAP%20ME%20WITH%20YOUR%20LOVE%20M1_04.wav HTTP/1.1" 206 2 "-" "AppleCoreMedia/1.0.0.10B329 (iPhone; U; CPU OS 6_1_3 like Mac OS X; en_us)"
71.224.43.54 - - [13/Aug/2013:19:57:45 -0400] "GET /Media/WRAP%20ME%20WITH%20YOUR%20LOVE%20M1_04.wav HTTP/1.1" 206 40917240 "-" "AppleCoreMedia/1.0.0.10B329 (iPhone; U; CPU OS 6_1_3 like Mac OS X; en_us)"
37.155.173.70 - - [13/Aug/2013:05:18:44 -0400] "GET /favicon.ico HTTP/1.1" 404 575 "-" "Mozilla/5.0 (Windows NT 6.1) AppleWebKit/537.22 (KHTML, like Gecko) Chrome/25.0.1364.172 YaBrowser/1.7.1364.18260 Safari/537.22"
37.155.173.70 - - [13/Aug/2013:05:18:44 -0400] "GET /Enter_files/Enter.css HTTP/1.1" 200 6513 "http://www.ninaninanina.com/Enter.html" "Mozilla/5.0 (Windows NT 6.1) AppleWebKit/537.22 (KHTML, like Gecko) Chrome/25.0.1364.172 YaBrowser/1.7.1364.18260 Safari/537.22"
37.155.173.70 - - [13/Aug/2013:05:18:47 -0400] "GET /Enter_files/images3Fq3Dfacebook2Blogo%26usg%3D__b-uqSjglTcVg25PtvHovdNPpHgo%3D%26ei%3DpXO5SZvDIIHasAPHodRB%26sa%3DX%26oi%3Dimage_result%26resnum%3D1%26ct%3Dimage%26cd%3D1.jpg HTTP/1.1" 200 5033 "http://www.ninaninanina.com/Enter.html" "Mozilla/5.0 (Windows NT 6.1) AppleWebKit/537.22 (KHTML, like Gecko) Chrome/25.0.1364.172 YaBrowser/1.7.1364.18260 Safari/537.22"
37.155.173.70 - - [13/Aug/2013:05:18:47 -0400] "GET /Enter_files/images.jpg HTTP/1.1" 200 2098 "http://www.ninaninanina.com/Enter.html" "Mozilla/5.0 (Windows NT 6.1) AppleWebKit/537.22 (KHTML, like Gecko) Chrome/25.0.1364.172 YaBrowser/1.7.1364.18260 Safari/537.22"
37.155.173.70 - - [13/Aug/2013:05:18:48 -0400] "GET /Enter_files/stroke_5.png HTTP/1.1" 200 86 "http://www.ninaninanina.com/Enter.html" "Mozilla/5.0 (Windows NT 6.1) AppleWebKit/537.22 (KHTML, like Gecko) Chrome/25.0.1364.172 YaBrowser/1.7.1364.18260 Safari/537.22"
37.155.173.70 - - [13/Aug/2013:05:18:55 -0400] "GET /Studio_files/bestof2012.jpg HTTP/1.1" 200 6465 "http://www.ninaninanina.com/Studio.html" "Mozilla/5.0 (Windows NT 6.1) AppleWebKit/537.22 (KHTML, like Gecko) Chrome/25.0.1364.172 YaBrowser/1.7.1364.18260 Safari/537.22"
37.155.173.70 - - [13/Aug/2013:05:18:56 -0400] "GET /Studio_files/images-4.jpg HTTP/1.1" 200 4927 "http://www.ninaninanina.com/Studio.html" "Mozilla/5.0 (Windows NT 6.1) AppleWebKit/537.22 (KHTML, like Gecko) Chrome/25.0.1364.172 YaBrowser/1.7.1364.18260 Safari/537.22"
217.55.246.221 - - [13/Aug/2013:16:26:48 -0400] "GET /Scripts/Widgets/Navbar/navbar.js HTTP/1.1" 200 5986 "http://www.ninaninanina.com/Enter.html" "Mozilla/5.0 (Windows NT 6.2; WOW64) AppleWebKit/537.36 (KHTML, like Gecko) Chrome/28.0.1500.95 Safari/537.36"
188.165.179.131 - - [13/Aug/2013:01:41:25 -0400] "GET /Studio.html HTTP/1.1" 200 24054 "-" "Mozilla/5.0 (X11; Linux i686; rv:6.0) Gecko/20100101 Firefox/6.0"
199.21.99.90 - - [13/Aug/2013:13:02:10 -0400] "GET /Enter.html HTTP/1.1" 200 13519 "-" "Mozilla/5.0 (compatible; YandexBot/3.0; +http://yandex.com/bots)"
37.155.173.70 - - [13/Aug/2013:05:18:55 -0400] "GET /Studio_files/shapeimage_3.png HTTP/1.1" 200 31637 "http://www.ninaninanina.com/Studio.html" "Mozilla/5.0 (Windows NT 6.1) AppleWebKit/537.22 (KHTML, like Gecko) Chrome/25.0.1364.172 YaBrowser/1.7.1364.18260 Safari/537.22"
217.55.246.221 - - [13/Aug/2013:16:26:56 -0400] "GET /Enter_files/images3Fq3Dtwitter2Blogos26hl3Den26client3Dfirefox-a26rls3Dorg.jpg HTTP/1.1" 200 5062 "http://www.ninaninanina.com/Enter.html" "Mozilla/5.0 (Windows NT 6.2; WOW64) AppleWebKit/537.36 (KHTML, like Gecko) Chrome/28.0.1500.95 Safari/537.36"
217.55.246.221 - - [13/Aug/2013:16:26:56 -0400] "GET /Enter_files/images-2.jpg HTTP/1.1" 200 1536 "http://www.ninaninanina.com/Enter.html" "Mozilla/5.0 (Windows NT 6.2; WOW64) AppleWebKit/537.36 (KHTML, like Gecko) Chrome/28.0.1500.95 Safari/537.36"
217.55.246.221 - - [13/Aug/2013:16:26:56 -0400] "GET /Enter_files/WMWYL%20cvr.jpg HTTP/1.1" 200 22747 "http://www.ninaninanina.com/Enter.html" "Mozilla/5.0 (Windows NT 6.2; WOW64) AppleWebKit/537.36 (KHTML, like Gecko) Chrome/28.0.1500.95 Safari/537.36"
217.55.246.221 - - [13/Aug/2013:16:26:57 -0400] "GET /Enter_files/stroke.png HTTP/1.1" 200 100 "http://www.ninaninanina.com/Enter.html" "Mozilla/5.0 (Windows NT 6.2; WOW64) AppleWebKit/537.36 (KHTML, like Gecko) Chrome/28.0.1500.95 Safari/537.36"
217.55.246.221 - - [13/Aug/2013:16:26:57 -0400] "GET /Enter_files/stroke_6.png HTTP/1.1" 200 112 "http://www.ninaninanina.com/Enter.html" "Mozilla/5.0 (Windows NT 6.2; WOW64) AppleWebKit/537.36 (KHTML, like Gecko) Chrome/28.0.1500.95 Safari/537.36"
71.224.43.54 - - [13/Aug/2013:19:57:45 -0400] "GET /Media/WRAP%20ME%20WITH%20YOUR%20LOVE%20M1_04.wav HTTP/1.1" 206 22776 "-" "AppleCoreMedia/1.0.0.10B329 (iPhone; U; CPU OS 6_1_3 like Mac OS X; en_us)"
71.224.43.54 - - [13/Aug/2013:19:57:45 -0400] "GET /Media/WRAP%20ME%20WITH%20YOUR%20LOVE%20M1_04.wav HTTP/1.1" 206 40881432 "-" "AppleCoreMedia/1.0.0.10B329 (iPhone; U; CPU OS 6_1_3 like Mac OS X; en_us)"
37.155.173.70 - - [13/Aug/2013:05:18:44 -0400] "GET /Scripts/iWebSite.js HTTP/1.1" 200 146115 "http://www.ninaninanina.com/Enter.html" "Mozilla/5.0 (Windows NT 6.1) AppleWebKit/537.22 (KHTML, like Gecko) Chrome/25.0.1364.172 YaBrowser/1.7.1364.18260 Safari/537.22"
37.155.173.70 - - [13/Aug/2013:05:18:47 -0400] "GET /Enter_files/nina%20camaro%20purpleEfx1.jpg HTTP/1.1" 200 83882 "http://www.ninaninanina.com/Enter.html" "Mozilla/5.0 (Windows NT 6.1) AppleWebKit/537.22 (KHTML, like Gecko) Chrome/25.0.1364.172 YaBrowser/1.7.1364.18260 Safari/537.22"
37.155.173.70 - - [13/Aug/2013:05:18:47 -0400] "GET /Enter_files/images-2.jpg HTTP/1.1" 200 1536 "http://www.ninaninanina.com/Enter.html" "Mozilla/5.0 (Windows NT 6.1) AppleWebKit/537.22 (KHTML, like Gecko) Chrome/25.0.1364.172 YaBrowser/1.7.1364.18260 Safari/537.22"
37.155.173.70 - - [13/Aug/2013:05:18:48 -0400] "GET /Enter_files/stroke_4.png HTTP/1.1" 200 100 "http://www.ninaninanina.com/Enter.html" "Mozilla/5.0 (Windows NT 6.1) AppleWebKit/537.22 (KHTML, like Gecko) Chrome/25.0.1364.172 YaBrowser/1.7.1364.18260 Safari/537.22"
66.249.75.227 - - [13/Aug/2013:01:04:05 -0400] "GET /Links_files/shapeimage_6_link_0.png HTTP/1.1" 304 - "-" "Googlebot-Image/1.0"
101.226.168.244 - - [13/Aug/2013:17:55:14 -0400] "GET /robots.txt HTTP/1.1" 404 575 "http://www.ninaninanina.com/robots.txt" "Mozilla/4.0 (compatible; MSIE 8.0; Windows NT 6.1; Trident/4.0; SLCC2; .NET CLR 2.0.50727; .NET CLR 3.5.30729; .NET CLR 3.0.30729; Media Center PC 6.0; MDDR; .NET4.0C; .NET4.0E; .NET CLR 1.1.4322; Tablet PC 2.0); 360Spider"
66.249.75.227 - - [13/Aug/2013:18:55:16 -0400] "GET /Enter.html HTTP/1.1" 200 13519 "-" "Mozilla/5.0 (compatible; Googlebot/2.1; +http://www.google.com/bot.html)"
71.224.43.54 - - [13/Aug/2013:19:57:32 -0400] "GET /Scripts/Widgets/Navbar/navbar.js HTTP/1.1" 200 5986 "http://www.ninaninanina.com/Enter.html" "Mozilla/5.0 (iPhone; CPU iPhone OS 6_1_3 like Mac OS X) AppleWebKit/536.26 (KHTML, like Gecko) Mobile/10B329 Twitter for iPhone"
71.224.43.54 - - [13/Aug/2013:19:57:33 -0400] "GET /Enter_files/images-8.jpg HTTP/1.1" 200 1701 "http://www.ninaninanina.com/Enter.html" "Mozilla/5.0 (iPhone; CPU iPhone OS 6_1_3 like Mac OS X) AppleWebKit/536.26 (KHTML, like Gecko) Mobile/10B329 Twitter for iPhone"
71.224.43.54 - - [13/Aug/2013:19:57:33 -0400] "GET /Enter_files/shapeimage_2.png HTTP/1.1" 200 21370 "http://www.ninaninanina.com/Enter.html" "Mozilla/5.0 (iPhone; CPU iPhone OS 6_1_3 like Mac OS X) AppleWebKit/536.26 (KHTML, like Gecko) Mobile/10B329 Twitter for iPhone"
71.224.43.54 - - [13/Aug/2013:19:57:33 -0400] "GET /Enter_files/images-3.jpg HTTP/1.1" 200 2055 "http://www.ninaninanina.com/Enter.html" "Mozilla/5.0 (iPhone; CPU iPhone OS 6_1_3 like Mac OS X) AppleWebKit/536.26 (KHTML, like Gecko) Mobile/10B329 Twitter for iPhone"
71.224.43.54 - - [13/Aug/2013:19:57:35 -0400] "GET /Enter_files/stroke_2.png HTTP/1.1" 200 97 "http://www.ninaninanina.com/Enter.html" "Mozilla/5.0 (iPhone; CPU iPhone OS 6_1_3 like Mac OS X) AppleWebKit/536.26 (KHTML, like Gecko) Mobile/10B329 Twitter for iPhone"
71.224.43.54 - - [13/Aug/2013:19:57:35 -0400] "GET /Enter_files/stroke_7.png HTTP/1.1" 200 86 "http://www.ninaninanina.com/Enter.html" "Mozilla/5.0 (iPhone; CPU iPhone OS 6_1_3 like Mac OS X) AppleWebKit/536.26 (KHTML, like Gecko) Mobile/10B329 Twitter for iPhone"
71.224.43.54 - - [13/Aug/2013:19:58:08 -0400] "GET /Media/WRAP%20ME%20WITH%20YOUR%20LOVE%20M1_04.wav HTTP/1.1" 206 22776 "-" "AppleCoreMedia/1.0.0.10B329 (iPhone; U; CPU OS 6_1_3 like Mac OS X; en_us)"
71.224.43.54 - - [13/Aug/2013:19:58:09 -0400] "GET /Media/WRAP%20ME%20WITH%20YOUR%20LOVE%20M1_04.wav HTTP/1.1" 206 40882880 "-" "AppleCoreMedia/1.0.0.10B329 (iPhone; U; CPU OS 6_1_3 like Mac OS X; en_us)"
71.224.43.54 - - [13/Aug/2013:19:58:08 -0400] "GET /Media/WRAP%20ME%20WITH%20YOUR%20LOVE%20M1_04.wav HTTP/1.1" 206 2 "-" "AppleCoreMedia/1.0.0.10B329 (iPhone; U; CPU OS 6_1_3 like Mac OS X; en_us)"
71.224.43.54 - - [13/Aug/2013:19:58:08 -0400] "GET /Media/WRAP%20ME%20WITH%20YOUR%20LOVE%20M1_04.wav HTTP/1.1" 206 40917240 "-" "AppleCoreMedia/1.0.0.10B329 (iPhone; U; CPU OS 6_1_3 like Mac OS X; en_us)"
66.249.75.227 - - [13/Aug/2013:18:58:23 -0400] "GET /Links_files/shapeimage_6_link_0.png HTTP/1.1" 304 - "-" "Googlebot-Image/1.0"
199.30.20.62 - - [13/Aug/2013:19:56:24 -0400] "GET /robots.txt HTTP/1.1" 404 575 "-" "msnbot-media/1.1 (+http://search.msn.com/msnbot.htm)"
66.249.75.149 - - [13/Aug/2013:12:58:09 -0400] "GET /Enter.html HTTP/1.1" 200 13519 "-" "Mozilla/5.0 (compatible; Googlebot/2.1; +http://www.google.com/bot.html)"
199.30.16.2 - - [13/Aug/2013:04:52:27 -0400] "GET /Store_files/images.jpg HTTP/1.1" 200 2098 "-" "msnbot-media/1.1 (+http://search.msn.com/msnbot.htm)"
37.155.173.70 - - [13/Aug/2013:05:18:43 -0400] "GET / HTTP/1.1" 200 307 "https://www.google.com/" "Mozilla/5.0 (Windows NT 6.1) AppleWebKit/537.22 (KHTML, like Gecko) Chrome/25.0.1364.172 YaBrowser/1.7.1364.18260 Safari/537.22"
37.155.173.70 - - [13/Aug/2013:05:18:44 -0400] "GET /Enter.html HTTP/1.1" 200 13519 "http://www.ninaninanina.com/" "Mozilla/5.0 (Windows NT 6.1) AppleWebKit/537.22 (KHTML, like Gecko) Chrome/25.0.1364.172 YaBrowser/1.7.1364.18260 Safari/537.22"
37.155.173.70 - - [13/Aug/2013:05:18:45 -0400] "GET /Enter_files/Enter.js HTTP/1.1" 200 2821 "http://www.ninaninanina.com/Enter.html" "Mozilla/5.0 (Windows NT 6.1) AppleWebKit/537.22 (KHTML, like Gecko) Chrome/25.0.1364.172 YaBrowser/1.7.1364.18260 Safari/537.22"
37.155.173.70 - - [13/Aug/2013:05:18:47 -0400] "GET /Enter_files/images3Fq3Dtwitter2Blogos26hl3Den26client3Dfirefox-a26rls3Dorg.jpg HTTP/1.1" 200 5062 "http://www.ninaninanina.com/Enter.html" "Mozilla/5.0 (Windows NT 6.1) AppleWebKit/537.22 (KHTML, like Gecko) Chrome/25.0.1364.172 YaBrowser/1.7.1364.18260 Safari/537.22"
37.155.173.70 - - [13/Aug/2013:05:18:47 -0400] "GET /Enter_files/EYH%20vid%20cvr%201.jpg HTTP/1.1" 200 29662 "http://www.ninaninanina.com/Enter.html" "Mozilla/5.0 (Windows NT 6.1) AppleWebKit/537.22 (KHTML, like Gecko) Chrome/25.0.1364.172 YaBrowser/1.7.1364.18260 Safari/537.22"
37.155.173.70 - - [13/Aug/2013:05:18:48 -0400] "GET /Enter_files/stroke_1.png HTTP/1.1" 200 78 "http://www.ninaninanina.com/Enter.html" "Mozilla/5.0 (Windows NT 6.1) AppleWebKit/537.22 (KHTML, like Gecko) Chrome/25.0.1364.172 YaBrowser/1.7.1364.18260 Safari/537.22"
37.155.173.70 - - [13/Aug/2013:05:18:48 -0400] "GET /Enter_files/stroke_7.png HTTP/1.1" 200 86 "http://www.ninaninanina.com/Enter.html" "Mozilla/5.0 (Windows NT 6.1) AppleWebKit/537.22 (KHTML, like Gecko) Chrome/25.0.1364.172 YaBrowser/1.7.1364.18260 Safari/537.22"
37.155.173.70 - - [13/Aug/2013:05:18:49 -0400] "GET /favicon.ico HTTP/1.1" 404 575 "-" "Mozilla/5.0 (Windows NT 6.1) AppleWebKit/537.22 (KHTML, like Gecko) Chrome/25.0.1364.172 YaBrowser/1.7.1364.18260 Safari/537.22"
37.155.173.70 - - [13/Aug/2013:05:18:53 -0400] "GET /Studio.html HTTP/1.1" 200 24054 "http://www.ninaninanina.com/Enter.html" "Mozilla/5.0 (Windows NT 6.1) AppleWebKit/537.22 (KHTML, like Gecko) Chrome/25.0.1364.172 YaBrowser/1.7.1364.18260 Safari/537.22"
37.155.173.70 - - [13/Aug/2013:05:18:55 -0400] "GET /Studio_files/shapeimage_2.png HTTP/1.1" 200 232197 "http://www.ninaninanina.com/Studio.html" "Mozilla/5.0 (Windows NT 6.1) AppleWebKit/537.22 (KHTML, like Gecko) Chrome/25.0.1364.172 YaBrowser/1.7.1364.18260 Safari/537.22"
157.56.93.49 - - [13/Aug/2013:13:16:43 -0400] "GET /Store.html HTTP/1.1" 304 - "-" "Mozilla/5.0 (compatible; bingbot/2.0; +http://www.bing.com/bingbot.htm)"
37.155.173.70 - - [13/Aug/2013:05:18:55 -0400] "GET /Studio_files/105.png HTTP/1.1" 200 30340 "http://www.ninaninanina.com/Studio.html" "Mozilla/5.0 (Windows NT 6.1) AppleWebKit/537.22 (KHTML, like Gecko) Chrome/25.0.1364.172 YaBrowser/1.7.1364.18260 Safari/537.22"
37.155.173.70 - - [13/Aug/2013:05:19:05 -0400] "GET /favicon.ico HTTP/1.1" 404 575 "-" "Mozilla/5.0 (Windows NT 6.1) AppleWebKit/537.22 (KHTML, like Gecko) Chrome/25.0.1364.172 YaBrowser/1.7.1364.18260 Safari/537.22"
37.155.173.70 - - [13/Aug/2013:05:19:06 -0400] "GET /favicon.ico HTTP/1.1" 404 575 "-" "Mozilla/5.0 (Windows NT 6.1) AppleWebKit/537.22 (KHTML, like Gecko) Chrome/25.0.1364.172 YaBrowser/1.7.1364.18260 Safari/537.22"
71.224.43.54 - - [13/Aug/2013:19:57:35 -0400] "GET /Media/WRAP%20ME%20WITH%20YOUR%20LOVE%20M1_04.wav HTTP/1.1" 206 22776 "-" "AppleCoreMedia/1.0.0.10B329 (iPhone; U; CPU OS 6_1_3 like Mac OS X; en_us)"
112.207.91.73 - - [13/Aug/2013:23:01:08 -0400] "GET /Scripts/Widgets/Navbar/navbar.js HTTP/1.1" 200 5986 "http://www.ninaninanina.com/Enter.html" "Mozilla/5.0 (Windows NT 6.1) AppleWebKit/537.36 (KHTML, like Gecko) Chrome/28.0.1500.72 Safari/537.36"
112.207.91.73 - - [13/Aug/2013:23:01:09 -0400] "GET /Enter_files/images-8.jpg HTTP/1.1" 200 1701 "http://www.ninaninanina.com/Enter.html" "Mozilla/5.0 (Windows NT 6.1) AppleWebKit/537.36 (KHTML, like Gecko) Chrome/28.0.1500.72 Safari/537.36"
112.207.91.73 - - [13/Aug/2013:23:01:09 -0400] "GET /Enter_files/images3Fq3Dtwitter2Blogos26hl3Den26client3Dfirefox-a26rls3Dorg.jpg HTTP/1.1" 200 5062 "http://www.ninaninanina.com/Enter.html" "Mozilla/5.0 (Windows NT 6.1) AppleWebKit/537.36 (KHTML, like Gecko) Chrome/28.0.1500.72 Safari/537.36"
112.207.91.73 - - [13/Aug/2013:23:01:10 -0400] "GET /Enter_files/EYH%20vid%20cvr%201.jpg HTTP/1.1" 200 29662 "http://www.ninaninanina.com/Enter.html" "Mozilla/5.0 (Windows NT 6.1) AppleWebKit/537.36 (KHTML, like Gecko) Chrome/28.0.1500.72 Safari/537.36"
112.207.91.73 - - [13/Aug/2013:23:01:11 -0400] "GET /Enter_files/stroke.png HTTP/1.1" 200 100 "http://www.ninaninanina.com/Enter.html" "Mozilla/5.0 (Windows NT 6.1) AppleWebKit/537.36 (KHTML, like Gecko) Chrome/28.0.1500.72 Safari/537.36"
112.207.91.73 - - [13/Aug/2013:23:01:11 -0400] "GET /Enter_files/stroke_6.png HTTP/1.1" 200 112 "http://www.ninaninanina.com/Enter.html" "Mozilla/5.0 (Windows NT 6.1) AppleWebKit/537.36 (KHTML, like Gecko) Chrome/28.0.1500.72 Safari/537.36"
112.207.91.73 - - [13/Aug/2013:23:01:11 -0400] "GET /favicon.ico HTTP/1.1" 404 575 "-" "Mozilla/5.0 (Windows NT 6.1) AppleWebKit/537.36 (KHTML, like Gecko) Chrome/28.0.1500.72 Safari/537.36"
37.155.173.70 - - [13/Aug/2013:05:18:54 -0400] "GET /Studio_files/Studio.css HTTP/1.1" 200 12448 "http://www.ninaninanina.com/Studio.html" "Mozilla/5.0 (Windows NT 6.1) AppleWebKit/537.22 (KHTML, like Gecko) Chrome/25.0.1364.172 YaBrowser/1.7.1364.18260 Safari/537.22"
37.155.173.70 - - [13/Aug/2013:05:18:55 -0400] "GET /Studio_files/shapeimage_1.png HTTP/1.1" 200 458 "http://www.ninaninanina.com/Studio.html" "Mozilla/5.0 (Windows NT 6.1) AppleWebKit/537.22 (KHTML, like Gecko) Chrome/25.0.1364.172 YaBrowser/1.7.1364.18260 Safari/537.22"
37.155.173.70 - - [13/Aug/2013:05:18:55 -0400] "GET /Studio_files/106.png HTTP/1.1" 200 26850 "http://www.ninaninanina.com/Studio.html" "Mozilla/5.0 (Windows NT 6.1) AppleWebKit/537.22 (KHTML, like Gecko) Chrome/25.0.1364.172 YaBrowser/1.7.1364.18260 Safari/537.22"
37.155.173.70 - - [13/Aug/2013:05:18:56 -0400] "GET /Studio_files/brdy%20li%202010.jpg HTTP/1.1" 200 12566 "http://www.ninaninanina.com/Studio.html" "Mozilla/5.0 (Windows NT 6.1) AppleWebKit/537.22 (KHTML, like Gecko) Chrome/25.0.1364.172 YaBrowser/1.7.1364.18260 Safari/537.22"
37.155.173.70 - - [13/Aug/2013:05:18:56 -0400] "GET /Studio_files/Bestof_2011_1st_4c.png HTTP/1.1" 200 20537 "http://www.ninaninanina.com/Studio.html" "Mozilla/5.0 (Windows NT 6.1) AppleWebKit/537.22 (KHTML, like Gecko) Chrome/25.0.1364.172 YaBrowser/1.7.1364.18260 Safari/537.22"
37.155.173.70 - - [13/Aug/2013:05:18:57 -0400] "GET /Studio_files/images-1.jpg HTTP/1.1" 200 6805 "http://www.ninaninanina.com/Studio.html" "Mozilla/5.0 (Windows NT 6.1) AppleWebKit/537.22 (KHTML, like Gecko) Chrome/25.0.1364.172 YaBrowser/1.7.1364.18260 Safari/537.22"
37.155.173.70 - - [13/Aug/2013:05:18:57 -0400] "GET /Studio_files/NNN%20cvr%20art.jpg HTTP/1.1" 200 12329 "http://www.ninaninanina.com/Studio.html" "Mozilla/5.0 (Windows NT 6.1) AppleWebKit/537.22 (KHTML, like Gecko) Chrome/25.0.1364.172 YaBrowser/1.7.1364.18260 Safari/537.22"
37.155.173.70 - - [13/Aug/2013:05:18:57 -0400] "GET /Studio_files/EYH%20vid%20cvr%201.jpg HTTP/1.1" 200 16218 "http://www.ninaninanina.com/Studio.html" "Mozilla/5.0 (Windows NT 6.1) AppleWebKit/537.22 (KHTML, like Gecko) Chrome/25.0.1364.172 YaBrowser/1.7.1364.18260 Safari/537.22"
37.155.173.70 - - [13/Aug/2013:05:18:58 -0400] "GET /Studio_files/nina2.jpg HTTP/1.1" 200 8456 "http://www.ninaninanina.com/Studio.html" "Mozilla/5.0 (Windows NT 6.1) AppleWebKit/537.22 (KHTML, like Gecko) Chrome/25.0.1364.172 YaBrowser/1.7.1364.18260 Safari/537.22"
37.155.173.70 - - [13/Aug/2013:05:18:58 -0400] "GET /Studio_files/gabriel%20promo%20web.jpg HTTP/1.1" 200 10131 "http://www.ninaninanina.com/Studio.html" "Mozilla/5.0 (Windows NT 6.1) AppleWebKit/537.22 (KHTML, like Gecko) Chrome/25.0.1364.172 YaBrowser/1.7.1364.18260 Safari/537.22"
180.76.5.147 - - [13/Aug/2013:01:37:51 -0400] "GET / HTTP/1.1" 200 307 "-" "Mozilla/5.0 (compatible; Baiduspider/2.0; +http://www.baidu.com/search/spider.html)"
66.249.75.227 - - [13/Aug/2013:18:55:16 -0400] "GET / HTTP/1.1" 200 307 "-" "Mozilla/5.0 (compatible; Googlebot/2.1; +http://www.google.com/bot.html)"
217.55.246.221 - - [13/Aug/2013:16:26:48 -0400] "GET /Scripts/iWebImage.js HTTP/1.1" 200 39662 "http://www.ninaninanina.com/Enter.html" "Mozilla/5.0 (Windows NT 6.2; WOW64) AppleWebKit/537.36 (KHTML, like Gecko) Chrome/28.0.1500.95 Safari/537.36"
199.21.99.90 - - [13/Aug/2013:13:03:11 -0400] "GET /Enter.html HTTP/1.1" 200 13519 "-" "Mozilla/5.0 (compatible; YandexBot/3.0; +http://yandex.com/bots)"
199.30.20.17 - - [13/Aug/2013:01:27:54 -0400] "GET /Listen_files/images3Fq3Dtwitter2Blogos26hl3Den26client3Dfirefox-a26rls3Dorg.jpg HTTP/1.1" 200 4861 "-" "msnbot-media/1.1 (+http://search.msn.com/msnbot.htm)"
66.249.72.227 - - [13/Aug/2013:21:40:08 -0400] "GET /Store_files/shapeimage_1.png HTTP/1.1" 304 - "-" "Googlebot-Image/1.0"
217.55.246.221 - - [13/Aug/2013:16:26:48 -0400] "GET /favicon.ico HTTP/1.1" 404 575 "-" "Mozilla/5.0 (Windows NT 6.2; WOW64) AppleWebKit/537.36 (KHTML, like Gecko) Chrome/28.0.1500.95 Safari/537.36"
217.55.246.221 - - [13/Aug/2013:16:26:48 -0400] "GET /Enter_files/Enter.css HTTP/1.1" 200 6513 "http://www.ninaninanina.com/Enter.html" "Mozilla/5.0 (Windows NT 6.2; WOW64) AppleWebKit/537.36 (KHTML, like Gecko) Chrome/28.0.1500.95 Safari/537.36"
217.55.246.221 - - [13/Aug/2013:16:26:48 -0400] "GET /Enter_files/Enter.js HTTP/1.1" 200 2821 "http://www.ninaninanina.com/Enter.html" "Mozilla/5.0 (Windows NT 6.2; WOW64) AppleWebKit/537.36 (KHTML, like Gecko) Chrome/28.0.1500.95 Safari/537.36"
217.55.246.221 - - [13/Aug/2013:16:26:49 -0400] "GET /Enter_files/nina%20camaro%20purpleEfx1.jpg HTTP/1.1" 200 83882 "http://www.ninaninanina.com/Enter.html" "Mozilla/5.0 (Windows NT 6.2; WOW64) AppleWebKit/537.36 (KHTML, like Gecko) Chrome/28.0.1500.95 Safari/537.36"
66.249.75.227 - - [13/Aug/2013:12:58:02 -0400] "HEAD / HTTP/1.1" 200 - "-" "Mozilla/5.0 (compatible; Googlebot/2.1; +http://www.google.com/bot.html)"
79.28.255.65 - - [13/Aug/2013:02:52:28 -0400] "GET / HTTP/1.1" 200 307 "http://ninatolins.com" "Mozilla/5.0 (Windows NT 6.1; WOW64; rv:7.0.1) Gecko/20100101 Firefox/7.0.1"
79.28.255.65 - - [13/Aug/2013:02:52:28 -0400] "GET /wp-login.php HTTP/1.1" 404 575 "ninatolins.com" "Mozilla/5.0 (Windows NT 6.1; WOW64; rv:7.0.1) Gecko/20100101 Firefox/7.0.1"
199.30.20.62 - - [13/Aug/2013:19:56:24 -0400] "GET /Enter_files/shapeimage_2.png HTTP/1.1" 200 21370 "-" "msnbot-media/1.1 (+http://search.msn.com/msnbot.htm)"
112.207.91.73 - - [13/Aug/2013:23:01:07 -0400] "GET / HTTP/1.1" 200 307 "https://www.google.com/" "Mozilla/5.0 (Windows NT 6.1) AppleWebKit/537.36 (KHTML, like Gecko) Chrome/28.0.1500.72 Safari/537.36"
112.207.91.73 - - [13/Aug/2013:23:01:07 -0400] "GET /Enter.html HTTP/1.1" 200 13519 "http://www.ninaninanina.com/" "Mozilla/5.0 (Windows NT 6.1) AppleWebKit/537.36 (KHTML, like Gecko) Chrome/28.0.1500.72 Safari/537.36"
112.207.91.73 - - [13/Aug/2013:23:01:08 -0400] "GET /Scripts/iWebSite.js HTTP/1.1" 200 146115 "http://www.ninaninanina.com/Enter.html" "Mozilla/5.0 (Windows NT 6.1) AppleWebKit/537.36 (KHTML, like Gecko) Chrome/28.0.1500.72 Safari/537.36"
112.207.91.73 - - [13/Aug/2013:23:01:10 -0400] "GET /Enter_files/shapeimage_2.png HTTP/1.1" 200 21370 "http://www.ninaninanina.com/Enter.html" "Mozilla/5.0 (Windows NT 6.1) AppleWebKit/537.36 (KHTML, like Gecko) Chrome/28.0.1500.72 Safari/537.36"
112.207.91.73 - - [13/Aug/2013:23:01:10 -0400] "GET /Enter_files/images-3.jpg HTTP/1.1" 200 2055 "http://www.ninaninanina.com/Enter.html" "Mozilla/5.0 (Windows NT 6.1) AppleWebKit/537.36 (KHTML, like Gecko) Chrome/28.0.1500.72 Safari/537.36"
112.207.91.73 - - [13/Aug/2013:23:01:11 -0400] "GET /Enter_files/stroke_3.png HTTP/1.1" 200 78 "http://www.ninaninanina.com/Enter.html" "Mozilla/5.0 (Windows NT 6.1) AppleWebKit/537.36 (KHTML, like Gecko) Chrome/28.0.1500.72 Safari/537.36"
112.207.91.73 - - [13/Aug/2013:23:01:11 -0400] "GET /Enter_files/stroke_7.png HTTP/1.1" 200 86 "http://www.ninaninanina.com/Enter.html" "Mozilla/5.0 (Windows NT 6.1) AppleWebKit/537.36 (KHTML, like Gecko) Chrome/28.0.1500.72 Safari/537.36"
217.55.246.221 - - [13/Aug/2013:16:26:56 -0400] "GET /Enter_files/myspace%20logo.png HTTP/1.1" 200 3317 "http://www.ninaninanina.com/Enter.html" "Mozilla/5.0 (Windows NT 6.2; WOW64) AppleWebKit/537.36 (KHTML, like Gecko) Chrome/28.0.1500.95 Safari/537.36"
217.55.246.221 - - [13/Aug/2013:16:26:56 -0400] "GET /Enter_files/EYH%20vid%20cvr%201.jpg HTTP/1.1" 200 29662 "http://www.ninaninanina.com/Enter.html" "Mozilla/5.0 (Windows NT 6.2; WOW64) AppleWebKit/537.36 (KHTML, like Gecko) Chrome/28.0.1500.95 Safari/537.36"
217.55.246.221 - - [13/Aug/2013:16:26:57 -0400] "GET /Enter_files/stroke_1.png HTTP/1.1" 200 78 "http://www.ninaninanina.com/Enter.html" "Mozilla/5.0 (Windows NT 6.2; WOW64) AppleWebKit/537.36 (KHTML, like Gecko) Chrome/28.0.1500.95 Safari/537.36"
217.55.246.221 - - [13/Aug/2013:16:26:57 -0400] "GET /Enter_files/stroke_7.png HTTP/1.1" 200 86 "http://www.ninaninanina.com/Enter.html" "Mozilla/5.0 (Windows NT 6.2; WOW64) AppleWebKit/537.36 (KHTML, like Gecko) Chrome/28.0.1500.95 Safari/537.36"
217.55.246.221 - - [13/Aug/2013:16:26:57 -0400] "GET /favicon.ico HTTP/1.1" 404 575 "-" "Mozilla/5.0 (Windows NT 6.2; WOW64) AppleWebKit/537.36 (KHTML, like Gecko) Chrome/28.0.1500.95 Safari/537.36"
217.55.246.221 - - [13/Aug/2013:16:26:58 -0400] "GET /favicon.ico HTTP/1.1" 404 575 "-" "Mozilla/5.0 (Windows NT 6.2; WOW64) AppleWebKit/537.36 (KHTML, like Gecko) Chrome/28.0.1500.95 Safari/537.36"
217.55.246.221 - - [13/Aug/2013:16:26:58 -0400] "GET /favicon.ico HTTP/1.1" 404 575 "-" "Mozilla/5.0 (Windows NT 6.2; WOW64) AppleWebKit/537.36 (KHTML, like Gecko) Chrome/28.0.1500.95 Safari/537.36"
66.249.75.227 - - [13/Aug/2013:12:58:02 -0400] "GET /robots.txt HTTP/1.1" 404 575 "-" "Mozilla/5.0 (compatible; Googlebot/2.1; +http://www.google.com/bot.html)"
66.87.92.207 - - [13/Aug/2013:07:05:44 -0400] "GET /News_files/Nina%20&%20World%20Boxing%20Champion%20Mia%20Rosales%20St.%20John.jpg HTTP/1.1" 200 29834 "http://www.google.com/search?q=mia+saint+rosales&client=ms-android-boost-us&hl=es&gl=us&source=android-launcher-search&tbm=isch&tbo=u&source=univ&sa=X&ei=ORIKUti-GYPp2AXJtICYBQ&ved=0CDYQsAQ&biw=192&bih=305&sei=QxIKUvGfL_SA2AWV54DABg" "Mozilla/5.0 (Linux; U; Android 2.3.4; es-us; LG-LG855 Build/GRJ22) AppleWebKit/533.1 (KHTML, like Gecko) Version/4.0 Mobile Safari/533.1"
217.55.246.221 - - [13/Aug/2013:16:26:56 -0400] "GET /feed.xml HTTP/1.1" 200 3844 "http://www.ninaninanina.com/Enter.html" "Mozilla/5.0 (Windows NT 6.2; WOW64) AppleWebKit/537.36 (KHTML, like Gecko) Chrome/28.0.1500.95 Safari/537.36"
217.55.246.221 - - [13/Aug/2013:16:26:56 -0400] "GET /Enter_files/shapeimage_3.png HTTP/1.1" 200 22173 "http://www.ninaninanina.com/Enter.html" "Mozilla/5.0 (Windows NT 6.2; WOW64) AppleWebKit/537.36 (KHTML, like Gecko) Chrome/28.0.1500.95 Safari/537.36"
217.55.246.221 - - [13/Aug/2013:16:26:57 -0400] "GET /Enter_files/stroke_4.png HTTP/1.1" 200 100 "http://www.ninaninanina.com/Enter.html" "Mozilla/5.0 (Windows NT 6.2; WOW64) AppleWebKit/537.36 (KHTML, like Gecko) Chrome/28.0.1500.95 Safari/537.36"
71.224.43.54 - - [13/Aug/2013:19:57:30 -0400] "GET / HTTP/1.1" 200 307 "http://t.co/LZzToV7lYR" "Mozilla/5.0 (iPhone; CPU iPhone OS 6_1_3 like Mac OS X) AppleWebKit/536.26 (KHTML, like Gecko) Mobile/10B329 Twitter for iPhone"
71.224.43.54 - - [13/Aug/2013:19:57:30 -0400] "GET /Enter.html HTTP/1.1" 200 13519 "http://www.ninaninanina.com/" "Mozilla/5.0 (iPhone; CPU iPhone OS 6_1_3 like Mac OS X) AppleWebKit/536.26 (KHTML, like Gecko) Mobile/10B329 Twitter for iPhone"
71.224.43.54 - - [13/Aug/2013:19:57:32 -0400] "GET /Scripts/Widgets/SharedResources/WidgetCommon.js HTTP/1.1" 200 36124 "http://www.ninaninanina.com/Enter.html" "Mozilla/5.0 (iPhone; CPU iPhone OS 6_1_3 like Mac OS X) AppleWebKit/536.26 (KHTML, like Gecko) Mobile/10B329 Twitter for iPhone"
71.224.43.54 - - [13/Aug/2013:19:57:33 -0400] "GET /Enter_files/shapeimage_1.png HTTP/1.1" 200 2031 "http://www.ninaninanina.com/Enter.html" "Mozilla/5.0 (iPhone; CPU iPhone OS 6_1_3 like Mac OS X) AppleWebKit/536.26 (KHTML, like Gecko) Mobile/10B329 Twitter for iPhone"
71.224.43.54 - - [13/Aug/2013:19:57:33 -0400] "GET /Enter_files/images3Fq3Dfacebook2Blogo%26usg%3D__b-uqSjglTcVg25PtvHovdNPpHgo%3D%26ei%3DpXO5SZvDIIHasAPHodRB%26sa%3DX%26oi%3Dimage_result%26resnum%3D1%26ct%3Dimage%26cd%3D1.jpg HTTP/1.1" 200 5033 "http://www.ninaninanina.com/Enter.html" "Mozilla/5.0 (iPhone; CPU iPhone OS 6_1_3 like Mac OS X) AppleWebKit/536.26 (KHTML, like Gecko) Mobile/10B329 Twitter for iPhone"
71.224.43.54 - - [13/Aug/2013:19:57:33 -0400] "GET /Enter_files/images.jpg HTTP/1.1" 200 2098 "http://www.ninaninanina.com/Enter.html" "Mozilla/5.0 (iPhone; CPU iPhone OS 6_1_3 like Mac OS X) AppleWebKit/536.26 (KHTML, like Gecko) Mobile/10B329 Twitter for iPhone"
71.224.43.54 - - [13/Aug/2013:19:57:33 -0400] "GET /feed.xml HTTP/1.1" 200 3844 "http://www.ninaninanina.com/Enter.html" "Mozilla/5.0 (iPhone; CPU iPhone OS 6_1_3 like Mac OS X) AppleWebKit/536.26 (KHTML, like Gecko) Mobile/10B329 Twitter for iPhone"
71.224.43.54 - - [13/Aug/2013:19:57:35 -0400] "GET /Enter_files/stroke.png HTTP/1.1" 200 100 "http://www.ninaninanina.com/Enter.html" "Mozilla/5.0 (iPhone; CPU iPhone OS 6_1_3 like Mac OS X) AppleWebKit/536.26 (KHTML, like Gecko) Mobile/10B329 Twitter for iPhone"
71.224.43.54 - - [13/Aug/2013:19:57:35 -0400] "GET /Enter_files/stroke_5.png HTTP/1.1" 200 86 "http://www.ninaninanina.com/Enter.html" "Mozilla/5.0 (iPhone; CPU iPhone OS 6_1_3 like Mac OS X) AppleWebKit/536.26 (KHTML, like Gecko) Mobile/10B329 Twitter for iPhone"
199.21.99.90 - - [13/Aug/2013:13:02:41 -0400] "GET /Enter.html HTTP/1.1" 200 13519 "-" "Mozilla/5.0 (compatible; YandexBot/3.0; +http://yandex.com/bots)"
38.100.21.66 - - [13/Aug/2013:04:24:51 -0400] "GET / HTTP/1.1" 200 307 "-" "Mozilla/4.0 (compatible; MSIE 7.0; Windows NT 5.2)"
38.100.21.66 - - [13/Aug/2013:04:24:52 -0400] "GET /Enter.html HTTP/1.1" 200 13519 "-" "Mozilla/4.0 (compatible; MSIE 7.0; Windows NT 5.2)"
38.100.21.66 - - [13/Aug/2013:04:24:52 -0400] "GET /Studio.html HTTP/1.1" 200 24054 "-" "Mozilla/4.0 (compatible; MSIE 7.0; Windows NT 5.2)"
38.100.21.66 - - [13/Aug/2013:04:24:52 -0400] "GET /Enter_files/EnterIE.css HTTP/1.1" 200 492 "-" "Mozilla/4.0 (compatible; MSIE 7.0; Windows NT 5.2)"
38.100.21.66 - - [13/Aug/2013:04:24:52 -0400] "GET /Media/IE8.css HTTP/1.1" 200 215 "-" "Mozilla/4.0 (compatible; MSIE 7.0; Windows NT 5.2)"
38.100.21.66 - - [13/Aug/2013:04:24:52 -0400] "GET /Enter_files/Enter.css HTTP/1.1" 200 6513 "-" "Mozilla/4.0 (compatible; MSIE 7.0; Windows NT 5.2)"
38.100.21.66 - - [13/Aug/2013:04:24:52 -0400] "GET /Studio_files/Studio.css HTTP/1.1" 200 12448 "-" "Mozilla/4.0 (compatible; MSIE 7.0; Windows NT 5.2)"
38.100.21.66 - - [13/Aug/2013:04:24:52 -0400] "GET /Studio_files/StudioIE.css HTTP/1.1" 200 492 "-" "Mozilla/4.0 (compatible; MSIE 7.0; Windows NT 5.2)"
37.155.173.70 - - [13/Aug/2013:05:18:44 -0400] "GET /Scripts/Widgets/SharedResources/WidgetCommon.js HTTP/1.1" 200 36124 "http://www.ninaninanina.com/Enter.html" "Mozilla/5.0 (Windows NT 6.1) AppleWebKit/537.22 (KHTML, like Gecko) Chrome/25.0.1364.172 YaBrowser/1.7.1364.18260 Safari/537.22"
37.155.173.70 - - [13/Aug/2013:05:18:47 -0400] "GET /Enter_files/shapeimage_1.png HTTP/1.1" 200 2031 "http://www.ninaninanina.com/Enter.html" "Mozilla/5.0 (Windows NT 6.1) AppleWebKit/537.22 (KHTML, like Gecko) Chrome/25.0.1364.172 YaBrowser/1.7.1364.18260 Safari/537.22"
37.155.173.70 - - [13/Aug/2013:05:18:47 -0400] "GET /feed.xml HTTP/1.1" 200 3844 "http://www.ninaninanina.com/Enter.html" "Mozilla/5.0 (Windows NT 6.1) AppleWebKit/537.22 (KHTML, like Gecko) Chrome/25.0.1364.172 YaBrowser/1.7.1364.18260 Safari/537.22"
37.155.173.70 - - [13/Aug/2013:05:18:47 -0400] "GET /Enter_files/images-3.jpg HTTP/1.1" 200 2055 "http://www.ninaninanina.com/Enter.html" "Mozilla/5.0 (Windows NT 6.1) AppleWebKit/537.22 (KHTML, like Gecko) Chrome/25.0.1364.172 YaBrowser/1.7.1364.18260 Safari/537.22"
37.155.173.70 - - [13/Aug/2013:05:18:48 -0400] "GET /Enter_files/stroke_3.png HTTP/1.1" 200 78 "http://www.ninaninanina.com/Enter.html" "Mozilla/5.0 (Windows NT 6.1) AppleWebKit/537.22 (KHTML, like Gecko) Chrome/25.0.1364.172 YaBrowser/1.7.1364.18260 Safari/537.22"
66.249.75.227 - - [13/Aug/2013:00:53:41 -0400] "GET /Links_files/images3Fq3Dgoogle2Blogo%26hl%3Den%26usg%3D__-MOXZz3ZhRJ1tMbxnncdJkFWsd4%3D%26ei%3DJXS5SdHfNJGksQOpn4wv%26sa%3DX%26oi%3Dimage_result%26resnum%3D3%26ct%3Dimage%26cd%3D1.jpg HTTP/1.1" 304 - "-" "Googlebot-Image/1.0"
71.224.43.54 - - [13/Aug/2013:19:58:36 -0400] "GET /Media/WRAP%20ME%20WITH%20YOUR%20LOVE%20M1_04.wav HTTP/1.1" 206 32856312 "-" "AppleCoreMedia/1.0.0.10B329 (iPhone; U; CPU OS 6_1_3 like Mac OS X; en_us)"
217.55.246.221 - - [13/Aug/2013:16:26:47 -0400] "GET / HTTP/1.1" 200 307 "https://www.google.com/" "Mozilla/5.0 (Windows NT 6.2; WOW64) AppleWebKit/537.36 (KHTML, like Gecko) Chrome/28.0.1500.95 Safari/537.36"
217.55.246.221 - - [13/Aug/2013:16:26:48 -0400] "GET /Enter.html HTTP/1.1" 200 13519 "http://www.ninaninanina.com/" "Mozilla/5.0 (Windows NT 6.2; WOW64) AppleWebKit/537.36 (KHTML, like Gecko) Chrome/28.0.1500.95 Safari/537.36"
217.55.246.221 - - [13/Aug/2013:16:26:48 -0400] "GET /Scripts/Widgets/SharedResources/WidgetCommon.js HTTP/1.1" 200 36124 "http://www.ninaninanina.com/Enter.html" "Mozilla/5.0 (Windows NT 6.2; WOW64) AppleWebKit/537.36 (KHTML, like Gecko) Chrome/28.0.1500.95 Safari/537.36"
66.249.75.227 - - [13/Aug/2013:12:58:06 -0400] "GET /Enter.html HTTP/1.1" 200 13519 "-" "Mozilla/5.0 (compatible; Googlebot/2.1; +http://www.google.com/bot.html)"
71.224.43.54 - - [13/Aug/2013:19:58:08 -0400] "GET /Media/WRAP%20ME%20WITH%20YOUR%20LOVE%20M1_04.wav HTTP/1.1" 206 2 "-" "AppleCoreMedia/1.0.0.10B329 (iPhone; U; CPU OS 6_1_3 like Mac OS X; en_us)"
71.224.43.54 - - [13/Aug/2013:19:58:08 -0400] "GET /Media/WRAP%20ME%20WITH%20YOUR%20LOVE%20M1_04.wav HTTP/1.1" 206 40917240 "-" "AppleCoreMedia/1.0.0.10B329 (iPhone; U; CPU OS 6_1_3 like Mac OS X; en_us)"
66.249.75.149 - - [13/Aug/2013:12:58:07 -0400] "GET /robots.txt HTTP/1.1" 404 575 "-" "Mozilla/5.0 (compatible; Googlebot/2.1; +http://www.google.com/bot.html)"
66.249.75.149 - - [13/Aug/2013:12:58:08 -0400] "GET / HTTP/1.1" 200 307 "-" "Mozilla/5.0 (compatible; Googlebot/2.1; +http://www.google.com/bot.html)"
180.76.5.163 - - [13/Aug/2013:01:37:52 -0400] "GET /Enter.html HTTP/1.1" 200 13519 "-" "Mozilla/5.0 (compatible; Baiduspider/2.0; +http://www.baidu.com/search/spider.html)"
199.30.20.139 - - [13/Aug/2013:21:52:11 -0400] "GET /Enter_files/shapeimage_1.png HTTP/1.1" 200 2031 "-" "msnbot-media/1.1 (+http://search.msn.com/msnbot.htm)"
199.30.20.127 - - [13/Aug/2013:05:23:32 -0400] "GET /FanZpot_files/shapeimage_4.png HTTP/1.1" 200 2639 "-" "msnbot-media/1.1 (+http://search.msn.com/msnbot.htm)"
217.55.246.221 - - [13/Aug/2013:16:26:56 -0400] "GET /Enter_files/images-8.jpg HTTP/1.1" 200 1701 "http://www.ninaninanina.com/Enter.html" "Mozilla/5.0 (Windows NT 6.2; WOW64) AppleWebKit/537.36 (KHTML, like Gecko) Chrome/28.0.1500.95 Safari/537.36"
217.55.246.221 - - [13/Aug/2013:16:26:56 -0400] "GET /Enter_files/images.jpg HTTP/1.1" 200 2098 "http://www.ninaninanina.com/Enter.html" "Mozilla/5.0 (Windows NT 6.2; WOW64) AppleWebKit/537.36 (KHTML, like Gecko) Chrome/28.0.1500.95 Safari/537.36"
217.55.246.221 - - [13/Aug/2013:16:26:56 -0400] "GET /Enter_files/images-3.jpg HTTP/1.1" 200 2055 "http://www.ninaninanina.com/Enter.html" "Mozilla/5.0 (Windows NT 6.2; WOW64) AppleWebKit/537.36 (KHTML, like Gecko) Chrome/28.0.1500.95 Safari/537.36"
217.55.246.221 - - [13/Aug/2013:16:26:57 -0400] "GET /Enter_files/stroke_3.png HTTP/1.1" 200 78 "http://www.ninaninanina.com/Enter.html" "Mozilla/5.0 (Windows NT 6.2; WOW64) AppleWebKit/537.36 (KHTML, like Gecko) Chrome/28.0.1500.95 Safari/537.36"
199.30.16.49 - - [13/Aug/2013:16:35:55 -0400] "GET /robots.txt HTTP/1.1" 404 575 "-" "msnbot-media/1.1 (+http://search.msn.com/msnbot.htm)"
112.207.91.73 - - [13/Aug/2013:23:01:08 -0400] "GET /Enter_files/Enter.css HTTP/1.1" 200 6513 "http://www.ninaninanina.com/Enter.html" "Mozilla/5.0 (Windows NT 6.1) AppleWebKit/537.36 (KHTML, like Gecko) Chrome/28.0.1500.72 Safari/537.36"
112.207.91.73 - - [13/Aug/2013:23:01:09 -0400] "GET /Enter_files/nina%20camaro%20purpleEfx1.jpg HTTP/1.1" 200 83882 "http://www.ninaninanina.com/Enter.html" "Mozilla/5.0 (Windows NT 6.1) AppleWebKit/537.36 (KHTML, like Gecko) Chrome/28.0.1500.72 Safari/537.36"
112.207.91.73 - - [13/Aug/2013:23:01:10 -0400] "GET /Enter_files/WMWYL%20cvr.jpg HTTP/1.1" 200 22747 "http://www.ninaninanina.com/Enter.html" "Mozilla/5.0 (Windows NT 6.1) AppleWebKit/537.36 (KHTML, like Gecko) Chrome/28.0.1500.72 Safari/537.36"
112.207.91.73 - - [13/Aug/2013:23:01:11 -0400] "GET /Enter_files/stroke_2.png HTTP/1.1" 200 97 "http://www.ninaninanina.com/Enter.html" "Mozilla/5.0 (Windows NT 6.1) AppleWebKit/537.36 (KHTML, like Gecko) Chrome/28.0.1500.72 Safari/537.36"
71.224.43.54 - - [13/Aug/2013:19:58:41 -0400] "GET /Media/WRAP%20ME%20WITH%20YOUR%20LOVE%20M1_04.wav HTTP/1.1" 206 32727936 "-" "AppleCoreMedia/1.0.0.10B329 (iPhone; U; CPU OS 6_1_3 like Mac OS X; en_us)"
37.155.173.70 - - [13/Aug/2013:05:18:54 -0400] "GET /Studio_files/Studio.js HTTP/1.1" 200 2765 "http://www.ninaninanina.com/Studio.html" "Mozilla/5.0 (Windows NT 6.1) AppleWebKit/537.22 (KHTML, like Gecko) Chrome/25.0.1364.172 YaBrowser/1.7.1364.18260 Safari/537.22"
37.155.173.70 - - [13/Aug/2013:05:18:55 -0400] "GET /Studio_files/web%20wht%20car%202fx.jpg HTTP/1.1" 200 133917 "http://www.ninaninanina.com/Studio.html" "Mozilla/5.0 (Windows NT 6.1) AppleWebKit/537.22 (KHTML, like Gecko) Chrome/25.0.1364.172 YaBrowser/1.7.1364.18260 Safari/537.22"
37.155.173.70 - - [13/Aug/2013:05:18:57 -0400] "GET /Studio_files/WMWYL%20cvr.jpg HTTP/1.1" 200 13171 "http://www.ninaninanina.com/Studio.html" "Mozilla/5.0 (Windows NT 6.1) AppleWebKit/537.22 (KHTML, like Gecko) Chrome/25.0.1364.172 YaBrowser/1.7.1364.18260 Safari/537.22"
37.155.173.70 - - [13/Aug/2013:05:18:57 -0400] "GET /Studio_files/nina.jpg HTTP/1.1" 200 10536 "http://www.ninaninanina.com/Studio.html" "Mozilla/5.0 (Windows NT 6.1) AppleWebKit/537.22 (KHTML, like Gecko) Chrome/25.0.1364.172 YaBrowser/1.7.1364.18260 Safari/537.22"
37.155.173.70 - - [13/Aug/2013:05:18:58 -0400] "GET /Studio_files/revsd%20cover%2072.jpg HTTP/1.1" 200 11304 "http://www.ninaninanina.com/Studio.html" "Mozilla/5.0 (Windows NT 6.1) AppleWebKit/537.22 (KHTML, like Gecko) Chrome/25.0.1364.172 YaBrowser/1.7.1364.18260 Safari/537.22"
37.155.173.70 - - [13/Aug/2013:05:18:58 -0400] "GET /Studio_files/ASCAP_Member_high_res.jpg HTTP/1.1" 200 7868 "http://www.ninaninanina.com/Studio.html" "Mozilla/5.0 (Windows NT 6.1) AppleWebKit/537.22 (KHTML, like Gecko) Chrome/25.0.1364.172 YaBrowser/1.7.1364.18260 Safari/537.22"
199.30.20.15 - - [13/Aug/2013:14:35:45 -0400] "GET /robots.txt HTTP/1.1" 404 575 "-" "msnbot-media/1.1 (+http://search.msn.com/msnbot.htm)"
71.224.43.54 - - [13/Aug/2013:19:58:08 -0400] "GET /Media/WRAP%20ME%20WITH%20YOUR%20LOVE%20M1_04.wav HTTP/1.1" 304 - "-" "AppleCoreMedia/1.0.0.10B329 (iPhone; U; CPU OS 6_1_3 like Mac OS X; en_us)"
71.224.43.54 - - [13/Aug/2013:19:58:08 -0400] "GET /Media/WRAP%20ME%20WITH%20YOUR%20LOVE%20M1_04.wav HTTP/1.1" 206 40917240 "-" "AppleCoreMedia/1.0.0.10B329 (iPhone; U; CPU OS 6_1_3 like Mac OS X; en_us)"
199.30.20.17 - - [13/Aug/2013:01:27:54 -0400] "GET /robots.txt HTTP/1.1" 404 575 "-" "msnbot-media/1.1 (+http://search.msn.com/msnbot.htm)"
66.249.72.227 - - [13/Aug/2013:21:40:08 -0400] "GET /robots.txt HTTP/1.1" 404 575 "-" "Mozilla/5.0 (compatible; Googlebot/2.1; +http://www.google.com/bot.html)"
199.30.20.139 - - [13/Aug/2013:21:52:11 -0400] "GET /robots.txt HTTP/1.1" 404 575 "-" "msnbot-media/1.1 (+http://search.msn.com/msnbot.htm)"
199.21.99.90 - - [13/Aug/2013:22:10:56 -0400] "GET / HTTP/1.1" 200 307 "-" "Mozilla/5.0 (compatible; YandexBot/3.0; +http://yandex.com/bots)"
112.207.91.73 - - [13/Aug/2013:23:01:08 -0400] "GET /Scripts/iWebImage.js HTTP/1.1" 200 39662 "http://www.ninaninanina.com/Enter.html" "Mozilla/5.0 (Windows NT 6.1) AppleWebKit/537.36 (KHTML, like Gecko) Chrome/28.0.1500.72 Safari/537.36"
112.207.91.73 - - [13/Aug/2013:23:01:10 -0400] "GET /Enter_files/shapeimage_3.png HTTP/1.1" 200 22173 "http://www.ninaninanina.com/Enter.html" "Mozilla/5.0 (Windows NT 6.1) AppleWebKit/537.36 (KHTML, like Gecko) Chrome/28.0.1500.72 Safari/537.36"
112.207.91.73 - - [13/Aug/2013:23:01:10 -0400] "GET /feed.xml HTTP/1.1" 200 3844 "http://www.ninaninanina.com/Enter.html" "Mozilla/5.0 (Windows NT 6.1) AppleWebKit/537.36 (KHTML, like Gecko) Chrome/28.0.1500.72 Safari/537.36"
112.207.91.73 - - [13/Aug/2013:23:01:11 -0400] "GET /Enter_files/stroke_1.png HTTP/1.1" 200 78 "http://www.ninaninanina.com/Enter.html" "Mozilla/5.0 (Windows NT 6.1) AppleWebKit/537.36 (KHTML, like Gecko) Chrome/28.0.1500.72 Safari/537.36"
66.249.75.149 - - [13/Aug/2013:12:58:07 -0400] "HEAD / HTTP/1.1" 200 - "-" "Mozilla/5.0 (compatible; Googlebot/2.1; +http://www.google.com/bot.html)"
199.21.99.90 - - [13/Aug/2013:13:02:42 -0400] "GET /Enter.html HTTP/1.1" 200 13519 "-" "Mozilla/5.0 (compatible; YandexBot/3.0; +http://yandex.com/bots)"
180.76.6.211 - - [13/Aug/2013:19:09:46 -0400] "GET /robots.txt HTTP/1.1" 404 575 "-" "Mozilla/5.0 (Windows NT 5.1; rv:6.0.2) Gecko/20100101 Firefox/6.0.2"
199.21.99.90 - - [13/Aug/2013:10:50:35 -0400] "GET /robots.txt HTTP/1.1" 404 575 "-" "Mozilla/5.0 (compatible; YandexBot/3.0; +http://yandex.com/bots)"
199.30.16.49 - - [13/Aug/2013:16:35:55 -0400] "GET /Enter_files/WMWYL%20cvr.jpg HTTP/1.1" 200 22747 "-" "msnbot-media/1.1 (+http://search.msn.com/msnbot.htm)"
217.55.246.221 - - [13/Aug/2013:16:26:56 -0400] "GET /Enter_files/images3Fq3Dfacebook2Blogo%26usg%3D__b-uqSjglTcVg25PtvHovdNPpHgo%3D%26ei%3DpXO5SZvDIIHasAPHodRB%26sa%3DX%26oi%3Dimage_result%26resnum%3D1%26ct%3Dimage%26cd%3D1.jpg HTTP/1.1" 200 5033 "http://www.ninaninanina.com/Enter.html" "Mozilla/5.0 (Windows NT 6.2; WOW64) AppleWebKit/537.36 (KHTML, like Gecko) Chrome/28.0.1500.95 Safari/537.36"
217.55.246.221 - - [13/Aug/2013:16:26:57 -0400] "GET /Enter_files/stroke_5.png HTTP/1.1" 200 86 "http://www.ninaninanina.com/Enter.html" "Mozilla/5.0 (Windows NT 6.2; WOW64) AppleWebKit/537.36 (KHTML, like Gecko) Chrome/28.0.1500.95 Safari/537.36"
199.30.20.63 - - [13/Aug/2013:09:30:24 -0400] "GET /Enter_files/images-2.jpg HTTP/1.1" 200 1536 "-" "msnbot-media/1.1 (+http://search.msn.com/msnbot.htm)"
199.30.16.2 - - [13/Aug/2013:04:52:27 -0400] "GET /robots.txt HTTP/1.1" 404 575 "-" "msnbot-media/1.1 (+http://search.msn.com/msnbot.htm)"
