0byt3m1n1
Path:
/
data
/
0
/
0
/
100
/
72
/
100561
/
meta
/
101997
/
logs
/
[
Home
]
File: x-access_log.2013-08-18
157.55.35.113 - - [18/Aug/2013:09:33:06 -0400] "GET /Scripts/iWebImage.js HTTP/1.1" 200 39662 "-" "Mozilla/5.0 (compatible; bingbot/2.0; +http://www.bing.com/bingbot.htm)"
157.56.92.161 - - [18/Aug/2013:09:33:46 -0400] "GET /Studio_files/nina2.jpg HTTP/1.1" 200 8456 "-" "Mozilla/5.0 (compatible; bingbot/2.0; +http://www.bing.com/bingbot.htm)"
66.249.75.149 - - [18/Aug/2013:09:58:03 -0400] "GET /Studio.html HTTP/1.1" 304 - "-" "Mozilla/5.0 (compatible; Googlebot/2.1; +http://www.google.com/bot.html)"
199.30.25.95 - - [18/Aug/2013:10:33:41 -0400] "GET /Scripts/Widgets/SharedResources/WidgetCommon.js HTTP/1.1" 200 36124 "http://ninaninanina.com/Studio.html" "Mozilla/5.0 (Windows NT 6.1; WOW64) AppleWebKit/534+ (KHTML, like Gecko) BingPreview/1.0b"
199.30.25.95 - - [18/Aug/2013:10:33:42 -0400] "GET /Studio_files/images-4.jpg HTTP/1.1" 200 4927 "http://ninaninanina.com/Studio.html" "Mozilla/5.0 (Windows NT 6.1; WOW64) AppleWebKit/534+ (KHTML, like Gecko) BingPreview/1.0b"
199.30.25.95 - - [18/Aug/2013:10:33:43 -0400] "GET /Studio_files/Headlines_01.png HTTP/1.1" 200 84 "http://ninaninanina.com/Studio.html" "Mozilla/5.0 (Windows NT 6.1; WOW64) AppleWebKit/534+ (KHTML, like Gecko) BingPreview/1.0b"
199.30.25.95 - - [18/Aug/2013:10:33:43 -0400] "GET /Studio_files/Headlines_09.png HTTP/1.1" 200 83 "http://ninaninanina.com/Studio.html" "Mozilla/5.0 (Windows NT 6.1; WOW64) AppleWebKit/534+ (KHTML, like Gecko) BingPreview/1.0b"
199.30.25.95 - - [18/Aug/2013:10:33:44 -0400] "GET /Studio_files/Headlines_04.png HTTP/1.1" 200 90 "http://ninaninanina.com/Studio.html" "Mozilla/5.0 (Windows NT 6.1; WOW64) AppleWebKit/534+ (KHTML, like Gecko) BingPreview/1.0b"
199.30.25.95 - - [18/Aug/2013:10:33:44 -0400] "GET /Studio_files/Headlines_08.png HTTP/1.1" 200 89 "http://ninaninanina.com/Studio.html" "Mozilla/5.0 (Windows NT 6.1; WOW64) AppleWebKit/534+ (KHTML, like Gecko) BingPreview/1.0b"
199.30.25.95 - - [18/Aug/2013:10:33:44 -0400] "GET /Studio_files/comic-1_01.png HTTP/1.1" 200 112 "http://ninaninanina.com/Studio.html" "Mozilla/5.0 (Windows NT 6.1; WOW64) AppleWebKit/534+ (KHTML, like Gecko) BingPreview/1.0b"
199.30.25.95 - - [18/Aug/2013:10:33:45 -0400] "GET /Studio_files/comic-1_09.png HTTP/1.1" 200 140 "http://ninaninanina.com/Studio.html" "Mozilla/5.0 (Windows NT 6.1; WOW64) AppleWebKit/534+ (KHTML, like Gecko) BingPreview/1.0b"
199.30.25.95 - - [18/Aug/2013:10:33:45 -0400] "GET /Studio_files/comic-1_04.png HTTP/1.1" 200 159 "http://ninaninanina.com/Studio.html" "Mozilla/5.0 (Windows NT 6.1; WOW64) AppleWebKit/534+ (KHTML, like Gecko) BingPreview/1.0b"
199.30.25.95 - - [18/Aug/2013:10:33:45 -0400] "GET /Studio_files/comic-1_08.png HTTP/1.1" 200 358 "http://ninaninanina.com/Studio.html" "Mozilla/5.0 (Windows NT 6.1; WOW64) AppleWebKit/534+ (KHTML, like Gecko) BingPreview/1.0b"
172.1.28.20 - - [18/Aug/2013:19:00:58 -0400] "GET /Studio_files/Studio.css HTTP/1.1" 200 12448 "http://www.ninaninanina.com/Studio.html" "Mozilla/5.0 (Windows NT 6.1; WOW64; rv:23.0) Gecko/20100101 Firefox/23.0"
172.1.28.20 - - [18/Aug/2013:19:00:58 -0400] "GET /Studio_files/105.png HTTP/1.1" 200 30340 "http://www.ninaninanina.com/Studio.html" "Mozilla/5.0 (Windows NT 6.1; WOW64; rv:23.0) Gecko/20100101 Firefox/23.0"
172.1.28.20 - - [18/Aug/2013:19:00:58 -0400] "GET /Studio_files/Bestof_2011_1st_4c.png HTTP/1.1" 200 20537 "http://www.ninaninanina.com/Studio.html" "Mozilla/5.0 (Windows NT 6.1; WOW64; rv:23.0) Gecko/20100101 Firefox/23.0"
172.1.28.20 - - [18/Aug/2013:19:00:59 -0400] "GET /Studio_files/nina2.jpg HTTP/1.1" 200 8456 "http://www.ninaninanina.com/Studio.html" "Mozilla/5.0 (Windows NT 6.1; WOW64; rv:23.0) Gecko/20100101 Firefox/23.0"
172.1.28.20 - - [18/Aug/2013:19:00:59 -0400] "GET /Studio_files/ASCAP_Member_high_res.jpg HTTP/1.1" 200 7868 "http://www.ninaninanina.com/Studio.html" "Mozilla/5.0 (Windows NT 6.1; WOW64; rv:23.0) Gecko/20100101 Firefox/23.0"
172.1.28.20 - - [18/Aug/2013:19:00:59 -0400] "GET /Studio_files/abouttobreak%20cvr.jpg HTTP/1.1" 200 11200 "http://www.ninaninanina.com/Studio.html" "Mozilla/5.0 (Windows NT 6.1; WOW64; rv:23.0) Gecko/20100101 Firefox/23.0"
172.1.28.20 - - [18/Aug/2013:19:01:01 -0400] "GET /Studio_files/Headlines_09.png HTTP/1.1" 200 83 "http://www.ninaninanina.com/Studio.html" "Mozilla/5.0 (Windows NT 6.1; WOW64; rv:23.0) Gecko/20100101 Firefox/23.0"
172.1.28.20 - - [18/Aug/2013:19:01:01 -0400] "GET /Studio_files/comic-1_03.png HTTP/1.1" 200 121 "http://www.ninaninanina.com/Studio.html" "Mozilla/5.0 (Windows NT 6.1; WOW64; rv:23.0) Gecko/20100101 Firefox/23.0"
174.236.4.149 - - [18/Aug/2013:02:04:02 -0400] "GET /News_files/295146_10150937513113477_474073877_n.jpg HTTP/1.1" 200 29667 "http://www.google.com/search?client=safari&hl=en&biw=320&bih=356&ei=tWMQUpTlH6ig2QXKyYGQCQ&q=eric+schnackenberg&oq=eric+schnackenberg&gs_l=mobile-gws-serp.3..0j0i10i30j0i5i10i30l2.7017.7017.0.7620.1.1.0.0.0.0.332.332.3-1.1.0....0...1c.1.25.mobile-gws-serp..0.1.329.xUaqAdnme_E" "Mozilla/5.0 (iPhone; CPU iPhone OS 5_1 like Mac OS X) AppleWebKit/534.46 (KHTML, like Gecko) Version/5.1 Mobile/9B176 Safari/7534.48.3"
199.21.99.90 - - [18/Aug/2013:22:14:38 -0400] "GET /Enter_files/images3Fq3Dfacebook2Blogo%26usg%3D__b-uqSjglTcVg25PtvHovdNPpHgo%3D%26ei%3DpXO5SZvDIIHasAPHodRB%26sa%3DX%26oi%3Dimage_result%26resnum%3D1%26ct%3Dimage%26cd%3D1.jpg HTTP/1.1" 304 - "-" "Mozilla/5.0 (compatible; YandexImages/3.0; +http://yandex.com/bots)"
76.216.142.164 - - [18/Aug/2013:23:39:42 -0400] "GET /Studio_files/web%20wht%20car%202fx.jpg HTTP/1.1" 200 133917 "http://www.ninaninanina.com/Studio.html" "Mozilla/5.0 (iPad; CPU OS 6_1_3 like Mac OS X) AppleWebKit/536.26 (KHTML, like Gecko) Mobile/10B329"
24.46.193.95 - - [18/Aug/2013:05:19:42 -0400] "GET /Enter_files/Enter.css HTTP/1.1" 200 6513 "http://www.ninaninanina.com/Enter.html" "Mozilla/5.0 (iPhone; CPU iPhone OS 6_1_3 like Mac OS X) AppleWebKit/536.26 (KHTML, like Gecko) Version/6.0 Mobile/10B329 Safari/8536.25"
24.46.193.95 - - [18/Aug/2013:05:19:42 -0400] "GET /Enter_files/nina%20camaro%20purpleEfx1.jpg HTTP/1.1" 200 83882 "http://www.ninaninanina.com/Enter.html" "Mozilla/5.0 (iPhone; CPU iPhone OS 6_1_3 like Mac OS X) AppleWebKit/536.26 (KHTML, like Gecko) Version/6.0 Mobile/10B329 Safari/8536.25"
24.46.193.95 - - [18/Aug/2013:05:19:42 -0400] "GET /Enter_files/images-2.jpg HTTP/1.1" 200 1536 "http://www.ninaninanina.com/Enter.html" "Mozilla/5.0 (iPhone; CPU iPhone OS 6_1_3 like Mac OS X) AppleWebKit/536.26 (KHTML, like Gecko) Version/6.0 Mobile/10B329 Safari/8536.25"
157.56.92.161 - - [18/Aug/2013:09:42:27 -0400] "GET /Studio_files/ASCAP_Member_high_res.jpg HTTP/1.1" 200 7868 "-" "Mozilla/5.0 (compatible; bingbot/2.0; +http://www.bing.com/bingbot.htm)"
172.1.28.20 - - [18/Aug/2013:18:59:01 -0400] "GET / HTTP/1.1" 200 307 "http://www.facebook.com/NinaTolins/about" "Mozilla/5.0 (Windows NT 6.1; WOW64; rv:23.0) Gecko/20100101 Firefox/23.0"
172.1.28.20 - - [18/Aug/2013:18:59:05 -0400] "GET /favicon.ico HTTP/1.1" 404 575 "-" "Mozilla/5.0 (Windows NT 6.1; WOW64; rv:23.0) Gecko/20100101 Firefox/23.0"
172.1.28.20 - - [18/Aug/2013:18:59:06 -0400] "GET /Enter.html HTTP/1.1" 200 13519 "-" "Mozilla/5.0 (Windows NT 6.1; WOW64; rv:23.0) Gecko/20100101 Firefox/23.0"
172.1.28.20 - - [18/Aug/2013:18:59:06 -0400] "GET /Scripts/Widgets/SharedResources/WidgetCommon.js HTTP/1.1" 200 36124 "http://www.ninaninanina.com/Enter.html" "Mozilla/5.0 (Windows NT 6.1; WOW64; rv:23.0) Gecko/20100101 Firefox/23.0"
172.1.28.20 - - [18/Aug/2013:18:59:06 -0400] "GET /Enter_files/shapeimage_1.png HTTP/1.1" 200 2031 "http://www.ninaninanina.com/Enter.html" "Mozilla/5.0 (Windows NT 6.1; WOW64; rv:23.0) Gecko/20100101 Firefox/23.0"
172.1.28.20 - - [18/Aug/2013:18:59:07 -0400] "GET /Enter_files/shapeimage_2.png HTTP/1.1" 200 21370 "http://www.ninaninanina.com/Enter.html" "Mozilla/5.0 (Windows NT 6.1; WOW64; rv:23.0) Gecko/20100101 Firefox/23.0"
172.1.28.20 - - [18/Aug/2013:18:59:07 -0400] "GET /Enter_files/images-3.jpg HTTP/1.1" 200 2055 "http://www.ninaninanina.com/Enter.html" "Mozilla/5.0 (Windows NT 6.1; WOW64; rv:23.0) Gecko/20100101 Firefox/23.0"
172.1.28.20 - - [18/Aug/2013:18:59:07 -0400] "GET /Media/WRAP%20ME%20WITH%20YOUR%20LOVE%20M1_04.wav HTTP/1.1" 200 40917240 "http://www.ninaninanina.com/Enter.html" "Mozilla/5.0 (Windows NT 6.1; WOW64; rv:23.0) Gecko/20100101 Firefox/23.0"
76.216.142.164 - - [18/Aug/2013:23:39:03 -0400] "GET /Enter_files/Enter.js HTTP/1.1" 200 2821 "http://www.ninaninanina.com/Enter.html" "Mozilla/5.0 (iPad; CPU OS 6_1_3 like Mac OS X) AppleWebKit/536.26 (KHTML, like Gecko) Mobile/10B329"
76.216.142.164 - - [18/Aug/2013:23:39:04 -0400] "GET /Enter_files/nina%20camaro%20purpleEfx1.jpg HTTP/1.1" 200 83882 "http://www.ninaninanina.com/Enter.html" "Mozilla/5.0 (iPad; CPU OS 6_1_3 like Mac OS X) AppleWebKit/536.26 (KHTML, like Gecko) Mobile/10B329"
76.216.142.164 - - [18/Aug/2013:23:39:04 -0400] "GET /Enter_files/shapeimage_1.png HTTP/1.1" 200 2031 "http://www.ninaninanina.com/Enter.html" "Mozilla/5.0 (iPad; CPU OS 6_1_3 like Mac OS X) AppleWebKit/536.26 (KHTML, like Gecko) Mobile/10B329"
76.216.142.164 - - [18/Aug/2013:23:39:04 -0400] "GET /Enter_files/shapeimage_2.png HTTP/1.1" 200 21370 "http://www.ninaninanina.com/Enter.html" "Mozilla/5.0 (iPad; CPU OS 6_1_3 like Mac OS X) AppleWebKit/536.26 (KHTML, like Gecko) Mobile/10B329"
76.216.142.164 - - [18/Aug/2013:23:39:04 -0400] "GET /Enter_files/shapeimage_3.png HTTP/1.1" 200 22173 "http://www.ninaninanina.com/Enter.html" "Mozilla/5.0 (iPad; CPU OS 6_1_3 like Mac OS X) AppleWebKit/536.26 (KHTML, like Gecko) Mobile/10B329"
76.216.142.164 - - [18/Aug/2013:23:39:05 -0400] "GET /Enter_files/EYH%20vid%20cvr%201.jpg HTTP/1.1" 200 29662 "http://www.ninaninanina.com/Enter.html" "Mozilla/5.0 (iPad; CPU OS 6_1_3 like Mac OS X) AppleWebKit/536.26 (KHTML, like Gecko) Mobile/10B329"
76.216.142.164 - - [18/Aug/2013:23:39:06 -0400] "GET /Enter_files/images.jpg HTTP/1.1" 200 2098 "http://www.ninaninanina.com/Enter.html" "Mozilla/5.0 (iPad; CPU OS 6_1_3 like Mac OS X) AppleWebKit/536.26 (KHTML, like Gecko) Mobile/10B329"
76.216.142.164 - - [18/Aug/2013:23:39:07 -0400] "GET /Enter_files/images-2.jpg HTTP/1.1" 200 1536 "http://www.ninaninanina.com/Enter.html" "Mozilla/5.0 (iPad; CPU OS 6_1_3 like Mac OS X) AppleWebKit/536.26 (KHTML, like Gecko) Mobile/10B329"
76.216.142.164 - - [18/Aug/2013:23:39:07 -0400] "GET /Enter_files/images-3.jpg HTTP/1.1" 200 2055 "http://www.ninaninanina.com/Enter.html" "Mozilla/5.0 (iPad; CPU OS 6_1_3 like Mac OS X) AppleWebKit/536.26 (KHTML, like Gecko) Mobile/10B329"
76.216.142.164 - - [18/Aug/2013:23:39:07 -0400] "GET /Enter_files/WMWYL%20cvr.jpg HTTP/1.1" 200 22747 "http://www.ninaninanina.com/Enter.html" "Mozilla/5.0 (iPad; CPU OS 6_1_3 like Mac OS X) AppleWebKit/536.26 (KHTML, like Gecko) Mobile/10B329"
76.216.142.164 - - [18/Aug/2013:23:39:09 -0400] "GET /Enter_files/stroke.png HTTP/1.1" 200 100 "http://www.ninaninanina.com/Enter.html" "Mozilla/5.0 (iPad; CPU OS 6_1_3 like Mac OS X) AppleWebKit/536.26 (KHTML, like Gecko) Mobile/10B329"
76.216.142.164 - - [18/Aug/2013:23:39:09 -0400] "GET /Enter_files/stroke_5.png HTTP/1.1" 200 86 "http://www.ninaninanina.com/Enter.html" "Mozilla/5.0 (iPad; CPU OS 6_1_3 like Mac OS X) AppleWebKit/536.26 (KHTML, like Gecko) Mobile/10B329"
76.216.142.164 - - [18/Aug/2013:23:39:09 -0400] "GET /Enter_files/stroke_6.png HTTP/1.1" 200 112 "http://www.ninaninanina.com/Enter.html" "Mozilla/5.0 (iPad; CPU OS 6_1_3 like Mac OS X) AppleWebKit/536.26 (KHTML, like Gecko) Mobile/10B329"
76.216.142.164 - - [18/Aug/2013:23:39:09 -0400] "GET /Enter_files/stroke_7.png HTTP/1.1" 200 86 "http://www.ninaninanina.com/Enter.html" "Mozilla/5.0 (iPad; CPU OS 6_1_3 like Mac OS X) AppleWebKit/536.26 (KHTML, like Gecko) Mobile/10B329"
76.216.142.164 - - [18/Aug/2013:23:39:42 -0400] "GET /Studio_files/106.png HTTP/1.1" 200 26850 "http://www.ninaninanina.com/Studio.html" "Mozilla/5.0 (iPad; CPU OS 6_1_3 like Mac OS X) AppleWebKit/536.26 (KHTML, like Gecko) Mobile/10B329"
76.216.142.164 - - [18/Aug/2013:23:39:43 -0400] "GET /Studio_files/Bestof_2011_1st_4c.png HTTP/1.1" 200 20537 "http://www.ninaninanina.com/Studio.html" "Mozilla/5.0 (iPad; CPU OS 6_1_3 like Mac OS X) AppleWebKit/536.26 (KHTML, like Gecko) Mobile/10B329"
76.216.142.164 - - [18/Aug/2013:23:39:43 -0400] "GET /Studio_files/EYH%20vid%20cvr%201.jpg HTTP/1.1" 200 16218 "http://www.ninaninanina.com/Studio.html" "Mozilla/5.0 (iPad; CPU OS 6_1_3 like Mac OS X) AppleWebKit/536.26 (KHTML, like Gecko) Mobile/10B329"
76.216.142.164 - - [18/Aug/2013:23:39:44 -0400] "GET /Studio_files/ASCAP_Member_high_res.jpg HTTP/1.1" 200 7868 "http://www.ninaninanina.com/Studio.html" "Mozilla/5.0 (iPad; CPU OS 6_1_3 like Mac OS X) AppleWebKit/536.26 (KHTML, like Gecko) Mobile/10B329"
76.216.142.164 - - [18/Aug/2013:23:39:46 -0400] "GET /Studio_files/revsd%20cover%2072.jpg HTTP/1.1" 200 11304 "http://www.ninaninanina.com/Studio.html" "Mozilla/5.0 (iPad; CPU OS 6_1_3 like Mac OS X) AppleWebKit/536.26 (KHTML, like Gecko) Mobile/10B329"
76.216.142.164 - - [18/Aug/2013:23:39:47 -0400] "GET /Studio_files/nina.jpg HTTP/1.1" 200 10536 "http://www.ninaninanina.com/Studio.html" "Mozilla/5.0 (iPad; CPU OS 6_1_3 like Mac OS X) AppleWebKit/536.26 (KHTML, like Gecko) Mobile/10B329"
76.216.142.164 - - [18/Aug/2013:23:39:49 -0400] "GET /Studio_files/Headlines_07.png HTTP/1.1" 200 84 "http://www.ninaninanina.com/Studio.html" "Mozilla/5.0 (iPad; CPU OS 6_1_3 like Mac OS X) AppleWebKit/536.26 (KHTML, like Gecko) Mobile/10B329"
76.216.142.164 - - [18/Aug/2013:23:39:49 -0400] "GET /Studio_files/Headlines_02.png HTTP/1.1" 200 88 "http://www.ninaninanina.com/Studio.html" "Mozilla/5.0 (iPad; CPU OS 6_1_3 like Mac OS X) AppleWebKit/536.26 (KHTML, like Gecko) Mobile/10B329"
76.216.142.164 - - [18/Aug/2013:23:39:49 -0400] "GET /Studio_files/comic-1_09.png HTTP/1.1" 200 140 "http://www.ninaninanina.com/Studio.html" "Mozilla/5.0 (iPad; CPU OS 6_1_3 like Mac OS X) AppleWebKit/536.26 (KHTML, like Gecko) Mobile/10B329"
172.1.28.20 - - [18/Aug/2013:18:59:56 -0400] "GET /Enter_files/stroke_1.png HTTP/1.1" 200 78 "http://www.ninaninanina.com/Enter.html" "Mozilla/5.0 (Windows NT 6.1; WOW64; rv:23.0) Gecko/20100101 Firefox/23.0"
172.1.28.20 - - [18/Aug/2013:18:59:56 -0400] "GET /Enter_files/stroke_7.png HTTP/1.1" 200 86 "http://www.ninaninanina.com/Enter.html" "Mozilla/5.0 (Windows NT 6.1; WOW64; rv:23.0) Gecko/20100101 Firefox/23.0"
157.55.35.45 - - [18/Aug/2013:20:58:46 -0400] "GET /robots.txt HTTP/1.1" 404 575 "-" "Mozilla/5.0 (compatible; bingbot/2.0; +http://www.bing.com/bingbot.htm)"
199.30.25.95 - - [18/Aug/2013:10:33:42 -0400] "GET /Studio_files/34654_409133177595_746987595_4675873_3012627_n.jpg HTTP/1.1" 200 13476 "http://ninaninanina.com/Studio.html" "Mozilla/5.0 (Windows NT 6.1; WOW64) AppleWebKit/534+ (KHTML, like Gecko) BingPreview/1.0b"
199.30.25.95 - - [18/Aug/2013:10:33:43 -0400] "GET /Studio_files/Headlines_07.png HTTP/1.1" 200 84 "http://ninaninanina.com/Studio.html" "Mozilla/5.0 (Windows NT 6.1; WOW64) AppleWebKit/534+ (KHTML, like Gecko) BingPreview/1.0b"
199.30.25.95 - - [18/Aug/2013:10:33:44 -0400] "GET /Studio_files/Headlines_06.png HTTP/1.1" 200 92 "http://ninaninanina.com/Studio.html" "Mozilla/5.0 (Windows NT 6.1; WOW64) AppleWebKit/534+ (KHTML, like Gecko) BingPreview/1.0b"
199.30.25.95 - - [18/Aug/2013:10:33:44 -0400] "GET /Studio_files/comic-1_07.png HTTP/1.1" 200 123 "http://ninaninanina.com/Studio.html" "Mozilla/5.0 (Windows NT 6.1; WOW64) AppleWebKit/534+ (KHTML, like Gecko) BingPreview/1.0b"
199.30.25.95 - - [18/Aug/2013:10:33:45 -0400] "GET /Studio_files/comic-1_06.png HTTP/1.1" 200 241 "http://ninaninanina.com/Studio.html" "Mozilla/5.0 (Windows NT 6.1; WOW64) AppleWebKit/534+ (KHTML, like Gecko) BingPreview/1.0b"
92.39.209.81 - - [18/Aug/2013:12:31:39 -0400] "GET /Studio_files/web%20wht%20car%202fx.jpg HTTP/1.1" 200 133917 "http://www.ninaninanina.com/Studio.html" "Mozilla/5.0 (Windows NT 5.1) AppleWebKit/537.36 (KHTML, like Gecko) Chrome/28.0.1500.95 Safari/537.36"
88.80.59.108 - - [18/Aug/2013:12:56:10 -0400] "GET / HTTP/1.1" 200 307 "http://cfsrating.sonicwall.com:8080/cfs/actions/rating.do" "Mozilla/5.0 (Windows NT 5.1; rv:23.0) Gecko/20100101 Firefox/23.0"
88.80.59.108 - - [18/Aug/2013:12:56:11 -0400] "GET /Enter.html HTTP/1.1" 200 13519 "-" "Mozilla/5.0 (Windows NT 5.1; rv:23.0) Gecko/20100101 Firefox/23.0"
88.80.59.108 - - [18/Aug/2013:12:56:12 -0400] "GET /Enter_files/Enter.js HTTP/1.1" 200 2821 "http://www.ninaninanina.com/Enter.html" "Mozilla/5.0 (Windows NT 5.1; rv:23.0) Gecko/20100101 Firefox/23.0"
66.249.75.149 - - [18/Aug/2013:18:58:11 -0400] "GET /News.html HTTP/1.1" 304 - "-" "Mozilla/5.0 (compatible; Googlebot/2.1; +http://www.google.com/bot.html)"
92.39.209.81 - - [18/Aug/2013:12:30:47 -0400] "GET / HTTP/1.1" 200 307 "http://cfsrating.sonicwall.com:8080/cfs/actions/rating.do" "Mozilla/5.0 (Windows NT 5.1) AppleWebKit/537.36 (KHTML, like Gecko) Chrome/28.0.1500.95 Safari/537.36"
92.39.209.81 - - [18/Aug/2013:12:30:48 -0400] "GET /Enter.html HTTP/1.1" 200 13519 "http://www.ninaninanina.com/" "Mozilla/5.0 (Windows NT 5.1) AppleWebKit/537.36 (KHTML, like Gecko) Chrome/28.0.1500.95 Safari/537.36"
88.80.59.108 - - [18/Aug/2013:12:57:26 -0400] "GET /Enter_files/stroke_2.png HTTP/1.1" 200 97 "http://www.ninaninanina.com/Enter.html" "Mozilla/5.0 (Windows NT 5.1; rv:23.0) Gecko/20100101 Firefox/23.0"
199.30.20.47 - - [18/Aug/2013:17:51:43 -0400] "GET /robots.txt HTTP/1.1" 404 575 "-" "msnbot-media/1.1 (+http://search.msn.com/msnbot.htm)"
199.30.20.47 - - [18/Aug/2013:17:51:43 -0400] "GET /FanZpot_files/shapeimage_1.jpg HTTP/1.1" 200 933 "-" "msnbot-media/1.1 (+http://search.msn.com/msnbot.htm)"
95.31.17.139 - - [18/Aug/2013:08:37:27 -0400] "GET /check_configuration.php HTTP/1.1" 404 575 "http://ninaninanina.com/check_configuration.php" "Mozilla/4.0 (compatible; MSIE 6.0; Windows NT 5.1; SV1)"
172.1.28.20 - - [18/Aug/2013:19:00:58 -0400] "GET /Studio_files/Studio.js HTTP/1.1" 200 2765 "http://www.ninaninanina.com/Studio.html" "Mozilla/5.0 (Windows NT 6.1; WOW64; rv:23.0) Gecko/20100101 Firefox/23.0"
172.1.28.20 - - [18/Aug/2013:19:00:58 -0400] "GET /Studio_files/shapeimage_2.png HTTP/1.1" 200 232197 "http://www.ninaninanina.com/Studio.html" "Mozilla/5.0 (Windows NT 6.1; WOW64; rv:23.0) Gecko/20100101 Firefox/23.0"
172.1.28.20 - - [18/Aug/2013:19:00:58 -0400] "GET /Studio_files/WMWYL%20cvr.jpg HTTP/1.1" 200 13171 "http://www.ninaninanina.com/Studio.html" "Mozilla/5.0 (Windows NT 6.1; WOW64; rv:23.0) Gecko/20100101 Firefox/23.0"
172.1.28.20 - - [18/Aug/2013:19:01:01 -0400] "GET /Studio_files/StudioMoz.css HTTP/1.1" 200 128 "http://www.ninaninanina.com/Studio.html" "Mozilla/5.0 (Windows NT 6.1; WOW64; rv:23.0) Gecko/20100101 Firefox/23.0"
172.1.28.20 - - [18/Aug/2013:19:01:01 -0400] "GET /Studio_files/Headlines_01.png HTTP/1.1" 200 84 "http://www.ninaninanina.com/Studio.html" "Mozilla/5.0 (Windows NT 6.1; WOW64; rv:23.0) Gecko/20100101 Firefox/23.0"
172.1.28.20 - - [18/Aug/2013:19:01:01 -0400] "GET /Studio_files/Headlines_02.png HTTP/1.1" 200 88 "http://www.ninaninanina.com/Studio.html" "Mozilla/5.0 (Windows NT 6.1; WOW64; rv:23.0) Gecko/20100101 Firefox/23.0"
172.1.28.20 - - [18/Aug/2013:19:01:01 -0400] "GET /Studio_files/comic-1_04.png HTTP/1.1" 200 159 "http://www.ninaninanina.com/Studio.html" "Mozilla/5.0 (Windows NT 6.1; WOW64; rv:23.0) Gecko/20100101 Firefox/23.0"
76.216.142.164 - - [18/Aug/2013:23:39:09 -0400] "GET /Enter_files/stroke_1.png HTTP/1.1" 200 78 "http://www.ninaninanina.com/Enter.html" "Mozilla/5.0 (iPad; CPU OS 6_1_3 like Mac OS X) AppleWebKit/536.26 (KHTML, like Gecko) Mobile/10B329"
76.216.142.164 - - [18/Aug/2013:23:39:09 -0400] "GET /Enter_files/stroke_2.png HTTP/1.1" 200 97 "http://www.ninaninanina.com/Enter.html" "Mozilla/5.0 (iPad; CPU OS 6_1_3 like Mac OS X) AppleWebKit/536.26 (KHTML, like Gecko) Mobile/10B329"
199.30.25.95 - - [18/Aug/2013:10:33:42 -0400] "GET /Studio_files/abouttobreak%20cvr.jpg HTTP/1.1" 200 11200 "http://ninaninanina.com/Studio.html" "Mozilla/5.0 (Windows NT 6.1; WOW64) AppleWebKit/534+ (KHTML, like Gecko) BingPreview/1.0b"
199.30.25.95 - - [18/Aug/2013:10:33:43 -0400] "GET /Studio_files/Headlines_03.png HTTP/1.1" 200 83 "http://ninaninanina.com/Studio.html" "Mozilla/5.0 (Windows NT 6.1; WOW64) AppleWebKit/534+ (KHTML, like Gecko) BingPreview/1.0b"
199.30.25.95 - - [18/Aug/2013:10:33:44 -0400] "GET /Studio_files/Headlines_02.png HTTP/1.1" 200 88 "http://ninaninanina.com/Studio.html" "Mozilla/5.0 (Windows NT 6.1; WOW64) AppleWebKit/534+ (KHTML, like Gecko) BingPreview/1.0b"
199.30.25.95 - - [18/Aug/2013:10:33:44 -0400] "GET /Studio_files/comic-1_03.png HTTP/1.1" 200 121 "http://ninaninanina.com/Studio.html" "Mozilla/5.0 (Windows NT 6.1; WOW64) AppleWebKit/534+ (KHTML, like Gecko) BingPreview/1.0b"
199.30.25.95 - - [18/Aug/2013:10:33:45 -0400] "GET /Studio_files/comic-1_02.png HTTP/1.1" 200 179 "http://ninaninanina.com/Studio.html" "Mozilla/5.0 (Windows NT 6.1; WOW64) AppleWebKit/534+ (KHTML, like Gecko) BingPreview/1.0b"
88.80.59.108 - - [18/Aug/2013:12:56:12 -0400] "GET /Scripts/Widgets/SharedResources/WidgetCommon.js HTTP/1.1" 200 36124 "http://www.ninaninanina.com/Enter.html" "Mozilla/5.0 (Windows NT 5.1; rv:23.0) Gecko/20100101 Firefox/23.0"
68.197.210.145 - - [18/Aug/2013:14:19:24 -0400] "GET / HTTP/1.1" 200 307 "-" "Mozilla/5.0 (iPhone; CPU iPhone OS 5_1_1 like Mac OS X) AppleWebKit/534.46 (KHTML, like Gecko) Version/5.1 Mobile/9B206 Safari/7534.48.3"
68.197.210.145 - - [18/Aug/2013:14:19:24 -0400] "GET /Enter.html HTTP/1.1" 200 13519 "http://www.ninaninanina.com/" "Mozilla/5.0 (iPhone; CPU iPhone OS 5_1_1 like Mac OS X) AppleWebKit/534.46 (KHTML, like Gecko) Version/5.1 Mobile/9B206 Safari/7534.48.3"
68.197.210.145 - - [18/Aug/2013:14:19:25 -0400] "GET /Scripts/Widgets/SharedResources/WidgetCommon.js HTTP/1.1" 200 36124 "http://www.ninaninanina.com/Enter.html" "Mozilla/5.0 (iPhone; CPU iPhone OS 5_1_1 like Mac OS X) AppleWebKit/534.46 (KHTML, like Gecko) Version/5.1 Mobile/9B206 Safari/7534.48.3"
68.197.210.145 - - [18/Aug/2013:14:19:26 -0400] "GET /Enter_files/nina%20camaro%20purpleEfx1.jpg HTTP/1.1" 200 83882 "http://www.ninaninanina.com/Enter.html" "Mozilla/5.0 (iPhone; CPU iPhone OS 5_1_1 like Mac OS X) AppleWebKit/534.46 (KHTML, like Gecko) Version/5.1 Mobile/9B206 Safari/7534.48.3"
68.197.210.145 - - [18/Aug/2013:14:19:27 -0400] "GET /Enter_files/shapeimage_2.png HTTP/1.1" 200 21370 "http://www.ninaninanina.com/Enter.html" "Mozilla/5.0 (iPhone; CPU iPhone OS 5_1_1 like Mac OS X) AppleWebKit/534.46 (KHTML, like Gecko) Version/5.1 Mobile/9B206 Safari/7534.48.3"
68.197.210.145 - - [18/Aug/2013:14:19:27 -0400] "GET /Enter_files/shapeimage_3.png HTTP/1.1" 200 22173 "http://www.ninaninanina.com/Enter.html" "Mozilla/5.0 (iPhone; CPU iPhone OS 5_1_1 like Mac OS X) AppleWebKit/534.46 (KHTML, like Gecko) Version/5.1 Mobile/9B206 Safari/7534.48.3"
68.197.210.145 - - [18/Aug/2013:14:19:27 -0400] "GET /Enter_files/EYH%20vid%20cvr%201.jpg HTTP/1.1" 200 29662 "http://www.ninaninanina.com/Enter.html" "Mozilla/5.0 (iPhone; CPU iPhone OS 5_1_1 like Mac OS X) AppleWebKit/534.46 (KHTML, like Gecko) Version/5.1 Mobile/9B206 Safari/7534.48.3"
68.197.210.145 - - [18/Aug/2013:14:19:27 -0400] "GET /Enter_files/stroke.png HTTP/1.1" 200 100 "http://www.ninaninanina.com/Enter.html" "Mozilla/5.0 (iPhone; CPU iPhone OS 5_1_1 like Mac OS X) AppleWebKit/534.46 (KHTML, like Gecko) Version/5.1 Mobile/9B206 Safari/7534.48.3"
68.197.210.145 - - [18/Aug/2013:14:19:27 -0400] "GET /Enter_files/stroke_6.png HTTP/1.1" 200 112 "http://www.ninaninanina.com/Enter.html" "Mozilla/5.0 (iPhone; CPU iPhone OS 5_1_1 like Mac OS X) AppleWebKit/534.46 (KHTML, like Gecko) Version/5.1 Mobile/9B206 Safari/7534.48.3"
172.1.28.20 - - [18/Aug/2013:18:59:06 -0400] "GET /Scripts/iWebImage.js HTTP/1.1" 200 39662 "http://www.ninaninanina.com/Enter.html" "Mozilla/5.0 (Windows NT 6.1; WOW64; rv:23.0) Gecko/20100101 Firefox/23.0"
172.1.28.20 - - [18/Aug/2013:18:59:06 -0400] "GET /Enter_files/nina%20camaro%20purpleEfx1.jpg HTTP/1.1" 200 83882 "http://www.ninaninanina.com/Enter.html" "Mozilla/5.0 (Windows NT 6.1; WOW64; rv:23.0) Gecko/20100101 Firefox/23.0"
172.1.28.20 - - [18/Aug/2013:18:59:55 -0400] "GET /Enter_files/EnterMoz.css HTTP/1.1" 200 128 "http://www.ninaninanina.com/Enter.html" "Mozilla/5.0 (Windows NT 6.1; WOW64; rv:23.0) Gecko/20100101 Firefox/23.0"
172.1.28.20 - - [18/Aug/2013:18:59:56 -0400] "GET /Enter_files/stroke.png HTTP/1.1" 200 100 "http://www.ninaninanina.com/Enter.html" "Mozilla/5.0 (Windows NT 6.1; WOW64; rv:23.0) Gecko/20100101 Firefox/23.0"
172.1.28.20 - - [18/Aug/2013:18:59:56 -0400] "GET /Enter_files/stroke_6.png HTTP/1.1" 200 112 "http://www.ninaninanina.com/Enter.html" "Mozilla/5.0 (Windows NT 6.1; WOW64; rv:23.0) Gecko/20100101 Firefox/23.0"
76.216.142.164 - - [18/Aug/2013:23:39:46 -0400] "GET /Studio_files/abouttobreak%20cvr.jpg HTTP/1.1" 200 11200 "http://www.ninaninanina.com/Studio.html" "Mozilla/5.0 (iPad; CPU OS 6_1_3 like Mac OS X) AppleWebKit/536.26 (KHTML, like Gecko) Mobile/10B329"
76.216.142.164 - - [18/Aug/2013:23:39:47 -0400] "GET /Studio_files/images-4.jpg HTTP/1.1" 200 4927 "http://www.ninaninanina.com/Studio.html" "Mozilla/5.0 (iPad; CPU OS 6_1_3 like Mac OS X) AppleWebKit/536.26 (KHTML, like Gecko) Mobile/10B329"
76.216.142.164 - - [18/Aug/2013:23:39:49 -0400] "GET /Studio_files/Headlines_03.png HTTP/1.1" 200 83 "http://www.ninaninanina.com/Studio.html" "Mozilla/5.0 (iPad; CPU OS 6_1_3 like Mac OS X) AppleWebKit/536.26 (KHTML, like Gecko) Mobile/10B329"
76.216.142.164 - - [18/Aug/2013:23:39:49 -0400] "GET /Studio_files/Headlines_08.png HTTP/1.1" 200 89 "http://www.ninaninanina.com/Studio.html" "Mozilla/5.0 (iPad; CPU OS 6_1_3 like Mac OS X) AppleWebKit/536.26 (KHTML, like Gecko) Mobile/10B329"
76.216.142.164 - - [18/Aug/2013:23:39:49 -0400] "GET /Studio_files/comic-1_04.png HTTP/1.1" 200 159 "http://www.ninaninanina.com/Studio.html" "Mozilla/5.0 (iPad; CPU OS 6_1_3 like Mac OS X) AppleWebKit/536.26 (KHTML, like Gecko) Mobile/10B329"
92.39.209.81 - - [18/Aug/2013:12:31:30 -0400] "GET /favicon.ico HTTP/1.1" 404 575 "-" "Mozilla/5.0 (Windows NT 5.1) AppleWebKit/537.36 (KHTML, like Gecko) Chrome/28.0.1500.95 Safari/537.36"
24.46.193.95 - - [18/Aug/2013:05:19:42 -0400] "GET /Enter_files/images-8.jpg HTTP/1.1" 200 1701 "http://www.ninaninanina.com/Enter.html" "Mozilla/5.0 (iPhone; CPU iPhone OS 6_1_3 like Mac OS X) AppleWebKit/536.26 (KHTML, like Gecko) Version/6.0 Mobile/10B329 Safari/8536.25"
24.46.193.95 - - [18/Aug/2013:05:19:42 -0400] "GET /Enter_files/shapeimage_2.png HTTP/1.1" 200 21370 "http://www.ninaninanina.com/Enter.html" "Mozilla/5.0 (iPhone; CPU iPhone OS 6_1_3 like Mac OS X) AppleWebKit/536.26 (KHTML, like Gecko) Version/6.0 Mobile/10B329 Safari/8536.25"
24.46.193.95 - - [18/Aug/2013:05:19:42 -0400] "GET /Enter_files/images-3.jpg HTTP/1.1" 200 2055 "http://www.ninaninanina.com/Enter.html" "Mozilla/5.0 (iPhone; CPU iPhone OS 6_1_3 like Mac OS X) AppleWebKit/536.26 (KHTML, like Gecko) Version/6.0 Mobile/10B329 Safari/8536.25"
157.55.35.113 - - [18/Aug/2013:09:41:48 -0400] "GET /Studio_files/shapeimage_3.png HTTP/1.1" 200 31637 "-" "Mozilla/5.0 (compatible; bingbot/2.0; +http://www.bing.com/bingbot.htm)"
76.216.142.164 - - [18/Aug/2013:23:39:42 -0400] "GET /Studio_files/105.png HTTP/1.1" 200 30340 "http://www.ninaninanina.com/Studio.html" "Mozilla/5.0 (iPad; CPU OS 6_1_3 like Mac OS X) AppleWebKit/536.26 (KHTML, like Gecko) Mobile/10B329"
76.216.142.164 - - [18/Aug/2013:23:39:43 -0400] "GET /Studio_files/brdy%20li%202010.jpg HTTP/1.1" 200 12566 "http://www.ninaninanina.com/Studio.html" "Mozilla/5.0 (iPad; CPU OS 6_1_3 like Mac OS X) AppleWebKit/536.26 (KHTML, like Gecko) Mobile/10B329"
76.216.142.164 - - [18/Aug/2013:23:39:43 -0400] "GET /Studio_files/WMWYL%20cvr.jpg HTTP/1.1" 200 13171 "http://www.ninaninanina.com/Studio.html" "Mozilla/5.0 (iPad; CPU OS 6_1_3 like Mac OS X) AppleWebKit/536.26 (KHTML, like Gecko) Mobile/10B329"
76.216.142.164 - - [18/Aug/2013:23:39:43 -0400] "GET /Studio_files/gabriel%20promo%20web.jpg HTTP/1.1" 200 10131 "http://www.ninaninanina.com/Studio.html" "Mozilla/5.0 (iPad; CPU OS 6_1_3 like Mac OS X) AppleWebKit/536.26 (KHTML, like Gecko) Mobile/10B329"
76.216.142.164 - - [18/Aug/2013:23:39:46 -0400] "GET /Studio_files/NNN%20cvr%20art.jpg HTTP/1.1" 200 12329 "http://www.ninaninanina.com/Studio.html" "Mozilla/5.0 (iPad; CPU OS 6_1_3 like Mac OS X) AppleWebKit/536.26 (KHTML, like Gecko) Mobile/10B329"
76.216.142.164 - - [18/Aug/2013:23:39:47 -0400] "GET /Studio_files/34682_409133932595_746987595_4675882_5117808_n.jpg HTTP/1.1" 200 20696 "http://www.ninaninanina.com/Studio.html" "Mozilla/5.0 (iPad; CPU OS 6_1_3 like Mac OS X) AppleWebKit/536.26 (KHTML, like Gecko) Mobile/10B329"
76.216.142.164 - - [18/Aug/2013:23:39:49 -0400] "GET /Studio_files/Headlines_01.png HTTP/1.1" 200 84 "http://www.ninaninanina.com/Studio.html" "Mozilla/5.0 (iPad; CPU OS 6_1_3 like Mac OS X) AppleWebKit/536.26 (KHTML, like Gecko) Mobile/10B329"
76.216.142.164 - - [18/Aug/2013:23:39:49 -0400] "GET /Studio_files/Headlines_06.png HTTP/1.1" 200 92 "http://www.ninaninanina.com/Studio.html" "Mozilla/5.0 (iPad; CPU OS 6_1_3 like Mac OS X) AppleWebKit/536.26 (KHTML, like Gecko) Mobile/10B329"
76.216.142.164 - - [18/Aug/2013:23:39:49 -0400] "GET /Studio_files/comic-1_03.png HTTP/1.1" 200 121 "http://www.ninaninanina.com/Studio.html" "Mozilla/5.0 (iPad; CPU OS 6_1_3 like Mac OS X) AppleWebKit/536.26 (KHTML, like Gecko) Mobile/10B329"
76.216.142.164 - - [18/Aug/2013:23:39:49 -0400] "GET /Studio_files/comic-1_08.png HTTP/1.1" 200 358 "http://www.ninaninanina.com/Studio.html" "Mozilla/5.0 (iPad; CPU OS 6_1_3 like Mac OS X) AppleWebKit/536.26 (KHTML, like Gecko) Mobile/10B329"
92.39.209.81 - - [18/Aug/2013:12:30:51 -0400] "GET /Enter_files/nina%20camaro%20purpleEfx1.jpg HTTP/1.1" 200 83882 "http://www.ninaninanina.com/Enter.html" "Mozilla/5.0 (Windows NT 5.1) AppleWebKit/537.36 (KHTML, like Gecko) Chrome/28.0.1500.95 Safari/537.36"
68.197.210.145 - - [18/Aug/2013:14:19:24 -0400] "GET /Enter_files/Enter.css HTTP/1.1" 200 6513 "http://www.ninaninanina.com/Enter.html" "Mozilla/5.0 (iPhone; CPU iPhone OS 5_1_1 like Mac OS X) AppleWebKit/534.46 (KHTML, like Gecko) Version/5.1 Mobile/9B206 Safari/7534.48.3"
68.197.210.145 - - [18/Aug/2013:14:19:25 -0400] "GET /Scripts/iWebSite.js HTTP/1.1" 200 146115 "http://www.ninaninanina.com/Enter.html" "Mozilla/5.0 (iPhone; CPU iPhone OS 5_1_1 like Mac OS X) AppleWebKit/534.46 (KHTML, like Gecko) Version/5.1 Mobile/9B206 Safari/7534.48.3"
68.197.210.145 - - [18/Aug/2013:14:19:25 -0400] "GET /Scripts/Widgets/Navbar/navbar.js HTTP/1.1" 200 5986 "http://www.ninaninanina.com/Enter.html" "Mozilla/5.0 (iPhone; CPU iPhone OS 5_1_1 like Mac OS X) AppleWebKit/534.46 (KHTML, like Gecko) Version/5.1 Mobile/9B206 Safari/7534.48.3"
68.197.210.145 - - [18/Aug/2013:14:19:26 -0400] "GET /Enter_files/shapeimage_1.png HTTP/1.1" 200 2031 "http://www.ninaninanina.com/Enter.html" "Mozilla/5.0 (iPhone; CPU iPhone OS 5_1_1 like Mac OS X) AppleWebKit/534.46 (KHTML, like Gecko) Version/5.1 Mobile/9B206 Safari/7534.48.3"
68.197.210.145 - - [18/Aug/2013:14:19:26 -0400] "GET /Enter_files/images-8.jpg HTTP/1.1" 200 1701 "http://www.ninaninanina.com/Enter.html" "Mozilla/5.0 (iPhone; CPU iPhone OS 5_1_1 like Mac OS X) AppleWebKit/534.46 (KHTML, like Gecko) Version/5.1 Mobile/9B206 Safari/7534.48.3"
68.197.210.145 - - [18/Aug/2013:14:19:26 -0400] "GET /Enter_files/images.jpg HTTP/1.1" 200 2098 "http://www.ninaninanina.com/Enter.html" "Mozilla/5.0 (iPhone; CPU iPhone OS 5_1_1 like Mac OS X) AppleWebKit/534.46 (KHTML, like Gecko) Version/5.1 Mobile/9B206 Safari/7534.48.3"
68.197.210.145 - - [18/Aug/2013:14:19:26 -0400] "GET /Enter_files/images-2.jpg HTTP/1.1" 200 1536 "http://www.ninaninanina.com/Enter.html" "Mozilla/5.0 (iPhone; CPU iPhone OS 5_1_1 like Mac OS X) AppleWebKit/534.46 (KHTML, like Gecko) Version/5.1 Mobile/9B206 Safari/7534.48.3"
68.197.210.145 - - [18/Aug/2013:14:19:26 -0400] "GET /Enter_files/images-3.jpg HTTP/1.1" 200 2055 "http://www.ninaninanina.com/Enter.html" "Mozilla/5.0 (iPhone; CPU iPhone OS 5_1_1 like Mac OS X) AppleWebKit/534.46 (KHTML, like Gecko) Version/5.1 Mobile/9B206 Safari/7534.48.3"
68.197.210.145 - - [18/Aug/2013:14:19:26 -0400] "GET /feed.xml HTTP/1.1" 200 3844 "http://www.ninaninanina.com/Enter.html" "Mozilla/5.0 (iPhone; CPU iPhone OS 5_1_1 like Mac OS X) AppleWebKit/534.46 (KHTML, like Gecko) Version/5.1 Mobile/9B206 Safari/7534.48.3"
68.197.210.145 - - [18/Aug/2013:14:19:27 -0400] "GET /Enter_files/stroke_1.png HTTP/1.1" 200 78 "http://www.ninaninanina.com/Enter.html" "Mozilla/5.0 (iPhone; CPU iPhone OS 5_1_1 like Mac OS X) AppleWebKit/534.46 (KHTML, like Gecko) Version/5.1 Mobile/9B206 Safari/7534.48.3"
68.197.210.145 - - [18/Aug/2013:14:19:27 -0400] "GET /Enter_files/stroke_2.png HTTP/1.1" 200 97 "http://www.ninaninanina.com/Enter.html" "Mozilla/5.0 (iPhone; CPU iPhone OS 5_1_1 like Mac OS X) AppleWebKit/534.46 (KHTML, like Gecko) Version/5.1 Mobile/9B206 Safari/7534.48.3"
68.197.210.145 - - [18/Aug/2013:14:19:28 -0400] "GET /Enter_files/stroke_7.png HTTP/1.1" 200 86 "http://www.ninaninanina.com/Enter.html" "Mozilla/5.0 (iPhone; CPU iPhone OS 5_1_1 like Mac OS X) AppleWebKit/534.46 (KHTML, like Gecko) Version/5.1 Mobile/9B206 Safari/7534.48.3"
172.1.28.20 - - [18/Aug/2013:18:59:06 -0400] "GET /favicon.ico HTTP/1.1" 404 575 "-" "Mozilla/5.0 (Windows NT 6.1; WOW64; rv:23.0) Gecko/20100101 Firefox/23.0"
172.1.28.20 - - [18/Aug/2013:18:59:06 -0400] "GET /Enter_files/Enter.js HTTP/1.1" 200 2821 "http://www.ninaninanina.com/Enter.html" "Mozilla/5.0 (Windows NT 6.1; WOW64; rv:23.0) Gecko/20100101 Firefox/23.0"
172.1.28.20 - - [18/Aug/2013:18:59:06 -0400] "GET /Enter_files/images3Fq3Dtwitter2Blogos26hl3Den26client3Dfirefox-a26rls3Dorg.jpg HTTP/1.1" 200 5062 "http://www.ninaninanina.com/Enter.html" "Mozilla/5.0 (Windows NT 6.1; WOW64; rv:23.0) Gecko/20100101 Firefox/23.0"
172.1.28.20 - - [18/Aug/2013:18:59:07 -0400] "GET /Enter_files/shapeimage_3.png HTTP/1.1" 200 22173 "http://www.ninaninanina.com/Enter.html" "Mozilla/5.0 (Windows NT 6.1; WOW64; rv:23.0) Gecko/20100101 Firefox/23.0"
172.1.28.20 - - [18/Aug/2013:19:00:58 -0400] "GET /Studio_files/shapeimage_3.png HTTP/1.1" 200 31637 "http://www.ninaninanina.com/Studio.html" "Mozilla/5.0 (Windows NT 6.1; WOW64; rv:23.0) Gecko/20100101 Firefox/23.0"
172.1.28.20 - - [18/Aug/2013:19:00:58 -0400] "GET /Studio_files/images-1.jpg HTTP/1.1" 200 6805 "http://www.ninaninanina.com/Studio.html" "Mozilla/5.0 (Windows NT 6.1; WOW64; rv:23.0) Gecko/20100101 Firefox/23.0"
172.1.28.20 - - [18/Aug/2013:19:01:01 -0400] "GET /Studio_files/Headlines_03.png HTTP/1.1" 200 83 "http://www.ninaninanina.com/Studio.html" "Mozilla/5.0 (Windows NT 6.1; WOW64; rv:23.0) Gecko/20100101 Firefox/23.0"
172.1.28.20 - - [18/Aug/2013:19:01:01 -0400] "GET /Studio_files/comic-1_09.png HTTP/1.1" 200 140 "http://www.ninaninanina.com/Studio.html" "Mozilla/5.0 (Windows NT 6.1; WOW64; rv:23.0) Gecko/20100101 Firefox/23.0"
92.39.209.81 - - [18/Aug/2013:12:31:21 -0400] "GET /feed.xml HTTP/1.1" 200 3844 "http://www.ninaninanina.com/Enter.html" "Mozilla/5.0 (Windows NT 5.1) AppleWebKit/537.36 (KHTML, like Gecko) Chrome/28.0.1500.95 Safari/537.36"
92.39.209.81 - - [18/Aug/2013:12:31:21 -0400] "GET /Enter_files/stroke_5.png HTTP/1.1" 200 86 "http://www.ninaninanina.com/Enter.html" "Mozilla/5.0 (Windows NT 5.1) AppleWebKit/537.36 (KHTML, like Gecko) Chrome/28.0.1500.95 Safari/537.36"
68.197.210.145 - - [18/Aug/2013:14:19:25 -0400] "GET /Enter_files/Enter.js HTTP/1.1" 200 2821 "http://www.ninaninanina.com/Enter.html" "Mozilla/5.0 (iPhone; CPU iPhone OS 5_1_1 like Mac OS X) AppleWebKit/534.46 (KHTML, like Gecko) Version/5.1 Mobile/9B206 Safari/7534.48.3"
68.197.210.145 - - [18/Aug/2013:14:19:26 -0400] "GET /Enter_files/images3Fq3Dtwitter2Blogos26hl3Den26client3Dfirefox-a26rls3Dorg.jpg HTTP/1.1" 200 5062 "http://www.ninaninanina.com/Enter.html" "Mozilla/5.0 (iPhone; CPU iPhone OS 5_1_1 like Mac OS X) AppleWebKit/534.46 (KHTML, like Gecko) Version/5.1 Mobile/9B206 Safari/7534.48.3"
68.197.210.145 - - [18/Aug/2013:14:19:27 -0400] "GET /Enter_files/stroke_4.png HTTP/1.1" 200 100 "http://www.ninaninanina.com/Enter.html" "Mozilla/5.0 (iPhone; CPU iPhone OS 5_1_1 like Mac OS X) AppleWebKit/534.46 (KHTML, like Gecko) Version/5.1 Mobile/9B206 Safari/7534.48.3"
65.55.215.54 - - [18/Aug/2013:05:29:21 -0400] "GET /robots.txt HTTP/1.1" 404 575 "-" "msnbot-media/1.1 (+http://search.msn.com/msnbot.htm)"
65.55.215.54 - - [18/Aug/2013:05:29:21 -0400] "GET /Studio_files/shapeimage_3.png HTTP/1.1" 200 31637 "-" "msnbot-media/1.1 (+http://search.msn.com/msnbot.htm)"
173.252.110.114 - - [18/Aug/2013:19:00:47 -0400] "GET / HTTP/1.1" 206 307 "-" "facebookexternalhit/1.1 (+http://www.facebook.com/externalhit_uatext.php)"
76.216.142.164 - - [18/Aug/2013:23:38:59 -0400] "GET / HTTP/1.1" 200 307 "http://www.google.com/url?sa=t&rct=j&q=ninaninanina.com&source=web&cd=1&ved=0CCoQFjAA&url=http%3A%2F%2Fwww.ninaninanina.com%2F&ei=T5MRUo3rOKeS2AX3v4GABA&usg=AFQjCNFBPdTvBYk2UzXDkkZ3wIgJ4zIgRA&bvm=bv.50768961,d.aWc" "Mozilla/5.0 (iPad; CPU OS 6_1_3 like Mac OS X) AppleWebKit/536.26 (KHTML, like Gecko) Mobile/10B329"
76.216.142.164 - - [18/Aug/2013:23:39:00 -0400] "GET /Enter.html HTTP/1.1" 200 13519 "http://www.ninaninanina.com/" "Mozilla/5.0 (iPad; CPU OS 6_1_3 like Mac OS X) AppleWebKit/536.26 (KHTML, like Gecko) Mobile/10B329"
76.216.142.164 - - [18/Aug/2013:23:39:00 -0400] "GET /Scripts/Widgets/SharedResources/WidgetCommon.js HTTP/1.1" 200 36124 "http://www.ninaninanina.com/Enter.html" "Mozilla/5.0 (iPad; CPU OS 6_1_3 like Mac OS X) AppleWebKit/536.26 (KHTML, like Gecko) Mobile/10B329"
76.216.142.164 - - [18/Aug/2013:23:39:04 -0400] "GET /Enter_files/myspace%20logo.png HTTP/1.1" 200 3317 "http://www.ninaninanina.com/Enter.html" "Mozilla/5.0 (iPad; CPU OS 6_1_3 like Mac OS X) AppleWebKit/536.26 (KHTML, like Gecko) Mobile/10B329"
88.80.59.108 - - [18/Aug/2013:12:57:26 -0400] "GET /Enter_files/stroke_1.png HTTP/1.1" 200 78 "http://www.ninaninanina.com/Enter.html" "Mozilla/5.0 (Windows NT 5.1; rv:23.0) Gecko/20100101 Firefox/23.0"
88.80.59.108 - - [18/Aug/2013:12:57:26 -0400] "GET /Enter_files/stroke_7.png HTTP/1.1" 200 86 "http://www.ninaninanina.com/Enter.html" "Mozilla/5.0 (Windows NT 5.1; rv:23.0) Gecko/20100101 Firefox/23.0"
157.55.32.111 - - [18/Aug/2013:09:43:05 -0400] "GET /Scripts/iWebSite.js HTTP/1.1" 200 146115 "-" "Mozilla/5.0 (compatible; bingbot/2.0; +http://www.bing.com/bingbot.htm)"
76.216.142.164 - - [18/Aug/2013:23:39:41 -0400] "GET /Studio_files/Studio.css HTTP/1.1" 200 12448 "http://www.ninaninanina.com/Studio.html" "Mozilla/5.0 (iPad; CPU OS 6_1_3 like Mac OS X) AppleWebKit/536.26 (KHTML, like Gecko) Mobile/10B329"
76.216.142.164 - - [18/Aug/2013:23:39:42 -0400] "GET /Studio_files/Studio.js HTTP/1.1" 200 2765 "http://www.ninaninanina.com/Studio.html" "Mozilla/5.0 (iPad; CPU OS 6_1_3 like Mac OS X) AppleWebKit/536.26 (KHTML, like Gecko) Mobile/10B329"
76.216.142.164 - - [18/Aug/2013:23:39:42 -0400] "GET /Studio_files/shapeimage_1.png HTTP/1.1" 200 458 "http://www.ninaninanina.com/Studio.html" "Mozilla/5.0 (iPad; CPU OS 6_1_3 like Mac OS X) AppleWebKit/536.26 (KHTML, like Gecko) Mobile/10B329"
76.216.142.164 - - [18/Aug/2013:23:39:42 -0400] "GET /Studio_files/images-1.jpg HTTP/1.1" 200 6805 "http://www.ninaninanina.com/Studio.html" "Mozilla/5.0 (iPad; CPU OS 6_1_3 like Mac OS X) AppleWebKit/536.26 (KHTML, like Gecko) Mobile/10B329"
76.216.142.164 - - [18/Aug/2013:23:39:42 -0400] "GET /Studio_files/nina2.jpg HTTP/1.1" 200 8456 "http://www.ninaninanina.com/Studio.html" "Mozilla/5.0 (iPad; CPU OS 6_1_3 like Mac OS X) AppleWebKit/536.26 (KHTML, like Gecko) Mobile/10B329"
76.216.142.164 - - [18/Aug/2013:23:39:42 -0400] "GET /Studio_files/34654_409133177595_746987595_4675873_3012627_n.jpg HTTP/1.1" 200 13476 "http://www.ninaninanina.com/Studio.html" "Mozilla/5.0 (iPad; CPU OS 6_1_3 like Mac OS X) AppleWebKit/536.26 (KHTML, like Gecko) Mobile/10B329"
92.39.209.81 - - [18/Aug/2013:12:30:48 -0400] "GET /Enter_files/Enter.css HTTP/1.1" 200 6513 "http://www.ninaninanina.com/Enter.html" "Mozilla/5.0 (Windows NT 5.1) AppleWebKit/537.36 (KHTML, like Gecko) Chrome/28.0.1500.95 Safari/537.36"
92.39.209.81 - - [18/Aug/2013:12:30:49 -0400] "GET /Scripts/Widgets/Navbar/navbar.js HTTP/1.1" 200 5986 "http://www.ninaninanina.com/Enter.html" "Mozilla/5.0 (Windows NT 5.1) AppleWebKit/537.36 (KHTML, like Gecko) Chrome/28.0.1500.95 Safari/537.36"
92.39.209.81 - - [18/Aug/2013:12:30:51 -0400] "GET /Enter_files/Enter.js HTTP/1.1" 200 2821 "http://www.ninaninanina.com/Enter.html" "Mozilla/5.0 (Windows NT 5.1) AppleWebKit/537.36 (KHTML, like Gecko) Chrome/28.0.1500.95 Safari/537.36"
92.39.209.81 - - [18/Aug/2013:12:30:51 -0400] "GET /Enter_files/shapeimage_1.png HTTP/1.1" 200 2031 "http://www.ninaninanina.com/Enter.html" "Mozilla/5.0 (Windows NT 5.1) AppleWebKit/537.36 (KHTML, like Gecko) Chrome/28.0.1500.95 Safari/537.36"
92.39.209.81 - - [18/Aug/2013:12:30:52 -0400] "GET /Enter_files/images-8.jpg HTTP/1.1" 200 1701 "http://www.ninaninanina.com/Enter.html" "Mozilla/5.0 (Windows NT 5.1) AppleWebKit/537.36 (KHTML, like Gecko) Chrome/28.0.1500.95 Safari/537.36"
92.39.209.81 - - [18/Aug/2013:12:30:52 -0400] "GET /Enter_files/myspace%20logo.png HTTP/1.1" 200 3317 "http://www.ninaninanina.com/Enter.html" "Mozilla/5.0 (Windows NT 5.1) AppleWebKit/537.36 (KHTML, like Gecko) Chrome/28.0.1500.95 Safari/537.36"
92.39.209.81 - - [18/Aug/2013:12:30:53 -0400] "GET /Enter_files/images3Fq3Dtwitter2Blogos26hl3Den26client3Dfirefox-a26rls3Dorg.jpg HTTP/1.1" 200 5062 "http://www.ninaninanina.com/Enter.html" "Mozilla/5.0 (Windows NT 5.1) AppleWebKit/537.36 (KHTML, like Gecko) Chrome/28.0.1500.95 Safari/537.36"
92.39.209.81 - - [18/Aug/2013:12:30:53 -0400] "GET /Enter_files/images3Fq3Dfacebook2Blogo%26usg%3D__b-uqSjglTcVg25PtvHovdNPpHgo%3D%26ei%3DpXO5SZvDIIHasAPHodRB%26sa%3DX%26oi%3Dimage_result%26resnum%3D1%26ct%3Dimage%26cd%3D1.jpg HTTP/1.1" 200 5033 "http://www.ninaninanina.com/Enter.html" "Mozilla/5.0 (Windows NT 5.1) AppleWebKit/537.36 (KHTML, like Gecko) Chrome/28.0.1500.95 Safari/537.36"
92.39.209.81 - - [18/Aug/2013:12:30:54 -0400] "GET /Enter_files/shapeimage_2.png HTTP/1.1" 200 21370 "http://www.ninaninanina.com/Enter.html" "Mozilla/5.0 (Windows NT 5.1) AppleWebKit/537.36 (KHTML, like Gecko) Chrome/28.0.1500.95 Safari/537.36"
92.39.209.81 - - [18/Aug/2013:12:30:56 -0400] "GET /Enter_files/EYH%20vid%20cvr%201.jpg HTTP/1.1" 200 29662 "http://www.ninaninanina.com/Enter.html" "Mozilla/5.0 (Windows NT 5.1) AppleWebKit/537.36 (KHTML, like Gecko) Chrome/28.0.1500.95 Safari/537.36"
92.39.209.81 - - [18/Aug/2013:12:31:21 -0400] "GET /Enter_files/stroke_2.png HTTP/1.1" 200 97 "http://www.ninaninanina.com/Enter.html" "Mozilla/5.0 (Windows NT 5.1) AppleWebKit/537.36 (KHTML, like Gecko) Chrome/28.0.1500.95 Safari/537.36"
172.1.28.20 - - [18/Aug/2013:18:59:06 -0400] "GET /Scripts/iWebSite.js HTTP/1.1" 200 146115 "http://www.ninaninanina.com/Enter.html" "Mozilla/5.0 (Windows NT 6.1; WOW64; rv:23.0) Gecko/20100101 Firefox/23.0"
172.1.28.20 - - [18/Aug/2013:18:59:06 -0400] "GET /Enter_files/images3Fq3Dfacebook2Blogo%26usg%3D__b-uqSjglTcVg25PtvHovdNPpHgo%3D%26ei%3DpXO5SZvDIIHasAPHodRB%26sa%3DX%26oi%3Dimage_result%26resnum%3D1%26ct%3Dimage%26cd%3D1.jpg HTTP/1.1" 200 5033 "http://www.ninaninanina.com/Enter.html" "Mozilla/5.0 (Windows NT 6.1; WOW64; rv:23.0) Gecko/20100101 Firefox/23.0"
172.1.28.20 - - [18/Aug/2013:18:59:07 -0400] "GET /Enter_files/images-2.jpg HTTP/1.1" 200 1536 "http://www.ninaninanina.com/Enter.html" "Mozilla/5.0 (Windows NT 6.1; WOW64; rv:23.0) Gecko/20100101 Firefox/23.0"
172.1.28.20 - - [18/Aug/2013:18:59:07 -0400] "GET /feed.xml HTTP/1.1" 200 3844 "http://www.ninaninanina.com/Enter.html" "Mozilla/5.0 (Windows NT 6.1; WOW64; rv:23.0) Gecko/20100101 Firefox/23.0"
76.216.142.164 - - [18/Aug/2013:23:39:09 -0400] "GET /Enter_files/stroke_4.png HTTP/1.1" 200 100 "http://www.ninaninanina.com/Enter.html" "Mozilla/5.0 (iPad; CPU OS 6_1_3 like Mac OS X) AppleWebKit/536.26 (KHTML, like Gecko) Mobile/10B329"
24.46.193.95 - - [18/Aug/2013:05:19:42 -0400] "GET /Enter_files/images3Fq3Dtwitter2Blogos26hl3Den26client3Dfirefox-a26rls3Dorg.jpg HTTP/1.1" 200 5062 "http://www.ninaninanina.com/Enter.html" "Mozilla/5.0 (iPhone; CPU iPhone OS 6_1_3 like Mac OS X) AppleWebKit/536.26 (KHTML, like Gecko) Version/6.0 Mobile/10B329 Safari/8536.25"
24.46.193.95 - - [18/Aug/2013:05:19:42 -0400] "GET /Enter_files/EYH%20vid%20cvr%201.jpg HTTP/1.1" 200 29662 "http://www.ninaninanina.com/Enter.html" "Mozilla/5.0 (iPhone; CPU iPhone OS 6_1_3 like Mac OS X) AppleWebKit/536.26 (KHTML, like Gecko) Version/6.0 Mobile/10B329 Safari/8536.25"
172.1.28.20 - - [18/Aug/2013:19:00:58 -0400] "GET /Studio_files/web%20wht%20car%202fx.jpg HTTP/1.1" 200 133917 "http://www.ninaninanina.com/Studio.html" "Mozilla/5.0 (Windows NT 6.1; WOW64; rv:23.0) Gecko/20100101 Firefox/23.0"
172.1.28.20 - - [18/Aug/2013:19:01:01 -0400] "GET /Studio_files/Headlines_07.png HTTP/1.1" 200 84 "http://www.ninaninanina.com/Studio.html" "Mozilla/5.0 (Windows NT 6.1; WOW64; rv:23.0) Gecko/20100101 Firefox/23.0"
172.1.28.20 - - [18/Aug/2013:19:01:01 -0400] "GET /Studio_files/comic-1_07.png HTTP/1.1" 200 123 "http://www.ninaninanina.com/Studio.html" "Mozilla/5.0 (Windows NT 6.1; WOW64; rv:23.0) Gecko/20100101 Firefox/23.0"
172.1.28.20 - - [18/Aug/2013:19:01:01 -0400] "GET /Studio_files/comic-1_08.png HTTP/1.1" 200 358 "http://www.ninaninanina.com/Studio.html" "Mozilla/5.0 (Windows NT 6.1; WOW64; rv:23.0) Gecko/20100101 Firefox/23.0"
76.216.142.164 - - [18/Aug/2013:23:39:46 -0400] "GET /Studio_files/bestof2012.jpg HTTP/1.1" 200 6465 "http://www.ninaninanina.com/Studio.html" "Mozilla/5.0 (iPad; CPU OS 6_1_3 like Mac OS X) AppleWebKit/536.26 (KHTML, like Gecko) Mobile/10B329"
76.216.142.164 - - [18/Aug/2013:23:39:47 -0400] "GET /Studio_files/shapeimage_3.png HTTP/1.1" 200 31637 "http://www.ninaninanina.com/Studio.html" "Mozilla/5.0 (iPad; CPU OS 6_1_3 like Mac OS X) AppleWebKit/536.26 (KHTML, like Gecko) Mobile/10B329"
76.216.142.164 - - [18/Aug/2013:23:39:49 -0400] "GET /Studio_files/Headlines_09.png HTTP/1.1" 200 83 "http://www.ninaninanina.com/Studio.html" "Mozilla/5.0 (iPad; CPU OS 6_1_3 like Mac OS X) AppleWebKit/536.26 (KHTML, like Gecko) Mobile/10B329"
76.216.142.164 - - [18/Aug/2013:23:39:49 -0400] "GET /Studio_files/comic-1_01.png HTTP/1.1" 200 112 "http://www.ninaninanina.com/Studio.html" "Mozilla/5.0 (iPad; CPU OS 6_1_3 like Mac OS X) AppleWebKit/536.26 (KHTML, like Gecko) Mobile/10B329"
76.216.142.164 - - [18/Aug/2013:23:39:49 -0400] "GET /Studio_files/comic-1_06.png HTTP/1.1" 200 241 "http://www.ninaninanina.com/Studio.html" "Mozilla/5.0 (iPad; CPU OS 6_1_3 like Mac OS X) AppleWebKit/536.26 (KHTML, like Gecko) Mobile/10B329"
92.39.209.81 - - [18/Aug/2013:12:30:54 -0400] "GET /Enter_files/shapeimage_3.png HTTP/1.1" 200 22173 "http://www.ninaninanina.com/Enter.html" "Mozilla/5.0 (Windows NT 5.1) AppleWebKit/537.36 (KHTML, like Gecko) Chrome/28.0.1500.95 Safari/537.36"
92.39.209.81 - - [18/Aug/2013:12:30:56 -0400] "GET /Enter_files/images.jpg HTTP/1.1" 200 2098 "http://www.ninaninanina.com/Enter.html" "Mozilla/5.0 (Windows NT 5.1) AppleWebKit/537.36 (KHTML, like Gecko) Chrome/28.0.1500.95 Safari/537.36"
92.39.209.81 - - [18/Aug/2013:12:30:57 -0400] "GET /Enter_files/images-3.jpg HTTP/1.1" 200 2055 "http://www.ninaninanina.com/Enter.html" "Mozilla/5.0 (Windows NT 5.1) AppleWebKit/537.36 (KHTML, like Gecko) Chrome/28.0.1500.95 Safari/537.36"
199.21.99.90 - - [18/Aug/2013:21:28:50 -0400] "GET /Enter_files/images-2.jpg HTTP/1.1" 304 - "-" "Mozilla/5.0 (compatible; YandexImages/3.0; +http://yandex.com/bots)"
199.30.20.68 - - [18/Aug/2013:21:52:37 -0400] "GET /robots.txt HTTP/1.1" 404 575 "-" "msnbot-media/1.1 (+http://search.msn.com/msnbot.htm)"
199.30.20.72 - - [18/Aug/2013:09:00:04 -0400] "GET /Enter_files/images-3.jpg HTTP/1.1" 200 2055 "-" "msnbot-media/1.1 (+http://search.msn.com/msnbot.htm)"
157.55.35.113 - - [18/Aug/2013:09:41:47 -0400] "GET /Studio_files/WMWYL%20cvr.jpg HTTP/1.1" 200 13171 "-" "Mozilla/5.0 (compatible; bingbot/2.0; +http://www.bing.com/bingbot.htm)"
92.39.209.81 - - [18/Aug/2013:12:30:48 -0400] "GET /Scripts/iWebSite.js HTTP/1.1" 200 146115 "http://www.ninaninanina.com/Enter.html" "Mozilla/5.0 (Windows NT 5.1) AppleWebKit/537.36 (KHTML, like Gecko) Chrome/28.0.1500.95 Safari/537.36"
92.39.209.81 - - [18/Aug/2013:12:31:37 -0400] "GET /Studio_files/Studio.css HTTP/1.1" 200 12448 "http://www.ninaninanina.com/Studio.html" "Mozilla/5.0 (Windows NT 5.1) AppleWebKit/537.36 (KHTML, like Gecko) Chrome/28.0.1500.95 Safari/537.36"
92.39.209.81 - - [18/Aug/2013:12:31:39 -0400] "GET /Studio_files/shapeimage_2.png HTTP/1.1" 200 232197 "http://www.ninaninanina.com/Studio.html" "Mozilla/5.0 (Windows NT 5.1) AppleWebKit/537.36 (KHTML, like Gecko) Chrome/28.0.1500.95 Safari/537.36"
88.80.59.108 - - [18/Aug/2013:12:56:11 -0400] "GET /Enter_files/Enter.css HTTP/1.1" 200 6513 "http://www.ninaninanina.com/Enter.html" "Mozilla/5.0 (Windows NT 5.1; rv:23.0) Gecko/20100101 Firefox/23.0"
88.80.59.108 - - [18/Aug/2013:12:57:41 -0400] "GET /favicon.ico HTTP/1.1" 404 575 "-" "Mozilla/5.0 (Windows NT 5.1; rv:23.0) Gecko/20100101 Firefox/23.0"
88.80.59.108 - - [18/Aug/2013:12:57:41 -0400] "GET /favicon.ico HTTP/1.1" 404 575 "-" "Mozilla/5.0 (Windows NT 5.1; rv:23.0) Gecko/20100101 Firefox/23.0"
172.1.28.20 - - [18/Aug/2013:18:59:56 -0400] "GET /Enter_files/stroke_2.png HTTP/1.1" 200 97 "http://www.ninaninanina.com/Enter.html" "Mozilla/5.0 (Windows NT 6.1; WOW64; rv:23.0) Gecko/20100101 Firefox/23.0"
