76.216.142.164 - - [18/Aug/2013:23:39:04 -0400] "GET /Enter_files/images3Fq3Dtwitter2Blogos26hl3Den26client3Dfirefox-a26rls3Dorg.jpg HTTP/1.1" 200 5062 "http://www.ninaninanina.com/Enter.html" "Mozilla/5.0 (iPad; CPU OS 6_1_3 like Mac OS X) AppleWebKit/536.26 (KHTML, like Gecko) Mobile/10B329"
130.185.109.243 - - [18/Aug/2013:04:18:33 -0400] "GET / HTTP/1.1" 200 307 "-" "PagesInventory (robot +http://www.pagesinventory.com)"
88.80.59.108 - - [18/Aug/2013:12:57:14 -0400] "GET /Enter_files/images3Fq3Dfacebook2Blogo%26usg%3D__b-uqSjglTcVg25PtvHovdNPpHgo%3D%26ei%3DpXO5SZvDIIHasAPHodRB%26sa%3DX%26oi%3Dimage_result%26resnum%3D1%26ct%3Dimage%26cd%3D1.jpg HTTP/1.1" 200 5033 "http://www.ninaninanina.com/Enter.html" "Mozilla/5.0 (Windows NT 5.1; rv:23.0) Gecko/20100101 Firefox/23.0"
88.80.59.108 - - [18/Aug/2013:12:57:14 -0400] "GET /Enter_files/images.jpg HTTP/1.1" 200 2098 "http://www.ninaninanina.com/Enter.html" "Mozilla/5.0 (Windows NT 5.1; rv:23.0) Gecko/20100101 Firefox/23.0"
76.216.142.164 - - [18/Aug/2013:23:39:52 -0400] "GET /Studio_files/Headlines_04.png HTTP/1.1" 200 90 "http://www.ninaninanina.com/Studio.html" "Mozilla/5.0 (iPad; CPU OS 6_1_3 like Mac OS X) AppleWebKit/536.26 (KHTML, like Gecko) Mobile/10B329"
76.216.142.164 - - [18/Aug/2013:23:39:52 -0400] "GET /Studio_files/comic-1_07.png HTTP/1.1" 200 123 "http://www.ninaninanina.com/Studio.html" "Mozilla/5.0 (iPad; CPU OS 6_1_3 like Mac OS X) AppleWebKit/536.26 (KHTML, like Gecko) Mobile/10B329"
76.216.142.164 - - [18/Aug/2013:23:39:52 -0400] "GET /Studio_files/comic-1_02.png HTTP/1.1" 200 179 "http://www.ninaninanina.com/Studio.html" "Mozilla/5.0 (iPad; CPU OS 6_1_3 like Mac OS X) AppleWebKit/536.26 (KHTML, like Gecko) Mobile/10B329"
157.55.33.26 - - [18/Aug/2013:09:35:03 -0400] "GET /Studio_files/web%20wht%20car%202fx.jpg HTTP/1.1" 200 133917 "-" "Mozilla/5.0 (compatible; bingbot/2.0; +http://www.bing.com/bingbot.htm)"
157.55.33.26 - - [18/Aug/2013:11:10:57 -0400] "GET /robots.txt HTTP/1.1" 404 575 "-" "Mozilla/5.0 (compatible; bingbot/2.0; +http://www.bing.com/bingbot.htm)"
92.39.209.81 - - [18/Aug/2013:12:31:21 -0400] "GET /Enter_files/stroke_4.png HTTP/1.1" 200 100 "http://www.ninaninanina.com/Enter.html" "Mozilla/5.0 (Windows NT 5.1) AppleWebKit/537.36 (KHTML, like Gecko) Chrome/28.0.1500.95 Safari/537.36"
68.197.210.145 - - [18/Aug/2013:14:19:28 -0400] "GET /Media/WRAP%20ME%20WITH%20YOUR%20LOVE%20M1_04.wav HTTP/1.1" 206 22776 "-" "AppleCoreMedia/1.0.0.9B206 (iPhone; U; CPU OS 5_1_1 like Mac OS X; en_us)"
50.18.156.107 - - [18/Aug/2013:05:24:45 -0400] "HEAD / HTTP/1.1" 200 - "-" "Mozilla/5.0 (Macintosh; U; PPC Mac OS X; en) AppleWebKit/125.2 (KHTML, like Gecko) Safari/125.8"
50.18.156.107 - - [18/Aug/2013:05:24:45 -0400] "GET / HTTP/1.1" 200 307 "-" "Mozilla/5.0 (Macintosh; U; PPC Mac OS X; en) AppleWebKit/125.2 (KHTML, like Gecko) Safari/125.8"
174.236.4.149 - - [18/Aug/2013:02:04:13 -0400] "GET /News_files/Nina%2011.jpg HTTP/1.1" 200 41844 "http://www.google.com/search?client=safari&hl=en&biw=320&bih=356&ei=tWMQUpTlH6ig2QXKyYGQCQ&q=eric+schnackenberg&oq=eric+schnackenberg&gs_l=mobile-gws-serp.3..0j0i10i30j0i5i10i30l2.7017.7017.0.7620.1.1.0.0.0.0.332.332.3-1.1.0....0...1c.1.25.mobile-gws-serp..0.1.329.xUaqAdnme_E" "Mozilla/5.0 (iPhone; CPU iPhone OS 5_1 like Mac OS X) AppleWebKit/534.46 (KHTML, like Gecko) Version/5.1 Mobile/9B176 Safari/7534.48.3"
68.197.210.145 - - [18/Aug/2013:14:19:26 -0400] "GET /Enter_files/images3Fq3Dfacebook2Blogo%26usg%3D__b-uqSjglTcVg25PtvHovdNPpHgo%3D%26ei%3DpXO5SZvDIIHasAPHodRB%26sa%3DX%26oi%3Dimage_result%26resnum%3D1%26ct%3Dimage%26cd%3D1.jpg HTTP/1.1" 200 5033 "http://www.ninaninanina.com/Enter.html" "Mozilla/5.0 (iPhone; CPU iPhone OS 5_1_1 like Mac OS X) AppleWebKit/534.46 (KHTML, like Gecko) Version/5.1 Mobile/9B206 Safari/7534.48.3"
68.197.210.145 - - [18/Aug/2013:14:19:26 -0400] "GET /Enter_files/WMWYL%20cvr.jpg HTTP/1.1" 200 22747 "http://www.ninaninanina.com/Enter.html" "Mozilla/5.0 (iPhone; CPU iPhone OS 5_1_1 like Mac OS X) AppleWebKit/534.46 (KHTML, like Gecko) Version/5.1 Mobile/9B206 Safari/7534.48.3"
68.197.210.145 - - [18/Aug/2013:14:19:27 -0400] "GET /Enter_files/stroke_5.png HTTP/1.1" 200 86 "http://www.ninaninanina.com/Enter.html" "Mozilla/5.0 (iPhone; CPU iPhone OS 5_1_1 like Mac OS X) AppleWebKit/534.46 (KHTML, like Gecko) Version/5.1 Mobile/9B206 Safari/7534.48.3"
199.30.25.95 - - [18/Aug/2013:10:33:42 -0400] "GET /feed.xml HTTP/1.1" 200 3844 "http://ninaninanina.com/Studio.html" "Mozilla/5.0 (Windows NT 6.1; WOW64) AppleWebKit/534+ (KHTML, like Gecko) BingPreview/1.0b"
199.21.99.90 - - [18/Aug/2013:22:00:39 -0400] "GET /Enter_files/myspace%20logo.png HTTP/1.1" 304 - "-" "Mozilla/5.0 (compatible; YandexImages/3.0; +http://yandex.com/bots)"
88.80.59.108 - - [18/Aug/2013:12:56:12 -0400] "GET /Scripts/iWebImage.js HTTP/1.1" 200 39662 "http://www.ninaninanina.com/Enter.html" "Mozilla/5.0 (Windows NT 5.1; rv:23.0) Gecko/20100101 Firefox/23.0"
88.80.59.108 - - [18/Aug/2013:12:57:26 -0400] "GET /Enter_files/stroke_3.png HTTP/1.1" 200 78 "http://www.ninaninanina.com/Enter.html" "Mozilla/5.0 (Windows NT 5.1; rv:23.0) Gecko/20100101 Firefox/23.0"
172.1.28.20 - - [18/Aug/2013:18:59:06 -0400] "GET /Scripts/Widgets/Navbar/navbar.js HTTP/1.1" 200 5986 "http://www.ninaninanina.com/Enter.html" "Mozilla/5.0 (Windows NT 6.1; WOW64; rv:23.0) Gecko/20100101 Firefox/23.0"
172.1.28.20 - - [18/Aug/2013:18:59:06 -0400] "GET /Enter_files/myspace%20logo.png HTTP/1.1" 200 3317 "http://www.ninaninanina.com/Enter.html" "Mozilla/5.0 (Windows NT 6.1; WOW64; rv:23.0) Gecko/20100101 Firefox/23.0"
172.1.28.20 - - [18/Aug/2013:18:59:07 -0400] "GET /Enter_files/images.jpg HTTP/1.1" 200 2098 "http://www.ninaninanina.com/Enter.html" "Mozilla/5.0 (Windows NT 6.1; WOW64; rv:23.0) Gecko/20100101 Firefox/23.0"
172.1.28.20 - - [18/Aug/2013:18:59:07 -0400] "GET /Enter_files/WMWYL%20cvr.jpg HTTP/1.1" 200 22747 "http://www.ninaninanina.com/Enter.html" "Mozilla/5.0 (Windows NT 6.1; WOW64; rv:23.0) Gecko/20100101 Firefox/23.0"
76.216.142.164 - - [18/Aug/2013:23:39:41 -0400] "GET /Studio.html HTTP/1.1" 200 24054 "http://www.ninaninanina.com/Enter.html" "Mozilla/5.0 (iPad; CPU OS 6_1_3 like Mac OS X) AppleWebKit/536.26 (KHTML, like Gecko) Mobile/10B329"
76.216.142.164 - - [18/Aug/2013:23:39:42 -0400] "GET /Studio_files/shapeimage_2.png HTTP/1.1" 200 232197 "http://www.ninaninanina.com/Studio.html" "Mozilla/5.0 (iPad; CPU OS 6_1_3 like Mac OS X) AppleWebKit/536.26 (KHTML, like Gecko) Mobile/10B329"
157.56.92.161 - - [18/Aug/2013:09:42:26 -0400] "GET /Studio_files/shapeimage_2.png HTTP/1.1" 200 232197 "-" "Mozilla/5.0 (compatible; bingbot/2.0; +http://www.bing.com/bingbot.htm)"
157.55.32.111 - - [18/Aug/2013:09:43:06 -0400] "GET /Studio_files/105.png HTTP/1.1" 200 30340 "-" "Mozilla/5.0 (compatible; bingbot/2.0; +http://www.bing.com/bingbot.htm)"
92.39.209.81 - - [18/Aug/2013:12:31:37 -0400] "GET /Studio_files/Studio.js HTTP/1.1" 200 2765 "http://www.ninaninanina.com/Studio.html" "Mozilla/5.0 (Windows NT 5.1) AppleWebKit/537.36 (KHTML, like Gecko) Chrome/28.0.1500.95 Safari/537.36"
92.39.209.81 - - [18/Aug/2013:12:31:39 -0400] "GET /Studio_files/shapeimage_1.png HTTP/1.1" 200 458 "http://www.ninaninanina.com/Studio.html" "Mozilla/5.0 (Windows NT 5.1) AppleWebKit/537.36 (KHTML, like Gecko) Chrome/28.0.1500.95 Safari/537.36"
92.39.209.81 - - [18/Aug/2013:12:31:39 -0400] "GET /Studio_files/shapeimage_3.png HTTP/1.1" 200 31637 "http://www.ninaninanina.com/Studio.html" "Mozilla/5.0 (Windows NT 5.1) AppleWebKit/537.36 (KHTML, like Gecko) Chrome/28.0.1500.95 Safari/537.36"
88.80.59.108 - - [18/Aug/2013:12:57:14 -0400] "GET /Enter_files/shapeimage_1.png HTTP/1.1" 200 2031 "http://www.ninaninanina.com/Enter.html" "Mozilla/5.0 (Windows NT 5.1; rv:23.0) Gecko/20100101 Firefox/23.0"
88.80.59.108 - - [18/Aug/2013:12:57:14 -0400] "GET /Enter_files/shapeimage_3.png HTTP/1.1" 200 22173 "http://www.ninaninanina.com/Enter.html" "Mozilla/5.0 (Windows NT 5.1; rv:23.0) Gecko/20100101 Firefox/23.0"
88.80.59.108 - - [18/Aug/2013:12:57:16 -0400] "GET /Enter_files/images-3.jpg HTTP/1.1" 200 2055 "http://www.ninaninanina.com/Enter.html" "Mozilla/5.0 (Windows NT 5.1; rv:23.0) Gecko/20100101 Firefox/23.0"
88.80.59.108 - - [18/Aug/2013:12:57:16 -0400] "GET /Enter_files/nina%20camaro%20purpleEfx1.jpg HTTP/1.1" 200 83882 "http://www.ninaninanina.com/Enter.html" "Mozilla/5.0 (Windows NT 5.1; rv:23.0) Gecko/20100101 Firefox/23.0"
172.1.28.20 - - [18/Aug/2013:19:00:57 -0400] "GET /Studio.html HTTP/1.1" 200 24054 "http://www.ninaninanina.com/Enter.html" "Mozilla/5.0 (Windows NT 6.1; WOW64; rv:23.0) Gecko/20100101 Firefox/23.0"
172.1.28.20 - - [18/Aug/2013:19:00:58 -0400] "GET /Studio_files/shapeimage_1.png HTTP/1.1" 200 458 "http://www.ninaninanina.com/Studio.html" "Mozilla/5.0 (Windows NT 6.1; WOW64; rv:23.0) Gecko/20100101 Firefox/23.0"
172.1.28.20 - - [18/Aug/2013:19:00:58 -0400] "GET /Studio_files/bestof2012.jpg HTTP/1.1" 200 6465 "http://www.ninaninanina.com/Studio.html" "Mozilla/5.0 (Windows NT 6.1; WOW64; rv:23.0) Gecko/20100101 Firefox/23.0"
172.1.28.20 - - [18/Aug/2013:19:00:58 -0400] "GET /Studio_files/brdy%20li%202010.jpg HTTP/1.1" 200 12566 "http://www.ninaninanina.com/Studio.html" "Mozilla/5.0 (Windows NT 6.1; WOW64; rv:23.0) Gecko/20100101 Firefox/23.0"
172.1.28.20 - - [18/Aug/2013:19:00:58 -0400] "GET /Studio_files/NNN%20cvr%20art.jpg HTTP/1.1" 200 12329 "http://www.ninaninanina.com/Studio.html" "Mozilla/5.0 (Windows NT 6.1; WOW64; rv:23.0) Gecko/20100101 Firefox/23.0"
172.1.28.20 - - [18/Aug/2013:19:00:59 -0400] "GET /Studio_files/nina.jpg HTTP/1.1" 200 10536 "http://www.ninaninanina.com/Studio.html" "Mozilla/5.0 (Windows NT 6.1; WOW64; rv:23.0) Gecko/20100101 Firefox/23.0"
172.1.28.20 - - [18/Aug/2013:19:00:59 -0400] "GET /Studio_files/revsd%20cover%2072.jpg HTTP/1.1" 200 11304 "http://www.ninaninanina.com/Studio.html" "Mozilla/5.0 (Windows NT 6.1; WOW64; rv:23.0) Gecko/20100101 Firefox/23.0"
172.1.28.20 - - [18/Aug/2013:19:00:59 -0400] "GET /Studio_files/34682_409133932595_746987595_4675882_5117808_n.jpg HTTP/1.1" 200 20696 "http://www.ninaninanina.com/Studio.html" "Mozilla/5.0 (Windows NT 6.1; WOW64; rv:23.0) Gecko/20100101 Firefox/23.0"
172.1.28.20 - - [18/Aug/2013:19:01:01 -0400] "GET /Studio_files/Headlines_06.png HTTP/1.1" 200 92 "http://www.ninaninanina.com/Studio.html" "Mozilla/5.0 (Windows NT 6.1; WOW64; rv:23.0) Gecko/20100101 Firefox/23.0"
172.1.28.20 - - [18/Aug/2013:19:01:01 -0400] "GET /Studio_files/Headlines_08.png HTTP/1.1" 200 89 "http://www.ninaninanina.com/Studio.html" "Mozilla/5.0 (Windows NT 6.1; WOW64; rv:23.0) Gecko/20100101 Firefox/23.0"
172.1.28.20 - - [18/Aug/2013:19:01:01 -0400] "GET /Studio_files/comic-1_02.png HTTP/1.1" 200 179 "http://www.ninaninanina.com/Studio.html" "Mozilla/5.0 (Windows NT 6.1; WOW64; rv:23.0) Gecko/20100101 Firefox/23.0"
66.249.75.227 - - [18/Aug/2013:20:15:14 -0400] "GET /robots.txt HTTP/1.1" 404 575 "-" "Mozilla/5.0 (compatible; Googlebot/2.1; +http://www.google.com/bot.html)"
66.249.75.227 - - [18/Aug/2013:20:15:14 -0400] "GET / HTTP/1.1" 200 307 "-" "Mozilla/5.0 (iPhone; U; CPU iPhone OS 4_1 like Mac OS X; en-us) AppleWebKit/532.9 (KHTML, like Gecko) Version/4.0.5 Mobile/8B117 Safari/6531.22.7 (compatible; Googlebot-Mobile/2.1; +http://www.google.com/bot.html)"
157.55.33.26 - - [18/Aug/2013:09:35:04 -0400] "GET /Scripts/Widgets/Navbar/navbar.js HTTP/1.1" 200 5986 "-" "Mozilla/5.0 (compatible; bingbot/2.0; +http://www.bing.com/bingbot.htm)"
38.100.21.65 - - [18/Aug/2013:03:05:58 -0400] "GET / HTTP/1.1" 200 307 "-" "Mozilla/4.0 (compatible; MSIE 7.0; Windows NT 5.2)"
38.100.21.65 - - [18/Aug/2013:03:06:00 -0400] "GET /Enter.html HTTP/1.1" 200 13519 "-" "Mozilla/4.0 (compatible; MSIE 7.0; Windows NT 5.2)"
38.100.21.65 - - [18/Aug/2013:03:06:00 -0400] "GET /Enter_files/EnterIE.css HTTP/1.1" 200 492 "-" "Mozilla/4.0 (compatible; MSIE 7.0; Windows NT 5.2)"
38.100.21.65 - - [18/Aug/2013:03:06:00 -0400] "GET /Studio.html HTTP/1.1" 200 24054 "-" "Mozilla/4.0 (compatible; MSIE 7.0; Windows NT 5.2)"
38.100.21.65 - - [18/Aug/2013:03:06:01 -0400] "GET /Media/IE8.css HTTP/1.1" 200 215 "-" "Mozilla/4.0 (compatible; MSIE 7.0; Windows NT 5.2)"
38.100.21.65 - - [18/Aug/2013:03:06:01 -0400] "GET /Enter_files/Enter.css HTTP/1.1" 200 6513 "-" "Mozilla/4.0 (compatible; MSIE 7.0; Windows NT 5.2)"
38.100.21.65 - - [18/Aug/2013:03:06:01 -0400] "GET /Studio_files/StudioIE.css HTTP/1.1" 200 492 "-" "Mozilla/4.0 (compatible; MSIE 7.0; Windows NT 5.2)"
38.100.21.65 - - [18/Aug/2013:03:06:01 -0400] "GET /Studio_files/Studio.css HTTP/1.1" 200 12448 "-" "Mozilla/4.0 (compatible; MSIE 7.0; Windows NT 5.2)"
88.80.59.108 - - [18/Aug/2013:12:56:12 -0400] "GET /Scripts/Widgets/Navbar/navbar.js HTTP/1.1" 200 5986 "http://www.ninaninanina.com/Enter.html" "Mozilla/5.0 (Windows NT 5.1; rv:23.0) Gecko/20100101 Firefox/23.0"
76.216.142.164 - - [18/Aug/2013:23:39:00 -0400] "GET /Scripts/iWebImage.js HTTP/1.1" 200 39662 "http://www.ninaninanina.com/Enter.html" "Mozilla/5.0 (iPad; CPU OS 6_1_3 like Mac OS X) AppleWebKit/536.26 (KHTML, like Gecko) Mobile/10B329"
76.216.142.164 - - [18/Aug/2013:23:39:04 -0400] "GET /Enter_files/images3Fq3Dfacebook2Blogo%26usg%3D__b-uqSjglTcVg25PtvHovdNPpHgo%3D%26ei%3DpXO5SZvDIIHasAPHodRB%26sa%3DX%26oi%3Dimage_result%26resnum%3D1%26ct%3Dimage%26cd%3D1.jpg HTTP/1.1" 200 5033 "http://www.ninaninanina.com/Enter.html" "Mozilla/5.0 (iPad; CPU OS 6_1_3 like Mac OS X) AppleWebKit/536.26 (KHTML, like Gecko) Mobile/10B329"
88.80.59.108 - - [18/Aug/2013:12:57:26 -0400] "GET /Enter_files/stroke_5.png HTTP/1.1" 200 86 "http://www.ninaninanina.com/Enter.html" "Mozilla/5.0 (Windows NT 5.1; rv:23.0) Gecko/20100101 Firefox/23.0"
88.80.59.108 - - [18/Aug/2013:12:57:41 -0400] "GET /Media/WRAP%20ME%20WITH%20YOUR%20LOVE%20M1_04.wav HTTP/1.1" 200 40917240 "http://www.ninaninanina.com/Enter.html" "Mozilla/5.0 (Windows NT 5.1; rv:23.0) Gecko/20100101 Firefox/23.0"
199.30.20.68 - - [18/Aug/2013:21:52:37 -0400] "GET /FanZpot_files/myspace%20logo.png HTTP/1.1" 200 4418 "-" "msnbot-media/1.1 (+http://search.msn.com/msnbot.htm)"
76.216.142.164 - - [18/Aug/2013:23:39:00 -0400] "GET /Enter_files/Enter.css HTTP/1.1" 200 6513 "http://www.ninaninanina.com/Enter.html" "Mozilla/5.0 (iPad; CPU OS 6_1_3 like Mac OS X) AppleWebKit/536.26 (KHTML, like Gecko) Mobile/10B329"
76.216.142.164 - - [18/Aug/2013:23:39:00 -0400] "GET /Scripts/iWebSite.js HTTP/1.1" 200 146115 "http://www.ninaninanina.com/Enter.html" "Mozilla/5.0 (iPad; CPU OS 6_1_3 like Mac OS X) AppleWebKit/536.26 (KHTML, like Gecko) Mobile/10B329"
76.216.142.164 - - [18/Aug/2013:23:39:05 -0400] "GET /Media/WRAP%20ME%20WITH%20YOUR%20LOVE%20M1_04.wav HTTP/1.1" 206 22776 "-" "AppleCoreMedia/1.0.0.10B329 (iPad; U; CPU OS 6_1_3 like Mac OS X; en_us)"
76.216.142.164 - - [18/Aug/2013:23:39:09 -0400] "GET /Enter_files/stroke_3.png HTTP/1.1" 200 78 "http://www.ninaninanina.com/Enter.html" "Mozilla/5.0 (iPad; CPU OS 6_1_3 like Mac OS X) AppleWebKit/536.26 (KHTML, like Gecko) Mobile/10B329"
157.55.33.26 - - [18/Aug/2013:09:43:46 -0400] "GET /Studio_files/NNN%20cvr%20art.jpg HTTP/1.1" 200 12329 "-" "Mozilla/5.0 (compatible; bingbot/2.0; +http://www.bing.com/bingbot.htm)"
130.185.109.243 - - [18/Aug/2013:04:18:33 -0400] "GET /robots.txt HTTP/1.1" 404 575 "-" "PagesInventory (robot http://www.pagesinvenotry.com)"
66.249.75.227 - - [18/Aug/2013:20:15:15 -0400] "GET /Enter.html HTTP/1.1" 200 13519 "-" "Mozilla/5.0 (iPhone; U; CPU iPhone OS 4_1 like Mac OS X; en-us) AppleWebKit/532.9 (KHTML, like Gecko) Version/4.0.5 Mobile/8B117 Safari/6531.22.7 (compatible; Googlebot-Mobile/2.1; +http://www.google.com/bot.html)"
157.56.92.161 - - [18/Aug/2013:09:31:52 -0400] "GET /Studio.html HTTP/1.1" 200 24054 "-" "Mozilla/5.0 (compatible; bingbot/2.0; +http://www.bing.com/bingbot.htm)"
92.39.209.81 - - [18/Aug/2013:12:31:21 -0400] "GET /Enter_files/stroke_1.png HTTP/1.1" 200 78 "http://www.ninaninanina.com/Enter.html" "Mozilla/5.0 (Windows NT 5.1) AppleWebKit/537.36 (KHTML, like Gecko) Chrome/28.0.1500.95 Safari/537.36"
92.39.209.81 - - [18/Aug/2013:12:31:21 -0400] "GET /Enter_files/stroke_7.png HTTP/1.1" 200 86 "http://www.ninaninanina.com/Enter.html" "Mozilla/5.0 (Windows NT 5.1) AppleWebKit/537.36 (KHTML, like Gecko) Chrome/28.0.1500.95 Safari/537.36"
88.80.59.108 - - [18/Aug/2013:12:57:14 -0400] "GET /Enter_files/images3Fq3Dtwitter2Blogos26hl3Den26client3Dfirefox-a26rls3Dorg.jpg HTTP/1.1" 200 5062 "http://www.ninaninanina.com/Enter.html" "Mozilla/5.0 (Windows NT 5.1; rv:23.0) Gecko/20100101 Firefox/23.0"
88.80.59.108 - - [18/Aug/2013:12:57:16 -0400] "GET /feed.xml HTTP/1.1" 200 3844 "http://www.ninaninanina.com/Enter.html" "Mozilla/5.0 (Windows NT 5.1; rv:23.0) Gecko/20100101 Firefox/23.0"
92.39.209.81 - - [18/Aug/2013:12:30:48 -0400] "GET /Scripts/Widgets/SharedResources/WidgetCommon.js HTTP/1.1" 200 36124 "http://www.ninaninanina.com/Enter.html" "Mozilla/5.0 (Windows NT 5.1) AppleWebKit/537.36 (KHTML, like Gecko) Chrome/28.0.1500.95 Safari/537.36"
92.39.209.81 - - [18/Aug/2013:12:30:50 -0400] "GET /Scripts/iWebImage.js HTTP/1.1" 200 39662 "http://www.ninaninanina.com/Enter.html" "Mozilla/5.0 (Windows NT 5.1) AppleWebKit/537.36 (KHTML, like Gecko) Chrome/28.0.1500.95 Safari/537.36"
92.39.209.81 - - [18/Aug/2013:12:31:21 -0400] "GET /Enter_files/stroke.png HTTP/1.1" 200 100 "http://www.ninaninanina.com/Enter.html" "Mozilla/5.0 (Windows NT 5.1) AppleWebKit/537.36 (KHTML, like Gecko) Chrome/28.0.1500.95 Safari/537.36"
92.39.209.81 - - [18/Aug/2013:12:31:21 -0400] "GET /Enter_files/stroke_6.png HTTP/1.1" 200 112 "http://www.ninaninanina.com/Enter.html" "Mozilla/5.0 (Windows NT 5.1) AppleWebKit/537.36 (KHTML, like Gecko) Chrome/28.0.1500.95 Safari/537.36"
69.171.224.116 - - [18/Aug/2013:16:50:33 -0400] "GET /Enter_files/nina%20camaro%20purpleEfx1.jpg HTTP/1.1" 206 83882 "-" "facebookexternalhit/1.1 (+http://www.facebook.com/externalhit_uatext.php)"
92.39.209.81 - - [18/Aug/2013:12:31:39 -0400] "GET /Studio_files/106.png HTTP/1.1" 200 26850 "http://www.ninaninanina.com/Studio.html" "Mozilla/5.0 (Windows NT 5.1) AppleWebKit/537.36 (KHTML, like Gecko) Chrome/28.0.1500.95 Safari/537.36"
92.39.209.81 - - [18/Aug/2013:12:31:45 -0400] "GET /Studio_files/nina2.jpg HTTP/1.1" 200 8456 "http://www.ninaninanina.com/Studio.html" "Mozilla/5.0 (Windows NT 5.1) AppleWebKit/537.36 (KHTML, like Gecko) Chrome/28.0.1500.95 Safari/537.36"
68.197.210.145 - - [18/Aug/2013:14:19:27 -0400] "GET /Media/WRAP%20ME%20WITH%20YOUR%20LOVE%20M1_04.wav HTTP/1.1" 206 2 "-" "AppleCoreMedia/1.0.0.9B206 (iPhone; U; CPU OS 5_1_1 like Mac OS X; en_us)"
68.197.210.145 - - [18/Aug/2013:14:19:27 -0400] "GET /Media/WRAP%20ME%20WITH%20YOUR%20LOVE%20M1_04.wav HTTP/1.1" 206 40917240 "-" "AppleCoreMedia/1.0.0.9B206 (iPhone; U; CPU OS 5_1_1 like Mac OS X; en_us)"
199.30.20.72 - - [18/Aug/2013:09:00:04 -0400] "GET /robots.txt HTTP/1.1" 404 575 "-" "msnbot-media/1.1 (+http://search.msn.com/msnbot.htm)"
92.39.209.81 - - [18/Aug/2013:12:31:36 -0400] "GET /Studio.html HTTP/1.1" 200 24054 "http://www.ninaninanina.com/Enter.html" "Mozilla/5.0 (Windows NT 5.1) AppleWebKit/537.36 (KHTML, like Gecko) Chrome/28.0.1500.95 Safari/537.36"
92.39.209.81 - - [18/Aug/2013:12:31:39 -0400] "GET /Studio_files/images-1.jpg HTTP/1.1" 200 6805 "http://www.ninaninanina.com/Studio.html" "Mozilla/5.0 (Windows NT 5.1) AppleWebKit/537.36 (KHTML, like Gecko) Chrome/28.0.1500.95 Safari/537.36"
92.39.209.81 - - [18/Aug/2013:12:31:41 -0400] "GET /Studio_files/bestof2012.jpg HTTP/1.1" 200 6465 "http://www.ninaninanina.com/Studio.html" "Mozilla/5.0 (Windows NT 5.1) AppleWebKit/537.36 (KHTML, like Gecko) Chrome/28.0.1500.95 Safari/537.36"
92.39.209.81 - - [18/Aug/2013:12:31:41 -0400] "GET /Studio_files/NNN%20cvr%20art.jpg HTTP/1.1" 200 12329 "http://www.ninaninanina.com/Studio.html" "Mozilla/5.0 (Windows NT 5.1) AppleWebKit/537.36 (KHTML, like Gecko) Chrome/28.0.1500.95 Safari/537.36"
92.39.209.81 - - [18/Aug/2013:12:31:41 -0400] "GET /Studio_files/WMWYL%20cvr.jpg HTTP/1.1" 200 13171 "http://www.ninaninanina.com/Studio.html" "Mozilla/5.0 (Windows NT 5.1) AppleWebKit/537.36 (KHTML, like Gecko) Chrome/28.0.1500.95 Safari/537.36"
92.39.209.81 - - [18/Aug/2013:12:31:42 -0400] "GET /Studio_files/EYH%20vid%20cvr%201.jpg HTTP/1.1" 200 16218 "http://www.ninaninanina.com/Studio.html" "Mozilla/5.0 (Windows NT 5.1) AppleWebKit/537.36 (KHTML, like Gecko) Chrome/28.0.1500.95 Safari/537.36"
92.39.209.81 - - [18/Aug/2013:12:31:45 -0400] "GET /Studio_files/nina.jpg HTTP/1.1" 200 10536 "http://www.ninaninanina.com/Studio.html" "Mozilla/5.0 (Windows NT 5.1) AppleWebKit/537.36 (KHTML, like Gecko) Chrome/28.0.1500.95 Safari/537.36"
92.39.209.81 - - [18/Aug/2013:12:31:46 -0400] "GET /Studio_files/revsd%20cover%2072.jpg HTTP/1.1" 200 11304 "http://www.ninaninanina.com/Studio.html" "Mozilla/5.0 (Windows NT 5.1) AppleWebKit/537.36 (KHTML, like Gecko) Chrome/28.0.1500.95 Safari/537.36"
88.80.59.108 - - [18/Aug/2013:12:57:14 -0400] "GET /Enter_files/images-8.jpg HTTP/1.1" 200 1701 "http://www.ninaninanina.com/Enter.html" "Mozilla/5.0 (Windows NT 5.1; rv:23.0) Gecko/20100101 Firefox/23.0"
88.80.59.108 - - [18/Aug/2013:12:57:16 -0400] "GET /Media/WRAP%20ME%20WITH%20YOUR%20LOVE%20M1_04.wav HTTP/1.1" 200 40917240 "http://www.ninaninanina.com/Enter.html" "Mozilla/5.0 (Windows NT 5.1; rv:23.0) Gecko/20100101 Firefox/23.0"
172.1.28.20 - - [18/Aug/2013:18:59:56 -0400] "GET /Enter_files/stroke_5.png HTTP/1.1" 200 86 "http://www.ninaninanina.com/Enter.html" "Mozilla/5.0 (Windows NT 6.1; WOW64; rv:23.0) Gecko/20100101 Firefox/23.0"
178.33.178.12 - - [18/Aug/2013:16:24:56 -0400] "GET / HTTP/1.1" 200 307 "-" "Mozilla/5.0 (Windows; U; Windows NT 6.1; en-US) AppleWebKit/533.20.25 (KHTML, like Gecko) Version/5.0.3 Safari/533.19.4"
65.55.215.63 - - [18/Aug/2013:05:46:04 -0400] "GET /Listen_files/n%20DWTDJ%20cvr.jpg HTTP/1.1" 200 47710 "-" "msnbot-media/1.1 (+http://search.msn.com/msnbot.htm)"
172.1.28.20 - - [18/Aug/2013:18:59:56 -0400] "GET /Enter_files/stroke_4.png HTTP/1.1" 200 100 "http://www.ninaninanina.com/Enter.html" "Mozilla/5.0 (Windows NT 6.1; WOW64; rv:23.0) Gecko/20100101 Firefox/23.0"
76.216.142.164 - - [18/Aug/2013:23:39:04 -0400] "GET /Enter_files/images-8.jpg HTTP/1.1" 200 1701 "http://www.ninaninanina.com/Enter.html" "Mozilla/5.0 (iPad; CPU OS 6_1_3 like Mac OS X) AppleWebKit/536.26 (KHTML, like Gecko) Mobile/10B329"
92.39.209.81 - - [18/Aug/2013:12:30:56 -0400] "GET /Enter_files/images-2.jpg HTTP/1.1" 200 1536 "http://www.ninaninanina.com/Enter.html" "Mozilla/5.0 (Windows NT 5.1) AppleWebKit/537.36 (KHTML, like Gecko) Chrome/28.0.1500.95 Safari/537.36"
92.39.209.81 - - [18/Aug/2013:12:30:57 -0400] "GET /Enter_files/WMWYL%20cvr.jpg HTTP/1.1" 200 22747 "http://www.ninaninanina.com/Enter.html" "Mozilla/5.0 (Windows NT 5.1) AppleWebKit/537.36 (KHTML, like Gecko) Chrome/28.0.1500.95 Safari/537.36"
157.55.33.26 - - [18/Aug/2013:09:35:05 -0400] "GET /Studio_files/34682_409133932595_746987595_4675882_5117808_n.jpg HTTP/1.1" 200 20696 "-" "Mozilla/5.0 (compatible; bingbot/2.0; +http://www.bing.com/bingbot.htm)"
76.216.142.164 - - [18/Aug/2013:23:39:04 -0400] "GET /feed.xml HTTP/1.1" 200 3844 "http://www.ninaninanina.com/Enter.html" "Mozilla/5.0 (iPad; CPU OS 6_1_3 like Mac OS X) AppleWebKit/536.26 (KHTML, like Gecko) Mobile/10B329"
24.46.193.95 - - [18/Aug/2013:05:19:42 -0400] "GET /Enter_files/myspace%20logo.png HTTP/1.1" 200 3317 "http://www.ninaninanina.com/Enter.html" "Mozilla/5.0 (iPhone; CPU iPhone OS 6_1_3 like Mac OS X) AppleWebKit/536.26 (KHTML, like Gecko) Version/6.0 Mobile/10B329 Safari/8536.25"
24.46.193.95 - - [18/Aug/2013:05:19:42 -0400] "GET /Enter_files/shapeimage_3.png HTTP/1.1" 200 22173 "http://www.ninaninanina.com/Enter.html" "Mozilla/5.0 (iPhone; CPU iPhone OS 6_1_3 like Mac OS X) AppleWebKit/536.26 (KHTML, like Gecko) Version/6.0 Mobile/10B329 Safari/8536.25"
24.46.193.95 - - [18/Aug/2013:05:19:42 -0400] "GET /Enter_files/WMWYL%20cvr.jpg HTTP/1.1" 200 22747 "http://www.ninaninanina.com/Enter.html" "Mozilla/5.0 (iPhone; CPU iPhone OS 6_1_3 like Mac OS X) AppleWebKit/536.26 (KHTML, like Gecko) Version/6.0 Mobile/10B329 Safari/8536.25"
76.216.142.164 - - [18/Aug/2013:23:39:04 -0400] "GET /Media/WRAP%20ME%20WITH%20YOUR%20LOVE%20M1_04.wav HTTP/1.1" 206 2 "-" "AppleCoreMedia/1.0.0.10B329 (iPad; U; CPU OS 6_1_3 like Mac OS X; en_us)"
76.216.142.164 - - [18/Aug/2013:23:39:04 -0400] "GET /Media/WRAP%20ME%20WITH%20YOUR%20LOVE%20M1_04.wav HTTP/1.1" 206 40917240 "-" "AppleCoreMedia/1.0.0.10B329 (iPad; U; CPU OS 6_1_3 like Mac OS X; en_us)"
76.216.142.164 - - [18/Aug/2013:23:39:00 -0400] "GET /Scripts/Widgets/Navbar/navbar.js HTTP/1.1" 200 5986 "http://www.ninaninanina.com/Enter.html" "Mozilla/5.0 (iPad; CPU OS 6_1_3 like Mac OS X) AppleWebKit/536.26 (KHTML, like Gecko) Mobile/10B329"
66.249.75.149 - - [18/Aug/2013:09:00:36 -0400] "GET /robots.txt HTTP/1.1" 404 575 "-" "Mozilla/5.0 (compatible; Googlebot/2.1; +http://www.google.com/bot.html)"
199.21.99.90 - - [18/Aug/2013:20:23:57 -0400] "GET /robots.txt HTTP/1.1" 404 575 "-" "Mozilla/5.0 (compatible; YandexBot/3.0; +http://yandex.com/bots)"
157.55.32.111 - - [18/Aug/2013:09:34:26 -0400] "GET /Studio_files/shapeimage_1.png HTTP/1.1" 200 458 "-" "Mozilla/5.0 (compatible; bingbot/2.0; +http://www.bing.com/bingbot.htm)"
88.80.59.108 - - [18/Aug/2013:12:57:14 -0400] "GET /Enter_files/shapeimage_2.png HTTP/1.1" 200 21370 "http://www.ninaninanina.com/Enter.html" "Mozilla/5.0 (Windows NT 5.1; rv:23.0) Gecko/20100101 Firefox/23.0"
88.80.59.108 - - [18/Aug/2013:12:57:25 -0400] "GET /Enter_files/EnterMoz.css HTTP/1.1" 200 128 "http://www.ninaninanina.com/Enter.html" "Mozilla/5.0 (Windows NT 5.1; rv:23.0) Gecko/20100101 Firefox/23.0"
88.80.59.108 - - [18/Aug/2013:12:57:25 -0400] "GET /Enter_files/stroke.png HTTP/1.1" 200 100 "http://www.ninaninanina.com/Enter.html" "Mozilla/5.0 (Windows NT 5.1; rv:23.0) Gecko/20100101 Firefox/23.0"
88.80.59.108 - - [18/Aug/2013:12:57:26 -0400] "GET /Enter_files/stroke_6.png HTTP/1.1" 200 112 "http://www.ninaninanina.com/Enter.html" "Mozilla/5.0 (Windows NT 5.1; rv:23.0) Gecko/20100101 Firefox/23.0"
68.197.210.145 - - [18/Aug/2013:14:19:25 -0400] "GET /Scripts/iWebImage.js HTTP/1.1" 200 39662 "http://www.ninaninanina.com/Enter.html" "Mozilla/5.0 (iPhone; CPU iPhone OS 5_1_1 like Mac OS X) AppleWebKit/534.46 (KHTML, like Gecko) Version/5.1 Mobile/9B206 Safari/7534.48.3"
68.197.210.145 - - [18/Aug/2013:14:19:26 -0400] "GET /Enter_files/myspace%20logo.png HTTP/1.1" 200 3317 "http://www.ninaninanina.com/Enter.html" "Mozilla/5.0 (iPhone; CPU iPhone OS 5_1_1 like Mac OS X) AppleWebKit/534.46 (KHTML, like Gecko) Version/5.1 Mobile/9B206 Safari/7534.48.3"
68.197.210.145 - - [18/Aug/2013:14:19:27 -0400] "GET /Enter_files/stroke_3.png HTTP/1.1" 200 78 "http://www.ninaninanina.com/Enter.html" "Mozilla/5.0 (iPhone; CPU iPhone OS 5_1_1 like Mac OS X) AppleWebKit/534.46 (KHTML, like Gecko) Version/5.1 Mobile/9B206 Safari/7534.48.3"
172.1.28.20 - - [18/Aug/2013:18:59:06 -0400] "GET /Enter_files/Enter.css HTTP/1.1" 200 6513 "http://www.ninaninanina.com/Enter.html" "Mozilla/5.0 (Windows NT 6.1; WOW64; rv:23.0) Gecko/20100101 Firefox/23.0"
172.1.28.20 - - [18/Aug/2013:18:59:06 -0400] "GET /Enter_files/images-8.jpg HTTP/1.1" 200 1701 "http://www.ninaninanina.com/Enter.html" "Mozilla/5.0 (Windows NT 6.1; WOW64; rv:23.0) Gecko/20100101 Firefox/23.0"
172.1.28.20 - - [18/Aug/2013:18:59:07 -0400] "GET /Enter_files/EYH%20vid%20cvr%201.jpg HTTP/1.1" 200 29662 "http://www.ninaninanina.com/Enter.html" "Mozilla/5.0 (Windows NT 6.1; WOW64; rv:23.0) Gecko/20100101 Firefox/23.0"
172.1.28.20 - - [18/Aug/2013:18:59:56 -0400] "GET /Enter_files/stroke_3.png HTTP/1.1" 200 78 "http://www.ninaninanina.com/Enter.html" "Mozilla/5.0 (Windows NT 6.1; WOW64; rv:23.0) Gecko/20100101 Firefox/23.0"
157.55.32.111 - - [18/Aug/2013:09:43:04 -0400] "GET /Studio_files/Studio.js HTTP/1.1" 200 2765 "-" "Mozilla/5.0 (compatible; bingbot/2.0; +http://www.bing.com/bingbot.htm)"
92.39.209.81 - - [18/Aug/2013:12:31:21 -0400] "GET /Enter_files/stroke_3.png HTTP/1.1" 200 78 "http://www.ninaninanina.com/Enter.html" "Mozilla/5.0 (Windows NT 5.1) AppleWebKit/537.36 (KHTML, like Gecko) Chrome/28.0.1500.95 Safari/537.36"
88.80.59.108 - - [18/Aug/2013:12:57:26 -0400] "GET /Enter_files/stroke_4.png HTTP/1.1" 200 100 "http://www.ninaninanina.com/Enter.html" "Mozilla/5.0 (Windows NT 5.1; rv:23.0) Gecko/20100101 Firefox/23.0"
172.1.28.20 - - [18/Aug/2013:19:00:58 -0400] "GET /Studio_files/106.png HTTP/1.1" 200 26850 "http://www.ninaninanina.com/Studio.html" "Mozilla/5.0 (Windows NT 6.1; WOW64; rv:23.0) Gecko/20100101 Firefox/23.0"
172.1.28.20 - - [18/Aug/2013:19:00:58 -0400] "GET /Studio_files/images-4.jpg HTTP/1.1" 200 4927 "http://www.ninaninanina.com/Studio.html" "Mozilla/5.0 (Windows NT 6.1; WOW64; rv:23.0) Gecko/20100101 Firefox/23.0"
172.1.28.20 - - [18/Aug/2013:19:00:59 -0400] "GET /Studio_files/EYH%20vid%20cvr%201.jpg HTTP/1.1" 200 16218 "http://www.ninaninanina.com/Studio.html" "Mozilla/5.0 (Windows NT 6.1; WOW64; rv:23.0) Gecko/20100101 Firefox/23.0"
172.1.28.20 - - [18/Aug/2013:19:00:59 -0400] "GET /Studio_files/gabriel%20promo%20web.jpg HTTP/1.1" 200 10131 "http://www.ninaninanina.com/Studio.html" "Mozilla/5.0 (Windows NT 6.1; WOW64; rv:23.0) Gecko/20100101 Firefox/23.0"
172.1.28.20 - - [18/Aug/2013:19:00:59 -0400] "GET /Studio_files/34654_409133177595_746987595_4675873_3012627_n.jpg HTTP/1.1" 200 13476 "http://www.ninaninanina.com/Studio.html" "Mozilla/5.0 (Windows NT 6.1; WOW64; rv:23.0) Gecko/20100101 Firefox/23.0"
172.1.28.20 - - [18/Aug/2013:19:01:01 -0400] "GET /Studio_files/Headlines_04.png HTTP/1.1" 200 90 "http://www.ninaninanina.com/Studio.html" "Mozilla/5.0 (Windows NT 6.1; WOW64; rv:23.0) Gecko/20100101 Firefox/23.0"
172.1.28.20 - - [18/Aug/2013:19:01:01 -0400] "GET /Studio_files/comic-1_01.png HTTP/1.1" 200 112 "http://www.ninaninanina.com/Studio.html" "Mozilla/5.0 (Windows NT 6.1; WOW64; rv:23.0) Gecko/20100101 Firefox/23.0"
172.1.28.20 - - [18/Aug/2013:19:01:01 -0400] "GET /Studio_files/comic-1_06.png HTTP/1.1" 200 241 "http://www.ninaninanina.com/Studio.html" "Mozilla/5.0 (Windows NT 6.1; WOW64; rv:23.0) Gecko/20100101 Firefox/23.0"
217.69.133.224 - - [18/Aug/2013:22:26:54 -0400] "GET /robots.txt HTTP/1.0" 404 575 "-" "Mozilla/5.0 (compatible; Linux x86_64; Mail.RU_Bot/2.0; +http://go.mail.ru/help/robots)"
24.46.193.95 - - [18/Aug/2013:05:19:41 -0400] "GET / HTTP/1.1" 200 307 "-" "Mozilla/5.0 (iPhone; CPU iPhone OS 6_1_3 like Mac OS X) AppleWebKit/536.26 (KHTML, like Gecko) Version/6.0 Mobile/10B329 Safari/8536.25"
24.46.193.95 - - [18/Aug/2013:05:19:41 -0400] "GET /Enter.html HTTP/1.1" 200 13519 "http://www.ninaninanina.com/" "Mozilla/5.0 (iPhone; CPU iPhone OS 6_1_3 like Mac OS X) AppleWebKit/536.26 (KHTML, like Gecko) Version/6.0 Mobile/10B329 Safari/8536.25"
24.46.193.95 - - [18/Aug/2013:05:19:42 -0400] "GET /Enter_files/shapeimage_1.png HTTP/1.1" 200 2031 "http://www.ninaninanina.com/Enter.html" "Mozilla/5.0 (iPhone; CPU iPhone OS 6_1_3 like Mac OS X) AppleWebKit/536.26 (KHTML, like Gecko) Version/6.0 Mobile/10B329 Safari/8536.25"
24.46.193.95 - - [18/Aug/2013:05:19:42 -0400] "GET /Enter_files/images3Fq3Dfacebook2Blogo%26usg%3D__b-uqSjglTcVg25PtvHovdNPpHgo%3D%26ei%3DpXO5SZvDIIHasAPHodRB%26sa%3DX%26oi%3Dimage_result%26resnum%3D1%26ct%3Dimage%26cd%3D1.jpg HTTP/1.1" 200 5033 "http://www.ninaninanina.com/Enter.html" "Mozilla/5.0 (iPhone; CPU iPhone OS 6_1_3 like Mac OS X) AppleWebKit/536.26 (KHTML, like Gecko) Version/6.0 Mobile/10B329 Safari/8536.25"
24.46.193.95 - - [18/Aug/2013:05:19:42 -0400] "GET /Enter_files/images.jpg HTTP/1.1" 200 2098 "http://www.ninaninanina.com/Enter.html" "Mozilla/5.0 (iPhone; CPU iPhone OS 6_1_3 like Mac OS X) AppleWebKit/536.26 (KHTML, like Gecko) Version/6.0 Mobile/10B329 Safari/8536.25"
157.56.92.161 - - [18/Aug/2013:09:31:06 -0400] "GET /robots.txt HTTP/1.1" 404 575 "-" "Mozilla/5.0 (compatible; bingbot/2.0; +http://www.bing.com/bingbot.htm)"
157.55.32.111 - - [18/Aug/2013:09:34:25 -0400] "GET /Studio_files/Studio.css HTTP/1.1" 200 12448 "-" "Mozilla/5.0 (compatible; bingbot/2.0; +http://www.bing.com/bingbot.htm)"
88.80.59.108 - - [18/Aug/2013:12:56:15 -0400] "GET /Scripts/iWebSite.js HTTP/1.1" 200 146115 "http://www.ninaninanina.com/Enter.html" "Mozilla/5.0 (Windows NT 5.1; rv:23.0) Gecko/20100101 Firefox/23.0"
88.80.59.108 - - [18/Aug/2013:12:57:14 -0400] "GET /Enter_files/myspace%20logo.png HTTP/1.1" 200 3317 "http://www.ninaninanina.com/Enter.html" "Mozilla/5.0 (Windows NT 5.1; rv:23.0) Gecko/20100101 Firefox/23.0"
88.80.59.108 - - [18/Aug/2013:12:57:14 -0400] "GET /Enter_files/EYH%20vid%20cvr%201.jpg HTTP/1.1" 200 29662 "http://www.ninaninanina.com/Enter.html" "Mozilla/5.0 (Windows NT 5.1; rv:23.0) Gecko/20100101 Firefox/23.0"
88.80.59.108 - - [18/Aug/2013:12:57:16 -0400] "GET /Enter_files/images-2.jpg HTTP/1.1" 200 1536 "http://www.ninaninanina.com/Enter.html" "Mozilla/5.0 (Windows NT 5.1; rv:23.0) Gecko/20100101 Firefox/23.0"
88.80.59.108 - - [18/Aug/2013:12:57:16 -0400] "GET /Enter_files/WMWYL%20cvr.jpg HTTP/1.1" 200 22747 "http://www.ninaninanina.com/Enter.html" "Mozilla/5.0 (Windows NT 5.1; rv:23.0) Gecko/20100101 Firefox/23.0"
65.55.215.63 - - [18/Aug/2013:05:46:04 -0400] "GET /robots.txt HTTP/1.1" 404 575 "-" "msnbot-media/1.1 (+http://search.msn.com/msnbot.htm)"
157.55.35.45 - - [18/Aug/2013:20:59:20 -0400] "GET / HTTP/1.1" 304 - "-" "Mozilla/5.0 (compatible; bingbot/2.0; +http://www.bing.com/bingbot.htm)"
65.55.215.54 - - [18/Aug/2013:17:33:43 -0400] "GET /Studio_files/shapeimage_1.png HTTP/1.1" 200 458 "-" "msnbot-media/1.1 (+http://search.msn.com/msnbot.htm)"
92.39.209.81 - - [18/Aug/2013:12:31:39 -0400] "GET /Studio_files/105.png HTTP/1.1" 200 30340 "http://www.ninaninanina.com/Studio.html" "Mozilla/5.0 (Windows NT 5.1) AppleWebKit/537.36 (KHTML, like Gecko) Chrome/28.0.1500.95 Safari/537.36"
66.249.75.149 - - [18/Aug/2013:09:00:36 -0400] "GET /News.html HTTP/1.1" 304 - "-" "Mozilla/5.0 (compatible; Googlebot/2.1; +http://www.google.com/bot.html)"
157.55.32.111 - - [18/Aug/2013:09:34:24 -0400] "GET /Studio_files/EYH%20vid%20cvr%201.jpg HTTP/1.1" 200 16218 "-" "Mozilla/5.0 (compatible; bingbot/2.0; +http://www.bing.com/bingbot.htm)"
157.55.33.26 - - [18/Aug/2013:11:11:41 -0400] "GET /Store.html HTTP/1.1" 304 - "-" "Mozilla/5.0 (compatible; bingbot/2.0; +http://www.bing.com/bingbot.htm)"