0byt3m1n1
Path:
/
data
/
0
/
0
/
100
/
72
/
100561
/
meta
/
101997
/
logs
/
[
Home
]
File: x-access_log.2014-06-20
2.190.185.100 - - [20/Jun/2014:11:23:15 -0400] "GET /Enter_files/stroke_5.png HTTP/1.1" 200 86 "http://www.ninaninanina.com/Enter.html" "Mozilla/5.0 (Windows NT 6.3; rv:31.0) Gecko/20100101 Firefox/31.0"
198.36.39.183 - - [20/Jun/2014:01:57:03 -0400] "GET /News_files/N%20McK%2072px%208x8.jpg HTTP/1.1" 200 51438 "-" "Mozilla/5.0 (compatible; MSIE 9.0; Windows NT 6.1; WOW64; Trident/5.0)"
197.205.34.72 - - [20/Jun/2014:06:10:04 -0400] "GET /Scripts/Widgets/SharedResources/WidgetCommon.js HTTP/1.1" 200 36124 "http://www.ninaninanina.com/Enter.html" "Mozilla/5.0 (Windows NT 6.1; rv:30.0) Gecko/20100101 Firefox/30.0"
197.205.34.72 - - [20/Jun/2014:06:10:06 -0400] "GET /Enter_files/images-8.jpg HTTP/1.1" 200 1701 "http://www.ninaninanina.com/Enter.html" "Mozilla/5.0 (Windows NT 6.1; rv:30.0) Gecko/20100101 Firefox/30.0"
66.249.65.105 - - [20/Jun/2014:23:50:18 -0400] "GET / HTTP/1.1" 200 307 "-" "Mozilla/5.0 (compatible; Googlebot/2.1; +http://www.google.com/bot.html)"
66.249.69.149 - - [20/Jun/2014:08:01:22 -0400] "GET / HTTP/1.1" 200 307 "-" "Mozilla/5.0 (compatible; Googlebot/2.1; +http://www.google.com/bot.html)"
208.115.111.68 - - [20/Jun/2014:08:06:00 -0400] "GET /robots.txt HTTP/1.1" 404 575 "-" "Mozilla/5.0 (compatible; DotBot/1.1; http://www.opensiteexplorer.org/dotbot, help@moz.com)"
197.205.34.72 - - [20/Jun/2014:06:10:09 -0400] "GET /Media/WRAP%20ME%20WITH%20YOUR%20LOVE%20M1_04.wav HTTP/1.1" 206 4977751 "http://www.ninaninanina.com/Enter.html" "Mozilla/5.0 (Windows NT 6.1; rv:30.0) Gecko/20100101 Firefox/30.0"
123.125.71.48 - - [20/Jun/2014:13:03:13 -0400] "GET /Scripts/iWebSite.js HTTP/1.1" 200 146115 "-" "Mozilla/5.0 (compatible; Baiduspider/2.0; +http://www.baidu.com/search/spider.html)"
64.246.165.190 - - [20/Jun/2014:13:35:28 -0400] "GET /Enter.html HTTP/1.1" 200 13519 "http://whois.domaintools.com/ninaninanina.com" "Mozilla/5.0 (Windows; U; Windows NT 5.1; en; rv:1.9.0.13) Gecko/2009073022 Firefox/3.5.2 (.NET CLR 3.5.30729) SurveyBot/2.3 (DomainTools)"
100.43.81.140 - - [20/Jun/2014:15:16:48 -0400] "GET /robots.txt HTTP/1.1" 404 575 "-" "Mozilla/5.0 (compatible; YandexBot/3.0; +http://yandex.com/bots)"
100.43.81.140 - - [20/Jun/2014:15:16:49 -0400] "GET /robots.txt HTTP/1.1" 404 575 "-" "Mozilla/5.0 (compatible; YandexBot/3.0; +http://yandex.com/bots)"
100.43.81.140 - - [20/Jun/2014:15:16:50 -0400] "GET / HTTP/1.1" 200 307 "-" "Mozilla/5.0 (compatible; YandexBot/3.0; +http://yandex.com/bots)"
157.55.39.153 - - [20/Jun/2014:19:16:30 -0400] "GET /Video_Shoot.html HTTP/1.1" 404 575 "-" "Mozilla/5.0 (compatible; bingbot/2.0; +http://www.bing.com/bingbot.htm)"
2.190.185.100 - - [20/Jun/2014:11:22:55 -0400] "GET /Enter_files/EYH%20vid%20cvr%201.jpg HTTP/1.1" 200 29662 "http://www.ninaninanina.com/Enter.html" "Mozilla/5.0 (Windows NT 6.3; rv:31.0) Gecko/20100101 Firefox/31.0"
178.255.215.76 - - [20/Jun/2014:13:36:39 -0400] "GET /robots.txt HTTP/1.1" 404 575 "-" "Mozilla/5.0 (compatible; Exabot/3.0; +http://www.exabot.com/go/robot)"
2.219.248.59 - - [20/Jun/2014:13:50:05 -0400] "GET / HTTP/1.1" 200 307 "https://www.google.co.uk/" "Mozilla/5.0 (iPhone; CPU iPhone OS 7_1_1 like Mac OS X) AppleWebKit/537.51.2 (KHTML, like Gecko) Version/7.0 Mobile/11D201 Safari/9537.53"
2.219.248.59 - - [20/Jun/2014:13:50:05 -0400] "GET /Enter.html HTTP/1.1" 200 13519 "http://www.ninaninanina.com/" "Mozilla/5.0 (iPhone; CPU iPhone OS 7_1_1 like Mac OS X) AppleWebKit/537.51.2 (KHTML, like Gecko) Version/7.0 Mobile/11D201 Safari/9537.53"
2.219.248.59 - - [20/Jun/2014:13:50:05 -0400] "GET /Enter_files/Enter.css HTTP/1.1" 200 6513 "http://www.ninaninanina.com/Enter.html" "Mozilla/5.0 (iPhone; CPU iPhone OS 7_1_1 like Mac OS X) AppleWebKit/537.51.2 (KHTML, like Gecko) Version/7.0 Mobile/11D201 Safari/9537.53"
2.219.248.59 - - [20/Jun/2014:13:50:05 -0400] "GET /Scripts/iWebSite.js HTTP/1.1" 200 146115 "http://www.ninaninanina.com/Enter.html" "Mozilla/5.0 (iPhone; CPU iPhone OS 7_1_1 like Mac OS X) AppleWebKit/537.51.2 (KHTML, like Gecko) Version/7.0 Mobile/11D201 Safari/9537.53"
2.219.248.59 - - [20/Jun/2014:13:50:08 -0400] "GET /Enter_files/nina%20camaro%20purpleEfx1.jpg HTTP/1.1" 200 83882 "http://www.ninaninanina.com/Enter.html" "Mozilla/5.0 (iPhone; CPU iPhone OS 7_1_1 like Mac OS X) AppleWebKit/537.51.2 (KHTML, like Gecko) Version/7.0 Mobile/11D201 Safari/9537.53"
2.190.185.100 - - [20/Jun/2014:11:23:06 -0400] "GET /Enter_files/images-3.jpg HTTP/1.1" 200 2055 "http://www.ninaninanina.com/Enter.html" "Mozilla/5.0 (Windows NT 6.3; rv:31.0) Gecko/20100101 Firefox/31.0"
131.253.24.8 - - [20/Jun/2014:06:02:43 -0400] "GET /robots.txt HTTP/1.1" 404 575 "-" "msnbot-media/1.1 (+http://search.msn.com/msnbot.htm)"
197.205.34.72 - - [20/Jun/2014:06:10:08 -0400] "GET /Enter_files/stroke_5.png HTTP/1.1" 200 86 "http://www.ninaninanina.com/Enter.html" "Mozilla/5.0 (Windows NT 6.1; rv:30.0) Gecko/20100101 Firefox/30.0"
66.249.69.5 - - [20/Jun/2014:08:01:22 -0400] "GET /Enter.html HTTP/1.1" 200 13519 "-" "Mozilla/5.0 (compatible; Googlebot/2.1; +http://www.google.com/bot.html)"
197.205.34.72 - - [20/Jun/2014:06:10:04 -0400] "GET /Scripts/iWebImage.js HTTP/1.1" 200 39662 "http://www.ninaninanina.com/Enter.html" "Mozilla/5.0 (Windows NT 6.1; rv:30.0) Gecko/20100101 Firefox/30.0"
197.205.34.72 - - [20/Jun/2014:06:10:06 -0400] "GET /Enter_files/images-3.jpg HTTP/1.1" 200 2055 "http://www.ninaninanina.com/Enter.html" "Mozilla/5.0 (Windows NT 6.1; rv:30.0) Gecko/20100101 Firefox/30.0"
197.205.34.72 - - [20/Jun/2014:06:10:07 -0400] "GET /Enter_files/WMWYL%20cvr.jpg HTTP/1.1" 200 22747 "http://www.ninaninanina.com/Enter.html" "Mozilla/5.0 (Windows NT 6.1; rv:30.0) Gecko/20100101 Firefox/30.0"
197.205.34.72 - - [20/Jun/2014:06:10:07 -0400] "GET /Enter_files/images3Fq3Dtwitter2Blogos26hl3Den26client3Dfirefox-a26rls3Dorg.jpg HTTP/1.1" 200 5062 "http://www.ninaninanina.com/Enter.html" "Mozilla/5.0 (Windows NT 6.1; rv:30.0) Gecko/20100101 Firefox/30.0"
197.205.34.72 - - [20/Jun/2014:06:10:08 -0400] "GET /Enter_files/stroke_1.png HTTP/1.1" 200 78 "http://www.ninaninanina.com/Enter.html" "Mozilla/5.0 (Windows NT 6.1; rv:30.0) Gecko/20100101 Firefox/30.0"
66.249.69.5 - - [20/Jun/2014:10:13:04 -0400] "GET /Store.html HTTP/1.1" 304 - "-" "Mozilla/5.0 (compatible; Googlebot/2.1; +http://www.google.com/bot.html)"
2.190.185.100 - - [20/Jun/2014:11:22:55 -0400] "GET /Enter_files/WMWYL%20cvr.jpg HTTP/1.1" 200 22747 "http://www.ninaninanina.com/Enter.html" "Mozilla/5.0 (Windows NT 6.3; rv:31.0) Gecko/20100101 Firefox/31.0"
2.190.185.100 - - [20/Jun/2014:11:23:15 -0400] "GET /Enter_files/stroke_6.png HTTP/1.1" 200 112 "http://www.ninaninanina.com/Enter.html" "Mozilla/5.0 (Windows NT 6.3; rv:31.0) Gecko/20100101 Firefox/31.0"
197.205.34.72 - - [20/Jun/2014:06:10:07 -0400] "GET /Media/WRAP%20ME%20WITH%20YOUR%20LOVE%20M1_04.wav HTTP/1.1" 200 40917240 "http://www.ninaninanina.com/Enter.html" "Mozilla/5.0 (Windows NT 6.1; rv:30.0) Gecko/20100101 Firefox/30.0"
66.249.90.164 - - [20/Jun/2014:23:06:27 -0400] "GET / HTTP/1.1" 200 307 "-" "Mozilla/5.0 (Macintosh; Intel Mac OS X 10_8_4) AppleWebKit/537.36 (KHTML, like Gecko) Chrome/28.0.1500.71 Safari/537.36"
130.211.159.122 - - [20/Jun/2014:10:37:11 -0400] "GET / HTTP/1.0" 200 307 "-" "NerdyBot"
2.190.185.100 - - [20/Jun/2014:11:22:55 -0400] "GET /Enter_files/nina%20camaro%20purpleEfx1.jpg HTTP/1.1" 200 83882 "http://www.ninaninanina.com/Enter.html" "Mozilla/5.0 (Windows NT 6.3; rv:31.0) Gecko/20100101 Firefox/31.0"
184.73.104.170 - - [20/Jun/2014:03:42:20 -0400] "GET / HTTP/1.1" 200 307 "-" "HTTPClient/1.0 (2.4.0, ruby 1.9.3 (2013-06-27))"
157.55.39.94 - - [20/Jun/2014:04:14:44 -0400] "GET /robots.txt HTTP/1.1" 404 575 "-" "Mozilla/5.0 (compatible; bingbot/2.0; +http://www.bing.com/bingbot.htm)"
100.43.81.140 - - [20/Jun/2014:15:16:59 -0400] "GET /Enter.html HTTP/1.1" 200 13519 "-" "Mozilla/5.0 (compatible; YandexBot/3.0; +http://yandex.com/bots)"
2.190.185.100 - - [20/Jun/2014:11:22:55 -0400] "GET /Enter_files/shapeimage_2.png HTTP/1.1" 200 21370 "http://www.ninaninanina.com/Enter.html" "Mozilla/5.0 (Windows NT 6.3; rv:31.0) Gecko/20100101 Firefox/31.0"
41.237.34.254 - - [20/Jun/2014:16:41:52 -0400] "GET / HTTP/1.1" 200 307 "http://www.google.com.eg/url?url=http://www.ninaninanina.com/&rct=j&frm=1&q=&esrc=s&sa=U&ei=hJykU7TNEsnNygPemID4Bw&ved=0CB4QFjAD&usg=AFQjCNHmHbvi_Q7Yxe55iPeUw7t5x400sg" "Mozilla/4.0 (compatible; MSIE 8.0; Windows NT 5.1; Trident/4.0; GTB7.5; InfoPath.2; .NET4.0C; .NET4.0E)"
41.237.34.254 - - [20/Jun/2014:16:41:52 -0400] "GET /favicon.ico HTTP/1.1" 404 575 "-" "Mozilla/4.0 (compatible; MSIE 8.0; Windows NT 5.1; Trident/4.0; GTB7.5; InfoPath.2; .NET4.0C; .NET4.0E)"
157.55.39.199 - - [20/Jun/2014:19:16:44 -0400] "GET /Store.html HTTP/1.1" 200 27477 "-" "Mozilla/5.0 (compatible; bingbot/2.0; +http://www.bing.com/bingbot.htm)"
157.55.39.199 - - [20/Jun/2014:19:16:44 -0400] "GET /FanZpot.html HTTP/1.1" 200 38416 "-" "Mozilla/5.0 (compatible; bingbot/2.0; +http://www.bing.com/bingbot.htm)"
157.55.39.199 - - [20/Jun/2014:19:16:44 -0400] "GET /News.html HTTP/1.1" 200 47605 "-" "Mozilla/5.0 (compatible; bingbot/2.0; +http://www.bing.com/bingbot.htm)"
66.249.65.105 - - [20/Jun/2014:23:50:18 -0400] "GET /robots.txt HTTP/1.1" 404 575 "-" "Mozilla/5.0 (compatible; Googlebot/2.1; +http://www.google.com/bot.html)"
216.145.11.94 - - [20/Jun/2014:16:30:16 -0400] "GET /Enter.html HTTP/1.1" 200 13519 "http://whois.domaintools.com/ninatolins.com" "Mozilla/5.0 (Windows; U; Windows NT 5.1; en; rv:1.9.0.13) Gecko/2009073022 Firefox/3.5.2 (.NET CLR 3.5.30729) SurveyBot/2.3 (DomainTools)"
157.55.39.153 - - [20/Jun/2014:19:16:26 -0400] "GET /robots.txt HTTP/1.1" 404 575 "-" "Mozilla/5.0 (compatible; bingbot/2.0; +http://www.bing.com/bingbot.htm)"
66.249.90.151 - - [20/Jun/2014:23:07:20 -0400] "GET /Enter.html HTTP/1.1" 200 13519 "-" "Mozilla/5.0 (Macintosh; Intel Mac OS X 10_8_4) AppleWebKit/537.36 (KHTML, like Gecko) Chrome/28.0.1500.71 Safari/537.36"
180.76.5.95 - - [20/Jun/2014:21:49:10 -0400] "GET /Enter.html HTTP/1.1" 200 13519 "-" "Mozilla/5.0 (compatible; Baiduspider/2.0; +http://www.baidu.com/search/spider.html)"
2.190.185.100 - - [20/Jun/2014:11:22:56 -0400] "GET /Enter_files/images3Fq3Dfacebook2Blogo%26usg%3D__b-uqSjglTcVg25PtvHovdNPpHgo%3D%26ei%3DpXO5SZvDIIHasAPHodRB%26sa%3DX%26oi%3Dimage_result%26resnum%3D1%26ct%3Dimage%26cd%3D1.jpg HTTP/1.1" 200 5033 "http://www.ninaninanina.com/Enter.html" "Mozilla/5.0 (Windows NT 6.3; rv:31.0) Gecko/20100101 Firefox/31.0"
65.55.215.79 - - [20/Jun/2014:00:43:35 -0400] "GET /robots.txt HTTP/1.1" 404 575 "-" "msnbot-media/1.1 (+http://search.msn.com/msnbot.htm)"
199.16.156.124 - - [20/Jun/2014:11:15:33 -0400] "GET /robots.txt HTTP/1.1" 404 575 "-" "Twitterbot/1.0"
199.16.156.124 - - [20/Jun/2014:11:15:33 -0400] "GET /Enter.html HTTP/1.1" 200 13519 "-" "Twitterbot/1.0"
68.180.224.175 - - [20/Jun/2014:06:34:47 -0400] "GET /Studio_files/106.png HTTP/1.1" 200 26850 "-" "Mozilla/5.0 (compatible; Yahoo! Slurp; http://help.yahoo.com/help/us/ysearch/slurp)"
64.246.165.190 - - [20/Jun/2014:13:35:28 -0400] "GET / HTTP/1.1" 200 307 "http://whois.domaintools.com/ninaninanina.com" "Mozilla/5.0 (Windows; U; Windows NT 5.1; en; rv:1.9.0.13) Gecko/2009073022 Firefox/3.5.2 (.NET CLR 3.5.30729) SurveyBot/2.3 (DomainTools)"
197.205.34.72 - - [20/Jun/2014:06:10:04 -0400] "GET /Scripts/Widgets/Navbar/navbar.js HTTP/1.1" 200 5986 "http://www.ninaninanina.com/Enter.html" "Mozilla/5.0 (Windows NT 6.1; rv:30.0) Gecko/20100101 Firefox/30.0"
197.205.34.72 - - [20/Jun/2014:06:10:06 -0400] "GET /Enter_files/shapeimage_3.png HTTP/1.1" 200 22173 "http://www.ninaninanina.com/Enter.html" "Mozilla/5.0 (Windows NT 6.1; rv:30.0) Gecko/20100101 Firefox/30.0"
197.205.34.72 - - [20/Jun/2014:06:10:07 -0400] "GET /Enter_files/EYH%20vid%20cvr%201.jpg HTTP/1.1" 200 29662 "http://www.ninaninanina.com/Enter.html" "Mozilla/5.0 (Windows NT 6.1; rv:30.0) Gecko/20100101 Firefox/30.0"
197.205.34.72 - - [20/Jun/2014:06:10:08 -0400] "GET /Enter_files/stroke_2.png HTTP/1.1" 200 97 "http://www.ninaninanina.com/Enter.html" "Mozilla/5.0 (Windows NT 6.1; rv:30.0) Gecko/20100101 Firefox/30.0"
197.205.34.72 - - [20/Jun/2014:06:10:08 -0400] "GET /Enter_files/stroke_7.png HTTP/1.1" 200 86 "http://www.ninaninanina.com/Enter.html" "Mozilla/5.0 (Windows NT 6.1; rv:30.0) Gecko/20100101 Firefox/30.0"
197.205.34.72 - - [20/Jun/2014:06:10:08 -0400] "GET /Media/WRAP%20ME%20WITH%20YOUR%20LOVE%20M1_04.wav HTTP/1.1" 206 10161762 "http://www.ninaninanina.com/Enter.html" "Mozilla/5.0 (Windows NT 6.1; rv:30.0) Gecko/20100101 Firefox/30.0"
100.43.81.140 - - [20/Jun/2014:15:16:58 -0400] "GET /Enter.html HTTP/1.1" 200 13519 "-" "Mozilla/5.0 (compatible; YandexBot/3.0; +http://yandex.com/bots)"
2.190.185.100 - - [20/Jun/2014:11:23:15 -0400] "GET /Enter_files/stroke_4.png HTTP/1.1" 200 100 "http://www.ninaninanina.com/Enter.html" "Mozilla/5.0 (Windows NT 6.3; rv:31.0) Gecko/20100101 Firefox/31.0"
41.237.34.254 - - [20/Jun/2014:16:41:58 -0400] "GET /Enter_files/EnterIE.css HTTP/1.1" 200 492 "http://www.ninaninanina.com/Enter.html" "Mozilla/4.0 (compatible; MSIE 8.0; Windows NT 5.1; Trident/4.0; GTB7.5; InfoPath.2; .NET4.0C; .NET4.0E)"
66.249.65.118 - - [20/Jun/2014:23:53:14 -0400] "GET /Enter_files/Enter.css HTTP/1.1" 200 6513 "-" "Mozilla/5.0 (compatible; Googlebot/2.1; +http://www.google.com/bot.html)"
2.190.185.100 - - [20/Jun/2014:11:19:31 -0400] "GET /Enter.html HTTP/1.1" 200 13519 "-" "Mozilla/5.0 (Windows NT 6.3; rv:31.0) Gecko/20100101 Firefox/31.0"
2.190.185.100 - - [20/Jun/2014:11:23:14 -0400] "GET /Enter_files/EnterMoz.css HTTP/1.1" 200 128 "http://www.ninaninanina.com/Enter.html" "Mozilla/5.0 (Windows NT 6.3; rv:31.0) Gecko/20100101 Firefox/31.0"
2.190.185.100 - - [20/Jun/2014:11:23:14 -0400] "GET /Enter_files/stroke.png HTTP/1.1" 200 100 "http://www.ninaninanina.com/Enter.html" "Mozilla/5.0 (Windows NT 6.3; rv:31.0) Gecko/20100101 Firefox/31.0"
2.190.185.100 - - [20/Jun/2014:11:23:15 -0400] "GET /Enter_files/stroke_2.png HTTP/1.1" 200 97 "http://www.ninaninanina.com/Enter.html" "Mozilla/5.0 (Windows NT 6.3; rv:31.0) Gecko/20100101 Firefox/31.0"
130.211.130.204 - - [20/Jun/2014:10:29:59 -0400] "GET / HTTP/1.0" 200 307 "-" "NerdyBot"
2.190.185.100 - - [20/Jun/2014:11:19:43 -0400] "GET /Scripts/iWebImage.js HTTP/1.1" 200 39662 "http://www.ninaninanina.com/Enter.html" "Mozilla/5.0 (Windows NT 6.3; rv:31.0) Gecko/20100101 Firefox/31.0"
197.205.34.72 - - [20/Jun/2014:06:10:08 -0400] "GET /Media/WRAP%20ME%20WITH%20YOUR%20LOVE%20M1_04.wav HTTP/1.1" 206 10226257 "http://www.ninaninanina.com/Enter.html" "Mozilla/5.0 (Windows NT 6.1; rv:30.0) Gecko/20100101 Firefox/30.0"
123.125.71.102 - - [20/Jun/2014:08:07:25 -0400] "GET /Enter_files/nina%20camaro%20purpleEfx1.jpg HTTP/1.1" 200 83882 "-" "Baiduspider-image+(+http://www.baidu.com/search/spider.htm)\\nReferer: http://image.baidu.com/i?ct=503316480&z=0&tn=baiduimagedetail"
2.190.185.100 - - [20/Jun/2014:11:23:14 -0400] "GET /Enter_files/stroke_1.png HTTP/1.1" 200 78 "http://www.ninaninanina.com/Enter.html" "Mozilla/5.0 (Windows NT 6.3; rv:31.0) Gecko/20100101 Firefox/31.0"
2.190.185.100 - - [20/Jun/2014:11:23:15 -0400] "GET /Enter_files/stroke_3.png HTTP/1.1" 200 78 "http://www.ninaninanina.com/Enter.html" "Mozilla/5.0 (Windows NT 6.3; rv:31.0) Gecko/20100101 Firefox/31.0"
66.249.69.133 - - [20/Jun/2014:02:59:38 -0400] "GET / HTTP/1.1" 200 307 "-" "Mozilla/5.0 (compatible; Googlebot/2.1; +http://www.google.com/bot.html)"
131.253.24.8 - - [20/Jun/2014:06:02:42 -0400] "GET /News_files/My%20Photo_9.jpg HTTP/1.1" 200 19905 "-" "msnbot-media/1.1 (+http://search.msn.com/msnbot.htm)"
100.43.81.140 - - [20/Jun/2014:15:16:50 -0400] "GET / HTTP/1.1" 200 307 "-" "Mozilla/5.0 (compatible; YandexBot/3.0; +http://yandex.com/bots)"
2.190.185.100 - - [20/Jun/2014:11:19:43 -0400] "GET /Enter_files/Enter.css HTTP/1.1" 200 6513 "http://www.ninaninanina.com/Enter.html" "Mozilla/5.0 (Windows NT 6.3; rv:31.0) Gecko/20100101 Firefox/31.0"
2.190.185.100 - - [20/Jun/2014:11:19:43 -0400] "GET /Scripts/Widgets/Navbar/navbar.js HTTP/1.1" 200 5986 "http://www.ninaninanina.com/Enter.html" "Mozilla/5.0 (Windows NT 6.3; rv:31.0) Gecko/20100101 Firefox/31.0"
197.205.34.72 - - [20/Jun/2014:06:10:09 -0400] "GET /Media/WRAP%20ME%20WITH%20YOUR%20LOVE%20M1_04.wav HTTP/1.1" 206 5027395 "http://www.ninaninanina.com/Enter.html" "Mozilla/5.0 (Windows NT 6.1; rv:30.0) Gecko/20100101 Firefox/30.0"
197.205.34.72 - - [20/Jun/2014:06:10:04 -0400] "GET /Scripts/iWebSite.js HTTP/1.1" 200 146115 "http://www.ninaninanina.com/Enter.html" "Mozilla/5.0 (Windows NT 6.1; rv:30.0) Gecko/20100101 Firefox/30.0"
197.205.34.72 - - [20/Jun/2014:06:10:06 -0400] "GET /Enter_files/myspace%20logo.png HTTP/1.1" 200 3317 "http://www.ninaninanina.com/Enter.html" "Mozilla/5.0 (Windows NT 6.1; rv:30.0) Gecko/20100101 Firefox/30.0"
197.205.34.72 - - [20/Jun/2014:06:10:06 -0400] "GET /Enter_files/images-2.jpg HTTP/1.1" 200 1536 "http://www.ninaninanina.com/Enter.html" "Mozilla/5.0 (Windows NT 6.1; rv:30.0) Gecko/20100101 Firefox/30.0"
197.205.34.72 - - [20/Jun/2014:06:10:07 -0400] "GET /Enter_files/shapeimage_2.png HTTP/1.1" 200 21370 "http://www.ninaninanina.com/Enter.html" "Mozilla/5.0 (Windows NT 6.1; rv:30.0) Gecko/20100101 Firefox/30.0"
197.205.34.72 - - [20/Jun/2014:06:10:08 -0400] "GET /Enter_files/EnterMoz.css HTTP/1.1" 200 128 "http://www.ninaninanina.com/Enter.html" "Mozilla/5.0 (Windows NT 6.1; rv:30.0) Gecko/20100101 Firefox/30.0"
197.205.34.72 - - [20/Jun/2014:06:10:08 -0400] "GET /Enter_files/stroke_4.png HTTP/1.1" 200 100 "http://www.ninaninanina.com/Enter.html" "Mozilla/5.0 (Windows NT 6.1; rv:30.0) Gecko/20100101 Firefox/30.0"
197.205.34.72 - - [20/Jun/2014:06:10:09 -0400] "GET /Media/WRAP%20ME%20WITH%20YOUR%20LOVE%20M1_04.wav HTTP/1.1" 206 5102017 "http://www.ninaninanina.com/Enter.html" "Mozilla/5.0 (Windows NT 6.1; rv:30.0) Gecko/20100101 Firefox/30.0"
197.205.34.72 - - [20/Jun/2014:06:10:09 -0400] "GET /Media/WRAP%20ME%20WITH%20YOUR%20LOVE%20M1_04.wav HTTP/1.1" 206 5078856 "http://www.ninaninanina.com/Enter.html" "Mozilla/5.0 (Windows NT 6.1; rv:30.0) Gecko/20100101 Firefox/30.0"
217.69.133.169 - - [20/Jun/2014:18:25:02 -0400] "GET / HTTP/1.1" 200 307 "-" "Mozilla/5.0 (X11; Linux x86_64; rv:18.0) Gecko/20100101 Firefox/18.0"
217.69.133.169 - - [20/Jun/2014:18:25:02 -0400] "GET /favicon.ico HTTP/1.1" 404 575 "-" "Mozilla/5.0 (X11; Linux x86_64; rv:18.0) Gecko/20100101 Firefox/18.0"
2.190.185.100 - - [20/Jun/2014:11:22:56 -0400] "GET /Enter_files/images-2.jpg HTTP/1.1" 200 1536 "http://www.ninaninanina.com/Enter.html" "Mozilla/5.0 (Windows NT 6.3; rv:31.0) Gecko/20100101 Firefox/31.0"
178.255.215.76 - - [20/Jun/2014:13:36:40 -0400] "GET / HTTP/1.1" 304 - "-" "Mozilla/5.0 (compatible; Exabot/3.0; +http://www.exabot.com/go/robot)"
2.190.185.100 - - [20/Jun/2014:11:22:55 -0400] "GET /Enter_files/myspace%20logo.png HTTP/1.1" 200 3317 "http://www.ninaninanina.com/Enter.html" "Mozilla/5.0 (Windows NT 6.3; rv:31.0) Gecko/20100101 Firefox/31.0"
2.190.185.100 - - [20/Jun/2014:11:22:58 -0400] "GET /Enter_files/shapeimage_1.png HTTP/1.1" 200 2031 "http://www.ninaninanina.com/Enter.html" "Mozilla/5.0 (Windows NT 6.3; rv:31.0) Gecko/20100101 Firefox/31.0"
100.43.81.140 - - [20/Jun/2014:15:16:55 -0400] "GET /Enter.html HTTP/1.1" 200 13519 "-" "Mozilla/5.0 (compatible; YandexBot/3.0; +http://yandex.com/bots)"
142.4.215.116 - - [20/Jun/2014:23:49:18 -0400] "GET /robots.txt HTTP/1.1" 404 575 "-" "Mozilla/5.0 (compatible; ca-crawler/1.0)"
66.249.69.5 - - [20/Jun/2014:02:59:42 -0400] "GET /robots.txt HTTP/1.1" 404 575 "-" "Mozilla/5.0 (compatible; Googlebot/2.1; +http://www.google.com/bot.html)"
100.43.81.140 - - [20/Jun/2014:15:16:55 -0400] "GET /Enter.html HTTP/1.1" 200 13519 "-" "Mozilla/5.0 (compatible; YandexBot/3.0; +http://yandex.com/bots)"
216.145.11.94 - - [20/Jun/2014:16:30:16 -0400] "GET /robots.txt HTTP/1.0" 404 575 "-" "Mozilla/5.0 (Windows; U; Windows NT 5.1; en; rv:1.9.0.13) Gecko/2009073022 Firefox/3.5.2 (.NET CLR 3.5.30729) SurveyBot/2.3 (DomainTools)"
38.100.21.64 - - [20/Jun/2014:19:55:29 -0400] "GET / HTTP/1.1" 200 307 "-" "Mozilla/4.0 (compatible; MSIE 7.0; Windows NT 5.2)"
38.100.21.64 - - [20/Jun/2014:19:55:29 -0400] "GET /Enter.html HTTP/1.1" 200 13519 "-" "Mozilla/4.0 (compatible; MSIE 7.0; Windows NT 5.2)"
38.100.21.64 - - [20/Jun/2014:19:55:29 -0400] "GET /Media/IE8.css HTTP/1.1" 200 215 "-" "Mozilla/4.0 (compatible; MSIE 7.0; Windows NT 5.2)"
38.100.21.64 - - [20/Jun/2014:19:55:29 -0400] "GET /Studio.html HTTP/1.1" 200 24054 "-" "Mozilla/4.0 (compatible; MSIE 7.0; Windows NT 5.2)"
38.100.21.64 - - [20/Jun/2014:19:55:29 -0400] "GET /Enter_files/EnterIE.css HTTP/1.1" 200 492 "-" "Mozilla/4.0 (compatible; MSIE 7.0; Windows NT 5.2)"
38.100.21.64 - - [20/Jun/2014:19:55:29 -0400] "GET /Enter_files/Enter.css HTTP/1.1" 200 6513 "-" "Mozilla/4.0 (compatible; MSIE 7.0; Windows NT 5.2)"
38.100.21.64 - - [20/Jun/2014:19:55:29 -0400] "GET /Studio_files/StudioIE.css HTTP/1.1" 200 492 "-" "Mozilla/4.0 (compatible; MSIE 7.0; Windows NT 5.2)"
38.100.21.64 - - [20/Jun/2014:19:55:29 -0400] "GET /Studio_files/Studio.css HTTP/1.1" 200 12448 "-" "Mozilla/4.0 (compatible; MSIE 7.0; Windows NT 5.2)"
197.205.34.72 - - [20/Jun/2014:06:10:04 -0400] "GET /Enter.html HTTP/1.1" 200 13519 "-" "Mozilla/5.0 (Windows NT 6.1; rv:30.0) Gecko/20100101 Firefox/30.0"
197.205.34.72 - - [20/Jun/2014:06:10:04 -0400] "GET /Enter_files/Enter.js HTTP/1.1" 200 2821 "http://www.ninaninanina.com/Enter.html" "Mozilla/5.0 (Windows NT 6.1; rv:30.0) Gecko/20100101 Firefox/30.0"
197.205.34.72 - - [20/Jun/2014:06:10:06 -0400] "GET /Enter_files/shapeimage_1.png HTTP/1.1" 200 2031 "http://www.ninaninanina.com/Enter.html" "Mozilla/5.0 (Windows NT 6.1; rv:30.0) Gecko/20100101 Firefox/30.0"
197.205.34.72 - - [20/Jun/2014:06:10:06 -0400] "GET /feed.xml HTTP/1.1" 200 3844 "http://www.ninaninanina.com/Enter.html" "Mozilla/5.0 (Windows NT 6.1; rv:30.0) Gecko/20100101 Firefox/30.0"
197.205.34.72 - - [20/Jun/2014:06:10:07 -0400] "GET /Enter_files/images3Fq3Dfacebook2Blogo%26usg%3D__b-uqSjglTcVg25PtvHovdNPpHgo%3D%26ei%3DpXO5SZvDIIHasAPHodRB%26sa%3DX%26oi%3Dimage_result%26resnum%3D1%26ct%3Dimage%26cd%3D1.jpg HTTP/1.1" 200 5033 "http://www.ninaninanina.com/Enter.html" "Mozilla/5.0 (Windows NT 6.1; rv:30.0) Gecko/20100101 Firefox/30.0"
197.205.34.72 - - [20/Jun/2014:06:10:08 -0400] "GET /Enter_files/stroke_3.png HTTP/1.1" 200 78 "http://www.ninaninanina.com/Enter.html" "Mozilla/5.0 (Windows NT 6.1; rv:30.0) Gecko/20100101 Firefox/30.0"
68.180.224.175 - - [20/Jun/2014:06:34:46 -0400] "GET /robots.txt HTTP/1.1" 404 575 "-" "Mozilla/5.0 (compatible; Yahoo! Slurp; http://help.yahoo.com/help/us/ysearch/slurp)"
64.246.165.190 - - [20/Jun/2014:13:35:27 -0400] "GET /robots.txt HTTP/1.0" 404 575 "-" "Mozilla/5.0 (Windows; U; Windows NT 5.1; en; rv:1.9.0.13) Gecko/2009073022 Firefox/3.5.2 (.NET CLR 3.5.30729) SurveyBot/2.3 (DomainTools)"
2.219.248.59 - - [20/Jun/2014:13:50:06 -0400] "GET /Scripts/iWebImage.js HTTP/1.1" 200 39662 "http://www.ninaninanina.com/Enter.html" "Mozilla/5.0 (iPhone; CPU iPhone OS 7_1_1 like Mac OS X) AppleWebKit/537.51.2 (KHTML, like Gecko) Version/7.0 Mobile/11D201 Safari/9537.53"
2.219.248.59 - - [20/Jun/2014:13:50:08 -0400] "GET /Enter_files/WMWYL%20cvr.jpg HTTP/1.1" 200 22747 "http://www.ninaninanina.com/Enter.html" "Mozilla/5.0 (iPhone; CPU iPhone OS 7_1_1 like Mac OS X) AppleWebKit/537.51.2 (KHTML, like Gecko) Version/7.0 Mobile/11D201 Safari/9537.53"
180.76.6.134 - - [20/Jun/2014:21:48:16 -0400] "GET / HTTP/1.1" 200 307 "-" "Mozilla/5.0 (compatible; Baiduspider/2.0; +http://www.baidu.com/search/spider.html)"
130.211.130.204 - - [20/Jun/2014:10:30:40 -0400] "GET / HTTP/1.0" 200 307 "-" "NerdyBot"
2.190.185.100 - - [20/Jun/2014:11:23:07 -0400] "GET /Enter_files/shapeimage_3.png HTTP/1.1" 200 22173 "http://www.ninaninanina.com/Enter.html" "Mozilla/5.0 (Windows NT 6.3; rv:31.0) Gecko/20100101 Firefox/31.0"
216.145.11.94 - - [20/Jun/2014:16:30:28 -0400] "GET / HTTP/1.1" 200 307 "http://whois.domaintools.com/ninatolins.com" "Mozilla/5.0 (Windows; U; Windows NT 5.1; en; rv:1.9.0.13) Gecko/2009073022 Firefox/3.5.2 (.NET CLR 3.5.30729) SurveyBot/2.3 (DomainTools)"
2.190.185.100 - - [20/Jun/2014:11:19:28 -0400] "GET / HTTP/1.1" 200 307 "http://www.google.com/url?sa=t&rct=j&q=&esrc=s&source=web&cd=4&cad=rja&uact=8&ved=0CDYQFjAD&url=http%3A%2F%2Fwww.ninaninanina.com%2F&ei=1FCkU7aqPITE0QXjtIDgCA&usg=AFQjCNFBPdTvBYk2UzXDkkZ3wIgJ4zIgRA&bvm=bv.69411363,d.d2k" "Mozilla/5.0 (Windows NT 6.3; rv:31.0) Gecko/20100101 Firefox/31.0"
2.190.185.100 - - [20/Jun/2014:11:19:31 -0400] "GET /favicon.ico HTTP/1.1" 404 575 "-" "Mozilla/5.0 (Windows NT 6.3; rv:31.0) Gecko/20100101 Firefox/31.0"
2.190.185.100 - - [20/Jun/2014:11:19:43 -0400] "GET /Scripts/iWebSite.js HTTP/1.1" 200 146115 "http://www.ninaninanina.com/Enter.html" "Mozilla/5.0 (Windows NT 6.3; rv:31.0) Gecko/20100101 Firefox/31.0"
2.190.185.100 - - [20/Jun/2014:11:22:56 -0400] "GET /Media/WRAP%20ME%20WITH%20YOUR%20LOVE%20M1_04.wav HTTP/1.1" 200 40917240 "http://www.ninaninanina.com/Enter.html" "Mozilla/5.0 (Windows NT 6.3; rv:31.0) Gecko/20100101 Firefox/31.0"
2.190.185.100 - - [20/Jun/2014:11:23:15 -0400] "GET /Enter_files/stroke_7.png HTTP/1.1" 200 86 "http://www.ninaninanina.com/Enter.html" "Mozilla/5.0 (Windows NT 6.3; rv:31.0) Gecko/20100101 Firefox/31.0"
41.237.34.254 - - [20/Jun/2014:16:41:53 -0400] "GET /Enter_files/Enter.css HTTP/1.1" 200 6513 "http://www.ninaninanina.com/Enter.html" "Mozilla/4.0 (compatible; MSIE 8.0; Windows NT 5.1; Trident/4.0; GTB7.5; InfoPath.2; .NET4.0C; .NET4.0E)"
41.237.34.254 - - [20/Jun/2014:16:41:56 -0400] "GET /Scripts/iWebSite.js HTTP/1.1" 200 146115 "http://www.ninaninanina.com/Enter.html" "Mozilla/4.0 (compatible; MSIE 8.0; Windows NT 5.1; Trident/4.0; GTB7.5; InfoPath.2; .NET4.0C; .NET4.0E)"
2.190.185.100 - - [20/Jun/2014:11:19:43 -0400] "GET /Enter_files/Enter.js HTTP/1.1" 200 2821 "http://www.ninaninanina.com/Enter.html" "Mozilla/5.0 (Windows NT 6.3; rv:31.0) Gecko/20100101 Firefox/31.0"
2.190.185.100 - - [20/Jun/2014:11:22:56 -0400] "GET /Enter_files/images-8.jpg HTTP/1.1" 200 1701 "http://www.ninaninanina.com/Enter.html" "Mozilla/5.0 (Windows NT 6.3; rv:31.0) Gecko/20100101 Firefox/31.0"
2.219.248.59 - - [20/Jun/2014:13:50:05 -0400] "GET /Scripts/Widgets/Navbar/navbar.js HTTP/1.1" 200 5986 "http://www.ninaninanina.com/Enter.html" "Mozilla/5.0 (iPhone; CPU iPhone OS 7_1_1 like Mac OS X) AppleWebKit/537.51.2 (KHTML, like Gecko) Version/7.0 Mobile/11D201 Safari/9537.53"
2.219.248.59 - - [20/Jun/2014:13:50:08 -0400] "GET /Enter_files/images3Fq3Dfacebook2Blogo%26usg%3D__b-uqSjglTcVg25PtvHovdNPpHgo%3D%26ei%3DpXO5SZvDIIHasAPHodRB%26sa%3DX%26oi%3Dimage_result%26resnum%3D1%26ct%3Dimage%26cd%3D1.jpg HTTP/1.1" 200 5033 "http://www.ninaninanina.com/Enter.html" "Mozilla/5.0 (iPhone; CPU iPhone OS 7_1_1 like Mac OS X) AppleWebKit/537.51.2 (KHTML, like Gecko) Version/7.0 Mobile/11D201 Safari/9537.53"
65.55.215.79 - - [20/Jun/2014:00:43:35 -0400] "GET /News_files/images-8.jpg HTTP/1.1" 200 1376 "-" "msnbot-media/1.1 (+http://search.msn.com/msnbot.htm)"
41.237.34.254 - - [20/Jun/2014:16:41:52 -0400] "GET /Enter.html HTTP/1.1" 200 13519 "-" "Mozilla/4.0 (compatible; MSIE 8.0; Windows NT 5.1; Trident/4.0; GTB7.5; InfoPath.2; .NET4.0C; .NET4.0E)"
68.180.224.175 - - [20/Jun/2014:08:24:18 -0400] "GET /Studio_files/nina.jpg HTTP/1.1" 200 10536 "-" "Mozilla/5.0 (compatible; Yahoo! Slurp; http://help.yahoo.com/help/us/ysearch/slurp)"
197.205.34.72 - - [20/Jun/2014:06:10:03 -0400] "GET / HTTP/1.1" 200 307 "http://www.google.fr/url?sa=t&rct=j&q=&esrc=s&source=web&cd=2&ved=0CCgQFjAB&url=http%3A%2F%2Fwww.ninaninanina.com%2F&ei=cwikU8bYIIOb0QXDkYCwAg&usg=AFQjCNFBPdTvBYk2UzXDkkZ3wIgJ4zIgRA" "Mozilla/5.0 (Windows NT 6.1; rv:30.0) Gecko/20100101 Firefox/30.0"
197.205.34.72 - - [20/Jun/2014:06:10:03 -0400] "GET /favicon.ico HTTP/1.1" 404 575 "-" "Mozilla/5.0 (Windows NT 6.1; rv:30.0) Gecko/20100101 Firefox/30.0"
197.205.34.72 - - [20/Jun/2014:06:10:04 -0400] "GET /favicon.ico HTTP/1.1" 404 575 "-" "Mozilla/5.0 (Windows NT 6.1; rv:30.0) Gecko/20100101 Firefox/30.0"
197.205.34.72 - - [20/Jun/2014:06:10:04 -0400] "GET /Enter_files/Enter.css HTTP/1.1" 200 6513 "http://www.ninaninanina.com/Enter.html" "Mozilla/5.0 (Windows NT 6.1; rv:30.0) Gecko/20100101 Firefox/30.0"
197.205.34.72 - - [20/Jun/2014:06:10:06 -0400] "GET /Enter_files/images.jpg HTTP/1.1" 200 2098 "http://www.ninaninanina.com/Enter.html" "Mozilla/5.0 (Windows NT 6.1; rv:30.0) Gecko/20100101 Firefox/30.0"
197.205.34.72 - - [20/Jun/2014:06:10:06 -0400] "GET /Enter_files/nina%20camaro%20purpleEfx1.jpg HTTP/1.1" 200 83882 "http://www.ninaninanina.com/Enter.html" "Mozilla/5.0 (Windows NT 6.1; rv:30.0) Gecko/20100101 Firefox/30.0"
197.205.34.72 - - [20/Jun/2014:06:10:08 -0400] "GET /Enter_files/stroke.png HTTP/1.1" 200 100 "http://www.ninaninanina.com/Enter.html" "Mozilla/5.0 (Windows NT 6.1; rv:30.0) Gecko/20100101 Firefox/30.0"
197.205.34.72 - - [20/Jun/2014:06:10:08 -0400] "GET /Enter_files/stroke_6.png HTTP/1.1" 200 112 "http://www.ninaninanina.com/Enter.html" "Mozilla/5.0 (Windows NT 6.1; rv:30.0) Gecko/20100101 Firefox/30.0"
2.190.185.100 - - [20/Jun/2014:11:19:43 -0400] "GET /Scripts/Widgets/SharedResources/WidgetCommon.js HTTP/1.1" 200 36124 "http://www.ninaninanina.com/Enter.html" "Mozilla/5.0 (Windows NT 6.3; rv:31.0) Gecko/20100101 Firefox/31.0"
2.219.248.59 - - [20/Jun/2014:13:50:05 -0400] "GET /Scripts/Widgets/SharedResources/WidgetCommon.js HTTP/1.1" 200 36124 "http://www.ninaninanina.com/Enter.html" "Mozilla/5.0 (iPhone; CPU iPhone OS 7_1_1 like Mac OS X) AppleWebKit/537.51.2 (KHTML, like Gecko) Version/7.0 Mobile/11D201 Safari/9537.53"
2.219.248.59 - - [20/Jun/2014:13:50:08 -0400] "GET /Enter_files/images-8.jpg HTTP/1.1" 200 1701 "http://www.ninaninanina.com/Enter.html" "Mozilla/5.0 (iPhone; CPU iPhone OS 7_1_1 like Mac OS X) AppleWebKit/537.51.2 (KHTML, like Gecko) Version/7.0 Mobile/11D201 Safari/9537.53"
157.55.39.153 - - [20/Jun/2014:19:16:40 -0400] "GET / HTTP/1.1" 200 307 "-" "Mozilla/5.0 (compatible; bingbot/2.0; +http://www.bing.com/bingbot.htm)"
66.249.90.151 - - [20/Jun/2014:23:06:28 -0400] "GET /Enter.html HTTP/1.1" 200 13519 "-" "Mozilla/5.0 (Macintosh; Intel Mac OS X 10_8_4) AppleWebKit/537.36 (KHTML, like Gecko) Chrome/28.0.1500.71 Safari/537.36"
142.4.215.116 - - [20/Jun/2014:23:49:19 -0400] "GET / HTTP/1.1" 206 307 "-" "Mozilla/5.0 (compatible; ca-crawler/1.0)"
2.190.185.100 - - [20/Jun/2014:11:19:39 -0400] "GET /favicon.ico HTTP/1.1" 404 575 "-" "Mozilla/5.0 (Windows NT 6.3; rv:31.0) Gecko/20100101 Firefox/31.0"
2.190.185.100 - - [20/Jun/2014:11:23:02 -0400] "GET /Enter_files/images.jpg HTTP/1.1" 200 2098 "http://www.ninaninanina.com/Enter.html" "Mozilla/5.0 (Windows NT 6.3; rv:31.0) Gecko/20100101 Firefox/31.0"
66.249.69.149 - - [20/Jun/2014:02:59:38 -0400] "GET /Enter.html HTTP/1.1" 200 13519 "-" "Mozilla/5.0 (compatible; Googlebot/2.1; +http://www.google.com/bot.html)"
2.190.185.100 - - [20/Jun/2014:11:22:21 -0400] "GET /feed.xml HTTP/1.1" 200 3844 "http://www.ninaninanina.com/Enter.html" "Mozilla/5.0 (Windows NT 6.3; rv:31.0) Gecko/20100101 Firefox/31.0"
208.115.111.68 - - [20/Jun/2014:09:04:54 -0400] "GET /Enter.html HTTP/1.1" 200 13519 "-" "Mozilla/5.0 (compatible; DotBot/1.1; http://www.opensiteexplorer.org/dotbot, help@moz.com)"
197.205.34.72 - - [20/Jun/2014:06:10:05 -0400] "GET /Media/WRAP%20ME%20WITH%20YOUR%20LOVE%20M1_04.wav HTTP/1.1" 206 20456564 "http://www.ninaninanina.com/Enter.html" "Mozilla/5.0 (Windows NT 6.1; rv:30.0) Gecko/20100101 Firefox/30.0"
66.249.65.105 - - [20/Jun/2014:23:50:16 -0400] "GET /Enter.html HTTP/1.1" 200 13519 "-" "Mozilla/5.0 (compatible; Googlebot/2.1; +http://www.google.com/bot.html)"
2.190.185.100 - - [20/Jun/2014:11:22:33 -0400] "GET /Enter_files/images3Fq3Dtwitter2Blogos26hl3Den26client3Dfirefox-a26rls3Dorg.jpg HTTP/1.1" 200 5062 "http://www.ninaninanina.com/Enter.html" "Mozilla/5.0 (Windows NT 6.3; rv:31.0) Gecko/20100101 Firefox/31.0"
157.55.39.94 - - [20/Jun/2014:04:14:29 -0400] "GET /FanZpot.html HTTP/1.1" 304 - "-" "Mozilla/5.0 (compatible; bingbot/2.0; +http://www.bing.com/bingbot.htm)"
180.76.6.130 - - [20/Jun/2014:22:19:19 -0400] "GET /Scripts/Widgets/YouTube/YouTube.css HTTP/1.1" 200 1148 "-" "Mozilla/5.0 (compatible; Baiduspider/2.0; +http://www.baidu.com/search/spider.html)"
66.249.69.133 - - [20/Jun/2014:03:59:03 -0400] "GET /Store.html HTTP/1.1" 304 - "-" "Mozilla/5.0 (compatible; Googlebot/2.1; +http://www.google.com/bot.html)"