0byt3m1n1
Path:
/
data
/
0
/
0
/
102
/
70
/
102233
/
meta
/
103683
/
logs
/
[
Home
]
File: x-access_log.2014-06-20
106.120.173.123 - - [20/Jun/2014:10:19:01 -0400] "GET / HTTP/1.1" 304 - "-" "Sogou web spider/4.0(+http://www.sogou.com/docs/help/webmasters.htm#07)"
189.15.170.151 - - [20/Jun/2014:12:34:40 -0400] "GET /scripts/user.js HTTP/1.1" 200 23762 "http://common-ground-studio.com/" "Mozilla/5.0 (Windows NT 6.1; WOW64) AppleWebKit/537.36 (KHTML, like Gecko) Chrome/32.0.1700.107 Safari/537.36"
189.15.170.151 - - [20/Jun/2014:12:34:40 -0400] "GET /205/scripts/master.css HTTP/1.1" 200 2177 "http://common-ground-studio.com/" "Mozilla/5.0 (Windows NT 6.1; WOW64) AppleWebKit/537.36 (KHTML, like Gecko) Chrome/32.0.1700.107 Safari/537.36"
66.249.65.224 - - [20/Jun/2014:11:38:48 -0400] "GET /images/120_ad_6.JPG HTTP/1.1" 304 - "-" "Googlebot-Image/1.0"
65.55.215.34 - - [20/Jun/2014:14:35:21 -0400] "GET /robots.txt HTTP/1.1" 200 25 "-" "msnbot-media/1.1 (+http://search.msn.com/msnbot.htm)"
178.255.215.76 - - [20/Jun/2014:18:44:32 -0400] "GET / HTTP/1.1" 304 - "-" "Mozilla/5.0 (compatible; Exabot/3.0; +http://www.exabot.com/go/robot)"
189.15.170.151 - - [20/Jun/2014:12:34:40 -0400] "GET /scripts/ic_globals_published.js HTTP/1.1" 200 566 "http://common-ground-studio.com/" "Mozilla/5.0 (Windows NT 6.1; WOW64) AppleWebKit/537.36 (KHTML, like Gecko) Chrome/32.0.1700.107 Safari/537.36"
199.192.207.146 - - [20/Jun/2014:11:22:56 -0400] "GET /robots.txt HTTP/1.0" 200 25 "-" "Mozilla/5.0 (compatible; MJ12bot/v1.4.5; http://www.majestic12.co.uk/bot.php?+)"
189.15.170.151 - - [20/Jun/2014:12:34:40 -0400] "GET /205/scripts/icwebsiteelement.css HTTP/1.1" 200 8132 "http://common-ground-studio.com/" "Mozilla/5.0 (Windows NT 6.1; WOW64) AppleWebKit/537.36 (KHTML, like Gecko) Chrome/32.0.1700.107 Safari/537.36"
189.15.170.151 - - [20/Jun/2014:12:34:43 -0400] "GET /205/images/spacer.gif HTTP/1.1" 200 43 "http://common-ground-studio.com/" "Mozilla/5.0 (Windows NT 6.1; WOW64) AppleWebKit/537.36 (KHTML, like Gecko) Chrome/32.0.1700.107 Safari/537.36"
189.15.170.151 - - [20/Jun/2014:12:34:43 -0400] "GET /205/images/03a.jpg HTTP/1.1" 200 4776 "http://common-ground-studio.com/" "Mozilla/5.0 (Windows NT 6.1; WOW64) AppleWebKit/537.36 (KHTML, like Gecko) Chrome/32.0.1700.107 Safari/537.36"
189.15.170.151 - - [20/Jun/2014:12:34:44 -0400] "GET /205/images/slogan.jpg HTTP/1.1" 200 28076 "http://common-ground-studio.com/" "Mozilla/5.0 (Windows NT 6.1; WOW64) AppleWebKit/537.36 (KHTML, like Gecko) Chrome/32.0.1700.107 Safari/537.36"
189.15.170.151 - - [20/Jun/2014:12:34:47 -0400] "GET /205/images/03b.jpg HTTP/1.1" 200 5279 "http://common-ground-studio.com/" "Mozilla/5.0 (Windows NT 6.1; WOW64) AppleWebKit/537.36 (KHTML, like Gecko) Chrome/32.0.1700.107 Safari/537.36"
189.15.170.151 - - [20/Jun/2014:12:34:47 -0400] "GET /205/images/08b.jpg HTTP/1.1" 200 2712 "http://common-ground-studio.com/" "Mozilla/5.0 (Windows NT 6.1; WOW64) AppleWebKit/537.36 (KHTML, like Gecko) Chrome/32.0.1700.107 Safari/537.36"
189.15.170.151 - - [20/Jun/2014:12:34:47 -0400] "GET /205/images/left_tile.jpg HTTP/1.1" 200 6626 "http://common-ground-studio.com/" "Mozilla/5.0 (Windows NT 6.1; WOW64) AppleWebKit/537.36 (KHTML, like Gecko) Chrome/32.0.1700.107 Safari/537.36"
131.253.24.8 - - [20/Jun/2014:08:59:43 -0400] "GET /images/150_Spring_Millpond.JPG HTTP/1.1" 200 9489 "-" "msnbot-media/1.1 (+http://search.msn.com/msnbot.htm)"
131.253.24.5 - - [20/Jun/2014:09:11:57 -0400] "GET /images/160_Vespers_on_the_Eno.JPG HTTP/1.1" 200 8528 "-" "msnbot-media/1.1 (+http://search.msn.com/msnbot.htm)"
65.55.215.33 - - [20/Jun/2014:14:45:19 -0400] "GET /images/170_Flight_of_the_Gulls.jpg HTTP/1.1" 200 3906 "-" "msnbot-media/1.1 (+http://search.msn.com/msnbot.htm)"
130.211.177.248 - - [20/Jun/2014:10:53:25 -0400] "GET / HTTP/1.0" 200 21609 "-" "NerdyBot"
65.55.215.35 - - [20/Jun/2014:14:39:14 -0400] "GET /205/images/3/motif01.jpg HTTP/1.1" 200 13484 "-" "msnbot-media/1.1 (+http://search.msn.com/msnbot.htm)"
189.15.170.151 - - [20/Jun/2014:12:34:43 -0400] "GET /205/images/index_01.jpg HTTP/1.1" 200 7158 "http://common-ground-studio.com/" "Mozilla/5.0 (Windows NT 6.1; WOW64) AppleWebKit/537.36 (KHTML, like Gecko) Chrome/32.0.1700.107 Safari/537.36"
189.15.170.151 - - [20/Jun/2014:12:34:43 -0400] "GET /205/images/05a.jpg HTTP/1.1" 200 4118 "http://common-ground-studio.com/" "Mozilla/5.0 (Windows NT 6.1; WOW64) AppleWebKit/537.36 (KHTML, like Gecko) Chrome/32.0.1700.107 Safari/537.36"
189.15.170.151 - - [20/Jun/2014:12:34:44 -0400] "GET /205/images/company.jpg HTTP/1.1" 200 35518 "http://common-ground-studio.com/" "Mozilla/5.0 (Windows NT 6.1; WOW64) AppleWebKit/537.36 (KHTML, like Gecko) Chrome/32.0.1700.107 Safari/537.36"
189.15.170.151 - - [20/Jun/2014:12:34:44 -0400] "GET /images/200_Lullaby.jpg HTTP/1.1" 200 8989 "http://common-ground-studio.com/" "Mozilla/5.0 (Windows NT 6.1; WOW64) AppleWebKit/537.36 (KHTML, like Gecko) Chrome/32.0.1700.107 Safari/537.36"
189.15.170.151 - - [20/Jun/2014:12:34:45 -0400] "GET /images/300_Last_Dance.jpg HTTP/1.1" 200 12503 "http://common-ground-studio.com/" "Mozilla/5.0 (Windows NT 6.1; WOW64) AppleWebKit/537.36 (KHTML, like Gecko) Chrome/32.0.1700.107 Safari/537.36"
189.15.170.151 - - [20/Jun/2014:12:34:45 -0400] "GET /images/225_All_is_well.jpg HTTP/1.1" 200 9453 "http://common-ground-studio.com/" "Mozilla/5.0 (Windows NT 6.1; WOW64) AppleWebKit/537.36 (KHTML, like Gecko) Chrome/32.0.1700.107 Safari/537.36"
189.15.170.151 - - [20/Jun/2014:12:34:45 -0400] "GET /images/160_Sweet_Dreams.jpg HTTP/1.1" 200 6750 "http://common-ground-studio.com/" "Mozilla/5.0 (Windows NT 6.1; WOW64) AppleWebKit/537.36 (KHTML, like Gecko) Chrome/32.0.1700.107 Safari/537.36"
189.15.170.151 - - [20/Jun/2014:12:34:45 -0400] "GET /images/225_Tidal_Tango.jpg HTTP/1.1" 200 9662 "http://common-ground-studio.com/" "Mozilla/5.0 (Windows NT 6.1; WOW64) AppleWebKit/537.36 (KHTML, like Gecko) Chrome/32.0.1700.107 Safari/537.36"
189.15.170.151 - - [20/Jun/2014:12:34:46 -0400] "GET /images/200_Evening_Hush.jpg HTTP/1.1" 200 5993 "http://common-ground-studio.com/" "Mozilla/5.0 (Windows NT 6.1; WOW64) AppleWebKit/537.36 (KHTML, like Gecko) Chrome/32.0.1700.107 Safari/537.36"
189.15.170.151 - - [20/Jun/2014:12:34:46 -0400] "GET /images/200_Frisco_Sunset.jpg HTTP/1.1" 200 7636 "http://common-ground-studio.com/" "Mozilla/5.0 (Windows NT 6.1; WOW64) AppleWebKit/537.36 (KHTML, like Gecko) Chrome/32.0.1700.107 Safari/537.36"
189.15.170.151 - - [20/Jun/2014:12:34:46 -0400] "GET /images/360_Splendor_on_Hatteras.jpg HTTP/1.1" 200 19000 "http://common-ground-studio.com/" "Mozilla/5.0 (Windows NT 6.1; WOW64) AppleWebKit/537.36 (KHTML, like Gecko) Chrome/32.0.1700.107 Safari/537.36"
65.55.215.67 - - [20/Jun/2014:01:42:40 -0400] "GET /images/300_Red_Buckeye.jpg HTTP/1.1" 200 28861 "-" "msnbot-media/1.1 (+http://search.msn.com/msnbot.htm)"
65.55.215.67 - - [20/Jun/2014:01:48:46 -0400] "GET /images/200_Azalea_Hill.JPG HTTP/1.1" 200 13925 "-" "msnbot-media/1.1 (+http://search.msn.com/msnbot.htm)"
220.181.108.175 - - [20/Jun/2014:16:28:40 -0400] "GET /smallpaintings.html HTTP/1.1" 200 20240 "-" "Mozilla/5.0 (compatible; Baiduspider/2.0; +http://www.baidu.com/search/spider.html)"
189.15.170.151 - - [20/Jun/2014:12:34:43 -0400] "GET /205/images/01a.jpg HTTP/1.1" 200 4883 "http://common-ground-studio.com/" "Mozilla/5.0 (Windows NT 6.1; WOW64) AppleWebKit/537.36 (KHTML, like Gecko) Chrome/32.0.1700.107 Safari/537.36"
189.15.170.151 - - [20/Jun/2014:12:34:44 -0400] "GET /205/images/index_17.jpg HTTP/1.1" 200 821 "http://common-ground-studio.com/" "Mozilla/5.0 (Windows NT 6.1; WOW64) AppleWebKit/537.36 (KHTML, like Gecko) Chrome/32.0.1700.107 Safari/537.36"
189.15.170.151 - - [20/Jun/2014:12:34:44 -0400] "GET /images/300_Coastal_Song.jpg HTTP/1.1" 200 16392 "http://common-ground-studio.com/" "Mozilla/5.0 (Windows NT 6.1; WOW64) AppleWebKit/537.36 (KHTML, like Gecko) Chrome/32.0.1700.107 Safari/537.36"
189.15.170.151 - - [20/Jun/2014:12:34:44 -0400] "GET /images/400_Distant_Thunder.jpg HTTP/1.1" 200 14075 "http://common-ground-studio.com/" "Mozilla/5.0 (Windows NT 6.1; WOW64) AppleWebKit/537.36 (KHTML, like Gecko) Chrome/32.0.1700.107 Safari/537.36"
189.15.170.151 - - [20/Jun/2014:12:34:46 -0400] "GET /205/images/right.jpg HTTP/1.1" 200 4889 "http://common-ground-studio.com/" "Mozilla/5.0 (Windows NT 6.1; WOW64) AppleWebKit/537.36 (KHTML, like Gecko) Chrome/32.0.1700.107 Safari/537.36"
189.15.170.151 - - [20/Jun/2014:12:34:46 -0400] "GET /205/images/01b.jpg HTTP/1.1" 200 5332 "http://common-ground-studio.com/" "Mozilla/5.0 (Windows NT 6.1; WOW64) AppleWebKit/537.36 (KHTML, like Gecko) Chrome/32.0.1700.107 Safari/537.36"
189.15.170.151 - - [20/Jun/2014:12:34:47 -0400] "GET /205/images/04b.jpg HTTP/1.1" 200 4910 "http://common-ground-studio.com/" "Mozilla/5.0 (Windows NT 6.1; WOW64) AppleWebKit/537.36 (KHTML, like Gecko) Chrome/32.0.1700.107 Safari/537.36"
189.15.170.151 - - [20/Jun/2014:12:34:47 -0400] "GET /205/images/09b.jpg HTTP/1.1" 200 2632 "http://common-ground-studio.com/" "Mozilla/5.0 (Windows NT 6.1; WOW64) AppleWebKit/537.36 (KHTML, like Gecko) Chrome/32.0.1700.107 Safari/537.36"
189.15.170.151 - - [20/Jun/2014:12:34:47 -0400] "GET /205/images/tile.jpg HTTP/1.1" 200 652 "http://common-ground-studio.com/" "Mozilla/5.0 (Windows NT 6.1; WOW64) AppleWebKit/537.36 (KHTML, like Gecko) Chrome/32.0.1700.107 Safari/537.36"
66.249.65.237 - - [20/Jun/2014:13:04:49 -0400] "GET /images/200_Azalea_Path_4.JPG HTTP/1.1" 304 - "-" "Googlebot-Image/1.0"
199.192.207.146 - - [20/Jun/2014:11:22:55 -0400] "GET / HTTP/1.0" 200 21609 "-" "Mozilla/5.0 (compatible; MJ12bot/v1.4.5; http://www.majestic12.co.uk/bot.php?+)"
131.253.24.5 - - [20/Jun/2014:08:21:01 -0400] "GET /images/140_Fallen_Splendor.JPG HTTP/1.1" 200 6540 "-" "msnbot-media/1.1 (+http://search.msn.com/msnbot.htm)"
199.192.207.146 - - [20/Jun/2014:11:22:57 -0400] "GET / HTTP/1.0" 200 21609 "-" "Mozilla/5.0 (compatible; MJ12bot/v1.4.5; http://www.majestic12.co.uk/bot.php?+)"
65.55.215.34 - - [20/Jun/2014:14:35:21 -0400] "GET /images/250_The_Gathering_Place.jpg HTTP/1.1" 200 16812 "-" "msnbot-media/1.1 (+http://search.msn.com/msnbot.htm)"
131.253.24.8 - - [20/Jun/2014:07:04:12 -0400] "GET /robots.txt HTTP/1.1" 200 25 "-" "msnbot-media/1.1 (+http://search.msn.com/msnbot.htm)"
189.15.170.151 - - [20/Jun/2014:12:34:35 -0400] "GET / HTTP/1.1" 200 21609 "http://semalt.semalt.com/crawler.php?u=http://common-ground-studio.com" "Mozilla/5.0 (Windows NT 6.1; WOW64) AppleWebKit/537.36 (KHTML, like Gecko) Chrome/32.0.1700.107 Safari/537.36"
199.192.207.146 - - [20/Jun/2014:11:22:53 -0400] "GET /robots.txt HTTP/1.0" 200 25 "-" "Mozilla/5.0 (compatible; MJ12bot/v1.4.5; http://www.majestic12.co.uk/bot.php?+)"
65.55.215.67 - - [20/Jun/2014:01:45:53 -0400] "GET /images/200_Floribunda.JPG HTTP/1.1" 200 15359 "-" "msnbot-media/1.1 (+http://search.msn.com/msnbot.htm)"
65.55.215.67 - - [20/Jun/2014:00:57:48 -0400] "GET /images/200_Reverie.jpg HTTP/1.1" 200 15243 "-" "msnbot-media/1.1 (+http://search.msn.com/msnbot.htm)"
38.100.21.63 - - [20/Jun/2014:19:52:16 -0400] "GET / HTTP/1.1" 200 21609 "-" "Mozilla/4.0 (compatible; MSIE 7.0; Windows NT 5.2)"
38.100.21.63 - - [20/Jun/2014:19:52:16 -0400] "GET /205/scripts/master.css HTTP/1.1" 200 2177 "-" "Mozilla/4.0 (compatible; MSIE 7.0; Windows NT 5.2)"
38.100.21.63 - - [20/Jun/2014:19:52:16 -0400] "GET /contactus.html HTTP/1.1" 200 18760 "-" "Mozilla/4.0 (compatible; MSIE 7.0; Windows NT 5.2)"
38.100.21.63 - - [20/Jun/2014:19:52:16 -0400] "GET /archives.html HTTP/1.1" 200 23192 "-" "Mozilla/4.0 (compatible; MSIE 7.0; Windows NT 5.2)"
38.100.21.63 - - [20/Jun/2014:19:52:16 -0400] "GET /recentpaintings.html HTTP/1.1" 200 21609 "-" "Mozilla/4.0 (compatible; MSIE 7.0; Windows NT 5.2)"
38.100.21.63 - - [20/Jun/2014:19:52:16 -0400] "GET /smallpaintings.html HTTP/1.1" 200 20240 "-" "Mozilla/4.0 (compatible; MSIE 7.0; Windows NT 5.2)"
38.100.21.63 - - [20/Jun/2014:19:52:16 -0400] "GET /205/scripts/icwebsiteelement.css HTTP/1.1" 200 8132 "-" "Mozilla/4.0 (compatible; MSIE 7.0; Windows NT 5.2)"
38.100.21.63 - - [20/Jun/2014:19:52:16 -0400] "GET /gallery2.html HTTP/1.1" 200 19329 "-" "Mozilla/4.0 (compatible; MSIE 7.0; Windows NT 5.2)"
38.100.21.63 - - [20/Jun/2014:19:52:16 -0400] "GET /commissions.html HTTP/1.1" 200 14438 "-" "Mozilla/4.0 (compatible; MSIE 7.0; Windows NT 5.2)"
198.27.67.96 - - [20/Jun/2014:08:38:55 -0400] "GET /robots.txt HTTP/1.1" 200 25 "-" "Mozilla/5.0 (compatible; meanpathbot/1.0; +http://www.meanpath.com/meanpathbot.html)"
198.27.67.96 - - [20/Jun/2014:08:38:55 -0400] "GET / HTTP/1.1" 200 21609 "-" "Mozilla/5.0 (compatible; meanpathbot/1.0; +http://www.meanpath.com/meanpathbot.html)"
65.55.215.35 - - [20/Jun/2014:14:57:58 -0400] "GET /images/150_late_summer.JPG HTTP/1.1" 200 9632 "-" "msnbot-media/1.1 (+http://search.msn.com/msnbot.htm)"
66.249.65.237 - - [20/Jun/2014:17:09:47 -0400] "GET /images/225_Tidal_Tango.jpg HTTP/1.1" 304 - "-" "Googlebot-Image/1.0"
189.15.170.151 - - [20/Jun/2014:12:34:40 -0400] "GET /scripts/photoalbum.js HTTP/1.1" 200 62481 "http://common-ground-studio.com/" "Mozilla/5.0 (Windows NT 6.1; WOW64) AppleWebKit/537.36 (KHTML, like Gecko) Chrome/32.0.1700.107 Safari/537.36"
189.15.170.151 - - [20/Jun/2014:12:34:43 -0400] "GET /205/images/block.jpg HTTP/1.1" 200 305 "http://common-ground-studio.com/" "Mozilla/5.0 (Windows NT 6.1; WOW64) AppleWebKit/537.36 (KHTML, like Gecko) Chrome/32.0.1700.107 Safari/537.36"
189.15.170.151 - - [20/Jun/2014:12:34:43 -0400] "GET /205/images/02a.jpg HTTP/1.1" 200 4520 "http://common-ground-studio.com/" "Mozilla/5.0 (Windows NT 6.1; WOW64) AppleWebKit/537.36 (KHTML, like Gecko) Chrome/32.0.1700.107 Safari/537.36"
189.15.170.151 - - [20/Jun/2014:12:34:44 -0400] "GET /205/images/left.jpg HTTP/1.1" 200 4920 "http://common-ground-studio.com/" "Mozilla/5.0 (Windows NT 6.1; WOW64) AppleWebKit/537.36 (KHTML, like Gecko) Chrome/32.0.1700.107 Safari/537.36"
189.15.170.151 - - [20/Jun/2014:12:34:46 -0400] "GET /205/images/index_18.jpg HTTP/1.1" 200 7623 "http://common-ground-studio.com/" "Mozilla/5.0 (Windows NT 6.1; WOW64) AppleWebKit/537.36 (KHTML, like Gecko) Chrome/32.0.1700.107 Safari/537.36"
189.15.170.151 - - [20/Jun/2014:12:34:47 -0400] "GET /205/images/05b.jpg HTTP/1.1" 200 5044 "http://common-ground-studio.com/" "Mozilla/5.0 (Windows NT 6.1; WOW64) AppleWebKit/537.36 (KHTML, like Gecko) Chrome/32.0.1700.107 Safari/537.36"
189.15.170.151 - - [20/Jun/2014:12:34:47 -0400] "GET /205/images/10b.jpg HTTP/1.1" 200 2610 "http://common-ground-studio.com/" "Mozilla/5.0 (Windows NT 6.1; WOW64) AppleWebKit/537.36 (KHTML, like Gecko) Chrome/32.0.1700.107 Safari/537.36"
189.15.170.151 - - [20/Jun/2014:12:34:47 -0400] "GET /205/images/right_tile.jpg HTTP/1.1" 200 6757 "http://common-ground-studio.com/" "Mozilla/5.0 (Windows NT 6.1; WOW64) AppleWebKit/537.36 (KHTML, like Gecko) Chrome/32.0.1700.107 Safari/537.36"
189.15.170.151 - - [20/Jun/2014:12:34:43 -0400] "GET /205/images/2/motif01.jpg HTTP/1.1" 200 13484 "http://common-ground-studio.com/" "Mozilla/5.0 (Windows NT 6.1; WOW64) AppleWebKit/537.36 (KHTML, like Gecko) Chrome/32.0.1700.107 Safari/537.36"
189.15.170.151 - - [20/Jun/2014:12:34:45 -0400] "GET /images/200_Shimmer.jpg HTTP/1.1" 200 13314 "http://common-ground-studio.com/" "Mozilla/5.0 (Windows NT 6.1; WOW64) AppleWebKit/537.36 (KHTML, like Gecko) Chrome/32.0.1700.107 Safari/537.36"
189.15.170.151 - - [20/Jun/2014:12:34:45 -0400] "GET /images/300_Marsh_Echoes.jpg HTTP/1.1" 200 13479 "http://common-ground-studio.com/" "Mozilla/5.0 (Windows NT 6.1; WOW64) AppleWebKit/537.36 (KHTML, like Gecko) Chrome/32.0.1700.107 Safari/537.36"
189.15.170.151 - - [20/Jun/2014:12:34:46 -0400] "GET /images/360_Passing_Storm.jpg HTTP/1.1" 200 17225 "http://common-ground-studio.com/" "Mozilla/5.0 (Windows NT 6.1; WOW64) AppleWebKit/537.36 (KHTML, like Gecko) Chrome/32.0.1700.107 Safari/537.36"
189.15.170.151 - - [20/Jun/2014:12:34:47 -0400] "GET /205/images/06b.jpg HTTP/1.1" 200 4840 "http://common-ground-studio.com/" "Mozilla/5.0 (Windows NT 6.1; WOW64) AppleWebKit/537.36 (KHTML, like Gecko) Chrome/32.0.1700.107 Safari/537.36"
189.15.170.151 - - [20/Jun/2014:12:34:47 -0400] "GET /205/images/nav_back.jpg HTTP/1.1" 200 9923 "http://common-ground-studio.com/" "Mozilla/5.0 (Windows NT 6.1; WOW64) AppleWebKit/537.36 (KHTML, like Gecko) Chrome/32.0.1700.107 Safari/537.36"
189.15.170.151 - - [20/Jun/2014:12:33:50 -0400] "GET /205/images/index_06.jpg HTTP/1.1" 200 1300 "http://common-ground-studio.com/" "Mozilla/5.0 (Windows NT 6.1; WOW64) AppleWebKit/537.36 (KHTML, like Gecko) Chrome/32.0.1700.107 Safari/537.36"
189.15.170.151 - - [20/Jun/2014:12:33:51 -0400] "GET /205/images/04a.jpg HTTP/1.1" 200 4079 "http://common-ground-studio.com/" "Mozilla/5.0 (Windows NT 6.1; WOW64) AppleWebKit/537.36 (KHTML, like Gecko) Chrome/32.0.1700.107 Safari/537.36"
189.15.170.151 - - [20/Jun/2014:12:33:51 -0400] "GET /205/images/06a.jpg HTTP/1.1" 200 3796 "http://common-ground-studio.com/" "Mozilla/5.0 (Windows NT 6.1; WOW64) AppleWebKit/537.36 (KHTML, like Gecko) Chrome/32.0.1700.107 Safari/537.36"
189.15.170.151 - - [20/Jun/2014:12:33:51 -0400] "GET /images/300_Dune_Poppies.jpg HTTP/1.1" 200 21641 "http://common-ground-studio.com/" "Mozilla/5.0 (Windows NT 6.1; WOW64) AppleWebKit/537.36 (KHTML, like Gecko) Chrome/32.0.1700.107 Safari/537.36"
189.15.170.151 - - [20/Jun/2014:12:33:54 -0400] "GET /205/images/02b.jpg HTTP/1.1" 200 4981 "http://common-ground-studio.com/" "Mozilla/5.0 (Windows NT 6.1; WOW64) AppleWebKit/537.36 (KHTML, like Gecko) Chrome/32.0.1700.107 Safari/537.36"
189.15.170.151 - - [20/Jun/2014:12:33:54 -0400] "GET /205/images/07b.jpg HTTP/1.1" 200 2694 "http://common-ground-studio.com/" "Mozilla/5.0 (Windows NT 6.1; WOW64) AppleWebKit/537.36 (KHTML, like Gecko) Chrome/32.0.1700.107 Safari/537.36"
131.253.24.8 - - [20/Jun/2014:07:04:28 -0400] "GET /images/120_Upriver_Gold.JPG HTTP/1.1" 200 7377 "-" "msnbot-media/1.1 (+http://search.msn.com/msnbot.htm)"
208.115.111.66 - - [20/Jun/2014:11:42:52 -0400] "GET /robots.txt HTTP/1.1" 200 25 "-" "Mozilla/5.0 (compatible; DotBot/1.1; http://www.opensiteexplorer.org/dotbot, help@moz.com)"
66.249.65.250 - - [20/Jun/2014:22:38:13 -0400] "GET /robots.txt HTTP/1.1" 200 25 "-" "Mozilla/5.0 (compatible; Googlebot/2.1; +http://www.google.com/bot.html)"
178.255.215.76 - - [20/Jun/2014:18:44:31 -0400] "GET /robots.txt HTTP/1.1" 200 25 "-" "Mozilla/5.0 (compatible; Exabot/3.0; +http://www.exabot.com/go/robot)"
66.249.65.237 - - [20/Jun/2014:22:38:13 -0400] "GET /images/100_business_card_1.JPG HTTP/1.1" 304 - "-" "Googlebot-Image/1.0"
106.120.173.123 - - [20/Jun/2014:10:18:54 -0400] "GET /robots.txt HTTP/1.1" 200 25 "-" "Sogou web spider/4.0(+http://www.sogou.com/docs/help/webmasters.htm#07)"
65.55.215.67 - - [20/Jun/2014:00:57:48 -0400] "GET /robots.txt HTTP/1.1" 200 25 "-" "msnbot-media/1.1 (+http://search.msn.com/msnbot.htm)"
208.115.111.66 - - [20/Jun/2014:12:54:38 -0400] "GET /recentpaintings.html HTTP/1.1" 200 21609 "-" "Mozilla/5.0 (compatible; DotBot/1.1; http://www.opensiteexplorer.org/dotbot, help@moz.com)"