70.247.110.226 - - [13/Aug/2013:14:45:37 -0400] "GET /files/rdc_9289.jpg HTTP/1.1" 200 24706 "http://eyepiecestexas.com/" "Mozilla/4.0 (compatible; MSIE 8.0; Windows NT 6.1; Trident/4.0; SLCC2; .NET CLR 2.0.50727; .NET CLR 3.5.30729; .NET CLR 3.0.30729; Media Center PC 6.0; .NET4.0C; .NET4.0E)"
70.247.110.226 - - [13/Aug/2013:14:45:37 -0400] "GET /rw_common/themes/dexture/images/upperShadow.png HTTP/1.1" 200 218 "http://eyepiecestexas.com/" "Mozilla/4.0 (compatible; MSIE 8.0; Windows NT 6.1; Trident/4.0; SLCC2; .NET CLR 2.0.50727; .NET CLR 3.5.30729; .NET CLR 3.0.30729; Media Center PC 6.0; .NET4.0C; .NET4.0E)"
70.247.110.226 - - [13/Aug/2013:14:45:37 -0400] "GET /rw_common/themes/dexture/scripts/PIE.htc HTTP/1.1" 200 40673 "-" "Mozilla/4.0 (compatible; MSIE 8.0; Windows NT 6.1; Trident/4.0; SLCC2; .NET CLR 2.0.50727; .NET CLR 3.5.30729; .NET CLR 3.0.30729; Media Center PC 6.0; .NET4.0C; .NET4.0E)"
70.247.110.226 - - [13/Aug/2013:14:45:59 -0400] "GET /rw_common/themes/dexture/consolidated-handheld-1.css HTTP/1.1" 200 13394 "http://eyepiecestexas.com/about/" "Mozilla/4.0 (compatible; MSIE 8.0; Windows NT 6.1; Trident/4.0; SLCC2; .NET CLR 2.0.50727; .NET CLR 3.5.30729; .NET CLR 3.0.30729; Media Center PC 6.0; .NET4.0C; .NET4.0E)"
70.247.110.226 - - [13/Aug/2013:14:45:59 -0400] "GET /rw_common/themes/rw_common/plugins/stacks/stacks_ie.css HTTP/1.1" 200 2819 "http://eyepiecestexas.com/about/" "Mozilla/4.0 (compatible; MSIE 8.0; Windows NT 6.1; Trident/4.0; SLCC2; .NET CLR 2.0.50727; .NET CLR 3.5.30729; .NET CLR 3.0.30729; Media Center PC 6.0; .NET4.0C; .NET4.0E)"
166.147.72.148 - - [13/Aug/2013:14:49:34 -0400] "GET /eyewear/ HTTP/1.1" 200 62395 "https://www.google.com/" "Mozilla/5.0 (iPhone; CPU iPhone OS 6_1_3 like Mac OS X) AppleWebKit/536.26 (KHTML, like Gecko) Version/6.0 Mobile/10B329 Safari/8536.25"
166.147.72.148 - - [13/Aug/2013:14:49:34 -0400] "GET /rw_common/themes/dexture/consolidated-screen-2.css HTTP/1.1" 200 27899 "http://eyepiecestexas.com/eyewear/" "Mozilla/5.0 (iPhone; CPU iPhone OS 6_1_3 like Mac OS X) AppleWebKit/536.26 (KHTML, like Gecko) Version/6.0 Mobile/10B329 Safari/8536.25"
166.147.72.148 - - [13/Aug/2013:14:49:34 -0400] "GET /rw_common/themes/dexture/javascript.js HTTP/1.1" 200 14608 "http://eyepiecestexas.com/eyewear/" "Mozilla/5.0 (iPhone; CPU iPhone OS 6_1_3 like Mac OS X) AppleWebKit/536.26 (KHTML, like Gecko) Version/6.0 Mobile/10B329 Safari/8536.25"
166.147.72.148 - - [13/Aug/2013:14:49:34 -0400] "GET /eyewear/files/stacks_page_page2.js HTTP/1.1" 200 31106 "http://eyepiecestexas.com/eyewear/" "Mozilla/5.0 (iPhone; CPU iPhone OS 6_1_3 like Mac OS X) AppleWebKit/536.26 (KHTML, like Gecko) Version/6.0 Mobile/10B329 Safari/8536.25"
166.147.72.148 - - [13/Aug/2013:14:49:35 -0400] "GET /eyewear/files/gucci2.jpg HTTP/1.1" 200 19323 "http://eyepiecestexas.com/eyewear/" "Mozilla/5.0 (iPhone; CPU iPhone OS 6_1_3 like Mac OS X) AppleWebKit/536.26 (KHTML, like Gecko) Version/6.0 Mobile/10B329 Safari/8536.25"
166.147.72.148 - - [13/Aug/2013:14:49:35 -0400] "GET /eyewear/files/stacks_image_406.jpg HTTP/1.1" 200 10954 "http://eyepiecestexas.com/eyewear/" "Mozilla/5.0 (iPhone; CPU iPhone OS 6_1_3 like Mac OS X) AppleWebKit/536.26 (KHTML, like Gecko) Version/6.0 Mobile/10B329 Safari/8536.25"
166.147.72.148 - - [13/Aug/2013:14:49:35 -0400] "GET /eyewear/files/stacks_image_384.jpg HTTP/1.1" 200 6521 "http://eyepiecestexas.com/eyewear/" "Mozilla/5.0 (iPhone; CPU iPhone OS 6_1_3 like Mac OS X) AppleWebKit/536.26 (KHTML, like Gecko) Version/6.0 Mobile/10B329 Safari/8536.25"
166.147.72.148 - - [13/Aug/2013:14:49:35 -0400] "GET /eyewear/files/stacks_image_398.jpg HTTP/1.1" 200 7014 "http://eyepiecestexas.com/eyewear/" "Mozilla/5.0 (iPhone; CPU iPhone OS 6_1_3 like Mac OS X) AppleWebKit/536.26 (KHTML, like Gecko) Version/6.0 Mobile/10B329 Safari/8536.25"
166.147.72.148 - - [13/Aug/2013:14:49:35 -0400] "GET /eyewear/files/stacks_image_480.jpg HTTP/1.1" 200 6525 "http://eyepiecestexas.com/eyewear/" "Mozilla/5.0 (iPhone; CPU iPhone OS 6_1_3 like Mac OS X) AppleWebKit/536.26 (KHTML, like Gecko) Version/6.0 Mobile/10B329 Safari/8536.25"
166.147.72.148 - - [13/Aug/2013:14:49:35 -0400] "GET /eyewear/files/stacks_image_486.jpg HTTP/1.1" 200 7158 "http://eyepiecestexas.com/eyewear/" "Mozilla/5.0 (iPhone; CPU iPhone OS 6_1_3 like Mac OS X) AppleWebKit/536.26 (KHTML, like Gecko) Version/6.0 Mobile/10B329 Safari/8536.25"
166.147.72.148 - - [13/Aug/2013:14:49:35 -0400] "GET /eyewear/files/stacks_image_490.jpg HTTP/1.1" 200 9069 "http://eyepiecestexas.com/eyewear/" "Mozilla/5.0 (iPhone; CPU iPhone OS 6_1_3 like Mac OS X) AppleWebKit/536.26 (KHTML, like Gecko) Version/6.0 Mobile/10B329 Safari/8536.25"
166.147.72.148 - - [13/Aug/2013:14:49:35 -0400] "GET /eyewear/files/stacks_image_500.jpg HTTP/1.1" 200 8384 "http://eyepiecestexas.com/eyewear/" "Mozilla/5.0 (iPhone; CPU iPhone OS 6_1_3 like Mac OS X) AppleWebKit/536.26 (KHTML, like Gecko) Version/6.0 Mobile/10B329 Safari/8536.25"
166.147.72.148 - - [13/Aug/2013:14:49:35 -0400] "GET /eyewear/files/stacks_image_526.jpg HTTP/1.1" 200 6454 "http://eyepiecestexas.com/eyewear/" "Mozilla/5.0 (iPhone; CPU iPhone OS 6_1_3 like Mac OS X) AppleWebKit/536.26 (KHTML, like Gecko) Version/6.0 Mobile/10B329 Safari/8536.25"
166.147.72.148 - - [13/Aug/2013:14:49:35 -0400] "GET /eyewear/files/stacks_image_530.jpg HTTP/1.1" 200 8363 "http://eyepiecestexas.com/eyewear/" "Mozilla/5.0 (iPhone; CPU iPhone OS 6_1_3 like Mac OS X) AppleWebKit/536.26 (KHTML, like Gecko) Version/6.0 Mobile/10B329 Safari/8536.25"
166.147.72.148 - - [13/Aug/2013:14:49:35 -0400] "GET /eyewear/files/stacks_image_568.jpg HTTP/1.1" 200 7468 "http://eyepiecestexas.com/eyewear/" "Mozilla/5.0 (iPhone; CPU iPhone OS 6_1_3 like Mac OS X) AppleWebKit/536.26 (KHTML, like Gecko) Version/6.0 Mobile/10B329 Safari/8536.25"
166.147.72.148 - - [13/Aug/2013:14:49:35 -0400] "GET /eyewear/files/stacks_image_572.jpg HTTP/1.1" 200 10473 "http://eyepiecestexas.com/eyewear/" "Mozilla/5.0 (iPhone; CPU iPhone OS 6_1_3 like Mac OS X) AppleWebKit/536.26 (KHTML, like Gecko) Version/6.0 Mobile/10B329 Safari/8536.25"
166.147.72.148 - - [13/Aug/2013:14:49:35 -0400] "GET /eyewear/files/stacks_image_600.jpg HTTP/1.1" 200 8829 "http://eyepiecestexas.com/eyewear/" "Mozilla/5.0 (iPhone; CPU iPhone OS 6_1_3 like Mac OS X) AppleWebKit/536.26 (KHTML, like Gecko) Version/6.0 Mobile/10B329 Safari/8536.25"
166.147.72.148 - - [13/Aug/2013:14:49:35 -0400] "GET /eyewear/files/stacks_image_604.jpg HTTP/1.1" 200 10156 "http://eyepiecestexas.com/eyewear/" "Mozilla/5.0 (iPhone; CPU iPhone OS 6_1_3 like Mac OS X) AppleWebKit/536.26 (KHTML, like Gecko) Version/6.0 Mobile/10B329 Safari/8536.25"
166.147.72.148 - - [13/Aug/2013:14:49:35 -0400] "GET /eyewear/files/stacks_image_632.jpg HTTP/1.1" 200 9921 "http://eyepiecestexas.com/eyewear/" "Mozilla/5.0 (iPhone; CPU iPhone OS 6_1_3 like Mac OS X) AppleWebKit/536.26 (KHTML, like Gecko) Version/6.0 Mobile/10B329 Safari/8536.25"
166.147.72.148 - - [13/Aug/2013:14:49:35 -0400] "GET /eyewear/files/stacks_image_192.jpg HTTP/1.1" 200 19819 "http://eyepiecestexas.com/eyewear/" "Mozilla/5.0 (iPhone; CPU iPhone OS 6_1_3 like Mac OS X) AppleWebKit/536.26 (KHTML, like Gecko) Version/6.0 Mobile/10B329 Safari/8536.25"
166.147.72.148 - - [13/Aug/2013:14:49:36 -0400] "GET /eyewear/files/stacks_image_233.png HTTP/1.1" 200 19947 "http://eyepiecestexas.com/eyewear/" "Mozilla/5.0 (iPhone; CPU iPhone OS 6_1_3 like Mac OS X) AppleWebKit/536.26 (KHTML, like Gecko) Version/6.0 Mobile/10B329 Safari/8536.25"
166.147.72.148 - - [13/Aug/2013:14:49:36 -0400] "GET /eyewear/files/stacks_image_237.jpg HTTP/1.1" 200 12263 "http://eyepiecestexas.com/eyewear/" "Mozilla/5.0 (iPhone; CPU iPhone OS 6_1_3 like Mac OS X) AppleWebKit/536.26 (KHTML, like Gecko) Version/6.0 Mobile/10B329 Safari/8536.25"
166.147.72.148 - - [13/Aug/2013:14:49:36 -0400] "GET /eyewear/files/stacks_image_253.jpg HTTP/1.1" 200 5300 "http://eyepiecestexas.com/eyewear/" "Mozilla/5.0 (iPhone; CPU iPhone OS 6_1_3 like Mac OS X) AppleWebKit/536.26 (KHTML, like Gecko) Version/6.0 Mobile/10B329 Safari/8536.25"
166.147.72.148 - - [13/Aug/2013:14:49:36 -0400] "GET /eyewear/files/stacks_image_650.jpg HTTP/1.1" 200 12534 "http://eyepiecestexas.com/eyewear/" "Mozilla/5.0 (iPhone; CPU iPhone OS 6_1_3 like Mac OS X) AppleWebKit/536.26 (KHTML, like Gecko) Version/6.0 Mobile/10B329 Safari/8536.25"
166.147.72.148 - - [13/Aug/2013:14:49:36 -0400] "GET /eyewear/files/stacks_image_656.jpg HTTP/1.1" 200 10694 "http://eyepiecestexas.com/eyewear/" "Mozilla/5.0 (iPhone; CPU iPhone OS 6_1_3 like Mac OS X) AppleWebKit/536.26 (KHTML, like Gecko) Version/6.0 Mobile/10B329 Safari/8536.25"
166.147.72.148 - - [13/Aug/2013:14:49:36 -0400] "GET /eyewear/files/stacks_image_660.jpg HTTP/1.1" 200 16138 "http://eyepiecestexas.com/eyewear/" "Mozilla/5.0 (iPhone; CPU iPhone OS 6_1_3 like Mac OS X) AppleWebKit/536.26 (KHTML, like Gecko) Version/6.0 Mobile/10B329 Safari/8536.25"
166.147.72.148 - - [13/Aug/2013:14:49:36 -0400] "GET /eyewear/files/stacks_image_676.jpg HTTP/1.1" 200 7771 "http://eyepiecestexas.com/eyewear/" "Mozilla/5.0 (iPhone; CPU iPhone OS 6_1_3 like Mac OS X) AppleWebKit/536.26 (KHTML, like Gecko) Version/6.0 Mobile/10B329 Safari/8536.25"
166.147.72.148 - - [13/Aug/2013:14:49:36 -0400] "GET /eyewear/files/stacks_image_682.jpg HTTP/1.1" 200 18043 "http://eyepiecestexas.com/eyewear/" "Mozilla/5.0 (iPhone; CPU iPhone OS 6_1_3 like Mac OS X) AppleWebKit/536.26 (KHTML, like Gecko) Version/6.0 Mobile/10B329 Safari/8536.25"
166.147.72.148 - - [13/Aug/2013:14:49:36 -0400] "GET /eyewear/files/stacks_image_688.jpg HTTP/1.1" 200 20065 "http://eyepiecestexas.com/eyewear/" "Mozilla/5.0 (iPhone; CPU iPhone OS 6_1_3 like Mac OS X) AppleWebKit/536.26 (KHTML, like Gecko) Version/6.0 Mobile/10B329 Safari/8536.25"
166.147.72.148 - - [13/Aug/2013:14:49:36 -0400] "GET /eyewear/files/stacks_image_808.png HTTP/1.1" 200 3290 "http://eyepiecestexas.com/eyewear/" "Mozilla/5.0 (iPhone; CPU iPhone OS 6_1_3 like Mac OS X) AppleWebKit/536.26 (KHTML, like Gecko) Version/6.0 Mobile/10B329 Safari/8536.25"
166.147.72.148 - - [13/Aug/2013:14:49:36 -0400] "GET /eyewear/files/stacks_image_811.png HTTP/1.1" 200 6321 "http://eyepiecestexas.com/eyewear/" "Mozilla/5.0 (iPhone; CPU iPhone OS 6_1_3 like Mac OS X) AppleWebKit/536.26 (KHTML, like Gecko) Version/6.0 Mobile/10B329 Safari/8536.25"
166.147.72.148 - - [13/Aug/2013:14:49:36 -0400] "GET /rw_common/themes/dexture/images/editable_images/paper.png HTTP/1.1" 200 154825 "http://eyepiecestexas.com/eyewear/" "Mozilla/5.0 (iPhone; CPU iPhone OS 6_1_3 like Mac OS X) AppleWebKit/536.26 (KHTML, like Gecko) Version/6.0 Mobile/10B329 Safari/8536.25"
166.147.72.148 - - [13/Aug/2013:14:49:36 -0400] "GET /rw_common/themes/dexture/images/mainContentCornerShadowLeft.png HTTP/1.1" 200 1452 "http://eyepiecestexas.com/eyewear/" "Mozilla/5.0 (iPhone; CPU iPhone OS 6_1_3 like Mac OS X) AppleWebKit/536.26 (KHTML, like Gecko) Version/6.0 Mobile/10B329 Safari/8536.25"
166.147.72.148 - - [13/Aug/2013:14:49:36 -0400] "GET /rw_common/themes/dexture/images/editable_images/image11.jpg HTTP/1.1" 200 74799 "http://eyepiecestexas.com/eyewear/" "Mozilla/5.0 (iPhone; CPU iPhone OS 6_1_3 like Mac OS X) AppleWebKit/536.26 (KHTML, like Gecko) Version/6.0 Mobile/10B329 Safari/8536.25"
166.147.72.148 - - [13/Aug/2013:14:49:36 -0400] "GET /rw_common/themes/dexture/images/mainContentCornerShadowRight.png HTTP/1.1" 200 1442 "http://eyepiecestexas.com/eyewear/" "Mozilla/5.0 (iPhone; CPU iPhone OS 6_1_3 like Mac OS X) AppleWebKit/536.26 (KHTML, like Gecko) Version/6.0 Mobile/10B329 Safari/8536.25"
76.199.215.46 - - [13/Aug/2013:14:57:37 -0400] "GET /favicon.ico HTTP/1.1" 200 3819 "-" "Mozilla/5.0 (compatible; MSIE 10.0; Windows NT 6.2; Win64; x64; Trident/6.0; MDDCJS)"
180.76.5.157 - - [13/Aug/2013:03:53:55 -0400] "GET /promotions/?tag=%20Persol HTTP/1.1" 200 16168 "-" "Mozilla/5.0 (compatible; Baiduspider/2.0; +http://www.baidu.com/search/spider.html)"
218.30.103.37 - - [13/Aug/2013:05:01:07 -0400] "GET /robots.txt HTTP/1.1" 200 48 "-" "Sogou web spider/4.0"
220.181.108.99 - - [13/Aug/2013:05:02:34 -0400] "GET /rw_common/themes/dexture/scripts/nimblehostPulseVIP.js HTTP/1.1" 200 1205 "http://eyepiecestexas.com/find-us/" "Mozilla/5.0 (X11; U; Linux x86_64; en-US; rv:1.9) Gecko Minefield/3.0"
66.249.75.204 - - [13/Aug/2013:00:19:46 -0400] "GET /resources/Dream_Orphans_700.font.js?_=1376352000000 HTTP/1.1" 200 36773 "http://www.eyepiecestexas.com/" "Mozilla/5.0 (compatible; Googlebot/2.1; +http://www.google.com/bot.html)"
15.227.185.76 - - [13/Aug/2013:10:26:16 -0400] "GET /rw_common/themes/dexture/rw_common/plugins/stacks/stacks_ie.css HTTP/1.1" 200 5819 "http://www.eyepiecestexas.com/" "Mozilla/4.0 (compatible; MSIE 8.0; Windows NT 6.1; WOW64; Trident/4.0; GTB7.5; SLCC2; .NET CLR 2.0.50727; .NET CLR 3.5.30729; .NET CLR 3.0.30729; Media Center PC 6.0; InfoPath.3)"
76.199.215.46 - - [13/Aug/2013:10:39:53 -0400] "GET /resources/Dream_Orphans_700.font.js?_=1376404787205 HTTP/1.1" 200 36773 "http://www.eyepiecestexas.com/" "Mozilla/5.0 (compatible; MSIE 10.0; Windows NT 6.2; WOW64; Trident/6.0; Touch; MDDCJS)"
76.199.215.46 - - [13/Aug/2013:10:42:34 -0400] "GET /resources/Dream_Orphans_700.font.js?_=1376404948880 HTTP/1.1" 200 36773 "http://www.eyepiecestexas.com/" "Mozilla/5.0 (compatible; MSIE 10.0; Windows NT 6.2; Win64; x64; Trident/6.0; MDDCJS)"
76.199.215.46 - - [13/Aug/2013:10:56:47 -0400] "GET /rw_common/themes/dexture/consolidated-print-0.css HTTP/1.1" 304 - "http://eyepiecestexas.com/" "Mozilla/5.0 (compatible; MSIE 10.0; Windows NT 6.1; WOW64; Trident/6.0)"
76.199.215.46 - - [13/Aug/2013:10:56:47 -0400] "GET /rw_common/themes/dexture/images/upperShadow.png HTTP/1.1" 304 - "http://eyepiecestexas.com/" "Mozilla/5.0 (compatible; MSIE 10.0; Windows NT 6.1; WOW64; Trident/6.0)"
76.199.215.46 - - [13/Aug/2013:10:56:47 -0400] "GET /resources/Dream_Orphans_700.font.js?_=1376405803506 HTTP/1.1" 200 36773 "http://eyepiecestexas.com/" "Mozilla/5.0 (compatible; MSIE 10.0; Windows NT 6.1; WOW64; Trident/6.0)"
171.161.160.10 - - [13/Aug/2013:11:53:34 -0400] "GET /eyewear/files/stacks_image_540.jpg HTTP/1.1" 200 11363 "-" "Mozilla/4.0 (compatible;)"
171.161.160.10 - - [13/Aug/2013:11:54:33 -0400] "GET /promotions/files/stacks_page_page7.css HTTP/1.1" 200 429 "-" "Mozilla/4.0 (compatible;)"
171.161.160.10 - - [13/Aug/2013:11:59:05 -0400] "GET /rw_common/themes/dexture/consolidated-handheld-8.css HTTP/1.1" 200 13394 "-" "Mozilla/4.0 (compatible;)"
76.199.215.46 - - [13/Aug/2013:18:01:07 -0400] "GET /rw_common/themes/dexture/scripts/jquery.fancyzoom.js HTTP/1.1" 304 - "http://eyepiecestexas.com/" "Mozilla/5.0 (compatible; MSIE 10.0; Windows NT 6.1; WOW64; Trident/6.0)"
76.199.215.46 - - [13/Aug/2013:18:01:07 -0400] "GET /files/eye-pieces-logo-400.png HTTP/1.1" 304 - "http://eyepiecestexas.com/" "Mozilla/5.0 (compatible; MSIE 10.0; Windows NT 6.1; WOW64; Trident/6.0)"
76.199.215.46 - - [13/Aug/2013:18:01:07 -0400] "GET /files/stacks_image_167.png HTTP/1.1" 304 - "http://eyepiecestexas.com/" "Mozilla/5.0 (compatible; MSIE 10.0; Windows NT 6.1; WOW64; Trident/6.0)"
76.199.215.46 - - [13/Aug/2013:18:01:08 -0400] "GET /rw_common/themes/dexture/images/pageTopGradient.png HTTP/1.1" 304 - "http://eyepiecestexas.com/" "Mozilla/5.0 (compatible; MSIE 10.0; Windows NT 6.1; WOW64; Trident/6.0)"
76.199.215.46 - - [13/Aug/2013:18:01:08 -0400] "GET /rw_common/themes/dexture/images/mainContentCornerShadowRight.png HTTP/1.1" 304 - "http://eyepiecestexas.com/" "Mozilla/5.0 (compatible; MSIE 10.0; Windows NT 6.1; WOW64; Trident/6.0)"
76.199.215.46 - - [13/Aug/2013:18:01:08 -0400] "GET /rw_common/themes/dexture/images/closebox.png HTTP/1.1" 304 - "http://eyepiecestexas.com/" "Mozilla/5.0 (compatible; MSIE 10.0; Windows NT 6.1; WOW64; Trident/6.0)"
75.35.172.99 - - [13/Aug/2013:12:12:25 -0400] "GET /promotions/files/stacks_page_page7.css HTTP/1.1" 200 429 "http://eyepiecestexas.com/promotions/" "Mozilla/5.0 (compatible; MSIE 10.0; Windows NT 6.2; WOW64; Trident/6.0; MASMJS)"
75.35.172.99 - - [13/Aug/2013:12:12:25 -0400] "GET /promotions/files/armadillo/core/css/armadilloStyles.css?v=3 HTTP/1.1" 200 4153 "http://eyepiecestexas.com/promotions/" "Mozilla/5.0 (compatible; MSIE 10.0; Windows NT 6.2; WOW64; Trident/6.0; MASMJS)"
75.35.172.99 - - [13/Aug/2013:12:12:25 -0400] "GET /promotions/files/armadillo/core/css/jquery.plupload_and_colorbox.css HTTP/1.1" 200 7949 "http://eyepiecestexas.com/promotions/" "Mozilla/5.0 (compatible; MSIE 10.0; Windows NT 6.2; WOW64; Trident/6.0; MASMJS)"
75.35.172.99 - - [13/Aug/2013:12:12:25 -0400] "GET /promotions/files/armadillo/media/SeeCoolClearly_V1.jpeg HTTP/1.1" 200 1048576 "http://eyepiecestexas.com/promotions/" "Mozilla/5.0 (compatible; MSIE 10.0; Windows NT 6.2; WOW64; Trident/6.0; MASMJS)"
12.7.145.162 - - [13/Aug/2013:12:16:13 -0400] "GET /rw_common/themes/dexture/consolidated-all-0.css HTTP/1.1" 200 13436 "http://eyepiecestexas.com/" "Mozilla/5.0 (Windows NT 5.1) AppleWebKit/537.36 (KHTML, like Gecko) Chrome/28.0.1500.95 Safari/537.36"
12.7.145.162 - - [13/Aug/2013:12:16:14 -0400] "GET /rw_common/plugins/stacks/stacks.css HTTP/1.1" 200 1841 "http://eyepiecestexas.com/" "Mozilla/5.0 (Windows NT 5.1) AppleWebKit/537.36 (KHTML, like Gecko) Chrome/28.0.1500.95 Safari/537.36"
12.7.145.162 - - [13/Aug/2013:12:16:14 -0400] "GET /files/stacks_image_167.png HTTP/1.1" 200 5841 "http://eyepiecestexas.com/" "Mozilla/5.0 (Windows NT 5.1) AppleWebKit/537.36 (KHTML, like Gecko) Chrome/28.0.1500.95 Safari/537.36"
12.7.145.162 - - [13/Aug/2013:12:16:15 -0400] "GET /rw_common/themes/dexture/images/editable_images/paper.png HTTP/1.1" 200 154825 "http://eyepiecestexas.com/" "Mozilla/5.0 (Windows NT 5.1) AppleWebKit/537.36 (KHTML, like Gecko) Chrome/28.0.1500.95 Safari/537.36"
75.35.172.99 - - [13/Aug/2013:12:21:57 -0400] "GET /about/files/stacks_page_page1.js HTTP/1.1" 200 24511 "http://eyepiecestexas.com/about/" "Mozilla/5.0 (compatible; MSIE 10.0; Windows NT 6.2; WOW64; Trident/6.0; MASMJS)"
75.35.172.99 - - [13/Aug/2013:12:21:58 -0400] "GET /about/files/stacks_image_712.png HTTP/1.1" 200 3361 "http://eyepiecestexas.com/about/" "Mozilla/5.0 (compatible; MSIE 10.0; Windows NT 6.2; WOW64; Trident/6.0; MASMJS)"
75.35.172.99 - - [13/Aug/2013:12:21:58 -0400] "GET /about/files/stacks_image_714.png HTTP/1.1" 200 5857 "http://eyepiecestexas.com/about/" "Mozilla/5.0 (compatible; MSIE 10.0; Windows NT 6.2; WOW64; Trident/6.0; MASMJS)"
75.111.216.4 - - [13/Aug/2013:19:35:01 -0400] "GET /Eye_Pieces/Retrospecs_files/droppedImage_1.jpg HTTP/1.1" 200 7899 "http://eyepiecestexas.com/Eye_Pieces/Retrospecs.html" "Mozilla/5.0 (Macintosh; Intel Mac OS X 10_6_8) AppleWebKit/534.59.8 (KHTML, like Gecko) Version/4.0.3 Safari/531.9"
75.111.216.4 - - [13/Aug/2013:19:35:16 -0400] "GET /Eye_Pieces/Shops_at_Legacy_files/eyewear3.jpg HTTP/1.1" 200 38841 "http://eyepiecestexas.com/Eye_Pieces/Shops_at_Legacy.html" "Mozilla/5.0 (Macintosh; Intel Mac OS X 10_6_8) AppleWebKit/534.59.8 (KHTML, like Gecko) Version/4.0.3 Safari/531.9"
75.111.216.4 - - [13/Aug/2013:19:35:17 -0400] "GET /Eye_Pieces/Shops_at_Legacy_files/comic-1_01.png HTTP/1.1" 200 112 "http://eyepiecestexas.com/Eye_Pieces/Shops_at_Legacy.html" "Mozilla/5.0 (Macintosh; Intel Mac OS X 10_6_8) AppleWebKit/534.59.8 (KHTML, like Gecko) Version/4.0.3 Safari/531.9"
75.111.216.4 - - [13/Aug/2013:19:35:17 -0400] "GET /Eye_Pieces/Shops_at_Legacy_files/comic-1_01_1.png HTTP/1.1" 200 112 "http://eyepiecestexas.com/Eye_Pieces/Shops_at_Legacy.html" "Mozilla/5.0 (Macintosh; Intel Mac OS X 10_6_8) AppleWebKit/534.59.8 (KHTML, like Gecko) Version/4.0.3 Safari/531.9"
75.111.216.4 - - [13/Aug/2013:19:35:17 -0400] "GET /Eye_Pieces/Shops_at_Legacy_files/comic-1_03_1.png HTTP/1.1" 200 121 "http://eyepiecestexas.com/Eye_Pieces/Shops_at_Legacy.html" "Mozilla/5.0 (Macintosh; Intel Mac OS X 10_6_8) AppleWebKit/534.59.8 (KHTML, like Gecko) Version/4.0.3 Safari/531.9"
75.111.216.4 - - [13/Aug/2013:19:35:18 -0400] "GET /Eye_Pieces/Shops_at_Legacy_files/comic-1_09_2.png HTTP/1.1" 200 140 "http://eyepiecestexas.com/Eye_Pieces/Shops_at_Legacy.html" "Mozilla/5.0 (Macintosh; Intel Mac OS X 10_6_8) AppleWebKit/534.59.8 (KHTML, like Gecko) Version/4.0.3 Safari/531.9"
75.111.216.4 - - [13/Aug/2013:19:35:18 -0400] "GET /Eye_Pieces/Shops_at_Legacy_files/comic-1_08_2.png HTTP/1.1" 200 358 "http://eyepiecestexas.com/Eye_Pieces/Shops_at_Legacy.html" "Mozilla/5.0 (Macintosh; Intel Mac OS X 10_6_8) AppleWebKit/534.59.8 (KHTML, like Gecko) Version/4.0.3 Safari/531.9"
75.111.216.4 - - [13/Aug/2013:19:35:18 -0400] "GET /Eye_Pieces/Shops_at_Legacy_files/comic-1_02_3.png HTTP/1.1" 200 179 "http://eyepiecestexas.com/Eye_Pieces/Shops_at_Legacy.html" "Mozilla/5.0 (Macintosh; Intel Mac OS X 10_6_8) AppleWebKit/534.59.8 (KHTML, like Gecko) Version/4.0.3 Safari/531.9"
75.111.216.4 - - [13/Aug/2013:19:35:18 -0400] "GET /Eye_Pieces/Shops_at_Legacy_files/comic-1_04_4.png HTTP/1.1" 200 159 "http://eyepiecestexas.com/Eye_Pieces/Shops_at_Legacy.html" "Mozilla/5.0 (Macintosh; Intel Mac OS X 10_6_8) AppleWebKit/534.59.8 (KHTML, like Gecko) Version/4.0.3 Safari/531.9"
75.111.216.4 - - [13/Aug/2013:19:35:18 -0400] "GET /Eye_Pieces/Shops_at_Legacy_files/comic-1_07_5.png HTTP/1.1" 200 123 "http://eyepiecestexas.com/Eye_Pieces/Shops_at_Legacy.html" "Mozilla/5.0 (Macintosh; Intel Mac OS X 10_6_8) AppleWebKit/534.59.8 (KHTML, like Gecko) Version/4.0.3 Safari/531.9"
66.249.75.35 - - [13/Aug/2013:09:34:21 -0400] "GET /promotions/?tag=%20National%20Sunglasses%20Day HTTP/1.1" 200 16168 "-" "Mozilla/5.0 (iPhone; U; CPU iPhone OS 4_1 like Mac OS X; en-us) AppleWebKit/532.9 (KHTML, like Gecko) Version/4.0.5 Mobile/8B117 Safari/6531.22.7 (compatible; Googlebot-Mobile/2.1; +http://www.google.com/bot.html)"
15.227.185.76 - - [13/Aug/2013:10:26:47 -0400] "GET /promotions/files/stacks_image_709.png HTTP/1.1" 200 5857 "http://www.eyepiecestexas.com/promotions/" "Mozilla/4.0 (compatible; MSIE 8.0; Windows NT 6.1; WOW64; Trident/4.0; GTB7.5; SLCC2; .NET CLR 2.0.50727; .NET CLR 3.5.30729; .NET CLR 3.0.30729; Media Center PC 6.0; InfoPath.3)"
76.199.215.46 - - [13/Aug/2013:11:15:38 -0400] "GET /favicon.ico HTTP/1.1" 200 3319 "-" "Mozilla/5.0 (compatible; MSIE 10.0; Windows NT 6.1; Win64; x64; Trident/6.0)"
171.161.160.10 - - [13/Aug/2013:11:53:07 -0400] "GET /files/stacks_page_page0.css HTTP/1.1" 200 2289 "-" "Mozilla/4.0 (compatible;)"
171.161.160.10 - - [13/Aug/2013:11:53:35 -0400] "GET /eyewear/files/stacks_image_550.jpg HTTP/1.1" 200 15645 "-" "Mozilla/4.0 (compatible;)"
171.161.160.10 - - [13/Aug/2013:11:54:33 -0400] "GET /promotions/files/stacks_image_700.png HTTP/1.1" 200 3361 "-" "Mozilla/4.0 (compatible;)"
71.244.30.87 - - [13/Aug/2013:11:56:48 -0400] "GET /eyewear/files/stacks_image_11.jpg HTTP/1.1" 200 16439 "http://eyepiecestexas.com/eyewear/" "Mozilla/5.0 (iPad; CPU OS 6_1_3 like Mac OS X) AppleWebKit/536.26 (KHTML, like Gecko) Version/6.0 Mobile/10B329 Safari/8536.25"
71.244.30.87 - - [13/Aug/2013:11:56:48 -0400] "GET /eyewear/files/stacks_image_113.jpg HTTP/1.1" 200 5916 "http://eyepiecestexas.com/eyewear/" "Mozilla/5.0 (iPad; CPU OS 6_1_3 like Mac OS X) AppleWebKit/536.26 (KHTML, like Gecko) Version/6.0 Mobile/10B329 Safari/8536.25"
71.244.30.87 - - [13/Aug/2013:11:56:48 -0400] "GET /eyewear/files/stacks_image_496.jpg HTTP/1.1" 200 9719 "http://eyepiecestexas.com/eyewear/" "Mozilla/5.0 (iPad; CPU OS 6_1_3 like Mac OS X) AppleWebKit/536.26 (KHTML, like Gecko) Version/6.0 Mobile/10B329 Safari/8536.25"
71.244.30.87 - - [13/Aug/2013:11:56:48 -0400] "GET /eyewear/files/stacks_image_506.jpg HTTP/1.1" 200 5890 "http://eyepiecestexas.com/eyewear/" "Mozilla/5.0 (iPad; CPU OS 6_1_3 like Mac OS X) AppleWebKit/536.26 (KHTML, like Gecko) Version/6.0 Mobile/10B329 Safari/8536.25"
71.244.30.87 - - [13/Aug/2013:11:56:49 -0400] "GET /eyewear/files/stacks_image_520.jpg HTTP/1.1" 200 21331 "http://eyepiecestexas.com/eyewear/" "Mozilla/5.0 (iPad; CPU OS 6_1_3 like Mac OS X) AppleWebKit/536.26 (KHTML, like Gecko) Version/6.0 Mobile/10B329 Safari/8536.25"
71.244.30.87 - - [13/Aug/2013:11:56:49 -0400] "GET /eyewear/files/stacks_image_536.jpg HTTP/1.1" 200 4837 "http://eyepiecestexas.com/eyewear/" "Mozilla/5.0 (iPad; CPU OS 6_1_3 like Mac OS X) AppleWebKit/536.26 (KHTML, like Gecko) Version/6.0 Mobile/10B329 Safari/8536.25"
71.244.30.87 - - [13/Aug/2013:11:56:49 -0400] "GET /eyewear/files/stacks_image_550.jpg HTTP/1.1" 200 15645 "http://eyepiecestexas.com/eyewear/" "Mozilla/5.0 (iPad; CPU OS 6_1_3 like Mac OS X) AppleWebKit/536.26 (KHTML, like Gecko) Version/6.0 Mobile/10B329 Safari/8536.25"
71.244.30.87 - - [13/Aug/2013:11:56:49 -0400] "GET /eyewear/files/stacks_image_568.jpg HTTP/1.1" 200 7468 "http://eyepiecestexas.com/eyewear/" "Mozilla/5.0 (iPad; CPU OS 6_1_3 like Mac OS X) AppleWebKit/536.26 (KHTML, like Gecko) Version/6.0 Mobile/10B329 Safari/8536.25"
71.244.30.87 - - [13/Aug/2013:11:56:49 -0400] "GET /eyewear/files/stacks_image_584.jpg HTTP/1.1" 200 13837 "http://eyepiecestexas.com/eyewear/" "Mozilla/5.0 (iPad; CPU OS 6_1_3 like Mac OS X) AppleWebKit/536.26 (KHTML, like Gecko) Version/6.0 Mobile/10B329 Safari/8536.25"
71.244.30.87 - - [13/Aug/2013:11:56:49 -0400] "GET /eyewear/files/stacks_image_600.jpg HTTP/1.1" 200 8829 "http://eyepiecestexas.com/eyewear/" "Mozilla/5.0 (iPad; CPU OS 6_1_3 like Mac OS X) AppleWebKit/536.26 (KHTML, like Gecko) Version/6.0 Mobile/10B329 Safari/8536.25"
71.244.30.87 - - [13/Aug/2013:11:56:49 -0400] "GET /eyewear/files/stacks_image_176.png HTTP/1.1" 200 8845 "http://eyepiecestexas.com/eyewear/" "Mozilla/5.0 (iPad; CPU OS 6_1_3 like Mac OS X) AppleWebKit/536.26 (KHTML, like Gecko) Version/6.0 Mobile/10B329 Safari/8536.25"
71.244.30.87 - - [13/Aug/2013:11:56:50 -0400] "GET /eyewear/files/stacks_image_626.jpg HTTP/1.1" 200 16440 "http://eyepiecestexas.com/eyewear/" "Mozilla/5.0 (iPad; CPU OS 6_1_3 like Mac OS X) AppleWebKit/536.26 (KHTML, like Gecko) Version/6.0 Mobile/10B329 Safari/8536.25"
71.244.30.87 - - [13/Aug/2013:11:56:50 -0400] "GET /eyewear/files/stacks_image_233.png HTTP/1.1" 200 19947 "http://eyepiecestexas.com/eyewear/" "Mozilla/5.0 (iPad; CPU OS 6_1_3 like Mac OS X) AppleWebKit/536.26 (KHTML, like Gecko) Version/6.0 Mobile/10B329 Safari/8536.25"
71.244.30.87 - - [13/Aug/2013:11:56:51 -0400] "GET /eyewear/files/stacks_image_660.jpg HTTP/1.1" 200 16138 "http://eyepiecestexas.com/eyewear/" "Mozilla/5.0 (iPad; CPU OS 6_1_3 like Mac OS X) AppleWebKit/536.26 (KHTML, like Gecko) Version/6.0 Mobile/10B329 Safari/8536.25"
71.244.30.87 - - [13/Aug/2013:11:56:52 -0400] "GET /eyewear/files/stacks_image_670.jpg HTTP/1.1" 200 29466 "http://eyepiecestexas.com/eyewear/" "Mozilla/5.0 (iPad; CPU OS 6_1_3 like Mac OS X) AppleWebKit/536.26 (KHTML, like Gecko) Version/6.0 Mobile/10B329 Safari/8536.25"
71.244.30.87 - - [13/Aug/2013:11:56:52 -0400] "GET /eyewear/files/stacks_image_809.png HTTP/1.1" 200 2265 "http://eyepiecestexas.com/eyewear/" "Mozilla/5.0 (iPad; CPU OS 6_1_3 like Mac OS X) AppleWebKit/536.26 (KHTML, like Gecko) Version/6.0 Mobile/10B329 Safari/8536.25"
71.244.30.87 - - [13/Aug/2013:11:56:53 -0400] "GET /rw_common/themes/dexture/images/pageTopGradient.png HTTP/1.1" 200 1338 "http://eyepiecestexas.com/eyewear/" "Mozilla/5.0 (iPad; CPU OS 6_1_3 like Mac OS X) AppleWebKit/536.26 (KHTML, like Gecko) Version/6.0 Mobile/10B329 Safari/8536.25"
71.244.30.87 - - [13/Aug/2013:11:56:53 -0400] "GET /rw_common/themes/dexture/images/mainContentCornerShadowLeft.png HTTP/1.1" 200 1452 "http://eyepiecestexas.com/eyewear/" "Mozilla/5.0 (iPad; CPU OS 6_1_3 like Mac OS X) AppleWebKit/536.26 (KHTML, like Gecko) Version/6.0 Mobile/10B329 Safari/8536.25"
71.244.30.87 - - [13/Aug/2013:11:56:53 -0400] "GET /rw_common/themes/dexture/images/mainContentCornerShadowRight.png HTTP/1.1" 200 1442 "http://eyepiecestexas.com/eyewear/" "Mozilla/5.0 (iPad; CPU OS 6_1_3 like Mac OS X) AppleWebKit/536.26 (KHTML, like Gecko) Version/6.0 Mobile/10B329 Safari/8536.25"
71.244.30.87 - - [13/Aug/2013:11:56:55 -0400] "GET /rw_common/themes/dexture/images/ec6TopShadow.png HTTP/1.1" 200 49422 "http://eyepiecestexas.com/eyewear/" "Mozilla/5.0 (iPad; CPU OS 6_1_3 like Mac OS X) AppleWebKit/536.26 (KHTML, like Gecko) Version/6.0 Mobile/10B329 Safari/8536.25"
71.244.30.87 - - [13/Aug/2013:11:56:56 -0400] "GET /rw_common/themes/dexture/images/darkAlphaBg.png HTTP/1.1" 200 70 "http://eyepiecestexas.com/eyewear/" "Mozilla/5.0 (iPad; CPU OS 6_1_3 like Mac OS X) AppleWebKit/536.26 (KHTML, like Gecko) Version/6.0 Mobile/10B329 Safari/8536.25"
71.244.30.87 - - [13/Aug/2013:11:56:56 -0400] "GET /eyewear/files/stacks_image_650.jpg HTTP/1.1" 200 12534 "http://eyepiecestexas.com/eyewear/" "Mozilla/5.0 (iPad; CPU OS 6_1_3 like Mac OS X) AppleWebKit/536.26 (KHTML, like Gecko) Version/6.0 Mobile/10B329 Safari/8536.25"
71.244.30.87 - - [13/Aug/2013:11:56:57 -0400] "GET /rw_common/themes/dexture/images/bottomShadow.png HTTP/1.1" 200 204 "http://eyepiecestexas.com/eyewear/" "Mozilla/5.0 (iPad; CPU OS 6_1_3 like Mac OS X) AppleWebKit/536.26 (KHTML, like Gecko) Version/6.0 Mobile/10B329 Safari/8536.25"
71.244.30.87 - - [13/Aug/2013:11:56:57 -0400] "GET /eyewear/files/stacks_image_808.png HTTP/1.1" 200 3290 "http://eyepiecestexas.com/eyewear/" "Mozilla/5.0 (iPad; CPU OS 6_1_3 like Mac OS X) AppleWebKit/536.26 (KHTML, like Gecko) Version/6.0 Mobile/10B329 Safari/8536.25"
171.161.160.10 - - [13/Aug/2013:11:59:15 -0400] "GET /rw_common/themes/dexture/consolidated-print-8.css HTTP/1.1" 200 10005 "-" "Mozilla/4.0 (compatible;)"
218.30.103.37 - - [13/Aug/2013:05:01:03 -0400] "GET / HTTP/1.1" 200 16359 "-" "Sogou web spider/4.0(+http://www.sogou.com/docs/help/webmasters.htm#07)"
220.181.108.80 - - [13/Aug/2013:05:02:36 -0400] "GET /rw_common/themes/dexture/scripts/jquery.fancyzoom.js HTTP/1.1" 200 6272 "http://eyepiecestexas.com/find-us/" "Mozilla/5.0 (X11; U; Linux x86_64; en-US; rv:1.9) Gecko Minefield/3.0"
218.30.103.37 - - [13/Aug/2013:17:22:56 -0400] "GET / HTTP/1.1" 200 16359 "-" "Sogou web spider/4.0(+http://www.sogou.com/docs/help/webmasters.htm#07)"
46.118.126.194 - - [13/Aug/2013:17:58:58 -0400] "GET / HTTP/1.1" 200 16359 "http://youtubeviewspromotion.com/" "Mozilla/4.0 (compatible; MSIE 6.0; Windows NT 5.2; WOW64; SV1; .NET CLR 2.0.50727)"
71.170.62.154 - - [13/Aug/2013:21:25:58 -0400] "GET /files/rdc_9289.jpg HTTP/1.1" 200 24706 "http://eyepiecestexas.com/" "Mozilla/5.0 (iPad; CPU OS 6_1_3 like Mac OS X) AppleWebKit/536.26 (KHTML, like Gecko) Version/6.0 Mobile/10B329 Safari/8536.25"
71.170.62.154 - - [13/Aug/2013:21:25:58 -0400] "GET /rw_common/themes/dexture/images/bottomShadow.png HTTP/1.1" 200 204 "http://eyepiecestexas.com/" "Mozilla/5.0 (iPad; CPU OS 6_1_3 like Mac OS X) AppleWebKit/536.26 (KHTML, like Gecko) Version/6.0 Mobile/10B329 Safari/8536.25"
66.90.244.94 - - [13/Aug/2013:15:02:33 -0400] "GET /Eye_Pieces/Home_files/stroke_1.png HTTP/1.1" 200 81 "http://eyepiecestexas.com/Eye_Pieces/Home.html" "Mozilla/5.0 (Windows NT 6.1; WOW64) AppleWebKit/537.36 (KHTML, like Gecko) Chrome/27.0.1453.116 Safari/537.36"
76.199.215.46 - - [13/Aug/2013:16:41:55 -0400] "GET /favicon.ico HTTP/1.1" 200 5819 "-" "Mozilla/5.0 (compatible; MSIE 10.0; Windows NT 6.1; Win64; x64; Trident/6.0)"
76.199.215.46 - - [13/Aug/2013:16:46:28 -0400] "GET /resources/Dream_Orphans_700.font.js?_=1376426783769 HTTP/1.1" 200 36773 "http://eyepiecestexas.com/" "Mozilla/5.0 (compatible; MSIE 10.0; Windows NT 6.1; WOW64; Trident/6.0)"
208.80.194.127 - - [13/Aug/2013:17:03:24 -0400] "GET / HTTP/1.0" 200 16359 "-" "Mozilla/5.0 (Windows NT 5.1; U; en) Opera 8.01"
75.35.172.99 - - [13/Aug/2013:12:09:48 -0400] "GET / HTTP/1.1" 200 16359 "http://www.bing.com/search?q=eyepieces+dallas&qs=LS&form=QBRE&pq=eye+pieces&sc=8-10&sp=2&sk=LC1" "Mozilla/5.0 (compatible; MSIE 10.0; Windows NT 6.2; WOW64; Trident/6.0; MASMJS)"
75.35.172.99 - - [13/Aug/2013:12:09:48 -0400] "GET /rw_common/themes/dexture/consolidated-screen-0.css HTTP/1.1" 200 27886 "http://eyepiecestexas.com/" "Mozilla/5.0 (compatible; MSIE 10.0; Windows NT 6.2; WOW64; Trident/6.0; MASMJS)"
75.35.172.99 - - [13/Aug/2013:12:09:49 -0400] "GET /rw_common/themes/dexture/scripts/jquery.fancyzoom.js HTTP/1.1" 200 6272 "http://eyepiecestexas.com/" "Mozilla/5.0 (compatible; MSIE 10.0; Windows NT 6.2; WOW64; Trident/6.0; MASMJS)"
75.35.172.99 - - [13/Aug/2013:12:09:49 -0400] "GET /files/stacks_page_page0.css HTTP/1.1" 200 2289 "http://eyepiecestexas.com/" "Mozilla/5.0 (compatible; MSIE 10.0; Windows NT 6.2; WOW64; Trident/6.0; MASMJS)"
75.35.172.99 - - [13/Aug/2013:12:09:49 -0400] "GET /files/rdc_9289.jpg HTTP/1.1" 200 24706 "http://eyepiecestexas.com/" "Mozilla/5.0 (compatible; MSIE 10.0; Windows NT 6.2; WOW64; Trident/6.0; MASMJS)"
75.35.172.99 - - [13/Aug/2013:12:09:49 -0400] "GET /files/stacks_image_165.png HTTP/1.1" 200 2265 "http://eyepiecestexas.com/" "Mozilla/5.0 (compatible; MSIE 10.0; Windows NT 6.2; WOW64; Trident/6.0; MASMJS)"
75.35.172.99 - - [13/Aug/2013:12:09:54 -0400] "GET /rw_common/themes/dexture/images/mainContentCornerShadowLeft.png HTTP/1.1" 200 1452 "http://eyepiecestexas.com/" "Mozilla/5.0 (compatible; MSIE 10.0; Windows NT 6.2; WOW64; Trident/6.0; MASMJS)"
75.35.172.99 - - [13/Aug/2013:12:09:54 -0400] "GET /rw_common/themes/dexture/images/pageTopShadow400px.png HTTP/1.1" 200 1299 "http://eyepiecestexas.com/" "Mozilla/5.0 (compatible; MSIE 10.0; Windows NT 6.2; WOW64; Trident/6.0; MASMJS)"
75.35.172.99 - - [13/Aug/2013:12:09:54 -0400] "GET /rw_common/themes/dexture/images/pageTopGradient.png HTTP/1.1" 200 1338 "http://eyepiecestexas.com/" "Mozilla/5.0 (compatible; MSIE 10.0; Windows NT 6.2; WOW64; Trident/6.0; MASMJS)"
75.35.172.99 - - [13/Aug/2013:12:09:54 -0400] "GET /rw_common/themes/dexture/images/closebox.png HTTP/1.1" 200 1910 "http://eyepiecestexas.com/" "Mozilla/5.0 (compatible; MSIE 10.0; Windows NT 6.2; WOW64; Trident/6.0; MASMJS)"
75.35.172.99 - - [13/Aug/2013:12:16:12 -0400] "GET /rw_common/themes/dexture/consolidated-print-2.css HTTP/1.1" 200 10005 "http://eyepiecestexas.com/eyewear/" "Mozilla/5.0 (compatible; MSIE 10.0; Windows NT 6.2; WOW64; Trident/6.0; MASMJS)"
75.35.172.99 - - [13/Aug/2013:12:16:12 -0400] "GET /eyewear/files/stacks_image_369.png HTTP/1.1" 200 13046 "http://eyepiecestexas.com/eyewear/" "Mozilla/5.0 (compatible; MSIE 10.0; Windows NT 6.2; WOW64; Trident/6.0; MASMJS)"
75.35.172.99 - - [13/Aug/2013:12:16:12 -0400] "GET /eyewear/files/stacks_image_406.jpg HTTP/1.1" 200 10954 "http://eyepiecestexas.com/eyewear/" "Mozilla/5.0 (compatible; MSIE 10.0; Windows NT 6.2; WOW64; Trident/6.0; MASMJS)"
75.35.172.99 - - [13/Aug/2013:12:16:13 -0400] "GET /eyewear/files/stacks_image_192.jpg HTTP/1.1" 200 19819 "http://eyepiecestexas.com/eyewear/" "Mozilla/5.0 (compatible; MSIE 10.0; Windows NT 6.2; WOW64; Trident/6.0; MASMJS)"
146.127.253.13 - - [13/Aug/2013:12:54:45 -0400] "GET /files/rdc_9289.jpg HTTP/1.1" 200 24706 "http://eyepiecestexas.com/" "Mozilla/4.0 (compatible; MSIE 8.0; Windows NT 6.1; WOW64; Trident/4.0; SLCC2; .NET CLR 2.0.50727; .NET CLR 3.5.30729; .NET CLR 3.0.30729; Media Center PC 6.0; .NET4.0C; .NET4.0E; InfoPath.2)"
146.127.253.45 - - [13/Aug/2013:12:55:04 -0400] "GET /contact/files/eye-pieces-logo-400.png HTTP/1.1" 200 10524 "http://eyepiecestexas.com/contact/" "Mozilla/4.0 (compatible; MSIE 8.0; Windows NT 6.1; WOW64; Trident/4.0; SLCC2; .NET CLR 2.0.50727; .NET CLR 3.5.30729; .NET CLR 3.0.30729; Media Center PC 6.0; .NET4.0C; .NET4.0E; InfoPath.2)"
76.199.215.46 - - [13/Aug/2013:12:55:31 -0400] "GET / HTTP/1.1" 304 - "-" "Mozilla/5.0 (compatible; MSIE 10.0; Windows NT 6.1; WOW64; Trident/6.0)"
76.199.215.46 - - [13/Aug/2013:12:55:31 -0400] "GET /rw_common/themes/dexture/consolidated-screen-0.css HTTP/1.1" 304 - "http://eyepiecestexas.com/" "Mozilla/5.0 (compatible; MSIE 10.0; Windows NT 6.1; WOW64; Trident/6.0)"
76.199.215.46 - - [13/Aug/2013:12:55:31 -0400] "GET /rw_common/themes/dexture/consolidated-all-0.css HTTP/1.1" 304 - "http://eyepiecestexas.com/" "Mozilla/5.0 (compatible; MSIE 10.0; Windows NT 6.1; WOW64; Trident/6.0)"
76.199.215.46 - - [13/Aug/2013:12:55:31 -0400] "GET /rw_common/themes/dexture/javascript.js HTTP/1.1" 304 - "http://eyepiecestexas.com/" "Mozilla/5.0 (compatible; MSIE 10.0; Windows NT 6.1; WOW64; Trident/6.0)"
76.199.215.46 - - [13/Aug/2013:12:55:31 -0400] "GET /files/eye-pieces-logo-400.png HTTP/1.1" 304 - "http://eyepiecestexas.com/" "Mozilla/5.0 (compatible; MSIE 10.0; Windows NT 6.1; WOW64; Trident/6.0)"
76.199.215.46 - - [13/Aug/2013:12:55:32 -0400] "GET /rw_common/themes/dexture/images/mainContentCornerShadowLeft.png HTTP/1.1" 304 - "http://eyepiecestexas.com/" "Mozilla/5.0 (compatible; MSIE 10.0; Windows NT 6.1; WOW64; Trident/6.0)"
76.199.215.46 - - [13/Aug/2013:12:55:32 -0400] "GET /rw_common/themes/dexture/images/upperShadow.png HTTP/1.1" 304 - "http://eyepiecestexas.com/" "Mozilla/5.0 (compatible; MSIE 10.0; Windows NT 6.1; WOW64; Trident/6.0)"
72.14.199.35 - - [13/Aug/2013:14:00:57 -0400] "GET /feed HTTP/1.1" 200 5819 "-" "Feedfetcher-Google; (+http://www.google.com/feedfetcher.html; 1 subscribers; feed-id=11757162533075784121)"
76.199.215.46 - - [13/Aug/2013:14:57:37 -0400] "GET /favicon.ico HTTP/1.1" 200 3819 "-" "Mozilla/5.0 (compatible; MSIE 10.0; Windows NT 6.2; Win64; x64; Trident/6.0; MDDCJS)"
66.249.75.204 - - [13/Aug/2013:00:16:13 -0400] "GET /files/stacks_page_page0.css HTTP/1.1" 200 2289 "-" "Mozilla/5.0 (compatible; Googlebot/2.1; +http://www.google.com/bot.html)"
15.227.185.76 - - [13/Aug/2013:10:26:17 -0400] "GET /rw_common/themes/dexture/images/ec6TopShadow.png HTTP/1.1" 200 49422 "http://www.eyepiecestexas.com/" "Mozilla/4.0 (compatible; MSIE 8.0; Windows NT 6.1; WOW64; Trident/4.0; GTB7.5; SLCC2; .NET CLR 2.0.50727; .NET CLR 3.5.30729; .NET CLR 3.0.30729; Media Center PC 6.0; InfoPath.3)"
15.227.185.76 - - [13/Aug/2013:10:26:17 -0400] "GET /rw_common/themes/dexture/images/upperShadow.png HTTP/1.1" 200 218 "http://www.eyepiecestexas.com/" "Mozilla/4.0 (compatible; MSIE 8.0; Windows NT 6.1; WOW64; Trident/4.0; GTB7.5; SLCC2; .NET CLR 2.0.50727; .NET CLR 3.5.30729; .NET CLR 3.0.30729; Media Center PC 6.0; InfoPath.3)"
15.227.185.76 - - [13/Aug/2013:10:26:18 -0400] "GET /rw_common/themes/dexture/images/ml.png HTTP/1.1" 200 1335 "http://www.eyepiecestexas.com/" "Mozilla/4.0 (compatible; MSIE 8.0; Windows NT 6.1; WOW64; Trident/4.0; GTB7.5; SLCC2; .NET CLR 2.0.50727; .NET CLR 3.5.30729; .NET CLR 3.0.30729; Media Center PC 6.0; InfoPath.3)"
76.199.215.46 - - [13/Aug/2013:10:48:45 -0400] "GET /rw_common/themes/dexture/scripts/jquery.fancyzoom.js HTTP/1.1" 304 - "http://eyepiecestexas.com/" "Mozilla/5.0 (compatible; MSIE 10.0; Windows NT 6.1; WOW64; Trident/6.0)"
76.199.215.46 - - [13/Aug/2013:10:48:45 -0400] "GET /files/stacks_page_page0.js HTTP/1.1" 304 - "http://eyepiecestexas.com/" "Mozilla/5.0 (compatible; MSIE 10.0; Windows NT 6.1; WOW64; Trident/6.0)"
76.199.215.46 - - [13/Aug/2013:10:48:45 -0400] "GET /files/stacks_image_166.png HTTP/1.1" 304 - "http://eyepiecestexas.com/" "Mozilla/5.0 (compatible; MSIE 10.0; Windows NT 6.1; WOW64; Trident/6.0)"
76.199.215.46 - - [13/Aug/2013:10:48:45 -0400] "GET /rw_common/themes/dexture/images/darkAlphaBg.png HTTP/1.1" 304 - "http://eyepiecestexas.com/" "Mozilla/5.0 (compatible; MSIE 10.0; Windows NT 6.1; WOW64; Trident/6.0)"
76.199.215.46 - - [13/Aug/2013:10:48:45 -0400] "GET /rw_common/themes/dexture/images/mainContentCornerShadowRight.png HTTP/1.1" 304 - "http://eyepiecestexas.com/" "Mozilla/5.0 (compatible; MSIE 10.0; Windows NT 6.1; WOW64; Trident/6.0)"
76.199.215.46 - - [13/Aug/2013:10:48:45 -0400] "GET /rw_common/themes/dexture/images/closebox.png HTTP/1.1" 304 - "http://eyepiecestexas.com/" "Mozilla/5.0 (compatible; MSIE 10.0; Windows NT 6.1; WOW64; Trident/6.0)"
171.161.160.10 - - [13/Aug/2013:11:53:14 -0400] "GET /rw_common/themes/dexture/rw_common/plugins/stacks/stacks_ie.css HTTP/1.1" 200 4319 "http://eyepiecestexas.com/" "Mozilla/4.0 (compatible; MSIE 7.0; Windows NT 5.1; .NET CLR 2.0.50727; .NET CLR 3.0.4506.2152; .NET4.0C; .NET4.0E; InfoPath.2; MS-RTC S; .NET CLR 3.5.30729)"
171.161.160.10 - - [13/Aug/2013:11:53:34 -0400] "GET /eyewear/files/stacks_image_60.jpg HTTP/1.1" 200 7110 "-" "Mozilla/4.0 (compatible;)"
171.161.160.10 - - [13/Aug/2013:11:53:35 -0400] "GET /eyewear/files/stacks_image_650.jpg HTTP/1.1" 200 12534 "-" "Mozilla/4.0 (compatible;)"
71.244.30.87 - - [13/Aug/2013:11:56:48 -0400] "GET /eyewear/files/stacks_image_384.jpg HTTP/1.1" 200 6521 "http://eyepiecestexas.com/eyewear/" "Mozilla/5.0 (iPad; CPU OS 6_1_3 like Mac OS X) AppleWebKit/536.26 (KHTML, like Gecko) Version/6.0 Mobile/10B329 Safari/8536.25"
71.244.30.87 - - [13/Aug/2013:11:56:48 -0400] "GET /eyewear/files/stacks_image_456.jpg HTTP/1.1" 200 7915 "http://eyepiecestexas.com/eyewear/" "Mozilla/5.0 (iPad; CPU OS 6_1_3 like Mac OS X) AppleWebKit/536.26 (KHTML, like Gecko) Version/6.0 Mobile/10B329 Safari/8536.25"
71.244.30.87 - - [13/Aug/2013:11:56:48 -0400] "GET /eyewear/files/stacks_image_460.jpg HTTP/1.1" 200 7560 "http://eyepiecestexas.com/eyewear/" "Mozilla/5.0 (iPad; CPU OS 6_1_3 like Mac OS X) AppleWebKit/536.26 (KHTML, like Gecko) Version/6.0 Mobile/10B329 Safari/8536.25"
71.244.30.87 - - [13/Aug/2013:11:56:48 -0400] "GET /eyewear/files/stacks_image_466.png HTTP/1.1" 200 35282 "http://eyepiecestexas.com/eyewear/" "Mozilla/5.0 (iPad; CPU OS 6_1_3 like Mac OS X) AppleWebKit/536.26 (KHTML, like Gecko) Version/6.0 Mobile/10B329 Safari/8536.25"
71.244.30.87 - - [13/Aug/2013:11:56:50 -0400] "GET /eyewear/files/stacks_image_480.jpg HTTP/1.1" 200 6525 "http://eyepiecestexas.com/eyewear/" "Mozilla/5.0 (iPad; CPU OS 6_1_3 like Mac OS X) AppleWebKit/536.26 (KHTML, like Gecko) Version/6.0 Mobile/10B329 Safari/8536.25"
71.244.30.87 - - [13/Aug/2013:11:57:16 -0400] "GET /find-us/ HTTP/1.1" 200 15503 "http://eyepiecestexas.com/find-us/" "Mozilla/5.0 (iPad; CPU OS 6_1_3 like Mac OS X) AppleWebKit/536.26 (KHTML, like Gecko) Version/6.0 Mobile/10B329 Safari/8536.25"
71.244.30.87 - - [13/Aug/2013:11:57:17 -0400] "GET /find-us/files/stacks_image_33.jpg HTTP/1.1" 200 44962 "http://eyepiecestexas.com/find-us/" "Mozilla/5.0 (iPad; CPU OS 6_1_3 like Mac OS X) AppleWebKit/536.26 (KHTML, like Gecko) Version/6.0 Mobile/10B329 Safari/8536.25"
71.244.30.87 - - [13/Aug/2013:11:57:18 -0400] "GET /find-us/files/stacks_image_32.jpg HTTP/1.1" 200 36464 "http://eyepiecestexas.com/find-us/" "Mozilla/5.0 (iPad; CPU OS 6_1_3 like Mac OS X) AppleWebKit/536.26 (KHTML, like Gecko) Version/6.0 Mobile/10B329 Safari/8536.25"
71.244.30.87 - - [13/Aug/2013:11:57:18 -0400] "GET /find-us/files/stacks_image_829.png HTTP/1.1" 200 5841 "http://eyepiecestexas.com/find-us/" "Mozilla/5.0 (iPad; CPU OS 6_1_3 like Mac OS X) AppleWebKit/536.26 (KHTML, like Gecko) Version/6.0 Mobile/10B329 Safari/8536.25"
71.244.30.87 - - [13/Aug/2013:11:57:20 -0400] "GET /rw_common/themes/dexture/consolidated-handheld-4.css HTTP/1.1" 200 13394 "http://eyepiecestexas.com/find-us/" "Mozilla/5.0 (iPad; CPU OS 6_1_3 like Mac OS X) AppleWebKit/536.26 (KHTML, like Gecko) Version/6.0 Mobile/10B329 Safari/8536.25"
71.244.30.87 - - [13/Aug/2013:11:57:20 -0400] "GET /rw_common/themes/dexture/consolidated-print-4.css HTTP/1.1" 200 10005 "http://eyepiecestexas.com/find-us/" "Mozilla/5.0 (iPad; CPU OS 6_1_3 like Mac OS X) AppleWebKit/536.26 (KHTML, like Gecko) Version/6.0 Mobile/10B329 Safari/8536.25"
76.199.215.46 - - [13/Aug/2013:18:48:08 -0400] "GET /rw_common/themes/dexture/javascript.js HTTP/1.1" 304 - "http://eyepiecestexas.com/" "Mozilla/5.0 (compatible; MSIE 10.0; Windows NT 6.1; WOW64; Trident/6.0)"
76.199.215.46 - - [13/Aug/2013:18:48:08 -0400] "GET /files/eye-pieces-logo-400.png HTTP/1.1" 304 - "http://eyepiecestexas.com/" "Mozilla/5.0 (compatible; MSIE 10.0; Windows NT 6.1; WOW64; Trident/6.0)"
75.111.216.4 - - [13/Aug/2013:19:33:49 -0400] "GET /Eye_Pieces/Home_files/Home.css HTTP/1.1" 200 5905 "http://eyepiecestexas.com/Eye_Pieces/Home.html" "Mozilla/5.0 (Macintosh; Intel Mac OS X 10_6_8) AppleWebKit/534.59.8 (KHTML, like Gecko) Version/4.0.3 Safari/531.9"
117.26.226.152 - - [13/Aug/2013:09:30:49 -0400] "GET / HTTP/1.1" 200 16359 "-" "Mozilla/4.0 (compatible; MSIE 6.0; Windows NT 5.1; SV1; Mozilla/4.0 (compatible; MSIE 6.0; Windows NT 5.1; SV1) )"
15.227.185.76 - - [13/Aug/2013:10:27:38 -0400] "GET /about/files/stacks_page_page1.js HTTP/1.1" 200 24511 "http://www.eyepiecestexas.com/about/" "Mozilla/4.0 (compatible; MSIE 8.0; Windows NT 6.1; WOW64; Trident/4.0; GTB7.5; SLCC2; .NET CLR 2.0.50727; .NET CLR 3.5.30729; .NET CLR 3.0.30729; Media Center PC 6.0; InfoPath.3)"
15.227.185.76 - - [13/Aug/2013:10:27:38 -0400] "GET /about/files/stacks_image_714.png HTTP/1.1" 200 5857 "http://www.eyepiecestexas.com/about/" "Mozilla/4.0 (compatible; MSIE 8.0; Windows NT 6.1; WOW64; Trident/4.0; GTB7.5; SLCC2; .NET CLR 2.0.50727; .NET CLR 3.5.30729; .NET CLR 3.0.30729; Media Center PC 6.0; InfoPath.3)"
15.227.185.76 - - [13/Aug/2013:10:29:00 -0400] "GET /contactlens/files/stacks_image_821.png HTTP/1.1" 200 3361 "http://www.eyepiecestexas.com/contactlens/" "Mozilla/4.0 (compatible; MSIE 8.0; Windows NT 6.1; WOW64; Trident/4.0; GTB7.5; SLCC2; .NET CLR 2.0.50727; .NET CLR 3.5.30729; .NET CLR 3.0.30729; Media Center PC 6.0; InfoPath.3)"
171.161.160.10 - - [13/Aug/2013:11:53:07 -0400] "GET /rw_common/themes/dexture/consolidated-handheld-0.css HTTP/1.1" 200 13381 "-" "Mozilla/4.0 (compatible;)"
171.161.160.10 - - [13/Aug/2013:11:53:34 -0400] "GET /eyewear/files/stacks_image_133.jpg HTTP/1.1" 200 8521 "-" "Mozilla/4.0 (compatible;)"
171.161.160.10 - - [13/Aug/2013:11:53:35 -0400] "GET /eyewear/files/stacks_image_656.jpg HTTP/1.1" 200 10694 "-" "Mozilla/4.0 (compatible;)"
171.161.160.10 - - [13/Aug/2013:11:53:39 -0400] "GET /rw_common/themes/dexture/css/ie7.css HTTP/1.1" 200 4319 "http://eyepiecestexas.com/eyewear/" "Mozilla/4.0 (compatible; MSIE 7.0; Windows NT 5.1; .NET CLR 2.0.50727; .NET CLR 3.0.4506.2152; .NET4.0C; .NET4.0E; InfoPath.2; MS-RTC S; .NET CLR 3.5.30729)"
171.161.160.10 - - [13/Aug/2013:11:58:56 -0400] "GET /rw_common/themes/rw_common/plugins/stacks/stacks_ie.css HTTP/1.1" 200 2819 "http://eyepiecestexas.com/about/" "Mozilla/4.0 (compatible; MSIE 7.0; Windows NT 5.1; .NET CLR 2.0.50727; .NET CLR 3.0.4506.2152; .NET4.0C; .NET4.0E; InfoPath.2; MS-RTC S; .NET CLR 3.5.30729)"
75.35.172.99 - - [13/Aug/2013:12:16:12 -0400] "GET /eyewear/files/stacks_page_page2.css HTTP/1.1" 200 15595 "http://eyepiecestexas.com/eyewear/" "Mozilla/5.0 (compatible; MSIE 10.0; Windows NT 6.2; WOW64; Trident/6.0; MASMJS)"
75.35.172.99 - - [13/Aug/2013:12:16:12 -0400] "GET /eyewear/files/stacks_image_398.jpg HTTP/1.1" 200 7014 "http://eyepiecestexas.com/eyewear/" "Mozilla/5.0 (compatible; MSIE 10.0; Windows NT 6.2; WOW64; Trident/6.0; MASMJS)"
75.35.172.99 - - [13/Aug/2013:12:16:12 -0400] "GET /eyewear/files/stacks_image_440.jpg HTTP/1.1" 200 10518 "http://eyepiecestexas.com/eyewear/" "Mozilla/5.0 (compatible; MSIE 10.0; Windows NT 6.2; WOW64; Trident/6.0; MASMJS)"
75.35.172.99 - - [13/Aug/2013:12:16:14 -0400] "GET /eyewear/files/stacks_image_670.jpg HTTP/1.1" 200 29466 "http://eyepiecestexas.com/eyewear/" "Mozilla/5.0 (compatible; MSIE 10.0; Windows NT 6.2; WOW64; Trident/6.0; MASMJS)"
146.127.253.13 - - [13/Aug/2013:12:54:45 -0400] "GET /resources/Dream_Orphans_700.font.js HTTP/1.1" 304 - "http://eyepiecestexas.com/" "Mozilla/4.0 (compatible; MSIE 8.0; Windows NT 6.1; WOW64; Trident/4.0; SLCC2; .NET CLR 2.0.50727; .NET CLR 3.5.30729; .NET CLR 3.0.30729; Media Center PC 6.0; .NET4.0C; .NET4.0E; InfoPath.2)"
146.127.253.13 - - [13/Aug/2013:12:54:51 -0400] "GET /rw_common/themes/dexture/consolidated-screen-5.css HTTP/1.1" 200 27899 "http://eyepiecestexas.com/contact/" "Mozilla/4.0 (compatible; MSIE 8.0; Windows NT 6.1; WOW64; Trident/4.0; SLCC2; .NET CLR 2.0.50727; .NET CLR 3.5.30729; .NET CLR 3.0.30729; Media Center PC 6.0; .NET4.0C; .NET4.0E; InfoPath.2)"
76.199.215.46 - - [13/Aug/2013:14:55:22 -0400] "GET /favicon.ico HTTP/1.1" 200 5819 "-" "Mozilla/5.0 (compatible; MSIE 10.0; Windows NT 6.1; Win64; x64; Trident/6.0)"
76.199.215.46 - - [13/Aug/2013:18:01:09 -0400] "GET /favicon.ico HTTP/1.1" 200 5819 "-" "Mozilla/5.0 (compatible; MSIE 10.0; Windows NT 6.1; Win64; x64; Trident/6.0)"
75.111.216.4 - - [13/Aug/2013:19:35:01 -0400] "GET /Eye_Pieces/Retrospecs_files/droppedImage_3.jpg HTTP/1.1" 200 7695 "http://eyepiecestexas.com/Eye_Pieces/Retrospecs.html" "Mozilla/5.0 (Macintosh; Intel Mac OS X 10_6_8) AppleWebKit/534.59.8 (KHTML, like Gecko) Version/4.0.3 Safari/531.9"
92.249.127.111 - - [13/Aug/2013:19:44:50 -0400] "GET / HTTP/1.1" 200 16359 "http://www.bravica.ws/ru/" "Mozilla/5.0 (compatible; news bot /2.1)"
173.199.119.35 - - [13/Aug/2013:06:41:20 -0400] "GET /staff/files/fullpath_203.jpg HTTP/1.1" 200 18009 "-" "Mozilla/5.0 (compatible; AhrefsBot/4.0; +http://ahrefs.com/robot/)"
76.199.215.46 - - [13/Aug/2013:16:36:59 -0400] "GET /favicon.ico HTTP/1.1" 200 4319 "-" "Mozilla/5.0 (compatible; MSIE 10.0; Windows NT 6.1; Win64; x64; Trident/6.0)"
66.249.72.35 - - [13/Aug/2013:21:13:22 -0400] "GET /rw_common/themes/dexture/consolidated-all-7.css HTTP/1.1" 200 13449 "-" "Mozilla/5.0 (compatible; Googlebot/2.1; +http://www.google.com/bot.html)"
71.170.62.154 - - [13/Aug/2013:21:26:49 -0400] "GET /resources/Dream_Orphans_700.font.js?_=1376443611474 HTTP/1.1" 200 36773 "http://eyepiecestexas.com/" "Mozilla/5.0 (iPad; CPU OS 6_1_3 like Mac OS X) AppleWebKit/536.26 (KHTML, like Gecko) Version/6.0 Mobile/10B329 Safari/8536.25"
173.199.119.35 - - [13/Aug/2013:09:31:36 -0400] "GET /promotions/?post_id=14&title=save-the-date HTTP/1.1" 200 20530 "-" "Mozilla/5.0 (compatible; AhrefsBot/4.0; +http://ahrefs.com/robot/)"
195.242.218.133 - - [13/Aug/2013:10:07:06 -0400] "GET / HTTP/1.1" 200 16359 "http://valdaidom.ru/" "Mozilla/4.0 (compatible; MSIE 6.0; Windows NT 5.1; SV1; .NET CLR 1.0.3705; .NET CLR 1.1.4322; .NET CLR 2.0.40607)"
