75.111.216.4 - - [13/Aug/2013:19:34:05 -0400] "GET /Eye_Pieces/Eyewear_files/shapeimage_23.png HTTP/1.1" 200 207 "http://eyepiecestexas.com/Eye_Pieces/Eyewear.html" "Mozilla/5.0 (Macintosh; Intel Mac OS X 10_6_8) AppleWebKit/534.59.8 (KHTML, like Gecko) Version/4.0.3 Safari/531.9"
75.111.216.4 - - [13/Aug/2013:19:34:05 -0400] "GET /Eye_Pieces/Eyewear_files/shapeimage_26.png HTTP/1.1" 200 220 "http://eyepiecestexas.com/Eye_Pieces/Eyewear.html" "Mozilla/5.0 (Macintosh; Intel Mac OS X 10_6_8) AppleWebKit/534.59.8 (KHTML, like Gecko) Version/4.0.3 Safari/531.9"
75.111.216.4 - - [13/Aug/2013:19:34:06 -0400] "GET /Eye_Pieces/Eyewear_files/shapeimage_29.png HTTP/1.1" 200 200 "http://eyepiecestexas.com/Eye_Pieces/Eyewear.html" "Mozilla/5.0 (Macintosh; Intel Mac OS X 10_6_8) AppleWebKit/534.59.8 (KHTML, like Gecko) Version/4.0.3 Safari/531.9"
75.111.216.4 - - [13/Aug/2013:19:34:06 -0400] "GET /Eye_Pieces/Eyewear_files/shapeimage_4_rollover_0.png HTTP/1.1" 200 2415 "http://eyepiecestexas.com/Eye_Pieces/Eyewear.html" "Mozilla/5.0 (Macintosh; Intel Mac OS X 10_6_8) AppleWebKit/534.59.8 (KHTML, like Gecko) Version/4.0.3 Safari/531.9"
75.111.216.4 - - [13/Aug/2013:19:34:06 -0400] "GET /Eye_Pieces/Eyewear_files/shapeimage_13_rollover_0.png HTTP/1.1" 200 1458 "http://eyepiecestexas.com/Eye_Pieces/Eyewear.html" "Mozilla/5.0 (Macintosh; Intel Mac OS X 10_6_8) AppleWebKit/534.59.8 (KHTML, like Gecko) Version/4.0.3 Safari/531.9"
75.111.216.4 - - [13/Aug/2013:19:34:06 -0400] "GET /Eye_Pieces/Eyewear_files/shapeimage_22_rollover_0.png HTTP/1.1" 200 1594 "http://eyepiecestexas.com/Eye_Pieces/Eyewear.html" "Mozilla/5.0 (Macintosh; Intel Mac OS X 10_6_8) AppleWebKit/534.59.8 (KHTML, like Gecko) Version/4.0.3 Safari/531.9"
75.111.216.4 - - [13/Aug/2013:19:34:06 -0400] "GET /Eye_Pieces/Eyewear_files/shapeimage_29_rollover_0.png HTTP/1.1" 200 2244 "http://eyepiecestexas.com/Eye_Pieces/Eyewear.html" "Mozilla/5.0 (Macintosh; Intel Mac OS X 10_6_8) AppleWebKit/534.59.8 (KHTML, like Gecko) Version/4.0.3 Safari/531.9"
75.111.216.4 - - [13/Aug/2013:19:34:35 -0400] "GET /Eye_Pieces/Silhouette.html HTTP/1.1" 200 9127 "http://eyepiecestexas.com/Eye_Pieces/Eyewear.html" "Mozilla/5.0 (Macintosh; Intel Mac OS X 10_6_8) AppleWebKit/534.59.8 (KHTML, like Gecko) Version/4.0.3 Safari/531.9"
75.111.216.4 - - [13/Aug/2013:19:34:35 -0400] "GET /Eye_Pieces/Silhouette_files/shapeimage_1.jpg HTTP/1.1" 200 877 "http://eyepiecestexas.com/Eye_Pieces/Silhouette.html" "Mozilla/5.0 (Macintosh; Intel Mac OS X 10_6_8) AppleWebKit/534.59.8 (KHTML, like Gecko) Version/4.0.3 Safari/531.9"
75.111.216.4 - - [13/Aug/2013:19:34:35 -0400] "GET /Eye_Pieces/Silhouette_files/5505799459_a6b3bd75a01.jpg HTTP/1.1" 200 15200 "http://eyepiecestexas.com/Eye_Pieces/Silhouette.html" "Mozilla/5.0 (Macintosh; Intel Mac OS X 10_6_8) AppleWebKit/534.59.8 (KHTML, like Gecko) Version/4.0.3 Safari/531.9"
75.111.216.4 - - [13/Aug/2013:19:34:35 -0400] "GET /Eye_Pieces/Silhouette_files/p-silhouette.jpg HTTP/1.1" 200 18460 "http://eyepiecestexas.com/Eye_Pieces/Silhouette.html" "Mozilla/5.0 (Macintosh; Intel Mac OS X 10_6_8) AppleWebKit/534.59.8 (KHTML, like Gecko) Version/4.0.3 Safari/531.9"
15.227.185.76 - - [13/Aug/2013:10:26:17 -0400] "GET /rw_common/themes/dexture/images/lightAlphaBg.png HTTP/1.1" 200 179 "http://www.eyepiecestexas.com/" "Mozilla/4.0 (compatible; MSIE 8.0; Windows NT 6.1; WOW64; Trident/4.0; GTB7.5; SLCC2; .NET CLR 2.0.50727; .NET CLR 3.5.30729; .NET CLR 3.0.30729; Media Center PC 6.0; InfoPath.3)"
15.227.185.76 - - [13/Aug/2013:10:26:17 -0400] "GET /rw_common/themes/dexture/images/pageTopShadow400px.png HTTP/1.1" 200 1299 "http://www.eyepiecestexas.com/" "Mozilla/4.0 (compatible; MSIE 8.0; Windows NT 6.1; WOW64; Trident/4.0; GTB7.5; SLCC2; .NET CLR 2.0.50727; .NET CLR 3.5.30729; .NET CLR 3.0.30729; Media Center PC 6.0; InfoPath.3)"
15.227.185.76 - - [13/Aug/2013:10:26:17 -0400] "GET /rw_common/themes/dexture/images/editable_images/concrete.png HTTP/1.1" 200 198645 "http://www.eyepiecestexas.com/" "Mozilla/4.0 (compatible; MSIE 8.0; Windows NT 6.1; WOW64; Trident/4.0; GTB7.5; SLCC2; .NET CLR 2.0.50727; .NET CLR 3.5.30729; .NET CLR 3.0.30729; Media Center PC 6.0; InfoPath.3)"
15.227.185.76 - - [13/Aug/2013:10:26:17 -0400] "GET /rw_common/themes/dexture/images/closebox.png HTTP/1.1" 200 1910 "http://www.eyepiecestexas.com/" "Mozilla/4.0 (compatible; MSIE 8.0; Windows NT 6.1; WOW64; Trident/4.0; GTB7.5; SLCC2; .NET CLR 2.0.50727; .NET CLR 3.5.30729; .NET CLR 3.0.30729; Media Center PC 6.0; InfoPath.3)"
15.227.185.76 - - [13/Aug/2013:10:26:18 -0400] "GET /favicon.ico HTTP/1.1" 200 3819 "-" "Mozilla/4.0 (compatible; MSIE 8.0; Windows NT 6.1; WOW64; Trident/4.0; GTB7.5; SLCC2; .NET CLR 2.0.50727; .NET CLR 3.5.30729; .NET CLR 3.0.30729; Media Center PC 6.0; InfoPath.3)"
15.227.185.76 - - [13/Aug/2013:10:28:05 -0400] "GET /staff/files/stacks_image_718.png HTTP/1.1" 200 2265 "http://www.eyepiecestexas.com/staff/" "Mozilla/4.0 (compatible; MSIE 8.0; Windows NT 6.1; WOW64; Trident/4.0; GTB7.5; SLCC2; .NET CLR 2.0.50727; .NET CLR 3.5.30729; .NET CLR 3.0.30729; Media Center PC 6.0; InfoPath.3)"
76.199.215.46 - - [13/Aug/2013:10:56:45 -0400] "GET /rw_common/themes/dexture/scripts/nimblehostPulseVIP.js HTTP/1.1" 304 - "http://eyepiecestexas.com/" "Mozilla/5.0 (compatible; MSIE 10.0; Windows NT 6.1; WOW64; Trident/6.0)"
76.199.215.46 - - [13/Aug/2013:10:56:45 -0400] "GET /rw_common/plugins/stacks/stacks.css HTTP/1.1" 304 - "http://eyepiecestexas.com/" "Mozilla/5.0 (compatible; MSIE 10.0; Windows NT 6.1; WOW64; Trident/6.0)"
76.199.215.46 - - [13/Aug/2013:10:56:45 -0400] "GET /files/rdc_9289.jpg HTTP/1.1" 304 - "http://eyepiecestexas.com/" "Mozilla/5.0 (compatible; MSIE 10.0; Windows NT 6.1; WOW64; Trident/6.0)"
76.199.215.46 - - [13/Aug/2013:10:56:45 -0400] "GET /files/stacks_image_166.png HTTP/1.1" 304 - "http://eyepiecestexas.com/" "Mozilla/5.0 (compatible; MSIE 10.0; Windows NT 6.1; WOW64; Trident/6.0)"
76.199.215.46 - - [13/Aug/2013:10:56:47 -0400] "GET /rw_common/themes/dexture/images/mainContentCornerShadowRight.png HTTP/1.1" 304 - "http://eyepiecestexas.com/" "Mozilla/5.0 (compatible; MSIE 10.0; Windows NT 6.1; WOW64; Trident/6.0)"
76.199.215.46 - - [13/Aug/2013:10:56:47 -0400] "GET /rw_common/themes/dexture/images/darkAlphaBg.png HTTP/1.1" 304 - "http://eyepiecestexas.com/" "Mozilla/5.0 (compatible; MSIE 10.0; Windows NT 6.1; WOW64; Trident/6.0)"
218.93.127.107 - - [13/Aug/2013:11:35:40 -0400] "GET / HTTP/1.0" 200 16359 "http://eyepiecestexas.com/" "Opera/9.80 (Windows NT 5.1; U; ru) Presto/2.10.289 Version/12.01"
171.161.160.10 - - [13/Aug/2013:11:53:14 -0400] "GET /rw_common/themes/dexture/images/pageTopGradient.png HTTP/1.1" 200 1338 "http://eyepiecestexas.com/" "Mozilla/4.0 (compatible; MSIE 7.0; Windows NT 5.1; .NET CLR 2.0.50727; .NET CLR 3.0.4506.2152; .NET4.0C; .NET4.0E; InfoPath.2; MS-RTC S; .NET CLR 3.5.30729)"
171.161.160.10 - - [13/Aug/2013:11:53:14 -0400] "GET /rw_common/themes/dexture/images/lightAlphaBg.png HTTP/1.1" 200 179 "http://eyepiecestexas.com/" "Mozilla/4.0 (compatible; MSIE 7.0; Windows NT 5.1; .NET CLR 2.0.50727; .NET CLR 3.0.4506.2152; .NET4.0C; .NET4.0E; InfoPath.2; MS-RTC S; .NET CLR 3.5.30729)"
171.161.160.10 - - [13/Aug/2013:11:53:14 -0400] "GET /rw_common/themes/dexture/images/pageTopShadow400px.png HTTP/1.1" 200 1299 "http://eyepiecestexas.com/" "Mozilla/4.0 (compatible; MSIE 7.0; Windows NT 5.1; .NET CLR 2.0.50727; .NET CLR 3.0.4506.2152; .NET4.0C; .NET4.0E; InfoPath.2; MS-RTC S; .NET CLR 3.5.30729)"
171.161.160.10 - - [13/Aug/2013:11:53:14 -0400] "GET /rw_common/themes/dexture/images/mainContentCornerShadowLeft.png HTTP/1.1" 200 1452 "http://eyepiecestexas.com/" "Mozilla/4.0 (compatible; MSIE 7.0; Windows NT 5.1; .NET CLR 2.0.50727; .NET CLR 3.0.4506.2152; .NET4.0C; .NET4.0E; InfoPath.2; MS-RTC S; .NET CLR 3.5.30729)"
171.161.160.10 - - [13/Aug/2013:11:53:14 -0400] "GET /rw_common/themes/dexture/images/editable_images/image11.jpg HTTP/1.1" 200 74799 "http://eyepiecestexas.com/" "Mozilla/4.0 (compatible; MSIE 7.0; Windows NT 5.1; .NET CLR 2.0.50727; .NET CLR 3.0.4506.2152; .NET4.0C; .NET4.0E; InfoPath.2; MS-RTC S; .NET CLR 3.5.30729)"
171.161.160.10 - - [13/Aug/2013:11:53:19 -0400] "GET /rw_common/themes/dexture/images/darkAlphaBg.png HTTP/1.1" 200 70 "http://eyepiecestexas.com/" "Mozilla/4.0 (compatible; MSIE 7.0; Windows NT 5.1; .NET CLR 2.0.50727; .NET CLR 3.0.4506.2152; .NET4.0C; .NET4.0E; InfoPath.2; MS-RTC S; .NET CLR 3.5.30729)"
171.161.160.10 - - [13/Aug/2013:11:54:03 -0400] "GET /resources/Dream_Orphans_700.font.js?_=1376409242687 HTTP/1.1" 200 36773 "http://eyepiecestexas.com/" "Mozilla/4.0 (compatible; MSIE 7.0; Windows NT 5.1; .NET CLR 2.0.50727; .NET CLR 3.0.4506.2152; .NET4.0C; .NET4.0E; InfoPath.2; MS-RTC S; .NET CLR 3.5.30729)"
166.147.72.176 - - [13/Aug/2013:15:53:22 -0400] "GET /rw_common/themes/dexture/javascript.js HTTP/1.1" 200 14608 "http://eyepiecestexas.com/eyewear/" "Mozilla/5.0 (iPad; CPU OS 6_1_3 like Mac OS X) AppleWebKit/536.26 (KHTML, like Gecko) Version/6.0 Mobile/10B329 Safari/8536.25"
166.147.72.176 - - [13/Aug/2013:15:53:23 -0400] "GET /eyewear/files/stacks_image_56.jpg HTTP/1.1" 200 17849 "http://eyepiecestexas.com/eyewear/" "Mozilla/5.0 (iPad; CPU OS 6_1_3 like Mac OS X) AppleWebKit/536.26 (KHTML, like Gecko) Version/6.0 Mobile/10B329 Safari/8536.25"
166.147.72.176 - - [13/Aug/2013:15:53:23 -0400] "GET /eyewear/files/stacks_image_456.jpg HTTP/1.1" 200 7915 "http://eyepiecestexas.com/eyewear/" "Mozilla/5.0 (iPad; CPU OS 6_1_3 like Mac OS X) AppleWebKit/536.26 (KHTML, like Gecko) Version/6.0 Mobile/10B329 Safari/8536.25"
166.147.72.176 - - [13/Aug/2013:15:53:23 -0400] "GET /eyewear/files/stacks_image_460.jpg HTTP/1.1" 200 7560 "http://eyepiecestexas.com/eyewear/" "Mozilla/5.0 (iPad; CPU OS 6_1_3 like Mac OS X) AppleWebKit/536.26 (KHTML, like Gecko) Version/6.0 Mobile/10B329 Safari/8536.25"
166.147.72.176 - - [13/Aug/2013:15:53:23 -0400] "GET /eyewear/files/stacks_image_466.png HTTP/1.1" 200 35282 "http://eyepiecestexas.com/eyewear/" "Mozilla/5.0 (iPad; CPU OS 6_1_3 like Mac OS X) AppleWebKit/536.26 (KHTML, like Gecko) Version/6.0 Mobile/10B329 Safari/8536.25"
166.147.72.176 - - [13/Aug/2013:15:53:24 -0400] "GET /eyewear/files/stacks_image_632.jpg HTTP/1.1" 200 9921 "http://eyepiecestexas.com/eyewear/" "Mozilla/5.0 (iPad; CPU OS 6_1_3 like Mac OS X) AppleWebKit/536.26 (KHTML, like Gecko) Version/6.0 Mobile/10B329 Safari/8536.25"
166.147.72.176 - - [13/Aug/2013:15:53:24 -0400] "GET /eyewear/files/stacks_image_192.jpg HTTP/1.1" 200 19819 "http://eyepiecestexas.com/eyewear/" "Mozilla/5.0 (iPad; CPU OS 6_1_3 like Mac OS X) AppleWebKit/536.26 (KHTML, like Gecko) Version/6.0 Mobile/10B329 Safari/8536.25"
166.147.72.176 - - [13/Aug/2013:15:53:24 -0400] "GET /eyewear/files/stacks_image_243.jpg HTTP/1.1" 200 5639 "http://eyepiecestexas.com/eyewear/" "Mozilla/5.0 (iPad; CPU OS 6_1_3 like Mac OS X) AppleWebKit/536.26 (KHTML, like Gecko) Version/6.0 Mobile/10B329 Safari/8536.25"
166.147.72.176 - - [13/Aug/2013:15:53:24 -0400] "GET /eyewear/files/stacks_image_638.jpg HTTP/1.1" 200 13484 "http://eyepiecestexas.com/eyewear/" "Mozilla/5.0 (iPad; CPU OS 6_1_3 like Mac OS X) AppleWebKit/536.26 (KHTML, like Gecko) Version/6.0 Mobile/10B329 Safari/8536.25"
76.199.215.46 - - [13/Aug/2013:16:37:05 -0400] "GET /favicon.ico HTTP/1.1" 200 5319 "-" "Mozilla/5.0 (compatible; MSIE 10.0; Windows NT 6.1; Win64; x64; Trident/6.0)"
157.55.32.219 - - [13/Aug/2013:21:15:30 -0400] "GET /rw_common/themes/dexture/javascript.js HTTP/1.1" 200 14608 "-" "Mozilla/5.0 (compatible; bingbot/2.0; +http://www.bing.com/bingbot.htm)"
71.170.62.154 - - [13/Aug/2013:21:25:43 -0400] "GET /rw_common/themes/dexture/consolidated-screen-0.css HTTP/1.1" 200 27886 "http://eyepiecestexas.com/" "Mozilla/5.0 (iPad; CPU OS 6_1_3 like Mac OS X) AppleWebKit/536.26 (KHTML, like Gecko) Version/6.0 Mobile/10B329 Safari/8536.25"
71.170.62.154 - - [13/Aug/2013:21:25:43 -0400] "GET /rw_common/themes/dexture/scripts/nimblehostPulseVIP.js HTTP/1.1" 200 1205 "http://eyepiecestexas.com/" "Mozilla/5.0 (iPad; CPU OS 6_1_3 like Mac OS X) AppleWebKit/536.26 (KHTML, like Gecko) Version/6.0 Mobile/10B329 Safari/8536.25"
71.170.62.154 - - [13/Aug/2013:21:25:43 -0400] "GET /rw_common/themes/dexture/scripts/jquery.fancyzoom.js HTTP/1.1" 200 6272 "http://eyepiecestexas.com/" "Mozilla/5.0 (iPad; CPU OS 6_1_3 like Mac OS X) AppleWebKit/536.26 (KHTML, like Gecko) Version/6.0 Mobile/10B329 Safari/8536.25"
71.170.62.154 - - [13/Aug/2013:21:25:43 -0400] "GET /rw_common/plugins/stacks/stacks.css HTTP/1.1" 200 1841 "http://eyepiecestexas.com/" "Mozilla/5.0 (iPad; CPU OS 6_1_3 like Mac OS X) AppleWebKit/536.26 (KHTML, like Gecko) Version/6.0 Mobile/10B329 Safari/8536.25"
71.170.62.154 - - [13/Aug/2013:21:25:44 -0400] "GET /files/stacks_image_164.png HTTP/1.1" 200 3361 "http://eyepiecestexas.com/" "Mozilla/5.0 (iPad; CPU OS 6_1_3 like Mac OS X) AppleWebKit/536.26 (KHTML, like Gecko) Version/6.0 Mobile/10B329 Safari/8536.25"
71.170.62.154 - - [13/Aug/2013:21:25:44 -0400] "GET /files/stacks_image_142.jpg HTTP/1.1" 200 9540 "http://eyepiecestexas.com/" "Mozilla/5.0 (iPad; CPU OS 6_1_3 like Mac OS X) AppleWebKit/536.26 (KHTML, like Gecko) Version/6.0 Mobile/10B329 Safari/8536.25"
71.170.62.154 - - [13/Aug/2013:21:25:44 -0400] "GET /rw_common/themes/dexture/images/pageTopGradient.png HTTP/1.1" 200 1338 "http://eyepiecestexas.com/" "Mozilla/5.0 (iPad; CPU OS 6_1_3 like Mac OS X) AppleWebKit/536.26 (KHTML, like Gecko) Version/6.0 Mobile/10B329 Safari/8536.25"
71.170.62.154 - - [13/Aug/2013:21:25:45 -0400] "GET /rw_common/themes/dexture/images/lightAlphaBg.png HTTP/1.1" 200 179 "http://eyepiecestexas.com/" "Mozilla/5.0 (iPad; CPU OS 6_1_3 like Mac OS X) AppleWebKit/536.26 (KHTML, like Gecko) Version/6.0 Mobile/10B329 Safari/8536.25"
71.170.62.154 - - [13/Aug/2013:21:25:45 -0400] "GET /rw_common/themes/dexture/images/pageTopShadow400px.png HTTP/1.1" 200 1299 "http://eyepiecestexas.com/" "Mozilla/5.0 (iPad; CPU OS 6_1_3 like Mac OS X) AppleWebKit/536.26 (KHTML, like Gecko) Version/6.0 Mobile/10B329 Safari/8536.25"
71.170.62.154 - - [13/Aug/2013:21:25:45 -0400] "GET /rw_common/themes/dexture/images/mainContentCornerShadowLeft.png HTTP/1.1" 200 1452 "http://eyepiecestexas.com/" "Mozilla/5.0 (iPad; CPU OS 6_1_3 like Mac OS X) AppleWebKit/536.26 (KHTML, like Gecko) Version/6.0 Mobile/10B329 Safari/8536.25"
71.170.62.154 - - [13/Aug/2013:21:25:45 -0400] "GET /rw_common/themes/dexture/images/editable_images/image11.jpg HTTP/1.1" 200 74799 "http://eyepiecestexas.com/" "Mozilla/5.0 (iPad; CPU OS 6_1_3 like Mac OS X) AppleWebKit/536.26 (KHTML, like Gecko) Version/6.0 Mobile/10B329 Safari/8536.25"
71.170.62.154 - - [13/Aug/2013:21:25:45 -0400] "GET /rw_common/themes/dexture/images/darkAlphaBg.png HTTP/1.1" 200 70 "http://eyepiecestexas.com/" "Mozilla/5.0 (iPad; CPU OS 6_1_3 like Mac OS X) AppleWebKit/536.26 (KHTML, like Gecko) Version/6.0 Mobile/10B329 Safari/8536.25"
71.170.62.154 - - [13/Aug/2013:21:25:46 -0400] "GET /rw_common/themes/dexture/consolidated-handheld-0.css HTTP/1.1" 200 13381 "http://eyepiecestexas.com/" "Mozilla/5.0 (iPad; CPU OS 6_1_3 like Mac OS X) AppleWebKit/536.26 (KHTML, like Gecko) Version/6.0 Mobile/10B329 Safari/8536.25"
146.127.253.44 - - [13/Aug/2013:12:54:45 -0400] "GET /rw_common/themes/dexture/consolidated-handheld-0.css HTTP/1.1" 200 13381 "http://eyepiecestexas.com/" "Mozilla/4.0 (compatible; MSIE 8.0; Windows NT 6.1; WOW64; Trident/4.0; SLCC2; .NET CLR 2.0.50727; .NET CLR 3.5.30729; .NET CLR 3.0.30729; Media Center PC 6.0; .NET4.0C; .NET4.0E; InfoPath.2)"
146.127.253.13 - - [13/Aug/2013:12:54:51 -0400] "GET /contact/files/stacks_image_832.png HTTP/1.1" 200 2265 "http://eyepiecestexas.com/contact/" "Mozilla/4.0 (compatible; MSIE 8.0; Windows NT 6.1; WOW64; Trident/4.0; SLCC2; .NET CLR 2.0.50727; .NET CLR 3.5.30729; .NET CLR 3.0.30729; Media Center PC 6.0; .NET4.0C; .NET4.0E; InfoPath.2)"
66.249.75.35 - - [13/Aug/2013:18:24:32 -0400] "GET /rw_common/themes/dexture/consolidated-print-7.css HTTP/1.1" 200 10005 "-" "Mozilla/5.0 (compatible; Googlebot/2.1; +http://www.google.com/bot.html)"
66.249.75.35 - - [13/Aug/2013:18:27:08 -0400] "GET /promotions/files/armadillo/core/css/armadilloStyles.css?v=3 HTTP/1.1" 200 4153 "-" "Mozilla/5.0 (compatible; Googlebot/2.1; +http://www.google.com/bot.html)"
76.199.215.46 - - [13/Aug/2013:18:48:15 -0400] "GET /rw_common/themes/dexture/images/mainContentCornerShadowLeft.png HTTP/1.1" 304 - "http://eyepiecestexas.com/" "Mozilla/5.0 (compatible; MSIE 10.0; Windows NT 6.1; WOW64; Trident/6.0)"
76.199.215.46 - - [13/Aug/2013:18:48:15 -0400] "GET /rw_common/themes/dexture/images/ec6TopShadow.png HTTP/1.1" 304 - "http://eyepiecestexas.com/" "Mozilla/5.0 (compatible; MSIE 10.0; Windows NT 6.1; WOW64; Trident/6.0)"
76.199.215.46 - - [13/Aug/2013:18:48:18 -0400] "GET /favicon.ico HTTP/1.1" 200 4319 "-" "Mozilla/5.0 (compatible; MSIE 10.0; Windows NT 6.1; Win64; x64; Trident/6.0)"
65.55.213.192 - - [13/Aug/2013:19:04:09 -0400] "GET /sitemap.xml HTTP/1.1" 200 900 "-" "msnbot/2.0b (+http://search.msn.com/msnbot.htm)"
75.111.216.4 - - [13/Aug/2013:19:35:01 -0400] "GET /Eye_Pieces/Retrospecs_files/Retrospecs.js HTTP/1.1" 200 644 "http://eyepiecestexas.com/Eye_Pieces/Retrospecs.html" "Mozilla/5.0 (Macintosh; Intel Mac OS X 10_6_8) AppleWebKit/534.59.8 (KHTML, like Gecko) Version/4.0.3 Safari/531.9"
75.111.216.4 - - [13/Aug/2013:19:35:01 -0400] "GET /Eye_Pieces/Retrospecs_files/shapeimage_1.jpg HTTP/1.1" 200 877 "http://eyepiecestexas.com/Eye_Pieces/Retrospecs.html" "Mozilla/5.0 (Macintosh; Intel Mac OS X 10_6_8) AppleWebKit/534.59.8 (KHTML, like Gecko) Version/4.0.3 Safari/531.9"
209.85.238.178 - - [13/Aug/2013:20:23:34 -0400] "GET /feed HTTP/1.1" 200 5319 "-" "Feedfetcher-Google; (+http://www.google.com/feedfetcher.html; 1 subscribers; feed-id=11757162533075784121)"
209.85.238.178 - - [13/Aug/2013:20:24:35 -0400] "GET /feed HTTP/1.1" 200 5819 "-" "Feedfetcher-Google; (+http://www.google.com/feedfetcher.html; 1 subscribers; feed-id=11757162533075784121)"
157.55.32.219 - - [13/Aug/2013:21:15:32 -0400] "GET /resources/Dream_Orphans_700.font.js HTTP/1.1" 200 36773 "-" "Mozilla/5.0 (compatible; bingbot/2.0; +http://www.bing.com/bingbot.htm)"
96.226.126.171 - - [13/Aug/2013:23:25:25 -0400] "GET /about/files/stacks_image_715.png HTTP/1.1" 200 5841 "http://eyepiecestexas.com/about/" "Mozilla/5.0 (iPad; CPU OS 6_1_3 like Mac OS X) AppleWebKit/536.26 (KHTML, like Gecko) Version/6.0 Mobile/10B329 Safari/8536.25"
12.7.145.162 - - [13/Aug/2013:12:16:57 -0400] "GET /resources/Dream_Orphans_700.font.js?_=1376410620498 HTTP/1.1" 200 36773 "http://eyepiecestexas.com/" "Mozilla/5.0 (Windows NT 5.1) AppleWebKit/537.36 (KHTML, like Gecko) Chrome/28.0.1500.95 Safari/537.36"
12.7.145.162 - - [13/Aug/2013:12:16:58 -0400] "GET /favicon.ico HTTP/1.1" 200 5819 "-" "Mozilla/5.0 (Windows NT 5.1) AppleWebKit/537.36 (KHTML, like Gecko) Chrome/28.0.1500.95 Safari/537.36"
146.127.253.12 - - [13/Aug/2013:12:54:51 -0400] "GET /contact/files/stacks_page_page5.css HTTP/1.1" 200 47356 "http://eyepiecestexas.com/contact/" "Mozilla/4.0 (compatible; MSIE 8.0; Windows NT 6.1; WOW64; Trident/4.0; SLCC2; .NET CLR 2.0.50727; .NET CLR 3.5.30729; .NET CLR 3.0.30729; Media Center PC 6.0; .NET4.0C; .NET4.0E; InfoPath.2)"
70.247.110.226 - - [13/Aug/2013:14:47:18 -0400] "GET /rw_common/themes/rw_common/plugins/stacks/stacks_ie.css HTTP/1.1" 200 4319 "http://eyepiecestexas.com/find-us/" "Mozilla/4.0 (compatible; MSIE 8.0; Windows NT 6.1; Trident/4.0; SLCC2; .NET CLR 2.0.50727; .NET CLR 3.5.30729; .NET CLR 3.0.30729; Media Center PC 6.0; .NET4.0C; .NET4.0E)"
15.227.185.76 - - [13/Aug/2013:10:26:13 -0400] "GET /rw_common/themes/dexture/scripts/nimblehostDropDownMenu.js HTTP/1.1" 200 988 "http://www.eyepiecestexas.com/" "Mozilla/4.0 (compatible; MSIE 8.0; Windows NT 6.1; WOW64; Trident/4.0; GTB7.5; SLCC2; .NET CLR 2.0.50727; .NET CLR 3.5.30729; .NET CLR 3.0.30729; Media Center PC 6.0; InfoPath.3)"
15.227.185.76 - - [13/Aug/2013:10:29:00 -0400] "GET /contactlens/files/stacks_image_824.png HTTP/1.1" 200 5841 "http://www.eyepiecestexas.com/contactlens/" "Mozilla/4.0 (compatible; MSIE 8.0; Windows NT 6.1; WOW64; Trident/4.0; GTB7.5; SLCC2; .NET CLR 2.0.50727; .NET CLR 3.5.30729; .NET CLR 3.0.30729; Media Center PC 6.0; InfoPath.3)"
76.199.215.46 - - [13/Aug/2013:10:48:44 -0400] "GET /rw_common/themes/dexture/scripts/nimblehost.js HTTP/1.1" 304 - "http://eyepiecestexas.com/" "Mozilla/5.0 (compatible; MSIE 10.0; Windows NT 6.1; WOW64; Trident/6.0)"
76.199.215.46 - - [13/Aug/2013:10:48:45 -0400] "GET /files/eye-pieces-logo-400.png HTTP/1.1" 304 - "http://eyepiecestexas.com/" "Mozilla/5.0 (compatible; MSIE 10.0; Windows NT 6.1; WOW64; Trident/6.0)"
76.199.215.46 - - [13/Aug/2013:10:48:45 -0400] "GET /rw_common/themes/dexture/images/mainContentCornerShadowLeft.png HTTP/1.1" 304 - "http://eyepiecestexas.com/" "Mozilla/5.0 (compatible; MSIE 10.0; Windows NT 6.1; WOW64; Trident/6.0)"
76.199.215.46 - - [13/Aug/2013:10:48:45 -0400] "GET /rw_common/themes/dexture/images/upperShadow.png HTTP/1.1" 304 - "http://eyepiecestexas.com/" "Mozilla/5.0 (compatible; MSIE 10.0; Windows NT 6.1; WOW64; Trident/6.0)"
171.161.160.10 - - [13/Aug/2013:11:53:07 -0400] "GET /files/stacks_image_167.png HTTP/1.1" 200 5841 "-" "Mozilla/4.0 (compatible;)"
171.161.160.10 - - [13/Aug/2013:11:53:35 -0400] "GET /eyewear/files/stacks_image_568.jpg HTTP/1.1" 200 7468 "-" "Mozilla/4.0 (compatible;)"
171.161.160.10 - - [13/Aug/2013:11:53:35 -0400] "GET /eyewear/files/stacks_image_676.jpg HTTP/1.1" 200 7771 "-" "Mozilla/4.0 (compatible;)"
71.244.30.87 - - [13/Aug/2013:11:56:23 -0400] "GET / HTTP/1.1" 200 16359 "-" "Mozilla/5.0 (iPad; CPU OS 6_1_3 like Mac OS X) AppleWebKit/536.26 (KHTML, like Gecko) Version/6.0 Mobile/10B329 Safari/8536.25"
171.161.160.10 - - [13/Aug/2013:11:59:05 -0400] "GET /staff/files/fullpath_201.jpg HTTP/1.1" 200 16906 "-" "Mozilla/4.0 (compatible;)"
76.199.215.46 - - [13/Aug/2013:16:46:22 -0400] "GET /rw_common/themes/dexture/scripts/jquery.fancyzoom.js HTTP/1.1" 304 - "http://eyepiecestexas.com/" "Mozilla/5.0 (compatible; MSIE 10.0; Windows NT 6.1; WOW64; Trident/6.0)"
76.199.215.46 - - [13/Aug/2013:16:46:22 -0400] "GET /rw_common/plugins/stacks/stacks.css HTTP/1.1" 304 - "http://eyepiecestexas.com/" "Mozilla/5.0 (compatible; MSIE 10.0; Windows NT 6.1; WOW64; Trident/6.0)"
76.199.215.46 - - [13/Aug/2013:16:46:22 -0400] "GET /resources/Dream_Orphans_700.font.js HTTP/1.1" 304 - "http://eyepiecestexas.com/" "Mozilla/5.0 (compatible; MSIE 10.0; Windows NT 6.1; WOW64; Trident/6.0)"
76.199.215.46 - - [13/Aug/2013:16:46:22 -0400] "GET /files/stacks_image_164.png HTTP/1.1" 304 - "http://eyepiecestexas.com/" "Mozilla/5.0 (compatible; MSIE 10.0; Windows NT 6.1; WOW64; Trident/6.0)"
76.199.215.46 - - [13/Aug/2013:16:46:22 -0400] "GET /files/stacks_image_167.png HTTP/1.1" 304 - "http://eyepiecestexas.com/" "Mozilla/5.0 (compatible; MSIE 10.0; Windows NT 6.1; WOW64; Trident/6.0)"
64.129.148.94 - - [13/Aug/2013:17:42:39 -0400] "GET /favicon.ico HTTP/1.1" 200 3819 "-" "Mozilla/4.0 (compatible; MSIE 8.0; Windows NT 5.1; Trident/4.0; .NET CLR 1.1.4322; .NET CLR 2.0.50727; .NET CLR 3.0.4506.2152; .NET CLR 3.5.30729; .NET4.0C; .NET4.0E)"
101.227.4.23 - - [13/Aug/2013:20:58:00 -0400] "GET / HTTP/1.1" 200 16359 "-" "Mozilla/5.0 (compatible; YYSpider; +http://www.yunyun.com/spider.html)"
76.199.215.46 - - [13/Aug/2013:18:48:08 -0400] "GET /rw_common/themes/dexture/scripts/nimblehostPulseVIP.js HTTP/1.1" 304 - "http://eyepiecestexas.com/" "Mozilla/5.0 (compatible; MSIE 10.0; Windows NT 6.1; WOW64; Trident/6.0)"
76.199.215.46 - - [13/Aug/2013:18:48:08 -0400] "GET /files/stacks_page_page0.js HTTP/1.1" 304 - "http://eyepiecestexas.com/" "Mozilla/5.0 (compatible; MSIE 10.0; Windows NT 6.1; WOW64; Trident/6.0)"
76.199.215.46 - - [13/Aug/2013:18:48:08 -0400] "GET /files/stacks_image_166.png HTTP/1.1" 304 - "http://eyepiecestexas.com/" "Mozilla/5.0 (compatible; MSIE 10.0; Windows NT 6.1; WOW64; Trident/6.0)"
15.227.185.76 - - [13/Aug/2013:10:26:13 -0400] "GET /rw_common/themes/dexture/consolidated-handheld-0.css HTTP/1.1" 200 13381 "http://www.eyepiecestexas.com/" "Mozilla/4.0 (compatible; MSIE 8.0; Windows NT 6.1; WOW64; Trident/4.0; GTB7.5; SLCC2; .NET CLR 2.0.50727; .NET CLR 3.5.30729; .NET CLR 3.0.30729; Media Center PC 6.0; InfoPath.3)"
15.227.185.76 - - [13/Aug/2013:10:26:13 -0400] "GET /rw_common/plugins/stacks/stacks.css HTTP/1.1" 200 1841 "http://www.eyepiecestexas.com/" "Mozilla/4.0 (compatible; MSIE 8.0; Windows NT 6.1; WOW64; Trident/4.0; GTB7.5; SLCC2; .NET CLR 2.0.50727; .NET CLR 3.5.30729; .NET CLR 3.0.30729; Media Center PC 6.0; InfoPath.3)"
15.227.185.76 - - [13/Aug/2013:10:26:17 -0400] "GET /rw_common/themes/dexture/images/pageTopGradient.png HTTP/1.1" 200 1338 "http://www.eyepiecestexas.com/" "Mozilla/4.0 (compatible; MSIE 8.0; Windows NT 6.1; WOW64; Trident/4.0; GTB7.5; SLCC2; .NET CLR 2.0.50727; .NET CLR 3.5.30729; .NET CLR 3.0.30729; Media Center PC 6.0; InfoPath.3)"
15.227.185.76 - - [13/Aug/2013:10:26:17 -0400] "GET /rw_common/themes/dexture/images/mainContentCornerShadowLeft.png HTTP/1.1" 200 1452 "http://www.eyepiecestexas.com/" "Mozilla/4.0 (compatible; MSIE 8.0; Windows NT 6.1; WOW64; Trident/4.0; GTB7.5; SLCC2; .NET CLR 2.0.50727; .NET CLR 3.5.30729; .NET CLR 3.0.30729; Media Center PC 6.0; InfoPath.3)"
15.227.185.76 - - [13/Aug/2013:10:26:17 -0400] "GET /rw_common/themes/dexture/images/editable_images/image11.jpg HTTP/1.1" 200 74799 "http://www.eyepiecestexas.com/" "Mozilla/4.0 (compatible; MSIE 8.0; Windows NT 6.1; WOW64; Trident/4.0; GTB7.5; SLCC2; .NET CLR 2.0.50727; .NET CLR 3.5.30729; .NET CLR 3.0.30729; Media Center PC 6.0; InfoPath.3)"
15.227.185.76 - - [13/Aug/2013:10:26:17 -0400] "GET /rw_common/themes/dexture/scripts/PIE.htc HTTP/1.1" 200 40673 "-" "Mozilla/4.0 (compatible; MSIE 8.0; Windows NT 6.1; WOW64; Trident/4.0; GTB7.5; SLCC2; .NET CLR 2.0.50727; .NET CLR 3.5.30729; .NET CLR 3.0.30729; Media Center PC 6.0; InfoPath.3)"
15.227.185.76 - - [13/Aug/2013:10:26:17 -0400] "GET /resources/Dream_Orphans_700.font.js?_=1376403976826 HTTP/1.1" 200 36773 "http://www.eyepiecestexas.com/" "Mozilla/4.0 (compatible; MSIE 8.0; Windows NT 6.1; WOW64; Trident/4.0; GTB7.5; SLCC2; .NET CLR 2.0.50727; .NET CLR 3.5.30729; .NET CLR 3.0.30729; Media Center PC 6.0; InfoPath.3)"
15.227.185.76 - - [13/Aug/2013:10:26:17 -0400] "GET /rw_common/themes/dexture/images/bottomShadow.png HTTP/1.1" 200 204 "http://www.eyepiecestexas.com/" "Mozilla/4.0 (compatible; MSIE 8.0; Windows NT 6.1; WOW64; Trident/4.0; GTB7.5; SLCC2; .NET CLR 2.0.50727; .NET CLR 3.5.30729; .NET CLR 3.0.30729; Media Center PC 6.0; InfoPath.3)"
15.227.185.76 - - [13/Aug/2013:10:26:17 -0400] "GET /rw_common/themes/dexture/images/darkAlphaBg.png HTTP/1.1" 200 70 "http://www.eyepiecestexas.com/" "Mozilla/4.0 (compatible; MSIE 8.0; Windows NT 6.1; WOW64; Trident/4.0; GTB7.5; SLCC2; .NET CLR 2.0.50727; .NET CLR 3.5.30729; .NET CLR 3.0.30729; Media Center PC 6.0; InfoPath.3)"
15.227.185.76 - - [13/Aug/2013:10:26:18 -0400] "GET /rw_common/themes/dexture/images/tl.png HTTP/1.1" 200 1736 "http://www.eyepiecestexas.com/" "Mozilla/4.0 (compatible; MSIE 8.0; Windows NT 6.1; WOW64; Trident/4.0; GTB7.5; SLCC2; .NET CLR 2.0.50727; .NET CLR 3.5.30729; .NET CLR 3.0.30729; Media Center PC 6.0; InfoPath.3)"
15.227.185.76 - - [13/Aug/2013:10:26:18 -0400] "GET /rw_common/themes/dexture/images/br.png HTTP/1.1" 200 1808 "http://www.eyepiecestexas.com/" "Mozilla/4.0 (compatible; MSIE 8.0; Windows NT 6.1; WOW64; Trident/4.0; GTB7.5; SLCC2; .NET CLR 2.0.50727; .NET CLR 3.5.30729; .NET CLR 3.0.30729; Media Center PC 6.0; InfoPath.3)"
166.147.72.164 - - [13/Aug/2013:10:32:08 -0400] "GET /rw_common/plugins/stacks/stacks.css HTTP/1.1" 200 1841 "http://eyepiecestexas.com/" "Mozilla/5.0 (iPhone; CPU iPhone OS 6_1_4 like Mac OS X) AppleWebKit/536.26 (KHTML, like Gecko) Version/6.0 Mobile/10B350 Safari/8536.25"
166.147.72.164 - - [13/Aug/2013:10:32:08 -0400] "GET /rw_common/themes/dexture/scripts/jquery.fancyzoom.js HTTP/1.1" 200 6272 "http://eyepiecestexas.com/" "Mozilla/5.0 (iPhone; CPU iPhone OS 6_1_4 like Mac OS X) AppleWebKit/536.26 (KHTML, like Gecko) Version/6.0 Mobile/10B350 Safari/8536.25"
166.147.72.164 - - [13/Aug/2013:10:32:09 -0400] "GET /files/eye-pieces-logo-400.png HTTP/1.1" 200 10524 "http://eyepiecestexas.com/" "Mozilla/5.0 (iPhone; CPU iPhone OS 6_1_4 like Mac OS X) AppleWebKit/536.26 (KHTML, like Gecko) Version/6.0 Mobile/10B350 Safari/8536.25"
166.147.72.164 - - [13/Aug/2013:10:32:09 -0400] "GET /files/stacks_image_165.png HTTP/1.1" 200 2265 "http://eyepiecestexas.com/" "Mozilla/5.0 (iPhone; CPU iPhone OS 6_1_4 like Mac OS X) AppleWebKit/536.26 (KHTML, like Gecko) Version/6.0 Mobile/10B350 Safari/8536.25"
166.147.72.164 - - [13/Aug/2013:10:32:09 -0400] "GET /rw_common/themes/dexture/images/pageTopGradient.png HTTP/1.1" 200 1338 "http://eyepiecestexas.com/" "Mozilla/5.0 (iPhone; CPU iPhone OS 6_1_4 like Mac OS X) AppleWebKit/536.26 (KHTML, like Gecko) Version/6.0 Mobile/10B350 Safari/8536.25"
166.147.72.164 - - [13/Aug/2013:10:32:09 -0400] "GET /rw_common/themes/dexture/images/bottomShadow.png HTTP/1.1" 200 204 "http://eyepiecestexas.com/" "Mozilla/5.0 (iPhone; CPU iPhone OS 6_1_4 like Mac OS X) AppleWebKit/536.26 (KHTML, like Gecko) Version/6.0 Mobile/10B350 Safari/8536.25"
166.147.72.164 - - [13/Aug/2013:10:32:09 -0400] "GET /rw_common/themes/dexture/images/mobileMenuTab.png HTTP/1.1" 200 2447 "http://eyepiecestexas.com/" "Mozilla/5.0 (iPhone; CPU iPhone OS 6_1_4 like Mac OS X) AppleWebKit/536.26 (KHTML, like Gecko) Version/6.0 Mobile/10B350 Safari/8536.25"
166.147.72.164 - - [13/Aug/2013:10:32:09 -0400] "GET /rw_common/themes/dexture/images/mainContentCornerShadowLeft.png HTTP/1.1" 200 1452 "http://eyepiecestexas.com/" "Mozilla/5.0 (iPhone; CPU iPhone OS 6_1_4 like Mac OS X) AppleWebKit/536.26 (KHTML, like Gecko) Version/6.0 Mobile/10B350 Safari/8536.25"
166.147.72.164 - - [13/Aug/2013:10:32:09 -0400] "GET /rw_common/themes/dexture/images/mainContentCornerShadowRight.png HTTP/1.1" 200 1442 "http://eyepiecestexas.com/" "Mozilla/5.0 (iPhone; CPU iPhone OS 6_1_4 like Mac OS X) AppleWebKit/536.26 (KHTML, like Gecko) Version/6.0 Mobile/10B350 Safari/8536.25"
166.147.72.164 - - [13/Aug/2013:10:32:09 -0400] "GET /rw_common/themes/dexture/images/closebox.png HTTP/1.1" 200 1910 "http://eyepiecestexas.com/" "Mozilla/5.0 (iPhone; CPU iPhone OS 6_1_4 like Mac OS X) AppleWebKit/536.26 (KHTML, like Gecko) Version/6.0 Mobile/10B350 Safari/8536.25"
166.147.72.164 - - [13/Aug/2013:10:32:09 -0400] "GET /rw_common/themes/dexture/images/editable_images/concrete.png HTTP/1.1" 200 198645 "http://eyepiecestexas.com/" "Mozilla/5.0 (iPhone; CPU iPhone OS 6_1_4 like Mac OS X) AppleWebKit/536.26 (KHTML, like Gecko) Version/6.0 Mobile/10B350 Safari/8536.25"
166.147.72.164 - - [13/Aug/2013:10:32:09 -0400] "GET /rw_common/themes/dexture/images/upperShadow.png HTTP/1.1" 200 218 "http://eyepiecestexas.com/" "Mozilla/5.0 (iPhone; CPU iPhone OS 6_1_4 like Mac OS X) AppleWebKit/536.26 (KHTML, like Gecko) Version/6.0 Mobile/10B350 Safari/8536.25"
171.161.160.10 - - [13/Aug/2013:11:53:34 -0400] "GET /eyewear/files/stacks_image_456.jpg HTTP/1.1" 200 7915 "-" "Mozilla/4.0 (compatible;)"
171.161.160.10 - - [13/Aug/2013:11:53:34 -0400] "GET /eyewear/files/stacks_image_496.jpg HTTP/1.1" 200 9719 "-" "Mozilla/4.0 (compatible;)"
171.161.160.10 - - [13/Aug/2013:11:53:35 -0400] "GET /eyewear/files/stacks_image_572.jpg HTTP/1.1" 200 10473 "-" "Mozilla/4.0 (compatible;)"
171.161.160.10 - - [13/Aug/2013:11:53:35 -0400] "GET /eyewear/files/stacks_image_808.png HTTP/1.1" 200 3290 "-" "Mozilla/4.0 (compatible;)"
71.244.30.87 - - [13/Aug/2013:11:56:24 -0400] "GET /rw_common/plugins/stacks/stacks.css HTTP/1.1" 200 1841 "http://eyepiecestexas.com/" "Mozilla/5.0 (iPad; CPU OS 6_1_3 like Mac OS X) AppleWebKit/536.26 (KHTML, like Gecko) Version/6.0 Mobile/10B329 Safari/8536.25"
12.7.145.162 - - [13/Aug/2013:12:16:49 -0400] "GET /rw_common/themes/dexture/consolidated-all-5.css HTTP/1.1" 200 13449 "http://eyepiecestexas.com/contact/" "Mozilla/5.0 (Windows NT 5.1) AppleWebKit/537.36 (KHTML, like Gecko) Chrome/28.0.1500.95 Safari/537.36"
12.7.145.162 - - [13/Aug/2013:12:16:50 -0400] "GET /contact/files/eye-pieces-logo-400.png HTTP/1.1" 200 10524 "http://eyepiecestexas.com/contact/" "Mozilla/5.0 (Windows NT 5.1) AppleWebKit/537.36 (KHTML, like Gecko) Chrome/28.0.1500.95 Safari/537.36"
75.35.172.99 - - [13/Aug/2013:12:12:56 -0400] "GET /staff/ HTTP/1.1" 200 18464 "http://eyepiecestexas.com/promotions/" "Mozilla/5.0 (compatible; MSIE 10.0; Windows NT 6.2; WOW64; Trident/6.0; MASMJS)"
76.199.215.46 - - [13/Aug/2013:14:11:09 -0400] "GET / HTTP/1.1" 304 - "-" "Mozilla/5.0 (compatible; MSIE 10.0; Windows NT 6.1; WOW64; Trident/6.0)"
76.199.215.46 - - [13/Aug/2013:14:11:09 -0400] "GET /rw_common/themes/dexture/consolidated-screen-0.css HTTP/1.1" 304 - "http://eyepiecestexas.com/" "Mozilla/5.0 (compatible; MSIE 10.0; Windows NT 6.1; WOW64; Trident/6.0)"
76.199.215.46 - - [13/Aug/2013:14:11:09 -0400] "GET /rw_common/themes/dexture/consolidated-print-0.css HTTP/1.1" 304 - "http://eyepiecestexas.com/" "Mozilla/5.0 (compatible; MSIE 10.0; Windows NT 6.1; WOW64; Trident/6.0)"
76.199.215.46 - - [13/Aug/2013:14:11:09 -0400] "GET /rw_common/themes/dexture/javascript.js HTTP/1.1" 304 - "http://eyepiecestexas.com/" "Mozilla/5.0 (compatible; MSIE 10.0; Windows NT 6.1; WOW64; Trident/6.0)"
76.199.215.46 - - [13/Aug/2013:14:11:09 -0400] "GET /files/eye-pieces-logo-400.png HTTP/1.1" 304 - "http://eyepiecestexas.com/" "Mozilla/5.0 (compatible; MSIE 10.0; Windows NT 6.1; WOW64; Trident/6.0)"
76.199.215.46 - - [13/Aug/2013:14:11:10 -0400] "GET /rw_common/themes/dexture/images/mainContentCornerShadowLeft.png HTTP/1.1" 304 - "http://eyepiecestexas.com/" "Mozilla/5.0 (compatible; MSIE 10.0; Windows NT 6.1; WOW64; Trident/6.0)"
76.199.215.46 - - [13/Aug/2013:14:11:10 -0400] "GET /rw_common/themes/dexture/images/upperShadow.png HTTP/1.1" 304 - "http://eyepiecestexas.com/" "Mozilla/5.0 (compatible; MSIE 10.0; Windows NT 6.1; WOW64; Trident/6.0)"
76.199.215.46 - - [13/Aug/2013:14:12:42 -0400] "GET /favicon.ico HTTP/1.1" 200 5819 "-" "Mozilla/5.0 (compatible; MSIE 10.0; Windows NT 6.1; Win64; x64; Trident/6.0)"
173.199.119.35 - - [13/Aug/2013:14:39:44 -0400] "GET /promotions/?tag=%20Prada HTTP/1.1" 200 16168 "-" "Mozilla/5.0 (compatible; AhrefsBot/4.0; +http://ahrefs.com/robot/)"
66.90.244.94 - - [13/Aug/2013:15:02:26 -0400] "GET /Eye_Pieces/Scripts/Widgets/SharedResources/WidgetCommon.js HTTP/1.1" 200 36124 "http://eyepiecestexas.com/Eye_Pieces/Home.html" "Mozilla/5.0 (Windows NT 6.1; WOW64) AppleWebKit/537.36 (KHTML, like Gecko) Chrome/27.0.1453.116 Safari/537.36"
66.90.244.94 - - [13/Aug/2013:15:02:29 -0400] "GET /Eye_Pieces/feed.xml HTTP/1.1" 200 2875 "http://eyepiecestexas.com/Eye_Pieces/Home.html" "Mozilla/5.0 (Windows NT 6.1; WOW64) AppleWebKit/537.36 (KHTML, like Gecko) Chrome/27.0.1453.116 Safari/537.36"
66.90.244.94 - - [13/Aug/2013:15:03:18 -0400] "GET /Eye_Pieces/Maui_Jim_files/mj.jpg HTTP/1.1" 200 19453 "http://eyepiecestexas.com/Eye_Pieces/Maui_Jim.html" "Mozilla/5.0 (Windows NT 6.1; WOW64) AppleWebKit/537.36 (KHTML, like Gecko) Chrome/27.0.1453.116 Safari/537.36"
66.90.244.94 - - [13/Aug/2013:15:03:20 -0400] "GET /Eye_Pieces/Maui_Jim_files/green_linen_right.png HTTP/1.1" 200 221 "http://eyepiecestexas.com/Eye_Pieces/Maui_Jim.html" "Mozilla/5.0 (Windows NT 6.1; WOW64) AppleWebKit/537.36 (KHTML, like Gecko) Chrome/27.0.1453.116 Safari/537.36"
76.199.215.46 - - [13/Aug/2013:15:26:20 -0400] "GET /favicon.ico HTTP/1.1" 200 5819 "-" "Mozilla/5.0 (compatible; MSIE 10.0; Windows NT 6.1; Win64; x64; Trident/6.0)"
66.249.75.204 - - [13/Aug/2013:17:29:49 -0400] "GET /rw_common/themes/dexture/consolidated-print-0.css HTTP/1.1" 200 9992 "-" "Mozilla/5.0 (compatible; Googlebot/2.1; +http://www.google.com/bot.html)"
64.129.148.94 - - [13/Aug/2013:17:41:10 -0400] "GET / HTTP/1.1" 200 16359 "http://www.google.com/url?sa=t&rct=j&q=eye+pieces%2C+plano%2C+tx&source=web&cd=1&ved=0CEgQFjAA&url=http%3A%2F%2Feyepiecestexas.com%2F&ei=66cKUrP0BKjv2QXg8oGABw&usg=AFQjCNFQLVYIcEqkoXjrM3W-GpmW-rM1JA&bvm=bv.50500085,d.b2I" "Mozilla/4.0 (compatible; MSIE 8.0; Windows NT 5.1; Trident/4.0; .NET CLR 1.1.4322; .NET CLR 2.0.50727; .NET CLR 3.0.4506.2152; .NET CLR 3.5.30729; .NET4.0C; .NET4.0E)"
64.129.148.94 - - [13/Aug/2013:17:41:10 -0400] "GET /rw_common/themes/dexture/consolidated-handheld-0.css HTTP/1.1" 200 13381 "http://eyepiecestexas.com/" "Mozilla/4.0 (compatible; MSIE 8.0; Windows NT 5.1; Trident/4.0; .NET CLR 1.1.4322; .NET CLR 2.0.50727; .NET CLR 3.0.4506.2152; .NET CLR 3.5.30729; .NET4.0C; .NET4.0E)"
64.129.148.94 - - [13/Aug/2013:17:41:10 -0400] "GET /rw_common/themes/dexture/scripts/nimblehostPulseVIP.js HTTP/1.1" 200 1205 "http://eyepiecestexas.com/" "Mozilla/4.0 (compatible; MSIE 8.0; Windows NT 5.1; Trident/4.0; .NET CLR 1.1.4322; .NET CLR 2.0.50727; .NET CLR 3.0.4506.2152; .NET CLR 3.5.30729; .NET4.0C; .NET4.0E)"
64.129.148.94 - - [13/Aug/2013:17:41:10 -0400] "GET /rw_common/themes/dexture/rw_common/plugins/stacks/stacks_ie.css HTTP/1.1" 200 2819 "http://eyepiecestexas.com/" "Mozilla/4.0 (compatible; MSIE 8.0; Windows NT 5.1; Trident/4.0; .NET CLR 1.1.4322; .NET CLR 2.0.50727; .NET CLR 3.0.4506.2152; .NET CLR 3.5.30729; .NET4.0C; .NET4.0E)"
65.55.52.94 - - [13/Aug/2013:08:55:19 -0400] "GET /robots.txt HTTP/1.1" 200 48 "-" "Mozilla/5.0 (compatible; bingbot/2.0; +http://www.bing.com/bingbot.htm)"
71.252.221.24 - - [13/Aug/2013:01:43:59 -0400] "GET /rw_common/themes/dexture/consolidated-all-0.css HTTP/1.1" 200 13436 "http://eyepiecestexas.com/" "Mozilla/5.0 (iPad; CPU OS 6_1_3 like Mac OS X) AppleWebKit/536.26 (KHTML, like Gecko) Version/6.0 Mobile/10B329 Safari/8536.25"
71.252.221.24 - - [13/Aug/2013:01:44:01 -0400] "GET /rw_common/themes/dexture/scripts/jquery.fancyzoom.js HTTP/1.1" 200 6272 "http://eyepiecestexas.com/" "Mozilla/5.0 (iPad; CPU OS 6_1_3 like Mac OS X) AppleWebKit/536.26 (KHTML, like Gecko) Version/6.0 Mobile/10B329 Safari/8536.25"
71.252.221.24 - - [13/Aug/2013:01:44:03 -0400] "GET /files/rdc_9289.jpg HTTP/1.1" 200 24706 "http://eyepiecestexas.com/" "Mozilla/5.0 (iPad; CPU OS 6_1_3 like Mac OS X) AppleWebKit/536.26 (KHTML, like Gecko) Version/6.0 Mobile/10B329 Safari/8536.25"
71.252.221.24 - - [13/Aug/2013:01:44:03 -0400] "GET /rw_common/themes/dexture/images/mainContentCornerShadowLeft.png HTTP/1.1" 200 1452 "http://eyepiecestexas.com/" "Mozilla/5.0 (iPad; CPU OS 6_1_3 like Mac OS X) AppleWebKit/536.26 (KHTML, like Gecko) Version/6.0 Mobile/10B329 Safari/8536.25"
71.252.221.24 - - [13/Aug/2013:01:44:03 -0400] "GET /rw_common/themes/dexture/images/editable_images/concrete.png HTTP/1.1" 200 198645 "http://eyepiecestexas.com/" "Mozilla/5.0 (iPad; CPU OS 6_1_3 like Mac OS X) AppleWebKit/536.26 (KHTML, like Gecko) Version/6.0 Mobile/10B329 Safari/8536.25"
71.252.221.24 - - [13/Aug/2013:01:44:06 -0400] "GET /rw_common/themes/dexture/images/darkAlphaBg.png HTTP/1.1" 200 70 "http://eyepiecestexas.com/" "Mozilla/5.0 (iPad; CPU OS 6_1_3 like Mac OS X) AppleWebKit/536.26 (KHTML, like Gecko) Version/6.0 Mobile/10B329 Safari/8536.25"
96.226.126.171 - - [13/Aug/2013:23:25:25 -0400] "GET /about/ HTTP/1.1" 200 14428 "http://eyepiecestexas.com/" "Mozilla/5.0 (iPad; CPU OS 6_1_3 like Mac OS X) AppleWebKit/536.26 (KHTML, like Gecko) Version/6.0 Mobile/10B329 Safari/8536.25"
96.226.126.171 - - [13/Aug/2013:23:25:25 -0400] "GET /rw_common/themes/dexture/consolidated-screen-1.css HTTP/1.1" 200 27899 "http://eyepiecestexas.com/about/" "Mozilla/5.0 (iPad; CPU OS 6_1_3 like Mac OS X) AppleWebKit/536.26 (KHTML, like Gecko) Version/6.0 Mobile/10B329 Safari/8536.25"
96.226.126.171 - - [13/Aug/2013:23:25:25 -0400] "GET /about/files/cufon-yui.js HTTP/1.1" 200 18258 "http://eyepiecestexas.com/about/" "Mozilla/5.0 (iPad; CPU OS 6_1_3 like Mac OS X) AppleWebKit/536.26 (KHTML, like Gecko) Version/6.0 Mobile/10B329 Safari/8536.25"
96.226.126.171 - - [13/Aug/2013:23:25:25 -0400] "GET /about/files/stacks_page_page1.js HTTP/1.1" 200 24511 "http://eyepiecestexas.com/about/" "Mozilla/5.0 (iPad; CPU OS 6_1_3 like Mac OS X) AppleWebKit/536.26 (KHTML, like Gecko) Version/6.0 Mobile/10B329 Safari/8536.25"
96.226.126.171 - - [13/Aug/2013:23:25:25 -0400] "GET /about/files/stacks_image_712.png HTTP/1.1" 200 3361 "http://eyepiecestexas.com/about/" "Mozilla/5.0 (iPad; CPU OS 6_1_3 like Mac OS X) AppleWebKit/536.26 (KHTML, like Gecko) Version/6.0 Mobile/10B329 Safari/8536.25"
96.226.126.171 - - [13/Aug/2013:23:25:25 -0400] "GET /about/files/rdc_9305-500.jpg HTTP/1.1" 200 29824 "http://eyepiecestexas.com/about/" "Mozilla/5.0 (iPad; CPU OS 6_1_3 like Mac OS X) AppleWebKit/536.26 (KHTML, like Gecko) Version/6.0 Mobile/10B329 Safari/8536.25"
96.226.126.171 - - [13/Aug/2013:23:25:26 -0400] "GET /rw_common/themes/dexture/consolidated-handheld-1.css HTTP/1.1" 200 13394 "http://eyepiecestexas.com/about/" "Mozilla/5.0 (iPad; CPU OS 6_1_3 like Mac OS X) AppleWebKit/536.26 (KHTML, like Gecko) Version/6.0 Mobile/10B329 Safari/8536.25"
96.226.126.171 - - [13/Aug/2013:23:25:26 -0400] "GET /rw_common/themes/dexture/consolidated-print-1.css HTTP/1.1" 200 10005 "http://eyepiecestexas.com/about/" "Mozilla/5.0 (iPad; CPU OS 6_1_3 like Mac OS X) AppleWebKit/536.26 (KHTML, like Gecko) Version/6.0 Mobile/10B329 Safari/8536.25"
173.199.119.35 - - [13/Aug/2013:23:36:21 -0400] "GET /promotions/?post_id=22&title=save-the-date HTTP/1.1" 200 13240 "-" "Mozilla/5.0 (compatible; AhrefsBot/4.0; +http://ahrefs.com/robot/)"
75.35.172.99 - - [13/Aug/2013:12:09:58 -0400] "GET /favicon.ico HTTP/1.1" 200 4319 "-" "Mozilla/5.0 (compatible; MSIE 10.0; Windows NT 6.2; Win64; x64; Trident/6.0; MASMJS)"
12.7.145.162 - - [13/Aug/2013:12:16:13 -0400] "GET /rw_common/themes/dexture/consolidated-screen-0.css HTTP/1.1" 200 27886 "http://eyepiecestexas.com/" "Mozilla/5.0 (Windows NT 5.1) AppleWebKit/537.36 (KHTML, like Gecko) Chrome/28.0.1500.95 Safari/537.36"
12.7.145.162 - - [13/Aug/2013:12:16:13 -0400] "GET /rw_common/themes/dexture/scripts/nimblehost.js HTTP/1.1" 200 17247 "http://eyepiecestexas.com/" "Mozilla/5.0 (Windows NT 5.1) AppleWebKit/537.36 (KHTML, like Gecko) Chrome/28.0.1500.95 Safari/537.36"
12.7.145.162 - - [13/Aug/2013:12:16:14 -0400] "GET /files/stacks_page_page0.css HTTP/1.1" 200 2289 "http://eyepiecestexas.com/" "Mozilla/5.0 (Windows NT 5.1) AppleWebKit/537.36 (KHTML, like Gecko) Chrome/28.0.1500.95 Safari/537.36"
12.7.145.162 - - [13/Aug/2013:12:16:14 -0400] "GET /files/rdc_9289.jpg HTTP/1.1" 200 24706 "http://eyepiecestexas.com/" "Mozilla/5.0 (Windows NT 5.1) AppleWebKit/537.36 (KHTML, like Gecko) Chrome/28.0.1500.95 Safari/537.36"
12.7.145.162 - - [13/Aug/2013:12:16:14 -0400] "GET /files/eye-pieces-logo-400.png HTTP/1.1" 200 10524 "http://eyepiecestexas.com/" "Mozilla/5.0 (Windows NT 5.1) AppleWebKit/537.36 (KHTML, like Gecko) Chrome/28.0.1500.95 Safari/537.36"
12.7.145.162 - - [13/Aug/2013:12:16:14 -0400] "GET /files/stacks_image_165.png HTTP/1.1" 200 2265 "http://eyepiecestexas.com/" "Mozilla/5.0 (Windows NT 5.1) AppleWebKit/537.36 (KHTML, like Gecko) Chrome/28.0.1500.95 Safari/537.36"
12.7.145.162 - - [13/Aug/2013:12:16:14 -0400] "GET /files/stacks_image_166.png HTTP/1.1" 200 5857 "http://eyepiecestexas.com/" "Mozilla/5.0 (Windows NT 5.1) AppleWebKit/537.36 (KHTML, like Gecko) Chrome/28.0.1500.95 Safari/537.36"
12.7.145.162 - - [13/Aug/2013:12:16:15 -0400] "GET /rw_common/themes/dexture/images/pageTopShadow400px.png HTTP/1.1" 200 1299 "http://eyepiecestexas.com/" "Mozilla/5.0 (Windows NT 5.1) AppleWebKit/537.36 (KHTML, like Gecko) Chrome/28.0.1500.95 Safari/537.36"
12.7.145.162 - - [13/Aug/2013:12:16:15 -0400] "GET /rw_common/themes/dexture/images/mainContentCornerShadowLeft.png HTTP/1.1" 200 1452 "http://eyepiecestexas.com/" "Mozilla/5.0 (Windows NT 5.1) AppleWebKit/537.36 (KHTML, like Gecko) Chrome/28.0.1500.95 Safari/537.36"
12.7.145.162 - - [13/Aug/2013:12:16:15 -0400] "GET /rw_common/themes/dexture/images/editable_images/concrete.png HTTP/1.1" 200 198645 "http://eyepiecestexas.com/" "Mozilla/5.0 (Windows NT 5.1) AppleWebKit/537.36 (KHTML, like Gecko) Chrome/28.0.1500.95 Safari/537.36"
12.7.145.162 - - [13/Aug/2013:12:16:15 -0400] "GET /rw_common/themes/dexture/images/ec6TopShadow.png HTTP/1.1" 200 49422 "http://eyepiecestexas.com/" "Mozilla/5.0 (Windows NT 5.1) AppleWebKit/537.36 (KHTML, like Gecko) Chrome/28.0.1500.95 Safari/537.36"
12.7.145.162 - - [13/Aug/2013:12:16:16 -0400] "GET /resources/Dream_Orphans_700.font.js?_=1376410577656 HTTP/1.1" 200 36773 "http://eyepiecestexas.com/" "Mozilla/5.0 (Windows NT 5.1) AppleWebKit/537.36 (KHTML, like Gecko) Chrome/28.0.1500.95 Safari/537.36"
76.225.133.60 - - [13/Aug/2013:12:52:03 -0400] "GET /rw_common/themes/dexture/scripts/nimblehostPulseVIP.js HTTP/1.1" 304 - "http://eyepiecestexas.com/" "Mozilla/4.0 (compatible; MSIE 8.0; Windows NT 5.1; Trident/4.0; .NET CLR 1.1.4322; .NET CLR 2.0.50727; .NET CLR 3.0.4506.2152; .NET CLR 3.5.30729; .NET4.0C; .NET4.0E; yie8)"
76.225.133.60 - - [13/Aug/2013:12:52:03 -0400] "GET /rw_common/themes/dexture/scripts/nimblehost.js HTTP/1.1" 304 - "http://eyepiecestexas.com/" "Mozilla/4.0 (compatible; MSIE 8.0; Windows NT 5.1; Trident/4.0; .NET CLR 1.1.4322; .NET CLR 2.0.50727; .NET CLR 3.0.4506.2152; .NET CLR 3.5.30729; .NET4.0C; .NET4.0E; yie8)"
76.225.133.60 - - [13/Aug/2013:12:52:03 -0400] "GET /rw_common/themes/dexture/scripts/nimblehostPulseVIP.js HTTP/1.1" 304 - "http://eyepiecestexas.com/" "Mozilla/4.0 (compatible; MSIE 8.0; Windows NT 5.1; Trident/4.0; .NET CLR 1.1.4322; .NET CLR 2.0.50727; .NET CLR 3.0.4506.2152; .NET CLR 3.5.30729; .NET4.0C; .NET4.0E; yie8)"
76.225.133.60 - - [13/Aug/2013:12:52:03 -0400] "GET /rw_common/themes/dexture/scripts/jquery.fancyzoom.js HTTP/1.1" 304 - "http://eyepiecestexas.com/" "Mozilla/4.0 (compatible; MSIE 8.0; Windows NT 5.1; Trident/4.0; .NET CLR 1.1.4322; .NET CLR 2.0.50727; .NET CLR 3.0.4506.2152; .NET CLR 3.5.30729; .NET4.0C; .NET4.0E; yie8)"
76.225.133.60 - - [13/Aug/2013:12:52:03 -0400] "GET /rw_common/themes/dexture/scripts/nimblehostDropDownMenu.js HTTP/1.1" 304 - "http://eyepiecestexas.com/" "Mozilla/4.0 (compatible; MSIE 8.0; Windows NT 5.1; Trident/4.0; .NET CLR 1.1.4322; .NET CLR 2.0.50727; .NET CLR 3.0.4506.2152; .NET CLR 3.5.30729; .NET4.0C; .NET4.0E; yie8)"
76.225.133.60 - - [13/Aug/2013:12:52:03 -0400] "GET /rw_common/themes/dexture/javascript.js HTTP/1.1" 304 - "http://eyepiecestexas.com/" "Mozilla/4.0 (compatible; MSIE 8.0; Windows NT 5.1; Trident/4.0; .NET CLR 1.1.4322; .NET CLR 2.0.50727; .NET CLR 3.0.4506.2152; .NET CLR 3.5.30729; .NET4.0C; .NET4.0E; yie8)"
76.225.133.60 - - [13/Aug/2013:12:52:04 -0400] "GET /rw_common/themes/dexture/rw_common/plugins/stacks/stacks_ie.css HTTP/1.1" 200 5319 "http://eyepiecestexas.com/" "Mozilla/4.0 (compatible; MSIE 8.0; Windows NT 5.1; Trident/4.0; .NET CLR 1.1.4322; .NET CLR 2.0.50727; .NET CLR 3.0.4506.2152; .NET CLR 3.5.30729; .NET4.0C; .NET4.0E; yie8)"
76.199.215.46 - - [13/Aug/2013:14:14:36 -0400] "GET /favicon.ico HTTP/1.1" 200 4319 "-" "Mozilla/5.0 (compatible; MSIE 10.0; Windows NT 6.1; Win64; x64; Trident/6.0)"
165.208.1.12 - - [13/Aug/2013:14:22:22 -0400] "GET /Eye_Pieces/Home_files/Home.css HTTP/1.1" 200 5905 "http://eyepiecestexas.com/Eye_Pieces/Home.html" "Mozilla/4.0 (compatible; MSIE 8.0; Windows NT 6.1; WOW64; Trident/4.0; SLCC2; .NET CLR 2.0.50727; .NET CLR 3.5.30729; .NET CLR 3.0.30729; Media Center PC 6.0; .NET4.0C; .NET4.0E; InfoPath.2; MS-RTC LM 8; AskTbORJ/5.15.23.36191)"
165.208.1.12 - - [13/Aug/2013:14:22:23 -0400] "GET /Eye_Pieces/Home_files/HomeIE.css HTTP/1.1" 200 627 "http://eyepiecestexas.com/Eye_Pieces/Home.html" "Mozilla/4.0 (compatible; MSIE 8.0; Windows NT 6.1; WOW64; Trident/4.0; SLCC2; .NET CLR 2.0.50727; .NET CLR 3.5.30729; .NET CLR 3.0.30729; Media Center PC 6.0; .NET4.0C; .NET4.0E; InfoPath.2; MS-RTC LM 8; AskTbORJ/5.15.23.36191)"
165.208.1.12 - - [13/Aug/2013:14:22:23 -0400] "GET /Eye_Pieces/Scripts/iWebSite.js HTTP/1.1" 200 146115 "http://eyepiecestexas.com/Eye_Pieces/Home.html" "Mozilla/4.0 (compatible; MSIE 8.0; Windows NT 6.1; WOW64; Trident/4.0; SLCC2; .NET CLR 2.0.50727; .NET CLR 3.5.30729; .NET CLR 3.0.30729; Media Center PC 6.0; .NET4.0C; .NET4.0E; InfoPath.2; MS-RTC LM 8; AskTbORJ/5.15.23.36191)"
165.208.1.12 - - [13/Aug/2013:14:22:24 -0400] "GET /Eye_Pieces/Scripts/Widgets/Navbar/navbar.js HTTP/1.1" 200 5986 "http://eyepiecestexas.com/Eye_Pieces/Home.html" "Mozilla/4.0 (compatible; MSIE 8.0; Windows NT 6.1; WOW64; Trident/4.0; SLCC2; .NET CLR 2.0.50727; .NET CLR 3.5.30729; .NET CLR 3.0.30729; Media Center PC 6.0; .NET4.0C; .NET4.0E; InfoPath.2; MS-RTC LM 8; AskTbORJ/5.15.23.36191)"
165.208.1.12 - - [13/Aug/2013:14:22:24 -0400] "GET /Eye_Pieces/Home_files/Home.js HTTP/1.1" 200 1279 "http://eyepiecestexas.com/Eye_Pieces/Home.html" "Mozilla/4.0 (compatible; MSIE 8.0; Windows NT 6.1; WOW64; Trident/4.0; SLCC2; .NET CLR 2.0.50727; .NET CLR 3.5.30729; .NET CLR 3.0.30729; Media Center PC 6.0; .NET4.0C; .NET4.0E; InfoPath.2; MS-RTC LM 8; AskTbORJ/5.15.23.36191)"
165.208.1.12 - - [13/Aug/2013:14:22:24 -0400] "GET /Eye_Pieces/feed.xml HTTP/1.1" 200 2875 "http://eyepiecestexas.com/Eye_Pieces/Home.html" "Mozilla/4.0 (compatible; MSIE 8.0; Windows NT 6.1; WOW64; Trident/4.0; SLCC2; .NET CLR 2.0.50727; .NET CLR 3.5.30729; .NET CLR 3.0.30729; Media Center PC 6.0; .NET4.0C; .NET4.0E; InfoPath.2; MS-RTC LM 8; AskTbORJ/5.15.23.36191)"
165.208.1.12 - - [13/Aug/2013:14:22:25 -0400] "GET /Eye_Pieces/Media/transparent.gif HTTP/1.1" 200 43 "http://eyepiecestexas.com/Eye_Pieces/Home.html" "Mozilla/4.0 (compatible; MSIE 8.0; Windows NT 6.1; WOW64; Trident/4.0; SLCC2; .NET CLR 2.0.50727; .NET CLR 3.5.30729; .NET CLR 3.0.30729; Media Center PC 6.0; .NET4.0C; .NET4.0E; InfoPath.2; MS-RTC LM 8; AskTbORJ/5.15.23.36191)"
