15.227.185.76 - - [13/Aug/2013:10:26:52 -0400] "GET /promotions/files/stacks_image_700.png HTTP/1.1" 200 3361 "http://www.eyepiecestexas.com/promotions/" "Mozilla/4.0 (compatible; MSIE 8.0; Windows NT 6.1; WOW64; Trident/4.0; GTB7.5; SLCC2; .NET CLR 2.0.50727; .NET CLR 3.5.30729; .NET CLR 3.0.30729; Media Center PC 6.0; InfoPath.3)"
15.227.185.76 - - [13/Aug/2013:10:26:52 -0400] "GET /favicon.ico HTTP/1.1" 200 5819 "-" "Mozilla/4.0 (compatible; MSIE 8.0; Windows NT 6.1; WOW64; Trident/4.0; GTB7.5; SLCC2; .NET CLR 2.0.50727; .NET CLR 3.5.30729; .NET CLR 3.0.30729; Media Center PC 6.0; InfoPath.3)"
72.14.199.35 - - [13/Aug/2013:10:48:44 -0400] "GET /feed HTTP/1.1" 200 5819 "-" "Feedfetcher-Google; (+http://www.google.com/feedfetcher.html; 1 subscribers; feed-id=11757162533075784121)"
76.199.215.46 - - [13/Aug/2013:10:56:45 -0400] "GET /rw_common/themes/dexture/consolidated-all-0.css HTTP/1.1" 304 - "http://eyepiecestexas.com/" "Mozilla/5.0 (compatible; MSIE 10.0; Windows NT 6.1; WOW64; Trident/6.0)"
76.199.215.46 - - [13/Aug/2013:10:56:47 -0400] "GET /rw_common/themes/dexture/images/mainContentCornerShadowLeft.png HTTP/1.1" 304 - "http://eyepiecestexas.com/" "Mozilla/5.0 (compatible; MSIE 10.0; Windows NT 6.1; WOW64; Trident/6.0)"
76.199.215.46 - - [13/Aug/2013:10:56:47 -0400] "GET /rw_common/themes/dexture/images/editable_images/paper.png HTTP/1.1" 304 - "http://eyepiecestexas.com/" "Mozilla/5.0 (compatible; MSIE 10.0; Windows NT 6.1; WOW64; Trident/6.0)"
171.161.160.10 - - [13/Aug/2013:11:53:34 -0400] "GET /eyewear/files/stacks_image_466.png HTTP/1.1" 200 35282 "-" "Mozilla/4.0 (compatible;)"
171.161.160.10 - - [13/Aug/2013:11:54:33 -0400] "GET /promotions/files/armadillo/media/note.png HTTP/1.1" 200 592490 "-" "Mozilla/4.0 (compatible;)"
71.244.30.87 - - [13/Aug/2013:11:56:40 -0400] "GET /eyewear/ HTTP/1.1" 200 62395 "http://eyepiecestexas.com/eyewear/" "Mozilla/5.0 (iPad; CPU OS 6_1_3 like Mac OS X) AppleWebKit/536.26 (KHTML, like Gecko) Version/6.0 Mobile/10B329 Safari/8536.25"
171.161.160.10 - - [13/Aug/2013:11:59:05 -0400] "GET /staff/files/stacks_page_page8.css HTTP/1.1" 200 7257 "-" "Mozilla/4.0 (compatible;)"
171.161.160.10 - - [13/Aug/2013:11:59:05 -0400] "GET /staff/files/stacks_image_806.png HTTP/1.1" 200 5841 "-" "Mozilla/4.0 (compatible;)"
66.90.244.94 - - [13/Aug/2013:15:02:33 -0400] "GET /Eye_Pieces/Home_files/shapeimage_1_rollover_0.png HTTP/1.1" 200 2969 "http://eyepiecestexas.com/Eye_Pieces/Home.html" "Mozilla/5.0 (Windows NT 6.1; WOW64) AppleWebKit/537.36 (KHTML, like Gecko) Chrome/27.0.1453.116 Safari/537.36"
66.90.244.94 - - [13/Aug/2013:15:02:33 -0400] "GET /Eye_Pieces/Home_files/stroke_5.png HTTP/1.1" 200 81 "http://eyepiecestexas.com/Eye_Pieces/Home.html" "Mozilla/5.0 (Windows NT 6.1; WOW64) AppleWebKit/537.36 (KHTML, like Gecko) Chrome/27.0.1453.116 Safari/537.36"
76.199.215.46 - - [13/Aug/2013:15:26:23 -0400] "GET /favicon.ico HTTP/1.1" 200 5819 "-" "Mozilla/5.0 (compatible; MSIE 10.0; Windows NT 6.1; Win64; x64; Trident/6.0)"
64.129.148.94 - - [13/Aug/2013:17:41:11 -0400] "GET /rw_common/themes/dexture/images/pageTopShadow400px.png HTTP/1.1" 200 1299 "http://eyepiecestexas.com/" "Mozilla/4.0 (compatible; MSIE 8.0; Windows NT 5.1; Trident/4.0; .NET CLR 1.1.4322; .NET CLR 2.0.50727; .NET CLR 3.0.4506.2152; .NET CLR 3.5.30729; .NET4.0C; .NET4.0E)"
64.129.148.94 - - [13/Aug/2013:17:41:11 -0400] "GET /files/eye-pieces-logo-400.png HTTP/1.1" 200 10524 "http://eyepiecestexas.com/" "Mozilla/4.0 (compatible; MSIE 8.0; Windows NT 5.1; Trident/4.0; .NET CLR 1.1.4322; .NET CLR 2.0.50727; .NET CLR 3.0.4506.2152; .NET CLR 3.5.30729; .NET4.0C; .NET4.0E)"
64.129.148.94 - - [13/Aug/2013:17:41:11 -0400] "GET /files/stacks_image_167.png HTTP/1.1" 200 5841 "http://eyepiecestexas.com/" "Mozilla/4.0 (compatible; MSIE 8.0; Windows NT 5.1; Trident/4.0; .NET CLR 1.1.4322; .NET CLR 2.0.50727; .NET CLR 3.0.4506.2152; .NET CLR 3.5.30729; .NET4.0C; .NET4.0E)"
64.129.148.94 - - [13/Aug/2013:17:41:11 -0400] "GET /rw_common/themes/dexture/images/editable_images/concrete.png HTTP/1.1" 200 198645 "http://eyepiecestexas.com/" "Mozilla/4.0 (compatible; MSIE 8.0; Windows NT 5.1; Trident/4.0; .NET CLR 1.1.4322; .NET CLR 2.0.50727; .NET CLR 3.0.4506.2152; .NET CLR 3.5.30729; .NET4.0C; .NET4.0E)"
64.129.148.94 - - [13/Aug/2013:17:41:12 -0400] "GET /rw_common/themes/dexture/images/mr.png HTTP/1.1" 200 1350 "http://eyepiecestexas.com/" "Mozilla/4.0 (compatible; MSIE 8.0; Windows NT 5.1; Trident/4.0; .NET CLR 1.1.4322; .NET CLR 2.0.50727; .NET CLR 3.0.4506.2152; .NET CLR 3.5.30729; .NET4.0C; .NET4.0E)"
64.129.148.94 - - [13/Aug/2013:17:41:12 -0400] "GET /rw_common/themes/dexture/images/br.png HTTP/1.1" 200 1808 "http://eyepiecestexas.com/" "Mozilla/4.0 (compatible; MSIE 8.0; Windows NT 5.1; Trident/4.0; .NET CLR 1.1.4322; .NET CLR 2.0.50727; .NET CLR 3.0.4506.2152; .NET CLR 3.5.30729; .NET4.0C; .NET4.0E)"
74.7.154.83 - - [13/Aug/2013:12:06:59 -0400] "GET /rw_common/plugins/stacks/stacks.css HTTP/1.1" 200 1841 "http://eyepiecestexas.com/contact/" "Mozilla/5.0 (Windows NT 6.1) AppleWebKit/537.36 (KHTML, like Gecko) Chrome/28.0.1500.95 Safari/537.36"
74.7.154.83 - - [13/Aug/2013:12:06:59 -0400] "GET /rw_common/themes/dexture/scripts/jquery.fancyzoom.js HTTP/1.1" 200 6272 "http://eyepiecestexas.com/contact/" "Mozilla/5.0 (Windows NT 6.1) AppleWebKit/537.36 (KHTML, like Gecko) Chrome/28.0.1500.95 Safari/537.36"
74.7.154.83 - - [13/Aug/2013:12:06:59 -0400] "GET /contact/files/stacks_page_page5.js HTTP/1.1" 200 52171 "http://eyepiecestexas.com/contact/" "Mozilla/5.0 (Windows NT 6.1) AppleWebKit/537.36 (KHTML, like Gecko) Chrome/28.0.1500.95 Safari/537.36"
74.7.154.83 - - [13/Aug/2013:12:07:01 -0400] "GET /contact/files/stacks_image_25.jpg HTTP/1.1" 200 39929 "http://eyepiecestexas.com/contact/" "Mozilla/5.0 (Windows NT 6.1) AppleWebKit/537.36 (KHTML, like Gecko) Chrome/28.0.1500.95 Safari/537.36"
74.7.154.83 - - [13/Aug/2013:12:07:01 -0400] "GET /rw_common/themes/dexture/images/pageTopShadow400px.png HTTP/1.1" 200 1299 "http://eyepiecestexas.com/contact/" "Mozilla/5.0 (Windows NT 6.1) AppleWebKit/537.36 (KHTML, like Gecko) Chrome/28.0.1500.95 Safari/537.36"
74.7.154.83 - - [13/Aug/2013:12:07:01 -0400] "GET /rw_common/themes/dexture/images/editable_images/concrete.png HTTP/1.1" 200 198645 "http://eyepiecestexas.com/contact/" "Mozilla/5.0 (Windows NT 6.1) AppleWebKit/537.36 (KHTML, like Gecko) Chrome/28.0.1500.95 Safari/537.36"
75.35.172.99 - - [13/Aug/2013:12:12:25 -0400] "GET /rw_common/themes/dexture/consolidated-handheld-7.css HTTP/1.1" 200 13394 "http://eyepiecestexas.com/promotions/" "Mozilla/5.0 (compatible; MSIE 10.0; Windows NT 6.2; WOW64; Trident/6.0; MASMJS)"
75.35.172.99 - - [13/Aug/2013:12:12:25 -0400] "GET /promotions/files/armadillo/media/note.png HTTP/1.1" 200 592490 "http://eyepiecestexas.com/promotions/" "Mozilla/5.0 (compatible; MSIE 10.0; Windows NT 6.2; WOW64; Trident/6.0; MASMJS)"
75.35.172.99 - - [13/Aug/2013:12:21:57 -0400] "GET /about/ HTTP/1.1" 200 14428 "http://eyepiecestexas.com/eyewear/" "Mozilla/5.0 (compatible; MSIE 10.0; Windows NT 6.2; WOW64; Trident/6.0; MASMJS)"
75.35.172.99 - - [13/Aug/2013:12:21:57 -0400] "GET /rw_common/themes/dexture/consolidated-screen-1.css HTTP/1.1" 200 27899 "http://eyepiecestexas.com/about/" "Mozilla/5.0 (compatible; MSIE 10.0; Windows NT 6.2; WOW64; Trident/6.0; MASMJS)"
76.225.133.60 - - [13/Aug/2013:12:52:02 -0400] "GET /rw_common/themes/dexture/consolidated-all-0.css HTTP/1.1" 304 - "http://eyepiecestexas.com/" "Mozilla/4.0 (compatible; MSIE 8.0; Windows NT 5.1; Trident/4.0; .NET CLR 1.1.4322; .NET CLR 2.0.50727; .NET CLR 3.0.4506.2152; .NET CLR 3.5.30729; .NET4.0C; .NET4.0E; yie8)"
76.225.133.60 - - [13/Aug/2013:12:52:02 -0400] "GET /rw_common/themes/dexture/consolidated-print-0.css HTTP/1.1" 304 - "http://eyepiecestexas.com/" "Mozilla/4.0 (compatible; MSIE 8.0; Windows NT 5.1; Trident/4.0; .NET CLR 1.1.4322; .NET CLR 2.0.50727; .NET CLR 3.0.4506.2152; .NET CLR 3.5.30729; .NET4.0C; .NET4.0E; yie8)"
76.225.133.60 - - [13/Aug/2013:12:52:03 -0400] "GET /rw_common/themes/dexture/consolidated-all-0.css HTTP/1.1" 304 - "http://eyepiecestexas.com/" "Mozilla/4.0 (compatible; MSIE 8.0; Windows NT 5.1; Trident/4.0; .NET CLR 1.1.4322; .NET CLR 2.0.50727; .NET CLR 3.0.4506.2152; .NET CLR 3.5.30729; .NET4.0C; .NET4.0E; yie8)"
76.225.133.60 - - [13/Aug/2013:12:52:04 -0400] "GET /rw_common/plugins/stacks/stacks.css HTTP/1.1" 304 - "http://eyepiecestexas.com/" "Mozilla/4.0 (compatible; MSIE 8.0; Windows NT 5.1; Trident/4.0; .NET CLR 1.1.4322; .NET CLR 2.0.50727; .NET CLR 3.0.4506.2152; .NET CLR 3.5.30729; .NET4.0C; .NET4.0E; yie8)"
76.225.133.60 - - [13/Aug/2013:12:52:04 -0400] "GET /resources/Dream_Orphans_700.font.js HTTP/1.1" 304 - "http://eyepiecestexas.com/" "Mozilla/4.0 (compatible; MSIE 8.0; Windows NT 5.1; Trident/4.0; .NET CLR 1.1.4322; .NET CLR 2.0.50727; .NET CLR 3.0.4506.2152; .NET CLR 3.5.30729; .NET4.0C; .NET4.0E; yie8)"
76.225.133.60 - - [13/Aug/2013:12:52:04 -0400] "GET /resources/Dream_Orphans_700.font.js?_=1376412723750 HTTP/1.1" 200 36773 "http://eyepiecestexas.com/" "Mozilla/4.0 (compatible; MSIE 8.0; Windows NT 5.1; Trident/4.0; .NET CLR 1.1.4322; .NET CLR 2.0.50727; .NET CLR 3.0.4506.2152; .NET CLR 3.5.30729; .NET4.0C; .NET4.0E; yie8)"
146.127.253.13 - - [13/Aug/2013:12:54:45 -0400] "GET /rw_common/themes/dexture/scripts/nimblehost.js HTTP/1.1" 200 17247 "http://eyepiecestexas.com/" "Mozilla/4.0 (compatible; MSIE 8.0; Windows NT 6.1; WOW64; Trident/4.0; SLCC2; .NET CLR 2.0.50727; .NET CLR 3.5.30729; .NET CLR 3.0.30729; Media Center PC 6.0; .NET4.0C; .NET4.0E; InfoPath.2)"
76.199.215.46 - - [13/Aug/2013:12:55:34 -0400] "GET /favicon.ico HTTP/1.1" 200 5319 "-" "Mozilla/5.0 (compatible; MSIE 10.0; Windows NT 6.1; Win64; x64; Trident/6.0)"
76.199.215.46 - - [13/Aug/2013:13:09:35 -0400] "GET /rw_common/themes/dexture/scripts/nimblehost.js HTTP/1.1" 304 - "http://eyepiecestexas.com/about/" "Mozilla/5.0 (compatible; MSIE 10.0; Windows NT 6.1; WOW64; Trident/6.0)"
76.199.215.46 - - [13/Aug/2013:13:09:36 -0400] "GET /rw_common/themes/dexture/scripts/jquery.fancyzoom.js HTTP/1.1" 304 - "http://eyepiecestexas.com/about/" "Mozilla/5.0 (compatible; MSIE 10.0; Windows NT 6.1; WOW64; Trident/6.0)"
76.199.215.46 - - [13/Aug/2013:13:09:36 -0400] "GET /rw_common/plugins/stacks/stacks.css HTTP/1.1" 304 - "http://eyepiecestexas.com/about/" "Mozilla/5.0 (compatible; MSIE 10.0; Windows NT 6.1; WOW64; Trident/6.0)"
76.199.215.46 - - [13/Aug/2013:13:09:36 -0400] "GET /about/files/rdc_9305-500.jpg HTTP/1.1" 200 29824 "http://eyepiecestexas.com/about/" "Mozilla/5.0 (compatible; MSIE 10.0; Windows NT 6.1; WOW64; Trident/6.0)"
76.199.215.46 - - [13/Aug/2013:13:09:36 -0400] "GET /rw_common/themes/dexture/images/mainContentCornerShadowLeft.png HTTP/1.1" 304 - "http://eyepiecestexas.com/about/" "Mozilla/5.0 (compatible; MSIE 10.0; Windows NT 6.1; WOW64; Trident/6.0)"
76.199.215.46 - - [13/Aug/2013:13:09:36 -0400] "GET /rw_common/themes/dexture/images/upperShadow.png HTTP/1.1" 304 - "http://eyepiecestexas.com/about/" "Mozilla/5.0 (compatible; MSIE 10.0; Windows NT 6.1; WOW64; Trident/6.0)"
76.199.215.46 - - [13/Aug/2013:13:09:36 -0400] "GET /rw_common/themes/dexture/images/closebox.png HTTP/1.1" 304 - "http://eyepiecestexas.com/about/" "Mozilla/5.0 (compatible; MSIE 10.0; Windows NT 6.1; WOW64; Trident/6.0)"
108.235.160.182 - - [13/Aug/2013:13:48:35 -0400] "GET /contact/files/stacks_image_841.png HTTP/1.1" 200 6321 "http://eyepiecestexas.com/contact/" "Mozilla/5.0 (iPad; CPU OS 6_1_3 like Mac OS X) AppleWebKit/536.26 (KHTML, like Gecko) Version/6.0 Mobile/10B329 Safari/8536.25"
72.14.199.35 - - [13/Aug/2013:14:03:48 -0400] "GET /feed HTTP/1.1" 200 4319 "-" "Feedfetcher-Google; (+http://www.google.com/feedfetcher.html; 1 subscribers; feed-id=11757162533075784121)"
66.249.75.35 - - [13/Aug/2013:00:33:55 -0400] "GET /Eye_Pieces/Insurance_files/METLIFE.jpg HTTP/1.1" 304 - "-" "Googlebot-Image/1.0"
65.55.52.94 - - [13/Aug/2013:21:34:06 -0400] "GET /rw_common/themes/dexture/scripts/nimblehostPulseVIP.js HTTP/1.1" 200 1205 "-" "Mozilla/5.0 (compatible; bingbot/2.0; +http://www.bing.com/bingbot.htm)"
96.226.126.171 - - [13/Aug/2013:23:25:25 -0400] "GET /rw_common/themes/dexture/consolidated-all-1.css HTTP/1.1" 200 13449 "http://eyepiecestexas.com/about/" "Mozilla/5.0 (iPad; CPU OS 6_1_3 like Mac OS X) AppleWebKit/536.26 (KHTML, like Gecko) Version/6.0 Mobile/10B329 Safari/8536.25"
96.226.126.171 - - [13/Aug/2013:23:25:25 -0400] "GET /about/files/stacks_image_713.png HTTP/1.1" 200 2265 "http://eyepiecestexas.com/about/" "Mozilla/5.0 (iPad; CPU OS 6_1_3 like Mac OS X) AppleWebKit/536.26 (KHTML, like Gecko) Version/6.0 Mobile/10B329 Safari/8536.25"
66.90.244.94 - - [13/Aug/2013:15:02:33 -0400] "GET /Eye_Pieces/Home_files/stroke_3.png HTTP/1.1" 200 81 "http://eyepiecestexas.com/Eye_Pieces/Home.html" "Mozilla/5.0 (Windows NT 6.1; WOW64) AppleWebKit/537.36 (KHTML, like Gecko) Chrome/27.0.1453.116 Safari/537.36"
66.90.244.94 - - [13/Aug/2013:15:02:33 -0400] "GET /Eye_Pieces/Home_files/stroke_7.png HTTP/1.1" 200 81 "http://eyepiecestexas.com/Eye_Pieces/Home.html" "Mozilla/5.0 (Windows NT 6.1; WOW64) AppleWebKit/537.36 (KHTML, like Gecko) Chrome/27.0.1453.116 Safari/537.36"
66.90.244.94 - - [13/Aug/2013:15:02:33 -0400] "GET /favicon.ico HTTP/1.1" 200 5319 "-" "Mozilla/5.0 (Windows NT 6.1; WOW64) AppleWebKit/537.36 (KHTML, like Gecko) Chrome/27.0.1453.116 Safari/537.36"
64.129.148.94 - - [13/Aug/2013:17:41:16 -0400] "GET /contact/ HTTP/1.1" 200 16927 "http://eyepiecestexas.com/" "Mozilla/4.0 (compatible; MSIE 8.0; Windows NT 5.1; Trident/4.0; .NET CLR 1.1.4322; .NET CLR 2.0.50727; .NET CLR 3.0.4506.2152; .NET CLR 3.5.30729; .NET4.0C; .NET4.0E)"
64.129.148.94 - - [13/Aug/2013:17:41:17 -0400] "GET /rw_common/themes/dexture/consolidated-screen-5.css HTTP/1.1" 200 27899 "http://eyepiecestexas.com/contact/" "Mozilla/4.0 (compatible; MSIE 8.0; Windows NT 5.1; Trident/4.0; .NET CLR 1.1.4322; .NET CLR 2.0.50727; .NET CLR 3.0.4506.2152; .NET CLR 3.5.30729; .NET4.0C; .NET4.0E)"
64.129.148.94 - - [13/Aug/2013:17:41:17 -0400] "GET /rw_common/themes/dexture/consolidated-print-5.css HTTP/1.1" 200 10005 "http://eyepiecestexas.com/contact/" "Mozilla/4.0 (compatible; MSIE 8.0; Windows NT 5.1; Trident/4.0; .NET CLR 1.1.4322; .NET CLR 2.0.50727; .NET CLR 3.0.4506.2152; .NET CLR 3.5.30729; .NET4.0C; .NET4.0E)"
64.129.148.94 - - [13/Aug/2013:17:41:17 -0400] "GET /contact/files/stacks_page_page5.css HTTP/1.1" 200 47356 "http://eyepiecestexas.com/contact/" "Mozilla/4.0 (compatible; MSIE 8.0; Windows NT 5.1; Trident/4.0; .NET CLR 1.1.4322; .NET CLR 2.0.50727; .NET CLR 3.0.4506.2152; .NET CLR 3.5.30729; .NET4.0C; .NET4.0E)"
64.129.148.94 - - [13/Aug/2013:17:41:18 -0400] "GET /contact/files/eye-pieces-logo-400.png HTTP/1.1" 200 10524 "http://eyepiecestexas.com/contact/" "Mozilla/4.0 (compatible; MSIE 8.0; Windows NT 5.1; Trident/4.0; .NET CLR 1.1.4322; .NET CLR 2.0.50727; .NET CLR 3.0.4506.2152; .NET CLR 3.5.30729; .NET4.0C; .NET4.0E)"
64.129.148.94 - - [13/Aug/2013:17:41:18 -0400] "GET /contact/files/stacks_image_831.png HTTP/1.1" 200 3290 "http://eyepiecestexas.com/contact/" "Mozilla/4.0 (compatible; MSIE 8.0; Windows NT 5.1; Trident/4.0; .NET CLR 1.1.4322; .NET CLR 2.0.50727; .NET CLR 3.0.4506.2152; .NET CLR 3.5.30729; .NET4.0C; .NET4.0E)"
64.129.148.94 - - [13/Aug/2013:17:41:18 -0400] "GET /contact/files/stacks_image_841.png HTTP/1.1" 200 6321 "http://eyepiecestexas.com/contact/" "Mozilla/4.0 (compatible; MSIE 8.0; Windows NT 5.1; Trident/4.0; .NET CLR 1.1.4322; .NET CLR 2.0.50727; .NET CLR 3.0.4506.2152; .NET CLR 3.5.30729; .NET4.0C; .NET4.0E)"
64.129.148.94 - - [13/Aug/2013:17:41:18 -0400] "GET /rw_common/themes/dexture/images/darkAlphaBg.png HTTP/1.1" 304 - "-" "Mozilla/4.0 (compatible; MSIE 8.0; Windows NT 5.1; Trident/4.0; .NET CLR 1.1.4322; .NET CLR 2.0.50727; .NET CLR 3.0.4506.2152; .NET CLR 3.5.30729; .NET4.0C; .NET4.0E)"
64.129.148.94 - - [13/Aug/2013:17:41:18 -0400] "GET /favicon.ico HTTP/1.1" 200 5819 "-" "Mozilla/4.0 (compatible; MSIE 8.0; Windows NT 5.1; Trident/4.0; .NET CLR 1.1.4322; .NET CLR 2.0.50727; .NET CLR 3.0.4506.2152; .NET CLR 3.5.30729; .NET4.0C; .NET4.0E)"
74.7.154.83 - - [13/Aug/2013:12:07:01 -0400] "GET /favicon.ico HTTP/1.1" 200 3319 "-" "Mozilla/5.0 (Windows NT 6.1) AppleWebKit/537.36 (KHTML, like Gecko) Chrome/28.0.1500.95 Safari/537.36"
75.35.172.99 - - [13/Aug/2013:12:09:54 -0400] "GET /rw_common/themes/dexture/consolidated-all-0.css HTTP/1.1" 200 13436 "http://eyepiecestexas.com/" "Mozilla/5.0 (compatible; MSIE 10.0; Windows NT 6.2; WOW64; Trident/6.0; MASMJS)"
75.35.172.99 - - [13/Aug/2013:12:09:54 -0400] "GET /rw_common/themes/dexture/images/bottomShadow.png HTTP/1.1" 200 204 "http://eyepiecestexas.com/" "Mozilla/5.0 (compatible; MSIE 10.0; Windows NT 6.2; WOW64; Trident/6.0; MASMJS)"
75.35.172.99 - - [13/Aug/2013:12:09:54 -0400] "GET /rw_common/themes/dexture/images/editable_images/concrete.png HTTP/1.1" 200 198645 "http://eyepiecestexas.com/" "Mozilla/5.0 (compatible; MSIE 10.0; Windows NT 6.2; WOW64; Trident/6.0; MASMJS)"
75.35.172.99 - - [13/Aug/2013:12:09:57 -0400] "GET /rw_common/themes/dexture/images/ec6TopShadow.png HTTP/1.1" 200 49422 "http://eyepiecestexas.com/" "Mozilla/5.0 (compatible; MSIE 10.0; Windows NT 6.2; WOW64; Trident/6.0; MASMJS)"
76.199.215.46 - - [13/Aug/2013:12:20:29 -0400] "GET /favicon.ico HTTP/1.1" 200 4319 "-" "Mozilla/5.0 (compatible; MSIE 10.0; Windows NT 6.1; Win64; x64; Trident/6.0)"
75.35.172.99 - - [13/Aug/2013:12:21:57 -0400] "GET /rw_common/themes/dexture/consolidated-all-1.css HTTP/1.1" 200 13449 "http://eyepiecestexas.com/about/" "Mozilla/5.0 (compatible; MSIE 10.0; Windows NT 6.2; WOW64; Trident/6.0; MASMJS)"
75.35.172.99 - - [13/Aug/2013:12:21:58 -0400] "GET /about/files/rdc_9305-500.jpg HTTP/1.1" 200 29824 "http://eyepiecestexas.com/about/" "Mozilla/5.0 (compatible; MSIE 10.0; Windows NT 6.2; WOW64; Trident/6.0; MASMJS)"
146.127.253.12 - - [13/Aug/2013:12:54:51 -0400] "GET /contact/files/stacks_image_840.png HTTP/1.1" 200 6280 "http://eyepiecestexas.com/contact/" "Mozilla/4.0 (compatible; MSIE 8.0; Windows NT 6.1; WOW64; Trident/4.0; SLCC2; .NET CLR 2.0.50727; .NET CLR 3.5.30729; .NET CLR 3.0.30729; Media Center PC 6.0; .NET4.0C; .NET4.0E; InfoPath.2)"
165.208.1.12 - - [13/Aug/2013:14:23:08 -0400] "GET /Eye_Pieces/Insurance_files/CIGNA.png HTTP/1.1" 200 10589 "http://eyepiecestexas.com/Eye_Pieces/Insurance.html" "Mozilla/4.0 (compatible; MSIE 8.0; Windows NT 6.1; WOW64; Trident/4.0; SLCC2; .NET CLR 2.0.50727; .NET CLR 3.5.30729; .NET CLR 3.0.30729; Media Center PC 6.0; .NET4.0C; .NET4.0E; InfoPath.2; MS-RTC LM 8; AskTbORJ/5.15.23.36191)"
165.208.1.12 - - [13/Aug/2013:14:23:08 -0400] "GET /Eye_Pieces/Insurance_files/Optum-logo.png HTTP/1.1" 200 7506 "http://eyepiecestexas.com/Eye_Pieces/Insurance.html" "Mozilla/4.0 (compatible; MSIE 8.0; Windows NT 6.1; WOW64; Trident/4.0; SLCC2; .NET CLR 2.0.50727; .NET CLR 3.5.30729; .NET CLR 3.0.30729; Media Center PC 6.0; .NET4.0C; .NET4.0E; InfoPath.2; MS-RTC LM 8; AskTbORJ/5.15.23.36191)"
165.208.1.12 - - [13/Aug/2013:14:23:10 -0400] "GET /Eye_Pieces/Insurance_files/CIGNA.png HTTP/1.1" 304 - "-" "Mozilla/4.0 (compatible; MSIE 8.0; Windows NT 6.1; WOW64; Trident/4.0; SLCC2; .NET CLR 2.0.50727; .NET CLR 3.5.30729; .NET CLR 3.0.30729; Media Center PC 6.0; .NET4.0C; .NET4.0E; InfoPath.2; MS-RTC LM 8; AskTbORJ/5.15.23.36191)"
70.247.110.226 - - [13/Aug/2013:14:45:34 -0400] "GET / HTTP/1.1" 200 16359 "http://www.google.com/url?sa=t&rct=j&q=Robert%20Birenbaum%20&source=web&cd=5&ved=0CFEQFjAE&url=http%3A%2F%2Feyepiecestexas.com%2F&ei=tX4KUoLXAoPe2AWeuYDgCQ&usg=AFQjCNFQLVYIcEqkoXjrM3W-GpmW-rM1JA&bvm=bv.50500085,d.aWc" "Mozilla/4.0 (compatible; MSIE 8.0; Windows NT 6.1; Trident/4.0; SLCC2; .NET CLR 2.0.50727; .NET CLR 3.5.30729; .NET CLR 3.0.30729; Media Center PC 6.0; .NET4.0C; .NET4.0E)"
70.247.110.226 - - [13/Aug/2013:14:45:34 -0400] "GET /rw_common/themes/dexture/consolidated-screen-0.css HTTP/1.1" 200 27886 "http://eyepiecestexas.com/" "Mozilla/4.0 (compatible; MSIE 8.0; Windows NT 6.1; Trident/4.0; SLCC2; .NET CLR 2.0.50727; .NET CLR 3.5.30729; .NET CLR 3.0.30729; Media Center PC 6.0; .NET4.0C; .NET4.0E)"
70.247.110.226 - - [13/Aug/2013:14:45:34 -0400] "GET /rw_common/themes/dexture/scripts/nimblehost.js HTTP/1.1" 200 17247 "http://eyepiecestexas.com/" "Mozilla/4.0 (compatible; MSIE 8.0; Windows NT 6.1; Trident/4.0; SLCC2; .NET CLR 2.0.50727; .NET CLR 3.5.30729; .NET CLR 3.0.30729; Media Center PC 6.0; .NET4.0C; .NET4.0E)"
70.247.110.226 - - [13/Aug/2013:14:45:35 -0400] "GET /rw_common/themes/dexture/scripts/nimblehostDropDownMenu.js HTTP/1.1" 200 988 "http://eyepiecestexas.com/" "Mozilla/4.0 (compatible; MSIE 8.0; Windows NT 6.1; Trident/4.0; SLCC2; .NET CLR 2.0.50727; .NET CLR 3.5.30729; .NET CLR 3.0.30729; Media Center PC 6.0; .NET4.0C; .NET4.0E)"
70.247.110.226 - - [13/Aug/2013:14:45:36 -0400] "GET /rw_common/themes/dexture/rw_common/plugins/stacks/stacks_ie.css HTTP/1.1" 200 5819 "http://eyepiecestexas.com/" "Mozilla/4.0 (compatible; MSIE 8.0; Windows NT 6.1; Trident/4.0; SLCC2; .NET CLR 2.0.50727; .NET CLR 3.5.30729; .NET CLR 3.0.30729; Media Center PC 6.0; .NET4.0C; .NET4.0E)"
91.207.9.226 - - [13/Aug/2013:03:50:31 -0400] "GET / HTTP/1.1" 200 16359 "http://degustar.ru/" "Opera/7.11 (Windows NT 5.1; U) [en]"
15.227.185.76 - - [13/Aug/2013:10:27:38 -0400] "GET /rw_common/themes/dexture/consolidated-all-1.css HTTP/1.1" 200 13449 "http://www.eyepiecestexas.com/about/" "Mozilla/4.0 (compatible; MSIE 8.0; Windows NT 6.1; WOW64; Trident/4.0; GTB7.5; SLCC2; .NET CLR 2.0.50727; .NET CLR 3.5.30729; .NET CLR 3.0.30729; Media Center PC 6.0; InfoPath.3)"
72.14.199.35 - - [13/Aug/2013:10:43:31 -0400] "GET /feed HTTP/1.1" 200 2319 "-" "Feedfetcher-Google; (+http://www.google.com/feedfetcher.html; 1 subscribers; feed-id=11757162533075784121)"
76.199.215.46 - - [13/Aug/2013:10:46:05 -0400] "GET /favicon.ico HTTP/1.1" 200 5319 "-" "Mozilla/5.0 (compatible; MSIE 10.0; Windows NT 6.1; Win64; x64; Trident/6.0)"
171.161.160.10 - - [13/Aug/2013:11:53:13 -0400] "GET /rw_common/themes/dexture/consolidated-all-0.css HTTP/1.1" 200 13436 "-" "Mozilla/4.0 (compatible;)"
171.161.160.10 - - [13/Aug/2013:11:53:13 -0400] "GET /resources/Dream_Orphans_700.font.js HTTP/1.1" 200 36773 "-" "Mozilla/4.0 (compatible;)"
171.161.160.10 - - [13/Aug/2013:11:53:13 -0400] "GET /files/stacks_image_166.png HTTP/1.1" 200 5857 "-" "Mozilla/4.0 (compatible;)"
171.161.160.10 - - [13/Aug/2013:11:53:23 -0400] "GET /files/stacks_image_165.png HTTP/1.1" 200 2265 "http://eyepiecestexas.com/" "Mozilla/4.0 (compatible; MSIE 7.0; Windows NT 5.1; .NET CLR 2.0.50727; .NET CLR 3.0.4506.2152; .NET4.0C; .NET4.0E; InfoPath.2; MS-RTC S; .NET CLR 3.5.30729)"
171.161.160.10 - - [13/Aug/2013:11:53:23 -0400] "GET /favicon.ico HTTP/1.1" 200 4319 "-" "Mozilla/4.0 (compatible; MSIE 7.0; Windows NT 5.1; .NET CLR 2.0.50727; .NET CLR 3.0.4506.2152; .NET4.0C; .NET4.0E; InfoPath.2; MS-RTC S; .NET CLR 3.5.30729)"
171.161.160.10 - - [13/Aug/2013:11:53:37 -0400] "GET /eyewear/files/stacks_image_486.jpg HTTP/1.1" 200 7158 "-" "Mozilla/4.0 (compatible;)"
71.244.30.87 - - [13/Aug/2013:11:56:47 -0400] "GET /eyewear/files/cufon-yui.js HTTP/1.1" 200 18258 "http://eyepiecestexas.com/eyewear/" "Mozilla/5.0 (iPad; CPU OS 6_1_3 like Mac OS X) AppleWebKit/536.26 (KHTML, like Gecko) Version/6.0 Mobile/10B329 Safari/8536.25"
71.244.30.87 - - [13/Aug/2013:11:56:48 -0400] "GET /eyewear/files/gucci2.jpg HTTP/1.1" 200 19323 "http://eyepiecestexas.com/eyewear/" "Mozilla/5.0 (iPad; CPU OS 6_1_3 like Mac OS X) AppleWebKit/536.26 (KHTML, like Gecko) Version/6.0 Mobile/10B329 Safari/8536.25"
71.244.30.87 - - [13/Aug/2013:11:56:48 -0400] "GET /eyewear/files/stacks_image_347.jpg HTTP/1.1" 200 4110 "http://eyepiecestexas.com/eyewear/" "Mozilla/5.0 (iPad; CPU OS 6_1_3 like Mac OS X) AppleWebKit/536.26 (KHTML, like Gecko) Version/6.0 Mobile/10B329 Safari/8536.25"
71.244.30.87 - - [13/Aug/2013:11:56:48 -0400] "GET /eyewear/files/stacks_image_369.png HTTP/1.1" 200 13046 "http://eyepiecestexas.com/eyewear/" "Mozilla/5.0 (iPad; CPU OS 6_1_3 like Mac OS X) AppleWebKit/536.26 (KHTML, like Gecko) Version/6.0 Mobile/10B329 Safari/8536.25"
71.244.30.87 - - [13/Aug/2013:11:56:48 -0400] "GET /eyewear/files/stacks_image_404.jpg HTTP/1.1" 200 7391 "http://eyepiecestexas.com/eyewear/" "Mozilla/5.0 (iPad; CPU OS 6_1_3 like Mac OS X) AppleWebKit/536.26 (KHTML, like Gecko) Version/6.0 Mobile/10B329 Safari/8536.25"
71.244.30.87 - - [13/Aug/2013:11:56:48 -0400] "GET /eyewear/files/stacks_image_398.jpg HTTP/1.1" 200 7014 "http://eyepiecestexas.com/eyewear/" "Mozilla/5.0 (iPad; CPU OS 6_1_3 like Mac OS X) AppleWebKit/536.26 (KHTML, like Gecko) Version/6.0 Mobile/10B329 Safari/8536.25"
71.244.30.87 - - [13/Aug/2013:11:56:48 -0400] "GET /eyewear/files/stacks_image_410.jpg HTTP/1.1" 200 9731 "http://eyepiecestexas.com/eyewear/" "Mozilla/5.0 (iPad; CPU OS 6_1_3 like Mac OS X) AppleWebKit/536.26 (KHTML, like Gecko) Version/6.0 Mobile/10B329 Safari/8536.25"
71.244.30.87 - - [13/Aug/2013:11:56:48 -0400] "GET /eyewear/files/stacks_image_416.jpg HTTP/1.1" 200 10524 "http://eyepiecestexas.com/eyewear/" "Mozilla/5.0 (iPad; CPU OS 6_1_3 like Mac OS X) AppleWebKit/536.26 (KHTML, like Gecko) Version/6.0 Mobile/10B329 Safari/8536.25"
71.244.30.87 - - [13/Aug/2013:11:56:49 -0400] "GET /eyewear/files/stacks_image_440.jpg HTTP/1.1" 200 10518 "http://eyepiecestexas.com/eyewear/" "Mozilla/5.0 (iPad; CPU OS 6_1_3 like Mac OS X) AppleWebKit/536.26 (KHTML, like Gecko) Version/6.0 Mobile/10B329 Safari/8536.25"
71.244.30.87 - - [13/Aug/2013:11:56:49 -0400] "GET /eyewear/files/stacks_image_446.png HTTP/1.1" 200 8076 "http://eyepiecestexas.com/eyewear/" "Mozilla/5.0 (iPad; CPU OS 6_1_3 like Mac OS X) AppleWebKit/536.26 (KHTML, like Gecko) Version/6.0 Mobile/10B329 Safari/8536.25"
71.244.30.87 - - [13/Aug/2013:11:56:49 -0400] "GET /eyewear/files/stacks_image_450.jpg HTTP/1.1" 200 8710 "http://eyepiecestexas.com/eyewear/" "Mozilla/5.0 (iPad; CPU OS 6_1_3 like Mac OS X) AppleWebKit/536.26 (KHTML, like Gecko) Version/6.0 Mobile/10B329 Safari/8536.25"
71.244.30.87 - - [13/Aug/2013:11:56:49 -0400] "GET /eyewear/files/stacks_image_60.jpg HTTP/1.1" 200 7110 "http://eyepiecestexas.com/eyewear/" "Mozilla/5.0 (iPad; CPU OS 6_1_3 like Mac OS X) AppleWebKit/536.26 (KHTML, like Gecko) Version/6.0 Mobile/10B329 Safari/8536.25"
71.244.30.87 - - [13/Aug/2013:11:56:49 -0400] "GET /eyewear/files/stacks_image_490.jpg HTTP/1.1" 200 9069 "http://eyepiecestexas.com/eyewear/" "Mozilla/5.0 (iPad; CPU OS 6_1_3 like Mac OS X) AppleWebKit/536.26 (KHTML, like Gecko) Version/6.0 Mobile/10B329 Safari/8536.25"
71.244.30.87 - - [13/Aug/2013:11:56:49 -0400] "GET /eyewear/files/stacks_image_500.jpg HTTP/1.1" 200 8384 "http://eyepiecestexas.com/eyewear/" "Mozilla/5.0 (iPad; CPU OS 6_1_3 like Mac OS X) AppleWebKit/536.26 (KHTML, like Gecko) Version/6.0 Mobile/10B329 Safari/8536.25"
71.244.30.87 - - [13/Aug/2013:11:56:49 -0400] "GET /eyewear/files/stacks_image_516.jpg HTTP/1.1" 200 7360 "http://eyepiecestexas.com/eyewear/" "Mozilla/5.0 (iPad; CPU OS 6_1_3 like Mac OS X) AppleWebKit/536.26 (KHTML, like Gecko) Version/6.0 Mobile/10B329 Safari/8536.25"
71.244.30.87 - - [13/Aug/2013:11:56:49 -0400] "GET /eyewear/files/stacks_image_530.jpg HTTP/1.1" 200 8363 "http://eyepiecestexas.com/eyewear/" "Mozilla/5.0 (iPad; CPU OS 6_1_3 like Mac OS X) AppleWebKit/536.26 (KHTML, like Gecko) Version/6.0 Mobile/10B329 Safari/8536.25"
71.244.30.87 - - [13/Aug/2013:11:56:50 -0400] "GET /eyewear/files/stacks_image_546.png HTTP/1.1" 200 14990 "http://eyepiecestexas.com/eyewear/" "Mozilla/5.0 (iPad; CPU OS 6_1_3 like Mac OS X) AppleWebKit/536.26 (KHTML, like Gecko) Version/6.0 Mobile/10B329 Safari/8536.25"
71.244.30.87 - - [13/Aug/2013:11:56:50 -0400] "GET /eyewear/files/stacks_image_562.jpg HTTP/1.1" 200 11332 "http://eyepiecestexas.com/eyewear/" "Mozilla/5.0 (iPad; CPU OS 6_1_3 like Mac OS X) AppleWebKit/536.26 (KHTML, like Gecko) Version/6.0 Mobile/10B329 Safari/8536.25"
71.244.30.87 - - [13/Aug/2013:11:56:50 -0400] "GET /eyewear/files/stacks_image_578.jpg HTTP/1.1" 200 9595 "http://eyepiecestexas.com/eyewear/" "Mozilla/5.0 (iPad; CPU OS 6_1_3 like Mac OS X) AppleWebKit/536.26 (KHTML, like Gecko) Version/6.0 Mobile/10B329 Safari/8536.25"
71.244.30.87 - - [13/Aug/2013:11:56:51 -0400] "GET /eyewear/files/stacks_image_590.jpg HTTP/1.1" 200 15022 "http://eyepiecestexas.com/eyewear/" "Mozilla/5.0 (iPad; CPU OS 6_1_3 like Mac OS X) AppleWebKit/536.26 (KHTML, like Gecko) Version/6.0 Mobile/10B329 Safari/8536.25"
71.244.30.87 - - [13/Aug/2013:11:56:51 -0400] "GET /eyewear/files/stacks_image_610.jpg HTTP/1.1" 200 6266 "http://eyepiecestexas.com/eyewear/" "Mozilla/5.0 (iPad; CPU OS 6_1_3 like Mac OS X) AppleWebKit/536.26 (KHTML, like Gecko) Version/6.0 Mobile/10B329 Safari/8536.25"
71.244.30.87 - - [13/Aug/2013:11:56:52 -0400] "GET /eyewear/files/stacks_image_622.jpg HTTP/1.1" 200 7695 "http://eyepiecestexas.com/eyewear/" "Mozilla/5.0 (iPad; CPU OS 6_1_3 like Mac OS X) AppleWebKit/536.26 (KHTML, like Gecko) Version/6.0 Mobile/10B329 Safari/8536.25"
171.161.160.10 - - [13/Aug/2013:11:59:05 -0400] "GET /staff/files/stacks_image_719.png HTTP/1.1" 200 5857 "-" "Mozilla/4.0 (compatible;)"
75.111.216.4 - - [13/Aug/2013:20:37:24 -0400] "GET /Eye_Pieces/Scripts/Widgets/Navbar/navbar.js HTTP/1.1" 200 5986 "http://eyepiecestexas.com/Eye_Pieces/Eyewear.html" "Mozilla/5.0 (Macintosh; Intel Mac OS X 10_6_8) AppleWebKit/534.59.8 (KHTML, like Gecko) Version/4.0.3 Safari/531.9"
75.35.172.99 - - [13/Aug/2013:12:09:54 -0400] "GET /rw_common/themes/dexture/images/mainContentCornerShadowRight.png HTTP/1.1" 200 1442 "http://eyepiecestexas.com/" "Mozilla/5.0 (compatible; MSIE 10.0; Windows NT 6.2; WOW64; Trident/6.0; MASMJS)"
75.35.172.99 - - [13/Aug/2013:12:09:54 -0400] "GET /rw_common/themes/dexture/images/lightAlphaBg.png HTTP/1.1" 200 179 "http://eyepiecestexas.com/" "Mozilla/5.0 (compatible; MSIE 10.0; Windows NT 6.2; WOW64; Trident/6.0; MASMJS)"
75.35.172.99 - - [13/Aug/2013:12:09:54 -0400] "GET /rw_common/themes/dexture/images/darkAlphaBg.png HTTP/1.1" 200 70 "http://eyepiecestexas.com/" "Mozilla/5.0 (compatible; MSIE 10.0; Windows NT 6.2; WOW64; Trident/6.0; MASMJS)"
75.35.172.99 - - [13/Aug/2013:12:09:54 -0400] "GET /rw_common/themes/dexture/images/editable_images/paper.png HTTP/1.1" 200 154825 "http://eyepiecestexas.com/" "Mozilla/5.0 (compatible; MSIE 10.0; Windows NT 6.2; WOW64; Trident/6.0; MASMJS)"
75.35.172.99 - - [13/Aug/2013:12:22:28 -0400] "GET /contact/files/stacks_page_page5.css HTTP/1.1" 200 47356 "http://eyepiecestexas.com/contact/" "Mozilla/5.0 (compatible; MSIE 10.0; Windows NT 6.2; WOW64; Trident/6.0; MASMJS)"
75.35.172.99 - - [13/Aug/2013:12:49:56 -0400] "GET /resources/Dream_Orphans_700.font.js?_=1376412616491 HTTP/1.1" 200 36773 "http://eyepiecestexas.com/" "Mozilla/5.0 (compatible; MSIE 10.0; Windows NT 6.2; WOW64; Trident/6.0; MASMJS)"
146.127.253.13 - - [13/Aug/2013:12:54:45 -0400] "GET /rw_common/themes/dexture/consolidated-handheld-0.css HTTP/1.1" 200 13381 "http://eyepiecestexas.com/" "Mozilla/4.0 (compatible; MSIE 8.0; Windows NT 6.1; WOW64; Trident/4.0; SLCC2; .NET CLR 2.0.50727; .NET CLR 3.5.30729; .NET CLR 3.0.30729; Media Center PC 6.0; .NET4.0C; .NET4.0E; InfoPath.2)"
146.127.253.44 - - [13/Aug/2013:12:54:45 -0400] "GET /rw_common/themes/dexture/consolidated-print-0.css HTTP/1.1" 200 9992 "http://eyepiecestexas.com/" "Mozilla/4.0 (compatible; MSIE 8.0; Windows NT 6.1; WOW64; Trident/4.0; SLCC2; .NET CLR 2.0.50727; .NET CLR 3.5.30729; .NET CLR 3.0.30729; Media Center PC 6.0; .NET4.0C; .NET4.0E; InfoPath.2)"
146.127.253.13 - - [13/Aug/2013:12:54:47 -0400] "GET /rw_common/themes/dexture/images/editable_images/paper.png HTTP/1.1" 200 154825 "http://eyepiecestexas.com/" "Mozilla/4.0 (compatible; MSIE 8.0; Windows NT 6.1; WOW64; Trident/4.0; SLCC2; .NET CLR 2.0.50727; .NET CLR 3.5.30729; .NET CLR 3.0.30729; Media Center PC 6.0; .NET4.0C; .NET4.0E; InfoPath.2)"
146.127.253.13 - - [13/Aug/2013:12:55:05 -0400] "GET /favicon.ico HTTP/1.1" 200 5819 "-" "Mozilla/4.0 (compatible; MSIE 8.0; Windows NT 6.1; WOW64; Trident/4.0; SLCC2; .NET CLR 2.0.50727; .NET CLR 3.5.30729; .NET CLR 3.0.30729; Media Center PC 6.0; .NET4.0C; .NET4.0E; InfoPath.2)"
108.235.160.182 - - [13/Aug/2013:13:47:58 -0400] "GET / HTTP/1.1" 200 16359 "http://eyepiecestexas.com/" "Mozilla/5.0 (iPad; CPU OS 6_1_3 like Mac OS X) AppleWebKit/536.26 (KHTML, like Gecko) Version/6.0 Mobile/10B329 Safari/8536.25"
108.235.160.182 - - [13/Aug/2013:13:48:35 -0400] "GET /contact/files/stacks_page_page5.css HTTP/1.1" 200 47356 "http://eyepiecestexas.com/contact/" "Mozilla/5.0 (iPad; CPU OS 6_1_3 like Mac OS X) AppleWebKit/536.26 (KHTML, like Gecko) Version/6.0 Mobile/10B329 Safari/8536.25"
108.235.160.182 - - [13/Aug/2013:13:48:35 -0400] "GET /contact/files/stacks_page_page5.js HTTP/1.1" 200 52171 "http://eyepiecestexas.com/contact/" "Mozilla/5.0 (iPad; CPU OS 6_1_3 like Mac OS X) AppleWebKit/536.26 (KHTML, like Gecko) Version/6.0 Mobile/10B329 Safari/8536.25"
108.235.160.182 - - [13/Aug/2013:13:48:35 -0400] "GET /contact/files/stacks_image_25.jpg HTTP/1.1" 200 39929 "http://eyepiecestexas.com/contact/" "Mozilla/5.0 (iPad; CPU OS 6_1_3 like Mac OS X) AppleWebKit/536.26 (KHTML, like Gecko) Version/6.0 Mobile/10B329 Safari/8536.25"
76.199.215.46 - - [13/Aug/2013:14:11:23 -0400] "GET /favicon.ico HTTP/1.1" 200 4819 "-" "Mozilla/5.0 (compatible; MSIE 10.0; Windows NT 6.1; Win64; x64; Trident/6.0)"
70.247.110.226 - - [13/Aug/2013:14:45:59 -0400] "GET /rw_common/themes/dexture/consolidated-print-1.css HTTP/1.1" 200 10005 "http://eyepiecestexas.com/about/" "Mozilla/4.0 (compatible; MSIE 8.0; Windows NT 6.1; Trident/4.0; SLCC2; .NET CLR 2.0.50727; .NET CLR 3.5.30729; .NET CLR 3.0.30729; Media Center PC 6.0; .NET4.0C; .NET4.0E)"
70.247.110.226 - - [13/Aug/2013:14:45:59 -0400] "GET /rw_common/themes/rw_common/plugins/stacks/stacks_ie.css HTTP/1.1" 200 5819 "http://eyepiecestexas.com/about/" "Mozilla/4.0 (compatible; MSIE 8.0; Windows NT 6.1; Trident/4.0; SLCC2; .NET CLR 2.0.50727; .NET CLR 3.5.30729; .NET CLR 3.0.30729; Media Center PC 6.0; .NET4.0C; .NET4.0E)"
180.76.5.172 - - [13/Aug/2013:14:52:17 -0400] "GET / HTTP/1.1" 200 16359 "-" "Mozilla/5.0 (compatible; Baiduspider/2.0; +http://www.baidu.com/search/spider.html)"
15.227.185.76 - - [13/Aug/2013:10:28:05 -0400] "GET /staff/files/fullpath_203.jpg HTTP/1.1" 200 18009 "http://www.eyepiecestexas.com/staff/" "Mozilla/4.0 (compatible; MSIE 8.0; Windows NT 6.1; WOW64; Trident/4.0; GTB7.5; SLCC2; .NET CLR 2.0.50727; .NET CLR 3.5.30729; .NET CLR 3.0.30729; Media Center PC 6.0; InfoPath.3)"
15.227.185.76 - - [13/Aug/2013:10:28:05 -0400] "GET /staff/files/cufon-yui.js HTTP/1.1" 200 18258 "http://www.eyepiecestexas.com/staff/" "Mozilla/4.0 (compatible; MSIE 8.0; Windows NT 6.1; WOW64; Trident/4.0; GTB7.5; SLCC2; .NET CLR 2.0.50727; .NET CLR 3.5.30729; .NET CLR 3.0.30729; Media Center PC 6.0; InfoPath.3)"
15.227.185.76 - - [13/Aug/2013:10:29:00 -0400] "GET /rw_common/themes/dexture/consolidated-all-3.css HTTP/1.1" 200 13449 "http://www.eyepiecestexas.com/contactlens/" "Mozilla/4.0 (compatible; MSIE 8.0; Windows NT 6.1; WOW64; Trident/4.0; GTB7.5; SLCC2; .NET CLR 2.0.50727; .NET CLR 3.5.30729; .NET CLR 3.0.30729; Media Center PC 6.0; InfoPath.3)"
76.199.215.46 - - [13/Aug/2013:10:48:44 -0400] "GET /rw_common/themes/dexture/consolidated-all-0.css HTTP/1.1" 304 - "http://eyepiecestexas.com/" "Mozilla/5.0 (compatible; MSIE 10.0; Windows NT 6.1; WOW64; Trident/6.0)"
76.199.215.46 - - [13/Aug/2013:10:48:45 -0400] "GET /rw_common/plugins/stacks/stacks.css HTTP/1.1" 304 - "http://eyepiecestexas.com/" "Mozilla/5.0 (compatible; MSIE 10.0; Windows NT 6.1; WOW64; Trident/6.0)"
76.199.215.46 - - [13/Aug/2013:10:48:45 -0400] "GET /files/stacks_image_164.png HTTP/1.1" 304 - "http://eyepiecestexas.com/" "Mozilla/5.0 (compatible; MSIE 10.0; Windows NT 6.1; WOW64; Trident/6.0)"
76.199.215.46 - - [13/Aug/2013:10:48:45 -0400] "GET /rw_common/themes/dexture/images/pageTopShadow400px.png HTTP/1.1" 304 - "http://eyepiecestexas.com/" "Mozilla/5.0 (compatible; MSIE 10.0; Windows NT 6.1; WOW64; Trident/6.0)"
76.199.215.46 - - [13/Aug/2013:10:48:45 -0400] "GET /rw_common/themes/dexture/images/ec6TopShadow.png HTTP/1.1" 304 - "http://eyepiecestexas.com/" "Mozilla/5.0 (compatible; MSIE 10.0; Windows NT 6.1; WOW64; Trident/6.0)"
72.14.199.35 - - [13/Aug/2013:10:53:49 -0400] "GET /feed HTTP/1.1" 200 3819 "-" "Feedfetcher-Google; (+http://www.google.com/feedfetcher.html; 1 subscribers; feed-id=11757162533075784121)"
171.161.160.10 - - [13/Aug/2013:11:53:34 -0400] "GET /rw_common/themes/dexture/consolidated-all-2.css HTTP/1.1" 200 13449 "-" "Mozilla/4.0 (compatible;)"
171.161.160.10 - - [13/Aug/2013:11:53:34 -0400] "GET /eyewear/files/stacks_image_480.jpg HTTP/1.1" 200 6525 "-" "Mozilla/4.0 (compatible;)"
171.161.160.10 - - [13/Aug/2013:11:53:34 -0400] "GET /eyewear/files/stacks_image_500.jpg HTTP/1.1" 200 8384 "-" "Mozilla/4.0 (compatible;)"
171.161.160.10 - - [13/Aug/2013:11:58:56 -0400] "GET /about/files/stacks_page_page1.css HTTP/1.1" 200 1389 "-" "Mozilla/4.0 (compatible;)"
171.161.160.10 - - [13/Aug/2013:11:59:05 -0400] "GET /staff/files/fullpath_203.jpg HTTP/1.1" 200 18009 "-" "Mozilla/4.0 (compatible;)"
66.90.244.94 - - [13/Aug/2013:15:02:48 -0400] "GET /Eye_Pieces/Eyewear_files/shapeimage_2_link_0.png HTTP/1.1" 200 1010 "http://eyepiecestexas.com/Eye_Pieces/Eyewear.html" "Mozilla/5.0 (Windows NT 6.1; WOW64) AppleWebKit/537.36 (KHTML, like Gecko) Chrome/27.0.1453.116 Safari/537.36"
66.90.244.94 - - [13/Aug/2013:15:02:49 -0400] "GET /Eye_Pieces/Eyewear_files/shapeimage_4_link_0.png HTTP/1.1" 200 1579 "http://eyepiecestexas.com/Eye_Pieces/Eyewear.html" "Mozilla/5.0 (Windows NT 6.1; WOW64) AppleWebKit/537.36 (KHTML, like Gecko) Chrome/27.0.1453.116 Safari/537.36"
66.90.244.94 - - [13/Aug/2013:15:02:49 -0400] "GET /Eye_Pieces/Eyewear_files/shapeimage_6_link_0.png HTTP/1.1" 200 881 "http://eyepiecestexas.com/Eye_Pieces/Eyewear.html" "Mozilla/5.0 (Windows NT 6.1; WOW64) AppleWebKit/537.36 (KHTML, like Gecko) Chrome/27.0.1453.116 Safari/537.36"
66.90.244.94 - - [13/Aug/2013:15:02:49 -0400] "GET /Eye_Pieces/Eyewear_files/shapeimage_8.png HTTP/1.1" 200 201 "http://eyepiecestexas.com/Eye_Pieces/Eyewear.html" "Mozilla/5.0 (Windows NT 6.1; WOW64) AppleWebKit/537.36 (KHTML, like Gecko) Chrome/27.0.1453.116 Safari/537.36"
66.90.244.94 - - [13/Aug/2013:15:02:49 -0400] "GET /Eye_Pieces/Eyewear_files/shapeimage_9_link_0.png HTTP/1.1" 200 1402 "http://eyepiecestexas.com/Eye_Pieces/Eyewear.html" "Mozilla/5.0 (Windows NT 6.1; WOW64) AppleWebKit/537.36 (KHTML, like Gecko) Chrome/27.0.1453.116 Safari/537.36"
66.90.244.94 - - [13/Aug/2013:15:02:49 -0400] "GET /Eye_Pieces/Eyewear_files/shapeimage_11.png HTTP/1.1" 200 1361 "http://eyepiecestexas.com/Eye_Pieces/Eyewear.html" "Mozilla/5.0 (Windows NT 6.1; WOW64) AppleWebKit/537.36 (KHTML, like Gecko) Chrome/27.0.1453.116 Safari/537.36"
66.90.244.94 - - [13/Aug/2013:15:02:49 -0400] "GET /Eye_Pieces/Eyewear_files/shapeimage_13.png HTTP/1.1" 200 206 "http://eyepiecestexas.com/Eye_Pieces/Eyewear.html" "Mozilla/5.0 (Windows NT 6.1; WOW64) AppleWebKit/537.36 (KHTML, like Gecko) Chrome/27.0.1453.116 Safari/537.36"
66.90.244.94 - - [13/Aug/2013:15:02:49 -0400] "GET /Eye_Pieces/Eyewear_files/shapeimage_14_link_0.png HTTP/1.1" 200 1094 "http://eyepiecestexas.com/Eye_Pieces/Eyewear.html" "Mozilla/5.0 (Windows NT 6.1; WOW64) AppleWebKit/537.36 (KHTML, like Gecko) Chrome/27.0.1453.116 Safari/537.36"
66.90.244.94 - - [13/Aug/2013:15:02:49 -0400] "GET /Eye_Pieces/Eyewear_files/shapeimage_17.png HTTP/1.1" 200 200 "http://eyepiecestexas.com/Eye_Pieces/Eyewear.html" "Mozilla/5.0 (Windows NT 6.1; WOW64) AppleWebKit/537.36 (KHTML, like Gecko) Chrome/27.0.1453.116 Safari/537.36"
66.90.244.94 - - [13/Aug/2013:15:02:49 -0400] "GET /Eye_Pieces/Eyewear_files/shapeimage_18.png HTTP/1.1" 200 200 "http://eyepiecestexas.com/Eye_Pieces/Eyewear.html" "Mozilla/5.0 (Windows NT 6.1; WOW64) AppleWebKit/537.36 (KHTML, like Gecko) Chrome/27.0.1453.116 Safari/537.36"
66.90.244.94 - - [13/Aug/2013:15:02:51 -0400] "GET /Eye_Pieces/Eyewear_files/shapeimage_21.png HTTP/1.1" 200 197 "http://eyepiecestexas.com/Eye_Pieces/Eyewear.html" "Mozilla/5.0 (Windows NT 6.1; WOW64) AppleWebKit/537.36 (KHTML, like Gecko) Chrome/27.0.1453.116 Safari/537.36"
66.90.244.94 - - [13/Aug/2013:15:02:51 -0400] "GET /Eye_Pieces/Eyewear_files/shapeimage_23.png HTTP/1.1" 200 207 "http://eyepiecestexas.com/Eye_Pieces/Eyewear.html" "Mozilla/5.0 (Windows NT 6.1; WOW64) AppleWebKit/537.36 (KHTML, like Gecko) Chrome/27.0.1453.116 Safari/537.36"
66.90.244.94 - - [13/Aug/2013:15:02:51 -0400] "GET /Eye_Pieces/Eyewear_files/shapeimage_23_link_0.png HTTP/1.1" 200 1025 "http://eyepiecestexas.com/Eye_Pieces/Eyewear.html" "Mozilla/5.0 (Windows NT 6.1; WOW64) AppleWebKit/537.36 (KHTML, like Gecko) Chrome/27.0.1453.116 Safari/537.36"
66.90.244.94 - - [13/Aug/2013:15:02:51 -0400] "GET /Eye_Pieces/Eyewear_files/shapeimage_25_link_0.png HTTP/1.1" 200 1069 "http://eyepiecestexas.com/Eye_Pieces/Eyewear.html" "Mozilla/5.0 (Windows NT 6.1; WOW64) AppleWebKit/537.36 (KHTML, like Gecko) Chrome/27.0.1453.116 Safari/537.36"
66.90.244.94 - - [13/Aug/2013:15:02:51 -0400] "GET /Eye_Pieces/Eyewear_files/shapeimage_28_link_0.png HTTP/1.1" 200 1020 "http://eyepiecestexas.com/Eye_Pieces/Eyewear.html" "Mozilla/5.0 (Windows NT 6.1; WOW64) AppleWebKit/537.36 (KHTML, like Gecko) Chrome/27.0.1453.116 Safari/537.36"
66.90.244.94 - - [13/Aug/2013:15:02:51 -0400] "GET /Eye_Pieces/Eyewear_files/shapeimage_30_link_0.png HTTP/1.1" 200 992 "http://eyepiecestexas.com/Eye_Pieces/Eyewear.html" "Mozilla/5.0 (Windows NT 6.1; WOW64) AppleWebKit/537.36 (KHTML, like Gecko) Chrome/27.0.1453.116 Safari/537.36"
66.90.244.94 - - [13/Aug/2013:15:02:52 -0400] "GET /Eye_Pieces/Eyewear_files/shapeimage_5_rollover_0.png HTTP/1.1" 200 1433 "http://eyepiecestexas.com/Eye_Pieces/Eyewear.html" "Mozilla/5.0 (Windows NT 6.1; WOW64) AppleWebKit/537.36 (KHTML, like Gecko) Chrome/27.0.1453.116 Safari/537.36"
66.90.244.94 - - [13/Aug/2013:15:02:52 -0400] "GET /Eye_Pieces/Eyewear_files/shapeimage_14_rollover_0.png HTTP/1.1" 200 1606 "http://eyepiecestexas.com/Eye_Pieces/Eyewear.html" "Mozilla/5.0 (Windows NT 6.1; WOW64) AppleWebKit/537.36 (KHTML, like Gecko) Chrome/27.0.1453.116 Safari/537.36"
66.90.244.94 - - [13/Aug/2013:15:02:52 -0400] "GET /Eye_Pieces/Eyewear_files/shapeimage_20_rollover_0.png HTTP/1.1" 200 1041 "http://eyepiecestexas.com/Eye_Pieces/Eyewear.html" "Mozilla/5.0 (Windows NT 6.1; WOW64) AppleWebKit/537.36 (KHTML, like Gecko) Chrome/27.0.1453.116 Safari/537.36"
66.90.244.94 - - [13/Aug/2013:15:02:52 -0400] "GET /Eye_Pieces/Eyewear_files/shapeimage_24_rollover_0.png HTTP/1.1" 200 2434 "http://eyepiecestexas.com/Eye_Pieces/Eyewear.html" "Mozilla/5.0 (Windows NT 6.1; WOW64) AppleWebKit/537.36 (KHTML, like Gecko) Chrome/27.0.1453.116 Safari/537.36"
166.147.72.176 - - [13/Aug/2013:15:53:21 -0400] "GET /eyewear/files/stacks_page_page2.css HTTP/1.1" 200 15595 "http://eyepiecestexas.com/eyewear/" "Mozilla/5.0 (iPad; CPU OS 6_1_3 like Mac OS X) AppleWebKit/536.26 (KHTML, like Gecko) Version/6.0 Mobile/10B329 Safari/8536.25"
166.147.72.176 - - [13/Aug/2013:15:53:22 -0400] "GET /rw_common/themes/dexture/scripts/jquery.fancyzoom.js HTTP/1.1" 200 6272 "http://eyepiecestexas.com/eyewear/" "Mozilla/5.0 (iPad; CPU OS 6_1_3 like Mac OS X) AppleWebKit/536.26 (KHTML, like Gecko) Version/6.0 Mobile/10B329 Safari/8536.25"
166.147.72.176 - - [13/Aug/2013:15:53:23 -0400] "GET /eyewear/files/stacks_image_347.jpg HTTP/1.1" 200 4110 "http://eyepiecestexas.com/eyewear/" "Mozilla/5.0 (iPad; CPU OS 6_1_3 like Mac OS X) AppleWebKit/536.26 (KHTML, like Gecko) Version/6.0 Mobile/10B329 Safari/8536.25"
166.147.72.176 - - [13/Aug/2013:15:53:23 -0400] "GET /eyewear/files/stacks_image_440.jpg HTTP/1.1" 200 10518 "http://eyepiecestexas.com/eyewear/" "Mozilla/5.0 (iPad; CPU OS 6_1_3 like Mac OS X) AppleWebKit/536.26 (KHTML, like Gecko) Version/6.0 Mobile/10B329 Safari/8536.25"
166.147.72.176 - - [13/Aug/2013:15:53:23 -0400] "GET /eyewear/files/stacks_image_446.png HTTP/1.1" 200 8076 "http://eyepiecestexas.com/eyewear/" "Mozilla/5.0 (iPad; CPU OS 6_1_3 like Mac OS X) AppleWebKit/536.26 (KHTML, like Gecko) Version/6.0 Mobile/10B329 Safari/8536.25"
166.147.72.176 - - [13/Aug/2013:15:53:23 -0400] "GET /eyewear/files/stacks_image_450.jpg HTTP/1.1" 200 8710 "http://eyepiecestexas.com/eyewear/" "Mozilla/5.0 (iPad; CPU OS 6_1_3 like Mac OS X) AppleWebKit/536.26 (KHTML, like Gecko) Version/6.0 Mobile/10B329 Safari/8536.25"
166.147.72.176 - - [13/Aug/2013:15:53:23 -0400] "GET /eyewear/files/stacks_image_506.jpg HTTP/1.1" 200 5890 "http://eyepiecestexas.com/eyewear/" "Mozilla/5.0 (iPad; CPU OS 6_1_3 like Mac OS X) AppleWebKit/536.26 (KHTML, like Gecko) Version/6.0 Mobile/10B329 Safari/8536.25"
166.147.72.176 - - [13/Aug/2013:15:53:23 -0400] "GET /eyewear/files/stacks_image_510.jpg HTTP/1.1" 200 9275 "http://eyepiecestexas.com/eyewear/" "Mozilla/5.0 (iPad; CPU OS 6_1_3 like Mac OS X) AppleWebKit/536.26 (KHTML, like Gecko) Version/6.0 Mobile/10B329 Safari/8536.25"
166.147.72.176 - - [13/Aug/2013:15:53:23 -0400] "GET /eyewear/files/stacks_image_536.jpg HTTP/1.1" 200 4837 "http://eyepiecestexas.com/eyewear/" "Mozilla/5.0 (iPad; CPU OS 6_1_3 like Mac OS X) AppleWebKit/536.26 (KHTML, like Gecko) Version/6.0 Mobile/10B329 Safari/8536.25"
166.147.72.176 - - [13/Aug/2013:15:53:23 -0400] "GET /eyewear/files/stacks_image_540.jpg HTTP/1.1" 200 11363 "http://eyepiecestexas.com/eyewear/" "Mozilla/5.0 (iPad; CPU OS 6_1_3 like Mac OS X) AppleWebKit/536.26 (KHTML, like Gecko) Version/6.0 Mobile/10B329 Safari/8536.25"
166.147.72.176 - - [13/Aug/2013:15:53:24 -0400] "GET /eyewear/files/stacks_image_556.jpg HTTP/1.1" 200 9107 "http://eyepiecestexas.com/eyewear/" "Mozilla/5.0 (iPad; CPU OS 6_1_3 like Mac OS X) AppleWebKit/536.26 (KHTML, like Gecko) Version/6.0 Mobile/10B329 Safari/8536.25"
166.147.72.176 - - [13/Aug/2013:15:53:24 -0400] "GET /eyewear/files/stacks_image_562.jpg HTTP/1.1" 200 11332 "http://eyepiecestexas.com/eyewear/" "Mozilla/5.0 (iPad; CPU OS 6_1_3 like Mac OS X) AppleWebKit/536.26 (KHTML, like Gecko) Version/6.0 Mobile/10B329 Safari/8536.25"
166.147.72.176 - - [13/Aug/2013:15:53:24 -0400] "GET /eyewear/files/stacks_image_590.jpg HTTP/1.1" 200 15022 "http://eyepiecestexas.com/eyewear/" "Mozilla/5.0 (iPad; CPU OS 6_1_3 like Mac OS X) AppleWebKit/536.26 (KHTML, like Gecko) Version/6.0 Mobile/10B329 Safari/8536.25"
166.147.72.176 - - [13/Aug/2013:15:53:24 -0400] "GET /eyewear/files/stacks_image_594.jpg HTTP/1.1" 200 14177 "http://eyepiecestexas.com/eyewear/" "Mozilla/5.0 (iPad; CPU OS 6_1_3 like Mac OS X) AppleWebKit/536.26 (KHTML, like Gecko) Version/6.0 Mobile/10B329 Safari/8536.25"
166.147.72.176 - - [13/Aug/2013:15:53:24 -0400] "GET /eyewear/files/stacks_image_176.png HTTP/1.1" 200 8845 "http://eyepiecestexas.com/eyewear/" "Mozilla/5.0 (iPad; CPU OS 6_1_3 like Mac OS X) AppleWebKit/536.26 (KHTML, like Gecko) Version/6.0 Mobile/10B329 Safari/8536.25"
166.147.72.176 - - [13/Aug/2013:15:53:24 -0400] "GET /eyewear/files/stacks_image_616.jpg HTTP/1.1" 200 13634 "http://eyepiecestexas.com/eyewear/" "Mozilla/5.0 (iPad; CPU OS 6_1_3 like Mac OS X) AppleWebKit/536.26 (KHTML, like Gecko) Version/6.0 Mobile/10B329 Safari/8536.25"
64.129.148.94 - - [13/Aug/2013:17:41:11 -0400] "GET /rw_common/themes/dexture/images/pageTopGradient.png HTTP/1.1" 200 1338 "http://eyepiecestexas.com/" "Mozilla/4.0 (compatible; MSIE 8.0; Windows NT 5.1; Trident/4.0; .NET CLR 1.1.4322; .NET CLR 2.0.50727; .NET CLR 3.0.4506.2152; .NET CLR 3.5.30729; .NET4.0C; .NET4.0E)"
64.129.148.94 - - [13/Aug/2013:17:41:11 -0400] "GET /files/stacks_image_164.png HTTP/1.1" 200 3361 "http://eyepiecestexas.com/" "Mozilla/4.0 (compatible; MSIE 8.0; Windows NT 5.1; Trident/4.0; .NET CLR 1.1.4322; .NET CLR 2.0.50727; .NET CLR 3.0.4506.2152; .NET CLR 3.5.30729; .NET4.0C; .NET4.0E)"
64.129.148.94 - - [13/Aug/2013:17:41:11 -0400] "GET /rw_common/themes/dexture/scripts/PIE.htc HTTP/1.1" 200 40673 "-" "Mozilla/4.0 (compatible; MSIE 8.0; Windows NT 5.1; Trident/4.0; .NET CLR 1.1.4322; .NET CLR 2.0.50727; .NET CLR 3.0.4506.2152; .NET CLR 3.5.30729; .NET4.0C; .NET4.0E)"
75.111.216.4 - - [13/Aug/2013:19:34:05 -0400] "GET /Eye_Pieces/Eyewear_files/shapeimage_2.png HTTP/1.1" 200 205 "http://eyepiecestexas.com/Eye_Pieces/Eyewear.html" "Mozilla/5.0 (Macintosh; Intel Mac OS X 10_6_8) AppleWebKit/534.59.8 (KHTML, like Gecko) Version/4.0.3 Safari/531.9"
75.111.216.4 - - [13/Aug/2013:19:34:05 -0400] "GET /Eye_Pieces/Eyewear_files/shapeimage_6_link_0.png HTTP/1.1" 200 881 "http://eyepiecestexas.com/Eye_Pieces/Eyewear.html" "Mozilla/5.0 (Macintosh; Intel Mac OS X 10_6_8) AppleWebKit/534.59.8 (KHTML, like Gecko) Version/4.0.3 Safari/531.9"
75.111.216.4 - - [13/Aug/2013:19:34:05 -0400] "GET /Eye_Pieces/Eyewear_files/shapeimage_10.png HTTP/1.1" 200 195 "http://eyepiecestexas.com/Eye_Pieces/Eyewear.html" "Mozilla/5.0 (Macintosh; Intel Mac OS X 10_6_8) AppleWebKit/534.59.8 (KHTML, like Gecko) Version/4.0.3 Safari/531.9"
75.111.216.4 - - [13/Aug/2013:19:34:05 -0400] "GET /Eye_Pieces/Eyewear_files/shapeimage_13.png HTTP/1.1" 200 206 "http://eyepiecestexas.com/Eye_Pieces/Eyewear.html" "Mozilla/5.0 (Macintosh; Intel Mac OS X 10_6_8) AppleWebKit/534.59.8 (KHTML, like Gecko) Version/4.0.3 Safari/531.9"
75.111.216.4 - - [13/Aug/2013:19:34:05 -0400] "GET /Eye_Pieces/Eyewear_files/shapeimage_17_link_0.png HTTP/1.1" 200 1311 "http://eyepiecestexas.com/Eye_Pieces/Eyewear.html" "Mozilla/5.0 (Macintosh; Intel Mac OS X 10_6_8) AppleWebKit/534.59.8 (KHTML, like Gecko) Version/4.0.3 Safari/531.9"
75.111.216.4 - - [13/Aug/2013:19:34:05 -0400] "GET /Eye_Pieces/Eyewear_files/shapeimage_20_link_0.png HTTP/1.1" 200 728 "http://eyepiecestexas.com/Eye_Pieces/Eyewear.html" "Mozilla/5.0 (Macintosh; Intel Mac OS X 10_6_8) AppleWebKit/534.59.8 (KHTML, like Gecko) Version/4.0.3 Safari/531.9"
