65.55.215.61 - - [13/Aug/2013:02:04:13 -0400] "GET /robots.txt HTTP/1.1" 200 48 "-" "msnbot-media/1.1 (+http://search.msn.com/msnbot.htm)"
15.227.185.76 - - [13/Aug/2013:10:28:05 -0400] "GET /rw_common/themes/dexture/consolidated-handheld-8.css HTTP/1.1" 200 13394 "http://www.eyepiecestexas.com/staff/" "Mozilla/4.0 (compatible; MSIE 8.0; Windows NT 6.1; WOW64; Trident/4.0; GTB7.5; SLCC2; .NET CLR 2.0.50727; .NET CLR 3.5.30729; .NET CLR 3.0.30729; Media Center PC 6.0; InfoPath.3)"
15.227.185.76 - - [13/Aug/2013:10:29:00 -0400] "GET /contactlens/ HTTP/1.1" 200 13977 "http://www.eyepiecestexas.com/staff/" "Mozilla/4.0 (compatible; MSIE 8.0; Windows NT 6.1; WOW64; Trident/4.0; GTB7.5; SLCC2; .NET CLR 2.0.50727; .NET CLR 3.5.30729; .NET CLR 3.0.30729; Media Center PC 6.0; InfoPath.3)"
15.227.185.76 - - [13/Aug/2013:10:29:01 -0400] "GET /rw_common/themes/rw_common/plugins/stacks/stacks_ie.css HTTP/1.1" 200 2819 "http://www.eyepiecestexas.com/contactlens/" "Mozilla/4.0 (compatible; MSIE 8.0; Windows NT 6.1; WOW64; Trident/4.0; GTB7.5; SLCC2; .NET CLR 2.0.50727; .NET CLR 3.5.30729; .NET CLR 3.0.30729; Media Center PC 6.0; InfoPath.3)"
171.161.160.10 - - [13/Aug/2013:11:53:07 -0400] "GET /files/rdc_9289.jpg HTTP/1.1" 200 24706 "-" "Mozilla/4.0 (compatible;)"
171.161.160.10 - - [13/Aug/2013:11:53:34 -0400] "GET /eyewear/files/stacks_image_416.jpg HTTP/1.1" 200 10524 "-" "Mozilla/4.0 (compatible;)"
171.161.160.10 - - [13/Aug/2013:11:54:33 -0400] "GET /rw_common/themes/dexture/css/ie7.css HTTP/1.1" 200 4819 "http://eyepiecestexas.com/promotions/" "Mozilla/4.0 (compatible; MSIE 7.0; Windows NT 5.1; .NET CLR 2.0.50727; .NET CLR 3.0.4506.2152; .NET4.0C; .NET4.0E; InfoPath.2; MS-RTC S; .NET CLR 3.5.30729)"
71.244.30.87 - - [13/Aug/2013:11:56:43 -0400] "GET /rw_common/themes/dexture/scripts/jquery.fancyzoom.js HTTP/1.1" 200 6272 "http://eyepiecestexas.com/eyewear/" "Mozilla/5.0 (iPad; CPU OS 6_1_3 like Mac OS X) AppleWebKit/536.26 (KHTML, like Gecko) Version/6.0 Mobile/10B329 Safari/8536.25"
171.161.160.10 - - [13/Aug/2013:11:58:56 -0400] "GET /about/files/stacks_image_713.png HTTP/1.1" 200 2265 "-" "Mozilla/4.0 (compatible;)"
66.90.244.94 - - [13/Aug/2013:15:02:47 -0400] "GET /Eye_Pieces/Eyewear_files/Eyewear.js HTTP/1.1" 200 1992 "http://eyepiecestexas.com/Eye_Pieces/Eyewear.html" "Mozilla/5.0 (Windows NT 6.1; WOW64) AppleWebKit/537.36 (KHTML, like Gecko) Chrome/27.0.1453.116 Safari/537.36"
66.90.244.94 - - [13/Aug/2013:15:02:48 -0400] "GET /Eye_Pieces/Eyewear_files/shapeimage_1.jpg HTTP/1.1" 200 881 "http://eyepiecestexas.com/Eye_Pieces/Eyewear.html" "Mozilla/5.0 (Windows NT 6.1; WOW64) AppleWebKit/537.36 (KHTML, like Gecko) Chrome/27.0.1453.116 Safari/537.36"
66.90.244.94 - - [13/Aug/2013:15:02:51 -0400] "GET /Eye_Pieces/Eyewear_files/shapeimage_25.png HTTP/1.1" 200 206 "http://eyepiecestexas.com/Eye_Pieces/Eyewear.html" "Mozilla/5.0 (Windows NT 6.1; WOW64) AppleWebKit/537.36 (KHTML, like Gecko) Chrome/27.0.1453.116 Safari/537.36"
66.90.244.94 - - [13/Aug/2013:15:02:51 -0400] "GET /Eye_Pieces/Eyewear_files/shapeimage_30.png HTTP/1.1" 200 207 "http://eyepiecestexas.com/Eye_Pieces/Eyewear.html" "Mozilla/5.0 (Windows NT 6.1; WOW64) AppleWebKit/537.36 (KHTML, like Gecko) Chrome/27.0.1453.116 Safari/537.36"
66.90.244.94 - - [13/Aug/2013:15:02:52 -0400] "GET /Eye_Pieces/Eyewear_files/shapeimage_4_rollover_0.png HTTP/1.1" 200 2415 "http://eyepiecestexas.com/Eye_Pieces/Eyewear.html" "Mozilla/5.0 (Windows NT 6.1; WOW64) AppleWebKit/537.36 (KHTML, like Gecko) Chrome/27.0.1453.116 Safari/537.36"
66.90.244.94 - - [13/Aug/2013:15:02:52 -0400] "GET /Eye_Pieces/Eyewear_files/shapeimage_13_rollover_0.png HTTP/1.1" 200 1458 "http://eyepiecestexas.com/Eye_Pieces/Eyewear.html" "Mozilla/5.0 (Windows NT 6.1; WOW64) AppleWebKit/537.36 (KHTML, like Gecko) Chrome/27.0.1453.116 Safari/537.36"
66.90.244.94 - - [13/Aug/2013:15:02:52 -0400] "GET /Eye_Pieces/Eyewear_files/shapeimage_21_rollover_0.png HTTP/1.1" 200 2049 "http://eyepiecestexas.com/Eye_Pieces/Eyewear.html" "Mozilla/5.0 (Windows NT 6.1; WOW64) AppleWebKit/537.36 (KHTML, like Gecko) Chrome/27.0.1453.116 Safari/537.36"
66.90.244.94 - - [13/Aug/2013:15:02:52 -0400] "GET /Eye_Pieces/Eyewear_files/shapeimage_28_rollover_0.png HTTP/1.1" 200 1511 "http://eyepiecestexas.com/Eye_Pieces/Eyewear.html" "Mozilla/5.0 (Windows NT 6.1; WOW64) AppleWebKit/537.36 (KHTML, like Gecko) Chrome/27.0.1453.116 Safari/537.36"
76.199.215.46 - - [13/Aug/2013:15:18:58 -0400] "GET /favicon.ico HTTP/1.1" 200 5819 "-" "Mozilla/5.0 (compatible; MSIE 10.0; Windows NT 6.2; Win64; x64; Trident/6.0; MDDCJS)"
76.199.215.46 - - [13/Aug/2013:15:31:11 -0400] "GET /rw_common/themes/dexture/scripts/nimblehost.js HTTP/1.1" 304 - "http://eyepiecestexas.com/" "Mozilla/5.0 (compatible; MSIE 10.0; Windows NT 6.1; WOW64; Trident/6.0)"
76.199.215.46 - - [13/Aug/2013:15:31:11 -0400] "GET /files/stacks_page_page0.css HTTP/1.1" 304 - "http://eyepiecestexas.com/" "Mozilla/5.0 (compatible; MSIE 10.0; Windows NT 6.1; WOW64; Trident/6.0)"
76.199.215.46 - - [13/Aug/2013:15:31:11 -0400] "GET /files/stacks_image_165.png HTTP/1.1" 304 - "http://eyepiecestexas.com/" "Mozilla/5.0 (compatible; MSIE 10.0; Windows NT 6.1; WOW64; Trident/6.0)"
76.199.215.46 - - [13/Aug/2013:15:31:12 -0400] "GET /rw_common/themes/dexture/images/darkAlphaBg.png HTTP/1.1" 304 - "http://eyepiecestexas.com/" "Mozilla/5.0 (compatible; MSIE 10.0; Windows NT 6.1; WOW64; Trident/6.0)"
76.199.215.46 - - [13/Aug/2013:15:31:12 -0400] "GET /rw_common/themes/dexture/images/editable_images/image11.jpg HTTP/1.1" 304 - "http://eyepiecestexas.com/" "Mozilla/5.0 (compatible; MSIE 10.0; Windows NT 6.1; WOW64; Trident/6.0)"
76.199.215.46 - - [13/Aug/2013:15:31:12 -0400] "GET /rw_common/themes/dexture/images/upperShadow.png HTTP/1.1" 304 - "http://eyepiecestexas.com/" "Mozilla/5.0 (compatible; MSIE 10.0; Windows NT 6.1; WOW64; Trident/6.0)"
218.30.103.37 - - [13/Aug/2013:16:46:22 -0400] "GET / HTTP/1.1" 200 16359 "-" "Sogou web spider/4.0(+http://www.sogou.com/docs/help/webmasters.htm#07)"
72.14.199.35 - - [13/Aug/2013:17:12:15 -0400] "GET /feed HTTP/1.1" 200 4319 "-" "Feedfetcher-Google; (+http://www.google.com/feedfetcher.html; 1 subscribers; feed-id=11757162533075784121)"
76.199.215.46 - - [13/Aug/2013:18:48:15 -0400] "GET /rw_common/themes/dexture/images/editable_images/paper.png HTTP/1.1" 304 - "http://eyepiecestexas.com/" "Mozilla/5.0 (compatible; MSIE 10.0; Windows NT 6.1; WOW64; Trident/6.0)"
76.199.215.46 - - [13/Aug/2013:18:48:15 -0400] "GET /resources/Dream_Orphans_700.font.js?_=1376434087030 HTTP/1.1" 200 36773 "http://eyepiecestexas.com/" "Mozilla/5.0 (compatible; MSIE 10.0; Windows NT 6.1; WOW64; Trident/6.0)"
75.111.216.4 - - [13/Aug/2013:19:34:35 -0400] "GET /Eye_Pieces/Silhouette_files/silhouette_eyewear_1.jpg HTTP/1.1" 200 13484 "http://eyepiecestexas.com/Eye_Pieces/Silhouette.html" "Mozilla/5.0 (Macintosh; Intel Mac OS X 10_6_8) AppleWebKit/534.59.8 (KHTML, like Gecko) Version/4.0.3 Safari/531.9"
15.227.185.76 - - [13/Aug/2013:10:28:05 -0400] "GET /staff/files/fullpath_207.jpg HTTP/1.1" 200 17081 "http://www.eyepiecestexas.com/staff/" "Mozilla/4.0 (compatible; MSIE 8.0; Windows NT 6.1; WOW64; Trident/4.0; GTB7.5; SLCC2; .NET CLR 2.0.50727; .NET CLR 3.5.30729; .NET CLR 3.0.30729; Media Center PC 6.0; InfoPath.3)"
171.161.160.10 - - [13/Aug/2013:11:53:19 -0400] "GET /rw_common/themes/dexture/images/mainContentCornerShadowRight.png HTTP/1.1" 200 1442 "http://eyepiecestexas.com/" "Mozilla/4.0 (compatible; MSIE 7.0; Windows NT 5.1; .NET CLR 2.0.50727; .NET CLR 3.0.4506.2152; .NET4.0C; .NET4.0E; InfoPath.2; MS-RTC S; .NET CLR 3.5.30729)"
171.161.160.10 - - [13/Aug/2013:11:53:19 -0400] "GET /rw_common/themes/dexture/images/editable_images/concrete.png HTTP/1.1" 200 198645 "http://eyepiecestexas.com/" "Mozilla/4.0 (compatible; MSIE 7.0; Windows NT 5.1; .NET CLR 2.0.50727; .NET CLR 3.0.4506.2152; .NET4.0C; .NET4.0E; InfoPath.2; MS-RTC S; .NET CLR 3.5.30729)"
171.161.160.10 - - [13/Aug/2013:11:53:19 -0400] "GET /rw_common/themes/dexture/images/ec6TopShadow.png HTTP/1.1" 200 49422 "http://eyepiecestexas.com/" "Mozilla/4.0 (compatible; MSIE 7.0; Windows NT 5.1; .NET CLR 2.0.50727; .NET CLR 3.0.4506.2152; .NET4.0C; .NET4.0E; InfoPath.2; MS-RTC S; .NET CLR 3.5.30729)"
171.161.160.10 - - [13/Aug/2013:11:53:19 -0400] "GET /rw_common/themes/dexture/images/upperShadow.png HTTP/1.1" 200 218 "http://eyepiecestexas.com/" "Mozilla/4.0 (compatible; MSIE 7.0; Windows NT 5.1; .NET CLR 2.0.50727; .NET CLR 3.0.4506.2152; .NET4.0C; .NET4.0E; InfoPath.2; MS-RTC S; .NET CLR 3.5.30729)"
171.161.160.10 - - [13/Aug/2013:11:53:19 -0400] "GET /rw_common/themes/dexture/images/bottomShadow.png HTTP/1.1" 200 204 "http://eyepiecestexas.com/" "Mozilla/4.0 (compatible; MSIE 7.0; Windows NT 5.1; .NET CLR 2.0.50727; .NET CLR 3.0.4506.2152; .NET4.0C; .NET4.0E; InfoPath.2; MS-RTC S; .NET CLR 3.5.30729)"
171.161.160.10 - - [13/Aug/2013:11:53:19 -0400] "GET /rw_common/themes/dexture/scripts/ie7.js HTTP/1.1" 200 253 "http://eyepiecestexas.com/" "Mozilla/4.0 (compatible; MSIE 7.0; Windows NT 5.1; .NET CLR 2.0.50727; .NET CLR 3.0.4506.2152; .NET4.0C; .NET4.0E; InfoPath.2; MS-RTC S; .NET CLR 3.5.30729)"
171.161.160.10 - - [13/Aug/2013:11:53:20 -0400] "GET /rw_common/themes/dexture/images/closebox.png HTTP/1.1" 200 1910 "http://eyepiecestexas.com/" "Mozilla/4.0 (compatible; MSIE 7.0; Windows NT 5.1; .NET CLR 2.0.50727; .NET CLR 3.0.4506.2152; .NET4.0C; .NET4.0E; InfoPath.2; MS-RTC S; .NET CLR 3.5.30729)"
171.161.160.10 - - [13/Aug/2013:11:53:20 -0400] "GET /rw_common/themes/dexture/images/br.png HTTP/1.1" 200 1808 "http://eyepiecestexas.com/" "Mozilla/4.0 (compatible; MSIE 7.0; Windows NT 5.1; .NET CLR 2.0.50727; .NET CLR 3.0.4506.2152; .NET4.0C; .NET4.0E; InfoPath.2; MS-RTC S; .NET CLR 3.5.30729)"
171.161.160.10 - - [13/Aug/2013:11:53:20 -0400] "GET /rw_common/themes/dexture/images/bm.png HTTP/1.1" 200 1330 "http://eyepiecestexas.com/" "Mozilla/4.0 (compatible; MSIE 7.0; Windows NT 5.1; .NET CLR 2.0.50727; .NET CLR 3.0.4506.2152; .NET4.0C; .NET4.0E; InfoPath.2; MS-RTC S; .NET CLR 3.5.30729)"
171.161.160.10 - - [13/Aug/2013:11:53:20 -0400] "GET /rw_common/themes/dexture/images/bl.png HTTP/1.1" 200 1833 "http://eyepiecestexas.com/" "Mozilla/4.0 (compatible; MSIE 7.0; Windows NT 5.1; .NET CLR 2.0.50727; .NET CLR 3.0.4506.2152; .NET4.0C; .NET4.0E; InfoPath.2; MS-RTC S; .NET CLR 3.5.30729)"
171.161.160.10 - - [13/Aug/2013:11:53:20 -0400] "GET /rw_common/themes/dexture/images/mr.png HTTP/1.1" 200 1350 "http://eyepiecestexas.com/" "Mozilla/4.0 (compatible; MSIE 7.0; Windows NT 5.1; .NET CLR 2.0.50727; .NET CLR 3.0.4506.2152; .NET4.0C; .NET4.0E; InfoPath.2; MS-RTC S; .NET CLR 3.5.30729)"
171.161.160.10 - - [13/Aug/2013:11:53:20 -0400] "GET /rw_common/themes/dexture/images/ml.png HTTP/1.1" 200 1335 "http://eyepiecestexas.com/" "Mozilla/4.0 (compatible; MSIE 7.0; Windows NT 5.1; .NET CLR 2.0.50727; .NET CLR 3.0.4506.2152; .NET4.0C; .NET4.0E; InfoPath.2; MS-RTC S; .NET CLR 3.5.30729)"
171.161.160.10 - - [13/Aug/2013:11:53:20 -0400] "GET /rw_common/themes/dexture/images/tr.png HTTP/1.1" 200 1858 "http://eyepiecestexas.com/" "Mozilla/4.0 (compatible; MSIE 7.0; Windows NT 5.1; .NET CLR 2.0.50727; .NET CLR 3.0.4506.2152; .NET4.0C; .NET4.0E; InfoPath.2; MS-RTC S; .NET CLR 3.5.30729)"
171.161.160.10 - - [13/Aug/2013:11:53:20 -0400] "GET /rw_common/themes/dexture/images/tm.png HTTP/1.1" 200 1338 "http://eyepiecestexas.com/" "Mozilla/4.0 (compatible; MSIE 7.0; Windows NT 5.1; .NET CLR 2.0.50727; .NET CLR 3.0.4506.2152; .NET4.0C; .NET4.0E; InfoPath.2; MS-RTC S; .NET CLR 3.5.30729)"
171.161.160.10 - - [13/Aug/2013:11:53:20 -0400] "GET /rw_common/themes/dexture/images/tl.png HTTP/1.1" 200 1736 "http://eyepiecestexas.com/" "Mozilla/4.0 (compatible; MSIE 7.0; Windows NT 5.1; .NET CLR 2.0.50727; .NET CLR 3.0.4506.2152; .NET4.0C; .NET4.0E; InfoPath.2; MS-RTC S; .NET CLR 3.5.30729)"
171.161.160.10 - - [13/Aug/2013:11:53:20 -0400] "GET /resources/Dream_Orphans_700.font.js?_=1376409194327 HTTP/1.1" 200 36773 "http://eyepiecestexas.com/" "Mozilla/4.0 (compatible; MSIE 7.0; Windows NT 5.1; .NET CLR 2.0.50727; .NET CLR 3.0.4506.2152; .NET4.0C; .NET4.0E; InfoPath.2; MS-RTC S; .NET CLR 3.5.30729)"
171.161.160.10 - - [13/Aug/2013:11:53:34 -0400] "GET /eyewear/files/stacks_image_446.png HTTP/1.1" 200 8076 "-" "Mozilla/4.0 (compatible;)"
75.35.172.99 - - [13/Aug/2013:12:09:54 -0400] "GET /rw_common/themes/dexture/images/editable_images/image11.jpg HTTP/1.1" 200 74799 "http://eyepiecestexas.com/" "Mozilla/5.0 (compatible; MSIE 10.0; Windows NT 6.2; WOW64; Trident/6.0; MASMJS)"
146.127.253.12 - - [13/Aug/2013:12:54:51 -0400] "GET /rw_common/themes/dexture/consolidated-screen-5.css HTTP/1.1" 200 27899 "http://eyepiecestexas.com/contact/" "Mozilla/4.0 (compatible; MSIE 8.0; Windows NT 6.1; WOW64; Trident/4.0; SLCC2; .NET CLR 2.0.50727; .NET CLR 3.5.30729; .NET CLR 3.0.30729; Media Center PC 6.0; .NET4.0C; .NET4.0E; InfoPath.2)"
76.199.215.46 - - [13/Aug/2013:12:55:31 -0400] "GET /rw_common/themes/dexture/consolidated-print-0.css HTTP/1.1" 304 - "http://eyepiecestexas.com/" "Mozilla/5.0 (compatible; MSIE 10.0; Windows NT 6.1; WOW64; Trident/6.0)"
76.199.215.46 - - [13/Aug/2013:12:55:31 -0400] "GET /rw_common/themes/dexture/scripts/nimblehost.js HTTP/1.1" 304 - "http://eyepiecestexas.com/" "Mozilla/5.0 (compatible; MSIE 10.0; Windows NT 6.1; WOW64; Trident/6.0)"
76.199.215.46 - - [13/Aug/2013:12:55:31 -0400] "GET /rw_common/plugins/stacks/stacks.css HTTP/1.1" 304 - "http://eyepiecestexas.com/" "Mozilla/5.0 (compatible; MSIE 10.0; Windows NT 6.1; WOW64; Trident/6.0)"
76.199.215.46 - - [13/Aug/2013:12:55:31 -0400] "GET /files/stacks_page_page0.css HTTP/1.1" 304 - "http://eyepiecestexas.com/" "Mozilla/5.0 (compatible; MSIE 10.0; Windows NT 6.1; WOW64; Trident/6.0)"
76.199.215.46 - - [13/Aug/2013:12:55:31 -0400] "GET /files/stacks_image_164.png HTTP/1.1" 304 - "http://eyepiecestexas.com/" "Mozilla/5.0 (compatible; MSIE 10.0; Windows NT 6.1; WOW64; Trident/6.0)"
76.199.215.46 - - [13/Aug/2013:12:55:31 -0400] "GET /files/stacks_image_165.png HTTP/1.1" 304 - "http://eyepiecestexas.com/" "Mozilla/5.0 (compatible; MSIE 10.0; Windows NT 6.1; WOW64; Trident/6.0)"
76.199.215.46 - - [13/Aug/2013:12:55:32 -0400] "GET /rw_common/themes/dexture/images/lightAlphaBg.png HTTP/1.1" 304 - "http://eyepiecestexas.com/" "Mozilla/5.0 (compatible; MSIE 10.0; Windows NT 6.1; WOW64; Trident/6.0)"
76.199.215.46 - - [13/Aug/2013:12:55:32 -0400] "GET /rw_common/themes/dexture/images/pageTopShadow400px.png HTTP/1.1" 304 - "http://eyepiecestexas.com/" "Mozilla/5.0 (compatible; MSIE 10.0; Windows NT 6.1; WOW64; Trident/6.0)"
76.199.215.46 - - [13/Aug/2013:12:55:32 -0400] "GET /rw_common/themes/dexture/images/editable_images/concrete.png HTTP/1.1" 304 - "http://eyepiecestexas.com/" "Mozilla/5.0 (compatible; MSIE 10.0; Windows NT 6.1; WOW64; Trident/6.0)"
76.199.215.46 - - [13/Aug/2013:12:55:32 -0400] "GET /rw_common/themes/dexture/images/ec6TopShadow.png HTTP/1.1" 304 - "http://eyepiecestexas.com/" "Mozilla/5.0 (compatible; MSIE 10.0; Windows NT 6.1; WOW64; Trident/6.0)"
108.235.160.182 - - [13/Aug/2013:13:48:34 -0400] "GET /contact/ HTTP/1.1" 200 16927 "http://eyepiecestexas.com/" "Mozilla/5.0 (iPad; CPU OS 6_1_3 like Mac OS X) AppleWebKit/536.26 (KHTML, like Gecko) Version/6.0 Mobile/10B329 Safari/8536.25"
108.235.160.182 - - [13/Aug/2013:13:48:35 -0400] "GET /contact/files/stacks_image_832.png HTTP/1.1" 200 2265 "http://eyepiecestexas.com/contact/" "Mozilla/5.0 (iPad; CPU OS 6_1_3 like Mac OS X) AppleWebKit/536.26 (KHTML, like Gecko) Version/6.0 Mobile/10B329 Safari/8536.25"
108.235.160.182 - - [13/Aug/2013:13:48:36 -0400] "GET /contact/files/eye-pieces-logo-400.png HTTP/1.1" 200 10524 "http://eyepiecestexas.com/contact/" "Mozilla/5.0 (iPad; CPU OS 6_1_3 like Mac OS X) AppleWebKit/536.26 (KHTML, like Gecko) Version/6.0 Mobile/10B329 Safari/8536.25"
70.247.110.226 - - [13/Aug/2013:14:45:59 -0400] "GET /rw_common/themes/dexture/images/mainContentCornerShadowLeft.png HTTP/1.1" 200 1452 "http://eyepiecestexas.com/about/" "Mozilla/4.0 (compatible; MSIE 8.0; Windows NT 6.1; Trident/4.0; SLCC2; .NET CLR 2.0.50727; .NET CLR 3.5.30729; .NET CLR 3.0.30729; Media Center PC 6.0; .NET4.0C; .NET4.0E)"
70.247.110.226 - - [13/Aug/2013:14:45:59 -0400] "GET /about/files/stacks_image_712.png HTTP/1.1" 200 3361 "http://eyepiecestexas.com/about/" "Mozilla/4.0 (compatible; MSIE 8.0; Windows NT 6.1; Trident/4.0; SLCC2; .NET CLR 2.0.50727; .NET CLR 3.5.30729; .NET CLR 3.0.30729; Media Center PC 6.0; .NET4.0C; .NET4.0E)"
70.247.110.226 - - [13/Aug/2013:14:45:59 -0400] "GET /rw_common/themes/dexture/images/darkAlphaBg.png HTTP/1.1" 304 - "-" "Mozilla/4.0 (compatible; MSIE 8.0; Windows NT 6.1; Trident/4.0; SLCC2; .NET CLR 2.0.50727; .NET CLR 3.5.30729; .NET CLR 3.0.30729; Media Center PC 6.0; .NET4.0C; .NET4.0E)"
70.247.110.226 - - [13/Aug/2013:14:46:38 -0400] "GET /staff/ HTTP/1.1" 200 18464 "http://eyepiecestexas.com/about/" "Mozilla/4.0 (compatible; MSIE 8.0; Windows NT 6.1; Trident/4.0; SLCC2; .NET CLR 2.0.50727; .NET CLR 3.5.30729; .NET CLR 3.0.30729; Media Center PC 6.0; .NET4.0C; .NET4.0E)"
70.247.110.226 - - [13/Aug/2013:14:46:38 -0400] "GET /rw_common/themes/dexture/consolidated-screen-8.css HTTP/1.1" 200 27899 "http://eyepiecestexas.com/staff/" "Mozilla/4.0 (compatible; MSIE 8.0; Windows NT 6.1; Trident/4.0; SLCC2; .NET CLR 2.0.50727; .NET CLR 3.5.30729; .NET CLR 3.0.30729; Media Center PC 6.0; .NET4.0C; .NET4.0E)"
70.247.110.226 - - [13/Aug/2013:14:46:39 -0400] "GET /rw_common/themes/rw_common/plugins/stacks/stacks_ie.css HTTP/1.1" 200 3819 "http://eyepiecestexas.com/staff/" "Mozilla/4.0 (compatible; MSIE 8.0; Windows NT 6.1; Trident/4.0; SLCC2; .NET CLR 2.0.50727; .NET CLR 3.5.30729; .NET CLR 3.0.30729; Media Center PC 6.0; .NET4.0C; .NET4.0E)"
76.199.215.46 - - [13/Aug/2013:14:53:20 -0400] "GET /resources/Dream_Orphans_700.font.js?_=1376419994246 HTTP/1.1" 200 36773 "http://www.eyepiecestexas.com/" "Mozilla/5.0 (compatible; MSIE 10.0; Windows NT 6.2; WOW64; Trident/6.0; MDDCJS)"
66.90.244.94 - - [13/Aug/2013:15:03:28 -0400] "GET /Eye_Pieces/Promotions.html HTTP/1.1" 200 5512 "http://eyepiecestexas.com/Eye_Pieces/Maui_Jim.html" "Mozilla/5.0 (Windows NT 6.1; WOW64) AppleWebKit/537.36 (KHTML, like Gecko) Chrome/27.0.1453.116 Safari/537.36"
66.90.244.94 - - [13/Aug/2013:15:03:28 -0400] "GET /Eye_Pieces/Promotions_files/Promotions.css HTTP/1.1" 200 3216 "http://eyepiecestexas.com/Eye_Pieces/Promotions.html" "Mozilla/5.0 (Windows NT 6.1; WOW64) AppleWebKit/537.36 (KHTML, like Gecko) Chrome/27.0.1453.116 Safari/537.36"
76.199.215.46 - - [13/Aug/2013:16:37:05 -0400] "GET /favicon.ico HTTP/1.1" 200 5319 "-" "Mozilla/5.0 (compatible; MSIE 10.0; Windows NT 6.1; Win64; x64; Trident/6.0)"
72.14.199.35 - - [13/Aug/2013:17:07:38 -0400] "GET /feed HTTP/1.1" 200 5819 "-" "Feedfetcher-Google; (+http://www.google.com/feedfetcher.html; 1 subscribers; feed-id=11757162533075784121)"
72.14.199.35 - - [13/Aug/2013:17:11:13 -0400] "GET /feed HTTP/1.1" 200 3319 "-" "Feedfetcher-Google; (+http://www.google.com/feedfetcher.html; 1 subscribers; feed-id=11757162533075784121)"
66.249.75.35 - - [13/Aug/2013:02:43:42 -0400] "GET /rw_common/themes/dexture/consolidated-screen-0.css HTTP/1.1" 200 27886 "-" "Mozilla/5.0 (compatible; Googlebot/2.1; +http://www.google.com/bot.html)"
123.125.71.71 - - [13/Aug/2013:05:02:10 -0400] "GET /find-us/ HTTP/1.1" 200 15503 "-" "Mozilla/5.0 (compatible; Baiduspider/2.0; +http://www.baidu.com/search/spider.html)"
66.249.72.35 - - [13/Aug/2013:21:19:33 -0400] "GET /promotions/files/armadillo/core/css/armadilloStyles.css?v=3 HTTP/1.1" 200 4153 "-" "Mozilla/5.0 (compatible; Googlebot/2.1; +http://www.google.com/bot.html)"
15.227.185.76 - - [13/Aug/2013:10:26:15 -0400] "GET /files/stacks_image_166.png HTTP/1.1" 200 5857 "http://www.eyepiecestexas.com/" "Mozilla/4.0 (compatible; MSIE 8.0; Windows NT 6.1; WOW64; Trident/4.0; GTB7.5; SLCC2; .NET CLR 2.0.50727; .NET CLR 3.5.30729; .NET CLR 3.0.30729; Media Center PC 6.0; InfoPath.3)"
15.227.185.76 - - [13/Aug/2013:10:26:51 -0400] "GET /promotions/files/armadillo/media/SeeCoolClearly_V1.jpeg HTTP/1.1" 200 1048576 "http://www.eyepiecestexas.com/promotions/" "Mozilla/4.0 (compatible; MSIE 8.0; Windows NT 6.1; WOW64; Trident/4.0; GTB7.5; SLCC2; .NET CLR 2.0.50727; .NET CLR 3.5.30729; .NET CLR 3.0.30729; Media Center PC 6.0; InfoPath.3)"
15.227.185.76 - - [13/Aug/2013:10:26:51 -0400] "GET /promotions/files/stacks_image_710.png HTTP/1.1" 200 5841 "http://www.eyepiecestexas.com/promotions/" "Mozilla/4.0 (compatible; MSIE 8.0; Windows NT 6.1; WOW64; Trident/4.0; GTB7.5; SLCC2; .NET CLR 2.0.50727; .NET CLR 3.5.30729; .NET CLR 3.0.30729; Media Center PC 6.0; InfoPath.3)"
15.227.185.76 - - [13/Aug/2013:10:29:01 -0400] "GET /contactlens/files/stacks_page_page3.js HTTP/1.1" 200 9337 "http://www.eyepiecestexas.com/contactlens/" "Mozilla/4.0 (compatible; MSIE 8.0; Windows NT 6.1; WOW64; Trident/4.0; GTB7.5; SLCC2; .NET CLR 2.0.50727; .NET CLR 3.5.30729; .NET CLR 3.0.30729; Media Center PC 6.0; InfoPath.3)"
76.199.215.46 - - [13/Aug/2013:11:15:37 -0400] "GET /favicon.ico HTTP/1.1" 200 5819 "-" "Mozilla/5.0 (compatible; MSIE 10.0; Windows NT 6.1; Win64; x64; Trident/6.0)"
171.161.160.10 - - [13/Aug/2013:11:53:35 -0400] "GET /eyewear/files/stacks_image_660.jpg HTTP/1.1" 200 16138 "-" "Mozilla/4.0 (compatible;)"
71.244.30.87 - - [13/Aug/2013:11:56:24 -0400] "GET /files/stacks_page_page0.css HTTP/1.1" 200 2289 "http://eyepiecestexas.com/" "Mozilla/5.0 (iPad; CPU OS 6_1_3 like Mac OS X) AppleWebKit/536.26 (KHTML, like Gecko) Version/6.0 Mobile/10B329 Safari/8536.25"
157.55.32.219 - - [13/Aug/2013:19:00:48 -0400] "GET /Shops_at_Legacy.html HTTP/1.0" 200 3319 "-" "Mozilla/5.0 (compatible; bingbot/2.0; +http://www.bing.com/bingbot.htm)"
75.35.172.99 - - [13/Aug/2013:12:09:49 -0400] "GET /rw_common/themes/dexture/scripts/nimblehost.js HTTP/1.1" 200 17247 "http://eyepiecestexas.com/" "Mozilla/5.0 (compatible; MSIE 10.0; Windows NT 6.2; WOW64; Trident/6.0; MASMJS)"
75.35.172.99 - - [13/Aug/2013:12:09:49 -0400] "GET /files/eye-pieces-logo-400.png HTTP/1.1" 200 10524 "http://eyepiecestexas.com/" "Mozilla/5.0 (compatible; MSIE 10.0; Windows NT 6.2; WOW64; Trident/6.0; MASMJS)"
75.35.172.99 - - [13/Aug/2013:12:09:49 -0400] "GET /files/stacks_image_166.png HTTP/1.1" 200 5857 "http://eyepiecestexas.com/" "Mozilla/5.0 (compatible; MSIE 10.0; Windows NT 6.2; WOW64; Trident/6.0; MASMJS)"
75.35.172.99 - - [13/Aug/2013:12:21:57 -0400] "GET /about/files/stacks_page_page1.css HTTP/1.1" 200 1389 "http://eyepiecestexas.com/about/" "Mozilla/5.0 (compatible; MSIE 10.0; Windows NT 6.2; WOW64; Trident/6.0; MASMJS)"
75.35.172.99 - - [13/Aug/2013:12:21:58 -0400] "GET /about/files/cufon-yui.js HTTP/1.1" 200 18258 "http://eyepiecestexas.com/about/" "Mozilla/5.0 (compatible; MSIE 10.0; Windows NT 6.2; WOW64; Trident/6.0; MASMJS)"
75.35.172.99 - - [13/Aug/2013:12:21:58 -0400] "GET /about/files/stacks_image_715.png HTTP/1.1" 200 5841 "http://eyepiecestexas.com/about/" "Mozilla/5.0 (compatible; MSIE 10.0; Windows NT 6.2; WOW64; Trident/6.0; MASMJS)"
209.85.238.178 - - [13/Aug/2013:23:30:06 -0400] "GET /feed HTTP/1.1" 200 4819 "-" "Feedfetcher-Google; (+http://www.google.com/feedfetcher.html; 1 subscribers; feed-id=11757162533075784121)"
173.199.119.35 - - [13/Aug/2013:07:12:45 -0400] "GET /promotions/?tag=%20Marc%20Jacobs HTTP/1.1" 200 16168 "-" "Mozilla/5.0 (compatible; AhrefsBot/4.0; +http://ahrefs.com/robot/)"
74.7.154.83 - - [13/Aug/2013:12:06:59 -0400] "GET /contact/ HTTP/1.1" 200 16927 "https://www.google.com/" "Mozilla/5.0 (Windows NT 6.1) AppleWebKit/537.36 (KHTML, like Gecko) Chrome/28.0.1500.95 Safari/537.36"
74.7.154.83 - - [13/Aug/2013:12:06:59 -0400] "GET /rw_common/themes/dexture/consolidated-screen-5.css HTTP/1.1" 200 27899 "http://eyepiecestexas.com/contact/" "Mozilla/5.0 (Windows NT 6.1) AppleWebKit/537.36 (KHTML, like Gecko) Chrome/28.0.1500.95 Safari/537.36"
74.7.154.83 - - [13/Aug/2013:12:07:01 -0400] "GET /rw_common/themes/dexture/consolidated-print-5.css HTTP/1.1" 200 10005 "http://eyepiecestexas.com/contact/" "Mozilla/5.0 (Windows NT 6.1) AppleWebKit/537.36 (KHTML, like Gecko) Chrome/28.0.1500.95 Safari/537.36"
74.7.154.83 - - [13/Aug/2013:12:07:01 -0400] "GET /rw_common/themes/dexture/images/mainContentCornerShadowRight.png HTTP/1.1" 200 1442 "http://eyepiecestexas.com/contact/" "Mozilla/5.0 (Windows NT 6.1) AppleWebKit/537.36 (KHTML, like Gecko) Chrome/28.0.1500.95 Safari/537.36"
74.7.154.83 - - [13/Aug/2013:12:07:01 -0400] "GET /rw_common/themes/dexture/images/darkAlphaBg.png HTTP/1.1" 200 70 "http://eyepiecestexas.com/contact/" "Mozilla/5.0 (Windows NT 6.1) AppleWebKit/537.36 (KHTML, like Gecko) Chrome/28.0.1500.95 Safari/537.36"
74.7.154.83 - - [13/Aug/2013:12:07:01 -0400] "GET /rw_common/themes/dexture/images/closebox.png HTTP/1.1" 200 1910 "http://eyepiecestexas.com/contact/" "Mozilla/5.0 (Windows NT 6.1) AppleWebKit/537.36 (KHTML, like Gecko) Chrome/28.0.1500.95 Safari/537.36"
74.7.154.83 - - [13/Aug/2013:12:07:01 -0400] "GET /contact/files/stacks_image_841.png HTTP/1.1" 200 6321 "http://eyepiecestexas.com/contact/" "Mozilla/5.0 (Windows NT 6.1) AppleWebKit/537.36 (KHTML, like Gecko) Chrome/28.0.1500.95 Safari/537.36"
75.35.172.99 - - [13/Aug/2013:12:46:20 -0400] "GET /find-us/files/stacks_page_page4.css HTTP/1.1" 200 26173 "http://eyepiecestexas.com/find-us/" "Mozilla/5.0 (compatible; MSIE 10.0; Windows NT 6.2; WOW64; Trident/6.0; MASMJS)"
75.35.172.99 - - [13/Aug/2013:12:46:22 -0400] "GET /find-us/files/parallax/arrows.png HTTP/1.1" 200 1884 "http://eyepiecestexas.com/find-us/" "Mozilla/5.0 (compatible; MSIE 10.0; Windows NT 6.2; WOW64; Trident/6.0; MASMJS)"
75.35.172.99 - - [13/Aug/2013:12:52:01 -0400] "GET /promotions/files/armadillo/core/images/loading.gif HTTP/1.1" 200 9427 "http://eyepiecestexas.com/promotions/" "Mozilla/5.0 (compatible; MSIE 10.0; Windows NT 6.2; WOW64; Trident/6.0; MASMJS)"
146.127.253.44 - - [13/Aug/2013:12:54:45 -0400] "GET /rw_common/themes/dexture/consolidated-screen-0.css HTTP/1.1" 200 27886 "http://eyepiecestexas.com/" "Mozilla/4.0 (compatible; MSIE 8.0; Windows NT 6.1; WOW64; Trident/4.0; SLCC2; .NET CLR 2.0.50727; .NET CLR 3.5.30729; .NET CLR 3.0.30729; Media Center PC 6.0; .NET4.0C; .NET4.0E; InfoPath.2)"
146.127.253.45 - - [13/Aug/2013:12:54:45 -0400] "GET /files/stacks_page_page0.css HTTP/1.1" 200 2289 "http://eyepiecestexas.com/" "Mozilla/4.0 (compatible; MSIE 8.0; Windows NT 6.1; WOW64; Trident/4.0; SLCC2; .NET CLR 2.0.50727; .NET CLR 3.5.30729; .NET CLR 3.0.30729; Media Center PC 6.0; .NET4.0C; .NET4.0E; InfoPath.2)"
146.127.253.45 - - [13/Aug/2013:12:54:45 -0400] "GET /files/stacks_image_164.png HTTP/1.1" 200 3361 "http://eyepiecestexas.com/" "Mozilla/4.0 (compatible; MSIE 8.0; Windows NT 6.1; WOW64; Trident/4.0; SLCC2; .NET CLR 2.0.50727; .NET CLR 3.5.30729; .NET CLR 3.0.30729; Media Center PC 6.0; .NET4.0C; .NET4.0E; InfoPath.2)"
146.127.253.45 - - [13/Aug/2013:12:54:45 -0400] "GET /files/stacks_image_167.png HTTP/1.1" 200 5841 "http://eyepiecestexas.com/" "Mozilla/4.0 (compatible; MSIE 8.0; Windows NT 6.1; WOW64; Trident/4.0; SLCC2; .NET CLR 2.0.50727; .NET CLR 3.5.30729; .NET CLR 3.0.30729; Media Center PC 6.0; .NET4.0C; .NET4.0E; InfoPath.2)"
146.127.253.13 - - [13/Aug/2013:12:54:51 -0400] "GET /contact/files/stacks_image_25.jpg HTTP/1.1" 200 39929 "http://eyepiecestexas.com/contact/" "Mozilla/4.0 (compatible; MSIE 8.0; Windows NT 6.1; WOW64; Trident/4.0; SLCC2; .NET CLR 2.0.50727; .NET CLR 3.5.30729; .NET CLR 3.0.30729; Media Center PC 6.0; .NET4.0C; .NET4.0E; InfoPath.2)"
76.199.215.46 - - [13/Aug/2013:13:08:08 -0400] "GET /favicon.ico HTTP/1.1" 200 4819 "-" "Mozilla/5.0 (compatible; MSIE 10.0; Windows NT 6.1; Win64; x64; Trident/6.0)"
70.247.110.226 - - [13/Aug/2013:14:45:59 -0400] "GET /about/files/stacks_image_714.png HTTP/1.1" 200 5857 "http://eyepiecestexas.com/about/" "Mozilla/4.0 (compatible; MSIE 8.0; Windows NT 6.1; Trident/4.0; SLCC2; .NET CLR 2.0.50727; .NET CLR 3.5.30729; .NET CLR 3.0.30729; Media Center PC 6.0; .NET4.0C; .NET4.0E)"
70.247.110.226 - - [13/Aug/2013:14:47:21 -0400] "GET /find-us/files/mouseCapture.png HTTP/1.1" 200 5819 "http://eyepiecestexas.com/find-us/" "Mozilla/4.0 (compatible; MSIE 8.0; Windows NT 6.1; Trident/4.0; SLCC2; .NET CLR 2.0.50727; .NET CLR 3.5.30729; .NET CLR 3.0.30729; Media Center PC 6.0; .NET4.0C; .NET4.0E)"
15.227.185.76 - - [13/Aug/2013:10:27:38 -0400] "GET /about/files/stacks_image_713.png HTTP/1.1" 200 2265 "http://www.eyepiecestexas.com/about/" "Mozilla/4.0 (compatible; MSIE 8.0; Windows NT 6.1; WOW64; Trident/4.0; GTB7.5; SLCC2; .NET CLR 2.0.50727; .NET CLR 3.5.30729; .NET CLR 3.0.30729; Media Center PC 6.0; InfoPath.3)"
15.227.185.76 - - [13/Aug/2013:10:27:38 -0400] "GET /rw_common/themes/dexture/consolidated-screen-1.css HTTP/1.1" 200 27899 "http://www.eyepiecestexas.com/about/" "Mozilla/4.0 (compatible; MSIE 8.0; Windows NT 6.1; WOW64; Trident/4.0; GTB7.5; SLCC2; .NET CLR 2.0.50727; .NET CLR 3.5.30729; .NET CLR 3.0.30729; Media Center PC 6.0; InfoPath.3)"
70.196.4.116 - - [13/Aug/2013:10:40:51 -0400] "GET /resources/Dream_Orphans_700.font.js?_=1376404850284 HTTP/1.1" 200 36773 "http://eyepiecestexas.com/" "Mozilla/5.0 (iPhone; CPU iPhone OS 6_1_4 like Mac OS X) AppleWebKit/536.26 (KHTML, like Gecko) Version/6.0 Mobile/10B350 Safari/8536.25"
171.161.160.10 - - [13/Aug/2013:11:53:35 -0400] "GET /eyewear/files/stacks_image_632.jpg HTTP/1.1" 200 9921 "-" "Mozilla/4.0 (compatible;)"
171.161.160.10 - - [13/Aug/2013:11:53:35 -0400] "GET /eyewear/files/stacks_image_688.jpg HTTP/1.1" 200 20065 "-" "Mozilla/4.0 (compatible;)"
171.161.160.10 - - [13/Aug/2013:11:54:33 -0400] "GET /rw_common/themes/dexture/consolidated-print-7.css HTTP/1.1" 200 10005 "-" "Mozilla/4.0 (compatible;)"
71.244.30.87 - - [13/Aug/2013:11:57:16 -0400] "GET /find-us/files/stacks_page_page4.css HTTP/1.1" 200 26173 "http://eyepiecestexas.com/find-us/" "Mozilla/5.0 (iPad; CPU OS 6_1_3 like Mac OS X) AppleWebKit/536.26 (KHTML, like Gecko) Version/6.0 Mobile/10B329 Safari/8536.25"
71.244.30.87 - - [13/Aug/2013:11:57:17 -0400] "GET /find-us/files/stacks_page_page4.js HTTP/1.1" 200 29537 "http://eyepiecestexas.com/find-us/" "Mozilla/5.0 (iPad; CPU OS 6_1_3 like Mac OS X) AppleWebKit/536.26 (KHTML, like Gecko) Version/6.0 Mobile/10B329 Safari/8536.25"
71.244.30.87 - - [13/Aug/2013:11:57:17 -0400] "GET /find-us/files/stacks_image_31.jpg HTTP/1.1" 200 34783 "http://eyepiecestexas.com/find-us/" "Mozilla/5.0 (iPad; CPU OS 6_1_3 like Mac OS X) AppleWebKit/536.26 (KHTML, like Gecko) Version/6.0 Mobile/10B329 Safari/8536.25"
71.244.30.87 - - [13/Aug/2013:11:57:18 -0400] "GET /find-us/files/parallax/arrows.png HTTP/1.1" 200 1884 "http://eyepiecestexas.com/find-us/" "Mozilla/5.0 (iPad; CPU OS 6_1_3 like Mac OS X) AppleWebKit/536.26 (KHTML, like Gecko) Version/6.0 Mobile/10B329 Safari/8536.25"
71.244.30.87 - - [13/Aug/2013:11:57:20 -0400] "GET /find-us/files/mouseCapture.png HTTP/1.1" 200 4319 "http://eyepiecestexas.com/find-us/" "Mozilla/5.0 (iPad; CPU OS 6_1_3 like Mac OS X) AppleWebKit/536.26 (KHTML, like Gecko) Version/6.0 Mobile/10B329 Safari/8536.25"
166.147.72.176 - - [13/Aug/2013:15:53:21 -0400] "GET /rw_common/themes/dexture/consolidated-all-2.css HTTP/1.1" 200 13449 "http://eyepiecestexas.com/eyewear/" "Mozilla/5.0 (iPad; CPU OS 6_1_3 like Mac OS X) AppleWebKit/536.26 (KHTML, like Gecko) Version/6.0 Mobile/10B329 Safari/8536.25"
166.147.72.176 - - [13/Aug/2013:15:53:22 -0400] "GET /rw_common/themes/dexture/scripts/nimblehostPulseVIP.js HTTP/1.1" 200 1205 "http://eyepiecestexas.com/eyewear/" "Mozilla/5.0 (iPad; CPU OS 6_1_3 like Mac OS X) AppleWebKit/536.26 (KHTML, like Gecko) Version/6.0 Mobile/10B329 Safari/8536.25"
166.147.72.176 - - [13/Aug/2013:15:53:23 -0400] "GET /eyewear/files/stacks_image_369.png HTTP/1.1" 200 13046 "http://eyepiecestexas.com/eyewear/" "Mozilla/5.0 (iPad; CPU OS 6_1_3 like Mac OS X) AppleWebKit/536.26 (KHTML, like Gecko) Version/6.0 Mobile/10B329 Safari/8536.25"
166.147.72.176 - - [13/Aug/2013:15:53:23 -0400] "GET /eyewear/files/stacks_image_404.jpg HTTP/1.1" 200 7391 "http://eyepiecestexas.com/eyewear/" "Mozilla/5.0 (iPad; CPU OS 6_1_3 like Mac OS X) AppleWebKit/536.26 (KHTML, like Gecko) Version/6.0 Mobile/10B329 Safari/8536.25"
166.147.72.176 - - [13/Aug/2013:15:53:23 -0400] "GET /eyewear/files/stacks_image_410.jpg HTTP/1.1" 200 9731 "http://eyepiecestexas.com/eyewear/" "Mozilla/5.0 (iPad; CPU OS 6_1_3 like Mac OS X) AppleWebKit/536.26 (KHTML, like Gecko) Version/6.0 Mobile/10B329 Safari/8536.25"
166.147.72.176 - - [13/Aug/2013:15:53:23 -0400] "GET /eyewear/files/stacks_image_416.jpg HTTP/1.1" 200 10524 "http://eyepiecestexas.com/eyewear/" "Mozilla/5.0 (iPad; CPU OS 6_1_3 like Mac OS X) AppleWebKit/536.26 (KHTML, like Gecko) Version/6.0 Mobile/10B329 Safari/8536.25"
166.147.72.176 - - [13/Aug/2013:15:53:23 -0400] "GET /eyewear/files/stacks_image_133.jpg HTTP/1.1" 200 8521 "http://eyepiecestexas.com/eyewear/" "Mozilla/5.0 (iPad; CPU OS 6_1_3 like Mac OS X) AppleWebKit/536.26 (KHTML, like Gecko) Version/6.0 Mobile/10B329 Safari/8536.25"
166.147.72.176 - - [13/Aug/2013:15:53:23 -0400] "GET /eyewear/files/stacks_image_500.jpg HTTP/1.1" 200 8384 "http://eyepiecestexas.com/eyewear/" "Mozilla/5.0 (iPad; CPU OS 6_1_3 like Mac OS X) AppleWebKit/536.26 (KHTML, like Gecko) Version/6.0 Mobile/10B329 Safari/8536.25"
166.147.72.176 - - [13/Aug/2013:15:53:23 -0400] "GET /eyewear/files/stacks_image_516.jpg HTTP/1.1" 200 7360 "http://eyepiecestexas.com/eyewear/" "Mozilla/5.0 (iPad; CPU OS 6_1_3 like Mac OS X) AppleWebKit/536.26 (KHTML, like Gecko) Version/6.0 Mobile/10B329 Safari/8536.25"
166.147.72.176 - - [13/Aug/2013:15:53:23 -0400] "GET /eyewear/files/stacks_image_520.jpg HTTP/1.1" 200 21331 "http://eyepiecestexas.com/eyewear/" "Mozilla/5.0 (iPad; CPU OS 6_1_3 like Mac OS X) AppleWebKit/536.26 (KHTML, like Gecko) Version/6.0 Mobile/10B329 Safari/8536.25"
166.147.72.176 - - [13/Aug/2013:15:53:24 -0400] "GET /eyewear/files/stacks_image_546.png HTTP/1.1" 200 14990 "http://eyepiecestexas.com/eyewear/" "Mozilla/5.0 (iPad; CPU OS 6_1_3 like Mac OS X) AppleWebKit/536.26 (KHTML, like Gecko) Version/6.0 Mobile/10B329 Safari/8536.25"
166.147.72.176 - - [13/Aug/2013:15:53:24 -0400] "GET /eyewear/files/stacks_image_550.jpg HTTP/1.1" 200 15645 "http://eyepiecestexas.com/eyewear/" "Mozilla/5.0 (iPad; CPU OS 6_1_3 like Mac OS X) AppleWebKit/536.26 (KHTML, like Gecko) Version/6.0 Mobile/10B329 Safari/8536.25"
166.147.72.176 - - [13/Aug/2013:15:53:24 -0400] "GET /eyewear/files/stacks_image_578.jpg HTTP/1.1" 200 9595 "http://eyepiecestexas.com/eyewear/" "Mozilla/5.0 (iPad; CPU OS 6_1_3 like Mac OS X) AppleWebKit/536.26 (KHTML, like Gecko) Version/6.0 Mobile/10B329 Safari/8536.25"
166.147.72.176 - - [13/Aug/2013:15:53:24 -0400] "GET /eyewear/files/stacks_image_584.jpg HTTP/1.1" 200 13837 "http://eyepiecestexas.com/eyewear/" "Mozilla/5.0 (iPad; CPU OS 6_1_3 like Mac OS X) AppleWebKit/536.26 (KHTML, like Gecko) Version/6.0 Mobile/10B329 Safari/8536.25"
166.147.72.176 - - [13/Aug/2013:15:53:24 -0400] "GET /eyewear/files/stacks_image_610.jpg HTTP/1.1" 200 6266 "http://eyepiecestexas.com/eyewear/" "Mozilla/5.0 (iPad; CPU OS 6_1_3 like Mac OS X) AppleWebKit/536.26 (KHTML, like Gecko) Version/6.0 Mobile/10B329 Safari/8536.25"
166.147.72.176 - - [13/Aug/2013:15:53:24 -0400] "GET /eyewear/files/stacks_image_137.jpg HTTP/1.1" 200 22859 "http://eyepiecestexas.com/eyewear/" "Mozilla/5.0 (iPad; CPU OS 6_1_3 like Mac OS X) AppleWebKit/536.26 (KHTML, like Gecko) Version/6.0 Mobile/10B329 Safari/8536.25"
166.147.72.176 - - [13/Aug/2013:15:53:24 -0400] "GET /eyewear/files/stacks_image_622.jpg HTTP/1.1" 200 7695 "http://eyepiecestexas.com/eyewear/" "Mozilla/5.0 (iPad; CPU OS 6_1_3 like Mac OS X) AppleWebKit/536.26 (KHTML, like Gecko) Version/6.0 Mobile/10B329 Safari/8536.25"
166.147.72.176 - - [13/Aug/2013:15:53:24 -0400] "GET /eyewear/files/stacks_image_626.jpg HTTP/1.1" 200 16440 "http://eyepiecestexas.com/eyewear/" "Mozilla/5.0 (iPad; CPU OS 6_1_3 like Mac OS X) AppleWebKit/536.26 (KHTML, like Gecko) Version/6.0 Mobile/10B329 Safari/8536.25"
166.147.72.176 - - [13/Aug/2013:15:53:25 -0400] "GET /rw_common/themes/dexture/images/pageTopGradient.png HTTP/1.1" 200 1338 "http://eyepiecestexas.com/eyewear/" "Mozilla/5.0 (iPad; CPU OS 6_1_3 like Mac OS X) AppleWebKit/536.26 (KHTML, like Gecko) Version/6.0 Mobile/10B329 Safari/8536.25"
166.147.72.176 - - [13/Aug/2013:15:53:25 -0400] "GET /rw_common/themes/dexture/images/lightAlphaBg.png HTTP/1.1" 200 179 "http://eyepiecestexas.com/eyewear/" "Mozilla/5.0 (iPad; CPU OS 6_1_3 like Mac OS X) AppleWebKit/536.26 (KHTML, like Gecko) Version/6.0 Mobile/10B329 Safari/8536.25"
166.147.72.176 - - [13/Aug/2013:15:53:26 -0400] "GET /rw_common/themes/dexture/images/editable_images/image11.jpg HTTP/1.1" 200 74799 "http://eyepiecestexas.com/eyewear/" "Mozilla/5.0 (iPad; CPU OS 6_1_3 like Mac OS X) AppleWebKit/536.26 (KHTML, like Gecko) Version/6.0 Mobile/10B329 Safari/8536.25"
166.147.72.176 - - [13/Aug/2013:15:53:26 -0400] "GET /rw_common/themes/dexture/images/mainContentCornerShadowRight.png HTTP/1.1" 200 1442 "http://eyepiecestexas.com/eyewear/" "Mozilla/5.0 (iPad; CPU OS 6_1_3 like Mac OS X) AppleWebKit/536.26 (KHTML, like Gecko) Version/6.0 Mobile/10B329 Safari/8536.25"
166.147.72.176 - - [13/Aug/2013:15:53:26 -0400] "GET /rw_common/themes/dexture/images/upperShadow.png HTTP/1.1" 200 218 "http://eyepiecestexas.com/eyewear/" "Mozilla/5.0 (iPad; CPU OS 6_1_3 like Mac OS X) AppleWebKit/536.26 (KHTML, like Gecko) Version/6.0 Mobile/10B329 Safari/8536.25"
166.147.72.176 - - [13/Aug/2013:15:53:26 -0400] "GET /rw_common/themes/dexture/images/darkAlphaBg.png HTTP/1.1" 200 70 "http://eyepiecestexas.com/eyewear/" "Mozilla/5.0 (iPad; CPU OS 6_1_3 like Mac OS X) AppleWebKit/536.26 (KHTML, like Gecko) Version/6.0 Mobile/10B329 Safari/8536.25"
166.147.72.176 - - [13/Aug/2013:15:53:26 -0400] "GET /rw_common/themes/dexture/images/bottomShadow.png HTTP/1.1" 200 204 "http://eyepiecestexas.com/eyewear/" "Mozilla/5.0 (iPad; CPU OS 6_1_3 like Mac OS X) AppleWebKit/536.26 (KHTML, like Gecko) Version/6.0 Mobile/10B329 Safari/8536.25"
166.147.72.176 - - [13/Aug/2013:15:53:26 -0400] "GET /rw_common/themes/dexture/images/closebox.png HTTP/1.1" 200 1910 "http://eyepiecestexas.com/eyewear/" "Mozilla/5.0 (iPad; CPU OS 6_1_3 like Mac OS X) AppleWebKit/536.26 (KHTML, like Gecko) Version/6.0 Mobile/10B329 Safari/8536.25"
166.147.72.176 - - [13/Aug/2013:15:53:26 -0400] "GET /eyewear/files/stacks_image_810.png HTTP/1.1" 200 6280 "http://eyepiecestexas.com/eyewear/" "Mozilla/5.0 (iPad; CPU OS 6_1_3 like Mac OS X) AppleWebKit/536.26 (KHTML, like Gecko) Version/6.0 Mobile/10B329 Safari/8536.25"
166.147.72.176 - - [13/Aug/2013:15:53:26 -0400] "GET /rw_common/themes/dexture/images/pageTopShadow400px.png HTTP/1.1" 200 1299 "http://eyepiecestexas.com/eyewear/" "Mozilla/5.0 (iPad; CPU OS 6_1_3 like Mac OS X) AppleWebKit/536.26 (KHTML, like Gecko) Version/6.0 Mobile/10B329 Safari/8536.25"
166.147.72.176 - - [13/Aug/2013:15:53:26 -0400] "GET /rw_common/themes/dexture/images/mainContentCornerShadowLeft.png HTTP/1.1" 200 1452 "http://eyepiecestexas.com/eyewear/" "Mozilla/5.0 (iPad; CPU OS 6_1_3 like Mac OS X) AppleWebKit/536.26 (KHTML, like Gecko) Version/6.0 Mobile/10B329 Safari/8536.25"
64.129.148.94 - - [13/Aug/2013:17:41:10 -0400] "GET /rw_common/themes/dexture/consolidated-print-0.css HTTP/1.1" 200 9992 "http://eyepiecestexas.com/" "Mozilla/4.0 (compatible; MSIE 8.0; Windows NT 5.1; Trident/4.0; .NET CLR 1.1.4322; .NET CLR 2.0.50727; .NET CLR 3.0.4506.2152; .NET CLR 3.5.30729; .NET4.0C; .NET4.0E)"
64.129.148.94 - - [13/Aug/2013:17:41:10 -0400] "GET /rw_common/themes/dexture/scripts/nimblehost.js HTTP/1.1" 200 17247 "http://eyepiecestexas.com/" "Mozilla/4.0 (compatible; MSIE 8.0; Windows NT 5.1; Trident/4.0; .NET CLR 1.1.4322; .NET CLR 2.0.50727; .NET CLR 3.0.4506.2152; .NET CLR 3.5.30729; .NET4.0C; .NET4.0E)"
64.129.148.94 - - [13/Aug/2013:17:41:10 -0400] "GET /rw_common/themes/dexture/javascript.js HTTP/1.1" 200 14608 "http://eyepiecestexas.com/" "Mozilla/4.0 (compatible; MSIE 8.0; Windows NT 5.1; Trident/4.0; .NET CLR 1.1.4322; .NET CLR 2.0.50727; .NET CLR 3.0.4506.2152; .NET CLR 3.5.30729; .NET4.0C; .NET4.0E)"
64.129.148.94 - - [13/Aug/2013:17:41:10 -0400] "GET /rw_common/themes/dexture/rw_common/plugins/stacks/stacks_ie.css HTTP/1.1" 200 5319 "http://eyepiecestexas.com/" "Mozilla/4.0 (compatible; MSIE 8.0; Windows NT 5.1; Trident/4.0; .NET CLR 1.1.4322; .NET CLR 2.0.50727; .NET CLR 3.0.4506.2152; .NET CLR 3.5.30729; .NET4.0C; .NET4.0E)"
75.111.216.4 - - [13/Aug/2013:19:33:49 -0400] "GET /Eye_Pieces/Scripts/Widgets/Navbar/navbar.js HTTP/1.1" 200 5986 "http://eyepiecestexas.com/Eye_Pieces/Home.html" "Mozilla/5.0 (Macintosh; Intel Mac OS X 10_6_8) AppleWebKit/534.59.8 (KHTML, like Gecko) Version/4.0.3 Safari/531.9"
75.111.216.4 - - [13/Aug/2013:19:33:54 -0400] "GET /Eye_Pieces/Home_files/stroke_3.png HTTP/1.1" 200 81 "http://eyepiecestexas.com/Eye_Pieces/Home.html" "Mozilla/5.0 (Macintosh; Intel Mac OS X 10_6_8) AppleWebKit/534.59.8 (KHTML, like Gecko) Version/4.0.3 Safari/531.9"
75.111.216.4 - - [13/Aug/2013:19:33:52 -0400] "GET /Eye_Pieces/Home_files/shapeimage_1_link_0.png HTTP/1.1" 200 3026 "http://eyepiecestexas.com/Eye_Pieces/Home.html" "Mozilla/5.0 (Macintosh; Intel Mac OS X 10_6_8) AppleWebKit/534.59.8 (KHTML, like Gecko) Version/4.0.3 Safari/531.9"
75.111.216.4 - - [13/Aug/2013:19:33:54 -0400] "GET /Eye_Pieces/Home_files/stroke_1.png HTTP/1.1" 200 81 "http://eyepiecestexas.com/Eye_Pieces/Home.html" "Mozilla/5.0 (Macintosh; Intel Mac OS X 10_6_8) AppleWebKit/534.59.8 (KHTML, like Gecko) Version/4.0.3 Safari/531.9"
75.111.216.4 - - [13/Aug/2013:19:33:54 -0400] "GET /Eye_Pieces/Home_files/stroke_6.png HTTP/1.1" 200 143 "http://eyepiecestexas.com/Eye_Pieces/Home.html" "Mozilla/5.0 (Macintosh; Intel Mac OS X 10_6_8) AppleWebKit/534.59.8 (KHTML, like Gecko) Version/4.0.3 Safari/531.9"
75.111.216.4 - - [13/Aug/2013:19:34:05 -0400] "GET /Eye_Pieces/Eyewear.html HTTP/1.1" 200 35147 "http://eyepiecestexas.com/Eye_Pieces/Home.html" "Mozilla/5.0 (Macintosh; Intel Mac OS X 10_6_8) AppleWebKit/534.59.8 (KHTML, like Gecko) Version/4.0.3 Safari/531.9"
75.111.216.4 - - [13/Aug/2013:19:34:05 -0400] "GET /Eye_Pieces/Eyewear_files/shapeimage_1.jpg HTTP/1.1" 200 881 "http://eyepiecestexas.com/Eye_Pieces/Eyewear.html" "Mozilla/5.0 (Macintosh; Intel Mac OS X 10_6_8) AppleWebKit/534.59.8 (KHTML, like Gecko) Version/4.0.3 Safari/531.9"
75.111.216.4 - - [13/Aug/2013:19:34:05 -0400] "GET /Eye_Pieces/Eyewear_files/shapeimage_4_link_0.png HTTP/1.1" 200 1579 "http://eyepiecestexas.com/Eye_Pieces/Eyewear.html" "Mozilla/5.0 (Macintosh; Intel Mac OS X 10_6_8) AppleWebKit/534.59.8 (KHTML, like Gecko) Version/4.0.3 Safari/531.9"
75.111.216.4 - - [13/Aug/2013:19:34:05 -0400] "GET /Eye_Pieces/Eyewear_files/shapeimage_5_link_0.png HTTP/1.1" 200 994 "http://eyepiecestexas.com/Eye_Pieces/Eyewear.html" "Mozilla/5.0 (Macintosh; Intel Mac OS X 10_6_8) AppleWebKit/534.59.8 (KHTML, like Gecko) Version/4.0.3 Safari/531.9"
75.111.216.4 - - [13/Aug/2013:19:34:05 -0400] "GET /Eye_Pieces/Eyewear_files/shapeimage_8.png HTTP/1.1" 200 201 "http://eyepiecestexas.com/Eye_Pieces/Eyewear.html" "Mozilla/5.0 (Macintosh; Intel Mac OS X 10_6_8) AppleWebKit/534.59.8 (KHTML, like Gecko) Version/4.0.3 Safari/531.9"
75.111.216.4 - - [13/Aug/2013:19:34:05 -0400] "GET /Eye_Pieces/Eyewear_files/shapeimage_11.png HTTP/1.1" 200 1361 "http://eyepiecestexas.com/Eye_Pieces/Eyewear.html" "Mozilla/5.0 (Macintosh; Intel Mac OS X 10_6_8) AppleWebKit/534.59.8 (KHTML, like Gecko) Version/4.0.3 Safari/531.9"
75.111.216.4 - - [13/Aug/2013:19:34:05 -0400] "GET /Eye_Pieces/Eyewear_files/shapeimage_14_link_0.png HTTP/1.1" 200 1094 "http://eyepiecestexas.com/Eye_Pieces/Eyewear.html" "Mozilla/5.0 (Macintosh; Intel Mac OS X 10_6_8) AppleWebKit/534.59.8 (KHTML, like Gecko) Version/4.0.3 Safari/531.9"
75.111.216.4 - - [13/Aug/2013:19:34:05 -0400] "GET /Eye_Pieces/Eyewear_files/shapeimage_18_link_0.png HTTP/1.1" 200 904 "http://eyepiecestexas.com/Eye_Pieces/Eyewear.html" "Mozilla/5.0 (Macintosh; Intel Mac OS X 10_6_8) AppleWebKit/534.59.8 (KHTML, like Gecko) Version/4.0.3 Safari/531.9"
75.111.216.4 - - [13/Aug/2013:19:34:05 -0400] "GET /Eye_Pieces/Eyewear_files/shapeimage_21_link_0.png HTTP/1.1" 200 1348 "http://eyepiecestexas.com/Eye_Pieces/Eyewear.html" "Mozilla/5.0 (Macintosh; Intel Mac OS X 10_6_8) AppleWebKit/534.59.8 (KHTML, like Gecko) Version/4.0.3 Safari/531.9"
75.111.216.4 - - [13/Aug/2013:19:34:05 -0400] "GET /Eye_Pieces/Eyewear_files/shapeimage_24.png HTTP/1.1" 200 206 "http://eyepiecestexas.com/Eye_Pieces/Eyewear.html" "Mozilla/5.0 (Macintosh; Intel Mac OS X 10_6_8) AppleWebKit/534.59.8 (KHTML, like Gecko) Version/4.0.3 Safari/531.9"
75.111.216.4 - - [13/Aug/2013:19:34:05 -0400] "GET /Eye_Pieces/Eyewear_files/shapeimage_26_link_0.png HTTP/1.1" 200 962 "http://eyepiecestexas.com/Eye_Pieces/Eyewear.html" "Mozilla/5.0 (Macintosh; Intel Mac OS X 10_6_8) AppleWebKit/534.59.8 (KHTML, like Gecko) Version/4.0.3 Safari/531.9"
75.111.216.4 - - [13/Aug/2013:19:34:06 -0400] "GET /Eye_Pieces/Eyewear_files/shapeimage_28_link_0.png HTTP/1.1" 200 1020 "http://eyepiecestexas.com/Eye_Pieces/Eyewear.html" "Mozilla/5.0 (Macintosh; Intel Mac OS X 10_6_8) AppleWebKit/534.59.8 (KHTML, like Gecko) Version/4.0.3 Safari/531.9"
75.111.216.4 - - [13/Aug/2013:19:34:06 -0400] "GET /Eye_Pieces/Eyewear_files/shapeimage_2_rollover_0.png HTTP/1.1" 200 1520 "http://eyepiecestexas.com/Eye_Pieces/Eyewear.html" "Mozilla/5.0 (Macintosh; Intel Mac OS X 10_6_8) AppleWebKit/534.59.8 (KHTML, like Gecko) Version/4.0.3 Safari/531.9"
75.111.216.4 - - [13/Aug/2013:19:34:06 -0400] "GET /Eye_Pieces/Eyewear_files/shapeimage_9_rollover_0.png HTTP/1.1" 200 2152 "http://eyepiecestexas.com/Eye_Pieces/Eyewear.html" "Mozilla/5.0 (Macintosh; Intel Mac OS X 10_6_8) AppleWebKit/534.59.8 (KHTML, like Gecko) Version/4.0.3 Safari/531.9"
75.111.216.4 - - [13/Aug/2013:19:34:06 -0400] "GET /Eye_Pieces/Eyewear_files/shapeimage_18_rollover_0.png HTTP/1.1" 200 1412 "http://eyepiecestexas.com/Eye_Pieces/Eyewear.html" "Mozilla/5.0 (Macintosh; Intel Mac OS X 10_6_8) AppleWebKit/534.59.8 (KHTML, like Gecko) Version/4.0.3 Safari/531.9"
75.111.216.4 - - [13/Aug/2013:19:34:06 -0400] "GET /Eye_Pieces/Eyewear_files/shapeimage_24_rollover_0.png HTTP/1.1" 200 2434 "http://eyepiecestexas.com/Eye_Pieces/Eyewear.html" "Mozilla/5.0 (Macintosh; Intel Mac OS X 10_6_8) AppleWebKit/534.59.8 (KHTML, like Gecko) Version/4.0.3 Safari/531.9"
75.111.216.4 - - [13/Aug/2013:19:34:06 -0400] "GET /Eye_Pieces/Eyewear_files/shapeimage_28_rollover_0.png HTTP/1.1" 200 1511 "http://eyepiecestexas.com/Eye_Pieces/Eyewear.html" "Mozilla/5.0 (Macintosh; Intel Mac OS X 10_6_8) AppleWebKit/534.59.8 (KHTML, like Gecko) Version/4.0.3 Safari/531.9"
75.111.216.4 - - [13/Aug/2013:20:37:24 -0400] "GET /Eye_Pieces/Eyewear_files/Eyewear.js HTTP/1.1" 200 1992 "http://eyepiecestexas.com/Eye_Pieces/Eyewear.html" "Mozilla/5.0 (Macintosh; Intel Mac OS X 10_6_8) AppleWebKit/534.59.8 (KHTML, like Gecko) Version/4.0.3 Safari/531.9"
66.249.72.35 - - [13/Aug/2013:21:13:03 -0400] "GET /robots.txt HTTP/1.1" 200 48 "-" "Mozilla/5.0 (compatible; Googlebot/2.1; +http://www.google.com/bot.html)"
157.55.32.219 - - [13/Aug/2013:21:13:31 -0400] "GET /contactlens/ HTTP/1.1" 200 13977 "-" "Mozilla/5.0 (compatible; bingbot/2.0; +http://www.bing.com/bingbot.htm)"
220.181.108.83 - - [13/Aug/2013:05:02:39 -0400] "GET /rw_common/themes/dexture/javascript.js HTTP/1.1" 200 14608 "http://eyepiecestexas.com/find-us/" "Mozilla/5.0 (X11; U; Linux x86_64; en-US; rv:1.9) Gecko Minefield/3.0"
71.252.221.24 - - [13/Aug/2013:01:44:16 -0400] "GET /eyewear/files/stacks_image_56.jpg HTTP/1.1" 200 17849 "http://eyepiecestexas.com/eyewear/" "Mozilla/5.0 (iPad; CPU OS 6_1_3 like Mac OS X) AppleWebKit/536.26 (KHTML, like Gecko) Version/6.0 Mobile/10B329 Safari/8536.25"
71.252.221.24 - - [13/Aug/2013:01:44:17 -0400] "GET /eyewear/files/stacks_image_404.jpg HTTP/1.1" 200 7391 "http://eyepiecestexas.com/eyewear/" "Mozilla/5.0 (iPad; CPU OS 6_1_3 like Mac OS X) AppleWebKit/536.26 (KHTML, like Gecko) Version/6.0 Mobile/10B329 Safari/8536.25"
71.252.221.24 - - [13/Aug/2013:01:44:17 -0400] "GET /eyewear/files/stacks_image_450.jpg HTTP/1.1" 200 8710 "http://eyepiecestexas.com/eyewear/" "Mozilla/5.0 (iPad; CPU OS 6_1_3 like Mac OS X) AppleWebKit/536.26 (KHTML, like Gecko) Version/6.0 Mobile/10B329 Safari/8536.25"
71.252.221.24 - - [13/Aug/2013:01:44:18 -0400] "GET /eyewear/files/stacks_image_113.jpg HTTP/1.1" 200 5916 "http://eyepiecestexas.com/eyewear/" "Mozilla/5.0 (iPad; CPU OS 6_1_3 like Mac OS X) AppleWebKit/536.26 (KHTML, like Gecko) Version/6.0 Mobile/10B329 Safari/8536.25"
71.252.221.24 - - [13/Aug/2013:01:44:18 -0400] "GET /eyewear/files/stacks_image_117.png HTTP/1.1" 200 121120 "http://eyepiecestexas.com/eyewear/" "Mozilla/5.0 (iPad; CPU OS 6_1_3 like Mac OS X) AppleWebKit/536.26 (KHTML, like Gecko) Version/6.0 Mobile/10B329 Safari/8536.25"
71.252.221.24 - - [13/Aug/2013:01:44:18 -0400] "GET /eyewear/files/stacks_image_516.jpg HTTP/1.1" 200 7360 "http://eyepiecestexas.com/eyewear/" "Mozilla/5.0 (iPad; CPU OS 6_1_3 like Mac OS X) AppleWebKit/536.26 (KHTML, like Gecko) Version/6.0 Mobile/10B329 Safari/8536.25"
71.252.221.24 - - [13/Aug/2013:01:44:18 -0400] "GET /eyewear/files/stacks_image_540.jpg HTTP/1.1" 200 11363 "http://eyepiecestexas.com/eyewear/" "Mozilla/5.0 (iPad; CPU OS 6_1_3 like Mac OS X) AppleWebKit/536.26 (KHTML, like Gecko) Version/6.0 Mobile/10B329 Safari/8536.25"
71.252.221.24 - - [13/Aug/2013:01:44:18 -0400] "GET /eyewear/files/stacks_image_568.jpg HTTP/1.1" 200 7468 "http://eyepiecestexas.com/eyewear/" "Mozilla/5.0 (iPad; CPU OS 6_1_3 like Mac OS X) AppleWebKit/536.26 (KHTML, like Gecko) Version/6.0 Mobile/10B329 Safari/8536.25"
