165.208.1.12 - - [13/Aug/2013:14:23:10 -0400] "GET /Eye_Pieces/Insurance_files/Optum-logo.png HTTP/1.1" 304 - "-" "Mozilla/4.0 (compatible; MSIE 8.0; Windows NT 6.1; WOW64; Trident/4.0; SLCC2; .NET CLR 2.0.50727; .NET CLR 3.5.30729; .NET CLR 3.0.30729; Media Center PC 6.0; .NET4.0C; .NET4.0E; InfoPath.2; MS-RTC LM 8; AskTbORJ/5.15.23.36191)"
66.249.75.35 - - [13/Aug/2013:18:25:56 -0400] "GET /rw_common/themes/dexture/consolidated-screen-7.css HTTP/1.1" 200 27899 "-" "Mozilla/5.0 (compatible; Googlebot/2.1; +http://www.google.com/bot.html)"
75.111.216.4 - - [13/Aug/2013:19:33:54 -0400] "GET /Eye_Pieces/Home_files/stroke_7.png HTTP/1.1" 200 81 "http://eyepiecestexas.com/Eye_Pieces/Home.html" "Mozilla/5.0 (Macintosh; Intel Mac OS X 10_6_8) AppleWebKit/534.59.8 (KHTML, like Gecko) Version/4.0.3 Safari/531.9"
75.111.216.4 - - [13/Aug/2013:19:35:15 -0400] "GET /Eye_Pieces/Shops_at_Legacy.html HTTP/1.1" 200 7443 "http://eyepiecestexas.com/Eye_Pieces/Retrospecs.html" "Mozilla/5.0 (Macintosh; Intel Mac OS X 10_6_8) AppleWebKit/534.59.8 (KHTML, like Gecko) Version/4.0.3 Safari/531.9"
75.111.216.4 - - [13/Aug/2013:19:35:16 -0400] "GET /Eye_Pieces/Shops_at_Legacy_files/sunwear.jpg HTTP/1.1" 200 41451 "http://eyepiecestexas.com/Eye_Pieces/Shops_at_Legacy.html" "Mozilla/5.0 (Macintosh; Intel Mac OS X 10_6_8) AppleWebKit/534.59.8 (KHTML, like Gecko) Version/4.0.3 Safari/531.9"
75.111.216.4 - - [13/Aug/2013:19:35:17 -0400] "GET /Eye_Pieces/Shops_at_Legacy_files/comic-1_09.png HTTP/1.1" 200 140 "http://eyepiecestexas.com/Eye_Pieces/Shops_at_Legacy.html" "Mozilla/5.0 (Macintosh; Intel Mac OS X 10_6_8) AppleWebKit/534.59.8 (KHTML, like Gecko) Version/4.0.3 Safari/531.9"
75.111.216.4 - - [13/Aug/2013:19:35:17 -0400] "GET /Eye_Pieces/Shops_at_Legacy_files/comic-1_02.png HTTP/1.1" 200 179 "http://eyepiecestexas.com/Eye_Pieces/Shops_at_Legacy.html" "Mozilla/5.0 (Macintosh; Intel Mac OS X 10_6_8) AppleWebKit/534.59.8 (KHTML, like Gecko) Version/4.0.3 Safari/531.9"
75.111.216.4 - - [13/Aug/2013:19:35:17 -0400] "GET /Eye_Pieces/Shops_at_Legacy_files/comic-1_09_1.png HTTP/1.1" 200 140 "http://eyepiecestexas.com/Eye_Pieces/Shops_at_Legacy.html" "Mozilla/5.0 (Macintosh; Intel Mac OS X 10_6_8) AppleWebKit/534.59.8 (KHTML, like Gecko) Version/4.0.3 Safari/531.9"
75.111.216.4 - - [13/Aug/2013:19:35:18 -0400] "GET /Eye_Pieces/Shops_at_Legacy_files/comic-1_01_2.png HTTP/1.1" 200 112 "http://eyepiecestexas.com/Eye_Pieces/Shops_at_Legacy.html" "Mozilla/5.0 (Macintosh; Intel Mac OS X 10_6_8) AppleWebKit/534.59.8 (KHTML, like Gecko) Version/4.0.3 Safari/531.9"
75.111.216.4 - - [13/Aug/2013:19:35:18 -0400] "GET /Eye_Pieces/Shops_at_Legacy_files/comic-1_02_2.png HTTP/1.1" 200 179 "http://eyepiecestexas.com/Eye_Pieces/Shops_at_Legacy.html" "Mozilla/5.0 (Macintosh; Intel Mac OS X 10_6_8) AppleWebKit/534.59.8 (KHTML, like Gecko) Version/4.0.3 Safari/531.9"
75.111.216.4 - - [13/Aug/2013:19:35:18 -0400] "GET /Eye_Pieces/Shops_at_Legacy_files/comic-1_04_3.png HTTP/1.1" 200 159 "http://eyepiecestexas.com/Eye_Pieces/Shops_at_Legacy.html" "Mozilla/5.0 (Macintosh; Intel Mac OS X 10_6_8) AppleWebKit/534.59.8 (KHTML, like Gecko) Version/4.0.3 Safari/531.9"
75.111.216.4 - - [13/Aug/2013:19:35:18 -0400] "GET /Eye_Pieces/Shops_at_Legacy_files/comic-1_03_4.png HTTP/1.1" 200 121 "http://eyepiecestexas.com/Eye_Pieces/Shops_at_Legacy.html" "Mozilla/5.0 (Macintosh; Intel Mac OS X 10_6_8) AppleWebKit/534.59.8 (KHTML, like Gecko) Version/4.0.3 Safari/531.9"
96.226.126.171 - - [13/Aug/2013:23:25:12 -0400] "GET /files/stacks_page_page0.css HTTP/1.1" 200 2289 "http://eyepiecestexas.com/" "Mozilla/5.0 (iPad; CPU OS 6_1_3 like Mac OS X) AppleWebKit/536.26 (KHTML, like Gecko) Version/6.0 Mobile/10B329 Safari/8536.25"
96.226.126.171 - - [13/Aug/2013:23:25:13 -0400] "GET /rw_common/themes/dexture/javascript.js HTTP/1.1" 200 14608 "http://eyepiecestexas.com/" "Mozilla/5.0 (iPad; CPU OS 6_1_3 like Mac OS X) AppleWebKit/536.26 (KHTML, like Gecko) Version/6.0 Mobile/10B329 Safari/8536.25"
96.226.126.171 - - [13/Aug/2013:23:25:13 -0400] "GET /files/stacks_image_167.png HTTP/1.1" 200 5841 "http://eyepiecestexas.com/" "Mozilla/5.0 (iPad; CPU OS 6_1_3 like Mac OS X) AppleWebKit/536.26 (KHTML, like Gecko) Version/6.0 Mobile/10B329 Safari/8536.25"
96.226.126.171 - - [13/Aug/2013:23:25:13 -0400] "GET /rw_common/themes/dexture/images/editable_images/image11.jpg HTTP/1.1" 200 74799 "http://eyepiecestexas.com/" "Mozilla/5.0 (iPad; CPU OS 6_1_3 like Mac OS X) AppleWebKit/536.26 (KHTML, like Gecko) Version/6.0 Mobile/10B329 Safari/8536.25"
96.226.126.171 - - [13/Aug/2013:23:25:13 -0400] "GET /rw_common/themes/dexture/images/darkAlphaBg.png HTTP/1.1" 200 70 "http://eyepiecestexas.com/" "Mozilla/5.0 (iPad; CPU OS 6_1_3 like Mac OS X) AppleWebKit/536.26 (KHTML, like Gecko) Version/6.0 Mobile/10B329 Safari/8536.25"
15.227.185.76 - - [13/Aug/2013:10:26:18 -0400] "GET /rw_common/themes/dexture/images/tm.png HTTP/1.1" 200 1338 "http://www.eyepiecestexas.com/" "Mozilla/4.0 (compatible; MSIE 8.0; Windows NT 6.1; WOW64; Trident/4.0; GTB7.5; SLCC2; .NET CLR 2.0.50727; .NET CLR 3.5.30729; .NET CLR 3.0.30729; Media Center PC 6.0; InfoPath.3)"
15.227.185.76 - - [13/Aug/2013:10:26:18 -0400] "GET /rw_common/themes/dexture/images/bl.png HTTP/1.1" 200 1833 "http://www.eyepiecestexas.com/" "Mozilla/4.0 (compatible; MSIE 8.0; Windows NT 6.1; WOW64; Trident/4.0; GTB7.5; SLCC2; .NET CLR 2.0.50727; .NET CLR 3.5.30729; .NET CLR 3.0.30729; Media Center PC 6.0; InfoPath.3)"
76.199.215.46 - - [13/Aug/2013:10:56:45 -0400] "GET / HTTP/1.1" 304 - "http://www.google.com/url?sa=t&rct=j&q=eyepieces&source=web&cd=2&ved=0CEoQFjAB&url=http%3A%2F%2Feyepiecestexas.com%2F&ei=HUkKUu2yJIXr2AXx_IBo&usg=AFQjCNFQLVYIcEqkoXjrM3W-GpmW-rM1JA&bvm=bv.50500085,d.aWc" "Mozilla/5.0 (compatible; MSIE 10.0; Windows NT 6.1; WOW64; Trident/6.0)"
76.199.215.46 - - [13/Aug/2013:10:56:45 -0400] "GET /rw_common/themes/dexture/consolidated-screen-0.css HTTP/1.1" 304 - "http://eyepiecestexas.com/" "Mozilla/5.0 (compatible; MSIE 10.0; Windows NT 6.1; WOW64; Trident/6.0)"
76.199.215.46 - - [13/Aug/2013:10:56:45 -0400] "GET /rw_common/themes/dexture/scripts/jquery.fancyzoom.js HTTP/1.1" 304 - "http://eyepiecestexas.com/" "Mozilla/5.0 (compatible; MSIE 10.0; Windows NT 6.1; WOW64; Trident/6.0)"
76.199.215.46 - - [13/Aug/2013:10:56:45 -0400] "GET /files/stacks_page_page0.css HTTP/1.1" 304 - "http://eyepiecestexas.com/" "Mozilla/5.0 (compatible; MSIE 10.0; Windows NT 6.1; WOW64; Trident/6.0)"
76.199.215.46 - - [13/Aug/2013:10:56:45 -0400] "GET /files/eye-pieces-logo-400.png HTTP/1.1" 304 - "http://eyepiecestexas.com/" "Mozilla/5.0 (compatible; MSIE 10.0; Windows NT 6.1; WOW64; Trident/6.0)"
76.199.215.46 - - [13/Aug/2013:10:56:45 -0400] "GET /files/stacks_image_167.png HTTP/1.1" 304 - "http://eyepiecestexas.com/" "Mozilla/5.0 (compatible; MSIE 10.0; Windows NT 6.1; WOW64; Trident/6.0)"
76.199.215.46 - - [13/Aug/2013:10:56:47 -0400] "GET /rw_common/themes/dexture/images/editable_images/concrete.png HTTP/1.1" 304 - "http://eyepiecestexas.com/" "Mozilla/5.0 (compatible; MSIE 10.0; Windows NT 6.1; WOW64; Trident/6.0)"
76.199.215.46 - - [13/Aug/2013:10:56:47 -0400] "GET /rw_common/themes/dexture/images/lightAlphaBg.png HTTP/1.1" 304 - "http://eyepiecestexas.com/" "Mozilla/5.0 (compatible; MSIE 10.0; Windows NT 6.1; WOW64; Trident/6.0)"
76.199.215.46 - - [13/Aug/2013:10:56:47 -0400] "GET /rw_common/themes/dexture/images/closebox.png HTTP/1.1" 304 - "http://eyepiecestexas.com/" "Mozilla/5.0 (compatible; MSIE 10.0; Windows NT 6.1; WOW64; Trident/6.0)"
171.161.160.10 - - [13/Aug/2013:11:53:34 -0400] "GET /eyewear/files/stacks_image_347.jpg HTTP/1.1" 200 4110 "-" "Mozilla/4.0 (compatible;)"
171.161.160.10 - - [13/Aug/2013:11:53:35 -0400] "GET /eyewear/files/stacks_image_584.jpg HTTP/1.1" 200 13837 "-" "Mozilla/4.0 (compatible;)"
171.161.160.10 - - [13/Aug/2013:11:53:35 -0400] "GET /eyewear/files/stacks_image_253.jpg HTTP/1.1" 200 5300 "-" "Mozilla/4.0 (compatible;)"
171.161.160.10 - - [13/Aug/2013:11:53:35 -0400] "GET /eyewear/files/stacks_image_811.png HTTP/1.1" 200 6321 "-" "Mozilla/4.0 (compatible;)"
171.161.160.10 - - [13/Aug/2013:11:59:05 -0400] "GET /staff/files/stacks_image_718.png HTTP/1.1" 200 2265 "-" "Mozilla/4.0 (compatible;)"
66.90.244.94 - - [13/Aug/2013:15:02:33 -0400] "GET /Eye_Pieces/Home_files/stroke_4.png HTTP/1.1" 200 145 "http://eyepiecestexas.com/Eye_Pieces/Home.html" "Mozilla/5.0 (Windows NT 6.1; WOW64) AppleWebKit/537.36 (KHTML, like Gecko) Chrome/27.0.1453.116 Safari/537.36"
66.90.244.94 - - [13/Aug/2013:15:03:18 -0400] "GET /Eye_Pieces/Maui_Jim_files/maui_jim_logo.jpg HTTP/1.1" 200 9107 "http://eyepiecestexas.com/Eye_Pieces/Maui_Jim.html" "Mozilla/5.0 (Windows NT 6.1; WOW64) AppleWebKit/537.36 (KHTML, like Gecko) Chrome/27.0.1453.116 Safari/537.36"
66.90.244.94 - - [13/Aug/2013:15:03:20 -0400] "GET /Eye_Pieces/Maui_Jim_files/green_linen_ll.png HTTP/1.1" 200 534 "http://eyepiecestexas.com/Eye_Pieces/Maui_Jim.html" "Mozilla/5.0 (Windows NT 6.1; WOW64) AppleWebKit/537.36 (KHTML, like Gecko) Chrome/27.0.1453.116 Safari/537.36"
66.90.244.94 - - [13/Aug/2013:15:03:21 -0400] "GET /Eye_Pieces/Maui_Jim_files/green_linen_bottom.png HTTP/1.1" 200 211 "http://eyepiecestexas.com/Eye_Pieces/Maui_Jim.html" "Mozilla/5.0 (Windows NT 6.1; WOW64) AppleWebKit/537.36 (KHTML, like Gecko) Chrome/27.0.1453.116 Safari/537.36"
66.90.244.94 - - [13/Aug/2013:15:03:21 -0400] "GET /favicon.ico HTTP/1.1" 200 3319 "-" "Mozilla/5.0 (Windows NT 6.1; WOW64) AppleWebKit/537.36 (KHTML, like Gecko) Chrome/27.0.1453.116 Safari/537.36"
76.199.215.46 - - [13/Aug/2013:15:31:11 -0400] "GET /rw_common/themes/dexture/scripts/nimblehostPulseVIP.js HTTP/1.1" 304 - "http://eyepiecestexas.com/" "Mozilla/5.0 (compatible; MSIE 10.0; Windows NT 6.1; WOW64; Trident/6.0)"
76.199.215.46 - - [13/Aug/2013:15:31:11 -0400] "GET /files/stacks_page_page0.js HTTP/1.1" 304 - "http://eyepiecestexas.com/" "Mozilla/5.0 (compatible; MSIE 10.0; Windows NT 6.1; WOW64; Trident/6.0)"
76.199.215.46 - - [13/Aug/2013:15:31:11 -0400] "GET /files/stacks_image_166.png HTTP/1.1" 304 - "http://eyepiecestexas.com/" "Mozilla/5.0 (compatible; MSIE 10.0; Windows NT 6.1; WOW64; Trident/6.0)"
76.199.215.46 - - [13/Aug/2013:15:31:12 -0400] "GET /rw_common/themes/dexture/images/pageTopGradient.png HTTP/1.1" 304 - "http://eyepiecestexas.com/" "Mozilla/5.0 (compatible; MSIE 10.0; Windows NT 6.1; WOW64; Trident/6.0)"
76.199.215.46 - - [13/Aug/2013:15:31:12 -0400] "GET /resources/Dream_Orphans_700.font.js?_=1376422267747 HTTP/1.1" 200 36773 "http://eyepiecestexas.com/" "Mozilla/5.0 (compatible; MSIE 10.0; Windows NT 6.1; WOW64; Trident/6.0)"
76.199.215.46 - - [13/Aug/2013:16:41:54 -0400] "GET /favicon.ico HTTP/1.1" 200 5819 "-" "Mozilla/5.0 (compatible; MSIE 10.0; Windows NT 6.1; Win64; x64; Trident/6.0)"
76.199.215.46 - - [13/Aug/2013:16:46:28 -0400] "GET /favicon.ico HTTP/1.1" 200 5319 "-" "Mozilla/5.0 (compatible; MSIE 10.0; Windows NT 6.1; Win64; x64; Trident/6.0)"
123.125.71.115 - - [13/Aug/2013:07:59:35 -0400] "GET /rw_common/themes/dexture/javascript.js HTTP/1.1" 200 14608 "-" "Mozilla/5.0 (compatible; Baiduspider/2.0; +http://www.baidu.com/search/spider.html)"
157.55.32.219 - - [13/Aug/2013:21:13:05 -0400] "GET /robots.txt HTTP/1.1" 200 48 "-" "Mozilla/5.0 (compatible; bingbot/2.0; +http://www.bing.com/bingbot.htm)"
173.199.119.35 - - [13/Aug/2013:22:11:47 -0400] "GET /promotions/?tag=Dr.%20Birenbaum HTTP/1.1" 200 22523 "-" "Mozilla/5.0 (compatible; AhrefsBot/4.0; +http://ahrefs.com/robot/)"
72.14.199.35 - - [13/Aug/2013:03:49:24 -0400] "GET /feed HTTP/1.1" 200 5819 "-" "Feedfetcher-Google; (+http://www.google.com/feedfetcher.html; 1 subscribers; feed-id=11757162533075784121)"
15.227.185.76 - - [13/Aug/2013:10:26:13 -0400] "GET /files/stacks_page_page0.css HTTP/1.1" 200 2289 "http://www.eyepiecestexas.com/" "Mozilla/4.0 (compatible; MSIE 8.0; Windows NT 6.1; WOW64; Trident/4.0; GTB7.5; SLCC2; .NET CLR 2.0.50727; .NET CLR 3.5.30729; .NET CLR 3.0.30729; Media Center PC 6.0; InfoPath.3)"
15.227.185.76 - - [13/Aug/2013:10:27:38 -0400] "GET /about/files/cufon-yui.js HTTP/1.1" 200 18258 "http://www.eyepiecestexas.com/about/" "Mozilla/4.0 (compatible; MSIE 8.0; Windows NT 6.1; WOW64; Trident/4.0; GTB7.5; SLCC2; .NET CLR 2.0.50727; .NET CLR 3.5.30729; .NET CLR 3.0.30729; Media Center PC 6.0; InfoPath.3)"
76.199.215.46 - - [13/Aug/2013:10:48:44 -0400] "GET / HTTP/1.1" 304 - "-" "Mozilla/5.0 (compatible; MSIE 10.0; Windows NT 6.1; WOW64; Trident/6.0)"
76.199.215.46 - - [13/Aug/2013:10:48:44 -0400] "GET /rw_common/themes/dexture/consolidated-screen-0.css HTTP/1.1" 304 - "http://eyepiecestexas.com/" "Mozilla/5.0 (compatible; MSIE 10.0; Windows NT 6.1; WOW64; Trident/6.0)"
76.199.215.46 - - [13/Aug/2013:10:48:44 -0400] "GET /rw_common/themes/dexture/consolidated-print-0.css HTTP/1.1" 304 - "http://eyepiecestexas.com/" "Mozilla/5.0 (compatible; MSIE 10.0; Windows NT 6.1; WOW64; Trident/6.0)"
76.199.215.46 - - [13/Aug/2013:10:48:45 -0400] "GET /rw_common/themes/dexture/javascript.js HTTP/1.1" 304 - "http://eyepiecestexas.com/" "Mozilla/5.0 (compatible; MSIE 10.0; Windows NT 6.1; WOW64; Trident/6.0)"
76.199.215.46 - - [13/Aug/2013:10:48:45 -0400] "GET /files/rdc_9289.jpg HTTP/1.1" 304 - "http://eyepiecestexas.com/" "Mozilla/5.0 (compatible; MSIE 10.0; Windows NT 6.1; WOW64; Trident/6.0)"
76.199.215.46 - - [13/Aug/2013:10:48:45 -0400] "GET /files/stacks_image_142.jpg HTTP/1.1" 304 - "http://eyepiecestexas.com/" "Mozilla/5.0 (compatible; MSIE 10.0; Windows NT 6.1; WOW64; Trident/6.0)"
76.199.215.46 - - [13/Aug/2013:10:48:45 -0400] "GET /rw_common/themes/dexture/images/editable_images/paper.png HTTP/1.1" 304 - "http://eyepiecestexas.com/" "Mozilla/5.0 (compatible; MSIE 10.0; Windows NT 6.1; WOW64; Trident/6.0)"
76.199.215.46 - - [13/Aug/2013:10:48:45 -0400] "GET /rw_common/themes/dexture/images/editable_images/image11.jpg HTTP/1.1" 304 - "http://eyepiecestexas.com/" "Mozilla/5.0 (compatible; MSIE 10.0; Windows NT 6.1; WOW64; Trident/6.0)"
76.199.215.46 - - [13/Aug/2013:10:48:45 -0400] "GET /rw_common/themes/dexture/images/bottomShadow.png HTTP/1.1" 304 - "http://eyepiecestexas.com/" "Mozilla/5.0 (compatible; MSIE 10.0; Windows NT 6.1; WOW64; Trident/6.0)"
171.161.160.10 - - [13/Aug/2013:11:53:07 -0400] "GET /rw_common/themes/dexture/scripts/nimblehostDropDownMenu.js HTTP/1.1" 200 988 "-" "Mozilla/4.0 (compatible;)"
171.161.160.10 - - [13/Aug/2013:11:53:14 -0400] "GET /rw_common/themes/dexture/images/editable_images/paper.png HTTP/1.1" 200 154825 "http://eyepiecestexas.com/" "Mozilla/4.0 (compatible; MSIE 7.0; Windows NT 5.1; .NET CLR 2.0.50727; .NET CLR 3.0.4506.2152; .NET4.0C; .NET4.0E; InfoPath.2; MS-RTC S; .NET CLR 3.5.30729)"
171.161.160.10 - - [13/Aug/2013:11:53:34 -0400] "GET /eyewear/files/stacks_image_530.jpg HTTP/1.1" 200 8363 "-" "Mozilla/4.0 (compatible;)"
171.161.160.10 - - [13/Aug/2013:11:53:35 -0400] "GET /eyewear/files/stacks_image_638.jpg HTTP/1.1" 200 13484 "-" "Mozilla/4.0 (compatible;)"
171.161.160.10 - - [13/Aug/2013:11:53:59 -0400] "GET /rw_common/themes/dexture/css/ie7.css HTTP/1.1" 200 5319 "http://eyepiecestexas.com/" "Mozilla/4.0 (compatible; MSIE 7.0; Windows NT 5.1; .NET CLR 2.0.50727; .NET CLR 3.0.4506.2152; .NET4.0C; .NET4.0E; InfoPath.2; MS-RTC S; .NET CLR 3.5.30729)"
71.244.30.87 - - [13/Aug/2013:11:56:43 -0400] "GET /rw_common/themes/dexture/javascript.js HTTP/1.1" 200 14608 "http://eyepiecestexas.com/eyewear/" "Mozilla/5.0 (iPad; CPU OS 6_1_3 like Mac OS X) AppleWebKit/536.26 (KHTML, like Gecko) Version/6.0 Mobile/10B329 Safari/8536.25"
171.161.160.10 - - [13/Aug/2013:11:58:56 -0400] "GET /rw_common/themes/dexture/consolidated-print-1.css HTTP/1.1" 200 10005 "-" "Mozilla/4.0 (compatible;)"
171.161.160.10 - - [13/Aug/2013:11:59:05 -0400] "GET /rw_common/themes/dexture/consolidated-all-8.css HTTP/1.1" 200 13449 "-" "Mozilla/4.0 (compatible;)"
75.111.216.4 - - [13/Aug/2013:19:33:52 -0400] "GET /Eye_Pieces/Home_files/backgroundimage_1.jpg HTTP/1.1" 200 20239 "http://eyepiecestexas.com/Eye_Pieces/Home.html" "Mozilla/5.0 (Macintosh; Intel Mac OS X 10_6_8) AppleWebKit/534.59.8 (KHTML, like Gecko) Version/4.0.3 Safari/531.9"
75.111.216.4 - - [13/Aug/2013:19:33:54 -0400] "GET /Eye_Pieces/Home_files/shapeimage_1_rollover_0.png HTTP/1.1" 200 2969 "http://eyepiecestexas.com/Eye_Pieces/Home.html" "Mozilla/5.0 (Macintosh; Intel Mac OS X 10_6_8) AppleWebKit/534.59.8 (KHTML, like Gecko) Version/4.0.3 Safari/531.9"
75.111.216.4 - - [13/Aug/2013:19:35:15 -0400] "GET /Eye_Pieces/Shops_at_Legacy_files/Shops_at_Legacy.js HTTP/1.1" 200 4281 "http://eyepiecestexas.com/Eye_Pieces/Shops_at_Legacy.html" "Mozilla/5.0 (Macintosh; Intel Mac OS X 10_6_8) AppleWebKit/534.59.8 (KHTML, like Gecko) Version/4.0.3 Safari/531.9"
75.111.216.4 - - [13/Aug/2013:19:35:15 -0400] "GET /Eye_Pieces/Shops_at_Legacy_files/eyewear2.jpg HTTP/1.1" 200 41305 "http://eyepiecestexas.com/Eye_Pieces/Shops_at_Legacy.html" "Mozilla/5.0 (Macintosh; Intel Mac OS X 10_6_8) AppleWebKit/534.59.8 (KHTML, like Gecko) Version/4.0.3 Safari/531.9"
75.111.216.4 - - [13/Aug/2013:19:35:16 -0400] "GET /Eye_Pieces/Shops_at_Legacy_files/sunwear2.jpg HTTP/1.1" 200 39785 "http://eyepiecestexas.com/Eye_Pieces/Shops_at_Legacy.html" "Mozilla/5.0 (Macintosh; Intel Mac OS X 10_6_8) AppleWebKit/534.59.8 (KHTML, like Gecko) Version/4.0.3 Safari/531.9"
66.249.75.204 - - [13/Aug/2013:15:21:59 -0400] "GET /rw_common/themes/dexture/consolidated-all-0.css HTTP/1.1" 200 13436 "-" "Mozilla/5.0 (compatible; Googlebot/2.1; +http://www.google.com/bot.html)"
76.199.215.46 - - [13/Aug/2013:16:46:26 -0400] "GET /rw_common/themes/dexture/consolidated-handheld-0.css HTTP/1.1" 304 - "http://eyepiecestexas.com/" "Mozilla/5.0 (compatible; MSIE 10.0; Windows NT 6.1; WOW64; Trident/6.0)"
76.199.215.46 - - [13/Aug/2013:16:46:26 -0400] "GET /rw_common/themes/dexture/consolidated-all-0.css HTTP/1.1" 304 - "http://eyepiecestexas.com/" "Mozilla/5.0 (compatible; MSIE 10.0; Windows NT 6.1; WOW64; Trident/6.0)"
76.199.215.46 - - [13/Aug/2013:16:46:28 -0400] "GET /rw_common/themes/dexture/images/pageTopGradient.png HTTP/1.1" 304 - "http://eyepiecestexas.com/" "Mozilla/5.0 (compatible; MSIE 10.0; Windows NT 6.1; WOW64; Trident/6.0)"
76.199.215.46 - - [13/Aug/2013:16:46:28 -0400] "GET /rw_common/themes/dexture/images/darkAlphaBg.png HTTP/1.1" 304 - "http://eyepiecestexas.com/" "Mozilla/5.0 (compatible; MSIE 10.0; Windows NT 6.1; WOW64; Trident/6.0)"
76.199.215.46 - - [13/Aug/2013:16:46:28 -0400] "GET /rw_common/themes/dexture/images/pageTopShadow400px.png HTTP/1.1" 304 - "http://eyepiecestexas.com/" "Mozilla/5.0 (compatible; MSIE 10.0; Windows NT 6.1; WOW64; Trident/6.0)"
76.199.215.46 - - [13/Aug/2013:16:46:28 -0400] "GET /rw_common/themes/dexture/images/mainContentCornerShadowLeft.png HTTP/1.1" 304 - "http://eyepiecestexas.com/" "Mozilla/5.0 (compatible; MSIE 10.0; Windows NT 6.1; WOW64; Trident/6.0)"
76.199.215.46 - - [13/Aug/2013:16:46:28 -0400] "GET /rw_common/themes/dexture/images/ec6TopShadow.png HTTP/1.1" 304 - "http://eyepiecestexas.com/" "Mozilla/5.0 (compatible; MSIE 10.0; Windows NT 6.1; WOW64; Trident/6.0)"
76.199.215.46 - - [13/Aug/2013:16:46:28 -0400] "GET /rw_common/themes/dexture/images/upperShadow.png HTTP/1.1" 304 - "http://eyepiecestexas.com/" "Mozilla/5.0 (compatible; MSIE 10.0; Windows NT 6.1; WOW64; Trident/6.0)"
64.129.148.94 - - [13/Aug/2013:17:41:16 -0400] "GET /favicon.ico HTTP/1.1" 200 5819 "-" "Mozilla/4.0 (compatible; MSIE 8.0; Windows NT 5.1; Trident/4.0; .NET CLR 1.1.4322; .NET CLR 2.0.50727; .NET CLR 3.0.4506.2152; .NET CLR 3.5.30729; .NET4.0C; .NET4.0E)"
12.7.145.162 - - [13/Aug/2013:12:16:23 -0400] "GET /favicon.ico HTTP/1.1" 200 3319 "-" "Mozilla/5.0 (Windows NT 5.1) AppleWebKit/537.36 (KHTML, like Gecko) Chrome/28.0.1500.95 Safari/537.36"
76.199.215.46 - - [13/Aug/2013:12:20:29 -0400] "GET /favicon.ico HTTP/1.1" 200 3819 "-" "Mozilla/5.0 (compatible; MSIE 10.0; Windows NT 6.1; Win64; x64; Trident/6.0)"
46.119.118.152 - - [13/Aug/2013:12:24:43 -0400] "GET / HTTP/1.1" 200 16359 "http://remont-mobile-phones.ru/" "Mozilla/4.0 (compatible; MSIE 6.0; Windows NT 5.2; WOW64; SV1; .NET CLR 2.0.50727)"
146.127.253.13 - - [13/Aug/2013:12:54:51 -0400] "GET /contact/files/stacks_page_page5.css HTTP/1.1" 200 47356 "http://eyepiecestexas.com/contact/" "Mozilla/4.0 (compatible; MSIE 8.0; Windows NT 6.1; WOW64; Trident/4.0; SLCC2; .NET CLR 2.0.50727; .NET CLR 3.5.30729; .NET CLR 3.0.30729; Media Center PC 6.0; .NET4.0C; .NET4.0E; InfoPath.2)"
76.199.215.46 - - [13/Aug/2013:12:55:31 -0400] "GET /rw_common/themes/dexture/consolidated-handheld-0.css HTTP/1.1" 304 - "http://eyepiecestexas.com/" "Mozilla/5.0 (compatible; MSIE 10.0; Windows NT 6.1; WOW64; Trident/6.0)"
76.199.215.46 - - [13/Aug/2013:12:55:31 -0400] "GET /rw_common/themes/dexture/scripts/nimblehostDropDownMenu.js HTTP/1.1" 304 - "http://eyepiecestexas.com/" "Mozilla/5.0 (compatible; MSIE 10.0; Windows NT 6.1; WOW64; Trident/6.0)"
76.199.215.46 - - [13/Aug/2013:12:55:31 -0400] "GET /files/rdc_9289.jpg HTTP/1.1" 304 - "http://eyepiecestexas.com/" "Mozilla/5.0 (compatible; MSIE 10.0; Windows NT 6.1; WOW64; Trident/6.0)"
76.199.215.46 - - [13/Aug/2013:12:55:31 -0400] "GET /files/stacks_image_142.jpg HTTP/1.1" 304 - "http://eyepiecestexas.com/" "Mozilla/5.0 (compatible; MSIE 10.0; Windows NT 6.1; WOW64; Trident/6.0)"
76.199.215.46 - - [13/Aug/2013:12:55:32 -0400] "GET /rw_common/themes/dexture/images/editable_images/paper.png HTTP/1.1" 304 - "http://eyepiecestexas.com/" "Mozilla/5.0 (compatible; MSIE 10.0; Windows NT 6.1; WOW64; Trident/6.0)"
76.199.215.46 - - [13/Aug/2013:12:55:32 -0400] "GET /rw_common/themes/dexture/images/editable_images/image11.jpg HTTP/1.1" 304 - "http://eyepiecestexas.com/" "Mozilla/5.0 (compatible; MSIE 10.0; Windows NT 6.1; WOW64; Trident/6.0)"
76.199.215.46 - - [13/Aug/2013:12:55:32 -0400] "GET /rw_common/themes/dexture/images/bottomShadow.png HTTP/1.1" 304 - "http://eyepiecestexas.com/" "Mozilla/5.0 (compatible; MSIE 10.0; Windows NT 6.1; WOW64; Trident/6.0)"
76.199.215.46 - - [13/Aug/2013:14:12:40 -0400] "GET /rw_common/themes/dexture/scripts/nimblehost.js HTTP/1.1" 304 - "http://eyepiecestexas.com/" "Mozilla/5.0 (compatible; MSIE 10.0; Windows NT 6.1; WOW64; Trident/6.0)"
76.199.215.46 - - [13/Aug/2013:14:12:40 -0400] "GET /files/stacks_page_page0.css HTTP/1.1" 304 - "http://eyepiecestexas.com/" "Mozilla/5.0 (compatible; MSIE 10.0; Windows NT 6.1; WOW64; Trident/6.0)"
76.199.215.46 - - [13/Aug/2013:14:12:40 -0400] "GET /files/stacks_image_165.png HTTP/1.1" 304 - "http://eyepiecestexas.com/" "Mozilla/5.0 (compatible; MSIE 10.0; Windows NT 6.1; WOW64; Trident/6.0)"
76.199.215.46 - - [13/Aug/2013:14:14:34 -0400] "GET /favicon.ico HTTP/1.1" 200 3819 "-" "Mozilla/5.0 (compatible; MSIE 10.0; Windows NT 6.1; Win64; x64; Trident/6.0)"
76.199.215.46 - - [13/Aug/2013:15:18:58 -0400] "GET /favicon.ico HTTP/1.1" 200 4319 "-" "Mozilla/5.0 (compatible; MSIE 10.0; Windows NT 6.2; Win64; x64; Trident/6.0; MDDCJS)"
76.199.215.46 - - [13/Aug/2013:16:55:11 -0400] "GET /resources/Dream_Orphans_700.font.js?_=1376427310216 HTTP/1.1" 200 36773 "http://eyepiecestexas.com/" "Mozilla/5.0 (compatible; MSIE 10.0; Windows NT 6.1; WOW64; Trident/6.0)"
101.227.4.23 - - [13/Aug/2013:20:57:55 -0400] "GET /robots.txt HTTP/1.1" 200 48 "-" "Mozilla/5.0 ()"
75.35.172.99 - - [13/Aug/2013:12:12:25 -0400] "GET /rw_common/themes/dexture/consolidated-print-7.css HTTP/1.1" 200 10005 "http://eyepiecestexas.com/promotions/" "Mozilla/5.0 (compatible; MSIE 10.0; Windows NT 6.2; WOW64; Trident/6.0; MASMJS)"
75.35.172.99 - - [13/Aug/2013:12:12:25 -0400] "GET /promotions/files/armadillo/media/Sunglasses_Day_TV.png HTTP/1.1" 200 246457 "http://eyepiecestexas.com/promotions/" "Mozilla/5.0 (compatible; MSIE 10.0; Windows NT 6.2; WOW64; Trident/6.0; MASMJS)"
12.7.145.162 - - [13/Aug/2013:12:16:13 -0400] "GET / HTTP/1.1" 200 16359 "https://www.google.com/" "Mozilla/5.0 (Windows NT 5.1) AppleWebKit/537.36 (KHTML, like Gecko) Chrome/28.0.1500.95 Safari/537.36"
12.7.145.162 - - [13/Aug/2013:12:16:13 -0400] "GET /rw_common/themes/dexture/scripts/nimblehostPulseVIP.js HTTP/1.1" 200 1205 "http://eyepiecestexas.com/" "Mozilla/5.0 (Windows NT 5.1) AppleWebKit/537.36 (KHTML, like Gecko) Chrome/28.0.1500.95 Safari/537.36"
12.7.145.162 - - [13/Aug/2013:12:16:13 -0400] "GET /rw_common/themes/dexture/scripts/jquery.fancyzoom.js HTTP/1.1" 200 6272 "http://eyepiecestexas.com/" "Mozilla/5.0 (Windows NT 5.1) AppleWebKit/537.36 (KHTML, like Gecko) Chrome/28.0.1500.95 Safari/537.36"
12.7.145.162 - - [13/Aug/2013:12:16:14 -0400] "GET /rw_common/themes/dexture/scripts/nimblehostDropDownMenu.js HTTP/1.1" 200 988 "http://eyepiecestexas.com/" "Mozilla/5.0 (Windows NT 5.1) AppleWebKit/537.36 (KHTML, like Gecko) Chrome/28.0.1500.95 Safari/537.36"
12.7.145.162 - - [13/Aug/2013:12:16:14 -0400] "GET /files/stacks_page_page0.js HTTP/1.1" 200 11218 "http://eyepiecestexas.com/" "Mozilla/5.0 (Windows NT 5.1) AppleWebKit/537.36 (KHTML, like Gecko) Chrome/28.0.1500.95 Safari/537.36"
12.7.145.162 - - [13/Aug/2013:12:16:14 -0400] "GET /files/stacks_image_164.png HTTP/1.1" 200 3361 "http://eyepiecestexas.com/" "Mozilla/5.0 (Windows NT 5.1) AppleWebKit/537.36 (KHTML, like Gecko) Chrome/28.0.1500.95 Safari/537.36"
12.7.145.162 - - [13/Aug/2013:12:16:14 -0400] "GET /files/stacks_image_142.jpg HTTP/1.1" 200 9540 "http://eyepiecestexas.com/" "Mozilla/5.0 (Windows NT 5.1) AppleWebKit/537.36 (KHTML, like Gecko) Chrome/28.0.1500.95 Safari/537.36"
12.7.145.162 - - [13/Aug/2013:12:16:15 -0400] "GET /rw_common/themes/dexture/images/lightAlphaBg.png HTTP/1.1" 200 179 "http://eyepiecestexas.com/" "Mozilla/5.0 (Windows NT 5.1) AppleWebKit/537.36 (KHTML, like Gecko) Chrome/28.0.1500.95 Safari/537.36"
12.7.145.162 - - [13/Aug/2013:12:16:15 -0400] "GET /rw_common/themes/dexture/images/mainContentCornerShadowRight.png HTTP/1.1" 200 1442 "http://eyepiecestexas.com/" "Mozilla/5.0 (Windows NT 5.1) AppleWebKit/537.36 (KHTML, like Gecko) Chrome/28.0.1500.95 Safari/537.36"
12.7.145.162 - - [13/Aug/2013:12:16:15 -0400] "GET /rw_common/themes/dexture/images/upperShadow.png HTTP/1.1" 200 218 "http://eyepiecestexas.com/" "Mozilla/5.0 (Windows NT 5.1) AppleWebKit/537.36 (KHTML, like Gecko) Chrome/28.0.1500.95 Safari/537.36"
12.7.145.162 - - [13/Aug/2013:12:16:16 -0400] "GET /rw_common/themes/dexture/images/closebox.png HTTP/1.1" 200 1910 "http://eyepiecestexas.com/" "Mozilla/5.0 (Windows NT 5.1) AppleWebKit/537.36 (KHTML, like Gecko) Chrome/28.0.1500.95 Safari/537.36"
76.199.215.46 - - [13/Aug/2013:12:20:29 -0400] "GET /favicon.ico HTTP/1.1" 200 5819 "-" "Mozilla/5.0 (compatible; MSIE 10.0; Windows NT 6.1; Win64; x64; Trident/6.0)"
75.35.172.99 - - [13/Aug/2013:12:21:57 -0400] "GET /rw_common/themes/dexture/consolidated-handheld-1.css HTTP/1.1" 200 13394 "http://eyepiecestexas.com/about/" "Mozilla/5.0 (compatible; MSIE 10.0; Windows NT 6.2; WOW64; Trident/6.0; MASMJS)"
75.35.172.99 - - [13/Aug/2013:12:21:58 -0400] "GET /about/files/stacks_image_713.png HTTP/1.1" 200 2265 "http://eyepiecestexas.com/about/" "Mozilla/5.0 (compatible; MSIE 10.0; Windows NT 6.2; WOW64; Trident/6.0; MASMJS)"
146.127.253.44 - - [13/Aug/2013:12:54:45 -0400] "GET /rw_common/themes/dexture/scripts/jquery.fancyzoom.js HTTP/1.1" 200 6272 "http://eyepiecestexas.com/" "Mozilla/4.0 (compatible; MSIE 8.0; Windows NT 6.1; WOW64; Trident/4.0; SLCC2; .NET CLR 2.0.50727; .NET CLR 3.5.30729; .NET CLR 3.0.30729; Media Center PC 6.0; .NET4.0C; .NET4.0E; InfoPath.2)"
146.127.253.13 - - [13/Aug/2013:12:54:47 -0400] "GET /rw_common/themes/dexture/images/pageTopShadow400px.png HTTP/1.1" 200 1299 "http://eyepiecestexas.com/" "Mozilla/4.0 (compatible; MSIE 8.0; Windows NT 6.1; WOW64; Trident/4.0; SLCC2; .NET CLR 2.0.50727; .NET CLR 3.5.30729; .NET CLR 3.0.30729; Media Center PC 6.0; .NET4.0C; .NET4.0E; InfoPath.2)"
146.127.253.13 - - [13/Aug/2013:12:54:47 -0400] "GET /rw_common/themes/dexture/images/darkAlphaBg.png HTTP/1.1" 200 70 "http://eyepiecestexas.com/" "Mozilla/4.0 (compatible; MSIE 8.0; Windows NT 6.1; WOW64; Trident/4.0; SLCC2; .NET CLR 2.0.50727; .NET CLR 3.5.30729; .NET CLR 3.0.30729; Media Center PC 6.0; .NET4.0C; .NET4.0E; InfoPath.2)"
146.127.253.13 - - [13/Aug/2013:12:54:47 -0400] "GET /rw_common/themes/dexture/images/ec6TopShadow.png HTTP/1.1" 200 49422 "http://eyepiecestexas.com/" "Mozilla/4.0 (compatible; MSIE 8.0; Windows NT 6.1; WOW64; Trident/4.0; SLCC2; .NET CLR 2.0.50727; .NET CLR 3.5.30729; .NET CLR 3.0.30729; Media Center PC 6.0; .NET4.0C; .NET4.0E; InfoPath.2)"
146.127.253.13 - - [13/Aug/2013:12:54:51 -0400] "GET /contact/files/stacks_page_page5.js HTTP/1.1" 200 52171 "http://eyepiecestexas.com/contact/" "Mozilla/4.0 (compatible; MSIE 8.0; Windows NT 6.1; WOW64; Trident/4.0; SLCC2; .NET CLR 2.0.50727; .NET CLR 3.5.30729; .NET CLR 3.0.30729; Media Center PC 6.0; .NET4.0C; .NET4.0E; InfoPath.2)"
66.249.75.35 - - [13/Aug/2013:13:28:57 -0400] "GET / HTTP/1.1" 304 - "-" "Mozilla/5.0 (iPhone; U; CPU iPhone OS 4_1 like Mac OS X; en-us) AppleWebKit/532.9 (KHTML, like Gecko) Version/4.0.5 Mobile/8B117 Safari/6531.22.7 (compatible; Googlebot-Mobile/2.1; +http://www.google.com/bot.html)"
65.55.52.94 - - [13/Aug/2013:13:52:49 -0400] "GET /robots.txt HTTP/1.1" 200 48 "-" "Mozilla/5.0 (compatible; bingbot/2.0; +http://www.bing.com/bingbot.htm)"
76.199.215.46 - - [13/Aug/2013:14:11:09 -0400] "GET /rw_common/themes/dexture/consolidated-all-0.css HTTP/1.1" 304 - "http://eyepiecestexas.com/" "Mozilla/5.0 (compatible; MSIE 10.0; Windows NT 6.1; WOW64; Trident/6.0)"
76.199.215.46 - - [13/Aug/2013:14:11:09 -0400] "GET /rw_common/plugins/stacks/stacks.css HTTP/1.1" 304 - "http://eyepiecestexas.com/" "Mozilla/5.0 (compatible; MSIE 10.0; Windows NT 6.1; WOW64; Trident/6.0)"
76.199.215.46 - - [13/Aug/2013:14:11:09 -0400] "GET /files/stacks_image_164.png HTTP/1.1" 304 - "http://eyepiecestexas.com/" "Mozilla/5.0 (compatible; MSIE 10.0; Windows NT 6.1; WOW64; Trident/6.0)"
76.199.215.46 - - [13/Aug/2013:14:11:10 -0400] "GET /rw_common/themes/dexture/images/pageTopShadow400px.png HTTP/1.1" 304 - "http://eyepiecestexas.com/" "Mozilla/5.0 (compatible; MSIE 10.0; Windows NT 6.1; WOW64; Trident/6.0)"
76.199.215.46 - - [13/Aug/2013:14:11:10 -0400] "GET /rw_common/themes/dexture/images/ec6TopShadow.png HTTP/1.1" 304 - "http://eyepiecestexas.com/" "Mozilla/5.0 (compatible; MSIE 10.0; Windows NT 6.1; WOW64; Trident/6.0)"
76.199.215.46 - - [13/Aug/2013:14:12:40 -0400] "GET /rw_common/themes/dexture/scripts/nimblehostPulseVIP.js HTTP/1.1" 304 - "http://eyepiecestexas.com/" "Mozilla/5.0 (compatible; MSIE 10.0; Windows NT 6.1; WOW64; Trident/6.0)"
76.199.215.46 - - [13/Aug/2013:14:12:40 -0400] "GET /files/stacks_page_page0.js HTTP/1.1" 304 - "http://eyepiecestexas.com/" "Mozilla/5.0 (compatible; MSIE 10.0; Windows NT 6.1; WOW64; Trident/6.0)"
76.199.215.46 - - [13/Aug/2013:14:12:40 -0400] "GET /files/stacks_image_166.png HTTP/1.1" 304 - "http://eyepiecestexas.com/" "Mozilla/5.0 (compatible; MSIE 10.0; Windows NT 6.1; WOW64; Trident/6.0)"
76.199.215.46 - - [13/Aug/2013:14:12:40 -0400] "GET /rw_common/themes/dexture/images/editable_images/paper.png HTTP/1.1" 304 - "http://eyepiecestexas.com/" "Mozilla/5.0 (compatible; MSIE 10.0; Windows NT 6.1; WOW64; Trident/6.0)"
76.199.215.46 - - [13/Aug/2013:14:12:40 -0400] "GET /rw_common/themes/dexture/images/mainContentCornerShadowLeft.png HTTP/1.1" 304 - "http://eyepiecestexas.com/" "Mozilla/5.0 (compatible; MSIE 10.0; Windows NT 6.1; WOW64; Trident/6.0)"
76.199.215.46 - - [13/Aug/2013:14:12:40 -0400] "GET /rw_common/themes/dexture/images/ec6TopShadow.png HTTP/1.1" 304 - "http://eyepiecestexas.com/" "Mozilla/5.0 (compatible; MSIE 10.0; Windows NT 6.1; WOW64; Trident/6.0)"
70.247.110.226 - - [13/Aug/2013:14:47:20 -0400] "GET /find-us/files/eye-pieces-logo-400.png HTTP/1.1" 200 15426 "http://eyepiecestexas.com/find-us/" "Mozilla/4.0 (compatible; MSIE 8.0; Windows NT 6.1; Trident/4.0; SLCC2; .NET CLR 2.0.50727; .NET CLR 3.5.30729; .NET CLR 3.0.30729; Media Center PC 6.0; .NET4.0C; .NET4.0E)"
70.247.110.226 - - [13/Aug/2013:14:47:20 -0400] "GET /rw_common/themes/dexture/images/darkAlphaBg.png HTTP/1.1" 304 - "-" "Mozilla/4.0 (compatible; MSIE 8.0; Windows NT 6.1; Trident/4.0; SLCC2; .NET CLR 2.0.50727; .NET CLR 3.5.30729; .NET CLR 3.0.30729; Media Center PC 6.0; .NET4.0C; .NET4.0E)"
70.247.110.226 - - [13/Aug/2013:14:47:20 -0400] "GET /find-us/files/stacks_image_828.png HTTP/1.1" 200 5857 "http://eyepiecestexas.com/find-us/" "Mozilla/4.0 (compatible; MSIE 8.0; Windows NT 6.1; Trident/4.0; SLCC2; .NET CLR 2.0.50727; .NET CLR 3.5.30729; .NET CLR 3.0.30729; Media Center PC 6.0; .NET4.0C; .NET4.0E)"
70.247.110.226 - - [13/Aug/2013:14:47:20 -0400] "GET /find-us/files/doomapplus0.png HTTP/1.1" 200 640 "http://eyepiecestexas.com/find-us/" "Mozilla/4.0 (compatible; MSIE 8.0; Windows NT 6.1; Trident/4.0; SLCC2; .NET CLR 2.0.50727; .NET CLR 3.5.30729; .NET CLR 3.0.30729; Media Center PC 6.0; .NET4.0C; .NET4.0E)"
70.247.110.226 - - [13/Aug/2013:14:47:20 -0400] "GET /find-us/files/mouseCapture.png HTTP/1.1" 200 5819 "http://eyepiecestexas.com/find-us/" "Mozilla/4.0 (compatible; MSIE 8.0; Windows NT 6.1; Trident/4.0; SLCC2; .NET CLR 2.0.50727; .NET CLR 3.5.30729; .NET CLR 3.0.30729; Media Center PC 6.0; .NET4.0C; .NET4.0E)"
76.199.215.46 - - [13/Aug/2013:14:57:37 -0400] "GET /resources/Dream_Orphans_700.font.js?_=1376420250910 HTTP/1.1" 200 36773 "http://www.eyepiecestexas.com/" "Mozilla/5.0 (compatible; MSIE 10.0; Windows NT 6.2; WOW64; Trident/6.0; MDDCJS)"
66.249.75.204 - - [13/Aug/2013:07:22:16 -0400] "GET /promotions/?page_id=2&title= HTTP/1.1" 200 15948 "-" "Mozilla/5.0 (iPhone; U; CPU iPhone OS 4_1 like Mac OS X; en-us) AppleWebKit/532.9 (KHTML, like Gecko) Version/4.0.5 Mobile/8B117 Safari/6531.22.7 (compatible; Googlebot-Mobile/2.1; +http://www.google.com/bot.html)"
220.181.108.92 - - [13/Aug/2013:05:02:41 -0400] "GET /find-us/files/stacks_page_page4.js HTTP/1.1" 200 29537 "http://eyepiecestexas.com/find-us/" "Mozilla/5.0 (X11; U; Linux x86_64; en-US; rv:1.9) Gecko Minefield/3.0"
15.227.185.76 - - [13/Aug/2013:10:26:13 -0400] "GET /rw_common/themes/dexture/consolidated-all-0.css HTTP/1.1" 200 13436 "http://www.eyepiecestexas.com/" "Mozilla/4.0 (compatible; MSIE 8.0; Windows NT 6.1; WOW64; Trident/4.0; GTB7.5; SLCC2; .NET CLR 2.0.50727; .NET CLR 3.5.30729; .NET CLR 3.0.30729; Media Center PC 6.0; InfoPath.3)"
15.227.185.76 - - [13/Aug/2013:10:28:05 -0400] "GET /staff/files/fullpath_209.jpg HTTP/1.1" 200 19786 "http://www.eyepiecestexas.com/staff/" "Mozilla/4.0 (compatible; MSIE 8.0; Windows NT 6.1; WOW64; Trident/4.0; GTB7.5; SLCC2; .NET CLR 2.0.50727; .NET CLR 3.5.30729; .NET CLR 3.0.30729; Media Center PC 6.0; InfoPath.3)"
66.249.75.35 - - [13/Aug/2013:10:42:13 -0400] "GET /find-us/ HTTP/1.1" 304 - "-" "Mozilla/5.0 (compatible; Googlebot/2.1; +http://www.google.com/bot.html)"
171.161.160.10 - - [13/Aug/2013:11:53:34 -0400] "GET /eyewear/files/stacks_page_page2.js HTTP/1.1" 200 31106 "-" "Mozilla/4.0 (compatible;)"
171.161.160.10 - - [13/Aug/2013:11:53:35 -0400] "GET /eyewear/files/stacks_image_604.jpg HTTP/1.1" 200 10156 "-" "Mozilla/4.0 (compatible;)"
171.161.160.10 - - [13/Aug/2013:11:53:35 -0400] "GET /eyewear/files/stacks_image_243.jpg HTTP/1.1" 200 5639 "-" "Mozilla/4.0 (compatible;)"
171.161.160.10 - - [13/Aug/2013:11:53:35 -0400] "GET /eyewear/files/stacks_image_192.jpg HTTP/1.1" 200 19819 "-" "Mozilla/4.0 (compatible;)"
171.161.160.10 - - [13/Aug/2013:11:53:39 -0400] "GET /rw_common/themes/rw_common/plugins/stacks/stacks_ie.css HTTP/1.1" 200 5819 "http://eyepiecestexas.com/eyewear/" "Mozilla/4.0 (compatible; MSIE 7.0; Windows NT 5.1; .NET CLR 2.0.50727; .NET CLR 3.0.4506.2152; .NET4.0C; .NET4.0E; InfoPath.2; MS-RTC S; .NET CLR 3.5.30729)"
71.244.30.87 - - [13/Aug/2013:11:57:16 -0400] "GET /rw_common/themes/dexture/consolidated-screen-4.css HTTP/1.1" 200 27899 "http://eyepiecestexas.com/find-us/" "Mozilla/5.0 (iPad; CPU OS 6_1_3 like Mac OS X) AppleWebKit/536.26 (KHTML, like Gecko) Version/6.0 Mobile/10B329 Safari/8536.25"
71.244.30.87 - - [13/Aug/2013:11:57:17 -0400] "GET /find-us/files/stacks_image_184.jpg HTTP/1.1" 200 32597 "http://eyepiecestexas.com/find-us/" "Mozilla/5.0 (iPad; CPU OS 6_1_3 like Mac OS X) AppleWebKit/536.26 (KHTML, like Gecko) Version/6.0 Mobile/10B329 Safari/8536.25"
71.244.30.87 - - [13/Aug/2013:11:57:18 -0400] "GET /find-us/files/stacks_image_826.png HTTP/1.1" 200 3361 "http://eyepiecestexas.com/find-us/" "Mozilla/5.0 (iPad; CPU OS 6_1_3 like Mac OS X) AppleWebKit/536.26 (KHTML, like Gecko) Version/6.0 Mobile/10B329 Safari/8536.25"
71.244.30.87 - - [13/Aug/2013:11:57:18 -0400] "GET /find-us/files/doomapminus0.png HTTP/1.1" 200 655 "http://eyepiecestexas.com/find-us/" "Mozilla/5.0 (iPad; CPU OS 6_1_3 like Mac OS X) AppleWebKit/536.26 (KHTML, like Gecko) Version/6.0 Mobile/10B329 Safari/8536.25"
171.161.160.10 - - [13/Aug/2013:11:58:56 -0400] "GET /about/files/stacks_page_page1.js HTTP/1.1" 200 24511 "-" "Mozilla/4.0 (compatible;)"
15.227.185.76 - - [13/Aug/2013:10:26:46 -0400] "GET /promotions/ HTTP/1.1" 200 23361 "http://www.eyepiecestexas.com/" "Mozilla/4.0 (compatible; MSIE 8.0; Windows NT 6.1; WOW64; Trident/4.0; GTB7.5; SLCC2; .NET CLR 2.0.50727; .NET CLR 3.5.30729; .NET CLR 3.0.30729; Media Center PC 6.0; InfoPath.3)"
15.227.185.76 - - [13/Aug/2013:10:26:47 -0400] "GET /rw_common/themes/rw_common/plugins/stacks/stacks_ie.css HTTP/1.1" 200 5819 "http://www.eyepiecestexas.com/promotions/" "Mozilla/4.0 (compatible; MSIE 8.0; Windows NT 6.1; WOW64; Trident/4.0; GTB7.5; SLCC2; .NET CLR 2.0.50727; .NET CLR 3.5.30729; .NET CLR 3.0.30729; Media Center PC 6.0; InfoPath.3)"
15.227.185.76 - - [13/Aug/2013:10:28:06 -0400] "GET /staff/files/rw2images/prevPageArrow.gif HTTP/1.1" 200 78 "http://www.eyepiecestexas.com/staff/" "Mozilla/4.0 (compatible; MSIE 8.0; Windows NT 6.1; WOW64; Trident/4.0; GTB7.5; SLCC2; .NET CLR 2.0.50727; .NET CLR 3.5.30729; .NET CLR 3.0.30729; Media Center PC 6.0; InfoPath.3)"
171.161.160.10 - - [13/Aug/2013:11:53:34 -0400] "GET /eyewear/files/stacks_image_520.jpg HTTP/1.1" 200 21331 "-" "Mozilla/4.0 (compatible;)"
171.161.160.10 - - [13/Aug/2013:11:53:35 -0400] "GET /eyewear/files/stacks_image_176.png HTTP/1.1" 200 8845 "-" "Mozilla/4.0 (compatible;)"
71.244.30.87 - - [13/Aug/2013:11:56:43 -0400] "GET /eyewear/files/stacks_page_page2.js HTTP/1.1" 200 31106 "http://eyepiecestexas.com/eyewear/" "Mozilla/5.0 (iPad; CPU OS 6_1_3 like Mac OS X) AppleWebKit/536.26 (KHTML, like Gecko) Version/6.0 Mobile/10B329 Safari/8536.25"
71.244.30.87 - - [13/Aug/2013:11:56:48 -0400] "GET /eyewear/files/stacks_image_56.jpg HTTP/1.1" 200 17849 "http://eyepiecestexas.com/eyewear/" "Mozilla/5.0 (iPad; CPU OS 6_1_3 like Mac OS X) AppleWebKit/536.26 (KHTML, like Gecko) Version/6.0 Mobile/10B329 Safari/8536.25"
71.244.30.87 - - [13/Aug/2013:11:56:48 -0400] "GET /eyewear/files/stacks_image_486.jpg HTTP/1.1" 200 7158 "http://eyepiecestexas.com/eyewear/" "Mozilla/5.0 (iPad; CPU OS 6_1_3 like Mac OS X) AppleWebKit/536.26 (KHTML, like Gecko) Version/6.0 Mobile/10B329 Safari/8536.25"
71.244.30.87 - - [13/Aug/2013:11:56:48 -0400] "GET /eyewear/files/stacks_image_133.jpg HTTP/1.1" 200 8521 "http://eyepiecestexas.com/eyewear/" "Mozilla/5.0 (iPad; CPU OS 6_1_3 like Mac OS X) AppleWebKit/536.26 (KHTML, like Gecko) Version/6.0 Mobile/10B329 Safari/8536.25"
71.244.30.87 - - [13/Aug/2013:11:56:48 -0400] "GET /eyewear/files/stacks_image_510.jpg HTTP/1.1" 200 9275 "http://eyepiecestexas.com/eyewear/" "Mozilla/5.0 (iPad; CPU OS 6_1_3 like Mac OS X) AppleWebKit/536.26 (KHTML, like Gecko) Version/6.0 Mobile/10B329 Safari/8536.25"
71.244.30.87 - - [13/Aug/2013:11:56:49 -0400] "GET /eyewear/files/stacks_image_526.jpg HTTP/1.1" 200 6454 "http://eyepiecestexas.com/eyewear/" "Mozilla/5.0 (iPad; CPU OS 6_1_3 like Mac OS X) AppleWebKit/536.26 (KHTML, like Gecko) Version/6.0 Mobile/10B329 Safari/8536.25"
71.244.30.87 - - [13/Aug/2013:11:56:49 -0400] "GET /eyewear/files/stacks_image_540.jpg HTTP/1.1" 200 11363 "http://eyepiecestexas.com/eyewear/" "Mozilla/5.0 (iPad; CPU OS 6_1_3 like Mac OS X) AppleWebKit/536.26 (KHTML, like Gecko) Version/6.0 Mobile/10B329 Safari/8536.25"
71.244.30.87 - - [13/Aug/2013:11:56:49 -0400] "GET /eyewear/files/stacks_image_556.jpg HTTP/1.1" 200 9107 "http://eyepiecestexas.com/eyewear/" "Mozilla/5.0 (iPad; CPU OS 6_1_3 like Mac OS X) AppleWebKit/536.26 (KHTML, like Gecko) Version/6.0 Mobile/10B329 Safari/8536.25"
71.244.30.87 - - [13/Aug/2013:11:56:49 -0400] "GET /eyewear/files/stacks_image_572.jpg HTTP/1.1" 200 10473 "http://eyepiecestexas.com/eyewear/" "Mozilla/5.0 (iPad; CPU OS 6_1_3 like Mac OS X) AppleWebKit/536.26 (KHTML, like Gecko) Version/6.0 Mobile/10B329 Safari/8536.25"
71.244.30.87 - - [13/Aug/2013:11:56:49 -0400] "GET /eyewear/files/stacks_image_594.jpg HTTP/1.1" 200 14177 "http://eyepiecestexas.com/eyewear/" "Mozilla/5.0 (iPad; CPU OS 6_1_3 like Mac OS X) AppleWebKit/536.26 (KHTML, like Gecko) Version/6.0 Mobile/10B329 Safari/8536.25"
71.244.30.87 - - [13/Aug/2013:11:56:49 -0400] "GET /eyewear/files/stacks_image_604.jpg HTTP/1.1" 200 10156 "http://eyepiecestexas.com/eyewear/" "Mozilla/5.0 (iPad; CPU OS 6_1_3 like Mac OS X) AppleWebKit/536.26 (KHTML, like Gecko) Version/6.0 Mobile/10B329 Safari/8536.25"
71.244.30.87 - - [13/Aug/2013:11:56:49 -0400] "GET /eyewear/files/stacks_image_616.jpg HTTP/1.1" 200 13634 "http://eyepiecestexas.com/eyewear/" "Mozilla/5.0 (iPad; CPU OS 6_1_3 like Mac OS X) AppleWebKit/536.26 (KHTML, like Gecko) Version/6.0 Mobile/10B329 Safari/8536.25"
71.244.30.87 - - [13/Aug/2013:11:56:50 -0400] "GET /eyewear/files/stacks_image_632.jpg HTTP/1.1" 200 9921 "http://eyepiecestexas.com/eyewear/" "Mozilla/5.0 (iPad; CPU OS 6_1_3 like Mac OS X) AppleWebKit/536.26 (KHTML, like Gecko) Version/6.0 Mobile/10B329 Safari/8536.25"
71.244.30.87 - - [13/Aug/2013:11:56:50 -0400] "GET /eyewear/files/stacks_image_237.jpg HTTP/1.1" 200 12263 "http://eyepiecestexas.com/eyewear/" "Mozilla/5.0 (iPad; CPU OS 6_1_3 like Mac OS X) AppleWebKit/536.26 (KHTML, like Gecko) Version/6.0 Mobile/10B329 Safari/8536.25"
71.244.30.87 - - [13/Aug/2013:11:56:51 -0400] "GET /eyewear/files/stacks_image_656.jpg HTTP/1.1" 200 10694 "http://eyepiecestexas.com/eyewear/" "Mozilla/5.0 (iPad; CPU OS 6_1_3 like Mac OS X) AppleWebKit/536.26 (KHTML, like Gecko) Version/6.0 Mobile/10B329 Safari/8536.25"
71.244.30.87 - - [13/Aug/2013:11:56:51 -0400] "GET /eyewear/files/stacks_image_676.jpg HTTP/1.1" 200 7771 "http://eyepiecestexas.com/eyewear/" "Mozilla/5.0 (iPad; CPU OS 6_1_3 like Mac OS X) AppleWebKit/536.26 (KHTML, like Gecko) Version/6.0 Mobile/10B329 Safari/8536.25"
71.244.30.87 - - [13/Aug/2013:11:56:52 -0400] "GET /eyewear/files/stacks_image_688.jpg HTTP/1.1" 200 20065 "http://eyepiecestexas.com/eyewear/" "Mozilla/5.0 (iPad; CPU OS 6_1_3 like Mac OS X) AppleWebKit/536.26 (KHTML, like Gecko) Version/6.0 Mobile/10B329 Safari/8536.25"
71.244.30.87 - - [13/Aug/2013:11:56:52 -0400] "GET /eyewear/files/stacks_image_810.png HTTP/1.1" 200 6280 "http://eyepiecestexas.com/eyewear/" "Mozilla/5.0 (iPad; CPU OS 6_1_3 like Mac OS X) AppleWebKit/536.26 (KHTML, like Gecko) Version/6.0 Mobile/10B329 Safari/8536.25"
71.244.30.87 - - [13/Aug/2013:11:56:53 -0400] "GET /rw_common/themes/dexture/images/pageTopShadow400px.png HTTP/1.1" 200 1299 "http://eyepiecestexas.com/eyewear/" "Mozilla/5.0 (iPad; CPU OS 6_1_3 like Mac OS X) AppleWebKit/536.26 (KHTML, like Gecko) Version/6.0 Mobile/10B329 Safari/8536.25"
71.244.30.87 - - [13/Aug/2013:11:56:53 -0400] "GET /rw_common/themes/dexture/images/editable_images/image11.jpg HTTP/1.1" 200 74799 "http://eyepiecestexas.com/eyewear/" "Mozilla/5.0 (iPad; CPU OS 6_1_3 like Mac OS X) AppleWebKit/536.26 (KHTML, like Gecko) Version/6.0 Mobile/10B329 Safari/8536.25"
71.244.30.87 - - [13/Aug/2013:11:56:53 -0400] "GET /rw_common/themes/dexture/images/editable_images/concrete.png HTTP/1.1" 200 198645 "http://eyepiecestexas.com/eyewear/" "Mozilla/5.0 (iPad; CPU OS 6_1_3 like Mac OS X) AppleWebKit/536.26 (KHTML, like Gecko) Version/6.0 Mobile/10B329 Safari/8536.25"
71.244.30.87 - - [13/Aug/2013:11:56:56 -0400] "GET /rw_common/themes/dexture/images/upperShadow.png HTTP/1.1" 200 218 "http://eyepiecestexas.com/eyewear/" "Mozilla/5.0 (iPad; CPU OS 6_1_3 like Mac OS X) AppleWebKit/536.26 (KHTML, like Gecko) Version/6.0 Mobile/10B329 Safari/8536.25"
71.244.30.87 - - [13/Aug/2013:11:56:57 -0400] "GET /eyewear/files/stacks_image_644.png HTTP/1.1" 200 9715 "http://eyepiecestexas.com/eyewear/" "Mozilla/5.0 (iPad; CPU OS 6_1_3 like Mac OS X) AppleWebKit/536.26 (KHTML, like Gecko) Version/6.0 Mobile/10B329 Safari/8536.25"
71.244.30.87 - - [13/Aug/2013:11:56:57 -0400] "GET /eyewear/files/stacks_image_247.jpg HTTP/1.1" 200 7700 "http://eyepiecestexas.com/eyewear/" "Mozilla/5.0 (iPad; CPU OS 6_1_3 like Mac OS X) AppleWebKit/536.26 (KHTML, like Gecko) Version/6.0 Mobile/10B329 Safari/8536.25"
71.244.30.87 - - [13/Aug/2013:11:57:18 -0400] "GET /find-us/files/stacks_image_49.png HTTP/1.1" 200 29250 "http://eyepiecestexas.com/find-us/" "Mozilla/5.0 (iPad; CPU OS 6_1_3 like Mac OS X) AppleWebKit/536.26 (KHTML, like Gecko) Version/6.0 Mobile/10B329 Safari/8536.25"
71.244.30.87 - - [13/Aug/2013:11:57:18 -0400] "GET /find-us/files/stacks_image_828.png HTTP/1.1" 200 5857 "http://eyepiecestexas.com/find-us/" "Mozilla/5.0 (iPad; CPU OS 6_1_3 like Mac OS X) AppleWebKit/536.26 (KHTML, like Gecko) Version/6.0 Mobile/10B329 Safari/8536.25"
74.7.154.83 - - [13/Aug/2013:12:06:59 -0400] "GET /rw_common/themes/dexture/scripts/nimblehost.js HTTP/1.1" 200 17247 "http://eyepiecestexas.com/contact/" "Mozilla/5.0 (Windows NT 6.1) AppleWebKit/537.36 (KHTML, like Gecko) Chrome/28.0.1500.95 Safari/537.36"
74.7.154.83 - - [13/Aug/2013:12:06:57 -0400] "GET / HTTP/1.1" 200 16359 "http://eyepiecestexas.com/" "Mozilla/5.0 (Windows NT 6.1) AppleWebKit/537.36 (KHTML, like Gecko) Chrome/28.0.1500.95 Safari/537.36"
74.7.154.83 - - [13/Aug/2013:12:07:01 -0400] "GET /contact/files/stacks_image_832.png HTTP/1.1" 200 2265 "http://eyepiecestexas.com/contact/" "Mozilla/5.0 (Windows NT 6.1) AppleWebKit/537.36 (KHTML, like Gecko) Chrome/28.0.1500.95 Safari/537.36"
74.7.154.83 - - [13/Aug/2013:12:07:01 -0400] "GET /rw_common/themes/dexture/images/pageTopGradient.png HTTP/1.1" 200 1338 "http://eyepiecestexas.com/contact/" "Mozilla/5.0 (Windows NT 6.1) AppleWebKit/537.36 (KHTML, like Gecko) Chrome/28.0.1500.95 Safari/537.36"
74.7.154.83 - - [13/Aug/2013:12:07:01 -0400] "GET /rw_common/themes/dexture/images/mainContentCornerShadowLeft.png HTTP/1.1" 200 1452 "http://eyepiecestexas.com/contact/" "Mozilla/5.0 (Windows NT 6.1) AppleWebKit/537.36 (KHTML, like Gecko) Chrome/28.0.1500.95 Safari/537.36"
74.7.154.83 - - [13/Aug/2013:12:07:01 -0400] "GET /rw_common/themes/dexture/images/ec6TopShadow.png HTTP/1.1" 200 49422 "http://eyepiecestexas.com/contact/" "Mozilla/5.0 (Windows NT 6.1) AppleWebKit/537.36 (KHTML, like Gecko) Chrome/28.0.1500.95 Safari/537.36"
76.199.215.46 - - [13/Aug/2013:12:20:29 -0400] "GET /favicon.ico HTTP/1.1" 200 3319 "-" "Mozilla/5.0 (compatible; MSIE 10.0; Windows NT 6.1; Win64; x64; Trident/6.0)"
76.199.215.46 - - [13/Aug/2013:12:21:55 -0400] "GET /resources/Dream_Orphans_700.font.js?_=1376410913882 HTTP/1.1" 200 36773 "http://eyepiecestexas.com/" "Mozilla/5.0 (compatible; MSIE 10.0; Windows NT 6.1; WOW64; Trident/6.0)"
76.199.215.46 - - [13/Aug/2013:13:53:42 -0400] "GET /favicon.ico HTTP/1.1" 200 3819 "-" "Mozilla/5.0 (compatible; MSIE 10.0; Windows NT 6.1; Win64; x64; Trident/6.0)"
70.247.110.226 - - [13/Aug/2013:14:45:37 -0400] "GET /rw_common/themes/dexture/images/pageTopGradient.png HTTP/1.1" 200 1338 "http://eyepiecestexas.com/" "Mozilla/4.0 (compatible; MSIE 8.0; Windows NT 6.1; Trident/4.0; SLCC2; .NET CLR 2.0.50727; .NET CLR 3.5.30729; .NET CLR 3.0.30729; Media Center PC 6.0; .NET4.0C; .NET4.0E)"
70.247.110.226 - - [13/Aug/2013:14:45:37 -0400] "GET /rw_common/themes/dexture/images/pageTopShadow400px.png HTTP/1.1" 200 1299 "http://eyepiecestexas.com/" "Mozilla/4.0 (compatible; MSIE 8.0; Windows NT 6.1; Trident/4.0; SLCC2; .NET CLR 2.0.50727; .NET CLR 3.5.30729; .NET CLR 3.0.30729; Media Center PC 6.0; .NET4.0C; .NET4.0E)"
70.247.110.226 - - [13/Aug/2013:14:45:37 -0400] "GET /files/eye-pieces-logo-400.png HTTP/1.1" 200 10524 "http://eyepiecestexas.com/" "Mozilla/4.0 (compatible; MSIE 8.0; Windows NT 6.1; Trident/4.0; SLCC2; .NET CLR 2.0.50727; .NET CLR 3.5.30729; .NET CLR 3.0.30729; Media Center PC 6.0; .NET4.0C; .NET4.0E)"
70.247.110.226 - - [13/Aug/2013:14:45:37 -0400] "GET /files/stacks_image_142.jpg HTTP/1.1" 200 9540 "http://eyepiecestexas.com/" "Mozilla/4.0 (compatible; MSIE 8.0; Windows NT 6.1; Trident/4.0; SLCC2; .NET CLR 2.0.50727; .NET CLR 3.5.30729; .NET CLR 3.0.30729; Media Center PC 6.0; .NET4.0C; .NET4.0E)"
70.247.110.226 - - [13/Aug/2013:14:45:37 -0400] "GET /resources/Dream_Orphans_700.font.js?_=1376419536665 HTTP/1.1" 200 36773 "http://eyepiecestexas.com/" "Mozilla/4.0 (compatible; MSIE 8.0; Windows NT 6.1; Trident/4.0; SLCC2; .NET CLR 2.0.50727; .NET CLR 3.5.30729; .NET CLR 3.0.30729; Media Center PC 6.0; .NET4.0C; .NET4.0E)"
70.247.110.226 - - [13/Aug/2013:14:45:37 -0400] "GET /rw_common/themes/dexture/images/tm.png HTTP/1.1" 200 1338 "http://eyepiecestexas.com/" "Mozilla/4.0 (compatible; MSIE 8.0; Windows NT 6.1; Trident/4.0; SLCC2; .NET CLR 2.0.50727; .NET CLR 3.5.30729; .NET CLR 3.0.30729; Media Center PC 6.0; .NET4.0C; .NET4.0E)"
70.247.110.226 - - [13/Aug/2013:14:45:37 -0400] "GET /rw_common/themes/dexture/images/ml.png HTTP/1.1" 200 1335 "http://eyepiecestexas.com/" "Mozilla/4.0 (compatible; MSIE 8.0; Windows NT 6.1; Trident/4.0; SLCC2; .NET CLR 2.0.50727; .NET CLR 3.5.30729; .NET CLR 3.0.30729; Media Center PC 6.0; .NET4.0C; .NET4.0E)"
70.247.110.226 - - [13/Aug/2013:14:45:37 -0400] "GET /rw_common/themes/dexture/images/bl.png HTTP/1.1" 200 1833 "http://eyepiecestexas.com/" "Mozilla/4.0 (compatible; MSIE 8.0; Windows NT 6.1; Trident/4.0; SLCC2; .NET CLR 2.0.50727; .NET CLR 3.5.30729; .NET CLR 3.0.30729; Media Center PC 6.0; .NET4.0C; .NET4.0E)"
