76.199.215.46 - - [13/Aug/2013:13:09:36 -0400] "GET /about/files/stacks_image_712.png HTTP/1.1" 200 3361 "http://eyepiecestexas.com/about/" "Mozilla/5.0 (compatible; MSIE 10.0; Windows NT 6.1; WOW64; Trident/6.0)"
76.199.215.46 - - [13/Aug/2013:13:09:36 -0400] "GET /about/files/stacks_image_715.png HTTP/1.1" 200 5841 "http://eyepiecestexas.com/about/" "Mozilla/5.0 (compatible; MSIE 10.0; Windows NT 6.1; WOW64; Trident/6.0)"
76.199.215.46 - - [13/Aug/2013:13:09:36 -0400] "GET /rw_common/themes/dexture/images/pageTopShadow400px.png HTTP/1.1" 304 - "http://eyepiecestexas.com/about/" "Mozilla/5.0 (compatible; MSIE 10.0; Windows NT 6.1; WOW64; Trident/6.0)"
108.235.160.182 - - [13/Aug/2013:13:48:40 -0400] "GET /rw_common/themes/dexture/consolidated-handheld-5.css HTTP/1.1" 200 13394 "http://eyepiecestexas.com/contact/" "Mozilla/5.0 (iPad; CPU OS 6_1_3 like Mac OS X) AppleWebKit/536.26 (KHTML, like Gecko) Version/6.0 Mobile/10B329 Safari/8536.25"
108.235.160.182 - - [13/Aug/2013:13:48:40 -0400] "GET /rw_common/themes/dexture/consolidated-print-5.css HTTP/1.1" 200 10005 "http://eyepiecestexas.com/contact/" "Mozilla/5.0 (iPad; CPU OS 6_1_3 like Mac OS X) AppleWebKit/536.26 (KHTML, like Gecko) Version/6.0 Mobile/10B329 Safari/8536.25"
65.55.52.94 - - [13/Aug/2013:13:53:27 -0400] "GET /eyewear/ HTTP/1.1" 200 62395 "-" "Mozilla/5.0 (compatible; bingbot/2.0; +http://www.bing.com/bingbot.htm)"
165.208.1.12 - - [13/Aug/2013:14:22:22 -0400] "GET /Eye_Pieces/Home.html HTTP/1.1" 200 9851 "http://shopsatlegacy.com/index.php/shops/detail/eye_pieces" "Mozilla/4.0 (compatible; MSIE 8.0; Windows NT 6.1; WOW64; Trident/4.0; SLCC2; .NET CLR 2.0.50727; .NET CLR 3.5.30729; .NET CLR 3.0.30729; Media Center PC 6.0; .NET4.0C; .NET4.0E; InfoPath.2; MS-RTC LM 8; AskTbORJ/5.15.23.36191)"
165.208.1.12 - - [13/Aug/2013:14:22:24 -0400] "GET /Eye_Pieces/Scripts/Widgets/SharedResources/WidgetCommon.js HTTP/1.1" 200 36124 "http://eyepiecestexas.com/Eye_Pieces/Home.html" "Mozilla/4.0 (compatible; MSIE 8.0; Windows NT 6.1; WOW64; Trident/4.0; SLCC2; .NET CLR 2.0.50727; .NET CLR 3.5.30729; .NET CLR 3.0.30729; Media Center PC 6.0; .NET4.0C; .NET4.0E; InfoPath.2; MS-RTC LM 8; AskTbORJ/5.15.23.36191)"
165.208.1.12 - - [13/Aug/2013:14:22:24 -0400] "GET /Eye_Pieces/Scripts/iWebImage.js HTTP/1.1" 200 39662 "http://eyepiecestexas.com/Eye_Pieces/Home.html" "Mozilla/4.0 (compatible; MSIE 8.0; Windows NT 6.1; WOW64; Trident/4.0; SLCC2; .NET CLR 2.0.50727; .NET CLR 3.5.30729; .NET CLR 3.0.30729; Media Center PC 6.0; .NET4.0C; .NET4.0E; InfoPath.2; MS-RTC LM 8; AskTbORJ/5.15.23.36191)"
165.208.1.12 - - [13/Aug/2013:14:22:24 -0400] "GET /Eye_Pieces/Home_files/backgroundimage_1.jpg HTTP/1.1" 200 20239 "http://eyepiecestexas.com/Eye_Pieces/Home.html" "Mozilla/4.0 (compatible; MSIE 8.0; Windows NT 6.1; WOW64; Trident/4.0; SLCC2; .NET CLR 2.0.50727; .NET CLR 3.5.30729; .NET CLR 3.0.30729; Media Center PC 6.0; .NET4.0C; .NET4.0E; InfoPath.2; MS-RTC LM 8; AskTbORJ/5.15.23.36191)"
165.208.1.12 - - [13/Aug/2013:14:22:24 -0400] "GET /Eye_Pieces/Home_files/shapeimage_1.png HTTP/1.1" 200 173 "http://eyepiecestexas.com/Eye_Pieces/Home.html" "Mozilla/4.0 (compatible; MSIE 8.0; Windows NT 6.1; WOW64; Trident/4.0; SLCC2; .NET CLR 2.0.50727; .NET CLR 3.5.30729; .NET CLR 3.0.30729; Media Center PC 6.0; .NET4.0C; .NET4.0E; InfoPath.2; MS-RTC LM 8; AskTbORJ/5.15.23.36191)"
165.208.1.12 - - [13/Aug/2013:14:22:25 -0400] "GET /Eye_Pieces/Home_files/shapeimage_1_rollover_0.png HTTP/1.1" 200 2969 "http://eyepiecestexas.com/Eye_Pieces/Home.html" "Mozilla/4.0 (compatible; MSIE 8.0; Windows NT 6.1; WOW64; Trident/4.0; SLCC2; .NET CLR 2.0.50727; .NET CLR 3.5.30729; .NET CLR 3.0.30729; Media Center PC 6.0; .NET4.0C; .NET4.0E; InfoPath.2; MS-RTC LM 8; AskTbORJ/5.15.23.36191)"
165.208.1.12 - - [13/Aug/2013:14:22:25 -0400] "GET /Eye_Pieces/Home_files/stroke_3.png HTTP/1.1" 200 81 "-" "Mozilla/4.0 (compatible; MSIE 8.0; Windows NT 6.1; WOW64; Trident/4.0; SLCC2; .NET CLR 2.0.50727; .NET CLR 3.5.30729; .NET CLR 3.0.30729; Media Center PC 6.0; .NET4.0C; .NET4.0E; InfoPath.2; MS-RTC LM 8; AskTbORJ/5.15.23.36191)"
165.208.1.12 - - [13/Aug/2013:14:22:25 -0400] "GET /Eye_Pieces/Home_files/stroke_7.png HTTP/1.1" 200 81 "-" "Mozilla/4.0 (compatible; MSIE 8.0; Windows NT 6.1; WOW64; Trident/4.0; SLCC2; .NET CLR 2.0.50727; .NET CLR 3.5.30729; .NET CLR 3.0.30729; Media Center PC 6.0; .NET4.0C; .NET4.0E; InfoPath.2; MS-RTC LM 8; AskTbORJ/5.15.23.36191)"
165.208.1.12 - - [13/Aug/2013:14:23:10 -0400] "GET /favicon.ico HTTP/1.1" 200 2819 "-" "Mozilla/4.0 (compatible; MSIE 8.0; Windows NT 6.1; WOW64; Trident/4.0; SLCC2; .NET CLR 2.0.50727; .NET CLR 3.5.30729; .NET CLR 3.0.30729; Media Center PC 6.0; .NET4.0C; .NET4.0E; InfoPath.2; MS-RTC LM 8; AskTbORJ/5.15.23.36191)"
70.247.110.226 - - [13/Aug/2013:14:45:36 -0400] "GET /rw_common/themes/dexture/rw_common/plugins/stacks/stacks_ie.css HTTP/1.1" 200 5819 "http://eyepiecestexas.com/" "Mozilla/4.0 (compatible; MSIE 8.0; Windows NT 6.1; Trident/4.0; SLCC2; .NET CLR 2.0.50727; .NET CLR 3.5.30729; .NET CLR 3.0.30729; Media Center PC 6.0; .NET4.0C; .NET4.0E)"
66.90.244.94 - - [13/Aug/2013:15:02:47 -0400] "GET /Eye_Pieces/Eyewear_files/Eyewear.css HTTP/1.1" 200 9120 "http://eyepiecestexas.com/Eye_Pieces/Eyewear.html" "Mozilla/5.0 (Windows NT 6.1; WOW64) AppleWebKit/537.36 (KHTML, like Gecko) Chrome/27.0.1453.116 Safari/537.36"
66.90.244.94 - - [13/Aug/2013:15:02:48 -0400] "GET /Eye_Pieces/Eyewear_files/Untitled-1.jpg HTTP/1.1" 200 43584 "http://eyepiecestexas.com/Eye_Pieces/Eyewear.html" "Mozilla/5.0 (Windows NT 6.1; WOW64) AppleWebKit/537.36 (KHTML, like Gecko) Chrome/27.0.1453.116 Safari/537.36"
66.90.244.94 - - [13/Aug/2013:15:02:51 -0400] "GET /Eye_Pieces/Eyewear_files/shapeimage_19_link_0.png HTTP/1.1" 200 1181 "http://eyepiecestexas.com/Eye_Pieces/Eyewear.html" "Mozilla/5.0 (Windows NT 6.1; WOW64) AppleWebKit/537.36 (KHTML, like Gecko) Chrome/27.0.1453.116 Safari/537.36"
66.90.244.94 - - [13/Aug/2013:15:02:52 -0400] "GET /Eye_Pieces/Eyewear_files/shapeimage_2_rollover_0.png HTTP/1.1" 200 1520 "http://eyepiecestexas.com/Eye_Pieces/Eyewear.html" "Mozilla/5.0 (Windows NT 6.1; WOW64) AppleWebKit/537.36 (KHTML, like Gecko) Chrome/27.0.1453.116 Safari/537.36"
66.90.244.94 - - [13/Aug/2013:15:02:52 -0400] "GET /Eye_Pieces/Eyewear_files/shapeimage_17_rollover_0.png HTTP/1.1" 200 2144 "http://eyepiecestexas.com/Eye_Pieces/Eyewear.html" "Mozilla/5.0 (Windows NT 6.1; WOW64) AppleWebKit/537.36 (KHTML, like Gecko) Chrome/27.0.1453.116 Safari/537.36"
66.90.244.94 - - [13/Aug/2013:15:02:52 -0400] "GET /Eye_Pieces/Eyewear_files/shapeimage_23_rollover_0.png HTTP/1.1" 200 1585 "http://eyepiecestexas.com/Eye_Pieces/Eyewear.html" "Mozilla/5.0 (Windows NT 6.1; WOW64) AppleWebKit/537.36 (KHTML, like Gecko) Chrome/27.0.1453.116 Safari/537.36"
66.90.244.94 - - [13/Aug/2013:15:02:52 -0400] "GET /Eye_Pieces/Eyewear_files/shapeimage_29_rollover_0.png HTTP/1.1" 200 2244 "http://eyepiecestexas.com/Eye_Pieces/Eyewear.html" "Mozilla/5.0 (Windows NT 6.1; WOW64) AppleWebKit/537.36 (KHTML, like Gecko) Chrome/27.0.1453.116 Safari/537.36"
66.90.244.94 - - [13/Aug/2013:15:03:18 -0400] "GET /Eye_Pieces/Maui_Jim_files/Maui_Jim.js HTTP/1.1" 200 1228 "http://eyepiecestexas.com/Eye_Pieces/Maui_Jim.html" "Mozilla/5.0 (Windows NT 6.1; WOW64) AppleWebKit/537.36 (KHTML, like Gecko) Chrome/27.0.1453.116 Safari/537.36"
66.90.244.94 - - [13/Aug/2013:15:03:18 -0400] "GET /Eye_Pieces/Maui_Jim_files/shapeimage_1.jpg HTTP/1.1" 200 877 "http://eyepiecestexas.com/Eye_Pieces/Maui_Jim.html" "Mozilla/5.0 (Windows NT 6.1; WOW64) AppleWebKit/537.36 (KHTML, like Gecko) Chrome/27.0.1453.116 Safari/537.36"
66.90.244.94 - - [13/Aug/2013:15:03:18 -0400] "GET /Eye_Pieces/Maui_Jim_files/shapeimage_4.png HTTP/1.1" 200 83088 "http://eyepiecestexas.com/Eye_Pieces/Maui_Jim.html" "Mozilla/5.0 (Windows NT 6.1; WOW64) AppleWebKit/537.36 (KHTML, like Gecko) Chrome/27.0.1453.116 Safari/537.36"
66.90.244.94 - - [13/Aug/2013:15:03:20 -0400] "GET /Eye_Pieces/Maui_Jim_files/green_linen_lr.png HTTP/1.1" 200 516 "http://eyepiecestexas.com/Eye_Pieces/Maui_Jim.html" "Mozilla/5.0 (Windows NT 6.1; WOW64) AppleWebKit/537.36 (KHTML, like Gecko) Chrome/27.0.1453.116 Safari/537.36"
76.199.215.46 - - [13/Aug/2013:16:46:21 -0400] "GET / HTTP/1.1" 304 - "-" "Mozilla/5.0 (compatible; MSIE 10.0; Windows NT 6.1; WOW64; Trident/6.0)"
76.199.215.46 - - [13/Aug/2013:16:46:21 -0400] "GET /rw_common/themes/dexture/consolidated-screen-0.css HTTP/1.1" 304 - "http://eyepiecestexas.com/" "Mozilla/5.0 (compatible; MSIE 10.0; Windows NT 6.1; WOW64; Trident/6.0)"
76.199.215.46 - - [13/Aug/2013:16:46:22 -0400] "GET /rw_common/themes/dexture/consolidated-print-0.css HTTP/1.1" 304 - "http://eyepiecestexas.com/" "Mozilla/5.0 (compatible; MSIE 10.0; Windows NT 6.1; WOW64; Trident/6.0)"
76.199.215.46 - - [13/Aug/2013:16:46:22 -0400] "GET /rw_common/themes/dexture/scripts/nimblehostDropDownMenu.js HTTP/1.1" 304 - "http://eyepiecestexas.com/" "Mozilla/5.0 (compatible; MSIE 10.0; Windows NT 6.1; WOW64; Trident/6.0)"
76.199.215.46 - - [13/Aug/2013:16:46:22 -0400] "GET /files/stacks_page_page0.css HTTP/1.1" 304 - "http://eyepiecestexas.com/" "Mozilla/5.0 (compatible; MSIE 10.0; Windows NT 6.1; WOW64; Trident/6.0)"
76.199.215.46 - - [13/Aug/2013:16:46:22 -0400] "GET /files/rdc_9289.jpg HTTP/1.1" 304 - "http://eyepiecestexas.com/" "Mozilla/5.0 (compatible; MSIE 10.0; Windows NT 6.1; WOW64; Trident/6.0)"
76.199.215.46 - - [13/Aug/2013:16:46:22 -0400] "GET /files/stacks_image_165.png HTTP/1.1" 304 - "http://eyepiecestexas.com/" "Mozilla/5.0 (compatible; MSIE 10.0; Windows NT 6.1; WOW64; Trident/6.0)"
76.199.215.46 - - [13/Aug/2013:16:46:22 -0400] "GET /files/stacks_image_142.jpg HTTP/1.1" 304 - "http://eyepiecestexas.com/" "Mozilla/5.0 (compatible; MSIE 10.0; Windows NT 6.1; WOW64; Trident/6.0)"
75.35.172.99 - - [13/Aug/2013:12:46:20 -0400] "GET /rw_common/themes/dexture/consolidated-print-4.css HTTP/1.1" 200 10005 "http://eyepiecestexas.com/find-us/" "Mozilla/5.0 (compatible; MSIE 10.0; Windows NT 6.2; WOW64; Trident/6.0; MASMJS)"
75.35.172.99 - - [13/Aug/2013:12:46:20 -0400] "GET /find-us/files/stacks_image_827.png HTTP/1.1" 200 2265 "http://eyepiecestexas.com/find-us/" "Mozilla/5.0 (compatible; MSIE 10.0; Windows NT 6.2; WOW64; Trident/6.0; MASMJS)"
75.35.172.99 - - [13/Aug/2013:12:52:01 -0400] "GET /promotions/files/armadillo/core/images/loading_background.png HTTP/1.1" 200 157 "http://eyepiecestexas.com/promotions/" "Mozilla/5.0 (compatible; MSIE 10.0; Windows NT 6.2; WOW64; Trident/6.0; MASMJS)"
76.225.133.60 - - [13/Aug/2013:12:52:04 -0400] "GET /files/stacks_image_167.png HTTP/1.1" 304 - "http://eyepiecestexas.com/" "Mozilla/4.0 (compatible; MSIE 8.0; Windows NT 5.1; Trident/4.0; .NET CLR 1.1.4322; .NET CLR 2.0.50727; .NET CLR 3.0.4506.2152; .NET CLR 3.5.30729; .NET4.0C; .NET4.0E; yie8)"
76.225.133.60 - - [13/Aug/2013:12:52:04 -0400] "GET /files/stacks_image_142.jpg HTTP/1.1" 304 - "http://eyepiecestexas.com/" "Mozilla/4.0 (compatible; MSIE 8.0; Windows NT 5.1; Trident/4.0; .NET CLR 1.1.4322; .NET CLR 2.0.50727; .NET CLR 3.0.4506.2152; .NET CLR 3.5.30729; .NET4.0C; .NET4.0E; yie8)"
76.225.133.60 - - [13/Aug/2013:12:52:04 -0400] "GET /rw_common/themes/dexture/images/ec6TopShadow.png HTTP/1.1" 304 - "http://eyepiecestexas.com/" "Mozilla/4.0 (compatible; MSIE 8.0; Windows NT 5.1; Trident/4.0; .NET CLR 1.1.4322; .NET CLR 2.0.50727; .NET CLR 3.0.4506.2152; .NET CLR 3.5.30729; .NET4.0C; .NET4.0E; yie8)"
76.225.133.60 - - [13/Aug/2013:12:52:04 -0400] "GET /rw_common/themes/dexture/images/upperShadow.png HTTP/1.1" 304 - "http://eyepiecestexas.com/" "Mozilla/4.0 (compatible; MSIE 8.0; Windows NT 5.1; Trident/4.0; .NET CLR 1.1.4322; .NET CLR 2.0.50727; .NET CLR 3.0.4506.2152; .NET CLR 3.5.30729; .NET4.0C; .NET4.0E; yie8)"
76.225.133.60 - - [13/Aug/2013:12:52:05 -0400] "GET /rw_common/themes/dexture/images/editable_images/concrete.png HTTP/1.1" 304 - "http://eyepiecestexas.com/" "Mozilla/4.0 (compatible; MSIE 8.0; Windows NT 5.1; Trident/4.0; .NET CLR 1.1.4322; .NET CLR 2.0.50727; .NET CLR 3.0.4506.2152; .NET CLR 3.5.30729; .NET4.0C; .NET4.0E; yie8)"
76.225.133.60 - - [13/Aug/2013:12:52:05 -0400] "GET /rw_common/themes/dexture/images/mainContentCornerShadowRight.png HTTP/1.1" 304 - "http://eyepiecestexas.com/" "Mozilla/4.0 (compatible; MSIE 8.0; Windows NT 5.1; Trident/4.0; .NET CLR 1.1.4322; .NET CLR 2.0.50727; .NET CLR 3.0.4506.2152; .NET CLR 3.5.30729; .NET4.0C; .NET4.0E; yie8)"
76.225.133.60 - - [13/Aug/2013:12:52:06 -0400] "GET /rw_common/themes/dexture/scripts/PIE.htc HTTP/1.1" 304 - "http://www.google.com/" "Mozilla/4.0 (compatible; MSIE 8.0; Windows NT 5.1; Trident/4.0; .NET CLR 1.1.4322; .NET CLR 2.0.50727; .NET CLR 3.0.4506.2152; .NET CLR 3.5.30729; .NET4.0C; .NET4.0E; yie8)"
76.225.133.60 - - [13/Aug/2013:12:52:08 -0400] "GET /rw_common/themes/dexture/images/darkAlphaBg.png HTTP/1.1" 304 - "-" "Mozilla/4.0 (compatible; MSIE 8.0; Windows NT 5.1; Trident/4.0; .NET CLR 1.1.4322; .NET CLR 2.0.50727; .NET CLR 3.0.4506.2152; .NET CLR 3.5.30729; .NET4.0C; .NET4.0E; yie8)"
76.225.133.60 - - [13/Aug/2013:12:52:08 -0400] "GET /favicon.ico HTTP/1.1" 200 5819 "-" "Mozilla/4.0 (compatible; MSIE 8.0; Windows NT 5.1; Trident/4.0; .NET CLR 1.1.4322; .NET CLR 2.0.50727; .NET CLR 3.0.4506.2152; .NET CLR 3.5.30729; .NET4.0C; .NET4.0E; yie8)"
146.127.253.44 - - [13/Aug/2013:12:54:45 -0400] "GET /rw_common/themes/dexture/scripts/nimblehost.js HTTP/1.1" 200 17247 "http://eyepiecestexas.com/" "Mozilla/4.0 (compatible; MSIE 8.0; Windows NT 6.1; WOW64; Trident/4.0; SLCC2; .NET CLR 2.0.50727; .NET CLR 3.5.30729; .NET CLR 3.0.30729; Media Center PC 6.0; .NET4.0C; .NET4.0E; InfoPath.2)"
146.127.253.13 - - [13/Aug/2013:12:54:51 -0400] "GET /contact/files/eye-pieces-logo-400.png HTTP/1.1" 200 10524 "http://eyepiecestexas.com/contact/" "Mozilla/4.0 (compatible; MSIE 8.0; Windows NT 6.1; WOW64; Trident/4.0; SLCC2; .NET CLR 2.0.50727; .NET CLR 3.5.30729; .NET CLR 3.0.30729; Media Center PC 6.0; .NET4.0C; .NET4.0E; InfoPath.2)"
76.199.215.46 - - [13/Aug/2013:13:09:35 -0400] "GET /rw_common/themes/dexture/consolidated-screen-1.css HTTP/1.1" 200 27899 "http://eyepiecestexas.com/about/" "Mozilla/5.0 (compatible; MSIE 10.0; Windows NT 6.1; WOW64; Trident/6.0)"
76.199.215.46 - - [13/Aug/2013:13:09:36 -0400] "GET /resources/Dream_Orphans_700.font.js HTTP/1.1" 304 - "http://eyepiecestexas.com/about/" "Mozilla/5.0 (compatible; MSIE 10.0; Windows NT 6.1; WOW64; Trident/6.0)"
76.199.215.46 - - [13/Aug/2013:13:09:36 -0400] "GET /about/files/stacks_image_713.png HTTP/1.1" 200 2265 "http://eyepiecestexas.com/about/" "Mozilla/5.0 (compatible; MSIE 10.0; Windows NT 6.1; WOW64; Trident/6.0)"
76.199.215.46 - - [13/Aug/2013:13:09:36 -0400] "GET /rw_common/themes/dexture/images/pageTopGradient.png HTTP/1.1" 304 - "http://eyepiecestexas.com/about/" "Mozilla/5.0 (compatible; MSIE 10.0; Windows NT 6.1; WOW64; Trident/6.0)"
76.199.215.46 - - [13/Aug/2013:13:09:36 -0400] "GET /rw_common/themes/dexture/images/editable_images/concrete.png HTTP/1.1" 304 - "http://eyepiecestexas.com/about/" "Mozilla/5.0 (compatible; MSIE 10.0; Windows NT 6.1; WOW64; Trident/6.0)"
165.208.1.12 - - [13/Aug/2013:14:24:38 -0400] "GET /Eye_Pieces/feed.xml HTTP/1.1" 304 - "http://eyepiecestexas.com/Eye_Pieces/Home.html" "Mozilla/4.0 (compatible; MSIE 8.0; Windows NT 6.1; WOW64; Trident/4.0; SLCC2; .NET CLR 2.0.50727; .NET CLR 3.5.30729; .NET CLR 3.0.30729; Media Center PC 6.0; .NET4.0C; .NET4.0E; InfoPath.2; MS-RTC LM 8; AskTbORJ/5.15.23.36191)"
165.208.1.12 - - [13/Aug/2013:14:24:38 -0400] "GET /Eye_Pieces/Home_files/shapeimage_1.png HTTP/1.1" 304 - "-" "Mozilla/4.0 (compatible; MSIE 8.0; Windows NT 6.1; WOW64; Trident/4.0; SLCC2; .NET CLR 2.0.50727; .NET CLR 3.5.30729; .NET CLR 3.0.30729; Media Center PC 6.0; .NET4.0C; .NET4.0E; InfoPath.2; MS-RTC LM 8; AskTbORJ/5.15.23.36191)"
165.208.1.12 - - [13/Aug/2013:14:24:39 -0400] "GET /Eye_Pieces/Home_files/shapeimage_1_link_0.png HTTP/1.1" 304 - "-" "Mozilla/4.0 (compatible; MSIE 8.0; Windows NT 6.1; WOW64; Trident/4.0; SLCC2; .NET CLR 2.0.50727; .NET CLR 3.5.30729; .NET CLR 3.0.30729; Media Center PC 6.0; .NET4.0C; .NET4.0E; InfoPath.2; MS-RTC LM 8; AskTbORJ/5.15.23.36191)"
165.208.1.12 - - [13/Aug/2013:14:24:39 -0400] "GET /Eye_Pieces/Home_files/stroke.png HTTP/1.1" 304 - "-" "Mozilla/4.0 (compatible; MSIE 8.0; Windows NT 6.1; WOW64; Trident/4.0; SLCC2; .NET CLR 2.0.50727; .NET CLR 3.5.30729; .NET CLR 3.0.30729; Media Center PC 6.0; .NET4.0C; .NET4.0E; InfoPath.2; MS-RTC LM 8; AskTbORJ/5.15.23.36191)"
165.208.1.12 - - [13/Aug/2013:14:24:39 -0400] "GET /Eye_Pieces/Home_files/stroke_1.png HTTP/1.1" 304 - "-" "Mozilla/4.0 (compatible; MSIE 8.0; Windows NT 6.1; WOW64; Trident/4.0; SLCC2; .NET CLR 2.0.50727; .NET CLR 3.5.30729; .NET CLR 3.0.30729; Media Center PC 6.0; .NET4.0C; .NET4.0E; InfoPath.2; MS-RTC LM 8; AskTbORJ/5.15.23.36191)"
165.208.1.12 - - [13/Aug/2013:14:24:39 -0400] "GET /Eye_Pieces/Home_files/stroke_2.png HTTP/1.1" 304 - "-" "Mozilla/4.0 (compatible; MSIE 8.0; Windows NT 6.1; WOW64; Trident/4.0; SLCC2; .NET CLR 2.0.50727; .NET CLR 3.5.30729; .NET CLR 3.0.30729; Media Center PC 6.0; .NET4.0C; .NET4.0E; InfoPath.2; MS-RTC LM 8; AskTbORJ/5.15.23.36191)"
165.208.1.12 - - [13/Aug/2013:14:24:39 -0400] "GET /Eye_Pieces/Home_files/stroke_3.png HTTP/1.1" 304 - "-" "Mozilla/4.0 (compatible; MSIE 8.0; Windows NT 6.1; WOW64; Trident/4.0; SLCC2; .NET CLR 2.0.50727; .NET CLR 3.5.30729; .NET CLR 3.0.30729; Media Center PC 6.0; .NET4.0C; .NET4.0E; InfoPath.2; MS-RTC LM 8; AskTbORJ/5.15.23.36191)"
165.208.1.12 - - [13/Aug/2013:14:24:39 -0400] "GET /Eye_Pieces/Home_files/stroke_4.png HTTP/1.1" 304 - "-" "Mozilla/4.0 (compatible; MSIE 8.0; Windows NT 6.1; WOW64; Trident/4.0; SLCC2; .NET CLR 2.0.50727; .NET CLR 3.5.30729; .NET CLR 3.0.30729; Media Center PC 6.0; .NET4.0C; .NET4.0E; InfoPath.2; MS-RTC LM 8; AskTbORJ/5.15.23.36191)"
165.208.1.12 - - [13/Aug/2013:14:24:39 -0400] "GET /Eye_Pieces/Home_files/stroke_5.png HTTP/1.1" 304 - "-" "Mozilla/4.0 (compatible; MSIE 8.0; Windows NT 6.1; WOW64; Trident/4.0; SLCC2; .NET CLR 2.0.50727; .NET CLR 3.5.30729; .NET CLR 3.0.30729; Media Center PC 6.0; .NET4.0C; .NET4.0E; InfoPath.2; MS-RTC LM 8; AskTbORJ/5.15.23.36191)"
165.208.1.12 - - [13/Aug/2013:14:24:39 -0400] "GET /Eye_Pieces/Home_files/stroke_6.png HTTP/1.1" 304 - "-" "Mozilla/4.0 (compatible; MSIE 8.0; Windows NT 6.1; WOW64; Trident/4.0; SLCC2; .NET CLR 2.0.50727; .NET CLR 3.5.30729; .NET CLR 3.0.30729; Media Center PC 6.0; .NET4.0C; .NET4.0E; InfoPath.2; MS-RTC LM 8; AskTbORJ/5.15.23.36191)"
165.208.1.12 - - [13/Aug/2013:14:24:39 -0400] "GET /Eye_Pieces/Home_files/stroke_7.png HTTP/1.1" 304 - "-" "Mozilla/4.0 (compatible; MSIE 8.0; Windows NT 6.1; WOW64; Trident/4.0; SLCC2; .NET CLR 2.0.50727; .NET CLR 3.5.30729; .NET CLR 3.0.30729; Media Center PC 6.0; .NET4.0C; .NET4.0E; InfoPath.2; MS-RTC LM 8; AskTbORJ/5.15.23.36191)"
165.208.1.12 - - [13/Aug/2013:14:24:40 -0400] "GET /Eye_Pieces/Home_files/shapeimage_1_rollover_0.png HTTP/1.1" 304 - "-" "Mozilla/4.0 (compatible; MSIE 8.0; Windows NT 6.1; WOW64; Trident/4.0; SLCC2; .NET CLR 2.0.50727; .NET CLR 3.5.30729; .NET CLR 3.0.30729; Media Center PC 6.0; .NET4.0C; .NET4.0E; InfoPath.2; MS-RTC LM 8; AskTbORJ/5.15.23.36191)"
165.208.1.12 - - [13/Aug/2013:14:24:40 -0400] "GET /Eye_Pieces/Home_files/shapeimage_1_link_0.png HTTP/1.1" 304 - "-" "Mozilla/4.0 (compatible; MSIE 8.0; Windows NT 6.1; WOW64; Trident/4.0; SLCC2; .NET CLR 2.0.50727; .NET CLR 3.5.30729; .NET CLR 3.0.30729; Media Center PC 6.0; .NET4.0C; .NET4.0E; InfoPath.2; MS-RTC LM 8; AskTbORJ/5.15.23.36191)"
70.247.110.226 - - [13/Aug/2013:14:47:15 -0400] "GET /rw_common/themes/dexture/consolidated-all-4.css HTTP/1.1" 200 13449 "http://eyepiecestexas.com/find-us/" "Mozilla/4.0 (compatible; MSIE 8.0; Windows NT 6.1; Trident/4.0; SLCC2; .NET CLR 2.0.50727; .NET CLR 3.5.30729; .NET CLR 3.0.30729; Media Center PC 6.0; .NET4.0C; .NET4.0E)"
70.247.110.226 - - [13/Aug/2013:14:47:15 -0400] "GET /rw_common/themes/dexture/consolidated-print-4.css HTTP/1.1" 200 10005 "http://eyepiecestexas.com/find-us/" "Mozilla/4.0 (compatible; MSIE 8.0; Windows NT 6.1; Trident/4.0; SLCC2; .NET CLR 2.0.50727; .NET CLR 3.5.30729; .NET CLR 3.0.30729; Media Center PC 6.0; .NET4.0C; .NET4.0E)"
91.207.9.226 - - [13/Aug/2013:03:50:30 -0400] "GET / HTTP/1.1" 200 16359 "http://degustar.ru/" "Opera/7.11 (Windows NT 5.1; U) [en]"
173.199.119.35 - - [13/Aug/2013:18:04:37 -0400] "GET /promotions/?tag=%20Persol HTTP/1.1" 200 16168 "-" "Mozilla/5.0 (compatible; AhrefsBot/4.0; +http://ahrefs.com/robot/)"
75.111.216.4 - - [13/Aug/2013:19:33:49 -0400] "GET /Eye_Pieces/Home.html HTTP/1.1" 200 9851 "http://shopsatlegacy.com/index.php/shops/detail/eye_pieces" "Mozilla/5.0 (Macintosh; Intel Mac OS X 10_6_8) AppleWebKit/534.59.8 (KHTML, like Gecko) Version/4.0.3 Safari/531.9"
75.111.216.4 - - [13/Aug/2013:19:33:49 -0400] "GET /Eye_Pieces/Home_files/Home.js HTTP/1.1" 200 1279 "http://eyepiecestexas.com/Eye_Pieces/Home.html" "Mozilla/5.0 (Macintosh; Intel Mac OS X 10_6_8) AppleWebKit/534.59.8 (KHTML, like Gecko) Version/4.0.3 Safari/531.9"
75.111.216.4 - - [13/Aug/2013:19:34:35 -0400] "GET /Eye_Pieces/Silhouette_files/Silhouette.css HTTP/1.1" 200 5251 "http://eyepiecestexas.com/Eye_Pieces/Silhouette.html" "Mozilla/5.0 (Macintosh; Intel Mac OS X 10_6_8) AppleWebKit/534.59.8 (KHTML, like Gecko) Version/4.0.3 Safari/531.9"
75.111.216.4 - - [13/Aug/2013:19:34:35 -0400] "GET /Eye_Pieces/Silhouette_files/silhouettelogo.gif HTTP/1.1" 200 5269 "http://eyepiecestexas.com/Eye_Pieces/Silhouette.html" "Mozilla/5.0 (Macintosh; Intel Mac OS X 10_6_8) AppleWebKit/534.59.8 (KHTML, like Gecko) Version/4.0.3 Safari/531.9"
75.111.216.4 - - [13/Aug/2013:19:34:35 -0400] "GET /Eye_Pieces/Silhouette_files/PageImage209866.jpg HTTP/1.1" 200 15385 "http://eyepiecestexas.com/Eye_Pieces/Silhouette.html" "Mozilla/5.0 (Macintosh; Intel Mac OS X 10_6_8) AppleWebKit/534.59.8 (KHTML, like Gecko) Version/4.0.3 Safari/531.9"
66.249.75.204 - - [13/Aug/2013:00:00:38 -0400] "GET /robots.txt HTTP/1.1" 200 48 "-" "Mozilla/5.0 (compatible; Googlebot/2.1; +http://www.google.com/bot.html)"
195.242.218.133 - - [13/Aug/2013:10:07:05 -0400] "GET / HTTP/1.1" 200 16359 "http://valdaidom.ru/" "Mozilla/4.0 (compatible; MSIE 6.0; Windows NT 5.1; SV1; .NET CLR 1.0.3705; .NET CLR 1.1.4322; .NET CLR 2.0.40607)"
15.227.185.76 - - [13/Aug/2013:10:26:13 -0400] "GET /files/stacks_page_page0.js HTTP/1.1" 200 11218 "http://www.eyepiecestexas.com/" "Mozilla/4.0 (compatible; MSIE 8.0; Windows NT 6.1; WOW64; Trident/4.0; GTB7.5; SLCC2; .NET CLR 2.0.50727; .NET CLR 3.5.30729; .NET CLR 3.0.30729; Media Center PC 6.0; InfoPath.3)"
15.227.185.76 - - [13/Aug/2013:10:26:13 -0400] "GET /files/stacks_image_167.png HTTP/1.1" 200 5841 "http://www.eyepiecestexas.com/" "Mozilla/4.0 (compatible; MSIE 8.0; Windows NT 6.1; WOW64; Trident/4.0; GTB7.5; SLCC2; .NET CLR 2.0.50727; .NET CLR 3.5.30729; .NET CLR 3.0.30729; Media Center PC 6.0; InfoPath.3)"
15.227.185.76 - - [13/Aug/2013:10:26:13 -0400] "GET /files/stacks_image_142.jpg HTTP/1.1" 200 9540 "http://www.eyepiecestexas.com/" "Mozilla/4.0 (compatible; MSIE 8.0; Windows NT 6.1; WOW64; Trident/4.0; GTB7.5; SLCC2; .NET CLR 2.0.50727; .NET CLR 3.5.30729; .NET CLR 3.0.30729; Media Center PC 6.0; InfoPath.3)"
15.227.185.76 - - [13/Aug/2013:10:29:00 -0400] "GET /rw_common/themes/dexture/consolidated-screen-3.css HTTP/1.1" 200 27899 "http://www.eyepiecestexas.com/contactlens/" "Mozilla/4.0 (compatible; MSIE 8.0; Windows NT 6.1; WOW64; Trident/4.0; GTB7.5; SLCC2; .NET CLR 2.0.50727; .NET CLR 3.5.30729; .NET CLR 3.0.30729; Media Center PC 6.0; InfoPath.3)"
166.147.72.164 - - [13/Aug/2013:10:32:08 -0400] "GET /rw_common/themes/dexture/scripts/nimblehostDropDownMenu.js HTTP/1.1" 200 988 "http://eyepiecestexas.com/" "Mozilla/5.0 (iPhone; CPU iPhone OS 6_1_4 like Mac OS X) AppleWebKit/536.26 (KHTML, like Gecko) Version/6.0 Mobile/10B350 Safari/8536.25"
166.147.72.164 - - [13/Aug/2013:10:32:09 -0400] "GET /files/stacks_image_164.png HTTP/1.1" 200 3361 "http://eyepiecestexas.com/" "Mozilla/5.0 (iPhone; CPU iPhone OS 6_1_4 like Mac OS X) AppleWebKit/536.26 (KHTML, like Gecko) Version/6.0 Mobile/10B350 Safari/8536.25"
166.147.72.164 - - [13/Aug/2013:10:32:09 -0400] "GET /rw_common/themes/dexture/images/lightAlphaBg.png HTTP/1.1" 200 179 "http://eyepiecestexas.com/" "Mozilla/5.0 (iPhone; CPU iPhone OS 6_1_4 like Mac OS X) AppleWebKit/536.26 (KHTML, like Gecko) Version/6.0 Mobile/10B350 Safari/8536.25"
166.147.72.164 - - [13/Aug/2013:10:32:09 -0400] "GET /rw_common/themes/dexture/images/darkAlphaBg.png HTTP/1.1" 200 70 "http://eyepiecestexas.com/" "Mozilla/5.0 (iPhone; CPU iPhone OS 6_1_4 like Mac OS X) AppleWebKit/536.26 (KHTML, like Gecko) Version/6.0 Mobile/10B350 Safari/8536.25"
171.161.160.10 - - [13/Aug/2013:11:53:34 -0400] "GET /eyewear/files/stacks_image_406.jpg HTTP/1.1" 200 10954 "-" "Mozilla/4.0 (compatible;)"
71.244.30.87 - - [13/Aug/2013:11:56:51 -0400] "GET /eyewear/files/stacks_image_253.jpg HTTP/1.1" 200 5300 "http://eyepiecestexas.com/eyewear/" "Mozilla/5.0 (iPad; CPU OS 6_1_3 like Mac OS X) AppleWebKit/536.26 (KHTML, like Gecko) Version/6.0 Mobile/10B329 Safari/8536.25"
71.244.30.87 - - [13/Aug/2013:11:56:53 -0400] "GET /eyewear/files/stacks_image_811.png HTTP/1.1" 200 6321 "http://eyepiecestexas.com/eyewear/" "Mozilla/5.0 (iPad; CPU OS 6_1_3 like Mac OS X) AppleWebKit/536.26 (KHTML, like Gecko) Version/6.0 Mobile/10B329 Safari/8536.25"
171.161.160.10 - - [13/Aug/2013:11:58:56 -0400] "GET /rw_common/themes/dexture/consolidated-all-1.css HTTP/1.1" 200 13449 "-" "Mozilla/4.0 (compatible;)"
171.161.160.10 - - [13/Aug/2013:11:58:56 -0400] "GET /about/files/rdc_9305-500.jpg HTTP/1.1" 200 29824 "-" "Mozilla/4.0 (compatible;)"
171.161.160.10 - - [13/Aug/2013:11:58:56 -0400] "GET /about/files/stacks_image_715.png HTTP/1.1" 200 5841 "-" "Mozilla/4.0 (compatible;)"
171.161.160.10 - - [13/Aug/2013:11:59:05 -0400] "GET /rw_common/themes/dexture/consolidated-screen-8.css HTTP/1.1" 200 27899 "-" "Mozilla/4.0 (compatible;)"
66.90.244.94 - - [13/Aug/2013:15:02:26 -0400] "GET /Eye_Pieces/Scripts/iWebImage.js HTTP/1.1" 200 39662 "http://eyepiecestexas.com/Eye_Pieces/Home.html" "Mozilla/5.0 (Windows NT 6.1; WOW64) AppleWebKit/537.36 (KHTML, like Gecko) Chrome/27.0.1453.116 Safari/537.36"
66.90.244.94 - - [13/Aug/2013:15:02:28 -0400] "GET /Eye_Pieces/Home_files/logo7.jpg HTTP/1.1" 200 35842 "http://eyepiecestexas.com/Eye_Pieces/Home.html" "Mozilla/5.0 (Windows NT 6.1; WOW64) AppleWebKit/537.36 (KHTML, like Gecko) Chrome/27.0.1453.116 Safari/537.36"
66.90.244.94 - - [13/Aug/2013:15:02:33 -0400] "GET /Eye_Pieces/Home_files/stroke.png HTTP/1.1" 200 145 "http://eyepiecestexas.com/Eye_Pieces/Home.html" "Mozilla/5.0 (Windows NT 6.1; WOW64) AppleWebKit/537.36 (KHTML, like Gecko) Chrome/27.0.1453.116 Safari/537.36"
66.90.244.94 - - [13/Aug/2013:15:02:33 -0400] "GET /Eye_Pieces/Home_files/stroke_6.png HTTP/1.1" 200 143 "http://eyepiecestexas.com/Eye_Pieces/Home.html" "Mozilla/5.0 (Windows NT 6.1; WOW64) AppleWebKit/537.36 (KHTML, like Gecko) Chrome/27.0.1453.116 Safari/537.36"
66.90.244.94 - - [13/Aug/2013:15:02:47 -0400] "GET /Eye_Pieces/Eyewear.html HTTP/1.1" 200 35147 "http://eyepiecestexas.com/Eye_Pieces/Home.html" "Mozilla/5.0 (Windows NT 6.1; WOW64) AppleWebKit/537.36 (KHTML, like Gecko) Chrome/27.0.1453.116 Safari/537.36"
66.90.244.94 - - [13/Aug/2013:15:03:17 -0400] "GET /Eye_Pieces/Maui_Jim.html HTTP/1.1" 200 9555 "http://eyepiecestexas.com/Eye_Pieces/Eyewear.html" "Mozilla/5.0 (Windows NT 6.1; WOW64) AppleWebKit/537.36 (KHTML, like Gecko) Chrome/27.0.1453.116 Safari/537.36"
66.90.244.94 - - [13/Aug/2013:15:03:18 -0400] "GET /Eye_Pieces/Maui_Jim_files/Maui_Jim.css HTTP/1.1" 200 5806 "http://eyepiecestexas.com/Eye_Pieces/Maui_Jim.html" "Mozilla/5.0 (Windows NT 6.1; WOW64) AppleWebKit/537.36 (KHTML, like Gecko) Chrome/27.0.1453.116 Safari/537.36"
66.90.244.94 - - [13/Aug/2013:15:03:18 -0400] "GET /Eye_Pieces/Maui_Jim_files/shapeimage_2.png HTTP/1.1" 200 80890 "http://eyepiecestexas.com/Eye_Pieces/Maui_Jim.html" "Mozilla/5.0 (Windows NT 6.1; WOW64) AppleWebKit/537.36 (KHTML, like Gecko) Chrome/27.0.1453.116 Safari/537.36"
66.90.244.94 - - [13/Aug/2013:15:03:18 -0400] "GET /Eye_Pieces/Maui_Jim_files/Big_beach.jpg HTTP/1.1" 200 17354 "http://eyepiecestexas.com/Eye_Pieces/Maui_Jim.html" "Mozilla/5.0 (Windows NT 6.1; WOW64) AppleWebKit/537.36 (KHTML, like Gecko) Chrome/27.0.1453.116 Safari/537.36"
66.90.244.94 - - [13/Aug/2013:15:03:20 -0400] "GET /Eye_Pieces/Maui_Jim_files/green_linen_left.png HTTP/1.1" 200 211 "http://eyepiecestexas.com/Eye_Pieces/Maui_Jim.html" "Mozilla/5.0 (Windows NT 6.1; WOW64) AppleWebKit/537.36 (KHTML, like Gecko) Chrome/27.0.1453.116 Safari/537.36"
76.199.215.46 - - [13/Aug/2013:18:01:07 -0400] "GET / HTTP/1.1" 304 - "-" "Mozilla/5.0 (compatible; MSIE 10.0; Windows NT 6.1; WOW64; Trident/6.0)"
76.199.215.46 - - [13/Aug/2013:18:01:07 -0400] "GET /rw_common/themes/dexture/consolidated-screen-0.css HTTP/1.1" 304 - "http://eyepiecestexas.com/" "Mozilla/5.0 (compatible; MSIE 10.0; Windows NT 6.1; WOW64; Trident/6.0)"
76.199.215.46 - - [13/Aug/2013:18:01:07 -0400] "GET /rw_common/themes/dexture/consolidated-print-0.css HTTP/1.1" 304 - "http://eyepiecestexas.com/" "Mozilla/5.0 (compatible; MSIE 10.0; Windows NT 6.1; WOW64; Trident/6.0)"
76.199.215.46 - - [13/Aug/2013:18:01:07 -0400] "GET /rw_common/themes/dexture/consolidated-all-0.css HTTP/1.1" 304 - "http://eyepiecestexas.com/" "Mozilla/5.0 (compatible; MSIE 10.0; Windows NT 6.1; WOW64; Trident/6.0)"
76.199.215.46 - - [13/Aug/2013:18:01:07 -0400] "GET /rw_common/themes/dexture/javascript.js HTTP/1.1" 304 - "http://eyepiecestexas.com/" "Mozilla/5.0 (compatible; MSIE 10.0; Windows NT 6.1; WOW64; Trident/6.0)"
76.199.215.46 - - [13/Aug/2013:18:01:07 -0400] "GET /rw_common/plugins/stacks/stacks.css HTTP/1.1" 304 - "http://eyepiecestexas.com/" "Mozilla/5.0 (compatible; MSIE 10.0; Windows NT 6.1; WOW64; Trident/6.0)"
76.199.215.46 - - [13/Aug/2013:18:01:07 -0400] "GET /resources/Dream_Orphans_700.font.js HTTP/1.1" 304 - "http://eyepiecestexas.com/" "Mozilla/5.0 (compatible; MSIE 10.0; Windows NT 6.1; WOW64; Trident/6.0)"
76.199.215.46 - - [13/Aug/2013:18:01:07 -0400] "GET /files/stacks_image_164.png HTTP/1.1" 304 - "http://eyepiecestexas.com/" "Mozilla/5.0 (compatible; MSIE 10.0; Windows NT 6.1; WOW64; Trident/6.0)"
76.199.215.46 - - [13/Aug/2013:18:01:08 -0400] "GET /rw_common/themes/dexture/images/pageTopShadow400px.png HTTP/1.1" 304 - "http://eyepiecestexas.com/" "Mozilla/5.0 (compatible; MSIE 10.0; Windows NT 6.1; WOW64; Trident/6.0)"
76.199.215.46 - - [13/Aug/2013:18:01:08 -0400] "GET /rw_common/themes/dexture/images/mainContentCornerShadowLeft.png HTTP/1.1" 304 - "http://eyepiecestexas.com/" "Mozilla/5.0 (compatible; MSIE 10.0; Windows NT 6.1; WOW64; Trident/6.0)"
76.199.215.46 - - [13/Aug/2013:18:01:08 -0400] "GET /rw_common/themes/dexture/images/ec6TopShadow.png HTTP/1.1" 304 - "http://eyepiecestexas.com/" "Mozilla/5.0 (compatible; MSIE 10.0; Windows NT 6.1; WOW64; Trident/6.0)"
76.199.215.46 - - [13/Aug/2013:18:01:08 -0400] "GET /rw_common/themes/dexture/images/upperShadow.png HTTP/1.1" 304 - "http://eyepiecestexas.com/" "Mozilla/5.0 (compatible; MSIE 10.0; Windows NT 6.1; WOW64; Trident/6.0)"
76.199.215.46 - - [13/Aug/2013:18:48:08 -0400] "GET /rw_common/themes/dexture/scripts/jquery.fancyzoom.js HTTP/1.1" 304 - "http://eyepiecestexas.com/" "Mozilla/5.0 (compatible; MSIE 10.0; Windows NT 6.1; WOW64; Trident/6.0)"
76.199.215.46 - - [13/Aug/2013:18:48:08 -0400] "GET /files/rdc_9289.jpg HTTP/1.1" 304 - "http://eyepiecestexas.com/" "Mozilla/5.0 (compatible; MSIE 10.0; Windows NT 6.1; WOW64; Trident/6.0)"
76.199.215.46 - - [13/Aug/2013:18:48:09 -0400] "GET /files/stacks_image_142.jpg HTTP/1.1" 304 - "http://eyepiecestexas.com/" "Mozilla/5.0 (compatible; MSIE 10.0; Windows NT 6.1; WOW64; Trident/6.0)"
76.199.215.46 - - [13/Aug/2013:18:48:18 -0400] "GET /favicon.ico HTTP/1.1" 200 3819 "-" "Mozilla/5.0 (compatible; MSIE 10.0; Windows NT 6.1; Win64; x64; Trident/6.0)"
209.85.238.178 - - [13/Aug/2013:20:25:36 -0400] "GET /feed HTTP/1.1" 200 5819 "-" "Feedfetcher-Google; (+http://www.google.com/feedfetcher.html; 1 subscribers; feed-id=11757162533075784121)"
209.85.238.178 - - [13/Aug/2013:20:26:37 -0400] "GET /feed HTTP/1.1" 200 5819 "-" "Feedfetcher-Google; (+http://www.google.com/feedfetcher.html; 1 subscribers; feed-id=11757162533075784121)"
15.227.185.76 - - [13/Aug/2013:10:28:05 -0400] "GET /rw_common/themes/dexture/consolidated-print-8.css HTTP/1.1" 200 10005 "http://www.eyepiecestexas.com/staff/" "Mozilla/4.0 (compatible; MSIE 8.0; Windows NT 6.1; WOW64; Trident/4.0; GTB7.5; SLCC2; .NET CLR 2.0.50727; .NET CLR 3.5.30729; .NET CLR 3.0.30729; Media Center PC 6.0; InfoPath.3)"
15.227.185.76 - - [13/Aug/2013:10:29:00 -0400] "GET /contactlens/files/stacks_image_823.png HTTP/1.1" 200 5857 "http://www.eyepiecestexas.com/contactlens/" "Mozilla/4.0 (compatible; MSIE 8.0; Windows NT 6.1; WOW64; Trident/4.0; GTB7.5; SLCC2; .NET CLR 2.0.50727; .NET CLR 3.5.30729; .NET CLR 3.0.30729; Media Center PC 6.0; InfoPath.3)"
76.199.215.46 - - [13/Aug/2013:10:57:23 -0400] "GET /favicon.ico HTTP/1.1" 200 5819 "-" "Mozilla/5.0 (compatible; MSIE 10.0; Windows NT 6.2; Win64; x64; Trident/6.0; MDDCJS)"
171.161.160.10 - - [13/Aug/2013:11:53:07 -0400] "GET /rw_common/themes/dexture/consolidated-screen-0.css HTTP/1.1" 200 27886 "-" "Mozilla/4.0 (compatible;)"
171.161.160.10 - - [13/Aug/2013:11:53:37 -0400] "GET /eyewear/files/stacks_image_247.jpg HTTP/1.1" 200 7700 "-" "Mozilla/4.0 (compatible;)"
146.127.253.13 - - [13/Aug/2013:12:54:51 -0400] "GET /rw_common/themes/dexture/consolidated-all-5.css HTTP/1.1" 200 13449 "http://eyepiecestexas.com/contact/" "Mozilla/4.0 (compatible; MSIE 8.0; Windows NT 6.1; WOW64; Trident/4.0; SLCC2; .NET CLR 2.0.50727; .NET CLR 3.5.30729; .NET CLR 3.0.30729; Media Center PC 6.0; .NET4.0C; .NET4.0E; InfoPath.2)"
76.199.215.46 - - [13/Aug/2013:14:11:23 -0400] "GET /favicon.ico HTTP/1.1" 200 4819 "-" "Mozilla/5.0 (compatible; MSIE 10.0; Windows NT 6.1; Win64; x64; Trident/6.0)"
70.247.110.226 - - [13/Aug/2013:14:47:20 -0400] "GET /find-us/files/stacks_image_33.jpg HTTP/1.1" 200 44962 "http://eyepiecestexas.com/find-us/" "Mozilla/4.0 (compatible; MSIE 8.0; Windows NT 6.1; Trident/4.0; SLCC2; .NET CLR 2.0.50727; .NET CLR 3.5.30729; .NET CLR 3.0.30729; Media Center PC 6.0; .NET4.0C; .NET4.0E)"
70.247.110.226 - - [13/Aug/2013:14:47:20 -0400] "GET /find-us/files/parallax/arrows.png HTTP/1.1" 200 1884 "http://eyepiecestexas.com/find-us/" "Mozilla/4.0 (compatible; MSIE 8.0; Windows NT 6.1; Trident/4.0; SLCC2; .NET CLR 2.0.50727; .NET CLR 3.5.30729; .NET CLR 3.0.30729; Media Center PC 6.0; .NET4.0C; .NET4.0E)"
70.247.110.226 - - [13/Aug/2013:14:47:20 -0400] "GET /find-us/files/mouseCapture.png HTTP/1.1" 200 5819 "http://eyepiecestexas.com/find-us/" "Mozilla/4.0 (compatible; MSIE 8.0; Windows NT 6.1; Trident/4.0; SLCC2; .NET CLR 2.0.50727; .NET CLR 3.5.30729; .NET CLR 3.0.30729; Media Center PC 6.0; .NET4.0C; .NET4.0E)"
166.147.72.148 - - [13/Aug/2013:14:49:34 -0400] "GET /rw_common/themes/dexture/consolidated-all-2.css HTTP/1.1" 200 13449 "http://eyepiecestexas.com/eyewear/" "Mozilla/5.0 (iPhone; CPU iPhone OS 6_1_3 like Mac OS X) AppleWebKit/536.26 (KHTML, like Gecko) Version/6.0 Mobile/10B329 Safari/8536.25"
166.147.72.148 - - [13/Aug/2013:14:49:34 -0400] "GET /rw_common/themes/dexture/scripts/nimblehost.js HTTP/1.1" 200 17247 "http://eyepiecestexas.com/eyewear/" "Mozilla/5.0 (iPhone; CPU iPhone OS 6_1_3 like Mac OS X) AppleWebKit/536.26 (KHTML, like Gecko) Version/6.0 Mobile/10B329 Safari/8536.25"
166.147.72.148 - - [13/Aug/2013:14:49:35 -0400] "GET /eyewear/files/stacks_image_369.png HTTP/1.1" 200 13046 "http://eyepiecestexas.com/eyewear/" "Mozilla/5.0 (iPhone; CPU iPhone OS 6_1_3 like Mac OS X) AppleWebKit/536.26 (KHTML, like Gecko) Version/6.0 Mobile/10B329 Safari/8536.25"
166.147.72.148 - - [13/Aug/2013:14:49:35 -0400] "GET /eyewear/files/stacks_image_60.jpg HTTP/1.1" 200 7110 "http://eyepiecestexas.com/eyewear/" "Mozilla/5.0 (iPhone; CPU iPhone OS 6_1_3 like Mac OS X) AppleWebKit/536.26 (KHTML, like Gecko) Version/6.0 Mobile/10B329 Safari/8536.25"
166.147.72.148 - - [13/Aug/2013:14:49:35 -0400] "GET /eyewear/files/stacks_image_113.jpg HTTP/1.1" 200 5916 "http://eyepiecestexas.com/eyewear/" "Mozilla/5.0 (iPhone; CPU iPhone OS 6_1_3 like Mac OS X) AppleWebKit/536.26 (KHTML, like Gecko) Version/6.0 Mobile/10B329 Safari/8536.25"
166.147.72.148 - - [13/Aug/2013:14:49:35 -0400] "GET /eyewear/files/stacks_image_496.jpg HTTP/1.1" 200 9719 "http://eyepiecestexas.com/eyewear/" "Mozilla/5.0 (iPhone; CPU iPhone OS 6_1_3 like Mac OS X) AppleWebKit/536.26 (KHTML, like Gecko) Version/6.0 Mobile/10B329 Safari/8536.25"
166.147.72.148 - - [13/Aug/2013:14:49:35 -0400] "GET /eyewear/files/stacks_image_117.png HTTP/1.1" 200 121120 "http://eyepiecestexas.com/eyewear/" "Mozilla/5.0 (iPhone; CPU iPhone OS 6_1_3 like Mac OS X) AppleWebKit/536.26 (KHTML, like Gecko) Version/6.0 Mobile/10B329 Safari/8536.25"
166.147.72.148 - - [13/Aug/2013:14:49:37 -0400] "GET /eyewear/files/stacks_image_506.jpg HTTP/1.1" 200 5890 "http://eyepiecestexas.com/eyewear/" "Mozilla/5.0 (iPhone; CPU iPhone OS 6_1_3 like Mac OS X) AppleWebKit/536.26 (KHTML, like Gecko) Version/6.0 Mobile/10B329 Safari/8536.25"
166.147.72.148 - - [13/Aug/2013:14:49:37 -0400] "GET /eyewear/files/stacks_image_510.jpg HTTP/1.1" 200 9275 "http://eyepiecestexas.com/eyewear/" "Mozilla/5.0 (iPhone; CPU iPhone OS 6_1_3 like Mac OS X) AppleWebKit/536.26 (KHTML, like Gecko) Version/6.0 Mobile/10B329 Safari/8536.25"
76.199.215.46 - - [13/Aug/2013:14:53:20 -0400] "GET /favicon.ico HTTP/1.1" 200 5819 "-" "Mozilla/5.0 (compatible; MSIE 10.0; Windows NT 6.2; Win64; x64; Trident/6.0; MDDCJS)"
76.199.215.46 - - [13/Aug/2013:15:26:20 -0400] "GET /favicon.ico HTTP/1.1" 200 5819 "-" "Mozilla/5.0 (compatible; MSIE 10.0; Windows NT 6.1; Win64; x64; Trident/6.0)"
76.199.215.46 - - [13/Aug/2013:16:46:28 -0400] "GET /rw_common/themes/dexture/images/mainContentCornerShadowRight.png HTTP/1.1" 304 - "http://eyepiecestexas.com/" "Mozilla/5.0 (compatible; MSIE 10.0; Windows NT 6.1; WOW64; Trident/6.0)"
108.235.160.182 - - [13/Aug/2013:13:50:11 -0400] "GET /resources/Dream_Orphans_700.font.js?_=1376416206862 HTTP/1.1" 200 36773 "http://eyepiecestexas.com/" "Mozilla/5.0 (iPad; CPU OS 6_1_3 like Mac OS X) AppleWebKit/536.26 (KHTML, like Gecko) Version/6.0 Mobile/10B329 Safari/8536.25"
70.247.110.226 - - [13/Aug/2013:14:47:18 -0400] "GET /find-us/files/stacks_page_page4.css HTTP/1.1" 200 26173 "http://eyepiecestexas.com/find-us/" "Mozilla/4.0 (compatible; MSIE 8.0; Windows NT 6.1; Trident/4.0; SLCC2; .NET CLR 2.0.50727; .NET CLR 3.5.30729; .NET CLR 3.0.30729; Media Center PC 6.0; .NET4.0C; .NET4.0E)"
70.247.110.226 - - [13/Aug/2013:14:47:19 -0400] "GET /find-us/files/stacks_page_page4.js HTTP/1.1" 200 29537 "http://eyepiecestexas.com/find-us/" "Mozilla/4.0 (compatible; MSIE 8.0; Windows NT 6.1; Trident/4.0; SLCC2; .NET CLR 2.0.50727; .NET CLR 3.5.30729; .NET CLR 3.0.30729; Media Center PC 6.0; .NET4.0C; .NET4.0E)"
70.247.110.226 - - [13/Aug/2013:14:47:20 -0400] "GET /find-us/files/stacks_image_31.jpg HTTP/1.1" 200 34783 "http://eyepiecestexas.com/find-us/" "Mozilla/4.0 (compatible; MSIE 8.0; Windows NT 6.1; Trident/4.0; SLCC2; .NET CLR 2.0.50727; .NET CLR 3.5.30729; .NET CLR 3.0.30729; Media Center PC 6.0; .NET4.0C; .NET4.0E)"
76.199.215.46 - - [13/Aug/2013:18:48:15 -0400] "GET /rw_common/themes/dexture/images/editable_images/image11.jpg HTTP/1.1" 304 - "http://eyepiecestexas.com/" "Mozilla/5.0 (compatible; MSIE 10.0; Windows NT 6.1; WOW64; Trident/6.0)"
76.199.215.46 - - [13/Aug/2013:18:48:15 -0400] "GET /rw_common/themes/dexture/images/upperShadow.png HTTP/1.1" 304 - "http://eyepiecestexas.com/" "Mozilla/5.0 (compatible; MSIE 10.0; Windows NT 6.1; WOW64; Trident/6.0)"
75.111.216.4 - - [13/Aug/2013:19:34:05 -0400] "GET /Eye_Pieces/Eyewear_files/Eyewear.js HTTP/1.1" 200 1992 "http://eyepiecestexas.com/Eye_Pieces/Eyewear.html" "Mozilla/5.0 (Macintosh; Intel Mac OS X 10_6_8) AppleWebKit/534.59.8 (KHTML, like Gecko) Version/4.0.3 Safari/531.9"
75.111.216.4 - - [13/Aug/2013:19:34:05 -0400] "GET /Eye_Pieces/Eyewear_files/shapeimage_2_link_0.png HTTP/1.1" 200 1010 "http://eyepiecestexas.com/Eye_Pieces/Eyewear.html" "Mozilla/5.0 (Macintosh; Intel Mac OS X 10_6_8) AppleWebKit/534.59.8 (KHTML, like Gecko) Version/4.0.3 Safari/531.9"
75.111.216.4 - - [13/Aug/2013:19:34:05 -0400] "GET /Eye_Pieces/Eyewear_files/shapeimage_5.png HTTP/1.1" 200 205 "http://eyepiecestexas.com/Eye_Pieces/Eyewear.html" "Mozilla/5.0 (Macintosh; Intel Mac OS X 10_6_8) AppleWebKit/534.59.8 (KHTML, like Gecko) Version/4.0.3 Safari/531.9"
75.111.216.4 - - [13/Aug/2013:19:34:05 -0400] "GET /Eye_Pieces/Eyewear_files/shapeimage_7_link_0.png HTTP/1.1" 200 681 "http://eyepiecestexas.com/Eye_Pieces/Eyewear.html" "Mozilla/5.0 (Macintosh; Intel Mac OS X 10_6_8) AppleWebKit/534.59.8 (KHTML, like Gecko) Version/4.0.3 Safari/531.9"
75.111.216.4 - - [13/Aug/2013:19:34:05 -0400] "GET /Eye_Pieces/Eyewear_files/shapeimage_10_link_0.png HTTP/1.1" 200 1471 "http://eyepiecestexas.com/Eye_Pieces/Eyewear.html" "Mozilla/5.0 (Macintosh; Intel Mac OS X 10_6_8) AppleWebKit/534.59.8 (KHTML, like Gecko) Version/4.0.3 Safari/531.9"
75.111.216.4 - - [13/Aug/2013:19:34:05 -0400] "GET /Eye_Pieces/Eyewear_files/shapeimage_12_link_0.png HTTP/1.1" 200 1176 "http://eyepiecestexas.com/Eye_Pieces/Eyewear.html" "Mozilla/5.0 (Macintosh; Intel Mac OS X 10_6_8) AppleWebKit/534.59.8 (KHTML, like Gecko) Version/4.0.3 Safari/531.9"
75.111.216.4 - - [13/Aug/2013:19:34:05 -0400] "GET /Eye_Pieces/Eyewear_files/shapeimage_16.png HTTP/1.1" 200 1411 "http://eyepiecestexas.com/Eye_Pieces/Eyewear.html" "Mozilla/5.0 (Macintosh; Intel Mac OS X 10_6_8) AppleWebKit/534.59.8 (KHTML, like Gecko) Version/4.0.3 Safari/531.9"
75.111.216.4 - - [13/Aug/2013:19:34:05 -0400] "GET /Eye_Pieces/Eyewear_files/shapeimage_19_link_0.png HTTP/1.1" 200 1181 "http://eyepiecestexas.com/Eye_Pieces/Eyewear.html" "Mozilla/5.0 (Macintosh; Intel Mac OS X 10_6_8) AppleWebKit/534.59.8 (KHTML, like Gecko) Version/4.0.3 Safari/531.9"
75.111.216.4 - - [13/Aug/2013:19:34:05 -0400] "GET /Eye_Pieces/Eyewear_files/shapeimage_22_link_0.png HTTP/1.1" 200 1028 "http://eyepiecestexas.com/Eye_Pieces/Eyewear.html" "Mozilla/5.0 (Macintosh; Intel Mac OS X 10_6_8) AppleWebKit/534.59.8 (KHTML, like Gecko) Version/4.0.3 Safari/531.9"
75.111.216.4 - - [13/Aug/2013:19:34:05 -0400] "GET /Eye_Pieces/Eyewear_files/shapeimage_25_link_0.png HTTP/1.1" 200 1069 "http://eyepiecestexas.com/Eye_Pieces/Eyewear.html" "Mozilla/5.0 (Macintosh; Intel Mac OS X 10_6_8) AppleWebKit/534.59.8 (KHTML, like Gecko) Version/4.0.3 Safari/531.9"
75.111.216.4 - - [13/Aug/2013:19:34:06 -0400] "GET /Eye_Pieces/Eyewear_files/shapeimage_29_link_0.png HTTP/1.1" 200 1447 "http://eyepiecestexas.com/Eye_Pieces/Eyewear.html" "Mozilla/5.0 (Macintosh; Intel Mac OS X 10_6_8) AppleWebKit/534.59.8 (KHTML, like Gecko) Version/4.0.3 Safari/531.9"
75.111.216.4 - - [13/Aug/2013:19:34:06 -0400] "GET /Eye_Pieces/Eyewear_files/shapeimage_6_rollover_0.png HTTP/1.1" 200 1335 "http://eyepiecestexas.com/Eye_Pieces/Eyewear.html" "Mozilla/5.0 (Macintosh; Intel Mac OS X 10_6_8) AppleWebKit/534.59.8 (KHTML, like Gecko) Version/4.0.3 Safari/531.9"
75.111.216.4 - - [13/Aug/2013:19:34:06 -0400] "GET /Eye_Pieces/Eyewear_files/shapeimage_10_rollover_0.png HTTP/1.1" 200 2251 "http://eyepiecestexas.com/Eye_Pieces/Eyewear.html" "Mozilla/5.0 (Macintosh; Intel Mac OS X 10_6_8) AppleWebKit/534.59.8 (KHTML, like Gecko) Version/4.0.3 Safari/531.9"
75.111.216.4 - - [13/Aug/2013:19:34:06 -0400] "GET /Eye_Pieces/Eyewear_files/shapeimage_19_rollover_0.png HTTP/1.1" 200 1806 "http://eyepiecestexas.com/Eye_Pieces/Eyewear.html" "Mozilla/5.0 (Macintosh; Intel Mac OS X 10_6_8) AppleWebKit/534.59.8 (KHTML, like Gecko) Version/4.0.3 Safari/531.9"
75.111.216.4 - - [13/Aug/2013:19:34:06 -0400] "GET /Eye_Pieces/Eyewear_files/shapeimage_25_rollover_0.png HTTP/1.1" 200 1698 "http://eyepiecestexas.com/Eye_Pieces/Eyewear.html" "Mozilla/5.0 (Macintosh; Intel Mac OS X 10_6_8) AppleWebKit/534.59.8 (KHTML, like Gecko) Version/4.0.3 Safari/531.9"
92.249.127.111 - - [13/Aug/2013:19:44:52 -0400] "GET / HTTP/1.1" 200 16359 "http://www.bravica.ws/ru/" "Mozilla/5.0 (compatible; news bot /2.1)"
75.111.216.4 - - [13/Aug/2013:20:37:24 -0400] "GET /Eye_Pieces/Eyewear_files/Eyewear.css HTTP/1.1" 200 9120 "http://eyepiecestexas.com/Eye_Pieces/Eyewear.html" "Mozilla/5.0 (Macintosh; Intel Mac OS X 10_6_8) AppleWebKit/534.59.8 (KHTML, like Gecko) Version/4.0.3 Safari/531.9"
75.111.216.4 - - [13/Aug/2013:20:37:28 -0400] "GET /Eye_Pieces/Eyewear_files/shapeimage_1.jpg HTTP/1.1" 200 881 "http://eyepiecestexas.com/Eye_Pieces/Eyewear.html" "Mozilla/5.0 (Macintosh; Intel Mac OS X 10_6_8) AppleWebKit/534.59.8 (KHTML, like Gecko) Version/4.0.3 Safari/531.9"
75.111.216.4 - - [13/Aug/2013:20:37:28 -0400] "GET /Eye_Pieces/Eyewear_files/shapeimage_4.png HTTP/1.1" 200 201 "http://eyepiecestexas.com/Eye_Pieces/Eyewear.html" "Mozilla/5.0 (Macintosh; Intel Mac OS X 10_6_8) AppleWebKit/534.59.8 (KHTML, like Gecko) Version/4.0.3 Safari/531.9"
75.111.216.4 - - [13/Aug/2013:20:37:28 -0400] "GET /Eye_Pieces/Eyewear_files/shapeimage_7.png HTTP/1.1" 200 217 "http://eyepiecestexas.com/Eye_Pieces/Eyewear.html" "Mozilla/5.0 (Macintosh; Intel Mac OS X 10_6_8) AppleWebKit/534.59.8 (KHTML, like Gecko) Version/4.0.3 Safari/531.9"
75.111.216.4 - - [13/Aug/2013:20:37:29 -0400] "GET /Eye_Pieces/Eyewear_files/shapeimage_9.png HTTP/1.1" 200 185 "http://eyepiecestexas.com/Eye_Pieces/Eyewear.html" "Mozilla/5.0 (Macintosh; Intel Mac OS X 10_6_8) AppleWebKit/534.59.8 (KHTML, like Gecko) Version/4.0.3 Safari/531.9"
75.111.216.4 - - [13/Aug/2013:20:37:29 -0400] "GET /Eye_Pieces/Eyewear_files/shapeimage_12_link_0.png HTTP/1.1" 200 1176 "http://eyepiecestexas.com/Eye_Pieces/Eyewear.html" "Mozilla/5.0 (Macintosh; Intel Mac OS X 10_6_8) AppleWebKit/534.59.8 (KHTML, like Gecko) Version/4.0.3 Safari/531.9"
75.111.216.4 - - [13/Aug/2013:20:37:29 -0400] "GET /Eye_Pieces/Eyewear_files/shapeimage_16.png HTTP/1.1" 200 1411 "http://eyepiecestexas.com/Eye_Pieces/Eyewear.html" "Mozilla/5.0 (Macintosh; Intel Mac OS X 10_6_8) AppleWebKit/534.59.8 (KHTML, like Gecko) Version/4.0.3 Safari/531.9"
75.111.216.4 - - [13/Aug/2013:20:37:29 -0400] "GET /Eye_Pieces/Eyewear_files/shapeimage_19_link_0.png HTTP/1.1" 200 1181 "http://eyepiecestexas.com/Eye_Pieces/Eyewear.html" "Mozilla/5.0 (Macintosh; Intel Mac OS X 10_6_8) AppleWebKit/534.59.8 (KHTML, like Gecko) Version/4.0.3 Safari/531.9"
75.111.216.4 - - [13/Aug/2013:20:37:29 -0400] "GET /Eye_Pieces/Eyewear_files/shapeimage_21_link_0.png HTTP/1.1" 200 1348 "http://eyepiecestexas.com/Eye_Pieces/Eyewear.html" "Mozilla/5.0 (Macintosh; Intel Mac OS X 10_6_8) AppleWebKit/534.59.8 (KHTML, like Gecko) Version/4.0.3 Safari/531.9"
75.111.216.4 - - [13/Aug/2013:20:37:29 -0400] "GET /Eye_Pieces/Eyewear_files/shapeimage_24_link_0.png HTTP/1.1" 200 1519 "http://eyepiecestexas.com/Eye_Pieces/Eyewear.html" "Mozilla/5.0 (Macintosh; Intel Mac OS X 10_6_8) AppleWebKit/534.59.8 (KHTML, like Gecko) Version/4.0.3 Safari/531.9"
75.111.216.4 - - [13/Aug/2013:20:37:29 -0400] "GET /Eye_Pieces/Eyewear_files/shapeimage_27_link_0.png HTTP/1.1" 200 1263 "http://eyepiecestexas.com/Eye_Pieces/Eyewear.html" "Mozilla/5.0 (Macintosh; Intel Mac OS X 10_6_8) AppleWebKit/534.59.8 (KHTML, like Gecko) Version/4.0.3 Safari/531.9"
75.111.216.4 - - [13/Aug/2013:20:37:29 -0400] "GET /Eye_Pieces/Eyewear_files/shapeimage_30_link_0.png HTTP/1.1" 200 992 "http://eyepiecestexas.com/Eye_Pieces/Eyewear.html" "Mozilla/5.0 (Macintosh; Intel Mac OS X 10_6_8) AppleWebKit/534.59.8 (KHTML, like Gecko) Version/4.0.3 Safari/531.9"
75.111.216.4 - - [13/Aug/2013:20:37:29 -0400] "GET /Eye_Pieces/Eyewear_files/shapeimage_6_rollover_0.png HTTP/1.1" 200 1335 "http://eyepiecestexas.com/Eye_Pieces/Eyewear.html" "Mozilla/5.0 (Macintosh; Intel Mac OS X 10_6_8) AppleWebKit/534.59.8 (KHTML, like Gecko) Version/4.0.3 Safari/531.9"
75.111.216.4 - - [13/Aug/2013:20:37:29 -0400] "GET /Eye_Pieces/Eyewear_files/shapeimage_9_rollover_0.png HTTP/1.1" 200 2152 "http://eyepiecestexas.com/Eye_Pieces/Eyewear.html" "Mozilla/5.0 (Macintosh; Intel Mac OS X 10_6_8) AppleWebKit/534.59.8 (KHTML, like Gecko) Version/4.0.3 Safari/531.9"
75.111.216.4 - - [13/Aug/2013:20:37:29 -0400] "GET /Eye_Pieces/Eyewear_files/shapeimage_17_rollover_0.png HTTP/1.1" 200 2144 "http://eyepiecestexas.com/Eye_Pieces/Eyewear.html" "Mozilla/5.0 (Macintosh; Intel Mac OS X 10_6_8) AppleWebKit/534.59.8 (KHTML, like Gecko) Version/4.0.3 Safari/531.9"
75.111.216.4 - - [13/Aug/2013:20:37:29 -0400] "GET /Eye_Pieces/Eyewear_files/shapeimage_22_rollover_0.png HTTP/1.1" 200 1594 "http://eyepiecestexas.com/Eye_Pieces/Eyewear.html" "Mozilla/5.0 (Macintosh; Intel Mac OS X 10_6_8) AppleWebKit/534.59.8 (KHTML, like Gecko) Version/4.0.3 Safari/531.9"
75.111.216.4 - - [13/Aug/2013:20:37:29 -0400] "GET /Eye_Pieces/Eyewear_files/shapeimage_27_rollover_0.png HTTP/1.1" 200 1832 "http://eyepiecestexas.com/Eye_Pieces/Eyewear.html" "Mozilla/5.0 (Macintosh; Intel Mac OS X 10_6_8) AppleWebKit/534.59.8 (KHTML, like Gecko) Version/4.0.3 Safari/531.9"
75.111.216.4 - - [13/Aug/2013:20:37:29 -0400] "GET /Eye_Pieces/Eyewear_files/shapeimage_30_rollover_0.png HTTP/1.1" 200 1534 "http://eyepiecestexas.com/Eye_Pieces/Eyewear.html" "Mozilla/5.0 (Macintosh; Intel Mac OS X 10_6_8) AppleWebKit/534.59.8 (KHTML, like Gecko) Version/4.0.3 Safari/531.9"
15.227.185.76 - - [13/Aug/2013:10:26:15 -0400] "GET /rw_common/themes/dexture/consolidated-screen-0.css HTTP/1.1" 200 27886 "http://www.eyepiecestexas.com/" "Mozilla/4.0 (compatible; MSIE 8.0; Windows NT 6.1; WOW64; Trident/4.0; GTB7.5; SLCC2; .NET CLR 2.0.50727; .NET CLR 3.5.30729; .NET CLR 3.0.30729; Media Center PC 6.0; InfoPath.3)"
