0byt3m1n1
Path:
/
data
/
0
/
0
/
104
/
29
/
104844
/
meta
/
106318
/
logs
/
[
Home
]
File: x-access_log.2013-08-17
178.237.80.192 - - [17/Aug/2013:13:28:59 -0400] "GET /eyewear/files/stacks_image_682.jpg HTTP/1.1" 200 18043 "http://www.google.ch/search?q=gianni+versace+portrait&source=lnms&tbm=isch&sa=X&ei=XLEPUsKJEIKrhQf00oGgAg&ved=0CAcQ_AUoAA&biw=1024&bih=672" "Mozilla/5.0 (iPad; CPU OS 6_1_3 like Mac OS X) AppleWebKit/536.26 (KHTML, like Gecko) Version/6.0 Mobile/10B329 Safari/8536.25"
72.181.130.57 - - [17/Aug/2013:13:49:25 -0400] "GET /Eye_Pieces/Eyewear_files/Eyewear.js HTTP/1.1" 200 1992 "http://eyepiecestexas.com/Eye_Pieces/Eyewear.html" "Mozilla/5.0 (Macintosh; Intel Mac OS X 10_8_4) AppleWebKit/536.30.1 (KHTML, like Gecko) Version/6.0.5 Safari/536.30.1"
72.181.130.57 - - [17/Aug/2013:13:49:25 -0400] "GET /Eye_Pieces/Eyewear_files/shapeimage_3.png HTTP/1.1" 200 1585 "http://eyepiecestexas.com/Eye_Pieces/Eyewear.html" "Mozilla/5.0 (Macintosh; Intel Mac OS X 10_8_4) AppleWebKit/536.30.1 (KHTML, like Gecko) Version/6.0.5 Safari/536.30.1"
72.181.130.57 - - [17/Aug/2013:13:49:25 -0400] "GET /Eye_Pieces/Eyewear_files/shapeimage_4_link_0.png HTTP/1.1" 200 1579 "http://eyepiecestexas.com/Eye_Pieces/Eyewear.html" "Mozilla/5.0 (Macintosh; Intel Mac OS X 10_8_4) AppleWebKit/536.30.1 (KHTML, like Gecko) Version/6.0.5 Safari/536.30.1"
72.181.130.57 - - [17/Aug/2013:13:49:25 -0400] "GET /Eye_Pieces/Eyewear_files/shapeimage_6_link_0.png HTTP/1.1" 200 881 "http://eyepiecestexas.com/Eye_Pieces/Eyewear.html" "Mozilla/5.0 (Macintosh; Intel Mac OS X 10_8_4) AppleWebKit/536.30.1 (KHTML, like Gecko) Version/6.0.5 Safari/536.30.1"
72.181.130.57 - - [17/Aug/2013:13:49:25 -0400] "GET /Eye_Pieces/Eyewear_files/shapeimage_9.png HTTP/1.1" 200 185 "http://eyepiecestexas.com/Eye_Pieces/Eyewear.html" "Mozilla/5.0 (Macintosh; Intel Mac OS X 10_8_4) AppleWebKit/536.30.1 (KHTML, like Gecko) Version/6.0.5 Safari/536.30.1"
72.181.130.57 - - [17/Aug/2013:13:49:25 -0400] "GET /Eye_Pieces/Eyewear_files/shapeimage_12_link_0.png HTTP/1.1" 200 1176 "http://eyepiecestexas.com/Eye_Pieces/Eyewear.html" "Mozilla/5.0 (Macintosh; Intel Mac OS X 10_8_4) AppleWebKit/536.30.1 (KHTML, like Gecko) Version/6.0.5 Safari/536.30.1"
72.181.130.57 - - [17/Aug/2013:13:49:25 -0400] "GET /Eye_Pieces/Eyewear_files/shapeimage_16.png HTTP/1.1" 200 1411 "http://eyepiecestexas.com/Eye_Pieces/Eyewear.html" "Mozilla/5.0 (Macintosh; Intel Mac OS X 10_8_4) AppleWebKit/536.30.1 (KHTML, like Gecko) Version/6.0.5 Safari/536.30.1"
72.181.130.57 - - [17/Aug/2013:13:49:25 -0400] "GET /Eye_Pieces/Eyewear_files/shapeimage_19_link_0.png HTTP/1.1" 200 1181 "http://eyepiecestexas.com/Eye_Pieces/Eyewear.html" "Mozilla/5.0 (Macintosh; Intel Mac OS X 10_8_4) AppleWebKit/536.30.1 (KHTML, like Gecko) Version/6.0.5 Safari/536.30.1"
72.181.130.57 - - [17/Aug/2013:13:49:25 -0400] "GET /Eye_Pieces/Eyewear_files/shapeimage_22.png HTTP/1.1" 200 197 "http://eyepiecestexas.com/Eye_Pieces/Eyewear.html" "Mozilla/5.0 (Macintosh; Intel Mac OS X 10_8_4) AppleWebKit/536.30.1 (KHTML, like Gecko) Version/6.0.5 Safari/536.30.1"
72.181.130.57 - - [17/Aug/2013:13:49:25 -0400] "GET /Eye_Pieces/Eyewear_files/shapeimage_25_link_0.png HTTP/1.1" 200 1069 "http://eyepiecestexas.com/Eye_Pieces/Eyewear.html" "Mozilla/5.0 (Macintosh; Intel Mac OS X 10_8_4) AppleWebKit/536.30.1 (KHTML, like Gecko) Version/6.0.5 Safari/536.30.1"
72.181.130.57 - - [17/Aug/2013:13:49:25 -0400] "GET /Eye_Pieces/Eyewear_files/shapeimage_28_link_0.png HTTP/1.1" 200 1020 "http://eyepiecestexas.com/Eye_Pieces/Eyewear.html" "Mozilla/5.0 (Macintosh; Intel Mac OS X 10_8_4) AppleWebKit/536.30.1 (KHTML, like Gecko) Version/6.0.5 Safari/536.30.1"
72.181.130.57 - - [17/Aug/2013:13:49:25 -0400] "GET /Eye_Pieces/Eyewear_files/shapeimage_5_rollover_0.png HTTP/1.1" 200 1433 "http://eyepiecestexas.com/Eye_Pieces/Eyewear.html" "Mozilla/5.0 (Macintosh; Intel Mac OS X 10_8_4) AppleWebKit/536.30.1 (KHTML, like Gecko) Version/6.0.5 Safari/536.30.1"
72.181.130.57 - - [17/Aug/2013:13:49:26 -0400] "GET /Eye_Pieces/Eyewear_files/shapeimage_17_rollover_0.png HTTP/1.1" 200 2144 "http://eyepiecestexas.com/Eye_Pieces/Eyewear.html" "Mozilla/5.0 (Macintosh; Intel Mac OS X 10_8_4) AppleWebKit/536.30.1 (KHTML, like Gecko) Version/6.0.5 Safari/536.30.1"
72.181.130.57 - - [17/Aug/2013:13:49:26 -0400] "GET /Eye_Pieces/Eyewear_files/shapeimage_23_rollover_0.png HTTP/1.1" 200 1585 "http://eyepiecestexas.com/Eye_Pieces/Eyewear.html" "Mozilla/5.0 (Macintosh; Intel Mac OS X 10_8_4) AppleWebKit/536.30.1 (KHTML, like Gecko) Version/6.0.5 Safari/536.30.1"
72.181.130.57 - - [17/Aug/2013:13:49:26 -0400] "GET /Eye_Pieces/Eyewear_files/shapeimage_28_rollover_0.png HTTP/1.1" 200 1511 "http://eyepiecestexas.com/Eye_Pieces/Eyewear.html" "Mozilla/5.0 (Macintosh; Intel Mac OS X 10_8_4) AppleWebKit/536.30.1 (KHTML, like Gecko) Version/6.0.5 Safari/536.30.1"
76.199.215.46 - - [17/Aug/2013:14:42:38 -0400] "GET /rw_common/themes/dexture/consolidated-handheld-0.css HTTP/1.1" 304 - "http://eyepiecestexas.com/" "Mozilla/5.0 (compatible; MSIE 10.0; Windows NT 6.1; WOW64; Trident/6.0)"
76.199.215.46 - - [17/Aug/2013:14:42:38 -0400] "GET /rw_common/themes/dexture/scripts/nimblehostDropDownMenu.js HTTP/1.1" 304 - "http://eyepiecestexas.com/" "Mozilla/5.0 (compatible; MSIE 10.0; Windows NT 6.1; WOW64; Trident/6.0)"
76.199.215.46 - - [17/Aug/2013:14:42:38 -0400] "GET /files/rdc_9289.jpg HTTP/1.1" 304 - "http://eyepiecestexas.com/" "Mozilla/5.0 (compatible; MSIE 10.0; Windows NT 6.1; WOW64; Trident/6.0)"
76.199.215.46 - - [17/Aug/2013:14:42:38 -0400] "GET /files/stacks_image_142.jpg HTTP/1.1" 304 - "http://eyepiecestexas.com/" "Mozilla/5.0 (compatible; MSIE 10.0; Windows NT 6.1; WOW64; Trident/6.0)"
76.199.215.46 - - [17/Aug/2013:14:42:38 -0400] "GET /rw_common/themes/dexture/images/editable_images/paper.png HTTP/1.1" 304 - "http://eyepiecestexas.com/" "Mozilla/5.0 (compatible; MSIE 10.0; Windows NT 6.1; WOW64; Trident/6.0)"
76.199.215.46 - - [17/Aug/2013:14:42:38 -0400] "GET /rw_common/themes/dexture/images/editable_images/image11.jpg HTTP/1.1" 304 - "http://eyepiecestexas.com/" "Mozilla/5.0 (compatible; MSIE 10.0; Windows NT 6.1; WOW64; Trident/6.0)"
218.30.103.37 - - [17/Aug/2013:23:16:43 -0400] "GET / HTTP/1.1" 200 16359 "-" "Sogou web spider/4.0(+http://www.sogou.com/docs/help/webmasters.htm#07)"
208.167.230.75 - - [17/Aug/2013:00:27:38 -0400] "GET /staff/ HTTP/1.1" 200 18464 "-" "Mozilla/5.0 (compatible; AhrefsBot/4.0; +http://ahrefs.com/robot/)"
81.144.138.34 - - [17/Aug/2013:06:25:09 -0400] "GET /staff/ HTTP/1.1" 200 18464 "-" "Wotbox/2.01 (+http://www.wotbox.com/bot/)"
65.55.213.192 - - [17/Aug/2013:08:34:45 -0400] "GET /sitemap.xml HTTP/1.1" 200 900 "-" "msnbot/2.0b (+http://search.msn.com/msnbot.htm)"
99.6.236.236 - - [17/Aug/2013:15:50:16 -0400] "GET /Eye_Pieces/Theo_files/76bc33gZamOKIE4XN.jpg HTTP/1.1" 200 10390 "http://eyepiecestexas.com/Eye_Pieces/Theo.html" "Mozilla/5.0 (compatible; MSIE 9.0; AOL 9.7; AOLBuild 4343.1028; Windows NT 6.1; Trident/6.0)"
37.139.52.23 - - [17/Aug/2013:17:56:08 -0400] "GET / HTTP/1.1" 200 16359 "http://moygarag.ru/" "Mozilla/4.0 (compatible; MSIE 6.0; Windows NT 5.1) Netscape/8.0.4"
166.147.72.167 - - [17/Aug/2013:18:01:15 -0400] "GET /about/files/stacks_page_page1.css HTTP/1.1" 200 1389 "http://eyepiecestexas.com/about/" "Mozilla/5.0 (iPhone; CPU iPhone OS 6_1_4 like Mac OS X) AppleWebKit/536.26 (KHTML, like Gecko) Version/6.0 Mobile/10B350 Safari/8536.25"
166.147.72.167 - - [17/Aug/2013:18:01:15 -0400] "GET /about/files/stacks_image_713.png HTTP/1.1" 200 2265 "http://eyepiecestexas.com/about/" "Mozilla/5.0 (iPhone; CPU iPhone OS 6_1_4 like Mac OS X) AppleWebKit/536.26 (KHTML, like Gecko) Version/6.0 Mobile/10B350 Safari/8536.25"
205.178.190.236 - - [17/Aug/2013:18:49:10 -0400] "HEAD / HTTP/1.1" 200 - "-" "Mozilla/4.0 (compatible; MSIE 6.0; Windows NT 5.2; SV1; .NET CLR 1.1.4322; .NET CLR 2.0.50727)"
180.87.203.167 - - [17/Aug/2013:19:59:54 -0400] "GET /favicon.ico HTTP/1.1" 200 5819 "-" "Mozilla/5.0 (Windows NT 6.1; rv:23.0) Gecko/20100101 Firefox/23.0"
99.127.20.165 - - [17/Aug/2013:15:33:48 -0400] "GET /staff/files/fullpath_201.jpg HTTP/1.1" 200 16906 "http://eyepiecestexas.com/staff/" "Mozilla/5.0 (Windows NT 6.1; WOW64) AppleWebKit/537.36 (KHTML, like Gecko) Chrome/28.0.1500.95 Safari/537.36"
99.127.20.165 - - [17/Aug/2013:15:33:49 -0400] "GET /staff/files/stacks_image_719.png HTTP/1.1" 200 5857 "http://eyepiecestexas.com/staff/" "Mozilla/5.0 (Windows NT 6.1; WOW64) AppleWebKit/537.36 (KHTML, like Gecko) Chrome/28.0.1500.95 Safari/537.36"
99.6.236.236 - - [17/Aug/2013:15:49:32 -0400] "GET /Eye_Pieces/Home_files/Home.css HTTP/1.1" 200 5905 "http://eyepiecestexas.com/Eye_Pieces/Home.html" "Mozilla/5.0 (compatible; MSIE 9.0; AOL 9.7; AOLBuild 4343.1028; Windows NT 6.1; Trident/6.0)"
99.6.236.236 - - [17/Aug/2013:15:49:32 -0400] "GET /Eye_Pieces/Home_files/HomeIE.css HTTP/1.1" 200 627 "http://eyepiecestexas.com/Eye_Pieces/Home.html" "Mozilla/5.0 (compatible; MSIE 9.0; AOL 9.7; AOLBuild 4343.1028; Windows NT 6.1; Trident/6.0)"
99.6.236.236 - - [17/Aug/2013:15:49:32 -0400] "GET /Eye_Pieces/Home_files/Home.js HTTP/1.1" 200 1279 "http://eyepiecestexas.com/Eye_Pieces/Home.html" "Mozilla/5.0 (compatible; MSIE 9.0; AOL 9.7; AOLBuild 4343.1028; Windows NT 6.1; Trident/6.0)"
99.6.236.236 - - [17/Aug/2013:15:49:33 -0400] "GET /Eye_Pieces/Home_files/stroke_3.png HTTP/1.1" 200 81 "http://eyepiecestexas.com/Eye_Pieces/Home.html" "Mozilla/5.0 (compatible; MSIE 9.0; AOL 9.7; AOLBuild 4343.1028; Windows NT 6.1; Trident/6.0)"
99.6.236.236 - - [17/Aug/2013:15:49:51 -0400] "GET /Eye_Pieces/Freudenhaus_files/10KATALOG-54.jpg HTTP/1.1" 200 14657 "http://eyepiecestexas.com/Eye_Pieces/Freudenhaus.html" "Mozilla/5.0 (compatible; MSIE 9.0; AOL 9.7; AOLBuild 4343.1028; Windows NT 6.1; Trident/6.0)"
76.199.215.46 - - [17/Aug/2013:17:07:29 -0400] "GET /favicon.ico HTTP/1.1" 200 5819 "-" "Mozilla/5.0 (compatible; MSIE 10.0; Windows NT 6.1; Win64; x64; Trident/6.0)"
76.199.215.46 - - [17/Aug/2013:17:35:35 -0400] "GET /rw_common/themes/dexture/consolidated-print-0.css HTTP/1.1" 304 - "http://eyepiecestexas.com/" "Mozilla/5.0 (compatible; MSIE 10.0; Windows NT 6.1; WOW64; Trident/6.0)"
76.199.215.46 - - [17/Aug/2013:17:35:35 -0400] "GET /rw_common/themes/dexture/javascript.js HTTP/1.1" 304 - "http://eyepiecestexas.com/" "Mozilla/5.0 (compatible; MSIE 10.0; Windows NT 6.1; WOW64; Trident/6.0)"
76.199.215.46 - - [17/Aug/2013:17:35:35 -0400] "GET /files/eye-pieces-logo-400.png HTTP/1.1" 304 - "http://eyepiecestexas.com/" "Mozilla/5.0 (compatible; MSIE 10.0; Windows NT 6.1; WOW64; Trident/6.0)"
76.199.215.46 - - [17/Aug/2013:17:35:35 -0400] "GET /rw_common/themes/dexture/images/mainContentCornerShadowLeft.png HTTP/1.1" 304 - "http://eyepiecestexas.com/" "Mozilla/5.0 (compatible; MSIE 10.0; Windows NT 6.1; WOW64; Trident/6.0)"
76.199.215.46 - - [17/Aug/2013:17:35:35 -0400] "GET /rw_common/themes/dexture/images/bottomShadow.png HTTP/1.1" 304 - "http://eyepiecestexas.com/" "Mozilla/5.0 (compatible; MSIE 10.0; Windows NT 6.1; WOW64; Trident/6.0)"
76.199.215.46 - - [17/Aug/2013:17:35:35 -0400] "GET /rw_common/themes/dexture/images/closebox.png HTTP/1.1" 304 - "http://eyepiecestexas.com/" "Mozilla/5.0 (compatible; MSIE 10.0; Windows NT 6.1; WOW64; Trident/6.0)"
76.199.215.46 - - [17/Aug/2013:14:20:34 -0400] "GET /rw_common/themes/dexture/consolidated-all-0.css HTTP/1.1" 304 - "http://eyepiecestexas.com/" "Mozilla/5.0 (compatible; MSIE 10.0; Windows NT 6.1; WOW64; Trident/6.0)"
76.199.215.46 - - [17/Aug/2013:14:20:35 -0400] "GET /rw_common/plugins/stacks/stacks.css HTTP/1.1" 304 - "http://eyepiecestexas.com/" "Mozilla/5.0 (compatible; MSIE 10.0; Windows NT 6.1; WOW64; Trident/6.0)"
76.199.215.46 - - [17/Aug/2013:14:20:35 -0400] "GET /files/stacks_image_164.png HTTP/1.1" 304 - "http://eyepiecestexas.com/" "Mozilla/5.0 (compatible; MSIE 10.0; Windows NT 6.1; WOW64; Trident/6.0)"
76.199.215.46 - - [17/Aug/2013:14:20:35 -0400] "GET /rw_common/themes/dexture/images/pageTopShadow400px.png HTTP/1.1" 304 - "http://eyepiecestexas.com/" "Mozilla/5.0 (compatible; MSIE 10.0; Windows NT 6.1; WOW64; Trident/6.0)"
76.199.215.46 - - [17/Aug/2013:14:20:35 -0400] "GET /rw_common/themes/dexture/images/ec6TopShadow.png HTTP/1.1" 304 - "http://eyepiecestexas.com/" "Mozilla/5.0 (compatible; MSIE 10.0; Windows NT 6.1; WOW64; Trident/6.0)"
76.199.215.46 - - [17/Aug/2013:14:42:37 -0400] "GET / HTTP/1.1" 304 - "-" "Mozilla/5.0 (compatible; MSIE 10.0; Windows NT 6.1; WOW64; Trident/6.0)"
76.199.215.46 - - [17/Aug/2013:14:42:38 -0400] "GET /rw_common/themes/dexture/consolidated-screen-0.css HTTP/1.1" 304 - "http://eyepiecestexas.com/" "Mozilla/5.0 (compatible; MSIE 10.0; Windows NT 6.1; WOW64; Trident/6.0)"
76.199.215.46 - - [17/Aug/2013:14:42:38 -0400] "GET /rw_common/themes/dexture/scripts/jquery.fancyzoom.js HTTP/1.1" 304 - "http://eyepiecestexas.com/" "Mozilla/5.0 (compatible; MSIE 10.0; Windows NT 6.1; WOW64; Trident/6.0)"
76.199.215.46 - - [17/Aug/2013:14:42:38 -0400] "GET /resources/Dream_Orphans_700.font.js HTTP/1.1" 304 - "http://eyepiecestexas.com/" "Mozilla/5.0 (compatible; MSIE 10.0; Windows NT 6.1; WOW64; Trident/6.0)"
76.199.215.46 - - [17/Aug/2013:14:42:38 -0400] "GET /files/stacks_image_167.png HTTP/1.1" 304 - "http://eyepiecestexas.com/" "Mozilla/5.0 (compatible; MSIE 10.0; Windows NT 6.1; WOW64; Trident/6.0)"
76.199.215.46 - - [17/Aug/2013:14:42:38 -0400] "GET /rw_common/themes/dexture/images/pageTopGradient.png HTTP/1.1" 304 - "http://eyepiecestexas.com/" "Mozilla/5.0 (compatible; MSIE 10.0; Windows NT 6.1; WOW64; Trident/6.0)"
76.199.215.46 - - [17/Aug/2013:14:42:38 -0400] "GET /rw_common/themes/dexture/images/mainContentCornerShadowRight.png HTTP/1.1" 304 - "http://eyepiecestexas.com/" "Mozilla/5.0 (compatible; MSIE 10.0; Windows NT 6.1; WOW64; Trident/6.0)"
81.144.138.34 - - [17/Aug/2013:06:28:01 -0400] "GET /promotions/?tag=%20Prada HTTP/1.1" 200 16168 "-" "Wotbox/2.01 (+http://www.wotbox.com/bot/)"
199.21.99.90 - - [17/Aug/2013:18:13:13 -0400] "GET / HTTP/1.1" 200 16359 "-" "Mozilla/5.0 (compatible; YandexBot/3.0; +http://yandex.com/bots)"
205.178.190.236 - - [17/Aug/2013:19:29:35 -0400] "GET /promotions/files/stacks_page_page7.js HTTP/1.1" 200 9337 "http://eyepiecestexas.com/promotions/" "Mozilla/4.0 (compatible; MSIE 7.0; Windows NT 5.2; Trident/4.0; .NET CLR 1.1.4322; .NET CLR 2.0.50727; .NET CLR 3.0.4506.2152; .NET CLR 3.5.30729; .NET4.0C; .NET4.0E)"
205.178.190.236 - - [17/Aug/2013:19:29:35 -0400] "GET /promotions/files/armadillo/core/css/armadilloStyles.css?v=3 HTTP/1.1" 200 4153 "http://eyepiecestexas.com/promotions/" "Mozilla/4.0 (compatible; MSIE 7.0; Windows NT 5.2; Trident/4.0; .NET CLR 1.1.4322; .NET CLR 2.0.50727; .NET CLR 3.0.4506.2152; .NET CLR 3.5.30729; .NET4.0C; .NET4.0E)"
205.178.190.236 - - [17/Aug/2013:19:29:35 -0400] "GET /promotions/files/armadillo/core/css/jquery.plupload_and_colorbox.css HTTP/1.1" 200 7949 "http://eyepiecestexas.com/promotions/" "Mozilla/4.0 (compatible; MSIE 7.0; Windows NT 5.2; Trident/4.0; .NET CLR 1.1.4322; .NET CLR 2.0.50727; .NET CLR 3.0.4506.2152; .NET CLR 3.5.30729; .NET4.0C; .NET4.0E)"
205.178.190.236 - - [17/Aug/2013:19:29:35 -0400] "GET /rw_common/themes/dexture/images/editable_images/paper.png HTTP/1.1" 200 154825 "http://eyepiecestexas.com/promotions/" "Mozilla/4.0 (compatible; MSIE 7.0; Windows NT 5.2; Trident/4.0; .NET CLR 1.1.4322; .NET CLR 2.0.50727; .NET CLR 3.0.4506.2152; .NET CLR 3.5.30729; .NET4.0C; .NET4.0E)"
205.178.190.236 - - [17/Aug/2013:19:29:35 -0400] "GET /rw_common/themes/dexture/images/lightAlphaBg.png HTTP/1.1" 200 179 "http://eyepiecestexas.com/promotions/" "Mozilla/4.0 (compatible; MSIE 7.0; Windows NT 5.2; Trident/4.0; .NET CLR 1.1.4322; .NET CLR 2.0.50727; .NET CLR 3.0.4506.2152; .NET CLR 3.5.30729; .NET4.0C; .NET4.0E)"
205.178.190.236 - - [17/Aug/2013:19:29:35 -0400] "GET /rw_common/themes/dexture/images/pageTopShadow400px.png HTTP/1.1" 200 1299 "http://eyepiecestexas.com/promotions/" "Mozilla/4.0 (compatible; MSIE 7.0; Windows NT 5.2; Trident/4.0; .NET CLR 1.1.4322; .NET CLR 2.0.50727; .NET CLR 3.0.4506.2152; .NET CLR 3.5.30729; .NET4.0C; .NET4.0E)"
205.178.190.236 - - [17/Aug/2013:19:29:35 -0400] "GET /rw_common/themes/dexture/images/pageTopGradient.png HTTP/1.1" 200 1338 "http://eyepiecestexas.com/promotions/" "Mozilla/4.0 (compatible; MSIE 7.0; Windows NT 5.2; Trident/4.0; .NET CLR 1.1.4322; .NET CLR 2.0.50727; .NET CLR 3.0.4506.2152; .NET CLR 3.5.30729; .NET4.0C; .NET4.0E)"
205.178.190.236 - - [17/Aug/2013:19:29:36 -0400] "GET /rw_common/themes/dexture/images/mainContentCornerShadowLeft.png HTTP/1.1" 200 1452 "http://eyepiecestexas.com/promotions/" "Mozilla/4.0 (compatible; MSIE 7.0; Windows NT 5.2; Trident/4.0; .NET CLR 1.1.4322; .NET CLR 2.0.50727; .NET CLR 3.0.4506.2152; .NET CLR 3.5.30729; .NET4.0C; .NET4.0E)"
205.178.190.236 - - [17/Aug/2013:19:29:36 -0400] "GET /rw_common/themes/dexture/images/editable_images/image11.jpg HTTP/1.1" 200 74799 "http://eyepiecestexas.com/promotions/" "Mozilla/4.0 (compatible; MSIE 7.0; Windows NT 5.2; Trident/4.0; .NET CLR 1.1.4322; .NET CLR 2.0.50727; .NET CLR 3.0.4506.2152; .NET CLR 3.5.30729; .NET4.0C; .NET4.0E)"
205.178.190.236 - - [17/Aug/2013:19:29:36 -0400] "GET /about/ HTTP/1.1" 200 14428 "-" "Mozilla/4.0 (compatible; MSIE 7.0; Windows NT 5.2; Trident/4.0; .NET CLR 1.1.4322; .NET CLR 2.0.50727; .NET CLR 3.0.4506.2152; .NET CLR 3.5.30729; .NET4.0C; .NET4.0E)"
205.178.190.236 - - [17/Aug/2013:19:29:36 -0400] "GET /rw_common/themes/dexture/consolidated-print-1.css HTTP/1.1" 200 10005 "http://eyepiecestexas.com/about/" "Mozilla/4.0 (compatible; MSIE 7.0; Windows NT 5.2; Trident/4.0; .NET CLR 1.1.4322; .NET CLR 2.0.50727; .NET CLR 3.0.4506.2152; .NET CLR 3.5.30729; .NET4.0C; .NET4.0E)"
205.178.190.236 - - [17/Aug/2013:19:29:36 -0400] "GET /rw_common/themes/dexture/consolidated-screen-1.css HTTP/1.1" 200 27899 "http://eyepiecestexas.com/about/" "Mozilla/4.0 (compatible; MSIE 7.0; Windows NT 5.2; Trident/4.0; .NET CLR 1.1.4322; .NET CLR 2.0.50727; .NET CLR 3.0.4506.2152; .NET CLR 3.5.30729; .NET4.0C; .NET4.0E)"
205.178.190.236 - - [17/Aug/2013:19:29:36 -0400] "GET /rw_common/themes/dexture/consolidated-handheld-1.css HTTP/1.1" 200 13394 "http://eyepiecestexas.com/about/" "Mozilla/4.0 (compatible; MSIE 7.0; Windows NT 5.2; Trident/4.0; .NET CLR 1.1.4322; .NET CLR 2.0.50727; .NET CLR 3.0.4506.2152; .NET CLR 3.5.30729; .NET4.0C; .NET4.0E)"
205.178.190.236 - - [17/Aug/2013:19:29:36 -0400] "GET /rw_common/themes/dexture/consolidated-all-1.css HTTP/1.1" 200 13449 "http://eyepiecestexas.com/about/" "Mozilla/4.0 (compatible; MSIE 7.0; Windows NT 5.2; Trident/4.0; .NET CLR 1.1.4322; .NET CLR 2.0.50727; .NET CLR 3.0.4506.2152; .NET CLR 3.5.30729; .NET4.0C; .NET4.0E)"
205.178.190.236 - - [17/Aug/2013:19:29:36 -0400] "GET /rw_common/themes/dexture/scripts/nimblehost.js HTTP/1.1" 200 17247 "http://eyepiecestexas.com/about/" "Mozilla/4.0 (compatible; MSIE 7.0; Windows NT 5.2; Trident/4.0; .NET CLR 1.1.4322; .NET CLR 2.0.50727; .NET CLR 3.0.4506.2152; .NET CLR 3.5.30729; .NET4.0C; .NET4.0E)"
205.178.190.236 - - [17/Aug/2013:19:29:36 -0400] "GET /rw_common/themes/dexture/scripts/nimblehostPulseVIP.js HTTP/1.1" 200 1205 "http://eyepiecestexas.com/about/" "Mozilla/4.0 (compatible; MSIE 7.0; Windows NT 5.2; Trident/4.0; .NET CLR 1.1.4322; .NET CLR 2.0.50727; .NET CLR 3.0.4506.2152; .NET CLR 3.5.30729; .NET4.0C; .NET4.0E)"
205.178.190.236 - - [17/Aug/2013:19:29:36 -0400] "GET /rw_common/themes/dexture/scripts/jquery.fancyzoom.js HTTP/1.1" 200 6272 "http://eyepiecestexas.com/about/" "Mozilla/4.0 (compatible; MSIE 7.0; Windows NT 5.2; Trident/4.0; .NET CLR 1.1.4322; .NET CLR 2.0.50727; .NET CLR 3.0.4506.2152; .NET CLR 3.5.30729; .NET4.0C; .NET4.0E)"
205.178.190.236 - - [17/Aug/2013:19:29:36 -0400] "GET /rw_common/themes/dexture/scripts/nimblehostDropDownMenu.js HTTP/1.1" 200 988 "http://eyepiecestexas.com/about/" "Mozilla/4.0 (compatible; MSIE 7.0; Windows NT 5.2; Trident/4.0; .NET CLR 1.1.4322; .NET CLR 2.0.50727; .NET CLR 3.0.4506.2152; .NET CLR 3.5.30729; .NET4.0C; .NET4.0E)"
205.178.190.236 - - [17/Aug/2013:19:29:36 -0400] "GET /rw_common/plugins/stacks/stacks.css HTTP/1.1" 200 1841 "http://eyepiecestexas.com/about/" "Mozilla/4.0 (compatible; MSIE 7.0; Windows NT 5.2; Trident/4.0; .NET CLR 1.1.4322; .NET CLR 2.0.50727; .NET CLR 3.0.4506.2152; .NET CLR 3.5.30729; .NET4.0C; .NET4.0E)"
205.178.190.236 - - [17/Aug/2013:19:29:36 -0400] "GET /about/files/stacks_page_page1.css HTTP/1.1" 200 1389 "http://eyepiecestexas.com/about/" "Mozilla/4.0 (compatible; MSIE 7.0; Windows NT 5.2; Trident/4.0; .NET CLR 1.1.4322; .NET CLR 2.0.50727; .NET CLR 3.0.4506.2152; .NET CLR 3.5.30729; .NET4.0C; .NET4.0E)"
205.178.190.236 - - [17/Aug/2013:19:29:36 -0400] "GET /rw_common/themes/rw_common/plugins/stacks/stacks_ie.css HTTP/1.1" 200 3319 "http://eyepiecestexas.com/about/" "Mozilla/4.0 (compatible; MSIE 7.0; Windows NT 5.2; Trident/4.0; .NET CLR 1.1.4322; .NET CLR 2.0.50727; .NET CLR 3.0.4506.2152; .NET CLR 3.5.30729; .NET4.0C; .NET4.0E)"
205.178.190.236 - - [17/Aug/2013:19:29:36 -0400] "GET /about/files/stacks_page_page1.js HTTP/1.1" 200 24511 "http://eyepiecestexas.com/about/" "Mozilla/4.0 (compatible; MSIE 7.0; Windows NT 5.2; Trident/4.0; .NET CLR 1.1.4322; .NET CLR 2.0.50727; .NET CLR 3.0.4506.2152; .NET CLR 3.5.30729; .NET4.0C; .NET4.0E)"
65.55.52.118 - - [17/Aug/2013:04:42:17 -0400] "GET /Home.html HTTP/1.1" 200 5819 "-" "Mozilla/5.0 (compatible; bingbot/2.0; +http://www.bing.com/bingbot.htm)"
46.118.126.194 - - [17/Aug/2013:01:38:05 -0400] "GET / HTTP/1.1" 200 16359 "http://emigrant.name/" "Mozilla/4.0 (compatible; MSIE 6.0; Windows NT 5.2; WOW64; SV1; .NET CLR 2.0.50727)"
72.14.199.35 - - [17/Aug/2013:02:37:46 -0400] "GET /feed HTTP/1.1" 200 5319 "-" "Feedfetcher-Google; (+http://www.google.com/feedfetcher.html; 1 subscribers; feed-id=11757162533075784121)"
76.199.215.46 - - [17/Aug/2013:11:02:13 -0400] "GET /rw_common/themes/dexture/scripts/jquery.fancyzoom.js HTTP/1.1" 304 - "http://eyepiecestexas.com/" "Mozilla/5.0 (compatible; MSIE 10.0; Windows NT 6.1; WOW64; Trident/6.0)"
76.199.215.46 - - [17/Aug/2013:11:02:13 -0400] "GET /resources/Dream_Orphans_700.font.js HTTP/1.1" 304 - "http://eyepiecestexas.com/" "Mozilla/5.0 (compatible; MSIE 10.0; Windows NT 6.1; WOW64; Trident/6.0)"
76.199.215.46 - - [17/Aug/2013:11:02:13 -0400] "GET /files/stacks_image_167.png HTTP/1.1" 304 - "http://eyepiecestexas.com/" "Mozilla/5.0 (compatible; MSIE 10.0; Windows NT 6.1; WOW64; Trident/6.0)"
76.199.215.46 - - [17/Aug/2013:11:02:14 -0400] "GET /rw_common/themes/dexture/images/pageTopGradient.png HTTP/1.1" 304 - "http://eyepiecestexas.com/" "Mozilla/5.0 (compatible; MSIE 10.0; Windows NT 6.1; WOW64; Trident/6.0)"
76.199.215.46 - - [17/Aug/2013:11:02:14 -0400] "GET /rw_common/themes/dexture/images/mainContentCornerShadowRight.png HTTP/1.1" 304 - "http://eyepiecestexas.com/" "Mozilla/5.0 (compatible; MSIE 10.0; Windows NT 6.1; WOW64; Trident/6.0)"
76.199.215.46 - - [17/Aug/2013:11:02:14 -0400] "GET /rw_common/themes/dexture/images/bottomShadow.png HTTP/1.1" 304 - "http://eyepiecestexas.com/" "Mozilla/5.0 (compatible; MSIE 10.0; Windows NT 6.1; WOW64; Trident/6.0)"
76.199.215.46 - - [17/Aug/2013:13:12:06 -0400] "GET /rw_common/themes/dexture/consolidated-handheld-0.css HTTP/1.1" 304 - "http://eyepiecestexas.com/" "Mozilla/5.0 (compatible; MSIE 10.0; Windows NT 6.1; WOW64; Trident/6.0)"
76.199.215.46 - - [17/Aug/2013:13:12:06 -0400] "GET /rw_common/themes/dexture/scripts/nimblehostDropDownMenu.js HTTP/1.1" 304 - "http://eyepiecestexas.com/" "Mozilla/5.0 (compatible; MSIE 10.0; Windows NT 6.1; WOW64; Trident/6.0)"
76.199.215.46 - - [17/Aug/2013:13:12:06 -0400] "GET /files/rdc_9289.jpg HTTP/1.1" 304 - "http://eyepiecestexas.com/" "Mozilla/5.0 (compatible; MSIE 10.0; Windows NT 6.1; WOW64; Trident/6.0)"
76.199.215.46 - - [17/Aug/2013:13:12:06 -0400] "GET /files/stacks_image_142.jpg HTTP/1.1" 304 - "http://eyepiecestexas.com/" "Mozilla/5.0 (compatible; MSIE 10.0; Windows NT 6.1; WOW64; Trident/6.0)"
76.199.215.46 - - [17/Aug/2013:13:12:07 -0400] "GET /rw_common/themes/dexture/images/editable_images/paper.png HTTP/1.1" 304 - "http://eyepiecestexas.com/" "Mozilla/5.0 (compatible; MSIE 10.0; Windows NT 6.1; WOW64; Trident/6.0)"
76.199.215.46 - - [17/Aug/2013:13:12:07 -0400] "GET /rw_common/themes/dexture/images/editable_images/image11.jpg HTTP/1.1" 304 - "http://eyepiecestexas.com/" "Mozilla/5.0 (compatible; MSIE 10.0; Windows NT 6.1; WOW64; Trident/6.0)"
76.199.215.46 - - [17/Aug/2013:13:12:07 -0400] "GET /rw_common/themes/dexture/images/bottomShadow.png HTTP/1.1" 304 - "http://eyepiecestexas.com/" "Mozilla/5.0 (compatible; MSIE 10.0; Windows NT 6.1; WOW64; Trident/6.0)"
72.181.130.57 - - [17/Aug/2013:13:49:14 -0400] "GET /Eye_Pieces/Scripts/Widgets/SharedResources/WidgetCommon.js HTTP/1.1" 200 36124 "http://eyepiecestexas.com/Eye_Pieces/Home.html" "Mozilla/5.0 (Macintosh; Intel Mac OS X 10_8_4) AppleWebKit/536.30.1 (KHTML, like Gecko) Version/6.0.5 Safari/536.30.1"
72.181.130.57 - - [17/Aug/2013:13:49:14 -0400] "GET /Eye_Pieces/feed.xml HTTP/1.1" 200 2875 "http://eyepiecestexas.com/Eye_Pieces/Home.html" "Mozilla/5.0 (Macintosh; Intel Mac OS X 10_8_4) AppleWebKit/536.30.1 (KHTML, like Gecko) Version/6.0.5 Safari/536.30.1"
72.181.130.57 - - [17/Aug/2013:13:49:14 -0400] "GET /Eye_Pieces/Home_files/shapeimage_1_rollover_0.png HTTP/1.1" 200 2969 "http://eyepiecestexas.com/Eye_Pieces/Home.html" "Mozilla/5.0 (Macintosh; Intel Mac OS X 10_8_4) AppleWebKit/536.30.1 (KHTML, like Gecko) Version/6.0.5 Safari/536.30.1"
72.181.130.57 - - [17/Aug/2013:13:49:14 -0400] "GET /Eye_Pieces/Home_files/stroke_5.png HTTP/1.1" 200 81 "http://eyepiecestexas.com/Eye_Pieces/Home.html" "Mozilla/5.0 (Macintosh; Intel Mac OS X 10_8_4) AppleWebKit/536.30.1 (KHTML, like Gecko) Version/6.0.5 Safari/536.30.1"
66.249.75.35 - - [17/Aug/2013:13:56:19 -0400] "GET /rw_common/themes/dexture/consolidated-handheld-8.css HTTP/1.1" 200 13394 "-" "Mozilla/5.0 (compatible; Googlebot/2.1; +http://www.google.com/bot.html)"
76.199.215.46 - - [17/Aug/2013:14:27:17 -0400] "GET /promotions/files/armadillo/media/note.png HTTP/1.1" 200 592490 "http://www.eyepiecestexas.com/promotions/" "Mozilla/5.0 (compatible; MSIE 10.0; Windows NT 6.2; WOW64; Trident/6.0; MDDCJS)"
81.144.138.34 - - [17/Aug/2013:06:24:56 -0400] "GET /promotions/ HTTP/1.1" 200 23361 "-" "Wotbox/2.01 (+http://www.wotbox.com/bot/)"
81.144.138.34 - - [17/Aug/2013:06:26:35 -0400] "GET /promotions/?tag=%20D%20The%20Broadcast HTTP/1.1" 200 16168 "-" "Wotbox/2.01 (+http://www.wotbox.com/bot/)"
81.144.138.34 - - [17/Aug/2013:06:34:06 -0400] "GET /promotions/?tag=Good%20Morning%20Texas HTTP/1.1" 200 13439 "-" "Wotbox/2.01 (+http://www.wotbox.com/bot/)"
71.194.32.164 - - [17/Aug/2013:16:52:27 -0400] "GET /files/rdc_9289.jpg HTTP/1.1" 200 24706 "https://www.google.com/" "Mozilla/5.0 (iPhone; CPU iPhone OS 6_1_4 like Mac OS X) AppleWebKit/536.26 (KHTML, like Gecko) Version/6.0 Mobile/10B350 Safari/8536.25"
76.199.215.46 - - [17/Aug/2013:17:48:55 -0400] "GET /rw_common/themes/dexture/scripts/nimblehost.js HTTP/1.1" 304 - "http://eyepiecestexas.com/" "Mozilla/5.0 (compatible; MSIE 10.0; Windows NT 6.1; WOW64; Trident/6.0)"
76.199.215.46 - - [17/Aug/2013:17:48:55 -0400] "GET /files/stacks_page_page0.js HTTP/1.1" 304 - "http://eyepiecestexas.com/" "Mozilla/5.0 (compatible; MSIE 10.0; Windows NT 6.1; WOW64; Trident/6.0)"
76.199.215.46 - - [17/Aug/2013:17:48:55 -0400] "GET /files/stacks_image_166.png HTTP/1.1" 304 - "http://eyepiecestexas.com/" "Mozilla/5.0 (compatible; MSIE 10.0; Windows NT 6.1; WOW64; Trident/6.0)"
76.199.215.46 - - [17/Aug/2013:17:48:56 -0400] "GET /rw_common/themes/dexture/images/darkAlphaBg.png HTTP/1.1" 304 - "http://eyepiecestexas.com/" "Mozilla/5.0 (compatible; MSIE 10.0; Windows NT 6.1; WOW64; Trident/6.0)"
76.199.215.46 - - [17/Aug/2013:17:48:56 -0400] "GET /rw_common/themes/dexture/images/editable_images/concrete.png HTTP/1.1" 304 - "http://eyepiecestexas.com/" "Mozilla/5.0 (compatible; MSIE 10.0; Windows NT 6.1; WOW64; Trident/6.0)"
166.147.72.167 - - [17/Aug/2013:18:00:51 -0400] "GET /rw_common/plugins/stacks/stacks.css HTTP/1.1" 200 1841 "http://eyepiecestexas.com/" "Mozilla/5.0 (iPhone; CPU iPhone OS 6_1_4 like Mac OS X) AppleWebKit/536.26 (KHTML, like Gecko) Version/6.0 Mobile/10B350 Safari/8536.25"
166.147.72.167 - - [17/Aug/2013:18:00:51 -0400] "GET /rw_common/themes/dexture/scripts/nimblehostDropDownMenu.js HTTP/1.1" 200 988 "http://eyepiecestexas.com/" "Mozilla/5.0 (iPhone; CPU iPhone OS 6_1_4 like Mac OS X) AppleWebKit/536.26 (KHTML, like Gecko) Version/6.0 Mobile/10B350 Safari/8536.25"
166.147.72.167 - - [17/Aug/2013:18:00:51 -0400] "GET /resources/Dream_Orphans_700.font.js HTTP/1.1" 200 36773 "http://eyepiecestexas.com/" "Mozilla/5.0 (iPhone; CPU iPhone OS 6_1_4 like Mac OS X) AppleWebKit/536.26 (KHTML, like Gecko) Version/6.0 Mobile/10B350 Safari/8536.25"
166.147.72.167 - - [17/Aug/2013:18:00:51 -0400] "GET /files/rdc_9289.jpg HTTP/1.1" 200 24706 "http://eyepiecestexas.com/" "Mozilla/5.0 (iPhone; CPU iPhone OS 6_1_4 like Mac OS X) AppleWebKit/536.26 (KHTML, like Gecko) Version/6.0 Mobile/10B350 Safari/8536.25"
166.147.72.167 - - [17/Aug/2013:18:00:51 -0400] "GET /rw_common/themes/dexture/images/pageTopGradient.png HTTP/1.1" 200 1338 "http://eyepiecestexas.com/" "Mozilla/5.0 (iPhone; CPU iPhone OS 6_1_4 like Mac OS X) AppleWebKit/536.26 (KHTML, like Gecko) Version/6.0 Mobile/10B350 Safari/8536.25"
166.147.72.167 - - [17/Aug/2013:18:00:51 -0400] "GET /rw_common/themes/dexture/images/editable_images/image11.jpg HTTP/1.1" 200 74799 "http://eyepiecestexas.com/" "Mozilla/5.0 (iPhone; CPU iPhone OS 6_1_4 like Mac OS X) AppleWebKit/536.26 (KHTML, like Gecko) Version/6.0 Mobile/10B350 Safari/8536.25"
166.147.72.167 - - [17/Aug/2013:18:00:51 -0400] "GET /rw_common/themes/dexture/images/upperShadow.png HTTP/1.1" 200 218 "http://eyepiecestexas.com/" "Mozilla/5.0 (iPhone; CPU iPhone OS 6_1_4 like Mac OS X) AppleWebKit/536.26 (KHTML, like Gecko) Version/6.0 Mobile/10B350 Safari/8536.25"
166.147.72.167 - - [17/Aug/2013:18:01:14 -0400] "GET /about/ HTTP/1.1" 200 14428 "http://eyepiecestexas.com/" "Mozilla/5.0 (iPhone; CPU iPhone OS 6_1_4 like Mac OS X) AppleWebKit/536.26 (KHTML, like Gecko) Version/6.0 Mobile/10B350 Safari/8536.25"
166.147.72.167 - - [17/Aug/2013:18:01:15 -0400] "GET /rw_common/themes/dexture/consolidated-screen-1.css HTTP/1.1" 200 27899 "http://eyepiecestexas.com/about/" "Mozilla/5.0 (iPhone; CPU iPhone OS 6_1_4 like Mac OS X) AppleWebKit/536.26 (KHTML, like Gecko) Version/6.0 Mobile/10B350 Safari/8536.25"
166.147.72.167 - - [17/Aug/2013:18:01:15 -0400] "GET /about/files/stacks_page_page1.js HTTP/1.1" 200 24511 "http://eyepiecestexas.com/about/" "Mozilla/5.0 (iPhone; CPU iPhone OS 6_1_4 like Mac OS X) AppleWebKit/536.26 (KHTML, like Gecko) Version/6.0 Mobile/10B350 Safari/8536.25"
166.147.72.167 - - [17/Aug/2013:18:01:15 -0400] "GET /about/files/rdc_9305-500.jpg HTTP/1.1" 200 29824 "http://eyepiecestexas.com/about/" "Mozilla/5.0 (iPhone; CPU iPhone OS 6_1_4 like Mac OS X) AppleWebKit/536.26 (KHTML, like Gecko) Version/6.0 Mobile/10B350 Safari/8536.25"
166.147.72.167 - - [17/Aug/2013:18:01:15 -0400] "GET /about/files/stacks_image_715.png HTTP/1.1" 200 5841 "http://eyepiecestexas.com/about/" "Mozilla/5.0 (iPhone; CPU iPhone OS 6_1_4 like Mac OS X) AppleWebKit/536.26 (KHTML, like Gecko) Version/6.0 Mobile/10B350 Safari/8536.25"
166.147.72.167 - - [17/Aug/2013:18:01:16 -0400] "GET /rw_common/themes/dexture/consolidated-handheld-1.css HTTP/1.1" 200 13394 "http://eyepiecestexas.com/about/" "Mozilla/5.0 (iPhone; CPU iPhone OS 6_1_4 like Mac OS X) AppleWebKit/536.26 (KHTML, like Gecko) Version/6.0 Mobile/10B350 Safari/8536.25"
166.147.72.167 - - [17/Aug/2013:18:01:16 -0400] "GET /rw_common/themes/dexture/consolidated-print-1.css HTTP/1.1" 200 10005 "http://eyepiecestexas.com/about/" "Mozilla/5.0 (iPhone; CPU iPhone OS 6_1_4 like Mac OS X) AppleWebKit/536.26 (KHTML, like Gecko) Version/6.0 Mobile/10B350 Safari/8536.25"
76.199.215.46 - - [17/Aug/2013:18:41:45 -0400] "GET /favicon.ico HTTP/1.1" 200 5819 "-" "Mozilla/5.0 (compatible; MSIE 10.0; Windows NT 6.1; Win64; x64; Trident/6.0)"
76.199.215.46 - - [17/Aug/2013:18:48:58 -0400] "GET /rw_common/themes/dexture/consolidated-print-0.css HTTP/1.1" 304 - "http://eyepiecestexas.com/" "Mozilla/5.0 (compatible; MSIE 10.0; Windows NT 6.1; WOW64; Trident/6.0)"
76.199.215.46 - - [17/Aug/2013:18:48:58 -0400] "GET /rw_common/themes/dexture/scripts/jquery.fancyzoom.js HTTP/1.1" 304 - "http://eyepiecestexas.com/" "Mozilla/5.0 (compatible; MSIE 10.0; Windows NT 6.1; WOW64; Trident/6.0)"
76.199.215.46 - - [17/Aug/2013:18:48:58 -0400] "GET /files/eye-pieces-logo-400.png HTTP/1.1" 304 - "http://eyepiecestexas.com/" "Mozilla/5.0 (compatible; MSIE 10.0; Windows NT 6.1; WOW64; Trident/6.0)"
76.199.215.46 - - [17/Aug/2013:18:48:58 -0400] "GET /rw_common/themes/dexture/images/mainContentCornerShadowLeft.png HTTP/1.1" 304 - "http://eyepiecestexas.com/" "Mozilla/5.0 (compatible; MSIE 10.0; Windows NT 6.1; WOW64; Trident/6.0)"
76.199.215.46 - - [17/Aug/2013:18:48:58 -0400] "GET /rw_common/themes/dexture/images/bottomShadow.png HTTP/1.1" 304 - "http://eyepiecestexas.com/" "Mozilla/5.0 (compatible; MSIE 10.0; Windows NT 6.1; WOW64; Trident/6.0)"
76.199.215.46 - - [17/Aug/2013:18:48:59 -0400] "GET /rw_common/themes/dexture/images/closebox.png HTTP/1.1" 304 - "http://eyepiecestexas.com/" "Mozilla/5.0 (compatible; MSIE 10.0; Windows NT 6.1; WOW64; Trident/6.0)"
205.178.190.236 - - [17/Aug/2013:19:29:33 -0400] "GET /rw_common/themes/dexture/consolidated-screen-7.css HTTP/1.1" 200 27899 "http://eyepiecestexas.com/promotions/" "Mozilla/4.0 (compatible; MSIE 7.0; Windows NT 5.2; Trident/4.0; .NET CLR 1.1.4322; .NET CLR 2.0.50727; .NET CLR 3.0.4506.2152; .NET CLR 3.5.30729; .NET4.0C; .NET4.0E)"
205.178.190.236 - - [17/Aug/2013:19:29:34 -0400] "GET /rw_common/themes/dexture/scripts/nimblehostPulseVIP.js HTTP/1.1" 200 1205 "http://eyepiecestexas.com/promotions/" "Mozilla/4.0 (compatible; MSIE 7.0; Windows NT 5.2; Trident/4.0; .NET CLR 1.1.4322; .NET CLR 2.0.50727; .NET CLR 3.0.4506.2152; .NET CLR 3.5.30729; .NET4.0C; .NET4.0E)"
205.178.190.236 - - [17/Aug/2013:19:29:34 -0400] "GET /rw_common/themes/dexture/scripts/nimblehostDropDownMenu.js HTTP/1.1" 200 988 "http://eyepiecestexas.com/promotions/" "Mozilla/4.0 (compatible; MSIE 7.0; Windows NT 5.2; Trident/4.0; .NET CLR 1.1.4322; .NET CLR 2.0.50727; .NET CLR 3.0.4506.2152; .NET CLR 3.5.30729; .NET4.0C; .NET4.0E)"
205.178.190.236 - - [17/Aug/2013:19:29:34 -0400] "GET /rw_common/plugins/stacks/stacks.css HTTP/1.1" 200 1841 "http://eyepiecestexas.com/promotions/" "Mozilla/4.0 (compatible; MSIE 7.0; Windows NT 5.2; Trident/4.0; .NET CLR 1.1.4322; .NET CLR 2.0.50727; .NET CLR 3.0.4506.2152; .NET CLR 3.5.30729; .NET4.0C; .NET4.0E)"
205.178.190.236 - - [17/Aug/2013:19:29:35 -0400] "GET /rw_common/themes/rw_common/plugins/stacks/stacks_ie.css HTTP/1.1" 200 3819 "http://eyepiecestexas.com/promotions/" "Mozilla/4.0 (compatible; MSIE 7.0; Windows NT 5.2; Trident/4.0; .NET CLR 1.1.4322; .NET CLR 2.0.50727; .NET CLR 3.0.4506.2152; .NET CLR 3.5.30729; .NET4.0C; .NET4.0E)"
180.87.203.167 - - [17/Aug/2013:19:57:35 -0400] "GET /rw_common/themes/dexture/scripts/jquery.fancyzoom.js HTTP/1.1" 200 6272 "http://www.eyepiecestexas.com/contactlens/" "Mozilla/5.0 (Windows NT 6.1; rv:23.0) Gecko/20100101 Firefox/23.0"
180.87.203.167 - - [17/Aug/2013:19:58:35 -0400] "GET /rw_common/themes/dexture/images/mainContentCornerShadowRight.png HTTP/1.1" 200 1442 "http://www.eyepiecestexas.com/rw_common/themes/dexture/consolidated-screen-3.css" "Mozilla/5.0 (Windows NT 6.1; rv:23.0) Gecko/20100101 Firefox/23.0"
180.87.203.167 - - [17/Aug/2013:19:59:29 -0400] "GET /favicon.ico HTTP/1.1" 200 3319 "-" "Mozilla/5.0 (Windows NT 6.1; rv:23.0) Gecko/20100101 Firefox/23.0"
72.14.199.35 - - [17/Aug/2013:21:56:32 -0400] "GET /feed HTTP/1.1" 200 4319 "-" "Feedfetcher-Google; (+http://www.google.com/feedfetcher.html; 1 subscribers; feed-id=11757162533075784121)"
66.249.75.35 - - [17/Aug/2013:22:54:16 -0400] "GET /find-us/ HTTP/1.1" 304 - "-" "Mozilla/5.0 (compatible; Googlebot/2.1; +http://www.google.com/bot.html)"
65.55.52.94 - - [17/Aug/2013:22:57:02 -0400] "GET /rw_common/themes/dexture/consolidated-screen-1.css HTTP/1.1" 200 27899 "-" "Mozilla/5.0 (compatible; bingbot/2.0; +http://www.bing.com/bingbot.htm)"
76.199.215.46 - - [17/Aug/2013:12:03:32 -0400] "GET /rw_common/themes/dexture/consolidated-print-0.css HTTP/1.1" 304 - "http://eyepiecestexas.com/" "Mozilla/5.0 (compatible; MSIE 10.0; Windows NT 6.1; WOW64; Trident/6.0)"
76.199.215.46 - - [17/Aug/2013:12:03:33 -0400] "GET /files/stacks_image_167.png HTTP/1.1" 304 - "http://eyepiecestexas.com/" "Mozilla/5.0 (compatible; MSIE 10.0; Windows NT 6.1; WOW64; Trident/6.0)"
76.199.215.46 - - [17/Aug/2013:12:03:33 -0400] "GET /files/stacks_image_142.jpg HTTP/1.1" 304 - "http://eyepiecestexas.com/" "Mozilla/5.0 (compatible; MSIE 10.0; Windows NT 6.1; WOW64; Trident/6.0)"
76.199.215.46 - - [17/Aug/2013:12:03:35 -0400] "GET /rw_common/themes/dexture/images/editable_images/paper.png HTTP/1.1" 304 - "http://eyepiecestexas.com/" "Mozilla/5.0 (compatible; MSIE 10.0; Windows NT 6.1; WOW64; Trident/6.0)"
76.199.215.46 - - [17/Aug/2013:12:03:35 -0400] "GET /rw_common/themes/dexture/images/darkAlphaBg.png HTTP/1.1" 304 - "http://eyepiecestexas.com/" "Mozilla/5.0 (compatible; MSIE 10.0; Windows NT 6.1; WOW64; Trident/6.0)"
76.199.215.46 - - [17/Aug/2013:12:03:35 -0400] "GET /rw_common/themes/dexture/images/mainContentCornerShadowRight.png HTTP/1.1" 304 - "http://eyepiecestexas.com/" "Mozilla/5.0 (compatible; MSIE 10.0; Windows NT 6.1; WOW64; Trident/6.0)"
76.199.215.46 - - [17/Aug/2013:14:26:10 -0400] "GET /rw_common/themes/dexture/consolidated-print-8.css HTTP/1.1" 200 10005 "http://www.eyepiecestexas.com/staff/" "Mozilla/5.0 (compatible; MSIE 10.0; Windows NT 6.2; WOW64; Trident/6.0; MDDCJS)"
76.199.215.46 - - [17/Aug/2013:14:26:10 -0400] "GET /staff/files/cufon-yui.js HTTP/1.1" 200 18258 "http://www.eyepiecestexas.com/staff/" "Mozilla/5.0 (compatible; MSIE 10.0; Windows NT 6.2; WOW64; Trident/6.0; MDDCJS)"
76.199.215.46 - - [17/Aug/2013:14:26:11 -0400] "GET /staff/files/stacks_image_718.png HTTP/1.1" 200 2265 "http://www.eyepiecestexas.com/staff/" "Mozilla/5.0 (compatible; MSIE 10.0; Windows NT 6.2; WOW64; Trident/6.0; MDDCJS)"
65.55.52.118 - - [17/Aug/2013:14:50:19 -0400] "GET /Tom_Ford.html HTTP/1.0" 200 2819 "-" "Mozilla/5.0 (compatible; bingbot/2.0; +http://www.bing.com/bingbot.htm)"
123.125.71.26 - - [17/Aug/2013:18:02:22 -0400] "GET / HTTP/1.1" 304 - "-" "Mozilla/5.0 (compatible; Baiduspider/2.0; +http://www.baidu.com/search/spider.html)"
76.199.215.46 - - [17/Aug/2013:18:51:08 -0400] "GET /favicon.ico HTTP/1.1" 200 3819 "-" "Mozilla/5.0 (compatible; MSIE 10.0; Windows NT 6.1; Win64; x64; Trident/6.0)"
180.87.203.167 - - [17/Aug/2013:19:59:26 -0400] "GET /favicon.ico HTTP/1.1" 200 3319 "-" "Mozilla/5.0 (Windows NT 6.1; rv:23.0) Gecko/20100101 Firefox/23.0"
46.118.126.194 - - [17/Aug/2013:01:38:04 -0400] "GET / HTTP/1.1" 200 16359 "http://emigrant.name/" "Mozilla/4.0 (compatible; MSIE 6.0; Windows NT 5.2; WOW64; SV1; .NET CLR 2.0.50727)"
65.55.52.118 - - [17/Aug/2013:07:23:26 -0400] "GET /FRED.html HTTP/1.0" 200 5819 "-" "Mozilla/5.0 (compatible; bingbot/2.0; +http://www.bing.com/bingbot.htm)"
76.199.215.46 - - [17/Aug/2013:11:02:13 -0400] "GET /rw_common/themes/dexture/consolidated-all-0.css HTTP/1.1" 304 - "http://eyepiecestexas.com/" "Mozilla/5.0 (compatible; MSIE 10.0; Windows NT 6.1; WOW64; Trident/6.0)"
76.199.215.46 - - [17/Aug/2013:11:02:13 -0400] "GET /rw_common/plugins/stacks/stacks.css HTTP/1.1" 304 - "http://eyepiecestexas.com/" "Mozilla/5.0 (compatible; MSIE 10.0; Windows NT 6.1; WOW64; Trident/6.0)"
76.199.215.46 - - [17/Aug/2013:11:02:13 -0400] "GET /files/stacks_image_164.png HTTP/1.1" 304 - "http://eyepiecestexas.com/" "Mozilla/5.0 (compatible; MSIE 10.0; Windows NT 6.1; WOW64; Trident/6.0)"
76.199.215.46 - - [17/Aug/2013:11:02:14 -0400] "GET /rw_common/themes/dexture/images/pageTopShadow400px.png HTTP/1.1" 304 - "http://eyepiecestexas.com/" "Mozilla/5.0 (compatible; MSIE 10.0; Windows NT 6.1; WOW64; Trident/6.0)"
76.199.215.46 - - [17/Aug/2013:11:02:14 -0400] "GET /rw_common/themes/dexture/images/editable_images/concrete.png HTTP/1.1" 304 - "http://eyepiecestexas.com/" "Mozilla/5.0 (compatible; MSIE 10.0; Windows NT 6.1; WOW64; Trident/6.0)"
46.119.118.152 - - [17/Aug/2013:04:46:54 -0400] "GET / HTTP/1.1" 200 16359 "http://www.koskam.ru/" "Mozilla/4.0 (compatible; MSIE 6.0; Windows NT 5.0; T312461)"
208.167.230.75 - - [17/Aug/2013:05:34:51 -0400] "GET /promotions/ HTTP/1.1" 200 23361 "-" "Mozilla/5.0 (compatible; AhrefsBot/4.0; +http://ahrefs.com/robot/)"
99.6.236.236 - - [17/Aug/2013:15:51:03 -0400] "GET /Eye_Pieces/Information___Map.html HTTP/1.1" 200 9015 "http://eyepiecestexas.com/Eye_Pieces/Shops_at_Legacy.html" "Mozilla/5.0 (compatible; MSIE 9.0; AOL 9.7; AOLBuild 4343.1028; Windows NT 6.1; Trident/6.0)"
99.6.236.236 - - [17/Aug/2013:15:51:04 -0400] "GET /Eye_Pieces/Information___Map_files/Information___Map.js HTTP/1.1" 200 534 "http://eyepiecestexas.com/Eye_Pieces/Information___Map.html" "Mozilla/5.0 (compatible; MSIE 9.0; AOL 9.7; AOLBuild 4343.1028; Windows NT 6.1; Trident/6.0)"
76.199.215.46 - - [17/Aug/2013:17:25:22 -0400] "GET /files/rdc_9289.jpg HTTP/1.1" 304 - "http://eyepiecestexas.com/" "Mozilla/5.0 (compatible; MSIE 10.0; Windows NT 6.1; WOW64; Trident/6.0)"
76.199.215.46 - - [17/Aug/2013:17:25:22 -0400] "GET /files/stacks_image_167.png HTTP/1.1" 304 - "http://eyepiecestexas.com/" "Mozilla/5.0 (compatible; MSIE 10.0; Windows NT 6.1; WOW64; Trident/6.0)"
76.199.215.46 - - [17/Aug/2013:17:25:23 -0400] "GET /rw_common/themes/dexture/images/lightAlphaBg.png HTTP/1.1" 304 - "http://eyepiecestexas.com/" "Mozilla/5.0 (compatible; MSIE 10.0; Windows NT 6.1; WOW64; Trident/6.0)"
76.199.215.46 - - [17/Aug/2013:17:25:23 -0400] "GET /rw_common/themes/dexture/images/ec6TopShadow.png HTTP/1.1" 304 - "http://eyepiecestexas.com/" "Mozilla/5.0 (compatible; MSIE 10.0; Windows NT 6.1; WOW64; Trident/6.0)"
66.90.246.135 - - [17/Aug/2013:09:08:42 -0400] "GET /Eye_Pieces/Scripts/Widgets/SharedResources/WidgetCommon.js HTTP/1.1" 200 36124 "http://eyepiecestexas.com/Eye_Pieces/Home.html" "Mozilla/5.0 (Macintosh; Intel Mac OS X 10_7_5) AppleWebKit/536.30.1 (KHTML, like Gecko) Version/6.0.5 Safari/536.30.1"
66.90.246.135 - - [17/Aug/2013:09:08:42 -0400] "GET /Eye_Pieces/Home_files/shapeimage_1_link_0.png HTTP/1.1" 200 3026 "http://eyepiecestexas.com/Eye_Pieces/Home.html" "Mozilla/5.0 (Macintosh; Intel Mac OS X 10_7_5) AppleWebKit/536.30.1 (KHTML, like Gecko) Version/6.0.5 Safari/536.30.1"
66.90.246.135 - - [17/Aug/2013:09:08:43 -0400] "GET /Eye_Pieces/Home_files/stroke_2.png HTTP/1.1" 200 143 "http://eyepiecestexas.com/Eye_Pieces/Home.html" "Mozilla/5.0 (Macintosh; Intel Mac OS X 10_7_5) AppleWebKit/536.30.1 (KHTML, like Gecko) Version/6.0.5 Safari/536.30.1"
66.90.246.135 - - [17/Aug/2013:09:09:20 -0400] "GET /Eye_Pieces/TAG_Heuer_files/tag_heuer_sunglasses.jpg HTTP/1.1" 200 22849 "http://eyepiecestexas.com/Eye_Pieces/TAG_Heuer.html" "Mozilla/5.0 (Macintosh; Intel Mac OS X 10_7_5) AppleWebKit/536.30.1 (KHTML, like Gecko) Version/6.0.5 Safari/536.30.1"
76.199.215.46 - - [17/Aug/2013:09:55:44 -0400] "GET /rw_common/themes/dexture/consolidated-handheld-0.css HTTP/1.1" 304 - "http://eyepiecestexas.com/" "Mozilla/5.0 (compatible; MSIE 10.0; Windows NT 6.1; WOW64; Trident/6.0)"
76.199.215.46 - - [17/Aug/2013:09:55:45 -0400] "GET /rw_common/themes/dexture/scripts/nimblehostPulseVIP.js HTTP/1.1" 304 - "http://eyepiecestexas.com/" "Mozilla/5.0 (compatible; MSIE 10.0; Windows NT 6.1; WOW64; Trident/6.0)"
76.199.215.46 - - [17/Aug/2013:09:55:45 -0400] "GET /files/stacks_page_page0.js HTTP/1.1" 304 - "http://eyepiecestexas.com/" "Mozilla/5.0 (compatible; MSIE 10.0; Windows NT 6.1; WOW64; Trident/6.0)"
76.199.215.46 - - [17/Aug/2013:09:55:45 -0400] "GET /files/stacks_image_166.png HTTP/1.1" 304 - "http://eyepiecestexas.com/" "Mozilla/5.0 (compatible; MSIE 10.0; Windows NT 6.1; WOW64; Trident/6.0)"
76.199.215.46 - - [17/Aug/2013:09:55:48 -0400] "GET /rw_common/themes/dexture/images/lightAlphaBg.png HTTP/1.1" 304 - "http://eyepiecestexas.com/" "Mozilla/5.0 (compatible; MSIE 10.0; Windows NT 6.1; WOW64; Trident/6.0)"
76.199.215.46 - - [17/Aug/2013:09:55:48 -0400] "GET /rw_common/themes/dexture/images/ec6TopShadow.png HTTP/1.1" 304 - "http://eyepiecestexas.com/" "Mozilla/5.0 (compatible; MSIE 10.0; Windows NT 6.1; WOW64; Trident/6.0)"
76.199.215.46 - - [17/Aug/2013:17:32:51 -0400] "GET /favicon.ico HTTP/1.1" 200 5819 "-" "Mozilla/5.0 (compatible; MSIE 10.0; Windows NT 6.2; Win64; x64; Trident/6.0; MDDCJS)"
76.199.215.46 - - [17/Aug/2013:12:03:38 -0400] "GET /favicon.ico HTTP/1.1" 200 5819 "-" "Mozilla/5.0 (compatible; MSIE 10.0; Windows NT 6.1; Win64; x64; Trident/6.0)"
66.249.75.35 - - [17/Aug/2013:13:56:19 -0400] "GET /staff/files/stacks_page_page8.css HTTP/1.1" 200 7257 "-" "Mozilla/5.0 (compatible; Googlebot/2.1; +http://www.google.com/bot.html)"
76.199.215.46 - - [17/Aug/2013:14:26:10 -0400] "GET /rw_common/themes/dexture/consolidated-all-8.css HTTP/1.1" 200 13449 "http://www.eyepiecestexas.com/staff/" "Mozilla/5.0 (compatible; MSIE 10.0; Windows NT 6.2; WOW64; Trident/6.0; MDDCJS)"
76.199.215.46 - - [17/Aug/2013:14:26:10 -0400] "GET /staff/files/fullpath_203.jpg HTTP/1.1" 200 18009 "http://www.eyepiecestexas.com/staff/" "Mozilla/5.0 (compatible; MSIE 10.0; Windows NT 6.2; WOW64; Trident/6.0; MDDCJS)"
76.199.215.46 - - [17/Aug/2013:14:26:11 -0400] "GET /staff/files/rw2images/prevPageArrow.gif HTTP/1.1" 200 78 "http://www.eyepiecestexas.com/staff/" "Mozilla/5.0 (compatible; MSIE 10.0; Windows NT 6.2; WOW64; Trident/6.0; MDDCJS)"
76.199.215.46 - - [17/Aug/2013:14:27:16 -0400] "GET /promotions/ HTTP/1.1" 200 23361 "http://www.eyepiecestexas.com/staff/" "Mozilla/5.0 (compatible; MSIE 10.0; Windows NT 6.2; WOW64; Trident/6.0; MDDCJS)"
76.199.215.46 - - [17/Aug/2013:14:27:16 -0400] "GET /promotions/files/stacks_page_page7.js HTTP/1.1" 200 9337 "http://www.eyepiecestexas.com/promotions/" "Mozilla/5.0 (compatible; MSIE 10.0; Windows NT 6.2; WOW64; Trident/6.0; MDDCJS)"
76.199.215.46 - - [17/Aug/2013:14:27:17 -0400] "GET /promotions/files/armadillo/core/css/jquery.plupload_and_colorbox.css HTTP/1.1" 200 7949 "http://www.eyepiecestexas.com/promotions/" "Mozilla/5.0 (compatible; MSIE 10.0; Windows NT 6.2; WOW64; Trident/6.0; MDDCJS)"
76.199.215.46 - - [17/Aug/2013:14:27:17 -0400] "GET /promotions/files/stacks_image_709.png HTTP/1.1" 200 5857 "http://www.eyepiecestexas.com/promotions/" "Mozilla/5.0 (compatible; MSIE 10.0; Windows NT 6.2; WOW64; Trident/6.0; MDDCJS)"
76.199.215.46 - - [17/Aug/2013:14:27:17 -0400] "GET /promotions/files/armadillo/core/images/border.png HTTP/1.1" 200 112 "http://www.eyepiecestexas.com/promotions/" "Mozilla/5.0 (compatible; MSIE 10.0; Windows NT 6.2; WOW64; Trident/6.0; MDDCJS)"
178.137.128.12 - - [17/Aug/2013:08:58:12 -0400] "GET / HTTP/1.1" 200 16359 "http://www.narugka.ru/" "Mozilla/4.0 (compatible; MSIE 6.0; Windows NT 5.1; SV1; .NET CLR 1.1.4322) NS8/0.9.6"
76.199.215.46 - - [17/Aug/2013:18:48:59 -0400] "GET /favicon.ico HTTP/1.1" 200 5819 "-" "Mozilla/5.0 (compatible; MSIE 10.0; Windows NT 6.1; Win64; x64; Trident/6.0)"
72.14.199.35 - - [17/Aug/2013:06:31:39 -0400] "GET /feed?3e3ea140 HTTP/1.1" 200 3819 "-" "Feedfetcher-Google; (+http://www.google.com/feedfetcher.html; 1 subscribers; feed-id=11757162533075784121)"
76.199.215.46 - - [17/Aug/2013:18:15:40 -0400] "GET /resources/Dream_Orphans_700.font.js?_=1376777735596 HTTP/1.1" 200 36773 "http://www.eyepiecestexas.com/" "Mozilla/5.0 (compatible; MSIE 10.0; Windows NT 6.2; WOW64; Trident/6.0; MDDCJS)"
76.199.215.46 - - [17/Aug/2013:18:41:44 -0400] "GET /rw_common/themes/dexture/scripts/nimblehostPulseVIP.js HTTP/1.1" 304 - "http://eyepiecestexas.com/" "Mozilla/5.0 (compatible; MSIE 10.0; Windows NT 6.1; WOW64; Trident/6.0)"
76.199.215.46 - - [17/Aug/2013:18:41:44 -0400] "GET /files/stacks_page_page0.css HTTP/1.1" 304 - "http://eyepiecestexas.com/" "Mozilla/5.0 (compatible; MSIE 10.0; Windows NT 6.1; WOW64; Trident/6.0)"
76.199.215.46 - - [17/Aug/2013:18:41:44 -0400] "GET /files/stacks_image_165.png HTTP/1.1" 304 - "http://eyepiecestexas.com/" "Mozilla/5.0 (compatible; MSIE 10.0; Windows NT 6.1; WOW64; Trident/6.0)"
76.199.215.46 - - [17/Aug/2013:18:41:44 -0400] "GET /rw_common/themes/dexture/images/lightAlphaBg.png HTTP/1.1" 304 - "http://eyepiecestexas.com/" "Mozilla/5.0 (compatible; MSIE 10.0; Windows NT 6.1; WOW64; Trident/6.0)"
76.199.215.46 - - [17/Aug/2013:18:41:44 -0400] "GET /rw_common/themes/dexture/images/ec6TopShadow.png HTTP/1.1" 304 - "http://eyepiecestexas.com/" "Mozilla/5.0 (compatible; MSIE 10.0; Windows NT 6.1; WOW64; Trident/6.0)"
76.199.215.46 - - [17/Aug/2013:18:41:45 -0400] "GET /favicon.ico HTTP/1.1" 200 5819 "-" "Mozilla/5.0 (compatible; MSIE 10.0; Windows NT 6.1; Win64; x64; Trident/6.0)"
180.87.203.167 - - [17/Aug/2013:19:57:35 -0400] "GET /rw_common/themes/dexture/scripts/nimblehost.js HTTP/1.1" 200 17247 "http://www.eyepiecestexas.com/contactlens/" "Mozilla/5.0 (Windows NT 6.1; rv:23.0) Gecko/20100101 Firefox/23.0"
66.249.75.204 - - [17/Aug/2013:21:19:14 -0400] "GET /robots.txt HTTP/1.1" 200 48 "-" "Mozilla/5.0 (compatible; Googlebot/2.1; +http://www.google.com/bot.html)"
66.90.246.135 - - [17/Aug/2013:09:08:42 -0400] "GET /Eye_Pieces/Home.html HTTP/1.1" 200 9851 "http://shopsatlegacy.com/index.php/shops/detail/eye_pieces" "Mozilla/5.0 (Macintosh; Intel Mac OS X 10_7_5) AppleWebKit/536.30.1 (KHTML, like Gecko) Version/6.0.5 Safari/536.30.1"
