208.115.111.68 - - [18/Aug/2013:21:56:19 -0400] "GET /promotions/.?tag=%20Designer%20Eyewear HTTP/1.1" 200 16168 "-" "Mozilla/5.0 (compatible; Ezooms/1.0; ezooms.bot@gmail.com)"
173.70.141.147 - - [18/Aug/2013:03:57:23 -0400] "GET /contact/files/?);h!=e.url&i.setAttribute( HTTP/1.1" 403 660 "-" "panscient.com"
173.70.141.147 - - [18/Aug/2013:03:57:24 -0400] "GET /contact/files/?),f=b(a.theme&h? HTTP/1.1" 403 660 "-" "panscient.com"
173.70.141.147 - - [18/Aug/2013:04:03:11 -0400] "GET /find-us/.google-analytics.com/ga.js HTTP/1.1" 200 2819 "-" "panscient.com"
54.242.174.64 - - [18/Aug/2013:19:03:44 -0400] "GET /contact/ HTTP/1.0" 200 16927 "-" "Mozilla/5.0 (compatible; Goodzer/2.0; crawler@goodzer.com)"
54.242.174.64 - - [18/Aug/2013:19:03:53 -0400] "GET /promotions/?tag=%20Marc%20Jacobs HTTP/1.0" 200 16168 "-" "Mozilla/5.0 (compatible; Goodzer/2.0; crawler@goodzer.com)"
54.242.174.64 - - [18/Aug/2013:19:03:55 -0400] "GET /promotions/?tag=%20National%20Sunglasses%20Day HTTP/1.0" 200 16168 "-" "Mozilla/5.0 (compatible; Goodzer/2.0; crawler@goodzer.com)"
54.242.174.64 - - [18/Aug/2013:19:04:33 -0400] "GET /promotions/?page_id=3&title= HTTP/1.0" 200 12691 "-" "Mozilla/5.0 (compatible; Goodzer/2.0; crawler@goodzer.com)"
54.242.174.64 - - [18/Aug/2013:19:04:55 -0400] "GET /promotions/?tag=%20sunglasses%20expert HTTP/1.0" 200 16168 "-" "Mozilla/5.0 (compatible; Goodzer/2.0; crawler@goodzer.com)"
54.242.174.64 - - [18/Aug/2013:19:05:02 -0400] "GET /promotions/?post_id=15&title=dr-birenbaum-on-good-morning-texas-this-friday HTTP/1.0" 200 13287 "-" "Mozilla/5.0 (compatible; Goodzer/2.0; crawler@goodzer.com)"
54.242.174.64 - - [18/Aug/2013:19:35:25 -0400] "GET /promotions/?tag=%20Marc%20Jacobs HTTP/1.0" 200 16168 "-" "Mozilla/5.0 (compatible; Goodzer/2.0; crawler@goodzer.com)"
54.242.174.64 - - [18/Aug/2013:19:37:25 -0400] "GET /rw_common/themes/dexture/consolidated-screen-7.css HTTP/1.1" 200 27899 "-" "cssutils 0.9.8a3 (http://www.cthedot.de/cssutils/)"
54.242.174.64 - - [18/Aug/2013:19:37:36 -0400] "GET /rw_common/themes/dexture/consolidated-screen-5.css HTTP/1.1" 200 27899 "-" "cssutils 0.9.8a3 (http://www.cthedot.de/cssutils/)"
173.70.141.147 - - [18/Aug/2013:04:00:27 -0400] "GET /contact/files/?),f=b(a.theme&h? HTTP/1.1" 403 660 "-" "panscient.com"
173.70.141.147 - - [18/Aug/2013:04:02:32 -0400] "GET /promotions/?category=Eyewear HTTP/1.1" 200 20978 "-" "panscient.com"
173.70.141.147 - - [18/Aug/2013:04:02:35 -0400] "GET /promotions/?tag=Bulgari HTTP/1.1" 200 16168 "-" "panscient.com"
66.249.75.204 - - [18/Aug/2013:23:40:26 -0400] "GET / HTTP/1.1" 200 16359 "-" "Mozilla/5.0 (iPhone; U; CPU iPhone OS 4_1 like Mac OS X; en-us) AppleWebKit/532.9 (KHTML, like Gecko) Version/4.0.5 Mobile/8B117 Safari/6531.22.7 (compatible; Googlebot-Mobile/2.1; +http://www.google.com/bot.html)"
66.249.75.35 - - [18/Aug/2013:00:41:09 -0400] "GET /robots.txt HTTP/1.1" 200 48 "-" "Mozilla/5.0 (compatible; Googlebot/2.1; +http://www.google.com/bot.html)"
99.70.92.155 - - [18/Aug/2013:11:46:44 -0400] "GET /rw_common/themes/dexture/consolidated-screen-3.css HTTP/1.1" 200 27899 "http://eyepiecestexas.com/contactlens/" "Mozilla/5.0 (iPhone; CPU iPhone OS 6_1_4 like Mac OS X) AppleWebKit/536.26 (KHTML, like Gecko) Version/6.0 Mobile/10B350 Safari/8536.25"
99.70.92.155 - - [18/Aug/2013:11:46:44 -0400] "GET /contactlens/files/stacks_page_page3.js HTTP/1.1" 200 9337 "http://eyepiecestexas.com/contactlens/" "Mozilla/5.0 (iPhone; CPU iPhone OS 6_1_4 like Mac OS X) AppleWebKit/536.26 (KHTML, like Gecko) Version/6.0 Mobile/10B350 Safari/8536.25"
99.70.92.155 - - [18/Aug/2013:11:46:44 -0400] "GET /contactlens/files/stacks_image_821.png HTTP/1.1" 200 3361 "http://eyepiecestexas.com/contactlens/" "Mozilla/5.0 (iPhone; CPU iPhone OS 6_1_4 like Mac OS X) AppleWebKit/536.26 (KHTML, like Gecko) Version/6.0 Mobile/10B350 Safari/8536.25"
68.106.57.127 - - [18/Aug/2013:12:09:05 -0400] "GET /resources/Dream_Orphans_700.font.js?_=1376842141573 HTTP/1.1" 200 36773 "http://eyepiecestexas.com/" "Mozilla/5.0 (Linux; U; Android 4.2.2; en-us; Galaxy Nexus Build/JDQ39) AppleWebKit/534.30 (KHTML, like Gecko) Version/4.0 Mobile Safari/534.30"
68.106.57.127 - - [18/Aug/2013:12:09:05 -0400] "GET /rw_common/themes/dexture/images/mainContentCornerShadowRight.png HTTP/1.1" 200 1442 "http://eyepiecestexas.com/" "Mozilla/5.0 (Linux; U; Android 4.2.2; en-us; Galaxy Nexus Build/JDQ39) AppleWebKit/534.30 (KHTML, like Gecko) Version/4.0 Mobile Safari/534.30"
68.106.57.127 - - [18/Aug/2013:12:09:06 -0400] "GET /rw_common/themes/dexture/images/closebox.png HTTP/1.1" 200 1910 "http://eyepiecestexas.com/" "Mozilla/5.0 (Linux; U; Android 4.2.2; en-us; Galaxy Nexus Build/JDQ39) AppleWebKit/534.30 (KHTML, like Gecko) Version/4.0 Mobile Safari/534.30"
68.106.57.127 - - [18/Aug/2013:12:09:08 -0400] "GET /rw_common/themes/dexture/consolidated-all-8.css HTTP/1.1" 200 13449 "http://eyepiecestexas.com/staff/" "Mozilla/5.0 (Linux; U; Android 4.2.2; en-us; Galaxy Nexus Build/JDQ39) AppleWebKit/534.30 (KHTML, like Gecko) Version/4.0 Mobile Safari/534.30"
68.106.57.127 - - [18/Aug/2013:12:09:09 -0400] "GET /staff/files/fullpath_207.jpg HTTP/1.1" 200 17081 "http://eyepiecestexas.com/staff/" "Mozilla/5.0 (Linux; U; Android 4.2.2; en-us; Galaxy Nexus Build/JDQ39) AppleWebKit/534.30 (KHTML, like Gecko) Version/4.0 Mobile Safari/534.30"
68.106.57.127 - - [18/Aug/2013:12:09:09 -0400] "GET /staff/files/stacks_image_719.png HTTP/1.1" 200 5857 "http://eyepiecestexas.com/staff/" "Mozilla/5.0 (Linux; U; Android 4.2.2; en-us; Galaxy Nexus Build/JDQ39) AppleWebKit/534.30 (KHTML, like Gecko) Version/4.0 Mobile Safari/534.30"
68.106.57.127 - - [18/Aug/2013:12:09:10 -0400] "GET /staff/files/rw2images/nextPageArrow.gif HTTP/1.1" 200 79 "http://eyepiecestexas.com/staff/" "Mozilla/5.0 (Linux; U; Android 4.2.2; en-us; Galaxy Nexus Build/JDQ39) AppleWebKit/534.30 (KHTML, like Gecko) Version/4.0 Mobile Safari/534.30"
65.55.52.94 - - [18/Aug/2013:14:23:24 -0400] "GET /Chanel.html HTTP/1.0" 200 5819 "-" "Mozilla/5.0 (compatible; bingbot/2.0; +http://www.bing.com/bingbot.htm)"
54.242.174.64 - - [18/Aug/2013:19:37:32 -0400] "GET /rw_common/themes/rw_common/plugins/stacks/stacks_ie.css HTTP/1.1" 200 5819 "-" "cssutils 0.9.8a3 (http://www.cthedot.de/cssutils/)"
68.95.173.240 - - [18/Aug/2013:21:34:15 -0400] "GET /rw_common/themes/dexture/consolidated-screen-0.css HTTP/1.1" 200 27886 "http://eyepiecestexas.com/" "Mozilla/5.0 (Macintosh; Intel Mac OS X 10_8_2) AppleWebKit/536.26.17 (KHTML, like Gecko) Version/6.0.2 Safari/536.26.17"
68.95.173.240 - - [18/Aug/2013:21:34:15 -0400] "GET /rw_common/themes/dexture/images/pageTopGradient.png HTTP/1.1" 200 1338 "http://eyepiecestexas.com/" "Mozilla/5.0 (Macintosh; Intel Mac OS X 10_8_2) AppleWebKit/536.26.17 (KHTML, like Gecko) Version/6.0.2 Safari/536.26.17"
68.95.173.240 - - [18/Aug/2013:21:34:15 -0400] "GET /files/eye-pieces-logo-400.png HTTP/1.1" 200 10524 "http://eyepiecestexas.com/" "Mozilla/5.0 (Macintosh; Intel Mac OS X 10_8_2) AppleWebKit/536.26.17 (KHTML, like Gecko) Version/6.0.2 Safari/536.26.17"
68.95.173.240 - - [18/Aug/2013:21:34:16 -0400] "GET /files/stacks_image_165.png HTTP/1.1" 200 2265 "http://eyepiecestexas.com/" "Mozilla/5.0 (Macintosh; Intel Mac OS X 10_8_2) AppleWebKit/536.26.17 (KHTML, like Gecko) Version/6.0.2 Safari/536.26.17"
68.95.173.240 - - [18/Aug/2013:21:34:16 -0400] "GET /files/stacks_image_166.png HTTP/1.1" 200 5857 "http://eyepiecestexas.com/" "Mozilla/5.0 (Macintosh; Intel Mac OS X 10_8_2) AppleWebKit/536.26.17 (KHTML, like Gecko) Version/6.0.2 Safari/536.26.17"
68.95.173.240 - - [18/Aug/2013:21:34:17 -0400] "GET /rw_common/themes/dexture/images/mainContentCornerShadowRight.png HTTP/1.1" 200 1442 "http://eyepiecestexas.com/" "Mozilla/5.0 (Macintosh; Intel Mac OS X 10_8_2) AppleWebKit/536.26.17 (KHTML, like Gecko) Version/6.0.2 Safari/536.26.17"
68.95.173.240 - - [18/Aug/2013:21:34:17 -0400] "GET /rw_common/themes/dexture/images/closebox.png HTTP/1.1" 200 1910 "http://eyepiecestexas.com/" "Mozilla/5.0 (Macintosh; Intel Mac OS X 10_8_2) AppleWebKit/536.26.17 (KHTML, like Gecko) Version/6.0.2 Safari/536.26.17"
66.249.75.35 - - [18/Aug/2013:13:01:43 -0400] "GET /rw_common/plugins/stacks/stacks.css HTTP/1.1" 200 1841 "-" "Mozilla/5.0 (compatible; Googlebot/2.1; +http://www.google.com/bot.html)"
173.208.165.90 - - [18/Aug/2013:00:57:05 -0400] "GET /promotions/?page_id=3&title= HTTP/1.0" 200 12691 "-" "Mozilla/5.0 (compatible; MJ12bot/v1.4.3; http://www.majestic12.co.uk/bot.php?+)"
173.70.141.147 - - [18/Aug/2013:03:56:54 -0400] "GET /promotions/files/armadillo/core/scripts/armadilloFunctions.js HTTP/1.1" 200 19818 "-" "panscient.com"
173.70.141.147 - - [18/Aug/2013:03:56:56 -0400] "GET /contact/files/stacks_page_page5.js HTTP/1.1" 200 52171 "-" "panscient.com"
173.70.141.147 - - [18/Aug/2013:03:59:55 -0400] "GET /promotions/?tag=%20Courtney%20Kerr HTTP/1.1" 200 16168 "-" "panscient.com"
173.70.141.147 - - [18/Aug/2013:03:59:57 -0400] "GET /staff/files/).replace(/;/g, HTTP/1.1" 200 5319 "-" "panscient.com"
208.167.230.75 - - [18/Aug/2013:05:06:29 -0400] "GET /promotions/files/armadillo/ HTTP/1.1" 500 1958 "-" "Mozilla/5.0 (compatible; AhrefsBot/4.0; +http://ahrefs.com/robot/)"
192.114.71.13 - - [18/Aug/2013:01:50:54 -0400] "GET /promotions/files/armadillo/login/forgot/ HTTP/1.0" 200 1665 "http://eyepiecestexas.com/promotions/files/armadillo/login/" "Mozilla/5.0 (X11; Ubuntu; Linux x86_64; rv:11.0) Gecko/20100101 Firefox/11.0"
69.167.132.251 - - [18/Aug/2013:09:19:40 -0400] "GET / HTTP/1.1" 206 2049 "http://express-press-release.net/free" "Mozilla/5.0 (compatible; MSIE 9.0; Windows NT 6.1; WOW64; Trident/5.0)"
71.123.137.119 - - [18/Aug/2013:10:26:17 -0400] "GET /contact/files/stacks_image_25.jpg HTTP/1.1" 200 39929 "http://www.bing.com/images/search?q=7350+bishop+rd+plano+tx&FORM=HDRSC2" "Mozilla/4.0 (compatible; MSIE 8.0; Windows NT 5.1; Trident/4.0; .NET CLR 1.1.4322; .NET CLR 2.0.50727; .NET CLR 3.0.4506.2152; .NET CLR 3.5.30729; InfoPath.2; .NET4.0C; .NET4.0E)"
173.252.110.118 - - [18/Aug/2013:12:08:25 -0400] "GET /files/eye-pieces-logo-400.png HTTP/1.1" 206 10524 "-" "facebookexternalhit/1.1 (+http://www.facebook.com/externalhit_uatext.php)"
65.55.52.118 - - [18/Aug/2013:14:21:28 -0400] "GET /Gucci.html HTTP/1.1" 200 5819 "-" "Mozilla/5.0 (compatible; bingbot/2.0; +http://www.bing.com/bingbot.htm)"
65.55.52.118 - - [18/Aug/2013:14:28:48 -0400] "GET /FRED.html HTTP/1.0" 200 4319 "-" "Mozilla/5.0 (compatible; bingbot/2.0; +http://www.bing.com/bingbot.htm)"
91.207.9.226 - - [18/Aug/2013:17:24:20 -0400] "GET / HTTP/1.1" 200 16359 "http://degustar.ru/" "Opera/7.11 (Windows NT 5.1; U) [en]"
54.242.174.64 - - [18/Aug/2013:19:04:09 -0400] "GET /promotions/?tag=Eye%20Pieces%20Plano HTTP/1.0" 200 23450 "-" "Mozilla/5.0 (compatible; Goodzer/2.0; crawler@goodzer.com)"
54.242.174.64 - - [18/Aug/2013:19:04:48 -0400] "GET /promotions/?tag=%20National%20Sunglasses%20Day HTTP/1.0" 200 16168 "-" "Mozilla/5.0 (compatible; Goodzer/2.0; crawler@goodzer.com)"
54.242.174.64 - - [18/Aug/2013:19:37:42 -0400] "GET /rw_common/themes/dexture/consolidated-all-4.css HTTP/1.1" 200 13449 "-" "cssutils 0.9.8a3 (http://www.cthedot.de/cssutils/)"
54.242.174.64 - - [18/Aug/2013:19:37:47 -0400] "GET /rw_common/themes/dexture/consolidated-all-2.css HTTP/1.1" 200 13449 "-" "cssutils 0.9.8a3 (http://www.cthedot.de/cssutils/)"
108.207.111.52 - - [18/Aug/2013:19:58:15 -0400] "GET / HTTP/1.1" 200 16359 "https://www.google.com/" "Mozilla/5.0 (Macintosh; Intel Mac OS X 10_8_4) AppleWebKit/537.36 (KHTML, like Gecko) Chrome/28.0.1500.95 Safari/537.36"
108.207.111.52 - - [18/Aug/2013:19:58:15 -0400] "GET /rw_common/themes/dexture/consolidated-all-0.css HTTP/1.1" 200 13436 "http://eyepiecestexas.com/" "Mozilla/5.0 (Macintosh; Intel Mac OS X 10_8_4) AppleWebKit/537.36 (KHTML, like Gecko) Chrome/28.0.1500.95 Safari/537.36"
108.207.111.52 - - [18/Aug/2013:19:58:15 -0400] "GET /rw_common/themes/dexture/scripts/jquery.fancyzoom.js HTTP/1.1" 200 6272 "http://eyepiecestexas.com/" "Mozilla/5.0 (Macintosh; Intel Mac OS X 10_8_4) AppleWebKit/537.36 (KHTML, like Gecko) Chrome/28.0.1500.95 Safari/537.36"
108.207.111.52 - - [18/Aug/2013:19:58:17 -0400] "GET /rw_common/themes/dexture/images/mainContentCornerShadowLeft.png HTTP/1.1" 200 1452 "http://eyepiecestexas.com/" "Mozilla/5.0 (Macintosh; Intel Mac OS X 10_8_4) AppleWebKit/537.36 (KHTML, like Gecko) Chrome/28.0.1500.95 Safari/537.36"
108.207.111.52 - - [18/Aug/2013:19:58:17 -0400] "GET /files/eye-pieces-logo-400.png HTTP/1.1" 200 10524 "http://eyepiecestexas.com/" "Mozilla/5.0 (Macintosh; Intel Mac OS X 10_8_4) AppleWebKit/537.36 (KHTML, like Gecko) Chrome/28.0.1500.95 Safari/537.36"
108.207.111.52 - - [18/Aug/2013:19:58:18 -0400] "GET /files/stacks_image_164.png HTTP/1.1" 200 3361 "http://eyepiecestexas.com/" "Mozilla/5.0 (Macintosh; Intel Mac OS X 10_8_4) AppleWebKit/537.36 (KHTML, like Gecko) Chrome/28.0.1500.95 Safari/537.36"
108.207.111.52 - - [18/Aug/2013:19:58:18 -0400] "GET /rw_common/themes/dexture/images/mainContentCornerShadowRight.png HTTP/1.1" 200 1442 "http://eyepiecestexas.com/" "Mozilla/5.0 (Macintosh; Intel Mac OS X 10_8_4) AppleWebKit/537.36 (KHTML, like Gecko) Chrome/28.0.1500.95 Safari/537.36"
108.207.111.52 - - [18/Aug/2013:19:58:18 -0400] "GET /rw_common/themes/dexture/images/darkAlphaBg.png HTTP/1.1" 200 70 "http://eyepiecestexas.com/" "Mozilla/5.0 (Macintosh; Intel Mac OS X 10_8_4) AppleWebKit/537.36 (KHTML, like Gecko) Chrome/28.0.1500.95 Safari/537.36"
108.207.111.52 - - [18/Aug/2013:19:58:18 -0400] "GET /rw_common/themes/dexture/images/closebox.png HTTP/1.1" 200 1910 "http://eyepiecestexas.com/" "Mozilla/5.0 (Macintosh; Intel Mac OS X 10_8_4) AppleWebKit/537.36 (KHTML, like Gecko) Chrome/28.0.1500.95 Safari/537.36"
173.70.141.147 - - [18/Aug/2013:03:56:59 -0400] "GET /about/files/stacks_page_page1.js HTTP/1.1" 200 24511 "-" "panscient.com"
173.70.141.147 - - [18/Aug/2013:03:57:00 -0400] "GET /contactlens/files/stacks_page_page3.js HTTP/1.1" 200 9337 "-" "panscient.com"
173.70.141.147 - - [18/Aug/2013:03:57:03 -0400] "GET /eyewear/ HTTP/1.1" 200 62395 "-" "panscient.com"
173.70.141.147 - - [18/Aug/2013:03:57:05 -0400] "GET /find-us/ HTTP/1.1" 200 15503 "-" "panscient.com"
173.70.141.147 - - [18/Aug/2013:03:57:05 -0400] "GET /robots.txt HTTP/1.1" 200 48 "-" "panscient.com"
173.70.141.147 - - [18/Aug/2013:03:57:06 -0400] "GET /eyewear/files/stacks_page_page2.js HTTP/1.1" 200 31106 "-" "panscient.com"
173.70.141.147 - - [18/Aug/2013:03:57:08 -0400] "GET /find-us/files/stacks_page_page4.js HTTP/1.1" 200 29537 "-" "panscient.com"
173.70.141.147 - - [18/Aug/2013:03:57:09 -0400] "GET /contactlens/files/).replace(/;/g, HTTP/1.1" 200 5319 "-" "panscient.com"
173.70.141.147 - - [18/Aug/2013:03:59:53 -0400] "GET /promotions/?category=the%20David%20Yurman%20Collection HTTP/1.1" 200 14703 "-" "panscient.com"
173.70.141.147 - - [18/Aug/2013:03:59:54 -0400] "GET /promotions/?post_id=15&title=dr-birenbaum-on-good-morning-texas-this-friday HTTP/1.1" 200 13287 "-" "panscient.com"
173.70.141.147 - - [18/Aug/2013:04:02:53 -0400] "GET /promotions/files/armadillo/core/scripts/?t.options.position.type!== HTTP/1.1" 404 1222 "-" "panscient.com"
173.70.141.147 - - [18/Aug/2013:04:03:03 -0400] "GET /about/.google-analytics.com/ga.js HTTP/1.1" 200 4319 "-" "panscient.com"
173.208.165.90 - - [18/Aug/2013:00:56:52 -0400] "GET /?page_id=2&title= HTTP/1.0" 200 16359 "-" "Mozilla/5.0 (compatible; MJ12bot/v1.4.3; http://www.majestic12.co.uk/bot.php?+)"
72.14.199.35 - - [18/Aug/2013:01:01:10 -0400] "GET /feed HTTP/1.1" 200 5819 "-" "Feedfetcher-Google; (+http://www.google.com/feedfetcher.html; 1 subscribers; feed-id=11757162533075784121)"
66.249.75.35 - - [18/Aug/2013:01:13:45 -0400] "GET /about/ HTTP/1.1" 304 - "-" "Mozilla/5.0 (compatible; Googlebot/2.1; +http://www.google.com/bot.html)"
192.114.71.13 - - [18/Aug/2013:01:50:48 -0400] "GET /promotions/?page_id=2&title= HTTP/1.0" 200 15948 "http://eyepiecestexas.com/promotions/" "Mozilla/5.0 (X11; Ubuntu; Linux x86_64; rv:11.0) Gecko/20100101 Firefox/11.0"
192.114.71.13 - - [18/Aug/2013:01:50:49 -0400] "GET /promotions/?tag=Chrome%20Hearts HTTP/1.0" 200 16168 "http://eyepiecestexas.com/promotions/" "Mozilla/5.0 (X11; Ubuntu; Linux x86_64; rv:11.0) Gecko/20100101 Firefox/11.0"
192.114.71.13 - - [18/Aug/2013:01:50:49 -0400] "GET /promotions/?tag=Dr.%20Bob HTTP/1.0" 200 22523 "http://eyepiecestexas.com/promotions/" "Mozilla/5.0 (X11; Ubuntu; Linux x86_64; rv:11.0) Gecko/20100101 Firefox/11.0"
208.167.230.75 - - [18/Aug/2013:03:19:06 -0400] "GET /promotions/?post_id=23&title=the-reason-i-love-my-job HTTP/1.1" 500 - "-" "Mozilla/5.0 (compatible; AhrefsBot/4.0; +http://ahrefs.com/robot/)"
173.70.141.147 - - [18/Aug/2013:03:59:14 -0400] "GET /robots.txt HTTP/1.1" 200 48 "-" "panscient.com"
173.70.141.147 - - [18/Aug/2013:03:59:15 -0400] "GET /promotions/?post_id=13&title=its-finally-arrived HTTP/1.1" 200 14578 "-" "panscient.com"
208.167.230.75 - - [18/Aug/2013:08:11:54 -0400] "GET /promotions/?tag=Trunk%20Show HTTP/1.1" 200 14370 "-" "Mozilla/5.0 (compatible; AhrefsBot/4.0; +http://ahrefs.com/robot/)"
72.14.199.35 - - [18/Aug/2013:10:13:52 -0400] "GET /feed HTTP/1.1" 200 5819 "-" "Feedfetcher-Google; (+http://www.google.com/feedfetcher.html; 1 subscribers; feed-id=11757162533075784121)"
99.70.92.155 - - [18/Aug/2013:11:46:12 -0400] "GET /files/stacks_page_page0.css HTTP/1.1" 200 2289 "http://eyepiecestexas.com/" "Mozilla/5.0 (iPhone; CPU iPhone OS 6_1_4 like Mac OS X) AppleWebKit/536.26 (KHTML, like Gecko) Version/6.0 Mobile/10B350 Safari/8536.25"
99.70.92.155 - - [18/Aug/2013:11:46:12 -0400] "GET /rw_common/themes/dexture/javascript.js HTTP/1.1" 200 14608 "http://eyepiecestexas.com/" "Mozilla/5.0 (iPhone; CPU iPhone OS 6_1_4 like Mac OS X) AppleWebKit/536.26 (KHTML, like Gecko) Version/6.0 Mobile/10B350 Safari/8536.25"
99.70.92.155 - - [18/Aug/2013:11:46:12 -0400] "GET /files/stacks_image_167.png HTTP/1.1" 200 5841 "http://eyepiecestexas.com/" "Mozilla/5.0 (iPhone; CPU iPhone OS 6_1_4 like Mac OS X) AppleWebKit/536.26 (KHTML, like Gecko) Version/6.0 Mobile/10B350 Safari/8536.25"
99.70.92.155 - - [18/Aug/2013:11:46:12 -0400] "GET /files/stacks_image_142.jpg HTTP/1.1" 200 9540 "http://eyepiecestexas.com/" "Mozilla/5.0 (iPhone; CPU iPhone OS 6_1_4 like Mac OS X) AppleWebKit/536.26 (KHTML, like Gecko) Version/6.0 Mobile/10B350 Safari/8536.25"
99.70.92.155 - - [18/Aug/2013:11:46:13 -0400] "GET /rw_common/themes/dexture/images/darkAlphaBg.png HTTP/1.1" 200 70 "http://eyepiecestexas.com/" "Mozilla/5.0 (iPhone; CPU iPhone OS 6_1_4 like Mac OS X) AppleWebKit/536.26 (KHTML, like Gecko) Version/6.0 Mobile/10B350 Safari/8536.25"
99.70.92.155 - - [18/Aug/2013:11:46:49 -0400] "GET /rw_common/themes/dexture/consolidated-all-5.css HTTP/1.1" 200 13449 "http://eyepiecestexas.com/contact/" "Mozilla/5.0 (iPhone; CPU iPhone OS 6_1_4 like Mac OS X) AppleWebKit/536.26 (KHTML, like Gecko) Version/6.0 Mobile/10B350 Safari/8536.25"
99.70.92.155 - - [18/Aug/2013:11:46:51 -0400] "GET /contact/files/stacks_image_840.png HTTP/1.1" 200 6280 "http://eyepiecestexas.com/contact/" "Mozilla/5.0 (iPhone; CPU iPhone OS 6_1_4 like Mac OS X) AppleWebKit/536.26 (KHTML, like Gecko) Version/6.0 Mobile/10B350 Safari/8536.25"
157.55.35.102 - - [18/Aug/2013:16:01:21 -0400] "GET /robots.txt HTTP/1.1" 200 48 "-" "Mozilla/5.0 (compatible; bingbot/2.0; +http://www.bing.com/bingbot.htm)"
91.207.9.226 - - [18/Aug/2013:17:24:21 -0400] "GET / HTTP/1.1" 200 16359 "http://degustar.ru/" "Opera/7.11 (Windows NT 5.1; U) [en]"
54.242.174.64 - - [18/Aug/2013:19:04:29 -0400] "GET /promotions/files/armadillo/ HTTP/1.0" 500 1958 "-" "Mozilla/5.0 (compatible; Goodzer/2.0; crawler@goodzer.com)"
54.242.174.64 - - [18/Aug/2013:19:05:09 -0400] "GET /promotions/?tag=Chrome%20Hearts HTTP/1.0" 200 16168 "-" "Mozilla/5.0 (compatible; Goodzer/2.0; crawler@goodzer.com)"
54.242.174.64 - - [18/Aug/2013:19:05:28 -0400] "GET /promotions/?post_id=25&title=national-sunglasses-day HTTP/1.0" 200 16039 "-" "Mozilla/5.0 (compatible; Goodzer/2.0; crawler@goodzer.com)"
54.242.174.64 - - [18/Aug/2013:19:37:27 -0400] "GET /rw_common/themes/dexture/consolidated-all-7.css HTTP/1.1" 200 13449 "-" "cssutils 0.9.8a3 (http://www.cthedot.de/cssutils/)"
108.207.111.52 - - [18/Aug/2013:19:58:15 -0400] "GET /rw_common/themes/dexture/consolidated-screen-0.css HTTP/1.1" 200 27886 "http://eyepiecestexas.com/" "Mozilla/5.0 (Macintosh; Intel Mac OS X 10_8_4) AppleWebKit/537.36 (KHTML, like Gecko) Chrome/28.0.1500.95 Safari/537.36"
108.207.111.52 - - [18/Aug/2013:19:58:17 -0400] "GET /rw_common/themes/dexture/consolidated-handheld-0.css HTTP/1.1" 200 13381 "http://eyepiecestexas.com/" "Mozilla/5.0 (Macintosh; Intel Mac OS X 10_8_4) AppleWebKit/537.36 (KHTML, like Gecko) Chrome/28.0.1500.95 Safari/537.36"
108.207.111.52 - - [18/Aug/2013:19:58:17 -0400] "GET /rw_common/themes/dexture/images/editable_images/paper.png HTTP/1.1" 200 154825 "http://eyepiecestexas.com/" "Mozilla/5.0 (Macintosh; Intel Mac OS X 10_8_4) AppleWebKit/537.36 (KHTML, like Gecko) Chrome/28.0.1500.95 Safari/537.36"
72.30.198.43 - - [18/Aug/2013:20:43:02 -0400] "GET /rw_common/themes/dexture/consolidated-handheld-0.css HTTP/1.1" 200 13381 "http://eyepiecestexas.com/" "Mozilla/5.0 (compatible; Yahoo! Slurp/3.0; http://help.yahoo.com/help/us/ysearch/slurp) NOT Firefox/3.5"
72.30.198.43 - - [18/Aug/2013:20:43:02 -0400] "GET /resources/Dream_Orphans_700.font.js HTTP/1.1" 200 36773 "http://eyepiecestexas.com/" "Mozilla/5.0 (compatible; Yahoo! Slurp/3.0; http://help.yahoo.com/help/us/ysearch/slurp) NOT Firefox/3.5"
72.30.198.43 - - [18/Aug/2013:20:43:02 -0400] "GET /rw_common/themes/dexture/images/editable_images/concrete.png HTTP/1.1" 200 198645 "http://eyepiecestexas.com/rw_common/themes/dexture/consolidated-screen-0.css" "Mozilla/5.0 (compatible; Yahoo! Slurp/3.0; http://help.yahoo.com/help/us/ysearch/slurp) NOT Firefox/3.5"
208.115.113.84 - - [18/Aug/2013:22:08:30 -0400] "GET /robots.txt HTTP/1.1" 200 48 "-" "Mozilla/5.0 (compatible; Ezooms/1.0; ezooms.bot@gmail.com)"
157.55.35.102 - - [18/Aug/2013:14:22:40 -0400] "GET /BVLGARI.html HTTP/1.0" 200 5319 "-" "Mozilla/5.0 (compatible; bingbot/2.0; +http://www.bing.com/bingbot.htm)"
99.70.92.155 - - [18/Aug/2013:11:46:50 -0400] "GET /contact/files/stacks_page_page5.css HTTP/1.1" 200 47356 "http://eyepiecestexas.com/contact/" "Mozilla/5.0 (iPhone; CPU iPhone OS 6_1_4 like Mac OS X) AppleWebKit/536.26 (KHTML, like Gecko) Version/6.0 Mobile/10B350 Safari/8536.25"
99.70.92.155 - - [18/Aug/2013:11:46:51 -0400] "GET /contact/files/stacks_page_page5.js HTTP/1.1" 200 52171 "http://eyepiecestexas.com/contact/" "Mozilla/5.0 (iPhone; CPU iPhone OS 6_1_4 like Mac OS X) AppleWebKit/536.26 (KHTML, like Gecko) Version/6.0 Mobile/10B350 Safari/8536.25"
99.70.92.155 - - [18/Aug/2013:11:46:51 -0400] "GET /contact/files/stacks_image_25.jpg HTTP/1.1" 200 39929 "http://eyepiecestexas.com/contact/" "Mozilla/5.0 (iPhone; CPU iPhone OS 6_1_4 like Mac OS X) AppleWebKit/536.26 (KHTML, like Gecko) Version/6.0 Mobile/10B350 Safari/8536.25"
65.55.52.118 - - [18/Aug/2013:15:29:39 -0400] "GET /Information___Map.html HTTP/1.0" 200 5819 "-" "Mozilla/5.0 (compatible; bingbot/2.0; +http://www.bing.com/bingbot.htm)"
31.6.71.219 - - [18/Aug/2013:16:17:36 -0400] "GET /user/register HTTP/1.1" 200 2319 "-" "Mozilla/5.0 (Windows NT 5.1; rv:16.0) Gecko/20100101 Firefox/16.0 2013-08-18 22:17:06"
54.242.174.64 - - [18/Aug/2013:19:03:51 -0400] "GET /promotions/?tag=%20D%20The%20Broadcast HTTP/1.0" 200 16168 "-" "Mozilla/5.0 (compatible; Goodzer/2.0; crawler@goodzer.com)"
54.242.174.64 - - [18/Aug/2013:19:37:27 -0400] "GET /rw_common/themes/dexture/consolidated-handheld-7.css HTTP/1.1" 200 13394 "-" "cssutils 0.9.8a3 (http://www.cthedot.de/cssutils/)"
173.70.141.147 - - [18/Aug/2013:03:57:29 -0400] "GET /contact/files/?,e.iframeSrc);h.error=c;e.error&e.error.call(e.context,h,c,a);m&b.event.trigger( HTTP/1.1" 403 660 "-" "panscient.com"
173.70.141.147 - - [18/Aug/2013:03:58:09 -0400] "GET /staff/ HTTP/1.1" 200 18464 "-" "panscient.com"
173.70.141.147 - - [18/Aug/2013:03:58:10 -0400] "GET /promotions/ HTTP/1.1" 200 23361 "-" "panscient.com"
173.70.141.147 - - [18/Aug/2013:03:58:12 -0400] "GET /promotions/?post_id=17&title=happy-2013-to-all-of-our-contact-lens-patients HTTP/1.1" 200 13198 "-" "panscient.com"
173.70.141.147 - - [18/Aug/2013:03:58:13 -0400] "GET /promotions/?page_id=1&title=blog HTTP/1.1" 200 23361 "-" "panscient.com"
173.70.141.147 - - [18/Aug/2013:03:58:14 -0400] "GET /promotions/?page_id=2&title= HTTP/1.1" 200 15948 "-" "panscient.com"
173.70.141.147 - - [18/Aug/2013:03:58:15 -0400] "GET /promotions/?tag=%20Marc%20Jacobs HTTP/1.1" 200 16168 "-" "panscient.com"
173.70.141.147 - - [18/Aug/2013:03:58:16 -0400] "GET /promotions/?page_id=3&title= HTTP/1.1" 200 12691 "-" "panscient.com"
173.70.141.147 - - [18/Aug/2013:03:58:17 -0400] "GET /promotions/?category=Eyewear HTTP/1.1" 200 20978 "-" "panscient.com"
173.70.141.147 - - [18/Aug/2013:03:58:18 -0400] "GET /promotions/?tag=%20Summer HTTP/1.1" 200 16168 "-" "panscient.com"
173.70.141.147 - - [18/Aug/2013:04:01:23 -0400] "GET /robots.txt HTTP/1.1" 200 48 "-" "panscient.com"
173.70.141.147 - - [18/Aug/2013:04:01:26 -0400] "GET /robots.txt HTTP/1.1" 200 48 "-" "panscient.com"
173.70.141.147 - - [18/Aug/2013:04:02:37 -0400] "GET /promotions/?tag=%20Persol HTTP/1.1" 200 16168 "-" "panscient.com"
173.70.141.147 - - [18/Aug/2013:04:02:38 -0400] "GET /promotions/?tag=Gucci HTTP/1.1" 200 21599 "-" "panscient.com"
173.70.141.147 - - [18/Aug/2013:04:02:40 -0400] "GET /promotions/?tag=%20RayBan HTTP/1.1" 200 16168 "-" "panscient.com"
173.70.141.147 - - [18/Aug/2013:04:02:41 -0400] "GET /eyewear/ HTTP/1.1" 200 62395 "-" "panscient.com"
72.14.199.35 - - [18/Aug/2013:04:03:26 -0400] "GET /feed?3e3ea140 HTTP/1.1" 200 4319 "-" "Feedfetcher-Google; (+http://www.google.com/feedfetcher.html; 1 subscribers; feed-id=11757162533075784121)"
173.70.141.147 - - [18/Aug/2013:04:03:51 -0400] "GET /eyewear/.google-analytics.com/ga.js HTTP/1.1" 200 5819 "-" "panscient.com"
192.114.71.13 - - [18/Aug/2013:01:50:48 -0400] "GET /promotions/?tag=%20Summer HTTP/1.0" 200 16168 "http://eyepiecestexas.com/promotions/" "Mozilla/5.0 (X11; Ubuntu; Linux x86_64; rv:11.0) Gecko/20100101 Firefox/11.0"
180.214.232.74 - - [18/Aug/2013:10:07:58 -0400] "GET /promotions/files/armadillo/media/Sunglasses_Day_TV.png HTTP/1.1" 200 246457 "http://www.google.com/search?client=safari&hl=en&biw=1024&bih=644&tbm=isch&sa=1&ei=0cQQUoXcK4PQrQfizYDYAw&q=professor+bobeye&oq=Professor+Bobe&gs_l=img.1.0.0.4134945.4142952.0.4144684.20.17.0.2.2.0.318.2117.0j2j5j2.9.0....0...1c.1.25.img..9.11.2181.gOsFsmv_6E4" "Mozilla/5.0 (iPad; CPU OS 5_1_1 like Mac OS X) AppleWebKit/534.46 (KHTML, like Gecko) Version/5.1 Mobile/9B206 Safari/7534.48.3"
99.70.92.155 - - [18/Aug/2013:11:46:44 -0400] "GET /contactlens/files/stacks_page_page3.css HTTP/1.1" 200 1433 "http://eyepiecestexas.com/contactlens/" "Mozilla/5.0 (iPhone; CPU iPhone OS 6_1_4 like Mac OS X) AppleWebKit/536.26 (KHTML, like Gecko) Version/6.0 Mobile/10B350 Safari/8536.25"
99.70.92.155 - - [18/Aug/2013:11:46:44 -0400] "GET /contactlens/files/stacks_image_823.png HTTP/1.1" 200 5857 "http://eyepiecestexas.com/contactlens/" "Mozilla/5.0 (iPhone; CPU iPhone OS 6_1_4 like Mac OS X) AppleWebKit/536.26 (KHTML, like Gecko) Version/6.0 Mobile/10B350 Safari/8536.25"
99.70.92.155 - - [18/Aug/2013:11:46:51 -0400] "GET /contact/files/stacks_image_841.png HTTP/1.1" 200 6321 "http://eyepiecestexas.com/contact/" "Mozilla/5.0 (iPhone; CPU iPhone OS 6_1_4 like Mac OS X) AppleWebKit/536.26 (KHTML, like Gecko) Version/6.0 Mobile/10B350 Safari/8536.25"
54.242.174.64 - - [18/Aug/2013:19:04:01 -0400] "GET /promotions/?tag=%20sunglasses%20expert HTTP/1.0" 200 16168 "-" "Mozilla/5.0 (compatible; Goodzer/2.0; crawler@goodzer.com)"
54.242.174.64 - - [18/Aug/2013:19:04:41 -0400] "GET /contact/ HTTP/1.0" 200 16927 "-" "Mozilla/5.0 (compatible; Goodzer/2.0; crawler@goodzer.com)"
54.242.174.64 - - [18/Aug/2013:19:04:43 -0400] "GET /promotions/?tag=%20Courtney%20Kerr HTTP/1.0" 200 16168 "-" "Mozilla/5.0 (compatible; Goodzer/2.0; crawler@goodzer.com)"
54.242.174.64 - - [18/Aug/2013:19:05:03 -0400] "GET /promotions/?tag=An%20Evening%20to%20Remember HTTP/1.0" 200 13439 "-" "Mozilla/5.0 (compatible; Goodzer/2.0; crawler@goodzer.com)"
54.242.174.64 - - [18/Aug/2013:19:05:07 -0400] "GET /promotions/?tag=Kellie%20Rasberry HTTP/1.0" 200 13439 "-" "Mozilla/5.0 (compatible; Goodzer/2.0; crawler@goodzer.com)"
54.242.174.64 - - [18/Aug/2013:19:05:08 -0400] "GET /promotions/?post_id=16&title= HTTP/1.0" 200 13747 "-" "Mozilla/5.0 (compatible; Goodzer/2.0; crawler@goodzer.com)"
108.207.111.52 - - [18/Aug/2013:19:58:41 -0400] "GET /eyewear/files/stacks_image_369.png HTTP/1.1" 200 13046 "http://eyepiecestexas.com/eyewear/" "Mozilla/5.0 (Macintosh; Intel Mac OS X 10_8_4) AppleWebKit/537.36 (KHTML, like Gecko) Chrome/28.0.1500.95 Safari/537.36"
108.207.111.52 - - [18/Aug/2013:19:58:42 -0400] "GET /eyewear/files/stacks_image_450.jpg HTTP/1.1" 200 8710 "http://eyepiecestexas.com/eyewear/" "Mozilla/5.0 (Macintosh; Intel Mac OS X 10_8_4) AppleWebKit/537.36 (KHTML, like Gecko) Chrome/28.0.1500.95 Safari/537.36"
108.207.111.52 - - [18/Aug/2013:19:58:44 -0400] "GET /eyewear/files/stacks_image_540.jpg HTTP/1.1" 200 11363 "http://eyepiecestexas.com/eyewear/" "Mozilla/5.0 (Macintosh; Intel Mac OS X 10_8_4) AppleWebKit/537.36 (KHTML, like Gecko) Chrome/28.0.1500.95 Safari/537.36"
108.207.111.52 - - [18/Aug/2013:19:58:45 -0400] "GET /eyewear/files/stacks_image_616.jpg HTTP/1.1" 200 13634 "http://eyepiecestexas.com/eyewear/" "Mozilla/5.0 (Macintosh; Intel Mac OS X 10_8_4) AppleWebKit/537.36 (KHTML, like Gecko) Chrome/28.0.1500.95 Safari/537.36"
108.207.111.52 - - [18/Aug/2013:19:58:46 -0400] "GET /eyewear/files/stacks_image_670.jpg HTTP/1.1" 200 29466 "http://eyepiecestexas.com/eyewear/" "Mozilla/5.0 (Macintosh; Intel Mac OS X 10_8_4) AppleWebKit/537.36 (KHTML, like Gecko) Chrome/28.0.1500.95 Safari/537.36"
173.70.141.147 - - [18/Aug/2013:03:59:21 -0400] "GET /staff/files/cufon-yui.js HTTP/1.1" 200 18258 "-" "panscient.com"
173.70.141.147 - - [18/Aug/2013:03:59:22 -0400] "GET /about/ HTTP/1.1" 200 14428 "-" "panscient.com"
173.70.141.147 - - [18/Aug/2013:03:59:23 -0400] "GET /staff/files/stacks_page_page8.js HTTP/1.1" 200 46843 "-" "panscient.com"
173.70.141.147 - - [18/Aug/2013:03:59:24 -0400] "GET /rw_common/themes/dexture/scripts/nimblehostPulseVIP.js HTTP/1.1" 200 1205 "-" "panscient.com"
173.70.141.147 - - [18/Aug/2013:03:59:25 -0400] "GET /robots.txt HTTP/1.1" 200 48 "-" "panscient.com"
173.70.141.147 - - [18/Aug/2013:03:59:25 -0400] "GET /promotions/ HTTP/1.1" 200 23361 "-" "panscient.com"
173.70.141.147 - - [18/Aug/2013:03:59:27 -0400] "GET /files/stacks_page_page0.js HTTP/1.1" 200 11218 "-" "panscient.com"
173.70.141.147 - - [18/Aug/2013:03:59:28 -0400] "GET /rw_common/themes/dexture/scripts/jquery.fancyzoom.js HTTP/1.1" 200 6272 "-" "panscient.com"
173.70.141.147 - - [18/Aug/2013:03:59:29 -0400] "GET /promotions/files/stacks_page_page7.js HTTP/1.1" 200 9337 "-" "panscient.com"
173.70.141.147 - - [18/Aug/2013:04:00:20 -0400] "GET /find-us/files/?sensor=false HTTP/1.1" 403 660 "-" "panscient.com"
173.70.141.147 - - [18/Aug/2013:04:02:08 -0400] "GET /promotions/?post_id=23&title=the-reason-i-love-my-job HTTP/1.1" 200 13142 "-" "panscient.com"
173.70.141.147 - - [18/Aug/2013:04:03:21 -0400] "GET /find-us/files/?maptype= HTTP/1.1" 403 660 "-" "panscient.com"
173.70.141.147 - - [18/Aug/2013:04:03:48 -0400] "GET /contactlens/.google-analytics.com/ga.js HTTP/1.1" 200 5819 "-" "panscient.com"
87.115.172.109 - - [18/Aug/2013:12:06:11 -0400] "GET /eyewear/ HTTP/1.1" 200 62395 "http://www.google.co.uk/url?sa=t&rct=j&q=&esrc=s&source=web&cd=4&ved=0CGcQFjAD&url=http%3A%2F%2Feyepiecestexas.com%2Feyewear%2F&ei=vvAQUq_GEuTD0QX98IDICw&usg=AFQjCNFwI0w3ew6OVVqfvWyM82TAVrHCWA&sig2=1PLw2S33-C2_y_-CTdYUyA" "Mozilla/5.0 (Windows NT 6.1; WOW64; rv:23.0) Gecko/20100101 Firefox/23.0"
87.115.172.109 - - [18/Aug/2013:12:06:12 -0400] "GET /rw_common/themes/dexture/scripts/nimblehostPulseVIP.js HTTP/1.1" 200 1205 "http://eyepiecestexas.com/eyewear/" "Mozilla/5.0 (Windows NT 6.1; WOW64; rv:23.0) Gecko/20100101 Firefox/23.0"
87.115.172.109 - - [18/Aug/2013:12:06:12 -0400] "GET /eyewear/files/stacks_image_11.jpg HTTP/1.1" 200 16439 "http://eyepiecestexas.com/eyewear/" "Mozilla/5.0 (Windows NT 6.1; WOW64; rv:23.0) Gecko/20100101 Firefox/23.0"
87.115.172.109 - - [18/Aug/2013:12:06:13 -0400] "GET /eyewear/files/stacks_image_486.jpg HTTP/1.1" 200 7158 "http://eyepiecestexas.com/eyewear/" "Mozilla/5.0 (Windows NT 6.1; WOW64; rv:23.0) Gecko/20100101 Firefox/23.0"
87.115.172.109 - - [18/Aug/2013:12:06:13 -0400] "GET /eyewear/files/stacks_image_506.jpg HTTP/1.1" 200 5890 "http://eyepiecestexas.com/eyewear/" "Mozilla/5.0 (Windows NT 6.1; WOW64; rv:23.0) Gecko/20100101 Firefox/23.0"
87.115.172.109 - - [18/Aug/2013:12:06:13 -0400] "GET /eyewear/files/stacks_image_526.jpg HTTP/1.1" 200 6454 "http://eyepiecestexas.com/eyewear/" "Mozilla/5.0 (Windows NT 6.1; WOW64; rv:23.0) Gecko/20100101 Firefox/23.0"
87.115.172.109 - - [18/Aug/2013:12:06:13 -0400] "GET /eyewear/files/stacks_image_546.png HTTP/1.1" 200 14990 "http://eyepiecestexas.com/eyewear/" "Mozilla/5.0 (Windows NT 6.1; WOW64; rv:23.0) Gecko/20100101 Firefox/23.0"
87.115.172.109 - - [18/Aug/2013:12:06:14 -0400] "GET /eyewear/files/stacks_image_572.jpg HTTP/1.1" 200 10473 "http://eyepiecestexas.com/eyewear/" "Mozilla/5.0 (Windows NT 6.1; WOW64; rv:23.0) Gecko/20100101 Firefox/23.0"
87.115.172.109 - - [18/Aug/2013:12:06:14 -0400] "GET /eyewear/files/stacks_image_600.jpg HTTP/1.1" 200 8829 "http://eyepiecestexas.com/eyewear/" "Mozilla/5.0 (Windows NT 6.1; WOW64; rv:23.0) Gecko/20100101 Firefox/23.0"
87.115.172.109 - - [18/Aug/2013:12:06:14 -0400] "GET /eyewear/files/stacks_image_616.jpg HTTP/1.1" 200 13634 "http://eyepiecestexas.com/eyewear/" "Mozilla/5.0 (Windows NT 6.1; WOW64; rv:23.0) Gecko/20100101 Firefox/23.0"
87.115.172.109 - - [18/Aug/2013:12:06:14 -0400] "GET /eyewear/files/stacks_image_233.png HTTP/1.1" 200 19947 "http://eyepiecestexas.com/eyewear/" "Mozilla/5.0 (Windows NT 6.1; WOW64; rv:23.0) Gecko/20100101 Firefox/23.0"
87.115.172.109 - - [18/Aug/2013:12:06:14 -0400] "GET /eyewear/files/stacks_image_247.jpg HTTP/1.1" 200 7700 "http://eyepiecestexas.com/eyewear/" "Mozilla/5.0 (Windows NT 6.1; WOW64; rv:23.0) Gecko/20100101 Firefox/23.0"
87.115.172.109 - - [18/Aug/2013:12:06:14 -0400] "GET /eyewear/files/stacks_image_666.jpg HTTP/1.1" 200 8529 "http://eyepiecestexas.com/eyewear/" "Mozilla/5.0 (Windows NT 6.1; WOW64; rv:23.0) Gecko/20100101 Firefox/23.0"
87.115.172.109 - - [18/Aug/2013:12:06:14 -0400] "GET /eyewear/files/stacks_image_808.png HTTP/1.1" 200 3290 "http://eyepiecestexas.com/eyewear/" "Mozilla/5.0 (Windows NT 6.1; WOW64; rv:23.0) Gecko/20100101 Firefox/23.0"
87.115.172.109 - - [18/Aug/2013:12:06:14 -0400] "GET /rw_common/themes/dexture/images/lightAlphaBg.png HTTP/1.1" 200 179 "http://eyepiecestexas.com/rw_common/themes/dexture/consolidated-screen-2.css" "Mozilla/5.0 (Windows NT 6.1; WOW64; rv:23.0) Gecko/20100101 Firefox/23.0"
87.115.172.109 - - [18/Aug/2013:12:06:15 -0400] "GET /rw_common/themes/dexture/images/ec6TopShadow.png HTTP/1.1" 200 49422 "http://eyepiecestexas.com/rw_common/themes/dexture/consolidated-screen-2.css" "Mozilla/5.0 (Windows NT 6.1; WOW64; rv:23.0) Gecko/20100101 Firefox/23.0"
72.14.199.35 - - [18/Aug/2013:12:56:59 -0400] "GET /feed HTTP/1.1" 200 4319 "-" "Feedfetcher-Google; (+http://www.google.com/feedfetcher.html; 1 subscribers; feed-id=11757162533075784121)"
72.14.199.35 - - [18/Aug/2013:00:59:44 -0400] "GET /feed HTTP/1.1" 200 5819 "-" "Feedfetcher-Google; (+http://www.google.com/feedfetcher.html; 1 subscribers; feed-id=11757162533075784121)"
72.14.199.35 - - [18/Aug/2013:01:03:11 -0400] "GET /feed HTTP/1.1" 200 5819 "-" "Feedfetcher-Google; (+http://www.google.com/feedfetcher.html; 1 subscribers; feed-id=11757162533075784121)"
31.6.71.219 - - [18/Aug/2013:16:17:35 -0400] "GET /wp-login.php?action=register HTTP/1.1" 200 4819 "-" "Mozilla/5.0 (Windows NT 5.1; rv:16.0) Gecko/20100101 Firefox/16.0 2013-08-18 22:17:06"
65.55.52.118 - - [18/Aug/2013:00:08:20 -0400] "GET /rw_common/themes/dexture/scripts/jquery.fancyzoom.js HTTP/1.1" 200 6272 "-" "Mozilla/5.0 (compatible; bingbot/2.0; +http://www.bing.com/bingbot.htm)"
192.114.71.13 - - [18/Aug/2013:01:50:50 -0400] "GET /promotions/?category=Eyewear HTTP/1.0" 200 20978 "http://eyepiecestexas.com/promotions/" "Mozilla/5.0 (X11; Ubuntu; Linux x86_64; rv:11.0) Gecko/20100101 Firefox/11.0"
98.215.124.109 - - [18/Aug/2013:11:18:52 -0400] "GET /eyewear/files/stacks_image_56.jpg HTTP/1.1" 200 17849 "-" "Opera/9.80 (Windows NT 6.2; WOW64) Presto/2.12.388 Version/12.16"
68.95.173.240 - - [18/Aug/2013:21:34:15 -0400] "GET /files/stacks_page_page0.css HTTP/1.1" 200 2289 "http://eyepiecestexas.com/" "Mozilla/5.0 (Macintosh; Intel Mac OS X 10_8_2) AppleWebKit/536.26.17 (KHTML, like Gecko) Version/6.0.2 Safari/536.26.17"
68.95.173.240 - - [18/Aug/2013:21:34:15 -0400] "GET /rw_common/themes/dexture/scripts/nimblehostPulseVIP.js HTTP/1.1" 200 1205 "http://eyepiecestexas.com/" "Mozilla/5.0 (Macintosh; Intel Mac OS X 10_8_2) AppleWebKit/536.26.17 (KHTML, like Gecko) Version/6.0.2 Safari/536.26.17"
68.95.173.240 - - [18/Aug/2013:21:34:15 -0400] "GET /rw_common/themes/dexture/scripts/nimblehostDropDownMenu.js HTTP/1.1" 200 988 "http://eyepiecestexas.com/" "Mozilla/5.0 (Macintosh; Intel Mac OS X 10_8_2) AppleWebKit/536.26.17 (KHTML, like Gecko) Version/6.0.2 Safari/536.26.17"
68.95.173.240 - - [18/Aug/2013:21:34:15 -0400] "GET /files/stacks_page_page0.js HTTP/1.1" 200 11218 "http://eyepiecestexas.com/" "Mozilla/5.0 (Macintosh; Intel Mac OS X 10_8_2) AppleWebKit/536.26.17 (KHTML, like Gecko) Version/6.0.2 Safari/536.26.17"
68.95.173.240 - - [18/Aug/2013:21:34:15 -0400] "GET /rw_common/themes/dexture/images/pageTopShadow400px.png HTTP/1.1" 200 1299 "http://eyepiecestexas.com/" "Mozilla/5.0 (Macintosh; Intel Mac OS X 10_8_2) AppleWebKit/536.26.17 (KHTML, like Gecko) Version/6.0.2 Safari/536.26.17"
68.95.173.240 - - [18/Aug/2013:21:34:15 -0400] "GET /files/rdc_9289.jpg HTTP/1.1" 200 24706 "http://eyepiecestexas.com/" "Mozilla/5.0 (Macintosh; Intel Mac OS X 10_8_2) AppleWebKit/536.26.17 (KHTML, like Gecko) Version/6.0.2 Safari/536.26.17"
68.95.173.240 - - [18/Aug/2013:21:34:16 -0400] "GET /files/stacks_image_142.jpg HTTP/1.1" 200 9540 "http://eyepiecestexas.com/" "Mozilla/5.0 (Macintosh; Intel Mac OS X 10_8_2) AppleWebKit/536.26.17 (KHTML, like Gecko) Version/6.0.2 Safari/536.26.17"
68.95.173.240 - - [18/Aug/2013:21:34:17 -0400] "GET /rw_common/themes/dexture/images/darkAlphaBg.png HTTP/1.1" 200 70 "http://eyepiecestexas.com/" "Mozilla/5.0 (Macintosh; Intel Mac OS X 10_8_2) AppleWebKit/536.26.17 (KHTML, like Gecko) Version/6.0.2 Safari/536.26.17"
68.95.173.240 - - [18/Aug/2013:21:34:17 -0400] "GET /rw_common/themes/dexture/images/bottomShadow.png HTTP/1.1" 200 204 "http://eyepiecestexas.com/" "Mozilla/5.0 (Macintosh; Intel Mac OS X 10_8_2) AppleWebKit/536.26.17 (KHTML, like Gecko) Version/6.0.2 Safari/536.26.17"
68.106.57.127 - - [18/Aug/2013:12:08:59 -0400] "GET /rw_common/themes/dexture/scripts/nimblehost.js HTTP/1.1" 200 17247 "http://eyepiecestexas.com/" "Mozilla/5.0 (Linux; U; Android 4.2.2; en-us; Galaxy Nexus Build/JDQ39) AppleWebKit/534.30 (KHTML, like Gecko) Version/4.0 Mobile Safari/534.30"
68.106.57.127 - - [18/Aug/2013:12:08:59 -0400] "GET /files/stacks_page_page0.js HTTP/1.1" 200 11218 "http://eyepiecestexas.com/" "Mozilla/5.0 (Linux; U; Android 4.2.2; en-us; Galaxy Nexus Build/JDQ39) AppleWebKit/534.30 (KHTML, like Gecko) Version/4.0 Mobile Safari/534.30"
68.106.57.127 - - [18/Aug/2013:12:09:02 -0400] "GET /rw_common/themes/dexture/images/pageTopGradient.png HTTP/1.1" 200 1338 "http://eyepiecestexas.com/" "Mozilla/5.0 (Linux; U; Android 4.2.2; en-us; Galaxy Nexus Build/JDQ39) AppleWebKit/534.30 (KHTML, like Gecko) Version/4.0 Mobile Safari/534.30"
68.106.57.127 - - [18/Aug/2013:12:09:02 -0400] "GET /files/rdc_9289.jpg HTTP/1.1" 200 24706 "http://eyepiecestexas.com/" "Mozilla/5.0 (Linux; U; Android 4.2.2; en-us; Galaxy Nexus Build/JDQ39) AppleWebKit/534.30 (KHTML, like Gecko) Version/4.0 Mobile Safari/534.30"
68.106.57.127 - - [18/Aug/2013:12:09:02 -0400] "GET /files/stacks_image_142.jpg HTTP/1.1" 200 9540 "http://eyepiecestexas.com/" "Mozilla/5.0 (Linux; U; Android 4.2.2; en-us; Galaxy Nexus Build/JDQ39) AppleWebKit/534.30 (KHTML, like Gecko) Version/4.0 Mobile Safari/534.30"
65.55.52.118 - - [18/Aug/2013:14:28:54 -0400] "GET /Information___Map.html HTTP/1.0" 200 5319 "-" "Mozilla/5.0 (compatible; bingbot/2.0; +http://www.bing.com/bingbot.htm)"
157.55.35.102 - - [18/Aug/2013:15:23:18 -0400] "GET /BVLGARI.html HTTP/1.0" 200 5819 "-" "Mozilla/5.0 (compatible; bingbot/2.0; +http://www.bing.com/bingbot.htm)"
65.55.52.118 - - [18/Aug/2013:15:29:38 -0400] "GET /Gucci.html HTTP/1.0" 200 5819 "-" "Mozilla/5.0 (compatible; bingbot/2.0; +http://www.bing.com/bingbot.htm)"
195.242.218.133 - - [18/Aug/2013:17:33:43 -0400] "GET / HTTP/1.1" 200 16359 "http://en.winpm.ws/" "Mozilla/3.0 (x86 [en] Windows NT 5.1; Sun)"
92.249.127.111 - - [18/Aug/2013:18:52:28 -0400] "GET / HTTP/1.1" 200 16359 "http://www.bravica.im/ru/" "Mozilla/5.0 (compatible; news bot /2.1)"
92.249.127.111 - - [18/Aug/2013:18:52:29 -0400] "GET / HTTP/1.1" 200 16359 "http://www.bravica.im/ru/" "Mozilla/5.0 (compatible; news bot /2.1)"
54.242.174.64 - - [18/Aug/2013:19:04:11 -0400] "GET /promotions/?tag=Gucci HTTP/1.0" 200 21599 "-" "Mozilla/5.0 (compatible; Goodzer/2.0; crawler@goodzer.com)"
54.242.174.64 - - [18/Aug/2013:19:04:27 -0400] "GET /promotions/?tag=Trunk%20Show HTTP/1.0" 200 14370 "-" "Mozilla/5.0 (compatible; Goodzer/2.0; crawler@goodzer.com)"
54.242.174.64 - - [18/Aug/2013:19:04:28 -0400] "GET /promotions/?post_id=17&title=happy-2013-to-all-of-our-contact-lens-patients HTTP/1.0" 200 13198 "-" "Mozilla/5.0 (compatible; Goodzer/2.0; crawler@goodzer.com)"
54.242.174.64 - - [18/Aug/2013:19:35:28 -0400] "GET /promotions/?tag=%20Oakley HTTP/1.0" 200 16168 "-" "Mozilla/5.0 (compatible; Goodzer/2.0; crawler@goodzer.com)"
54.242.174.64 - - [18/Aug/2013:19:37:32 -0400] "GET /rw_common/themes/dexture/consolidated-all-7.css HTTP/1.1" 200 13449 "-" "cssutils 0.9.8a3 (http://www.cthedot.de/cssutils/)"
218.30.103.37 - - [18/Aug/2013:20:13:32 -0400] "GET /robots.txt HTTP/1.1" 200 48 "-" "Sogou web spider/4.0"
123.125.71.54 - - [18/Aug/2013:20:30:31 -0400] "GET / HTTP/1.1" 304 - "-" "Mozilla/5.0 (compatible; Baiduspider/2.0; +http://www.baidu.com/search/spider.html)"
173.70.141.147 - - [18/Aug/2013:04:01:51 -0400] "GET /application/x-shockwave-flash HTTP/1.1" 200 4319 "-" "panscient.com"
173.70.141.147 - - [18/Aug/2013:04:03:31 -0400] "GET /contact/files/?,e.iframeSrc);h.error=c;e.error&e.error.call(e.context,h,c,a);m&b.event.trigger( HTTP/1.1" 403 660 "-" "panscient.com"
173.70.141.147 - - [18/Aug/2013:03:59:31 -0400] "GET /promotions/files/armadillo/core/scripts/armadilloFunctions.js HTTP/1.1" 200 19818 "-" "panscient.com"
173.70.141.147 - - [18/Aug/2013:03:59:32 -0400] "GET /rw_common/themes/dexture/scripts/nimblehostDropDownMenu.js HTTP/1.1" 200 988 "-" "panscient.com"
173.70.141.147 - - [18/Aug/2013:03:59:33 -0400] "GET /contact/files/stacks_page_page5.js HTTP/1.1" 200 52171 "-" "panscient.com"
173.70.141.147 - - [18/Aug/2013:03:59:34 -0400] "GET /about/files/stacks_page_page1.js HTTP/1.1" 200 24511 "-" "panscient.com"
173.70.141.147 - - [18/Aug/2013:03:59:35 -0400] "GET /eyewear/ HTTP/1.1" 200 62395 "-" "panscient.com"
173.70.141.147 - - [18/Aug/2013:03:59:36 -0400] "GET /eyewear/files/stacks_page_page2.js HTTP/1.1" 200 31106 "-" "panscient.com"
173.70.141.147 - - [18/Aug/2013:03:59:38 -0400] "GET /staff/.google-analytics.com/ga.js HTTP/1.1" 200 5819 "-" "panscient.com"
173.70.141.147 - - [18/Aug/2013:04:03:34 -0400] "GET /contact/files/?),f=b(a.theme&h? HTTP/1.1" 403 660 "-" "panscient.com"
192.114.71.13 - - [18/Aug/2013:01:50:49 -0400] "GET /promotions/?tag=Chanel HTTP/1.0" 200 23104 "http://eyepiecestexas.com/promotions/" "Mozilla/5.0 (X11; Ubuntu; Linux x86_64; rv:11.0) Gecko/20100101 Firefox/11.0"
178.197.239.78 - - [18/Aug/2013:07:16:12 -0400] "GET /eyewear/files/stacks_image_688.jpg HTTP/1.1" 200 20065 "http://www.google.com.qa/search?q=gianni+versace+93+men&source=lnms&tbm=isch&sa=X&ei=p6wQUpSiJM2OswaPxYH4Dg&ved=0CAgQ_AUoAA&biw=320&bih=416" "Mozilla/5.0 (iPhone; CPU iPhone OS 5_0 like Mac OS X) AppleWebKit/534.46 (KHTML, like Gecko) Version/5.1 Mobile/9A334 Safari/7534.48.3"
46.119.118.152 - - [18/Aug/2013:09:16:21 -0400] "GET / HTTP/1.1" 200 16359 "http://www.bravica.info/ru/" "Mozilla/4.0 (compatible; MSIE 6.0; Windows NT 5.2; WOW64; SV1; .NET CLR 2.0.50727)"
99.70.92.155 - - [18/Aug/2013:11:46:29 -0400] "GET /about/files/stacks_page_page1.css HTTP/1.1" 200 1389 "http://eyepiecestexas.com/about/" "Mozilla/5.0 (iPhone; CPU iPhone OS 6_1_4 like Mac OS X) AppleWebKit/536.26 (KHTML, like Gecko) Version/6.0 Mobile/10B350 Safari/8536.25"
99.70.92.155 - - [18/Aug/2013:11:46:30 -0400] "GET /about/files/stacks_image_714.png HTTP/1.1" 200 5857 "http://eyepiecestexas.com/about/" "Mozilla/5.0 (iPhone; CPU iPhone OS 6_1_4 like Mac OS X) AppleWebKit/536.26 (KHTML, like Gecko) Version/6.0 Mobile/10B350 Safari/8536.25"
54.242.174.64 - - [18/Aug/2013:19:04:34 -0400] "GET /promotions/ HTTP/1.0" 200 23361 "-" "Mozilla/5.0 (compatible; Goodzer/2.0; crawler@goodzer.com)"
54.242.174.64 - - [18/Aug/2013:19:04:40 -0400] "GET /find-us/ HTTP/1.0" 200 15503 "-" "Mozilla/5.0 (compatible; Goodzer/2.0; crawler@goodzer.com)"
54.242.174.64 - - [18/Aug/2013:19:05:35 -0400] "GET /promotions/?tag=%20Courtney%20Kerr HTTP/1.0" 200 16168 "-" "Mozilla/5.0 (compatible; Goodzer/2.0; crawler@goodzer.com)"
54.242.174.64 - - [18/Aug/2013:19:37:32 -0400] "GET /rw_common/plugins/stacks/stacks.css HTTP/1.1" 200 1841 "-" "cssutils 0.9.8a3 (http://www.cthedot.de/cssutils/)"
108.207.111.52 - - [18/Aug/2013:19:58:15 -0400] "GET /rw_common/plugins/stacks/stacks.css HTTP/1.1" 200 1841 "http://eyepiecestexas.com/" "Mozilla/5.0 (Macintosh; Intel Mac OS X 10_8_4) AppleWebKit/537.36 (KHTML, like Gecko) Chrome/28.0.1500.95 Safari/537.36"
108.207.111.52 - - [18/Aug/2013:19:58:15 -0400] "GET /rw_common/themes/dexture/scripts/nimblehostDropDownMenu.js HTTP/1.1" 200 988 "http://eyepiecestexas.com/" "Mozilla/5.0 (Macintosh; Intel Mac OS X 10_8_4) AppleWebKit/537.36 (KHTML, like Gecko) Chrome/28.0.1500.95 Safari/537.36"
108.207.111.52 - - [18/Aug/2013:19:58:17 -0400] "GET /rw_common/themes/dexture/images/pageTopShadow400px.png HTTP/1.1" 200 1299 "http://eyepiecestexas.com/" "Mozilla/5.0 (Macintosh; Intel Mac OS X 10_8_4) AppleWebKit/537.36 (KHTML, like Gecko) Chrome/28.0.1500.95 Safari/537.36"
108.207.111.52 - - [18/Aug/2013:19:58:17 -0400] "GET /rw_common/themes/dexture/images/editable_images/image11.jpg HTTP/1.1" 200 74799 "http://eyepiecestexas.com/" "Mozilla/5.0 (Macintosh; Intel Mac OS X 10_8_4) AppleWebKit/537.36 (KHTML, like Gecko) Chrome/28.0.1500.95 Safari/537.36"
108.207.111.52 - - [18/Aug/2013:19:58:18 -0400] "GET /files/stacks_image_142.jpg HTTP/1.1" 200 9540 "http://eyepiecestexas.com/" "Mozilla/5.0 (Macintosh; Intel Mac OS X 10_8_4) AppleWebKit/537.36 (KHTML, like Gecko) Chrome/28.0.1500.95 Safari/537.36"
108.207.111.52 - - [18/Aug/2013:19:58:18 -0400] "GET /rw_common/themes/dexture/images/editable_images/concrete.png HTTP/1.1" 200 198645 "http://eyepiecestexas.com/" "Mozilla/5.0 (Macintosh; Intel Mac OS X 10_8_4) AppleWebKit/537.36 (KHTML, like Gecko) Chrome/28.0.1500.95 Safari/537.36"
208.115.111.68 - - [18/Aug/2013:21:56:23 -0400] "GET /promotions/.?tag=Sunglasses HTTP/1.1" 200 23874 "-" "Mozilla/5.0 (compatible; Ezooms/1.0; ezooms.bot@gmail.com)"
199.30.24.67 - - [18/Aug/2013:01:07:27 -0400] "GET /rw_common/themes/dexture/scripts/nimblehost.js HTTP/1.1" 200 17247 "http://eyepiecestexas.com/" "Mozilla/5.0 (Windows NT 6.1; WOW64) AppleWebKit/534+ (KHTML, like Gecko) BingPreview/1.0b"
199.30.24.67 - - [18/Aug/2013:01:07:29 -0400] "GET /rw_common/themes/dexture/images/lightAlphaBg.png HTTP/1.1" 200 179 "http://eyepiecestexas.com/" "Mozilla/5.0 (Windows NT 6.1; WOW64) AppleWebKit/534+ (KHTML, like Gecko) BingPreview/1.0b"
199.30.24.67 - - [18/Aug/2013:01:07:31 -0400] "GET /rw_common/themes/dexture/images/editable_images/image11.jpg HTTP/1.1" 200 74799 "http://eyepiecestexas.com/" "Mozilla/5.0 (Windows NT 6.1; WOW64) AppleWebKit/534+ (KHTML, like Gecko) BingPreview/1.0b"
192.114.71.13 - - [18/Aug/2013:01:50:48 -0400] "GET /promotions/?page_id=3&title= HTTP/1.0" 200 12691 "http://eyepiecestexas.com/promotions/" "Mozilla/5.0 (X11; Ubuntu; Linux x86_64; rv:11.0) Gecko/20100101 Firefox/11.0"
54.242.174.64 - - [18/Aug/2013:19:04:17 -0400] "GET /promotions/?tag=Tom%20Ford HTTP/1.0" 200 22610 "-" "Mozilla/5.0 (compatible; Goodzer/2.0; crawler@goodzer.com)"
54.242.174.64 - - [18/Aug/2013:19:04:52 -0400] "GET /promotions/?tag=%20Prada HTTP/1.0" 200 16168 "-" "Mozilla/5.0 (compatible; Goodzer/2.0; crawler@goodzer.com)"
54.242.174.64 - - [18/Aug/2013:19:37:33 -0400] "GET /promotions/files/stacks_page_page7.css HTTP/1.1" 200 429 "-" "cssutils 0.9.8a3 (http://www.cthedot.de/cssutils/)"
108.207.111.52 - - [18/Aug/2013:19:58:38 -0400] "GET /rw_common/themes/dexture/consolidated-all-2.css HTTP/1.1" 200 13449 "http://eyepiecestexas.com/eyewear/" "Mozilla/5.0 (Macintosh; Intel Mac OS X 10_8_4) AppleWebKit/537.36 (KHTML, like Gecko) Chrome/28.0.1500.95 Safari/537.36"
68.95.173.240 - - [18/Aug/2013:21:34:15 -0400] "GET /rw_common/themes/dexture/scripts/nimblehost.js HTTP/1.1" 200 17247 "http://eyepiecestexas.com/" "Mozilla/5.0 (Macintosh; Intel Mac OS X 10_8_2) AppleWebKit/536.26.17 (KHTML, like Gecko) Version/6.0.2 Safari/536.26.17"
