87.115.172.109 - - [18/Aug/2013:12:06:12 -0400] "GET /rw_common/themes/dexture/javascript.js HTTP/1.1" 200 14608 "http://eyepiecestexas.com/eyewear/" "Mozilla/5.0 (Windows NT 6.1; WOW64; rv:23.0) Gecko/20100101 Firefox/23.0"
87.115.172.109 - - [18/Aug/2013:12:06:12 -0400] "GET /eyewear/files/stacks_image_369.png HTTP/1.1" 200 13046 "http://eyepiecestexas.com/eyewear/" "Mozilla/5.0 (Windows NT 6.1; WOW64; rv:23.0) Gecko/20100101 Firefox/23.0"
87.115.172.109 - - [18/Aug/2013:12:06:13 -0400] "GET /eyewear/files/stacks_image_384.jpg HTTP/1.1" 200 6521 "http://eyepiecestexas.com/eyewear/" "Mozilla/5.0 (Windows NT 6.1; WOW64; rv:23.0) Gecko/20100101 Firefox/23.0"
87.115.172.109 - - [18/Aug/2013:12:06:13 -0400] "GET /eyewear/files/stacks_image_440.jpg HTTP/1.1" 200 10518 "http://eyepiecestexas.com/eyewear/" "Mozilla/5.0 (Windows NT 6.1; WOW64; rv:23.0) Gecko/20100101 Firefox/23.0"
87.115.172.109 - - [18/Aug/2013:12:06:13 -0400] "GET /eyewear/files/stacks_image_466.png HTTP/1.1" 200 35282 "http://eyepiecestexas.com/eyewear/" "Mozilla/5.0 (Windows NT 6.1; WOW64; rv:23.0) Gecko/20100101 Firefox/23.0"
87.115.172.109 - - [18/Aug/2013:12:06:13 -0400] "GET /eyewear/files/stacks_image_496.jpg HTTP/1.1" 200 9719 "http://eyepiecestexas.com/eyewear/" "Mozilla/5.0 (Windows NT 6.1; WOW64; rv:23.0) Gecko/20100101 Firefox/23.0"
87.115.172.109 - - [18/Aug/2013:12:06:13 -0400] "GET /eyewear/files/stacks_image_510.jpg HTTP/1.1" 200 9275 "http://eyepiecestexas.com/eyewear/" "Mozilla/5.0 (Windows NT 6.1; WOW64; rv:23.0) Gecko/20100101 Firefox/23.0"
87.115.172.109 - - [18/Aug/2013:12:06:13 -0400] "GET /eyewear/files/stacks_image_530.jpg HTTP/1.1" 200 8363 "http://eyepiecestexas.com/eyewear/" "Mozilla/5.0 (Windows NT 6.1; WOW64; rv:23.0) Gecko/20100101 Firefox/23.0"
87.115.172.109 - - [18/Aug/2013:12:06:13 -0400] "GET /eyewear/files/stacks_image_550.jpg HTTP/1.1" 200 15645 "http://eyepiecestexas.com/eyewear/" "Mozilla/5.0 (Windows NT 6.1; WOW64; rv:23.0) Gecko/20100101 Firefox/23.0"
87.115.172.109 - - [18/Aug/2013:12:06:14 -0400] "GET /eyewear/files/stacks_image_578.jpg HTTP/1.1" 200 9595 "http://eyepiecestexas.com/eyewear/" "Mozilla/5.0 (Windows NT 6.1; WOW64; rv:23.0) Gecko/20100101 Firefox/23.0"
87.115.172.109 - - [18/Aug/2013:12:06:14 -0400] "GET /eyewear/files/stacks_image_604.jpg HTTP/1.1" 200 10156 "http://eyepiecestexas.com/eyewear/" "Mozilla/5.0 (Windows NT 6.1; WOW64; rv:23.0) Gecko/20100101 Firefox/23.0"
87.115.172.109 - - [18/Aug/2013:12:06:14 -0400] "GET /eyewear/files/stacks_image_622.jpg HTTP/1.1" 200 7695 "http://eyepiecestexas.com/eyewear/" "Mozilla/5.0 (Windows NT 6.1; WOW64; rv:23.0) Gecko/20100101 Firefox/23.0"
87.115.172.109 - - [18/Aug/2013:12:06:14 -0400] "GET /eyewear/files/stacks_image_237.jpg HTTP/1.1" 200 12263 "http://eyepiecestexas.com/eyewear/" "Mozilla/5.0 (Windows NT 6.1; WOW64; rv:23.0) Gecko/20100101 Firefox/23.0"
87.115.172.109 - - [18/Aug/2013:12:06:14 -0400] "GET /eyewear/files/stacks_image_253.jpg HTTP/1.1" 200 5300 "http://eyepiecestexas.com/eyewear/" "Mozilla/5.0 (Windows NT 6.1; WOW64; rv:23.0) Gecko/20100101 Firefox/23.0"
87.115.172.109 - - [18/Aug/2013:12:06:14 -0400] "GET /eyewear/files/stacks_image_670.jpg HTTP/1.1" 200 29466 "http://eyepiecestexas.com/eyewear/" "Mozilla/5.0 (Windows NT 6.1; WOW64; rv:23.0) Gecko/20100101 Firefox/23.0"
87.115.172.109 - - [18/Aug/2013:12:06:14 -0400] "GET /eyewear/files/stacks_image_810.png HTTP/1.1" 200 6280 "http://eyepiecestexas.com/eyewear/" "Mozilla/5.0 (Windows NT 6.1; WOW64; rv:23.0) Gecko/20100101 Firefox/23.0"
87.115.172.109 - - [18/Aug/2013:12:06:14 -0400] "GET /rw_common/themes/dexture/images/mainContentCornerShadowLeft.png HTTP/1.1" 200 1452 "http://eyepiecestexas.com/rw_common/themes/dexture/consolidated-screen-2.css" "Mozilla/5.0 (Windows NT 6.1; WOW64; rv:23.0) Gecko/20100101 Firefox/23.0"
87.115.172.109 - - [18/Aug/2013:12:06:15 -0400] "GET /rw_common/themes/dexture/images/darkAlphaBg.png HTTP/1.1" 200 70 "http://eyepiecestexas.com/rw_common/themes/dexture/consolidated-screen-2.css" "Mozilla/5.0 (Windows NT 6.1; WOW64; rv:23.0) Gecko/20100101 Firefox/23.0"
87.115.172.109 - - [18/Aug/2013:12:06:15 -0400] "GET /rw_common/themes/dexture/images/closebox.png HTTP/1.1" 200 1910 "http://eyepiecestexas.com/eyewear/" "Mozilla/5.0 (Windows NT 6.1; WOW64; rv:23.0) Gecko/20100101 Firefox/23.0"
157.55.32.82 - - [18/Aug/2013:00:06:02 -0400] "GET /rw_common/themes/dexture/scripts/nimblehostDropDownMenu.js HTTP/1.1" 200 988 "-" "Mozilla/5.0 (compatible; bingbot/2.0; +http://www.bing.com/bingbot.htm)"
54.242.174.64 - - [18/Aug/2013:19:03:38 -0400] "GET /promotions/ HTTP/1.0" 200 23361 "-" "Mozilla/5.0 (compatible; Goodzer/2.0; crawler@goodzer.com)"
54.242.174.64 - - [18/Aug/2013:19:03:45 -0400] "GET / HTTP/1.0" 200 16359 "-" "Mozilla/5.0 (compatible; Goodzer/2.0; crawler@goodzer.com)"
54.242.174.64 - - [18/Aug/2013:19:05:06 -0400] "GET /promotions/?tag=Good%20Morning%20Texas HTTP/1.0" 200 13439 "-" "Mozilla/5.0 (compatible; Goodzer/2.0; crawler@goodzer.com)"
54.242.174.64 - - [18/Aug/2013:19:35:36 -0400] "GET /promotions/?tag=Chanel HTTP/1.0" 200 23104 "-" "Mozilla/5.0 (compatible; Goodzer/2.0; crawler@goodzer.com)"
54.242.174.64 - - [18/Aug/2013:19:37:43 -0400] "GET /rw_common/themes/dexture/consolidated-screen-3.css HTTP/1.1" 200 27899 "-" "cssutils 0.9.8a3 (http://www.cthedot.de/cssutils/)"
46.119.118.152 - - [18/Aug/2013:09:16:21 -0400] "GET / HTTP/1.1" 200 16359 "http://remont-mobile-phones.ru/" "Mozilla/4.0 (compatible; MSIE 6.0; Windows NT 5.2; WOW64; SV1; .NET CLR 2.0.50727)"
46.119.118.152 - - [18/Aug/2013:09:16:21 -0400] "GET / HTTP/1.1" 200 16359 "http://remont-mobile-phones.ru/" "Mozilla/4.0 (compatible; MSIE 6.0; Windows NT 5.2; WOW64; SV1; .NET CLR 2.0.50727)"
72.14.199.35 - - [18/Aug/2013:04:05:54 -0400] "GET /feed?3e3ea140 HTTP/1.1" 200 5319 "-" "Feedfetcher-Google; (+http://www.google.com/feedfetcher.html; 1 subscribers; feed-id=11757162533075784121)"
66.220.7.244 - - [18/Aug/2013:08:47:28 -0400] "GET / HTTP/1.1" 200 16359 "http://mawords.com/eyepiecestexas.com" "Mozilla/5.0 (Windows NT 5.1; rv:21.0) Gecko/20100101 Firefox/21.0"
173.70.141.147 - - [18/Aug/2013:03:56:38 -0400] "GET /files/stacks_page_page0.js HTTP/1.1" 200 11218 "-" "panscient.com"
173.70.141.147 - - [18/Aug/2013:03:56:39 -0400] "GET /rw_common/themes/dexture/javascript.js HTTP/1.1" 200 14608 "-" "panscient.com"
173.70.141.147 - - [18/Aug/2013:03:56:40 -0400] "GET /rw_common/themes/dexture/scripts/nimblehost.js HTTP/1.1" 200 17247 "-" "panscient.com"
173.70.141.147 - - [18/Aug/2013:03:56:41 -0400] "GET /contactlens/.google-analytics.com/ga.js HTTP/1.1" 200 4819 "-" "panscient.com"
173.70.141.147 - - [18/Aug/2013:03:57:57 -0400] "GET /robots.txt HTTP/1.1" 200 48 "-" "panscient.com"
173.70.141.147 - - [18/Aug/2013:03:57:59 -0400] "GET /find-us/ HTTP/1.1" 200 15503 "-" "panscient.com"
173.70.141.147 - - [18/Aug/2013:04:00:53 -0400] "GET /contactlens/ HTTP/1.1" 200 13977 "-" "panscient.com"
173.70.141.147 - - [18/Aug/2013:04:00:54 -0400] "GET /contactlens/files/stacks_page_page3.js HTTP/1.1" 200 9337 "-" "panscient.com"
173.70.141.147 - - [18/Aug/2013:04:00:55 -0400] "GET /find-us/ HTTP/1.1" 200 15503 "-" "panscient.com"
72.14.199.35 - - [18/Aug/2013:01:02:11 -0400] "GET /feed HTTP/1.1" 200 5319 "-" "Feedfetcher-Google; (+http://www.google.com/feedfetcher.html; 1 subscribers; feed-id=11757162533075784121)"
192.114.71.13 - - [18/Aug/2013:01:50:46 -0400] "GET /contactlens/ HTTP/1.0" 200 13977 "http://eyepiecestexas.com" "Mozilla/5.0 (X11; Ubuntu; Linux x86_64; rv:11.0) Gecko/20100101 Firefox/11.0"
72.14.199.35 - - [18/Aug/2013:16:05:43 -0400] "GET /feed HTTP/1.1" 200 4819 "-" "Feedfetcher-Google; (+http://www.google.com/feedfetcher.html; 1 subscribers; feed-id=11757162533075784121)"
46.118.126.194 - - [18/Aug/2013:17:00:45 -0400] "GET / HTTP/1.1" 200 16359 "http://skupkaru.ru/" "Mozilla/4.0 (compatible; MSIE 6.0; Windows NT 5.1; SV1; FunWebProducts; MRA 4.6 (build 01425); .NET CLR 1.1.4322; .NET CLR 2.0.50727)"
99.70.92.155 - - [18/Aug/2013:17:31:07 -0400] "GET /rw_common/plugins/stacks/stacks.css HTTP/1.1" 200 1841 "http://eyepiecestexas.com/contact/" "Mozilla/5.0 (iPhone; CPU iPhone OS 6_1_4 like Mac OS X) AppleWebKit/536.26 (KHTML, like Gecko) Version/6.0 Mobile/10B350 Safari/8536.25"
87.115.172.109 - - [18/Aug/2013:12:06:12 -0400] "GET /rw_common/themes/dexture/scripts/nimblehost.js HTTP/1.1" 200 17247 "http://eyepiecestexas.com/eyewear/" "Mozilla/5.0 (Windows NT 6.1; WOW64; rv:23.0) Gecko/20100101 Firefox/23.0"
87.115.172.109 - - [18/Aug/2013:12:06:12 -0400] "GET /rw_common/plugins/stacks/stacks.css HTTP/1.1" 200 1841 "http://eyepiecestexas.com/eyewear/" "Mozilla/5.0 (Windows NT 6.1; WOW64; rv:23.0) Gecko/20100101 Firefox/23.0"
87.115.172.109 - - [18/Aug/2013:12:06:12 -0400] "GET /eyewear/files/cufon-yui.js HTTP/1.1" 200 18258 "http://eyepiecestexas.com/eyewear/" "Mozilla/5.0 (Windows NT 6.1; WOW64; rv:23.0) Gecko/20100101 Firefox/23.0"
87.115.172.109 - - [18/Aug/2013:12:06:13 -0400] "GET /eyewear/files/stacks_image_410.jpg HTTP/1.1" 200 9731 "http://eyepiecestexas.com/eyewear/" "Mozilla/5.0 (Windows NT 6.1; WOW64; rv:23.0) Gecko/20100101 Firefox/23.0"
87.115.172.109 - - [18/Aug/2013:12:06:13 -0400] "GET /eyewear/files/stacks_image_456.jpg HTTP/1.1" 200 7915 "http://eyepiecestexas.com/eyewear/" "Mozilla/5.0 (Windows NT 6.1; WOW64; rv:23.0) Gecko/20100101 Firefox/23.0"
87.115.172.109 - - [18/Aug/2013:12:06:13 -0400] "GET /eyewear/files/stacks_image_480.jpg HTTP/1.1" 200 6525 "http://eyepiecestexas.com/eyewear/" "Mozilla/5.0 (Windows NT 6.1; WOW64; rv:23.0) Gecko/20100101 Firefox/23.0"
87.115.172.109 - - [18/Aug/2013:12:06:13 -0400] "GET /eyewear/files/stacks_image_500.jpg HTTP/1.1" 200 8384 "http://eyepiecestexas.com/eyewear/" "Mozilla/5.0 (Windows NT 6.1; WOW64; rv:23.0) Gecko/20100101 Firefox/23.0"
87.115.172.109 - - [18/Aug/2013:12:06:13 -0400] "GET /eyewear/files/stacks_image_520.jpg HTTP/1.1" 200 21331 "http://eyepiecestexas.com/eyewear/" "Mozilla/5.0 (Windows NT 6.1; WOW64; rv:23.0) Gecko/20100101 Firefox/23.0"
87.115.172.109 - - [18/Aug/2013:12:06:13 -0400] "GET /eyewear/files/stacks_image_540.jpg HTTP/1.1" 200 11363 "http://eyepiecestexas.com/eyewear/" "Mozilla/5.0 (Windows NT 6.1; WOW64; rv:23.0) Gecko/20100101 Firefox/23.0"
87.115.172.109 - - [18/Aug/2013:12:06:13 -0400] "GET /eyewear/files/stacks_image_568.jpg HTTP/1.1" 200 7468 "http://eyepiecestexas.com/eyewear/" "Mozilla/5.0 (Windows NT 6.1; WOW64; rv:23.0) Gecko/20100101 Firefox/23.0"
87.115.172.109 - - [18/Aug/2013:12:06:14 -0400] "GET /eyewear/files/stacks_image_594.jpg HTTP/1.1" 200 14177 "http://eyepiecestexas.com/eyewear/" "Mozilla/5.0 (Windows NT 6.1; WOW64; rv:23.0) Gecko/20100101 Firefox/23.0"
87.115.172.109 - - [18/Aug/2013:12:06:14 -0400] "GET /eyewear/files/stacks_image_137.jpg HTTP/1.1" 200 22859 "http://eyepiecestexas.com/eyewear/" "Mozilla/5.0 (Windows NT 6.1; WOW64; rv:23.0) Gecko/20100101 Firefox/23.0"
87.115.172.109 - - [18/Aug/2013:12:06:14 -0400] "GET /eyewear/files/stacks_image_632.jpg HTTP/1.1" 200 9921 "http://eyepiecestexas.com/eyewear/" "Mozilla/5.0 (Windows NT 6.1; WOW64; rv:23.0) Gecko/20100101 Firefox/23.0"
87.115.172.109 - - [18/Aug/2013:12:06:14 -0400] "GET /eyewear/files/stacks_image_638.jpg HTTP/1.1" 200 13484 "http://eyepiecestexas.com/eyewear/" "Mozilla/5.0 (Windows NT 6.1; WOW64; rv:23.0) Gecko/20100101 Firefox/23.0"
87.115.172.109 - - [18/Aug/2013:12:06:14 -0400] "GET /eyewear/files/stacks_image_656.jpg HTTP/1.1" 200 10694 "http://eyepiecestexas.com/eyewear/" "Mozilla/5.0 (Windows NT 6.1; WOW64; rv:23.0) Gecko/20100101 Firefox/23.0"
87.115.172.109 - - [18/Aug/2013:12:06:14 -0400] "GET /eyewear/files/stacks_image_682.jpg HTTP/1.1" 200 18043 "http://eyepiecestexas.com/eyewear/" "Mozilla/5.0 (Windows NT 6.1; WOW64; rv:23.0) Gecko/20100101 Firefox/23.0"
87.115.172.109 - - [18/Aug/2013:12:06:14 -0400] "GET /rw_common/themes/dexture/images/editable_images/paper.png HTTP/1.1" 200 154825 "http://eyepiecestexas.com/rw_common/themes/dexture/consolidated-screen-2.css" "Mozilla/5.0 (Windows NT 6.1; WOW64; rv:23.0) Gecko/20100101 Firefox/23.0"
87.115.172.109 - - [18/Aug/2013:12:06:15 -0400] "GET /favicon.ico HTTP/1.1" 200 3319 "-" "Mozilla/5.0 (Windows NT 6.1; WOW64; rv:23.0) Gecko/20100101 Firefox/23.0"
68.106.57.127 - - [18/Aug/2013:12:08:59 -0400] "GET /rw_common/themes/dexture/scripts/nimblehostPulseVIP.js HTTP/1.1" 200 1205 "http://eyepiecestexas.com/" "Mozilla/5.0 (Linux; U; Android 4.2.2; en-us; Galaxy Nexus Build/JDQ39) AppleWebKit/534.30 (KHTML, like Gecko) Version/4.0 Mobile Safari/534.30"
68.106.57.127 - - [18/Aug/2013:12:08:59 -0400] "GET /rw_common/plugins/stacks/stacks.css HTTP/1.1" 200 1841 "http://eyepiecestexas.com/" "Mozilla/5.0 (Linux; U; Android 4.2.2; en-us; Galaxy Nexus Build/JDQ39) AppleWebKit/534.30 (KHTML, like Gecko) Version/4.0 Mobile Safari/534.30"
68.106.57.127 - - [18/Aug/2013:12:09:02 -0400] "GET /rw_common/themes/dexture/images/mainContentCornerShadowLeft.png HTTP/1.1" 200 1452 "http://eyepiecestexas.com/" "Mozilla/5.0 (Linux; U; Android 4.2.2; en-us; Galaxy Nexus Build/JDQ39) AppleWebKit/534.30 (KHTML, like Gecko) Version/4.0 Mobile Safari/534.30"
68.106.57.127 - - [18/Aug/2013:12:09:02 -0400] "GET /files/stacks_image_164.png HTTP/1.1" 200 3361 "http://eyepiecestexas.com/" "Mozilla/5.0 (Linux; U; Android 4.2.2; en-us; Galaxy Nexus Build/JDQ39) AppleWebKit/534.30 (KHTML, like Gecko) Version/4.0 Mobile Safari/534.30"
68.106.57.127 - - [18/Aug/2013:12:09:02 -0400] "GET /files/stacks_image_166.png HTTP/1.1" 200 5857 "http://eyepiecestexas.com/" "Mozilla/5.0 (Linux; U; Android 4.2.2; en-us; Galaxy Nexus Build/JDQ39) AppleWebKit/534.30 (KHTML, like Gecko) Version/4.0 Mobile Safari/534.30"
65.55.52.118 - - [18/Aug/2013:14:19:20 -0400] "GET /robots.txt HTTP/1.1" 200 48 "-" "Mozilla/5.0 (compatible; bingbot/2.0; +http://www.bing.com/bingbot.htm)"
192.114.71.13 - - [18/Aug/2013:01:50:51 -0400] "GET /promotions/?tag=David%20Yurman HTTP/1.0" 200 25375 "http://eyepiecestexas.com/promotions/" "Mozilla/5.0 (X11; Ubuntu; Linux x86_64; rv:11.0) Gecko/20100101 Firefox/11.0"
173.70.141.147 - - [18/Aug/2013:03:58:41 -0400] "GET /robots.txt HTTP/1.1" 200 48 "-" "panscient.com"
173.70.141.147 - - [18/Aug/2013:03:58:42 -0400] "GET /promotions/?tag=%20Summer HTTP/1.1" 200 16168 "-" "panscient.com"
173.70.141.147 - - [18/Aug/2013:03:58:46 -0400] "GET /robots.txt HTTP/1.1" 200 48 "-" "panscient.com"
173.70.141.147 - - [18/Aug/2013:03:58:49 -0400] "GET /promotions/?tag=David%20Yurman HTTP/1.1" 200 25375 "-" "panscient.com"
173.70.141.147 - - [18/Aug/2013:03:58:50 -0400] "GET /promotions/?tag=Good%20Morning%20Texas HTTP/1.1" 200 13439 "-" "panscient.com"
173.70.141.147 - - [18/Aug/2013:04:00:45 -0400] "GET /promotions/?tag=%20Prada HTTP/1.1" 200 16168 "-" "panscient.com"
173.70.141.147 - - [18/Aug/2013:04:00:47 -0400] "GET /robots.txt HTTP/1.1" 200 48 "-" "panscient.com"
173.70.141.147 - - [18/Aug/2013:04:00:47 -0400] "GET /promotions/?tag=Prada HTTP/1.1" 200 21599 "-" "panscient.com"
173.70.141.147 - - [18/Aug/2013:04:00:48 -0400] "GET /promotions/?post_id=25&title=national-sunglasses-day HTTP/1.1" 200 16039 "-" "panscient.com"
173.70.141.147 - - [18/Aug/2013:04:00:49 -0400] "GET /promotions/?page_id=3&title= HTTP/1.1" 200 12691 "-" "panscient.com"
173.70.141.147 - - [18/Aug/2013:04:00:50 -0400] "GET /promotions/?page_id=2&title= HTTP/1.1" 200 15948 "-" "panscient.com"
173.70.141.147 - - [18/Aug/2013:04:00:52 -0400] "GET /promotions/?tag=Eye%20Pieces%20Plano HTTP/1.1" 200 23450 "-" "panscient.com"
173.70.141.147 - - [18/Aug/2013:04:01:30 -0400] "GET /promotions/ HTTP/1.1" 200 23361 "-" "panscient.com"
173.70.141.147 - - [18/Aug/2013:04:01:31 -0400] "GET /promotions/?tag=David%20Yurman HTTP/1.1" 200 25375 "-" "panscient.com"
173.70.141.147 - - [18/Aug/2013:04:01:33 -0400] "GET /promotions/?post_id=17&title=happy-2013-to-all-of-our-contact-lens-patients HTTP/1.1" 200 13198 "-" "panscient.com"
173.70.141.147 - - [18/Aug/2013:04:01:34 -0400] "GET /promotions/?category=the%20David%20Yurman%20Collection HTTP/1.1" 200 14703 "-" "panscient.com"
173.70.141.147 - - [18/Aug/2013:04:01:35 -0400] "GET /promotions/?post_id=15&title=dr-birenbaum-on-good-morning-texas-this-friday HTTP/1.1" 200 13287 "-" "panscient.com"
173.70.141.147 - - [18/Aug/2013:04:01:36 -0400] "GET /promotions/?tag=Dr.%20Bob HTTP/1.1" 200 22523 "-" "panscient.com"
173.70.141.147 - - [18/Aug/2013:04:01:37 -0400] "GET /promotions/?tag=Dr.%20Birenbaum HTTP/1.1" 200 22523 "-" "panscient.com"
173.70.141.147 - - [18/Aug/2013:04:01:39 -0400] "GET /promotions/?tag=Tom%20Ford HTTP/1.1" 200 22610 "-" "panscient.com"
173.70.141.147 - - [18/Aug/2013:04:01:42 -0400] "GET /promotions/?tag=Good%20Morning%20Texas HTTP/1.1" 200 13439 "-" "panscient.com"
173.70.141.147 - - [18/Aug/2013:04:01:43 -0400] "GET /promotions/?tag=%20Chanel HTTP/1.1" 200 16168 "-" "panscient.com"
173.70.141.147 - - [18/Aug/2013:04:01:44 -0400] "GET /promotions/?tag=Chanel HTTP/1.1" 200 23104 "-" "panscient.com"
173.70.141.147 - - [18/Aug/2013:04:01:46 -0400] "GET /promotions/?tag=%20Oakley HTTP/1.1" 200 16168 "-" "panscient.com"
173.70.141.147 - - [18/Aug/2013:04:01:47 -0400] "GET /promotions/?tag=%20National%20Sunglasses%20Day HTTP/1.1" 200 16168 "-" "panscient.com"
173.70.141.147 - - [18/Aug/2013:04:01:48 -0400] "GET /promotions/?tag=%20Courtney%20Kerr HTTP/1.1" 200 16168 "-" "panscient.com"
173.70.141.147 - - [18/Aug/2013:04:01:50 -0400] "GET /promotions/?tag=%20Marc%20Jacobs HTTP/1.1" 200 16168 "-" "panscient.com"
173.70.141.147 - - [18/Aug/2013:04:01:52 -0400] "GET /promotions/?tag=Kellie%20Rasberry HTTP/1.1" 200 13439 "-" "panscient.com"
173.70.141.147 - - [18/Aug/2013:04:01:53 -0400] "GET /promotions/?tag=Eye%20Pieces%20Plano HTTP/1.1" 200 23450 "-" "panscient.com"
173.70.141.147 - - [18/Aug/2013:04:01:54 -0400] "GET /promotions/?tag=Kate%20Spade HTTP/1.1" 200 16168 "-" "panscient.com"
173.70.141.147 - - [18/Aug/2013:04:01:55 -0400] "GET /promotions/?tag=%20D%20The%20Broadcast HTTP/1.1" 200 16168 "-" "panscient.com"
173.70.141.147 - - [18/Aug/2013:04:01:56 -0400] "GET /promotions/?tag=%20Prada HTTP/1.1" 200 16168 "-" "panscient.com"
173.70.141.147 - - [18/Aug/2013:04:01:57 -0400] "GET /promotions/?tag=Prada HTTP/1.1" 200 21599 "-" "panscient.com"
173.70.141.147 - - [18/Aug/2013:04:01:59 -0400] "GET /promotions/?tag=An%20Evening%20to%20Remember HTTP/1.1" 200 13439 "-" "panscient.com"
173.70.141.147 - - [18/Aug/2013:04:02:00 -0400] "GET /promotions/?post_id=13&title=its-finally-arrived HTTP/1.1" 200 14578 "-" "panscient.com"
173.70.141.147 - - [18/Aug/2013:04:02:01 -0400] "GET /promotions/?tag=%20Maui%20Jims HTTP/1.1" 200 16168 "-" "panscient.com"
173.70.141.147 - - [18/Aug/2013:04:02:02 -0400] "GET /promotions/?post_id=25&title=national-sunglasses-day HTTP/1.1" 200 16039 "-" "panscient.com"
173.70.141.147 - - [18/Aug/2013:04:02:03 -0400] "GET /promotions/?post_id=24&title=eye-pieces-plano-memorial-weekend-special HTTP/1.1" 200 16781 "-" "panscient.com"
173.70.141.147 - - [18/Aug/2013:04:02:04 -0400] "GET /promotions/?page_id=3&title= HTTP/1.1" 200 12691 "-" "panscient.com"
173.70.141.147 - - [18/Aug/2013:04:02:05 -0400] "GET /promotions/?tag=The%20Shops%20at%20Legacy HTTP/1.1" 200 22443 "-" "panscient.com"
173.70.141.147 - - [18/Aug/2013:04:02:06 -0400] "GET /promotions/?page_id=2&title= HTTP/1.1" 200 15948 "-" "panscient.com"
173.70.141.147 - - [18/Aug/2013:04:02:09 -0400] "GET /promotions/?page_id=1&title=blog HTTP/1.1" 200 23361 "-" "panscient.com"
173.70.141.147 - - [18/Aug/2013:04:02:11 -0400] "GET /promotions/?tag=%20sunglasses%20expert HTTP/1.1" 200 16168 "-" "panscient.com"
173.70.141.147 - - [18/Aug/2013:04:02:12 -0400] "GET /promotions/?post_id=23&title=the-reason-i-love-my-job HTTP/1.1" 200 13142 "-" "panscient.com"
173.70.141.147 - - [18/Aug/2013:04:02:13 -0400] "GET /promotions/files/armadillo/ HTTP/1.1" 302 59 "-" "panscient.com"
173.70.141.147 - - [18/Aug/2013:04:03:09 -0400] "GET /contactlens/files/cufon-yui.js HTTP/1.1" 200 18258 "-" "panscient.com"
173.70.141.147 - - [18/Aug/2013:04:03:10 -0400] "GET /contactlens/files/).replace(/;/g, HTTP/1.1" 200 5819 "-" "panscient.com"
173.70.141.147 - - [18/Aug/2013:04:03:22 -0400] "GET /text/css HTTP/1.1" 200 3319 "-" "panscient.com"
173.70.141.147 - - [18/Aug/2013:04:03:41 -0400] "GET /promotions/files/armadillo/core/scripts/jquery.colorbox-min.js HTTP/1.1" 200 10269 "-" "panscient.com"
173.70.141.147 - - [18/Aug/2013:04:03:43 -0400] "GET /staff/.google-analytics.com/ga.js HTTP/1.1" 200 5819 "-" "panscient.com"
66.249.75.204 - - [18/Aug/2013:17:31:55 -0400] "GET /promotions/?tag=Trunk%20Show HTTP/1.1" 200 14370 "-" "Mozilla/5.0 (compatible; Googlebot/2.1; +http://www.google.com/bot.html)"
54.242.174.64 - - [18/Aug/2013:19:03:42 -0400] "GET /contactlens/ HTTP/1.0" 200 13977 "-" "Mozilla/5.0 (compatible; Goodzer/2.0; crawler@goodzer.com)"
54.242.174.64 - - [18/Aug/2013:19:04:18 -0400] "GET /promotions/?post_id=24&title=eye-pieces-plano-memorial-weekend-special HTTP/1.0" 200 16781 "-" "Mozilla/5.0 (compatible; Goodzer/2.0; crawler@goodzer.com)"
54.242.174.64 - - [18/Aug/2013:19:04:47 -0400] "GET /promotions/?tag=%20Maui%20Jims HTTP/1.0" 200 16168 "-" "Mozilla/5.0 (compatible; Goodzer/2.0; crawler@goodzer.com)"
54.242.174.64 - - [18/Aug/2013:19:04:51 -0400] "GET /promotions/?tag=%20Persol HTTP/1.0" 200 16168 "-" "Mozilla/5.0 (compatible; Goodzer/2.0; crawler@goodzer.com)"
72.14.199.35 - - [18/Aug/2013:19:12:40 -0400] "GET /feed HTTP/1.1" 200 5819 "-" "Feedfetcher-Google; (+http://www.google.com/feedfetcher.html; 1 subscribers; feed-id=11757162533075784121)"
54.242.174.64 - - [18/Aug/2013:19:37:28 -0400] "GET /promotions/files/stacks_page_page7.css HTTP/1.1" 200 429 "-" "cssutils 0.9.8a3 (http://www.cthedot.de/cssutils/)"
54.242.174.64 - - [18/Aug/2013:19:37:37 -0400] "GET /rw_common/themes/dexture/consolidated-all-5.css HTTP/1.1" 200 13449 "-" "cssutils 0.9.8a3 (http://www.cthedot.de/cssutils/)"
178.137.128.12 - - [18/Aug/2013:03:50:15 -0400] "GET / HTTP/1.1" 200 16359 "http://www.uabuild.com/" "Mozilla/4.0 (compatible; MSIE 6.0; Windows NT 5.1; SV1; MRA 4.6 (build 01425); MRSPUTNIK 1, 5, 0, 19 SW)"
173.70.141.147 - - [18/Aug/2013:03:57:25 -0400] "GET /robots.txt HTTP/1.1" 200 48 "-" "panscient.com"
173.70.141.147 - - [18/Aug/2013:03:57:26 -0400] "GET /contact/files/?)(this.style.position= HTTP/1.1" 403 660 "-" "panscient.com"
173.70.141.147 - - [18/Aug/2013:04:00:03 -0400] "GET /about/ HTTP/1.1" 200 14428 "-" "panscient.com"
173.70.141.147 - - [18/Aug/2013:04:00:05 -0400] "GET /robots.txt HTTP/1.1" 200 48 "-" "panscient.com"
173.70.141.147 - - [18/Aug/2013:04:03:45 -0400] "GET /eyewear/files/stacks_page_page2.js HTTP/1.1" 200 31106 "-" "panscient.com"
173.70.141.147 - - [18/Aug/2013:04:03:46 -0400] "GET /find-us/.google-analytics.com/ga.js HTTP/1.1" 200 5819 "-" "panscient.com"
66.220.7.244 - - [18/Aug/2013:08:42:03 -0400] "GET / HTTP/1.1" 200 16359 "http://eyepieces.net/" "Mozilla/5.0 (Windows NT 5.1; rv:21.0) Gecko/20100101 Firefox/21.0"
46.119.118.152 - - [18/Aug/2013:09:16:22 -0400] "GET / HTTP/1.1" 200 16359 "http://remont-mobile-phones.ru/" "Mozilla/4.0 (compatible; MSIE 6.0; Windows NT 5.2; WOW64; SV1; .NET CLR 2.0.50727)"
99.70.92.155 - - [18/Aug/2013:11:46:29 -0400] "GET /about/ HTTP/1.1" 200 14428 "http://eyepiecestexas.com/" "Mozilla/5.0 (iPhone; CPU iPhone OS 6_1_4 like Mac OS X) AppleWebKit/536.26 (KHTML, like Gecko) Version/6.0 Mobile/10B350 Safari/8536.25"
99.70.92.155 - - [18/Aug/2013:11:46:30 -0400] "GET /about/files/cufon-yui.js HTTP/1.1" 200 18258 "http://eyepiecestexas.com/about/" "Mozilla/5.0 (iPhone; CPU iPhone OS 6_1_4 like Mac OS X) AppleWebKit/536.26 (KHTML, like Gecko) Version/6.0 Mobile/10B350 Safari/8536.25"
99.70.92.155 - - [18/Aug/2013:11:46:30 -0400] "GET /about/files/rdc_9305-500.jpg HTTP/1.1" 200 29824 "http://eyepiecestexas.com/about/" "Mozilla/5.0 (iPhone; CPU iPhone OS 6_1_4 like Mac OS X) AppleWebKit/536.26 (KHTML, like Gecko) Version/6.0 Mobile/10B350 Safari/8536.25"
99.70.92.155 - - [18/Aug/2013:11:46:30 -0400] "GET /rw_common/themes/dexture/consolidated-handheld-1.css HTTP/1.1" 200 13394 "http://eyepiecestexas.com/about/" "Mozilla/5.0 (iPhone; CPU iPhone OS 6_1_4 like Mac OS X) AppleWebKit/536.26 (KHTML, like Gecko) Version/6.0 Mobile/10B350 Safari/8536.25"
99.70.92.155 - - [18/Aug/2013:11:46:30 -0400] "GET /rw_common/themes/dexture/consolidated-print-1.css HTTP/1.1" 200 10005 "http://eyepiecestexas.com/about/" "Mozilla/5.0 (iPhone; CPU iPhone OS 6_1_4 like Mac OS X) AppleWebKit/536.26 (KHTML, like Gecko) Version/6.0 Mobile/10B350 Safari/8536.25"
54.242.174.64 - - [18/Aug/2013:19:03:39 -0400] "GET /about/ HTTP/1.0" 200 14428 "-" "Mozilla/5.0 (compatible; Goodzer/2.0; crawler@goodzer.com)"
54.242.174.64 - - [18/Aug/2013:19:04:12 -0400] "GET /promotions/?tag=Kate%20Spade HTTP/1.0" 200 16168 "-" "Mozilla/5.0 (compatible; Goodzer/2.0; crawler@goodzer.com)"
54.242.174.64 - - [18/Aug/2013:19:35:29 -0400] "GET /promotions/?tag=%20Persol HTTP/1.0" 200 16168 "-" "Mozilla/5.0 (compatible; Goodzer/2.0; crawler@goodzer.com)"
199.30.24.67 - - [18/Aug/2013:01:07:33 -0400] "GET /resources/Dream_Orphans_700.font.js?_=1376802447626 HTTP/1.1" 200 36773 "http://eyepiecestexas.com/" "Mozilla/5.0 (Windows NT 6.1; WOW64) AppleWebKit/534+ (KHTML, like Gecko) BingPreview/1.0b"
192.114.71.13 - - [18/Aug/2013:01:50:49 -0400] "GET /promotions/?tag=Bulgari HTTP/1.0" 200 16168 "http://eyepiecestexas.com/promotions/" "Mozilla/5.0 (X11; Ubuntu; Linux x86_64; rv:11.0) Gecko/20100101 Firefox/11.0"
173.70.141.147 - - [18/Aug/2013:03:57:33 -0400] "GET /contact/files/?);m=u&w;p( HTTP/1.1" 403 660 "-" "panscient.com"
173.70.141.147 - - [18/Aug/2013:03:59:17 -0400] "GET /contactlens/ HTTP/1.1" 200 13977 "-" "panscient.com"
173.70.141.147 - - [18/Aug/2013:03:59:18 -0400] "GET /resources/Dream_Orphans_700.font.js HTTP/1.1" 200 36773 "-" "panscient.com"
173.70.141.147 - - [18/Aug/2013:03:59:20 -0400] "GET /contactlens/.google-analytics.com/ga.js HTTP/1.1" 200 3819 "-" "panscient.com"
173.70.141.147 - - [18/Aug/2013:04:03:04 -0400] "GET /resources/Dream_Orphans_700.font.js HTTP/1.1" 200 36773 "-" "panscient.com"
173.70.141.147 - - [18/Aug/2013:04:03:05 -0400] "GET /eyewear/.google-analytics.com/ga.js HTTP/1.1" 200 3819 "-" "panscient.com"
173.70.141.147 - - [18/Aug/2013:04:03:14 -0400] "GET /javascript.js HTTP/1.1" 200 5819 "-" "panscient.com"
173.208.165.90 - - [18/Aug/2013:00:57:10 -0400] "GET /robots.txt HTTP/1.0" 200 48 "-" "Mozilla/5.0 (compatible; MJ12bot/v1.4.3; http://www.majestic12.co.uk/bot.php?+)"
192.114.71.13 - - [18/Aug/2013:01:50:48 -0400] "GET /promotions/?tag=%20RayBan HTTP/1.0" 200 16168 "http://eyepiecestexas.com/promotions/" "Mozilla/5.0 (X11; Ubuntu; Linux x86_64; rv:11.0) Gecko/20100101 Firefox/11.0"
46.118.126.194 - - [18/Aug/2013:17:00:40 -0400] "GET / HTTP/1.1" 200 16359 "http://skupkaru.ru/" "Mozilla/4.0 (compatible; MSIE 6.0; Windows NT 5.1; SV1; FunWebProducts; MRA 4.6 (build 01425); .NET CLR 1.1.4322; .NET CLR 2.0.50727)"
66.249.75.204 - - [18/Aug/2013:17:53:24 -0400] "GET /promotions/files/stacks_page_page7.css HTTP/1.1" 200 429 "-" "Mozilla/5.0 (compatible; Googlebot/2.1; +http://www.google.com/bot.html)"
173.70.141.147 - - [18/Aug/2013:03:56:47 -0400] "GET /robots.txt HTTP/1.1" 200 48 "-" "panscient.com"
173.70.141.147 - - [18/Aug/2013:03:56:48 -0400] "GET /contact/ HTTP/1.1" 200 16927 "-" "panscient.com"
173.70.141.147 - - [18/Aug/2013:03:57:25 -0400] "GET /contact/files/?),f=b(a.theme&h? HTTP/1.1" 403 660 "-" "panscient.com"
173.70.141.147 - - [18/Aug/2013:03:57:26 -0400] "GET /robots.txt HTTP/1.1" 200 48 "-" "panscient.com"
173.70.141.147 - - [18/Aug/2013:03:57:27 -0400] "GET /contact/files/?);m=u&w;p( HTTP/1.1" 403 660 "-" "panscient.com"
173.208.165.90 - - [18/Aug/2013:00:56:55 -0400] "GET /?page_id=3&title= HTTP/1.0" 200 16359 "-" "Mozilla/5.0 (compatible; MJ12bot/v1.4.3; http://www.majestic12.co.uk/bot.php?+)"
66.249.75.35 - - [18/Aug/2013:00:57:03 -0400] "GET /contact/ HTTP/1.1" 200 16927 "-" "DoCoMo/2.0 N905i(c100;TB;W24H16) (compatible; Googlebot-Mobile/2.1; +http://www.google.com/bot.html)"
192.114.71.13 - - [18/Aug/2013:01:50:52 -0400] "GET /promotions/?post_id=13&title=its-finally-arrived HTTP/1.0" 200 14578 "http://eyepiecestexas.com/promotions/?tag=glasses" "Mozilla/5.0 (X11; Ubuntu; Linux x86_64; rv:11.0) Gecko/20100101 Firefox/11.0"
54.242.174.64 - - [18/Aug/2013:19:03:40 -0400] "GET /staff/ HTTP/1.0" 200 18464 "-" "Mozilla/5.0 (compatible; Goodzer/2.0; crawler@goodzer.com)"
54.242.174.64 - - [18/Aug/2013:19:04:42 -0400] "GET /promotions/?tag=%20Chanel HTTP/1.0" 200 16168 "-" "Mozilla/5.0 (compatible; Goodzer/2.0; crawler@goodzer.com)"
72.14.199.35 - - [18/Aug/2013:19:11:26 -0400] "GET /feed HTTP/1.1" 200 5819 "-" "Feedfetcher-Google; (+http://www.google.com/feedfetcher.html; 1 subscribers; feed-id=11757162533075784121)"
54.242.174.64 - - [18/Aug/2013:19:35:23 -0400] "GET /promotions/?tag=%20Designer%20Eyewear HTTP/1.0" 200 16168 "-" "Mozilla/5.0 (compatible; Goodzer/2.0; crawler@goodzer.com)"
54.242.174.64 - - [18/Aug/2013:19:37:30 -0400] "GET /rw_common/themes/dexture/consolidated-screen-7.css HTTP/1.1" 200 27899 "-" "cssutils 0.9.8a3 (http://www.cthedot.de/cssutils/)"
108.207.111.52 - - [18/Aug/2013:19:58:15 -0400] "GET /rw_common/themes/dexture/scripts/nimblehostPulseVIP.js HTTP/1.1" 200 1205 "http://eyepiecestexas.com/" "Mozilla/5.0 (Macintosh; Intel Mac OS X 10_8_4) AppleWebKit/537.36 (KHTML, like Gecko) Chrome/28.0.1500.95 Safari/537.36"
108.207.111.52 - - [18/Aug/2013:19:58:15 -0400] "GET /files/stacks_page_page0.js HTTP/1.1" 200 11218 "http://eyepiecestexas.com/" "Mozilla/5.0 (Macintosh; Intel Mac OS X 10_8_4) AppleWebKit/537.36 (KHTML, like Gecko) Chrome/28.0.1500.95 Safari/537.36"
108.207.111.52 - - [18/Aug/2013:19:58:17 -0400] "GET /rw_common/themes/dexture/images/pageTopGradient.png HTTP/1.1" 200 1338 "http://eyepiecestexas.com/" "Mozilla/5.0 (Macintosh; Intel Mac OS X 10_8_4) AppleWebKit/537.36 (KHTML, like Gecko) Chrome/28.0.1500.95 Safari/537.36"
108.207.111.52 - - [18/Aug/2013:19:58:17 -0400] "GET /resources/Dream_Orphans_700.font.js HTTP/1.1" 200 36773 "http://eyepiecestexas.com/" "Mozilla/5.0 (Macintosh; Intel Mac OS X 10_8_4) AppleWebKit/537.36 (KHTML, like Gecko) Chrome/28.0.1500.95 Safari/537.36"
108.207.111.52 - - [18/Aug/2013:19:58:18 -0400] "GET /files/stacks_image_166.png HTTP/1.1" 200 5857 "http://eyepiecestexas.com/" "Mozilla/5.0 (Macintosh; Intel Mac OS X 10_8_4) AppleWebKit/537.36 (KHTML, like Gecko) Chrome/28.0.1500.95 Safari/537.36"
108.207.111.52 - - [18/Aug/2013:19:58:18 -0400] "GET /rw_common/themes/dexture/images/upperShadow.png HTTP/1.1" 200 218 "http://eyepiecestexas.com/" "Mozilla/5.0 (Macintosh; Intel Mac OS X 10_8_4) AppleWebKit/537.36 (KHTML, like Gecko) Chrome/28.0.1500.95 Safari/537.36"
108.207.111.52 - - [18/Aug/2013:19:58:18 -0400] "GET /rw_common/themes/dexture/images/bottomShadow.png HTTP/1.1" 200 204 "http://eyepiecestexas.com/" "Mozilla/5.0 (Macintosh; Intel Mac OS X 10_8_4) AppleWebKit/537.36 (KHTML, like Gecko) Chrome/28.0.1500.95 Safari/537.36"
68.106.57.127 - - [18/Aug/2013:12:09:06 -0400] "GET /rw_common/themes/dexture/images/editable_images/concrete.png HTTP/1.1" 200 198645 "http://eyepiecestexas.com/" "Mozilla/5.0 (Linux; U; Android 4.2.2; en-us; Galaxy Nexus Build/JDQ39) AppleWebKit/534.30 (KHTML, like Gecko) Version/4.0 Mobile Safari/534.30"
68.106.57.127 - - [18/Aug/2013:12:09:06 -0400] "GET /rw_common/themes/dexture/consolidated-print-0.css HTTP/1.1" 200 9992 "http://eyepiecestexas.com/" "Mozilla/5.0 (Linux; U; Android 4.2.2; en-us; Galaxy Nexus Build/JDQ39) AppleWebKit/534.30 (KHTML, like Gecko) Version/4.0 Mobile Safari/534.30"
68.106.57.127 - - [18/Aug/2013:12:09:07 -0400] "GET /favicon.ico HTTP/1.1" 200 5819 "http://eyepiecestexas.com/" "Mozilla/5.0 (Linux; U; Android 4.2.2; en-us; Galaxy Nexus Build/JDQ39) AppleWebKit/534.30 (KHTML, like Gecko) Version/4.0 Mobile Safari/534.30"
157.55.35.102 - - [18/Aug/2013:14:22:37 -0400] "GET /Cazal.html HTTP/1.0" 200 3819 "-" "Mozilla/5.0 (compatible; bingbot/2.0; +http://www.bing.com/bingbot.htm)"
207.241.226.238 - - [18/Aug/2013:08:50:36 -0400] "GET /robots.txt HTTP/1.1" 200 48 "-" "ia_archiver(OS-Wayback)"
173.70.141.147 - - [18/Aug/2013:03:57:32 -0400] "GET /contact/files/?),this;c=b.param(j,m);i&(c=c?c+ HTTP/1.1" 403 660 "-" "panscient.com"
173.70.141.147 - - [18/Aug/2013:04:03:15 -0400] "GET /find-us/files/stacks_page_page4.js HTTP/1.1" 200 29537 "-" "panscient.com"
173.70.141.147 - - [18/Aug/2013:04:03:16 -0400] "GET /find-us/files/?sensor=false HTTP/1.1" 403 660 "-" "panscient.com"
173.70.141.147 - - [18/Aug/2013:04:03:23 -0400] "GET /about/files/stacks_page_page1.js HTTP/1.1" 200 24511 "-" "panscient.com"
173.70.141.147 - - [18/Aug/2013:04:03:24 -0400] "GET /contact/files/stacks_page_page5.js HTTP/1.1" 200 52171 "-" "panscient.com"
173.70.141.147 - - [18/Aug/2013:04:03:25 -0400] "GET /contact/files/?(c=== HTTP/1.1" 403 660 "-" "panscient.com"
173.70.141.147 - - [18/Aug/2013:04:03:33 -0400] "GET /contact/files/?==r.type&(e.extraData[c+ HTTP/1.1" 403 660 "-" "panscient.com"
173.70.141.147 - - [18/Aug/2013:04:03:38 -0400] "GET /promotions/.google-analytics.com/ga.js HTTP/1.1" 200 3319 "-" "panscient.com"
65.55.52.118 - - [18/Aug/2013:14:21:30 -0400] "GET /Information___Map.html HTTP/1.1" 200 3819 "-" "Mozilla/5.0 (compatible; bingbot/2.0; +http://www.bing.com/bingbot.htm)"
54.242.174.64 - - [18/Aug/2013:19:04:50 -0400] "GET /promotions/?tag=%20Oakley HTTP/1.0" 200 16168 "-" "Mozilla/5.0 (compatible; Goodzer/2.0; crawler@goodzer.com)"
54.242.174.64 - - [18/Aug/2013:19:05:13 -0400] "GET /promotions/?tag=David%20Yurman HTTP/1.0" 200 25375 "-" "Mozilla/5.0 (compatible; Goodzer/2.0; crawler@goodzer.com)"
54.242.174.64 - - [18/Aug/2013:19:37:41 -0400] "GET /rw_common/themes/dexture/consolidated-handheld-4.css HTTP/1.1" 200 13394 "-" "cssutils 0.9.8a3 (http://www.cthedot.de/cssutils/)"
157.55.35.75 - - [18/Aug/2013:15:23:37 -0400] "GET /Caviar.html HTTP/1.0" 200 5819 "-" "Mozilla/5.0 (compatible; bingbot/2.0; +http://www.bing.com/bingbot.htm)"
180.76.5.88 - - [18/Aug/2013:17:21:02 -0400] "GET /promotions/?tag=Eyewear HTTP/1.1" 200 23864 "-" "Mozilla/5.0 (compatible; Baiduspider/2.0; +http://www.baidu.com/search/spider.html)"
192.114.71.13 - - [18/Aug/2013:01:50:48 -0400] "GET /promotions/?tag=%20Marc%20Jacobs HTTP/1.0" 200 16168 "http://eyepiecestexas.com/promotions/" "Mozilla/5.0 (X11; Ubuntu; Linux x86_64; rv:11.0) Gecko/20100101 Firefox/11.0"
173.70.141.147 - - [18/Aug/2013:03:57:18 -0400] "GET /contact/files/?===a?(e.success&e.success.call(e.context,w, HTTP/1.1" 403 660 "-" "panscient.com"
208.167.230.75 - - [18/Aug/2013:04:42:46 -0400] "GET /promotions/?tag=An%20Evening%20to%20Remember HTTP/1.1" 200 13439 "-" "Mozilla/5.0 (compatible; AhrefsBot/4.0; +http://ahrefs.com/robot/)"
157.55.35.75 - - [18/Aug/2013:15:23:39 -0400] "GET /Insurance.html HTTP/1.0" 200 5819 "-" "Mozilla/5.0 (compatible; bingbot/2.0; +http://www.bing.com/bingbot.htm)"
65.55.52.118 - - [18/Aug/2013:15:29:37 -0400] "GET /FRED.html HTTP/1.0" 200 5819 "-" "Mozilla/5.0 (compatible; bingbot/2.0; +http://www.bing.com/bingbot.htm)"
108.207.111.52 - - [18/Aug/2013:19:58:41 -0400] "GET /eyewear/files/stacks_image_404.jpg HTTP/1.1" 200 7391 "http://eyepiecestexas.com/eyewear/" "Mozilla/5.0 (Macintosh; Intel Mac OS X 10_8_4) AppleWebKit/537.36 (KHTML, like Gecko) Chrome/28.0.1500.95 Safari/537.36"
108.207.111.52 - - [18/Aug/2013:19:58:42 -0400] "GET /eyewear/files/stacks_image_384.jpg HTTP/1.1" 200 6521 "http://eyepiecestexas.com/eyewear/" "Mozilla/5.0 (Macintosh; Intel Mac OS X 10_8_4) AppleWebKit/537.36 (KHTML, like Gecko) Chrome/28.0.1500.95 Safari/537.36"
108.207.111.52 - - [18/Aug/2013:19:58:42 -0400] "GET /eyewear/files/stacks_image_60.jpg HTTP/1.1" 200 7110 "http://eyepiecestexas.com/eyewear/" "Mozilla/5.0 (Macintosh; Intel Mac OS X 10_8_4) AppleWebKit/537.36 (KHTML, like Gecko) Chrome/28.0.1500.95 Safari/537.36"
108.207.111.52 - - [18/Aug/2013:19:58:43 -0400] "GET /eyewear/files/stacks_image_496.jpg HTTP/1.1" 200 9719 "http://eyepiecestexas.com/eyewear/" "Mozilla/5.0 (Macintosh; Intel Mac OS X 10_8_4) AppleWebKit/537.36 (KHTML, like Gecko) Chrome/28.0.1500.95 Safari/537.36"
108.207.111.52 - - [18/Aug/2013:19:58:43 -0400] "GET /eyewear/files/stacks_image_510.jpg HTTP/1.1" 200 9275 "http://eyepiecestexas.com/eyewear/" "Mozilla/5.0 (Macintosh; Intel Mac OS X 10_8_4) AppleWebKit/537.36 (KHTML, like Gecko) Chrome/28.0.1500.95 Safari/537.36"
108.207.111.52 - - [18/Aug/2013:19:58:43 -0400] "GET /eyewear/files/stacks_image_526.jpg HTTP/1.1" 200 6454 "http://eyepiecestexas.com/eyewear/" "Mozilla/5.0 (Macintosh; Intel Mac OS X 10_8_4) AppleWebKit/537.36 (KHTML, like Gecko) Chrome/28.0.1500.95 Safari/537.36"
108.207.111.52 - - [18/Aug/2013:19:58:44 -0400] "GET /eyewear/files/stacks_image_546.png HTTP/1.1" 200 14990 "http://eyepiecestexas.com/eyewear/" "Mozilla/5.0 (Macintosh; Intel Mac OS X 10_8_4) AppleWebKit/537.36 (KHTML, like Gecko) Chrome/28.0.1500.95 Safari/537.36"
108.207.111.52 - - [18/Aug/2013:19:58:44 -0400] "GET /eyewear/files/stacks_image_568.jpg HTTP/1.1" 200 7468 "http://eyepiecestexas.com/eyewear/" "Mozilla/5.0 (Macintosh; Intel Mac OS X 10_8_4) AppleWebKit/537.36 (KHTML, like Gecko) Chrome/28.0.1500.95 Safari/537.36"
108.207.111.52 - - [18/Aug/2013:19:58:46 -0400] "GET /eyewear/files/stacks_image_656.jpg HTTP/1.1" 200 10694 "http://eyepiecestexas.com/eyewear/" "Mozilla/5.0 (Macintosh; Intel Mac OS X 10_8_4) AppleWebKit/537.36 (KHTML, like Gecko) Chrome/28.0.1500.95 Safari/537.36"
108.207.111.52 - - [18/Aug/2013:19:58:46 -0400] "GET /eyewear/files/stacks_image_398.jpg HTTP/1.1" 200 7014 "http://eyepiecestexas.com/eyewear/" "Mozilla/5.0 (Macintosh; Intel Mac OS X 10_8_4) AppleWebKit/537.36 (KHTML, like Gecko) Chrome/28.0.1500.95 Safari/537.36"
192.114.71.13 - - [18/Aug/2013:01:50:46 -0400] "GET /contact/ HTTP/1.0" 200 16927 "http://eyepiecestexas.com" "Mozilla/5.0 (X11; Ubuntu; Linux x86_64; rv:11.0) Gecko/20100101 Firefox/11.0"
192.114.71.13 - - [18/Aug/2013:01:50:48 -0400] "GET /promotions/?tag=%20sunglasses%20expert HTTP/1.0" 200 16168 "http://eyepiecestexas.com/promotions/" "Mozilla/5.0 (X11; Ubuntu; Linux x86_64; rv:11.0) Gecko/20100101 Firefox/11.0"
68.106.57.127 - - [18/Aug/2013:12:09:06 -0400] "GET /rw_common/themes/dexture/images/ec6TopShadow.png HTTP/1.1" 200 49422 "http://eyepiecestexas.com/" "Mozilla/5.0 (Linux; U; Android 4.2.2; en-us; Galaxy Nexus Build/JDQ39) AppleWebKit/534.30 (KHTML, like Gecko) Version/4.0 Mobile Safari/534.30"
68.106.57.127 - - [18/Aug/2013:12:09:08 -0400] "GET /staff/ HTTP/1.1" 200 18464 "http://eyepiecestexas.com/" "Mozilla/5.0 (Linux; U; Android 4.2.2; en-us; Galaxy Nexus Build/JDQ39) AppleWebKit/534.30 (KHTML, like Gecko) Version/4.0 Mobile Safari/534.30"
68.106.57.127 - - [18/Aug/2013:12:09:08 -0400] "GET /rw_common/themes/dexture/consolidated-screen-8.css HTTP/1.1" 200 27899 "http://eyepiecestexas.com/staff/" "Mozilla/5.0 (Linux; U; Android 4.2.2; en-us; Galaxy Nexus Build/JDQ39) AppleWebKit/534.30 (KHTML, like Gecko) Version/4.0 Mobile Safari/534.30"
68.106.57.127 - - [18/Aug/2013:12:09:09 -0400] "GET /staff/files/fullpath_209.jpg HTTP/1.1" 200 19786 "http://eyepiecestexas.com/staff/" "Mozilla/5.0 (Linux; U; Android 4.2.2; en-us; Galaxy Nexus Build/JDQ39) AppleWebKit/534.30 (KHTML, like Gecko) Version/4.0 Mobile Safari/534.30"
68.106.57.127 - - [18/Aug/2013:12:09:09 -0400] "GET /staff/files/stacks_image_806.png HTTP/1.1" 200 5841 "http://eyepiecestexas.com/staff/" "Mozilla/5.0 (Linux; U; Android 4.2.2; en-us; Galaxy Nexus Build/JDQ39) AppleWebKit/534.30 (KHTML, like Gecko) Version/4.0 Mobile Safari/534.30"
68.106.57.127 - - [18/Aug/2013:12:09:10 -0400] "GET /staff/files/rw2images/loader.gif HTTP/1.1" 200 701 "http://eyepiecestexas.com/staff/" "Mozilla/5.0 (Linux; U; Android 4.2.2; en-us; Galaxy Nexus Build/JDQ39) AppleWebKit/534.30 (KHTML, like Gecko) Version/4.0 Mobile Safari/534.30"
68.106.57.127 - - [18/Aug/2013:12:09:10 -0400] "GET /rw_common/themes/dexture/consolidated-handheld-8.css HTTP/1.1" 200 13394 "http://eyepiecestexas.com/staff/" "Mozilla/5.0 (Linux; U; Android 4.2.2; en-us; Galaxy Nexus Build/JDQ39) AppleWebKit/534.30 (KHTML, like Gecko) Version/4.0 Mobile Safari/534.30"
68.106.57.127 - - [18/Aug/2013:12:09:10 -0400] "GET /rw_common/themes/dexture/consolidated-print-8.css HTTP/1.1" 200 10005 "http://eyepiecestexas.com/staff/" "Mozilla/5.0 (Linux; U; Android 4.2.2; en-us; Galaxy Nexus Build/JDQ39) AppleWebKit/534.30 (KHTML, like Gecko) Version/4.0 Mobile Safari/534.30"
157.55.35.75 - - [18/Aug/2013:15:23:38 -0400] "GET /Lafont.html HTTP/1.0" 200 5819 "-" "Mozilla/5.0 (compatible; bingbot/2.0; +http://www.bing.com/bingbot.htm)"
65.55.52.94 - - [18/Aug/2013:15:23:57 -0400] "GET /Chanel.html HTTP/1.0" 200 4819 "-" "Mozilla/5.0 (compatible; bingbot/2.0; +http://www.bing.com/bingbot.htm)"
208.115.111.68 - - [18/Aug/2013:15:24:11 -0400] "GET /robots.txt HTTP/1.1" 200 48 "-" "Mozilla/5.0 (compatible; Ezooms/1.0; ezooms.bot@gmail.com)"
199.30.24.67 - - [18/Aug/2013:01:07:54 -0400] "GET /resources/Dream_Orphans_700.font.js?_=1376802470295 HTTP/1.1" 200 36773 "http://eyepiecestexas.com/" "Mozilla/5.0 (Windows NT 6.1; WOW64) AppleWebKit/534+ (KHTML, like Gecko) BingPreview/1.0b"
192.114.71.13 - - [18/Aug/2013:01:50:46 -0400] "GET /about/ HTTP/1.0" 200 14428 "http://eyepiecestexas.com" "Mozilla/5.0 (X11; Ubuntu; Linux x86_64; rv:11.0) Gecko/20100101 Firefox/11.0"
192.114.71.13 - - [18/Aug/2013:01:50:50 -0400] "GET /promotions/?tag=The%20Shops%20at%20Legacy HTTP/1.0" 200 22443 "http://eyepiecestexas.com/promotions/" "Mozilla/5.0 (X11; Ubuntu; Linux x86_64; rv:11.0) Gecko/20100101 Firefox/11.0"
192.114.71.13 - - [18/Aug/2013:01:50:52 -0400] "GET /promotions/?post_id=16&title= HTTP/1.0" 200 13747 "http://eyepiecestexas.com/promotions/?tag=Eyewear" "Mozilla/5.0 (X11; Ubuntu; Linux x86_64; rv:11.0) Gecko/20100101 Firefox/11.0"
66.249.75.35 - - [18/Aug/2013:02:27:46 -0400] "GET /staff/ HTTP/1.1" 304 - "-" "Mozilla/5.0 (compatible; Googlebot/2.1; +http://www.google.com/bot.html)"
54.242.174.64 - - [18/Aug/2013:19:04:19 -0400] "GET /promotions/?category=Eyewear HTTP/1.0" 200 20978 "-" "Mozilla/5.0 (compatible; Goodzer/2.0; crawler@goodzer.com)"
54.242.174.64 - - [18/Aug/2013:19:04:53 -0400] "GET /promotions/?tag=%20RayBan HTTP/1.0" 200 16168 "-" "Mozilla/5.0 (compatible; Goodzer/2.0; crawler@goodzer.com)"
54.242.174.64 - - [18/Aug/2013:19:35:30 -0400] "GET /promotions/?tag=%20Prada HTTP/1.0" 200 16168 "-" "Mozilla/5.0 (compatible; Goodzer/2.0; crawler@goodzer.com)"
54.242.174.64 - - [18/Aug/2013:19:37:31 -0400] "GET /rw_common/themes/dexture/consolidated-handheld-7.css HTTP/1.1" 200 13394 "-" "cssutils 0.9.8a3 (http://www.cthedot.de/cssutils/)"
54.242.174.64 - - [18/Aug/2013:19:37:45 -0400] "GET /rw_common/themes/dexture/consolidated-screen-2.css HTTP/1.1" 200 27899 "-" "cssutils 0.9.8a3 (http://www.cthedot.de/cssutils/)"
108.207.111.52 - - [18/Aug/2013:19:58:52 -0400] "GET /favicon.ico HTTP/1.1" 200 4319 "-" "Mozilla/5.0 (Macintosh; Intel Mac OS X 10_8_4) AppleWebKit/537.36 (KHTML, like Gecko) Chrome/28.0.1500.95 Safari/537.36"
72.30.198.43 - - [18/Aug/2013:20:43:02 -0400] "GET /rw_common/themes/dexture/images/pageTopShadow400px.png HTTP/1.1" 200 1299 "http://eyepiecestexas.com/rw_common/themes/dexture/consolidated-screen-0.css" "Mozilla/5.0 (compatible; Yahoo! Slurp/3.0; http://help.yahoo.com/help/us/ysearch/slurp) NOT Firefox/3.5"
72.30.198.43 - - [18/Aug/2013:20:43:02 -0400] "GET /rw_common/themes/dexture/images/darkAlphaBg.png HTTP/1.1" 200 70 "http://eyepiecestexas.com/rw_common/themes/dexture/consolidated-screen-0.css" "Mozilla/5.0 (compatible; Yahoo! Slurp/3.0; http://help.yahoo.com/help/us/ysearch/slurp) NOT Firefox/3.5"
72.30.198.43 - - [18/Aug/2013:20:43:02 -0400] "GET /rw_common/themes/dexture/images/bottomShadow.png HTTP/1.1" 200 204 "http://eyepiecestexas.com/rw_common/themes/dexture/consolidated-screen-0.css" "Mozilla/5.0 (compatible; Yahoo! Slurp/3.0; http://help.yahoo.com/help/us/ysearch/slurp) NOT Firefox/3.5"
72.30.198.43 - - [18/Aug/2013:20:43:02 -0400] "GET /rw_common/themes/dexture/images/mainContentCornerShadowRight.png HTTP/1.1" 200 1442 "http://eyepiecestexas.com/rw_common/themes/dexture/consolidated-screen-0.css" "Mozilla/5.0 (compatible; Yahoo! Slurp/3.0; http://help.yahoo.com/help/us/ysearch/slurp) NOT Firefox/3.5"
72.30.198.43 - - [18/Aug/2013:20:43:02 -0400] "GET /rw_common/themes/dexture/images/closebox.png HTTP/1.1" 200 1910 "http://eyepiecestexas.com/" "Mozilla/5.0 (compatible; Yahoo! Slurp/3.0; http://help.yahoo.com/help/us/ysearch/slurp) NOT Firefox/3.5"
68.95.173.240 - - [18/Aug/2013:21:34:19 -0400] "GET /favicon.ico HTTP/1.1" 200 4319 "http://eyepiecestexas.com/" "Mozilla/5.0 (Macintosh; Intel Mac OS X 10_8_2) AppleWebKit/536.26.17 (KHTML, like Gecko) Version/6.0.2 Safari/536.26.17"
193.106.136.50 - - [18/Aug/2013:23:08:48 -0400] "GET / HTTP/1.1" 200 16359 "http://deviceservice.ru/" "Mozilla/4.0 (compatible; MSIE 6.0; MSIE 5.5; Windows NT 4.0) Opera 7.0 [en]"
173.70.141.147 - - [18/Aug/2013:03:56:43 -0400] "GET /about/ HTTP/1.1" 200 14428 "-" "panscient.com"
173.70.141.147 - - [18/Aug/2013:03:56:44 -0400] "GET /staff/files/stacks_page_page8.js HTTP/1.1" 200 46843 "-" "panscient.com"
173.70.141.147 - - [18/Aug/2013:03:56:45 -0400] "GET /robots.txt HTTP/1.1" 200 48 "-" "panscient.com"
173.70.141.147 - - [18/Aug/2013:03:56:45 -0400] "GET /rw_common/themes/dexture/scripts/nimblehostPulseVIP.js HTTP/1.1" 200 1205 "-" "panscient.com"
173.70.141.147 - - [18/Aug/2013:03:56:46 -0400] "GET /promotions/ HTTP/1.1" 200 23361 "-" "panscient.com"
173.70.141.147 - - [18/Aug/2013:03:56:49 -0400] "GET /contactlens/files/cufon-yui.js HTTP/1.1" 200 18258 "-" "panscient.com"
173.70.141.147 - - [18/Aug/2013:03:56:50 -0400] "GET /rw_common/themes/dexture/scripts/jquery.fancyzoom.js HTTP/1.1" 200 6272 "-" "panscient.com"
173.70.141.147 - - [18/Aug/2013:03:56:52 -0400] "GET /promotions/files/stacks_page_page7.js HTTP/1.1" 200 9337 "-" "panscient.com"
173.70.141.147 - - [18/Aug/2013:03:56:53 -0400] "GET /.google-analytics.com/ga.js HTTP/1.1" 200 5819 "-" "panscient.com"
173.70.141.147 - - [18/Aug/2013:03:58:40 -0400] "GET /robots.txt HTTP/1.1" 200 48 "-" "panscient.com"
173.70.141.147 - - [18/Aug/2013:03:58:41 -0400] "GET /eyewear/ HTTP/1.1" 200 62395 "-" "panscient.com"
173.70.141.147 - - [18/Aug/2013:04:02:27 -0400] "GET /promotions/?tag=Trunk%20Show HTTP/1.1" 200 14370 "-" "panscient.com"
173.70.141.147 - - [18/Aug/2013:04:02:28 -0400] "GET /contact/files/?);m=u&w;p( HTTP/1.1" 403 660 "-" "panscient.com"
218.30.103.37 - - [18/Aug/2013:11:25:14 -0400] "GET / HTTP/1.1" 200 16359 "-" "Sogou web spider/4.0(+http://www.sogou.com/docs/help/webmasters.htm#07)"
99.70.92.155 - - [18/Aug/2013:11:46:30 -0400] "GET /about/files/stacks_image_715.png HTTP/1.1" 200 5841 "http://eyepiecestexas.com/about/" "Mozilla/5.0 (iPhone; CPU iPhone OS 6_1_4 like Mac OS X) AppleWebKit/536.26 (KHTML, like Gecko) Version/6.0 Mobile/10B350 Safari/8536.25"
123.125.71.15 - - [18/Aug/2013:17:28:26 -0400] "GET / HTTP/1.1" 304 - "-" "Mozilla/5.0 (compatible; Baiduspider/2.0; +http://www.baidu.com/search/spider.html)"
99.70.92.155 - - [18/Aug/2013:17:31:02 -0400] "GET /contact/ HTTP/1.1" 200 16927 "-" "Mozilla/5.0 (iPhone; CPU iPhone OS 6_1_4 like Mac OS X) AppleWebKit/536.26 (KHTML, like Gecko) Version/6.0 Mobile/10B350 Safari/8536.25"
173.70.141.147 - - [18/Aug/2013:04:00:30 -0400] "GET /promotions/?tag=%20D%20The%20Broadcast HTTP/1.1" 200 16168 "-" "panscient.com"
173.70.141.147 - - [18/Aug/2013:04:00:34 -0400] "GET /promotions/?tag=%20National%20Sunglasses%20Day HTTP/1.1" 200 16168 "-" "panscient.com"
173.70.141.147 - - [18/Aug/2013:04:00:35 -0400] "GET /).replace(/;/g, HTTP/1.1" 200 2819 "-" "panscient.com"
173.70.141.147 - - [18/Aug/2013:04:03:28 -0400] "GET /contact/files/?)(this.style.position= HTTP/1.1" 403 660 "-" "panscient.com"
192.114.71.13 - - [18/Aug/2013:01:50:48 -0400] "GET /promotions/?tag=%20Persol HTTP/1.0" 200 16168 "http://eyepiecestexas.com/promotions/" "Mozilla/5.0 (X11; Ubuntu; Linux x86_64; rv:11.0) Gecko/20100101 Firefox/11.0"
192.114.71.13 - - [18/Aug/2013:01:50:50 -0400] "GET /promotions/?tag=Kate%20Spade HTTP/1.0" 200 16168 "http://eyepiecestexas.com/promotions/" "Mozilla/5.0 (X11; Ubuntu; Linux x86_64; rv:11.0) Gecko/20100101 Firefox/11.0"
192.114.71.13 - - [18/Aug/2013:01:50:50 -0400] "GET /promotions/?tag=Prada HTTP/1.0" 200 21599 "http://eyepiecestexas.com/promotions/" "Mozilla/5.0 (X11; Ubuntu; Linux x86_64; rv:11.0) Gecko/20100101 Firefox/11.0"
192.114.71.13 - - [18/Aug/2013:01:50:50 -0400] "GET /promotions/?tag=Tom%20Ford HTTP/1.0" 200 22610 "http://eyepiecestexas.com/promotions/" "Mozilla/5.0 (X11; Ubuntu; Linux x86_64; rv:11.0) Gecko/20100101 Firefox/11.0"
199.21.99.90 - - [18/Aug/2013:02:51:56 -0400] "GET /robots.txt HTTP/1.1" 200 48 "-" "Mozilla/5.0 (compatible; YandexBot/3.0; +http://yandex.com/bots)"
199.21.99.90 - - [18/Aug/2013:02:51:58 -0400] "GET /promotions/files/armadillo/media/note.png HTTP/1.1" 304 - "-" "Mozilla/5.0 (compatible; YandexImages/3.0; +http://yandex.com/bots)"
54.242.174.64 - - [18/Aug/2013:19:04:04 -0400] "GET /promotions/?tag=Chanel HTTP/1.0" 200 23104 "-" "Mozilla/5.0 (compatible; Goodzer/2.0; crawler@goodzer.com)"
54.242.174.64 - - [18/Aug/2013:19:04:05 -0400] "GET /promotions/?tag=Chrome%20Hearts HTTP/1.0" 200 16168 "-" "Mozilla/5.0 (compatible; Goodzer/2.0; crawler@goodzer.com)"
72.30.198.43 - - [18/Aug/2013:20:42:59 -0400] "GET /rw_common/themes/dexture/scripts/nimblehost.js HTTP/1.1" 200 17247 "http://eyepiecestexas.com/" "Mozilla/5.0 (compatible; Yahoo! Slurp/3.0; http://help.yahoo.com/help/us/ysearch/slurp) NOT Firefox/3.5"
72.30.198.43 - - [18/Aug/2013:20:42:59 -0400] "GET /rw_common/plugins/stacks/stacks.css HTTP/1.1" 200 1841 "http://eyepiecestexas.com/" "Mozilla/5.0 (compatible; Yahoo! Slurp/3.0; http://help.yahoo.com/help/us/ysearch/slurp) NOT Firefox/3.5"
