0byt3m1n1
Path:
/
data
/
0
/
0
/
104
/
29
/
104844
/
meta
/
106318
/
logs
/
[
Home
]
File: x-access_log.2013-08-18
54.242.174.64 - - [18/Aug/2013:19:05:19 -0400] "GET /promotions/?tag=Dr.%20Birenbaum HTTP/1.0" 200 22523 "-" "Mozilla/5.0 (compatible; Goodzer/2.0; crawler@goodzer.com)"
54.242.174.64 - - [18/Aug/2013:19:35:35 -0400] "GET /promotions/?tag=Bulgari HTTP/1.0" 200 16168 "-" "Mozilla/5.0 (compatible; Goodzer/2.0; crawler@goodzer.com)"
54.242.174.64 - - [18/Aug/2013:19:37:28 -0400] "GET /rw_common/themes/dexture/css/ie7.css HTTP/1.1" 200 5819 "-" "cssutils 0.9.8a3 (http://www.cthedot.de/cssutils/)"
72.30.198.43 - - [18/Aug/2013:20:43:02 -0400] "GET /rw_common/themes/dexture/images/editable_images/paper.png HTTP/1.1" 200 154825 "http://eyepiecestexas.com/rw_common/themes/dexture/consolidated-screen-0.css" "Mozilla/5.0 (compatible; Yahoo! Slurp/3.0; http://help.yahoo.com/help/us/ysearch/slurp) NOT Firefox/3.5"
173.70.141.147 - - [18/Aug/2013:03:59:46 -0400] "GET /robots.txt HTTP/1.1" 200 48 "-" "panscient.com"
173.70.141.147 - - [18/Aug/2013:03:59:47 -0400] "GET /staff/ HTTP/1.1" 200 18464 "-" "panscient.com"
173.70.141.147 - - [18/Aug/2013:04:02:13 -0400] "GET /promotions/files/armadillo/login/ HTTP/1.1" 200 1850 "-" "panscient.com"
173.70.141.147 - - [18/Aug/2013:04:02:16 -0400] "GET /promotions/?post_id=16&title= HTTP/1.1" 200 13747 "-" "panscient.com"
173.70.141.147 - - [18/Aug/2013:04:02:17 -0400] "GET /promotions/?tag=Chrome%20Hearts HTTP/1.1" 200 16168 "-" "panscient.com"
173.70.141.147 - - [18/Aug/2013:04:02:18 -0400] "GET /promotions/?tag=Sunglasses HTTP/1.1" 200 23874 "-" "panscient.com"
173.70.141.147 - - [18/Aug/2013:04:02:19 -0400] "GET /promotions/?tag=glasses HTTP/1.1" 200 20978 "-" "panscient.com"
173.70.141.147 - - [18/Aug/2013:04:02:20 -0400] "GET /promotions/?tag=%20Designer%20Eyewear HTTP/1.1" 200 16168 "-" "panscient.com"
173.70.141.147 - - [18/Aug/2013:04:02:21 -0400] "GET /promotions/?post_id=22&title=save-the-date HTTP/1.1" 200 13240 "-" "panscient.com"
173.70.141.147 - - [18/Aug/2013:04:02:22 -0400] "GET /promotions/?tag=%20Summer HTTP/1.1" 200 16168 "-" "panscient.com"
173.70.141.147 - - [18/Aug/2013:04:03:06 -0400] "GET /promotions/.google-analytics.com/ga.js HTTP/1.1" 200 3319 "-" "panscient.com"
173.70.141.147 - - [18/Aug/2013:04:03:49 -0400] "GET /about/files/cufon-yui.js HTTP/1.1" 200 18258 "-" "panscient.com"
173.70.141.147 - - [18/Aug/2013:04:03:50 -0400] "GET /about/files/).replace(/;/g, HTTP/1.1" 200 4319 "-" "panscient.com"
72.14.199.35 - - [18/Aug/2013:04:04:47 -0400] "GET /feed?3e3ea140 HTTP/1.1" 200 5319 "-" "Feedfetcher-Google; (+http://www.google.com/feedfetcher.html; 1 subscribers; feed-id=11757162533075784121)"
192.114.71.13 - - [18/Aug/2013:01:50:46 -0400] "GET /promotions/ HTTP/1.0" 200 23361 "http://eyepiecestexas.com" "Mozilla/5.0 (X11; Ubuntu; Linux x86_64; rv:11.0) Gecko/20100101 Firefox/11.0"
192.114.71.13 - - [18/Aug/2013:01:50:50 -0400] "GET /promotions/?tag=Gucci HTTP/1.0" 200 21599 "http://eyepiecestexas.com/promotions/" "Mozilla/5.0 (X11; Ubuntu; Linux x86_64; rv:11.0) Gecko/20100101 Firefox/11.0"
91.207.9.226 - - [18/Aug/2013:02:47:34 -0400] "GET / HTTP/1.1" 200 16359 "http://internet-exe.com/" "Mozilla/4.0 (compatible; MSIE 6.0; Windows NT 5.1; SV1)"
72.14.199.35 - - [18/Aug/2013:12:57:59 -0400] "GET /feed HTTP/1.1" 200 5819 "-" "Feedfetcher-Google; (+http://www.google.com/feedfetcher.html; 1 subscribers; feed-id=11757162533075784121)"
72.14.199.35 - - [18/Aug/2013:07:07:34 -0400] "GET /feed HTTP/1.1" 200 5819 "-" "Feedfetcher-Google; (+http://www.google.com/feedfetcher.html; 1 subscribers; feed-id=11757162533075784121)"
208.115.113.84 - - [18/Aug/2013:19:36:12 -0400] "GET /staff/ HTTP/1.1" 200 18464 "-" "Mozilla/5.0 (compatible; Ezooms/1.0; ezooms.bot@gmail.com)"
66.249.75.204 - - [18/Aug/2013:19:38:04 -0400] "GET /rw_common/themes/dexture/consolidated-screen-7.css HTTP/1.1" 200 27899 "-" "Mozilla/5.0 (compatible; Googlebot/2.1; +http://www.google.com/bot.html)"
180.76.5.96 - - [18/Aug/2013:22:09:13 -0400] "GET / HTTP/1.1" 200 16359 "-" "Mozilla/5.0 (compatible; Baiduspider/2.0; +http://www.baidu.com/search/spider.html)"
72.14.199.35 - - [18/Aug/2013:22:14:46 -0400] "GET /feed HTTP/1.1" 200 2819 "-" "Feedfetcher-Google; (+http://www.google.com/feedfetcher.html; 1 subscribers; feed-id=11757162533075784121)"
173.70.141.147 - - [18/Aug/2013:03:57:15 -0400] "GET /contact/files/?(c=== HTTP/1.1" 403 660 "-" "panscient.com"
173.70.141.147 - - [18/Aug/2013:03:57:55 -0400] "GET /robots.txt HTTP/1.1" 200 48 "-" "panscient.com"
173.70.141.147 - - [18/Aug/2013:03:57:56 -0400] "GET /promotions/?page_id=1&title=blog HTTP/1.1" 200 23361 "-" "panscient.com"
173.70.141.147 - - [18/Aug/2013:03:57:58 -0400] "GET /find-us/files/text/css HTTP/1.1" 200 5319 "-" "panscient.com"
173.70.141.147 - - [18/Aug/2013:03:58:04 -0400] "GET /find-us/files/?zoom= HTTP/1.1" 403 660 "-" "panscient.com"
173.70.141.147 - - [18/Aug/2013:04:02:56 -0400] "GET /rw_common/themes/dexture/javascript.js HTTP/1.1" 200 14608 "-" "panscient.com"
173.70.141.147 - - [18/Aug/2013:04:02:58 -0400] "GET /rw_common/themes/dexture/application/x-shockwave-flash HTTP/1.1" 200 5819 "-" "panscient.com"
173.70.141.147 - - [18/Aug/2013:04:03:27 -0400] "GET /contact/files/?==f[0].type)&f.find( HTTP/1.1" 403 660 "-" "panscient.com"
208.167.230.75 - - [18/Aug/2013:04:55:08 -0400] "GET /promotions/?post_id=17&title=happy-2013-to-all-of-our-contact-lens-patients HTTP/1.1" 200 13198 "-" "Mozilla/5.0 (compatible; AhrefsBot/4.0; +http://ahrefs.com/robot/)"
199.30.24.67 - - [18/Aug/2013:01:07:35 -0400] "GET /rw_common/themes/dexture/images/editable_images/concrete.png HTTP/1.1" 200 198645 "http://eyepiecestexas.com/" "Mozilla/5.0 (Windows NT 6.1; WOW64) AppleWebKit/534+ (KHTML, like Gecko) BingPreview/1.0b"
192.114.71.13 - - [18/Aug/2013:01:50:49 -0400] "GET /promotions/?tag=Eyewear HTTP/1.0" 200 23864 "http://eyepiecestexas.com/promotions/" "Mozilla/5.0 (X11; Ubuntu; Linux x86_64; rv:11.0) Gecko/20100101 Firefox/11.0"
192.114.71.13 - - [18/Aug/2013:01:50:51 -0400] "GET /promotions/?post_id=17&title=happy-2013-to-all-of-our-contact-lens-patients HTTP/1.0" 200 13198 "http://eyepiecestexas.com/promotions/" "Mozilla/5.0 (X11; Ubuntu; Linux x86_64; rv:11.0) Gecko/20100101 Firefox/11.0"
192.114.71.13 - - [18/Aug/2013:01:50:51 -0400] "GET /promotions/?tag=Kellie%20Rasberry HTTP/1.0" 200 13439 "http://eyepiecestexas.com/promotions/?tag=Eye%20Pieces%20Plano" "Mozilla/5.0 (X11; Ubuntu; Linux x86_64; rv:11.0) Gecko/20100101 Firefox/11.0"
68.106.57.127 - - [18/Aug/2013:12:08:59 -0400] "GET /rw_common/themes/dexture/scripts/nimblehostDropDownMenu.js HTTP/1.1" 200 988 "http://eyepiecestexas.com/" "Mozilla/5.0 (Linux; U; Android 4.2.2; en-us; Galaxy Nexus Build/JDQ39) AppleWebKit/534.30 (KHTML, like Gecko) Version/4.0 Mobile Safari/534.30"
68.106.57.127 - - [18/Aug/2013:12:08:59 -0400] "GET /rw_common/themes/dexture/javascript.js HTTP/1.1" 200 14608 "http://eyepiecestexas.com/" "Mozilla/5.0 (Linux; U; Android 4.2.2; en-us; Galaxy Nexus Build/JDQ39) AppleWebKit/534.30 (KHTML, like Gecko) Version/4.0 Mobile Safari/534.30"
68.106.57.127 - - [18/Aug/2013:12:09:02 -0400] "GET /rw_common/themes/dexture/images/lightAlphaBg.png HTTP/1.1" 200 179 "http://eyepiecestexas.com/" "Mozilla/5.0 (Linux; U; Android 4.2.2; en-us; Galaxy Nexus Build/JDQ39) AppleWebKit/534.30 (KHTML, like Gecko) Version/4.0 Mobile Safari/534.30"
68.106.57.127 - - [18/Aug/2013:12:09:02 -0400] "GET /files/stacks_image_165.png HTTP/1.1" 200 2265 "http://eyepiecestexas.com/" "Mozilla/5.0 (Linux; U; Android 4.2.2; en-us; Galaxy Nexus Build/JDQ39) AppleWebKit/534.30 (KHTML, like Gecko) Version/4.0 Mobile Safari/534.30"
157.55.35.75 - - [18/Aug/2013:14:22:57 -0400] "GET /Caviar.html HTTP/1.0" 200 5319 "-" "Mozilla/5.0 (compatible; bingbot/2.0; +http://www.bing.com/bingbot.htm)"
92.249.127.111 - - [18/Aug/2013:10:46:53 -0400] "GET / HTTP/1.1" 200 16359 "http://art.bbrpg.ru/" "Mozilla/5.0 (compatible; news bot /2.1)"
99.70.92.155 - - [18/Aug/2013:11:46:49 -0400] "GET /rw_common/themes/dexture/consolidated-screen-5.css HTTP/1.1" 200 27899 "http://eyepiecestexas.com/contact/" "Mozilla/5.0 (iPhone; CPU iPhone OS 6_1_4 like Mac OS X) AppleWebKit/536.26 (KHTML, like Gecko) Version/6.0 Mobile/10B350 Safari/8536.25"
99.70.92.155 - - [18/Aug/2013:11:46:51 -0400] "GET /contact/files/stacks_image_832.png HTTP/1.1" 200 2265 "http://eyepiecestexas.com/contact/" "Mozilla/5.0 (iPhone; CPU iPhone OS 6_1_4 like Mac OS X) AppleWebKit/536.26 (KHTML, like Gecko) Version/6.0 Mobile/10B350 Safari/8536.25"
99.70.92.155 - - [18/Aug/2013:11:46:51 -0400] "GET /contact/files/stacks_image_831.png HTTP/1.1" 200 3290 "http://eyepiecestexas.com/contact/" "Mozilla/5.0 (iPhone; CPU iPhone OS 6_1_4 like Mac OS X) AppleWebKit/536.26 (KHTML, like Gecko) Version/6.0 Mobile/10B350 Safari/8536.25"
99.70.92.155 - - [18/Aug/2013:11:46:51 -0400] "GET /contact/files/eye-pieces-logo-400.png HTTP/1.1" 200 10524 "http://eyepiecestexas.com/contact/" "Mozilla/5.0 (iPhone; CPU iPhone OS 6_1_4 like Mac OS X) AppleWebKit/536.26 (KHTML, like Gecko) Version/6.0 Mobile/10B350 Safari/8536.25"
99.70.92.155 - - [18/Aug/2013:11:46:51 -0400] "GET /rw_common/themes/dexture/consolidated-handheld-5.css HTTP/1.1" 200 13394 "http://eyepiecestexas.com/contact/" "Mozilla/5.0 (iPhone; CPU iPhone OS 6_1_4 like Mac OS X) AppleWebKit/536.26 (KHTML, like Gecko) Version/6.0 Mobile/10B350 Safari/8536.25"
99.70.92.155 - - [18/Aug/2013:11:46:51 -0400] "GET /rw_common/themes/dexture/consolidated-print-5.css HTTP/1.1" 200 10005 "http://eyepiecestexas.com/contact/" "Mozilla/5.0 (iPhone; CPU iPhone OS 6_1_4 like Mac OS X) AppleWebKit/536.26 (KHTML, like Gecko) Version/6.0 Mobile/10B350 Safari/8536.25"
54.242.174.64 - - [18/Aug/2013:19:03:49 -0400] "GET /promotions/?tag=%20Courtney%20Kerr HTTP/1.0" 200 16168 "-" "Mozilla/5.0 (compatible; Goodzer/2.0; crawler@goodzer.com)"
54.242.174.64 - - [18/Aug/2013:19:04:08 -0400] "GET /promotions/?tag=Dr.%20Bob HTTP/1.0" 200 22523 "-" "Mozilla/5.0 (compatible; Goodzer/2.0; crawler@goodzer.com)"
54.242.174.64 - - [18/Aug/2013:19:04:30 -0400] "GET /promotions/?page_id=2&title= HTTP/1.0" 200 15948 "-" "Mozilla/5.0 (compatible; Goodzer/2.0; crawler@goodzer.com)"
54.242.174.64 - - [18/Aug/2013:19:04:36 -0400] "GET /staff/ HTTP/1.0" 200 18464 "-" "Mozilla/5.0 (compatible; Goodzer/2.0; crawler@goodzer.com)"
54.242.174.64 - - [18/Aug/2013:19:05:22 -0400] "GET /promotions/?tag=Eye%20Pieces%20Plano HTTP/1.0" 200 23450 "-" "Mozilla/5.0 (compatible; Goodzer/2.0; crawler@goodzer.com)"
66.249.75.204 - - [18/Aug/2013:19:37:06 -0400] "GET /rw_common/plugins/stacks/stacks.css HTTP/1.1" 200 1841 "-" "Mozilla/5.0 (compatible; Googlebot/2.1; +http://www.google.com/bot.html)"
54.242.174.64 - - [18/Aug/2013:19:37:28 -0400] "GET /rw_common/themes/rw_common/plugins/stacks/stacks_ie.css HTTP/1.1" 200 5819 "-" "cssutils 0.9.8a3 (http://www.cthedot.de/cssutils/)"
108.207.111.52 - - [18/Aug/2013:19:58:15 -0400] "GET /rw_common/themes/dexture/scripts/nimblehost.js HTTP/1.1" 200 17247 "http://eyepiecestexas.com/" "Mozilla/5.0 (Macintosh; Intel Mac OS X 10_8_4) AppleWebKit/537.36 (KHTML, like Gecko) Chrome/28.0.1500.95 Safari/537.36"
108.207.111.52 - - [18/Aug/2013:19:58:17 -0400] "GET /rw_common/themes/dexture/images/lightAlphaBg.png HTTP/1.1" 200 179 "http://eyepiecestexas.com/" "Mozilla/5.0 (Macintosh; Intel Mac OS X 10_8_4) AppleWebKit/537.36 (KHTML, like Gecko) Chrome/28.0.1500.95 Safari/537.36"
108.207.111.52 - - [18/Aug/2013:19:58:17 -0400] "GET /files/rdc_9289.jpg HTTP/1.1" 200 24706 "http://eyepiecestexas.com/" "Mozilla/5.0 (Macintosh; Intel Mac OS X 10_8_4) AppleWebKit/537.36 (KHTML, like Gecko) Chrome/28.0.1500.95 Safari/537.36"
108.207.111.52 - - [18/Aug/2013:19:58:18 -0400] "GET /files/stacks_image_165.png HTTP/1.1" 200 2265 "http://eyepiecestexas.com/" "Mozilla/5.0 (Macintosh; Intel Mac OS X 10_8_4) AppleWebKit/537.36 (KHTML, like Gecko) Chrome/28.0.1500.95 Safari/537.36"
108.207.111.52 - - [18/Aug/2013:19:58:18 -0400] "GET /files/stacks_image_167.png HTTP/1.1" 200 5841 "http://eyepiecestexas.com/" "Mozilla/5.0 (Macintosh; Intel Mac OS X 10_8_4) AppleWebKit/537.36 (KHTML, like Gecko) Chrome/28.0.1500.95 Safari/537.36"
108.207.111.52 - - [18/Aug/2013:19:58:18 -0400] "GET /rw_common/themes/dexture/images/ec6TopShadow.png HTTP/1.1" 200 49422 "http://eyepiecestexas.com/" "Mozilla/5.0 (Macintosh; Intel Mac OS X 10_8_4) AppleWebKit/537.36 (KHTML, like Gecko) Chrome/28.0.1500.95 Safari/537.36"
72.30.198.43 - - [18/Aug/2013:20:42:59 -0400] "GET /rw_common/themes/dexture/scripts/nimblehostPulseVIP.js HTTP/1.1" 200 1205 "http://eyepiecestexas.com/" "Mozilla/5.0 (compatible; Yahoo! Slurp/3.0; http://help.yahoo.com/help/us/ysearch/slurp) NOT Firefox/3.5"
72.30.198.43 - - [18/Aug/2013:20:42:59 -0400] "GET /rw_common/themes/dexture/scripts/jquery.fancyzoom.js HTTP/1.1" 200 6272 "http://eyepiecestexas.com/" "Mozilla/5.0 (compatible; Yahoo! Slurp/3.0; http://help.yahoo.com/help/us/ysearch/slurp) NOT Firefox/3.5"
72.30.198.43 - - [18/Aug/2013:20:42:59 -0400] "GET /files/rdc_9289.jpg HTTP/1.1" 200 24706 "http://eyepiecestexas.com/" "Mozilla/5.0 (compatible; Yahoo! Slurp/3.0; http://help.yahoo.com/help/us/ysearch/slurp) NOT Firefox/3.5"
72.30.198.43 - - [18/Aug/2013:20:42:59 -0400] "GET /files/stacks_image_166.png HTTP/1.1" 200 5857 "http://eyepiecestexas.com/" "Mozilla/5.0 (compatible; Yahoo! Slurp/3.0; http://help.yahoo.com/help/us/ysearch/slurp) NOT Firefox/3.5"
157.55.32.82 - - [18/Aug/2013:00:06:21 -0400] "GET /rw_common/plugins/stacks/stacks.css HTTP/1.1" 200 1841 "-" "Mozilla/5.0 (compatible; bingbot/2.0; +http://www.bing.com/bingbot.htm)"
192.114.71.13 - - [18/Aug/2013:01:50:48 -0400] "GET /promotions/?tag=%20Courtney%20Kerr HTTP/1.0" 200 16168 "http://eyepiecestexas.com/promotions/" "Mozilla/5.0 (X11; Ubuntu; Linux x86_64; rv:11.0) Gecko/20100101 Firefox/11.0"
173.70.141.147 - - [18/Aug/2013:03:57:31 -0400] "GET /contact/files/?),this;c=b.param(j,m);i&(c=c?c+ HTTP/1.1" 403 660 "-" "panscient.com"
173.70.141.147 - - [18/Aug/2013:04:03:20 -0400] "GET /find-us/files/text/css HTTP/1.1" 200 3819 "-" "panscient.com"
68.106.57.127 - - [18/Aug/2013:12:09:09 -0400] "GET /staff/files/stacks_image_717.png HTTP/1.1" 200 3361 "http://eyepiecestexas.com/staff/" "Mozilla/5.0 (Linux; U; Android 4.2.2; en-us; Galaxy Nexus Build/JDQ39) AppleWebKit/534.30 (KHTML, like Gecko) Version/4.0 Mobile Safari/534.30"
68.106.57.127 - - [18/Aug/2013:12:09:10 -0400] "GET /staff/files/rw2images/prevPageArrow.gif HTTP/1.1" 200 78 "http://eyepiecestexas.com/staff/" "Mozilla/5.0 (Linux; U; Android 4.2.2; en-us; Galaxy Nexus Build/JDQ39) AppleWebKit/534.30 (KHTML, like Gecko) Version/4.0 Mobile Safari/534.30"
157.55.35.75 - - [18/Aug/2013:14:21:57 -0400] "GET /Lafont.html HTTP/1.1" 200 5319 "-" "Mozilla/5.0 (compatible; bingbot/2.0; +http://www.bing.com/bingbot.htm)"
54.242.174.64 - - [18/Aug/2013:19:03:36 -0400] "GET /robots.txt HTTP/1.0" 200 48 "-" "Mozilla/5.0 (compatible; Goodzer/2.0; crawler@goodzer.com)"
54.242.174.64 - - [18/Aug/2013:19:03:54 -0400] "GET /promotions/?tag=%20Maui%20Jims HTTP/1.0" 200 16168 "-" "Mozilla/5.0 (compatible; Goodzer/2.0; crawler@goodzer.com)"
54.242.174.64 - - [18/Aug/2013:19:04:37 -0400] "GET /eyewear/ HTTP/1.0" 200 62395 "-" "Mozilla/5.0 (compatible; Goodzer/2.0; crawler@goodzer.com)"
173.70.141.147 - - [18/Aug/2013:03:58:00 -0400] "GET /find-us/files/?size= HTTP/1.1" 403 660 "-" "panscient.com"
173.70.141.147 - - [18/Aug/2013:04:00:18 -0400] "GET /find-us/files/?maptype= HTTP/1.1" 403 660 "-" "panscient.com"
173.70.141.147 - - [18/Aug/2013:04:02:54 -0400] "GET /core/model/updateArmadilloSettings.php?action=checkDBsettings HTTP/1.1" 200 6319 "-" "panscient.com"
173.70.141.147 - - [18/Aug/2013:04:03:32 -0400] "GET /contact/files/?===a?(e.success&e.success.call(e.context,w, HTTP/1.1" 403 660 "-" "panscient.com"
72.14.199.35 - - [18/Aug/2013:04:06:55 -0400] "GET /feed?3e3ea140 HTTP/1.1" 200 5819 "-" "Feedfetcher-Google; (+http://www.google.com/feedfetcher.html; 1 subscribers; feed-id=11757162533075784121)"
157.55.35.102 - - [18/Aug/2013:15:23:19 -0400] "GET /Eyewear.html HTTP/1.0" 200 4819 "-" "Mozilla/5.0 (compatible; bingbot/2.0; +http://www.bing.com/bingbot.htm)"
31.6.71.219 - - [18/Aug/2013:16:17:35 -0400] "GET / HTTP/1.1" 200 16359 "-" "Mozilla/5.0 (Windows NT 5.1; rv:16.0) Gecko/20100101 Firefox/16.0 2013-08-18 22:17:05"
173.208.165.90 - - [18/Aug/2013:00:56:50 -0400] "GET /?page_id=1&title=blog HTTP/1.0" 200 16359 "-" "Mozilla/5.0 (compatible; MJ12bot/v1.4.3; http://www.majestic12.co.uk/bot.php?+)"
192.114.71.13 - - [18/Aug/2013:01:50:52 -0400] "GET /promotions/files/armadillo/login/ HTTP/1.0" 200 1850 "http://eyepiecestexas.com/promotions/" "Mozilla/5.0 (X11; Ubuntu; Linux x86_64; rv:11.0) Gecko/20100101 Firefox/11.0"
72.14.199.35 - - [18/Aug/2013:16:03:46 -0400] "GET /feed HTTP/1.1" 200 4819 "-" "Feedfetcher-Google; (+http://www.google.com/feedfetcher.html; 1 subscribers; feed-id=11757162533075784121)"
54.242.174.64 - - [18/Aug/2013:19:04:15 -0400] "GET /promotions/?tag=Sunglasses HTTP/1.0" 200 23874 "-" "Mozilla/5.0 (compatible; Goodzer/2.0; crawler@goodzer.com)"
72.14.199.35 - - [18/Aug/2013:19:10:24 -0400] "GET /feed HTTP/1.1" 200 5319 "-" "Feedfetcher-Google; (+http://www.google.com/feedfetcher.html; 1 subscribers; feed-id=11757162533075784121)"
54.242.174.64 - - [18/Aug/2013:19:35:27 -0400] "GET /promotions/?tag=%20National%20Sunglasses%20Day HTTP/1.0" 200 16168 "-" "Mozilla/5.0 (compatible; Goodzer/2.0; crawler@goodzer.com)"
192.114.71.13 - - [18/Aug/2013:01:50:48 -0400] "GET /promotions/?tag=%20Chanel HTTP/1.0" 200 16168 "http://eyepiecestexas.com/promotions/" "Mozilla/5.0 (X11; Ubuntu; Linux x86_64; rv:11.0) Gecko/20100101 Firefox/11.0"
157.55.35.102 - - [18/Aug/2013:14:21:38 -0400] "GET / HTTP/1.1" 200 16359 "-" "Mozilla/5.0 (compatible; bingbot/2.0; +http://www.bing.com/bingbot.htm)"
68.95.173.240 - - [18/Aug/2013:21:34:14 -0400] "GET / HTTP/1.1" 200 16359 "http://search.yahoo.com/search;_ylt=ApQ4f6gGaX38WeLHtWV5skmbvZx4?p=eye+pieces%2C+dallas%2C+tx+&toggle=1&cop=mss&ei=UTF-8&fr=yfp-t-142" "Mozilla/5.0 (Macintosh; Intel Mac OS X 10_8_2) AppleWebKit/536.26.17 (KHTML, like Gecko) Version/6.0.2 Safari/536.26.17"
68.95.173.240 - - [18/Aug/2013:21:34:16 -0400] "GET /resources/Dream_Orphans_700.font.js?_=1376876051950 HTTP/1.1" 200 36773 "http://eyepiecestexas.com/" "Mozilla/5.0 (Macintosh; Intel Mac OS X 10_8_2) AppleWebKit/536.26.17 (KHTML, like Gecko) Version/6.0.2 Safari/536.26.17"
68.95.173.240 - - [18/Aug/2013:21:34:17 -0400] "GET /rw_common/themes/dexture/images/editable_images/concrete.png HTTP/1.1" 200 198645 "http://eyepiecestexas.com/" "Mozilla/5.0 (Macintosh; Intel Mac OS X 10_8_2) AppleWebKit/536.26.17 (KHTML, like Gecko) Version/6.0.2 Safari/536.26.17"
68.95.173.240 - - [18/Aug/2013:21:34:19 -0400] "GET /rw_common/themes/dexture/consolidated-handheld-0.css HTTP/1.1" 200 13381 "http://eyepiecestexas.com/" "Mozilla/5.0 (Macintosh; Intel Mac OS X 10_8_2) AppleWebKit/536.26.17 (KHTML, like Gecko) Version/6.0.2 Safari/536.26.17"
68.95.173.240 - - [18/Aug/2013:21:34:19 -0400] "GET /rw_common/themes/dexture/consolidated-print-0.css HTTP/1.1" 200 9992 "http://eyepiecestexas.com/" "Mozilla/5.0 (Macintosh; Intel Mac OS X 10_8_2) AppleWebKit/536.26.17 (KHTML, like Gecko) Version/6.0.2 Safari/536.26.17"
173.70.141.147 - - [18/Aug/2013:03:56:29 -0400] "GET /robots.txt HTTP/1.1" 200 48 "-" "panscient.com"
173.70.141.147 - - [18/Aug/2013:03:56:30 -0400] "GET /contact/ HTTP/1.1" 200 16927 "-" "panscient.com"
173.70.141.147 - - [18/Aug/2013:03:56:31 -0400] "GET /rw_common/themes/dexture/scripts/nimblehostDropDownMenu.js HTTP/1.1" 200 988 "-" "panscient.com"
173.70.141.147 - - [18/Aug/2013:03:56:32 -0400] "GET / HTTP/1.1" 200 16359 "-" "panscient.com"
173.70.141.147 - - [18/Aug/2013:03:56:33 -0400] "GET /contactlens/ HTTP/1.1" 200 13977 "-" "panscient.com"
173.70.141.147 - - [18/Aug/2013:03:56:34 -0400] "GET /resources/Dream_Orphans_700.font.js HTTP/1.1" 200 36773 "-" "panscient.com"
173.70.141.147 - - [18/Aug/2013:03:56:36 -0400] "GET /staff/ HTTP/1.1" 200 18464 "-" "panscient.com"
173.70.141.147 - - [18/Aug/2013:03:56:37 -0400] "GET /contact/.google-analytics.com/ga.js HTTP/1.1" 200 3819 "-" "panscient.com"
173.70.141.147 - - [18/Aug/2013:04:00:19 -0400] "GET /find-us/files/?zoom= HTTP/1.1" 403 660 "-" "panscient.com"
173.70.141.147 - - [18/Aug/2013:04:00:28 -0400] "GET /promotions/?tag=%20Designer%20Eyewear HTTP/1.1" 200 16168 "-" "panscient.com"
173.70.141.147 - - [18/Aug/2013:04:00:29 -0400] "GET /contactlens/files/).replace(/;/g, HTTP/1.1" 200 4319 "-" "panscient.com"
173.70.141.147 - - [18/Aug/2013:04:02:39 -0400] "GET /promotions/?tag=Eyewear HTTP/1.1" 200 23864 "-" "panscient.com"
173.70.141.147 - - [18/Aug/2013:04:02:42 -0400] "GET /promotions/?tag=Gucci HTTP/1.1" 200 21599 "-" "panscient.com"
173.70.141.147 - - [18/Aug/2013:04:02:44 -0400] "GET /promotions/?tag=%20Persol HTTP/1.1" 200 16168 "-" "panscient.com"
173.70.141.147 - - [18/Aug/2013:04:02:45 -0400] "GET /promotions/files/armadillo/login/forgot/ HTTP/1.1" 200 1665 "-" "panscient.com"
54.242.174.64 - - [18/Aug/2013:19:04:35 -0400] "GET /about/ HTTP/1.0" 200 14428 "-" "Mozilla/5.0 (compatible; Goodzer/2.0; crawler@goodzer.com)"
66.249.75.204 - - [18/Aug/2013:19:16:24 -0400] "GET /rw_common/themes/dexture/consolidated-all-7.css HTTP/1.1" 200 13449 "-" "Mozilla/5.0 (compatible; Googlebot/2.1; +http://www.google.com/bot.html)"
66.249.75.204 - - [18/Aug/2013:19:21:14 -0400] "GET /promotions/files/armadillo/core/css/armadilloStyles.css?v=3 HTTP/1.1" 200 4153 "-" "Mozilla/5.0 (compatible; Googlebot/2.1; +http://www.google.com/bot.html)"
72.30.198.43 - - [18/Aug/2013:20:42:59 -0400] "GET /rw_common/themes/dexture/consolidated-all-0.css HTTP/1.1" 200 13436 "http://eyepiecestexas.com/" "Mozilla/5.0 (compatible; Yahoo! Slurp/3.0; http://help.yahoo.com/help/us/ysearch/slurp) NOT Firefox/3.5"
72.30.198.43 - - [18/Aug/2013:20:42:59 -0400] "GET /rw_common/themes/dexture/javascript.js HTTP/1.1" 200 14608 "http://eyepiecestexas.com/" "Mozilla/5.0 (compatible; Yahoo! Slurp/3.0; http://help.yahoo.com/help/us/ysearch/slurp) NOT Firefox/3.5"
72.30.198.43 - - [18/Aug/2013:20:42:59 -0400] "GET /files/eye-pieces-logo-400.png HTTP/1.1" 200 10524 "http://eyepiecestexas.com/" "Mozilla/5.0 (compatible; Yahoo! Slurp/3.0; http://help.yahoo.com/help/us/ysearch/slurp) NOT Firefox/3.5"
72.30.198.43 - - [18/Aug/2013:20:42:59 -0400] "GET /files/stacks_image_167.png HTTP/1.1" 200 5841 "http://eyepiecestexas.com/" "Mozilla/5.0 (compatible; Yahoo! Slurp/3.0; http://help.yahoo.com/help/us/ysearch/slurp) NOT Firefox/3.5"
173.70.141.147 - - [18/Aug/2013:04:03:00 -0400] "GET /rw_common/themes/dexture/scripts/nimblehostDropDownMenu.js HTTP/1.1" 200 988 "-" "panscient.com"
173.70.141.147 - - [18/Aug/2013:04:03:01 -0400] "GET /eyewear/files/cufon-yui.js HTTP/1.1" 200 18258 "-" "panscient.com"
173.70.141.147 - - [18/Aug/2013:04:03:02 -0400] "GET /eyewear/files/).replace(/;/g, HTTP/1.1" 200 5819 "-" "panscient.com"
192.114.71.13 - - [18/Aug/2013:01:50:46 -0400] "GET /eyewear/ HTTP/1.0" 200 62395 "http://eyepiecestexas.com" "Mozilla/5.0 (X11; Ubuntu; Linux x86_64; rv:11.0) Gecko/20100101 Firefox/11.0"
192.114.71.13 - - [18/Aug/2013:01:50:51 -0400] "GET /promotions/?tag=Good%20Morning%20Texas HTTP/1.0" 200 13439 "http://eyepiecestexas.com/promotions/?tag=Eye%20Pieces%20Plano" "Mozilla/5.0 (X11; Ubuntu; Linux x86_64; rv:11.0) Gecko/20100101 Firefox/11.0"
91.207.9.226 - - [18/Aug/2013:02:47:33 -0400] "GET / HTTP/1.1" 200 16359 "http://internet-exe.com/" "Mozilla/4.0 (compatible; MSIE 6.0; Windows NT 5.1; SV1)"
87.115.172.109 - - [18/Aug/2013:12:06:12 -0400] "GET /rw_common/themes/dexture/consolidated-screen-2.css HTTP/1.1" 200 27899 "http://eyepiecestexas.com/eyewear/" "Mozilla/5.0 (Windows NT 6.1; WOW64; rv:23.0) Gecko/20100101 Firefox/23.0"
87.115.172.109 - - [18/Aug/2013:12:06:12 -0400] "GET /eyewear/files/stacks_page_page2.js HTTP/1.1" 200 31106 "http://eyepiecestexas.com/eyewear/" "Mozilla/5.0 (Windows NT 6.1; WOW64; rv:23.0) Gecko/20100101 Firefox/23.0"
87.115.172.109 - - [18/Aug/2013:12:06:12 -0400] "GET /resources/Dream_Orphans_700.font.js HTTP/1.1" 200 36773 "http://eyepiecestexas.com/eyewear/" "Mozilla/5.0 (Windows NT 6.1; WOW64; rv:23.0) Gecko/20100101 Firefox/23.0"
87.115.172.109 - - [18/Aug/2013:12:06:13 -0400] "GET /eyewear/files/stacks_image_56.jpg HTTP/1.1" 200 17849 "http://eyepiecestexas.com/eyewear/" "Mozilla/5.0 (Windows NT 6.1; WOW64; rv:23.0) Gecko/20100101 Firefox/23.0"
87.115.172.109 - - [18/Aug/2013:12:06:13 -0400] "GET /eyewear/files/stacks_image_404.jpg HTTP/1.1" 200 7391 "http://eyepiecestexas.com/eyewear/" "Mozilla/5.0 (Windows NT 6.1; WOW64; rv:23.0) Gecko/20100101 Firefox/23.0"
87.115.172.109 - - [18/Aug/2013:12:06:13 -0400] "GET /eyewear/files/stacks_image_450.jpg HTTP/1.1" 200 8710 "http://eyepiecestexas.com/eyewear/" "Mozilla/5.0 (Windows NT 6.1; WOW64; rv:23.0) Gecko/20100101 Firefox/23.0"
87.115.172.109 - - [18/Aug/2013:12:06:13 -0400] "GET /eyewear/files/stacks_image_113.jpg HTTP/1.1" 200 5916 "http://eyepiecestexas.com/eyewear/" "Mozilla/5.0 (Windows NT 6.1; WOW64; rv:23.0) Gecko/20100101 Firefox/23.0"
87.115.172.109 - - [18/Aug/2013:12:06:13 -0400] "GET /eyewear/files/stacks_image_133.jpg HTTP/1.1" 200 8521 "http://eyepiecestexas.com/eyewear/" "Mozilla/5.0 (Windows NT 6.1; WOW64; rv:23.0) Gecko/20100101 Firefox/23.0"
87.115.172.109 - - [18/Aug/2013:12:06:13 -0400] "GET /eyewear/files/stacks_image_516.jpg HTTP/1.1" 200 7360 "http://eyepiecestexas.com/eyewear/" "Mozilla/5.0 (Windows NT 6.1; WOW64; rv:23.0) Gecko/20100101 Firefox/23.0"
87.115.172.109 - - [18/Aug/2013:12:06:13 -0400] "GET /eyewear/files/stacks_image_536.jpg HTTP/1.1" 200 4837 "http://eyepiecestexas.com/eyewear/" "Mozilla/5.0 (Windows NT 6.1; WOW64; rv:23.0) Gecko/20100101 Firefox/23.0"
87.115.172.109 - - [18/Aug/2013:12:06:13 -0400] "GET /eyewear/files/stacks_image_562.jpg HTTP/1.1" 200 11332 "http://eyepiecestexas.com/eyewear/" "Mozilla/5.0 (Windows NT 6.1; WOW64; rv:23.0) Gecko/20100101 Firefox/23.0"
87.115.172.109 - - [18/Aug/2013:12:06:14 -0400] "GET /eyewear/files/stacks_image_590.jpg HTTP/1.1" 200 15022 "http://eyepiecestexas.com/eyewear/" "Mozilla/5.0 (Windows NT 6.1; WOW64; rv:23.0) Gecko/20100101 Firefox/23.0"
87.115.172.109 - - [18/Aug/2013:12:06:14 -0400] "GET /eyewear/files/stacks_image_610.jpg HTTP/1.1" 200 6266 "http://eyepiecestexas.com/eyewear/" "Mozilla/5.0 (Windows NT 6.1; WOW64; rv:23.0) Gecko/20100101 Firefox/23.0"
87.115.172.109 - - [18/Aug/2013:12:06:14 -0400] "GET /eyewear/files/stacks_image_626.jpg HTTP/1.1" 200 16440 "http://eyepiecestexas.com/eyewear/" "Mozilla/5.0 (Windows NT 6.1; WOW64; rv:23.0) Gecko/20100101 Firefox/23.0"
87.115.172.109 - - [18/Aug/2013:12:06:14 -0400] "GET /eyewear/files/stacks_image_243.jpg HTTP/1.1" 200 5639 "http://eyepiecestexas.com/eyewear/" "Mozilla/5.0 (Windows NT 6.1; WOW64; rv:23.0) Gecko/20100101 Firefox/23.0"
87.115.172.109 - - [18/Aug/2013:12:06:14 -0400] "GET /eyewear/files/stacks_image_650.jpg HTTP/1.1" 200 12534 "http://eyepiecestexas.com/eyewear/" "Mozilla/5.0 (Windows NT 6.1; WOW64; rv:23.0) Gecko/20100101 Firefox/23.0"
87.115.172.109 - - [18/Aug/2013:12:06:14 -0400] "GET /eyewear/files/stacks_image_676.jpg HTTP/1.1" 200 7771 "http://eyepiecestexas.com/eyewear/" "Mozilla/5.0 (Windows NT 6.1; WOW64; rv:23.0) Gecko/20100101 Firefox/23.0"
87.115.172.109 - - [18/Aug/2013:12:06:14 -0400] "GET /eyewear/files/stacks_image_811.png HTTP/1.1" 200 6321 "http://eyepiecestexas.com/eyewear/" "Mozilla/5.0 (Windows NT 6.1; WOW64; rv:23.0) Gecko/20100101 Firefox/23.0"
87.115.172.109 - - [18/Aug/2013:12:06:14 -0400] "GET /rw_common/themes/dexture/images/editable_images/image11.jpg HTTP/1.1" 200 74799 "http://eyepiecestexas.com/rw_common/themes/dexture/consolidated-all-2.css" "Mozilla/5.0 (Windows NT 6.1; WOW64; rv:23.0) Gecko/20100101 Firefox/23.0"
87.115.172.109 - - [18/Aug/2013:12:06:15 -0400] "GET /rw_common/themes/dexture/images/mainContentCornerShadowRight.png HTTP/1.1" 200 1442 "http://eyepiecestexas.com/rw_common/themes/dexture/consolidated-screen-2.css" "Mozilla/5.0 (Windows NT 6.1; WOW64; rv:23.0) Gecko/20100101 Firefox/23.0"
68.106.57.127 - - [18/Aug/2013:12:09:06 -0400] "GET /rw_common/themes/dexture/images/bottomShadow.png HTTP/1.1" 200 204 "http://eyepiecestexas.com/" "Mozilla/5.0 (Linux; U; Android 4.2.2; en-us; Galaxy Nexus Build/JDQ39) AppleWebKit/534.30 (KHTML, like Gecko) Version/4.0 Mobile Safari/534.30"
68.106.57.127 - - [18/Aug/2013:12:09:08 -0400] "GET /staff/files/stacks_page_page8.css HTTP/1.1" 200 7257 "http://eyepiecestexas.com/staff/" "Mozilla/5.0 (Linux; U; Android 4.2.2; en-us; Galaxy Nexus Build/JDQ39) AppleWebKit/534.30 (KHTML, like Gecko) Version/4.0 Mobile Safari/534.30"
68.106.57.127 - - [18/Aug/2013:12:09:09 -0400] "GET /staff/files/fullpath_201.jpg HTTP/1.1" 200 16906 "http://eyepiecestexas.com/staff/" "Mozilla/5.0 (Linux; U; Android 4.2.2; en-us; Galaxy Nexus Build/JDQ39) AppleWebKit/534.30 (KHTML, like Gecko) Version/4.0 Mobile Safari/534.30"
157.55.35.75 - - [18/Aug/2013:14:21:56 -0400] "GET /Caviar.html HTTP/1.1" 200 5319 "-" "Mozilla/5.0 (compatible; bingbot/2.0; +http://www.bing.com/bingbot.htm)"
65.55.52.118 - - [18/Aug/2013:15:29:40 -0400] "GET /LA_Eyeworks.html HTTP/1.0" 200 5819 "-" "Mozilla/5.0 (compatible; bingbot/2.0; +http://www.bing.com/bingbot.htm)"
65.55.52.94 - - [18/Aug/2013:14:22:22 -0400] "GET /Chanel.html HTTP/1.1" 200 3819 "-" "Mozilla/5.0 (compatible; bingbot/2.0; +http://www.bing.com/bingbot.htm)"
99.70.92.155 - - [18/Aug/2013:17:31:03 -0400] "GET /rw_common/themes/dexture/consolidated-all-5.css HTTP/1.1" 200 13449 "http://eyepiecestexas.com/contact/" "Mozilla/5.0 (iPhone; CPU iPhone OS 6_1_4 like Mac OS X) AppleWebKit/536.26 (KHTML, like Gecko) Version/6.0 Mobile/10B350 Safari/8536.25"
173.70.141.147 - - [18/Aug/2013:04:00:44 -0400] "GET /core/model/updateArmadilloSettings.php?action=checkDBsettings HTTP/1.1" 200 6319 "-" "panscient.com"
173.70.141.147 - - [18/Aug/2013:04:02:34 -0400] "GET /contact/files/?==f[0].type)&f.find( HTTP/1.1" 403 660 "-" "panscient.com"
173.70.141.147 - - [18/Aug/2013:04:03:29 -0400] "GET /contact/files/?),this;c=b.param(j,m);i&(c=c?c+ HTTP/1.1" 403 660 "-" "panscient.com"
173.70.141.147 - - [18/Aug/2013:04:03:56 -0400] "GET /eyewear/files/cufon-yui.js HTTP/1.1" 200 18258 "-" "panscient.com"
173.70.141.147 - - [18/Aug/2013:04:03:57 -0400] "GET /eyewear/files/).replace(/;/g, HTTP/1.1" 200 5819 "-" "panscient.com"
192.114.71.13 - - [18/Aug/2013:01:50:48 -0400] "GET /promotions/?tag=%20Prada HTTP/1.0" 200 16168 "http://eyepiecestexas.com/promotions/" "Mozilla/5.0 (X11; Ubuntu; Linux x86_64; rv:11.0) Gecko/20100101 Firefox/11.0"
192.114.71.13 - - [18/Aug/2013:01:50:51 -0400] "GET /promotions/?tag=An%20Evening%20to%20Remember HTTP/1.0" 200 13439 "http://eyepiecestexas.com/promotions/?tag=Eye%20Pieces%20Plano" "Mozilla/5.0 (X11; Ubuntu; Linux x86_64; rv:11.0) Gecko/20100101 Firefox/11.0"
54.242.174.64 - - [18/Aug/2013:19:03:52 -0400] "GET /promotions/?tag=%20Designer%20Eyewear HTTP/1.0" 200 16168 "-" "Mozilla/5.0 (compatible; Goodzer/2.0; crawler@goodzer.com)"
66.249.75.204 - - [18/Aug/2013:19:16:53 -0400] "GET /rw_common/themes/dexture/consolidated-print-7.css HTTP/1.1" 200 10005 "-" "Mozilla/5.0 (compatible; Googlebot/2.1; +http://www.google.com/bot.html)"
72.30.198.43 - - [18/Aug/2013:20:42:59 -0400] "GET /rw_common/themes/dexture/consolidated-print-0.css HTTP/1.1" 200 9992 "http://eyepiecestexas.com/" "Mozilla/5.0 (compatible; Yahoo! Slurp/3.0; http://help.yahoo.com/help/us/ysearch/slurp) NOT Firefox/3.5"
72.30.198.43 - - [18/Aug/2013:20:42:59 -0400] "GET /rw_common/themes/dexture/scripts/nimblehostDropDownMenu.js HTTP/1.1" 200 988 "http://eyepiecestexas.com/" "Mozilla/5.0 (compatible; Yahoo! Slurp/3.0; http://help.yahoo.com/help/us/ysearch/slurp) NOT Firefox/3.5"
72.30.198.43 - - [18/Aug/2013:20:42:59 -0400] "GET /files/stacks_page_page0.js HTTP/1.1" 200 11218 "http://eyepiecestexas.com/" "Mozilla/5.0 (compatible; Yahoo! Slurp/3.0; http://help.yahoo.com/help/us/ysearch/slurp) NOT Firefox/3.5"
72.30.198.43 - - [18/Aug/2013:20:42:59 -0400] "GET /files/stacks_image_165.png HTTP/1.1" 200 2265 "http://eyepiecestexas.com/" "Mozilla/5.0 (compatible; Yahoo! Slurp/3.0; http://help.yahoo.com/help/us/ysearch/slurp) NOT Firefox/3.5"
72.30.198.43 - - [18/Aug/2013:20:43:02 -0400] "GET /rw_common/themes/dexture/images/mainContentCornerShadowLeft.png HTTP/1.1" 200 1452 "http://eyepiecestexas.com/rw_common/themes/dexture/consolidated-screen-0.css" "Mozilla/5.0 (compatible; Yahoo! Slurp/3.0; http://help.yahoo.com/help/us/ysearch/slurp) NOT Firefox/3.5"
72.30.198.43 - - [18/Aug/2013:20:43:02 -0400] "GET /rw_common/themes/dexture/images/ec6TopShadow.png HTTP/1.1" 200 49422 "http://eyepiecestexas.com/rw_common/themes/dexture/consolidated-screen-0.css" "Mozilla/5.0 (compatible; Yahoo! Slurp/3.0; http://help.yahoo.com/help/us/ysearch/slurp) NOT Firefox/3.5"
68.95.173.240 - - [18/Aug/2013:21:34:15 -0400] "GET /rw_common/themes/dexture/consolidated-all-0.css HTTP/1.1" 200 13436 "http://eyepiecestexas.com/" "Mozilla/5.0 (Macintosh; Intel Mac OS X 10_8_2) AppleWebKit/536.26.17 (KHTML, like Gecko) Version/6.0.2 Safari/536.26.17"
68.95.173.240 - - [18/Aug/2013:21:34:15 -0400] "GET /rw_common/themes/dexture/javascript.js HTTP/1.1" 200 14608 "http://eyepiecestexas.com/" "Mozilla/5.0 (Macintosh; Intel Mac OS X 10_8_2) AppleWebKit/536.26.17 (KHTML, like Gecko) Version/6.0.2 Safari/536.26.17"
68.95.173.240 - - [18/Aug/2013:21:34:15 -0400] "GET /rw_common/themes/dexture/images/editable_images/paper.png HTTP/1.1" 200 154825 "http://eyepiecestexas.com/" "Mozilla/5.0 (Macintosh; Intel Mac OS X 10_8_2) AppleWebKit/536.26.17 (KHTML, like Gecko) Version/6.0.2 Safari/536.26.17"
68.95.173.240 - - [18/Aug/2013:21:34:16 -0400] "GET /files/stacks_image_167.png HTTP/1.1" 200 5841 "http://eyepiecestexas.com/" "Mozilla/5.0 (Macintosh; Intel Mac OS X 10_8_2) AppleWebKit/536.26.17 (KHTML, like Gecko) Version/6.0.2 Safari/536.26.17"
68.95.173.240 - - [18/Aug/2013:21:34:17 -0400] "GET /rw_common/themes/dexture/images/ec6TopShadow.png HTTP/1.1" 200 49422 "http://eyepiecestexas.com/" "Mozilla/5.0 (Macintosh; Intel Mac OS X 10_8_2) AppleWebKit/536.26.17 (KHTML, like Gecko) Version/6.0.2 Safari/536.26.17"
54.242.174.64 - - [18/Aug/2013:19:05:12 -0400] "GET /promotions/?category=the%20David%20Yurman%20Collection HTTP/1.0" 200 14703 "-" "Mozilla/5.0 (compatible; Goodzer/2.0; crawler@goodzer.com)"
54.242.174.64 - - [18/Aug/2013:19:37:32 -0400] "GET /rw_common/themes/dexture/css/ie7.css HTTP/1.1" 200 5819 "-" "cssutils 0.9.8a3 (http://www.cthedot.de/cssutils/)"
208.115.111.68 - - [18/Aug/2013:19:57:58 -0400] "GET /robots.txt HTTP/1.1" 200 48 "-" "Mozilla/5.0 (compatible; Ezooms/1.0; ezooms.bot@gmail.com)"
157.55.35.102 - - [18/Aug/2013:14:22:41 -0400] "GET /Eyewear.html HTTP/1.0" 200 4819 "-" "Mozilla/5.0 (compatible; bingbot/2.0; +http://www.bing.com/bingbot.htm)"
173.70.141.147 - - [18/Aug/2013:04:00:01 -0400] "GET /promotions/?tag=Dr.%20Birenbaum HTTP/1.1" 200 22523 "-" "panscient.com"
173.70.141.147 - - [18/Aug/2013:04:00:04 -0400] "GET /promotions/?tag=Tom%20Ford HTTP/1.1" 200 22610 "-" "panscient.com"
173.70.141.147 - - [18/Aug/2013:04:00:05 -0400] "GET /robots.txt HTTP/1.1" 200 48 "-" "panscient.com"
173.70.141.147 - - [18/Aug/2013:04:00:05 -0400] "GET /promotions/?tag=%20Marc%20Jacobs HTTP/1.1" 200 16168 "-" "panscient.com"
173.70.141.147 - - [18/Aug/2013:04:00:06 -0400] "GET /promotions/?tag=Good%20Morning%20Texas HTTP/1.1" 200 13439 "-" "panscient.com"
173.70.141.147 - - [18/Aug/2013:04:00:07 -0400] "GET /promotions/?tag=%20Oakley HTTP/1.1" 200 16168 "-" "panscient.com"
173.70.141.147 - - [18/Aug/2013:04:00:09 -0400] "GET /promotions/?tag=Kellie%20Rasberry HTTP/1.1" 200 13439 "-" "panscient.com"
173.70.141.147 - - [18/Aug/2013:04:00:10 -0400] "GET /promotions/?tag=%20Chanel HTTP/1.1" 200 16168 "-" "panscient.com"
173.70.141.147 - - [18/Aug/2013:04:00:11 -0400] "GET /promotions/?tag=Chanel HTTP/1.1" 200 23104 "-" "panscient.com"
173.70.141.147 - - [18/Aug/2013:04:00:12 -0400] "GET /promotions/?tag=Kate%20Spade HTTP/1.1" 200 16168 "-" "panscient.com"
173.70.141.147 - - [18/Aug/2013:04:00:13 -0400] "GET /text/css HTTP/1.1" 200 3319 "-" "panscient.com"
173.70.141.147 - - [18/Aug/2013:04:02:26 -0400] "GET /promotions/?tag=Trunk%20Show HTTP/1.1" 200 14370 "-" "panscient.com"
173.70.141.147 - - [18/Aug/2013:04:02:29 -0400] "GET /promotions/?tag=Eyewear HTTP/1.1" 200 23864 "-" "panscient.com"
173.70.141.147 - - [18/Aug/2013:04:02:31 -0400] "GET /promotions/?category=Eyewear HTTP/1.1" 200 20978 "-" "panscient.com"
173.70.141.147 - - [18/Aug/2013:04:02:33 -0400] "GET /promotions/?tag=Bulgari HTTP/1.1" 200 16168 "-" "panscient.com"
173.208.165.90 - - [18/Aug/2013:00:57:01 -0400] "GET /promotions/?page_id=2&title= HTTP/1.0" 200 15948 "-" "Mozilla/5.0 (compatible; MJ12bot/v1.4.3; http://www.majestic12.co.uk/bot.php?+)"
173.208.165.90 - - [18/Aug/2013:00:57:13 -0400] "GET /?page_id=1&title=blog HTTP/1.0" 200 16359 "-" "Mozilla/5.0 (compatible; MJ12bot/v1.4.3; http://www.majestic12.co.uk/bot.php?+)"
76.87.1.22 - - [18/Aug/2013:01:30:07 -0400] "GET /eyewear/files/stacks_image_670.jpg HTTP/1.1" 200 29466 "http://www.google.com/search?q=tom+ford+mens+eyeglass&client=safari&hl=en&source=lnms&tbm=isch&sa=X&ei=mVsQUuG4NePhyQGT6IDoDA&ved=0CAkQ_AUoAA&biw=1024&bih=622" "Mozilla/5.0 (iPad; CPU OS 5_1_1 like Mac OS X) AppleWebKit/534.46 (KHTML, like Gecko) Version/5.1 Mobile/9B206 Safari/7534.48.3"
192.114.71.13 - - [18/Aug/2013:01:50:46 -0400] "GET /staff/ HTTP/1.0" 200 18464 "http://eyepiecestexas.com" "Mozilla/5.0 (X11; Ubuntu; Linux x86_64; rv:11.0) Gecko/20100101 Firefox/11.0"
99.70.92.155 - - [18/Aug/2013:11:46:12 -0400] "GET /rw_common/themes/dexture/consolidated-all-0.css HTTP/1.1" 200 13436 "http://eyepiecestexas.com/" "Mozilla/5.0 (iPhone; CPU iPhone OS 6_1_4 like Mac OS X) AppleWebKit/536.26 (KHTML, like Gecko) Version/6.0 Mobile/10B350 Safari/8536.25"
99.70.92.155 - - [18/Aug/2013:11:46:12 -0400] "GET /rw_common/themes/dexture/scripts/jquery.fancyzoom.js HTTP/1.1" 200 6272 "http://eyepiecestexas.com/" "Mozilla/5.0 (iPhone; CPU iPhone OS 6_1_4 like Mac OS X) AppleWebKit/536.26 (KHTML, like Gecko) Version/6.0 Mobile/10B350 Safari/8536.25"
99.70.92.155 - - [18/Aug/2013:11:46:12 -0400] "GET /files/stacks_image_165.png HTTP/1.1" 200 2265 "http://eyepiecestexas.com/" "Mozilla/5.0 (iPhone; CPU iPhone OS 6_1_4 like Mac OS X) AppleWebKit/536.26 (KHTML, like Gecko) Version/6.0 Mobile/10B350 Safari/8536.25"
99.70.92.155 - - [18/Aug/2013:11:46:13 -0400] "GET /rw_common/themes/dexture/images/lightAlphaBg.png HTTP/1.1" 200 179 "http://eyepiecestexas.com/" "Mozilla/5.0 (iPhone; CPU iPhone OS 6_1_4 like Mac OS X) AppleWebKit/536.26 (KHTML, like Gecko) Version/6.0 Mobile/10B350 Safari/8536.25"
99.70.92.155 - - [18/Aug/2013:11:46:13 -0400] "GET /rw_common/themes/dexture/images/editable_images/image11.jpg HTTP/1.1" 200 74799 "http://eyepiecestexas.com/" "Mozilla/5.0 (iPhone; CPU iPhone OS 6_1_4 like Mac OS X) AppleWebKit/536.26 (KHTML, like Gecko) Version/6.0 Mobile/10B350 Safari/8536.25"
99.70.92.155 - - [18/Aug/2013:11:46:13 -0400] "GET /rw_common/themes/dexture/images/ec6TopShadow.png HTTP/1.1" 200 49422 "http://eyepiecestexas.com/" "Mozilla/5.0 (iPhone; CPU iPhone OS 6_1_4 like Mac OS X) AppleWebKit/536.26 (KHTML, like Gecko) Version/6.0 Mobile/10B350 Safari/8536.25"
157.55.32.82 - - [18/Aug/2013:00:06:03 -0400] "GET / HTTP/1.1" 200 16359 "-" "Mozilla/5.0 (compatible; bingbot/2.0; +http://www.bing.com/bingbot.htm)"
54.242.174.64 - - [18/Aug/2013:19:04:44 -0400] "GET /promotions/?tag=%20D%20The%20Broadcast HTTP/1.0" 200 16168 "-" "Mozilla/5.0 (compatible; Goodzer/2.0; crawler@goodzer.com)"
108.207.111.52 - - [18/Aug/2013:19:58:37 -0400] "GET /rw_common/themes/dexture/consolidated-screen-2.css HTTP/1.1" 200 27899 "http://eyepiecestexas.com/eyewear/" "Mozilla/5.0 (Macintosh; Intel Mac OS X 10_8_4) AppleWebKit/537.36 (KHTML, like Gecko) Chrome/28.0.1500.95 Safari/537.36"
108.207.111.52 - - [18/Aug/2013:19:58:40 -0400] "GET /eyewear/files/cufon-yui.js HTTP/1.1" 200 18258 "http://eyepiecestexas.com/eyewear/" "Mozilla/5.0 (Macintosh; Intel Mac OS X 10_8_4) AppleWebKit/537.36 (KHTML, like Gecko) Chrome/28.0.1500.95 Safari/537.36"
108.207.111.52 - - [18/Aug/2013:19:58:41 -0400] "GET /rw_common/themes/dexture/consolidated-print-2.css HTTP/1.1" 200 10005 "http://eyepiecestexas.com/eyewear/" "Mozilla/5.0 (Macintosh; Intel Mac OS X 10_8_4) AppleWebKit/537.36 (KHTML, like Gecko) Chrome/28.0.1500.95 Safari/537.36"
108.207.111.52 - - [18/Aug/2013:19:58:41 -0400] "GET /eyewear/files/stacks_image_347.jpg HTTP/1.1" 200 4110 "http://eyepiecestexas.com/eyewear/" "Mozilla/5.0 (Macintosh; Intel Mac OS X 10_8_4) AppleWebKit/537.36 (KHTML, like Gecko) Chrome/28.0.1500.95 Safari/537.36"
108.207.111.52 - - [18/Aug/2013:19:58:41 -0400] "GET /eyewear/files/stacks_image_56.jpg HTTP/1.1" 200 17849 "http://eyepiecestexas.com/eyewear/" "Mozilla/5.0 (Macintosh; Intel Mac OS X 10_8_4) AppleWebKit/537.36 (KHTML, like Gecko) Chrome/28.0.1500.95 Safari/537.36"
108.207.111.52 - - [18/Aug/2013:19:58:41 -0400] "GET /eyewear/files/stacks_image_406.jpg HTTP/1.1" 200 10954 "http://eyepiecestexas.com/eyewear/" "Mozilla/5.0 (Macintosh; Intel Mac OS X 10_8_4) AppleWebKit/537.36 (KHTML, like Gecko) Chrome/28.0.1500.95 Safari/537.36"
108.207.111.52 - - [18/Aug/2013:19:58:42 -0400] "GET /eyewear/files/stacks_image_440.jpg HTTP/1.1" 200 10518 "http://eyepiecestexas.com/eyewear/" "Mozilla/5.0 (Macintosh; Intel Mac OS X 10_8_4) AppleWebKit/537.36 (KHTML, like Gecko) Chrome/28.0.1500.95 Safari/537.36"
108.207.111.52 - - [18/Aug/2013:19:58:42 -0400] "GET /eyewear/files/stacks_image_460.jpg HTTP/1.1" 200 7560 "http://eyepiecestexas.com/eyewear/" "Mozilla/5.0 (Macintosh; Intel Mac OS X 10_8_4) AppleWebKit/537.36 (KHTML, like Gecko) Chrome/28.0.1500.95 Safari/537.36"
108.207.111.52 - - [18/Aug/2013:19:58:42 -0400] "GET /eyewear/files/stacks_image_113.jpg HTTP/1.1" 200 5916 "http://eyepiecestexas.com/eyewear/" "Mozilla/5.0 (Macintosh; Intel Mac OS X 10_8_4) AppleWebKit/537.36 (KHTML, like Gecko) Chrome/28.0.1500.95 Safari/537.36"
108.207.111.52 - - [18/Aug/2013:19:58:42 -0400] "GET /eyewear/files/stacks_image_486.jpg HTTP/1.1" 200 7158 "http://eyepiecestexas.com/eyewear/" "Mozilla/5.0 (Macintosh; Intel Mac OS X 10_8_4) AppleWebKit/537.36 (KHTML, like Gecko) Chrome/28.0.1500.95 Safari/537.36"
108.207.111.52 - - [18/Aug/2013:19:58:43 -0400] "GET /eyewear/files/stacks_image_117.png HTTP/1.1" 200 121120 "http://eyepiecestexas.com/eyewear/" "Mozilla/5.0 (Macintosh; Intel Mac OS X 10_8_4) AppleWebKit/537.36 (KHTML, like Gecko) Chrome/28.0.1500.95 Safari/537.36"
108.207.111.52 - - [18/Aug/2013:19:58:43 -0400] "GET /eyewear/files/stacks_image_500.jpg HTTP/1.1" 200 8384 "http://eyepiecestexas.com/eyewear/" "Mozilla/5.0 (Macintosh; Intel Mac OS X 10_8_4) AppleWebKit/537.36 (KHTML, like Gecko) Chrome/28.0.1500.95 Safari/537.36"
108.207.111.52 - - [18/Aug/2013:19:58:43 -0400] "GET /eyewear/files/stacks_image_516.jpg HTTP/1.1" 200 7360 "http://eyepiecestexas.com/eyewear/" "Mozilla/5.0 (Macintosh; Intel Mac OS X 10_8_4) AppleWebKit/537.36 (KHTML, like Gecko) Chrome/28.0.1500.95 Safari/537.36"
108.207.111.52 - - [18/Aug/2013:19:58:44 -0400] "GET /eyewear/files/stacks_image_530.jpg HTTP/1.1" 200 8363 "http://eyepiecestexas.com/eyewear/" "Mozilla/5.0 (Macintosh; Intel Mac OS X 10_8_4) AppleWebKit/537.36 (KHTML, like Gecko) Chrome/28.0.1500.95 Safari/537.36"
108.207.111.52 - - [18/Aug/2013:19:58:44 -0400] "GET /eyewear/files/stacks_image_550.jpg HTTP/1.1" 200 15645 "http://eyepiecestexas.com/eyewear/" "Mozilla/5.0 (Macintosh; Intel Mac OS X 10_8_4) AppleWebKit/537.36 (KHTML, like Gecko) Chrome/28.0.1500.95 Safari/537.36"
108.207.111.52 - - [18/Aug/2013:19:58:44 -0400] "GET /eyewear/files/stacks_image_556.jpg HTTP/1.1" 200 9107 "http://eyepiecestexas.com/eyewear/" "Mozilla/5.0 (Macintosh; Intel Mac OS X 10_8_4) AppleWebKit/537.36 (KHTML, like Gecko) Chrome/28.0.1500.95 Safari/537.36"
108.207.111.52 - - [18/Aug/2013:19:58:44 -0400] "GET /eyewear/files/stacks_image_572.jpg HTTP/1.1" 200 10473 "http://eyepiecestexas.com/eyewear/" "Mozilla/5.0 (Macintosh; Intel Mac OS X 10_8_4) AppleWebKit/537.36 (KHTML, like Gecko) Chrome/28.0.1500.95 Safari/537.36"
108.207.111.52 - - [18/Aug/2013:19:58:44 -0400] "GET /eyewear/files/stacks_image_578.jpg HTTP/1.1" 200 9595 "http://eyepiecestexas.com/eyewear/" "Mozilla/5.0 (Macintosh; Intel Mac OS X 10_8_4) AppleWebKit/537.36 (KHTML, like Gecko) Chrome/28.0.1500.95 Safari/537.36"
108.207.111.52 - - [18/Aug/2013:19:58:45 -0400] "GET /eyewear/files/stacks_image_594.jpg HTTP/1.1" 200 14177 "http://eyepiecestexas.com/eyewear/" "Mozilla/5.0 (Macintosh; Intel Mac OS X 10_8_4) AppleWebKit/537.36 (KHTML, like Gecko) Chrome/28.0.1500.95 Safari/537.36"
108.207.111.52 - - [18/Aug/2013:19:58:45 -0400] "GET /eyewear/files/stacks_image_600.jpg HTTP/1.1" 200 8829 "http://eyepiecestexas.com/eyewear/" "Mozilla/5.0 (Macintosh; Intel Mac OS X 10_8_4) AppleWebKit/537.36 (KHTML, like Gecko) Chrome/28.0.1500.95 Safari/537.36"
108.207.111.52 - - [18/Aug/2013:19:58:45 -0400] "GET /eyewear/files/stacks_image_137.jpg HTTP/1.1" 200 22859 "http://eyepiecestexas.com/eyewear/" "Mozilla/5.0 (Macintosh; Intel Mac OS X 10_8_4) AppleWebKit/537.36 (KHTML, like Gecko) Chrome/28.0.1500.95 Safari/537.36"
108.207.111.52 - - [18/Aug/2013:19:58:45 -0400] "GET /eyewear/files/stacks_image_176.png HTTP/1.1" 200 8845 "http://eyepiecestexas.com/eyewear/" "Mozilla/5.0 (Macintosh; Intel Mac OS X 10_8_4) AppleWebKit/537.36 (KHTML, like Gecko) Chrome/28.0.1500.95 Safari/537.36"
108.207.111.52 - - [18/Aug/2013:19:58:46 -0400] "GET /eyewear/files/stacks_image_632.jpg HTTP/1.1" 200 9921 "http://eyepiecestexas.com/eyewear/" "Mozilla/5.0 (Macintosh; Intel Mac OS X 10_8_4) AppleWebKit/537.36 (KHTML, like Gecko) Chrome/28.0.1500.95 Safari/537.36"
108.207.111.52 - - [18/Aug/2013:19:58:46 -0400] "GET /eyewear/files/stacks_image_192.jpg HTTP/1.1" 200 19819 "http://eyepiecestexas.com/eyewear/" "Mozilla/5.0 (Macintosh; Intel Mac OS X 10_8_4) AppleWebKit/537.36 (KHTML, like Gecko) Chrome/28.0.1500.95 Safari/537.36"
108.207.111.52 - - [18/Aug/2013:19:58:46 -0400] "GET /eyewear/files/stacks_image_243.jpg HTTP/1.1" 200 5639 "http://eyepiecestexas.com/eyewear/" "Mozilla/5.0 (Macintosh; Intel Mac OS X 10_8_4) AppleWebKit/537.36 (KHTML, like Gecko) Chrome/28.0.1500.95 Safari/537.36"
108.207.111.52 - - [18/Aug/2013:19:58:46 -0400] "GET /eyewear/files/stacks_image_638.jpg HTTP/1.1" 200 13484 "http://eyepiecestexas.com/eyewear/" "Mozilla/5.0 (Macintosh; Intel Mac OS X 10_8_4) AppleWebKit/537.36 (KHTML, like Gecko) Chrome/28.0.1500.95 Safari/537.36"
108.207.111.52 - - [18/Aug/2013:19:58:46 -0400] "GET /eyewear/files/stacks_image_247.jpg HTTP/1.1" 200 7700 "http://eyepiecestexas.com/eyewear/" "Mozilla/5.0 (Macintosh; Intel Mac OS X 10_8_4) AppleWebKit/537.36 (KHTML, like Gecko) Chrome/28.0.1500.95 Safari/537.36"
108.207.111.52 - - [18/Aug/2013:19:58:46 -0400] "GET /eyewear/files/stacks_image_253.jpg HTTP/1.1" 200 5300 "http://eyepiecestexas.com/eyewear/" "Mozilla/5.0 (Macintosh; Intel Mac OS X 10_8_4) AppleWebKit/537.36 (KHTML, like Gecko) Chrome/28.0.1500.95 Safari/537.36"
108.207.111.52 - - [18/Aug/2013:19:58:46 -0400] "GET /eyewear/files/stacks_image_660.jpg HTTP/1.1" 200 16138 "http://eyepiecestexas.com/eyewear/" "Mozilla/5.0 (Macintosh; Intel Mac OS X 10_8_4) AppleWebKit/537.36 (KHTML, like Gecko) Chrome/28.0.1500.95 Safari/537.36"
108.207.111.52 - - [18/Aug/2013:19:58:46 -0400] "GET /eyewear/files/stacks_image_666.jpg HTTP/1.1" 200 8529 "http://eyepiecestexas.com/eyewear/" "Mozilla/5.0 (Macintosh; Intel Mac OS X 10_8_4) AppleWebKit/537.36 (KHTML, like Gecko) Chrome/28.0.1500.95 Safari/537.36"
108.207.111.52 - - [18/Aug/2013:19:58:46 -0400] "GET /eyewear/files/stacks_image_682.jpg HTTP/1.1" 200 18043 "http://eyepiecestexas.com/eyewear/" "Mozilla/5.0 (Macintosh; Intel Mac OS X 10_8_4) AppleWebKit/537.36 (KHTML, like Gecko) Chrome/28.0.1500.95 Safari/537.36"
108.207.111.52 - - [18/Aug/2013:19:58:46 -0400] "GET /eyewear/files/stacks_image_688.jpg HTTP/1.1" 200 20065 "http://eyepiecestexas.com/eyewear/" "Mozilla/5.0 (Macintosh; Intel Mac OS X 10_8_4) AppleWebKit/537.36 (KHTML, like Gecko) Chrome/28.0.1500.95 Safari/537.36"
108.207.111.52 - - [18/Aug/2013:19:58:46 -0400] "GET /eyewear/files/stacks_image_809.png HTTP/1.1" 200 2265 "http://eyepiecestexas.com/eyewear/" "Mozilla/5.0 (Macintosh; Intel Mac OS X 10_8_4) AppleWebKit/537.36 (KHTML, like Gecko) Chrome/28.0.1500.95 Safari/537.36"
108.207.111.52 - - [18/Aug/2013:19:58:46 -0400] "GET /eyewear/files/stacks_image_810.png HTTP/1.1" 200 6280 "http://eyepiecestexas.com/eyewear/" "Mozilla/5.0 (Macintosh; Intel Mac OS X 10_8_4) AppleWebKit/537.36 (KHTML, like Gecko) Chrome/28.0.1500.95 Safari/537.36"
108.207.111.52 - - [18/Aug/2013:19:58:46 -0400] "GET /rw_common/themes/dexture/images/ec6TopShadow.png HTTP/1.1" 206 1 "http://eyepiecestexas.com/eyewear/" "Mozilla/5.0 (Macintosh; Intel Mac OS X 10_8_4) AppleWebKit/537.36 (KHTML, like Gecko) Chrome/28.0.1500.95 Safari/537.36"
108.207.111.52 - - [18/Aug/2013:19:58:47 -0400] "GET /rw_common/themes/dexture/consolidated-handheld-2.css HTTP/1.1" 200 13394 "http://eyepiecestexas.com/eyewear/" "Mozilla/5.0 (Macintosh; Intel Mac OS X 10_8_4) AppleWebKit/537.36 (KHTML, like Gecko) Chrome/28.0.1500.95 Safari/537.36"
108.207.111.52 - - [18/Aug/2013:19:58:47 -0400] "GET /rw_common/themes/dexture/images/ec6TopShadow.png HTTP/1.1" 206 10862 "http://eyepiecestexas.com/eyewear/" "Mozilla/5.0 (Macintosh; Intel Mac OS X 10_8_4) AppleWebKit/537.36 (KHTML, like Gecko) Chrome/28.0.1500.95 Safari/537.36"
72.14.199.35 - - [18/Aug/2013:07:08:37 -0400] "GET /feed HTTP/1.1" 200 5819 "-" "Feedfetcher-Google; (+http://www.google.com/feedfetcher.html; 1 subscribers; feed-id=11757162533075784121)"
