68.95.173.240 - - [18/Aug/2013:21:34:15 -0400] "GET /rw_common/themes/dexture/images/lightAlphaBg.png HTTP/1.1" 200 179 "http://eyepiecestexas.com/" "Mozilla/5.0 (Macintosh; Intel Mac OS X 10_8_2) AppleWebKit/536.26.17 (KHTML, like Gecko) Version/6.0.2 Safari/536.26.17"
68.95.173.240 - - [18/Aug/2013:21:34:15 -0400] "GET /rw_common/themes/dexture/images/editable_images/image11.jpg HTTP/1.1" 200 74799 "http://eyepiecestexas.com/" "Mozilla/5.0 (Macintosh; Intel Mac OS X 10_8_2) AppleWebKit/536.26.17 (KHTML, like Gecko) Version/6.0.2 Safari/536.26.17"
173.70.141.147 - - [18/Aug/2013:03:57:20 -0400] "GET /contact/files/?);h!=e.url&i.setAttribute( HTTP/1.1" 403 660 "-" "panscient.com"
173.70.141.147 - - [18/Aug/2013:03:59:43 -0400] "GET /contactlens/files/cufon-yui.js HTTP/1.1" 200 18258 "-" "panscient.com"
173.70.141.147 - - [18/Aug/2013:03:59:44 -0400] "GET /rw_common/themes/dexture/scripts/nimblehost.js HTTP/1.1" 200 17247 "-" "panscient.com"
173.70.141.147 - - [18/Aug/2013:03:59:46 -0400] "GET /robots.txt HTTP/1.1" 200 48 "-" "panscient.com"
173.70.141.147 - - [18/Aug/2013:03:59:46 -0400] "GET /rw_common/themes/dexture/javascript.js HTTP/1.1" 200 14608 "-" "panscient.com"
173.70.141.147 - - [18/Aug/2013:03:59:48 -0400] "GET /promotions/?tag=David%20Yurman HTTP/1.1" 200 25375 "-" "panscient.com"
173.70.141.147 - - [18/Aug/2013:03:59:50 -0400] "GET /promotions/?post_id=17&title=happy-2013-to-all-of-our-contact-lens-patients HTTP/1.1" 200 13198 "-" "panscient.com"
173.70.141.147 - - [18/Aug/2013:03:59:51 -0400] "GET /contact/files/?)(this.style.position= HTTP/1.1" 403 660 "-" "panscient.com"
173.70.141.147 - - [18/Aug/2013:04:02:51 -0400] "GET /promotions/files/armadillo/core/scripts/armadilloAdmin.js HTTP/1.1" 200 56597 "-" "panscient.com"
173.70.141.147 - - [18/Aug/2013:04:02:52 -0400] "GET /promotions/files/armadillo/core/core/model/updateArmadilloSettings.php?action=checkDBsettings HTTP/1.1" 404 1722 "-" "panscient.com"
173.70.141.147 - - [18/Aug/2013:04:03:52 -0400] "GET /eyewear/.google-analytics.com/ga.js HTTP/1.1" 200 5819 "-" "panscient.com"
173.70.141.147 - - [18/Aug/2013:04:04:00 -0400] "GET /about/.google-analytics.com/ga.js HTTP/1.1" 200 4319 "-" "panscient.com"
66.249.75.35 - - [18/Aug/2013:05:57:04 -0400] "GET /Eye_Pieces/Prada.html HTTP/1.1" 304 - "-" "Mozilla/5.0 (compatible; Googlebot/2.1; +http://www.google.com/bot.html)"
91.207.9.226 - - [18/Aug/2013:17:24:21 -0400] "GET / HTTP/1.1" 200 16359 "http://degustar.ru/" "Opera/7.11 (Windows NT 5.1; U) [en]"
99.70.92.155 - - [18/Aug/2013:11:46:12 -0400] "GET /rw_common/themes/dexture/consolidated-screen-0.css HTTP/1.1" 200 27886 "http://eyepiecestexas.com/" "Mozilla/5.0 (iPhone; CPU iPhone OS 6_1_4 like Mac OS X) AppleWebKit/536.26 (KHTML, like Gecko) Version/6.0 Mobile/10B350 Safari/8536.25"
99.70.92.155 - - [18/Aug/2013:11:46:12 -0400] "GET /rw_common/themes/dexture/scripts/nimblehost.js HTTP/1.1" 200 17247 "http://eyepiecestexas.com/" "Mozilla/5.0 (iPhone; CPU iPhone OS 6_1_4 like Mac OS X) AppleWebKit/536.26 (KHTML, like Gecko) Version/6.0 Mobile/10B350 Safari/8536.25"
99.70.92.155 - - [18/Aug/2013:11:46:12 -0400] "GET /resources/Dream_Orphans_700.font.js HTTP/1.1" 200 36773 "http://eyepiecestexas.com/" "Mozilla/5.0 (iPhone; CPU iPhone OS 6_1_4 like Mac OS X) AppleWebKit/536.26 (KHTML, like Gecko) Version/6.0 Mobile/10B350 Safari/8536.25"
99.70.92.155 - - [18/Aug/2013:11:46:12 -0400] "GET /files/stacks_image_164.png HTTP/1.1" 200 3361 "http://eyepiecestexas.com/" "Mozilla/5.0 (iPhone; CPU iPhone OS 6_1_4 like Mac OS X) AppleWebKit/536.26 (KHTML, like Gecko) Version/6.0 Mobile/10B350 Safari/8536.25"
99.70.92.155 - - [18/Aug/2013:11:46:12 -0400] "GET /rw_common/themes/dexture/images/pageTopGradient.png HTTP/1.1" 200 1338 "http://eyepiecestexas.com/" "Mozilla/5.0 (iPhone; CPU iPhone OS 6_1_4 like Mac OS X) AppleWebKit/536.26 (KHTML, like Gecko) Version/6.0 Mobile/10B350 Safari/8536.25"
99.70.92.155 - - [18/Aug/2013:11:46:13 -0400] "GET /rw_common/themes/dexture/images/mainContentCornerShadowLeft.png HTTP/1.1" 200 1452 "http://eyepiecestexas.com/" "Mozilla/5.0 (iPhone; CPU iPhone OS 6_1_4 like Mac OS X) AppleWebKit/536.26 (KHTML, like Gecko) Version/6.0 Mobile/10B350 Safari/8536.25"
99.70.92.155 - - [18/Aug/2013:11:46:13 -0400] "GET /rw_common/themes/dexture/images/editable_images/concrete.png HTTP/1.1" 200 198645 "http://eyepiecestexas.com/" "Mozilla/5.0 (iPhone; CPU iPhone OS 6_1_4 like Mac OS X) AppleWebKit/536.26 (KHTML, like Gecko) Version/6.0 Mobile/10B350 Safari/8536.25"
99.70.92.155 - - [18/Aug/2013:11:46:13 -0400] "GET /resources/Dream_Orphans_700.font.js?_=1376840772531 HTTP/1.1" 200 36773 "http://eyepiecestexas.com/" "Mozilla/5.0 (iPhone; CPU iPhone OS 6_1_4 like Mac OS X) AppleWebKit/536.26 (KHTML, like Gecko) Version/6.0 Mobile/10B350 Safari/8536.25"
199.21.99.90 - - [18/Aug/2013:12:18:19 -0400] "GET /promotions/files/armadillo/media/note.png HTTP/1.1" 304 - "-" "Mozilla/5.0 (compatible; YandexImages/3.0; +http://yandex.com/bots)"
65.55.52.118 - - [18/Aug/2013:14:21:23 -0400] "GET /FRED.html HTTP/1.1" 200 5319 "-" "Mozilla/5.0 (compatible; bingbot/2.0; +http://www.bing.com/bingbot.htm)"
173.70.141.147 - - [18/Aug/2013:03:56:31 -0400] "GET /robots.txt HTTP/1.1" 200 48 "-" "panscient.com"
173.70.141.147 - - [18/Aug/2013:03:57:12 -0400] "GET /contact/files/?==r.type&(e.extraData[c+ HTTP/1.1" 403 660 "-" "panscient.com"
173.70.141.147 - - [18/Aug/2013:03:57:22 -0400] "GET /contact/files/?)(this.style.position= HTTP/1.1" 403 660 "-" "panscient.com"
173.70.141.147 - - [18/Aug/2013:03:59:11 -0400] "GET /robots.txt HTTP/1.1" 200 48 "-" "panscient.com"
173.70.141.147 - - [18/Aug/2013:03:59:12 -0400] "GET /promotions/?tag=Tom%20Ford HTTP/1.1" 200 22610 "-" "panscient.com"
173.70.141.147 - - [18/Aug/2013:03:59:14 -0400] "GET /promotions/?post_id=13&title=its-finally-arrived HTTP/1.1" 200 14578 "-" "panscient.com"
173.70.141.147 - - [18/Aug/2013:03:59:39 -0400] "GET /contactlens/files/stacks_page_page3.js HTTP/1.1" 200 9337 "-" "panscient.com"
173.70.141.147 - - [18/Aug/2013:03:59:41 -0400] "GET /find-us/files/stacks_page_page4.js HTTP/1.1" 200 29537 "-" "panscient.com"
173.70.141.147 - - [18/Aug/2013:03:59:42 -0400] "GET /.google-analytics.com/ga.js HTTP/1.1" 200 3819 "-" "panscient.com"
173.70.141.147 - - [18/Aug/2013:04:00:21 -0400] "GET /promotions/?tag=The%20Shops%20at%20Legacy HTTP/1.1" 200 22443 "-" "panscient.com"
173.70.141.147 - - [18/Aug/2013:04:00:22 -0400] "GET /promotions/?tag=An%20Evening%20to%20Remember HTTP/1.1" 200 13439 "-" "panscient.com"
173.70.141.147 - - [18/Aug/2013:04:00:23 -0400] "GET /promotions/?page_id=1&title=blog HTTP/1.1" 200 23361 "-" "panscient.com"
173.70.141.147 - - [18/Aug/2013:04:00:25 -0400] "GET /promotions/?post_id=24&title=eye-pieces-plano-memorial-weekend-special HTTP/1.1" 200 16781 "-" "panscient.com"
173.70.141.147 - - [18/Aug/2013:04:00:26 -0400] "GET /armadillo/core/displayContent.php?action=showMorePosts HTTP/1.1" 200 3319 "-" "panscient.com"
173.70.141.147 - - [18/Aug/2013:04:02:46 -0400] "GET /promotions/files/armadillo/login/forgot/ HTTP/1.1" 200 1665 "-" "panscient.com"
173.70.141.147 - - [18/Aug/2013:04:02:47 -0400] "GET /about/files/cufon-yui.js HTTP/1.1" 200 18258 "-" "panscient.com"
173.70.141.147 - - [18/Aug/2013:04:02:48 -0400] "GET /about/files/).replace(/;/g, HTTP/1.1" 200 3819 "-" "panscient.com"
173.70.141.147 - - [18/Aug/2013:04:03:18 -0400] "GET /find-us/files/?size= HTTP/1.1" 403 660 "-" "panscient.com"
92.249.127.111 - - [18/Aug/2013:18:52:30 -0400] "GET / HTTP/1.1" 200 16359 "http://www.bravica.im/ru/" "Mozilla/5.0 (compatible; news bot /2.1)"
54.242.174.64 - - [18/Aug/2013:19:04:02 -0400] "GET /promotions/?tag=Bulgari HTTP/1.0" 200 16168 "-" "Mozilla/5.0 (compatible; Goodzer/2.0; crawler@goodzer.com)"
54.242.174.64 - - [18/Aug/2013:19:04:10 -0400] "GET /promotions/?tag=Eyewear HTTP/1.0" 200 23864 "-" "Mozilla/5.0 (compatible; Goodzer/2.0; crawler@goodzer.com)"
66.249.75.204 - - [18/Aug/2013:23:40:26 -0400] "GET /robots.txt HTTP/1.1" 200 48 "-" "Mozilla/5.0 (compatible; Googlebot/2.1; +http://www.google.com/bot.html)"
46.119.118.152 - - [18/Aug/2013:09:16:22 -0400] "GET / HTTP/1.1" 200 16359 "http://www.bravica.info/ru/" "Mozilla/4.0 (compatible; MSIE 6.0; Windows NT 5.2; WOW64; SV1; .NET CLR 2.0.50727)"
180.214.232.74 - - [18/Aug/2013:10:07:23 -0400] "GET /promotions/files/armadillo/media/note.png HTTP/1.1" 200 592490 "http://www.google.com/search?client=safari&hl=en&biw=1024&bih=644&tbm=isch&sa=1&ei=0cQQUoXcK4PQrQfizYDYAw&q=professor+bobeye&oq=Professor+Bobe&gs_l=img.1.0.0.4134945.4142952.0.4144684.20.17.0.2.2.0.318.2117.0j2j5j2.9.0....0...1c.1.25.img..9.11.2181.gOsFsmv_6E4" "Mozilla/5.0 (iPad; CPU OS 5_1_1 like Mac OS X) AppleWebKit/534.46 (KHTML, like Gecko) Version/5.1 Mobile/9B206 Safari/7534.48.3"
99.70.92.155 - - [18/Aug/2013:11:46:29 -0400] "GET /rw_common/themes/dexture/consolidated-screen-1.css HTTP/1.1" 200 27899 "http://eyepiecestexas.com/about/" "Mozilla/5.0 (iPhone; CPU iPhone OS 6_1_4 like Mac OS X) AppleWebKit/536.26 (KHTML, like Gecko) Version/6.0 Mobile/10B350 Safari/8536.25"
99.70.92.155 - - [18/Aug/2013:11:46:30 -0400] "GET /about/files/stacks_page_page1.js HTTP/1.1" 200 24511 "http://eyepiecestexas.com/about/" "Mozilla/5.0 (iPhone; CPU iPhone OS 6_1_4 like Mac OS X) AppleWebKit/536.26 (KHTML, like Gecko) Version/6.0 Mobile/10B350 Safari/8536.25"
99.70.92.155 - - [18/Aug/2013:11:46:30 -0400] "GET /about/files/stacks_image_712.png HTTP/1.1" 200 3361 "http://eyepiecestexas.com/about/" "Mozilla/5.0 (iPhone; CPU iPhone OS 6_1_4 like Mac OS X) AppleWebKit/536.26 (KHTML, like Gecko) Version/6.0 Mobile/10B350 Safari/8536.25"
99.70.92.155 - - [18/Aug/2013:11:46:44 -0400] "GET /contactlens/files/stacks_image_824.png HTTP/1.1" 200 5841 "http://eyepiecestexas.com/contactlens/" "Mozilla/5.0 (iPhone; CPU iPhone OS 6_1_4 like Mac OS X) AppleWebKit/536.26 (KHTML, like Gecko) Version/6.0 Mobile/10B350 Safari/8536.25"
173.208.165.90 - - [18/Aug/2013:00:56:49 -0400] "GET /robots.txt HTTP/1.0" 200 48 "-" "Mozilla/5.0 (compatible; MJ12bot/v1.4.3; http://www.majestic12.co.uk/bot.php?+)"
173.208.165.90 - - [18/Aug/2013:00:57:21 -0400] "GET /?page_id=3&title= HTTP/1.0" 200 16359 "-" "Mozilla/5.0 (compatible; MJ12bot/v1.4.3; http://www.majestic12.co.uk/bot.php?+)"
192.114.71.13 - - [18/Aug/2013:01:50:50 -0400] "GET /promotions/?post_id=22&title=save-the-date HTTP/1.0" 200 13240 "http://eyepiecestexas.com/promotions/" "Mozilla/5.0 (X11; Ubuntu; Linux x86_64; rv:11.0) Gecko/20100101 Firefox/11.0"
192.114.71.13 - - [18/Aug/2013:01:50:50 -0400] "GET /promotions/?tag=Sunglasses HTTP/1.0" 200 23874 "http://eyepiecestexas.com/promotions/" "Mozilla/5.0 (X11; Ubuntu; Linux x86_64; rv:11.0) Gecko/20100101 Firefox/11.0"
208.115.111.68 - - [18/Aug/2013:21:56:24 -0400] "GET /promotions/.?page_id=3&title= HTTP/1.1" 200 12691 "-" "Mozilla/5.0 (compatible; Ezooms/1.0; ezooms.bot@gmail.com)"
131.253.24.19 - - [18/Aug/2013:10:26:19 -0400] "GET /contact/ HTTP/1.1" 200 16927 "-" "Mozilla/5.0 (Windows NT 6.1; WOW64) AppleWebKit/534+ (KHTML, like Gecko) BingPreview/1.0b"
131.253.24.19 - - [18/Aug/2013:10:26:21 -0400] "GET /rw_common/plugins/stacks/stacks.css HTTP/1.1" 200 1841 "http://eyepiecestexas.com/contact/" "Mozilla/5.0 (Windows NT 6.1; WOW64) AppleWebKit/534+ (KHTML, like Gecko) BingPreview/1.0b"
131.253.24.19 - - [18/Aug/2013:10:26:21 -0400] "GET /contact/files/stacks_page_page5.css HTTP/1.1" 200 47356 "http://eyepiecestexas.com/contact/" "Mozilla/5.0 (Windows NT 6.1; WOW64) AppleWebKit/534+ (KHTML, like Gecko) BingPreview/1.0b"
131.253.24.19 - - [18/Aug/2013:10:26:21 -0400] "GET /rw_common/themes/dexture/scripts/nimblehostDropDownMenu.js HTTP/1.1" 200 988 "http://eyepiecestexas.com/contact/" "Mozilla/5.0 (Windows NT 6.1; WOW64) AppleWebKit/534+ (KHTML, like Gecko) BingPreview/1.0b"
131.253.24.19 - - [18/Aug/2013:10:26:21 -0400] "GET /rw_common/themes/dexture/javascript.js HTTP/1.1" 200 14608 "http://eyepiecestexas.com/contact/" "Mozilla/5.0 (Windows NT 6.1; WOW64) AppleWebKit/534+ (KHTML, like Gecko) BingPreview/1.0b"
131.253.24.19 - - [18/Aug/2013:10:26:22 -0400] "GET /rw_common/themes/dexture/images/editable_images/paper.png HTTP/1.1" 200 154825 "http://eyepiecestexas.com/contact/" "Mozilla/5.0 (Windows NT 6.1; WOW64) AppleWebKit/534+ (KHTML, like Gecko) BingPreview/1.0b"
87.115.172.109 - - [18/Aug/2013:12:06:12 -0400] "GET /rw_common/themes/dexture/consolidated-all-2.css HTTP/1.1" 200 13449 "http://eyepiecestexas.com/eyewear/" "Mozilla/5.0 (Windows NT 6.1; WOW64; rv:23.0) Gecko/20100101 Firefox/23.0"
87.115.172.109 - - [18/Aug/2013:12:06:12 -0400] "GET /eyewear/files/stacks_page_page2.css HTTP/1.1" 200 15595 "http://eyepiecestexas.com/eyewear/" "Mozilla/5.0 (Windows NT 6.1; WOW64; rv:23.0) Gecko/20100101 Firefox/23.0"
87.115.172.109 - - [18/Aug/2013:12:06:12 -0400] "GET /eyewear/files/gucci2.jpg HTTP/1.1" 200 19323 "http://eyepiecestexas.com/eyewear/" "Mozilla/5.0 (Windows NT 6.1; WOW64; rv:23.0) Gecko/20100101 Firefox/23.0"
87.115.172.109 - - [18/Aug/2013:12:06:13 -0400] "GET /eyewear/files/stacks_image_406.jpg HTTP/1.1" 200 10954 "http://eyepiecestexas.com/eyewear/" "Mozilla/5.0 (Windows NT 6.1; WOW64; rv:23.0) Gecko/20100101 Firefox/23.0"
87.115.172.109 - - [18/Aug/2013:12:06:13 -0400] "GET /eyewear/files/stacks_image_416.jpg HTTP/1.1" 200 10524 "http://eyepiecestexas.com/eyewear/" "Mozilla/5.0 (Windows NT 6.1; WOW64; rv:23.0) Gecko/20100101 Firefox/23.0"
87.115.172.109 - - [18/Aug/2013:12:06:13 -0400] "GET /eyewear/files/stacks_image_460.jpg HTTP/1.1" 200 7560 "http://eyepiecestexas.com/eyewear/" "Mozilla/5.0 (Windows NT 6.1; WOW64; rv:23.0) Gecko/20100101 Firefox/23.0"
87.115.172.109 - - [18/Aug/2013:12:06:13 -0400] "GET /eyewear/files/stacks_image_490.jpg HTTP/1.1" 200 9069 "http://eyepiecestexas.com/eyewear/" "Mozilla/5.0 (Windows NT 6.1; WOW64; rv:23.0) Gecko/20100101 Firefox/23.0"
87.115.172.109 - - [18/Aug/2013:12:06:14 -0400] "GET /eyewear/files/stacks_image_809.png HTTP/1.1" 200 2265 "http://eyepiecestexas.com/eyewear/" "Mozilla/5.0 (Windows NT 6.1; WOW64; rv:23.0) Gecko/20100101 Firefox/23.0"
87.115.172.109 - - [18/Aug/2013:12:06:14 -0400] "GET /rw_common/themes/dexture/images/pageTopShadow400px.png HTTP/1.1" 200 1299 "http://eyepiecestexas.com/rw_common/themes/dexture/consolidated-screen-2.css" "Mozilla/5.0 (Windows NT 6.1; WOW64; rv:23.0) Gecko/20100101 Firefox/23.0"
87.115.172.109 - - [18/Aug/2013:12:06:15 -0400] "GET /rw_common/themes/dexture/images/upperShadow.png HTTP/1.1" 200 218 "http://eyepiecestexas.com/rw_common/themes/dexture/consolidated-screen-2.css" "Mozilla/5.0 (Windows NT 6.1; WOW64; rv:23.0) Gecko/20100101 Firefox/23.0"
87.115.172.109 - - [18/Aug/2013:12:06:15 -0400] "GET /rw_common/themes/dexture/images/bottomShadow.png HTTP/1.1" 200 204 "http://eyepiecestexas.com/rw_common/themes/dexture/consolidated-screen-2.css" "Mozilla/5.0 (Windows NT 6.1; WOW64; rv:23.0) Gecko/20100101 Firefox/23.0"
72.14.199.35 - - [18/Aug/2013:16:09:03 -0400] "GET /feed HTTP/1.1" 200 4319 "-" "Feedfetcher-Google; (+http://www.google.com/feedfetcher.html; 1 subscribers; feed-id=11757162533075784121)"
54.242.174.64 - - [18/Aug/2013:19:03:41 -0400] "GET /eyewear/ HTTP/1.0" 200 62395 "-" "Mozilla/5.0 (compatible; Goodzer/2.0; crawler@goodzer.com)"
54.242.174.64 - - [18/Aug/2013:19:03:48 -0400] "GET /promotions/?tag=%20Chanel HTTP/1.0" 200 16168 "-" "Mozilla/5.0 (compatible; Goodzer/2.0; crawler@goodzer.com)"
54.242.174.64 - - [18/Aug/2013:19:04:25 -0400] "GET /promotions/?post_id=22&title=save-the-date HTTP/1.0" 200 13240 "-" "Mozilla/5.0 (compatible; Goodzer/2.0; crawler@goodzer.com)"
54.242.174.64 - - [18/Aug/2013:19:05:24 -0400] "GET /promotions/?tag=The%20Shops%20at%20Legacy HTTP/1.0" 200 22443 "-" "Mozilla/5.0 (compatible; Goodzer/2.0; crawler@goodzer.com)"
208.115.111.68 - - [18/Aug/2013:19:57:58 -0400] "GET /robots.txt HTTP/1.1" 200 48 "-" "Mozilla/5.0 (compatible; Ezooms/1.0; ezooms.bot@gmail.com)"
72.30.198.43 - - [18/Aug/2013:20:43:02 -0400] "GET /rw_common/themes/dexture/images/pageTopGradient.png HTTP/1.1" 200 1338 "http://eyepiecestexas.com/rw_common/themes/dexture/consolidated-screen-0.css" "Mozilla/5.0 (compatible; Yahoo! Slurp/3.0; http://help.yahoo.com/help/us/ysearch/slurp) NOT Firefox/3.5"
72.30.198.43 - - [18/Aug/2013:20:43:02 -0400] "GET /rw_common/themes/dexture/images/upperShadow.png HTTP/1.1" 200 218 "http://eyepiecestexas.com/rw_common/themes/dexture/consolidated-screen-0.css" "Mozilla/5.0 (compatible; Yahoo! Slurp/3.0; http://help.yahoo.com/help/us/ysearch/slurp) NOT Firefox/3.5"
72.30.198.43 - - [18/Aug/2013:20:43:02 -0400] "GET /resources/Dream_Orphans_700.font.js?_=1376872982316 HTTP/1.1" 200 36773 "http://eyepiecestexas.com/" "Mozilla/5.0 (compatible; Yahoo! Slurp/3.0; http://help.yahoo.com/help/us/ysearch/slurp) NOT Firefox/3.5"
173.70.141.147 - - [18/Aug/2013:04:02:23 -0400] "GET /promotions/?tag=%20Summer HTTP/1.1" 200 16168 "-" "panscient.com"
173.70.141.147 - - [18/Aug/2013:04:02:25 -0400] "GET /contact/files/?(c=== HTTP/1.1" 403 660 "-" "panscient.com"
178.137.128.12 - - [18/Aug/2013:06:46:42 -0400] "GET / HTTP/1.1" 200 16359 "http://rada.ru/souvenir/" "Mozilla/4.0 (compatible; Powermarks/3.5; Windows 95/98/2000/NT)"
65.55.52.118 - - [18/Aug/2013:14:28:52 -0400] "GET /Gucci.html HTTP/1.0" 200 5819 "-" "Mozilla/5.0 (compatible; bingbot/2.0; +http://www.bing.com/bingbot.htm)"
54.242.174.64 - - [18/Aug/2013:19:04:46 -0400] "GET /promotions/?tag=%20Marc%20Jacobs HTTP/1.0" 200 16168 "-" "Mozilla/5.0 (compatible; Goodzer/2.0; crawler@goodzer.com)"
108.207.111.52 - - [18/Aug/2013:19:58:38 -0400] "GET /eyewear/files/stacks_page_page2.js HTTP/1.1" 200 31106 "http://eyepiecestexas.com/eyewear/" "Mozilla/5.0 (Macintosh; Intel Mac OS X 10_8_4) AppleWebKit/537.36 (KHTML, like Gecko) Chrome/28.0.1500.95 Safari/537.36"
108.207.111.52 - - [18/Aug/2013:19:58:41 -0400] "GET /eyewear/files/gucci2.jpg HTTP/1.1" 200 19323 "http://eyepiecestexas.com/eyewear/" "Mozilla/5.0 (Macintosh; Intel Mac OS X 10_8_4) AppleWebKit/537.36 (KHTML, like Gecko) Chrome/28.0.1500.95 Safari/537.36"
108.207.111.52 - - [18/Aug/2013:19:58:41 -0400] "GET /eyewear/files/stacks_image_11.jpg HTTP/1.1" 200 16439 "http://eyepiecestexas.com/eyewear/" "Mozilla/5.0 (Macintosh; Intel Mac OS X 10_8_4) AppleWebKit/537.36 (KHTML, like Gecko) Chrome/28.0.1500.95 Safari/537.36"
108.207.111.52 - - [18/Aug/2013:19:58:41 -0400] "GET /eyewear/files/stacks_image_416.jpg HTTP/1.1" 200 10524 "http://eyepiecestexas.com/eyewear/" "Mozilla/5.0 (Macintosh; Intel Mac OS X 10_8_4) AppleWebKit/537.36 (KHTML, like Gecko) Chrome/28.0.1500.95 Safari/537.36"
108.207.111.52 - - [18/Aug/2013:19:58:42 -0400] "GET /eyewear/files/stacks_image_446.png HTTP/1.1" 200 8076 "http://eyepiecestexas.com/eyewear/" "Mozilla/5.0 (Macintosh; Intel Mac OS X 10_8_4) AppleWebKit/537.36 (KHTML, like Gecko) Chrome/28.0.1500.95 Safari/537.36"
108.207.111.52 - - [18/Aug/2013:19:58:42 -0400] "GET /eyewear/files/stacks_image_466.png HTTP/1.1" 200 35282 "http://eyepiecestexas.com/eyewear/" "Mozilla/5.0 (Macintosh; Intel Mac OS X 10_8_4) AppleWebKit/537.36 (KHTML, like Gecko) Chrome/28.0.1500.95 Safari/537.36"
108.207.111.52 - - [18/Aug/2013:19:58:42 -0400] "GET /eyewear/files/stacks_image_490.jpg HTTP/1.1" 200 9069 "http://eyepiecestexas.com/eyewear/" "Mozilla/5.0 (Macintosh; Intel Mac OS X 10_8_4) AppleWebKit/537.36 (KHTML, like Gecko) Chrome/28.0.1500.95 Safari/537.36"
108.207.111.52 - - [18/Aug/2013:19:58:43 -0400] "GET /eyewear/files/stacks_image_506.jpg HTTP/1.1" 200 5890 "http://eyepiecestexas.com/eyewear/" "Mozilla/5.0 (Macintosh; Intel Mac OS X 10_8_4) AppleWebKit/537.36 (KHTML, like Gecko) Chrome/28.0.1500.95 Safari/537.36"
108.207.111.52 - - [18/Aug/2013:19:58:43 -0400] "GET /eyewear/files/stacks_image_520.jpg HTTP/1.1" 200 21331 "http://eyepiecestexas.com/eyewear/" "Mozilla/5.0 (Macintosh; Intel Mac OS X 10_8_4) AppleWebKit/537.36 (KHTML, like Gecko) Chrome/28.0.1500.95 Safari/537.36"
108.207.111.52 - - [18/Aug/2013:19:58:44 -0400] "GET /eyewear/files/stacks_image_536.jpg HTTP/1.1" 200 4837 "http://eyepiecestexas.com/eyewear/" "Mozilla/5.0 (Macintosh; Intel Mac OS X 10_8_4) AppleWebKit/537.36 (KHTML, like Gecko) Chrome/28.0.1500.95 Safari/537.36"
108.207.111.52 - - [18/Aug/2013:19:58:44 -0400] "GET /eyewear/files/stacks_image_562.jpg HTTP/1.1" 200 11332 "http://eyepiecestexas.com/eyewear/" "Mozilla/5.0 (Macintosh; Intel Mac OS X 10_8_4) AppleWebKit/537.36 (KHTML, like Gecko) Chrome/28.0.1500.95 Safari/537.36"
108.207.111.52 - - [18/Aug/2013:19:58:45 -0400] "GET /eyewear/files/stacks_image_584.jpg HTTP/1.1" 200 13837 "http://eyepiecestexas.com/eyewear/" "Mozilla/5.0 (Macintosh; Intel Mac OS X 10_8_4) AppleWebKit/537.36 (KHTML, like Gecko) Chrome/28.0.1500.95 Safari/537.36"
108.207.111.52 - - [18/Aug/2013:19:58:45 -0400] "GET /eyewear/files/stacks_image_604.jpg HTTP/1.1" 200 10156 "http://eyepiecestexas.com/eyewear/" "Mozilla/5.0 (Macintosh; Intel Mac OS X 10_8_4) AppleWebKit/537.36 (KHTML, like Gecko) Chrome/28.0.1500.95 Safari/537.36"
108.207.111.52 - - [18/Aug/2013:19:58:45 -0400] "GET /eyewear/files/stacks_image_622.jpg HTTP/1.1" 200 7695 "http://eyepiecestexas.com/eyewear/" "Mozilla/5.0 (Macintosh; Intel Mac OS X 10_8_4) AppleWebKit/537.36 (KHTML, like Gecko) Chrome/28.0.1500.95 Safari/537.36"
108.207.111.52 - - [18/Aug/2013:19:58:46 -0400] "GET /eyewear/files/stacks_image_233.png HTTP/1.1" 200 19947 "http://eyepiecestexas.com/eyewear/" "Mozilla/5.0 (Macintosh; Intel Mac OS X 10_8_4) AppleWebKit/537.36 (KHTML, like Gecko) Chrome/28.0.1500.95 Safari/537.36"
108.207.111.52 - - [18/Aug/2013:19:58:46 -0400] "GET /eyewear/files/stacks_image_644.png HTTP/1.1" 200 9715 "http://eyepiecestexas.com/eyewear/" "Mozilla/5.0 (Macintosh; Intel Mac OS X 10_8_4) AppleWebKit/537.36 (KHTML, like Gecko) Chrome/28.0.1500.95 Safari/537.36"
108.207.111.52 - - [18/Aug/2013:19:58:46 -0400] "GET /eyewear/files/stacks_image_650.jpg HTTP/1.1" 200 12534 "http://eyepiecestexas.com/eyewear/" "Mozilla/5.0 (Macintosh; Intel Mac OS X 10_8_4) AppleWebKit/537.36 (KHTML, like Gecko) Chrome/28.0.1500.95 Safari/537.36"
108.207.111.52 - - [18/Aug/2013:19:58:46 -0400] "GET /eyewear/files/stacks_image_676.jpg HTTP/1.1" 200 7771 "http://eyepiecestexas.com/eyewear/" "Mozilla/5.0 (Macintosh; Intel Mac OS X 10_8_4) AppleWebKit/537.36 (KHTML, like Gecko) Chrome/28.0.1500.95 Safari/537.36"
108.207.111.52 - - [18/Aug/2013:19:58:46 -0400] "GET /eyewear/files/stacks_image_808.png HTTP/1.1" 200 3290 "http://eyepiecestexas.com/eyewear/" "Mozilla/5.0 (Macintosh; Intel Mac OS X 10_8_4) AppleWebKit/537.36 (KHTML, like Gecko) Chrome/28.0.1500.95 Safari/537.36"
108.207.111.52 - - [18/Aug/2013:19:58:46 -0400] "GET /eyewear/files/stacks_image_811.png HTTP/1.1" 200 6321 "http://eyepiecestexas.com/eyewear/" "Mozilla/5.0 (Macintosh; Intel Mac OS X 10_8_4) AppleWebKit/537.36 (KHTML, like Gecko) Chrome/28.0.1500.95 Safari/537.36"
208.167.230.75 - - [18/Aug/2013:09:03:37 -0400] "GET /promotions/?tag=%20Summer HTTP/1.1" 200 16168 "-" "Mozilla/5.0 (compatible; AhrefsBot/4.0; +http://ahrefs.com/robot/)"
66.249.75.35 - - [18/Aug/2013:09:37:08 -0400] "GET /find-us/ HTTP/1.1" 304 - "-" "Mozilla/5.0 (iPhone; U; CPU iPhone OS 4_1 like Mac OS X; en-us) AppleWebKit/532.9 (KHTML, like Gecko) Version/4.0.5 Mobile/8B117 Safari/6531.22.7 (compatible; Googlebot-Mobile/2.1; +http://www.google.com/bot.html)"
99.70.92.155 - - [18/Aug/2013:11:46:43 -0400] "GET /contactlens/ HTTP/1.1" 200 13977 "http://eyepiecestexas.com/about/" "Mozilla/5.0 (iPhone; CPU iPhone OS 6_1_4 like Mac OS X) AppleWebKit/536.26 (KHTML, like Gecko) Version/6.0 Mobile/10B350 Safari/8536.25"
99.70.92.155 - - [18/Aug/2013:11:46:44 -0400] "GET /contactlens/files/cufon-yui.js HTTP/1.1" 200 18258 "http://eyepiecestexas.com/contactlens/" "Mozilla/5.0 (iPhone; CPU iPhone OS 6_1_4 like Mac OS X) AppleWebKit/536.26 (KHTML, like Gecko) Version/6.0 Mobile/10B350 Safari/8536.25"
99.70.92.155 - - [18/Aug/2013:11:46:44 -0400] "GET /contactlens/files/dreamstime_xs_11996206.jpg HTTP/1.1" 200 6579 "http://eyepiecestexas.com/contactlens/" "Mozilla/5.0 (iPhone; CPU iPhone OS 6_1_4 like Mac OS X) AppleWebKit/536.26 (KHTML, like Gecko) Version/6.0 Mobile/10B350 Safari/8536.25"
99.70.92.155 - - [18/Aug/2013:11:46:44 -0400] "GET /rw_common/themes/dexture/consolidated-handheld-3.css HTTP/1.1" 200 13394 "http://eyepiecestexas.com/contactlens/" "Mozilla/5.0 (iPhone; CPU iPhone OS 6_1_4 like Mac OS X) AppleWebKit/536.26 (KHTML, like Gecko) Version/6.0 Mobile/10B350 Safari/8536.25"
99.70.92.155 - - [18/Aug/2013:11:46:44 -0400] "GET /rw_common/themes/dexture/consolidated-print-3.css HTTP/1.1" 200 10005 "http://eyepiecestexas.com/contactlens/" "Mozilla/5.0 (iPhone; CPU iPhone OS 6_1_4 like Mac OS X) AppleWebKit/536.26 (KHTML, like Gecko) Version/6.0 Mobile/10B350 Safari/8536.25"
157.55.35.75 - - [18/Aug/2013:00:07:03 -0400] "GET /files/stacks_page_page0.css HTTP/1.1" 200 2289 "-" "Mozilla/5.0 (compatible; bingbot/2.0; +http://www.bing.com/bingbot.htm)"
199.30.24.67 - - [18/Aug/2013:01:07:27 -0400] "GET /files/stacks_page_page0.css HTTP/1.1" 200 2289 "http://eyepiecestexas.com/" "Mozilla/5.0 (Windows NT 6.1; WOW64) AppleWebKit/534+ (KHTML, like Gecko) BingPreview/1.0b"
173.70.141.147 - - [18/Aug/2013:04:00:14 -0400] "GET /contact/files/?==r.type&(e.extraData[c+ HTTP/1.1" 403 660 "-" "panscient.com"
173.70.141.147 - - [18/Aug/2013:04:03:58 -0400] "GET /staff/files/stacks_page_page8.js HTTP/1.1" 200 46843 "-" "panscient.com"
173.70.141.147 - - [18/Aug/2013:04:03:59 -0400] "GET /rw_common/themes/dexture/scripts/nimblehostPulseVIP.js HTTP/1.1" 200 1205 "-" "panscient.com"
192.114.71.13 - - [18/Aug/2013:01:50:51 -0400] "GET /promotions/?tag=Trunk%20Show HTTP/1.0" 200 14370 "http://eyepiecestexas.com/promotions/" "Mozilla/5.0 (X11; Ubuntu; Linux x86_64; rv:11.0) Gecko/20100101 Firefox/11.0"
72.14.199.35 - - [18/Aug/2013:07:10:40 -0400] "GET /feed HTTP/1.1" 200 4319 "-" "Feedfetcher-Google; (+http://www.google.com/feedfetcher.html; 1 subscribers; feed-id=11757162533075784121)"
54.242.174.64 - - [18/Aug/2013:19:03:47 -0400] "GET /promotions/?post_id=25&title=national-sunglasses-day HTTP/1.0" 200 16039 "-" "Mozilla/5.0 (compatible; Goodzer/2.0; crawler@goodzer.com)"
54.242.174.64 - - [18/Aug/2013:19:04:00 -0400] "GET /promotions/?tag=%20Summer HTTP/1.0" 200 16168 "-" "Mozilla/5.0 (compatible; Goodzer/2.0; crawler@goodzer.com)"
108.207.111.52 - - [18/Aug/2013:19:58:27 -0400] "GET /eyewear/ HTTP/1.1" 200 62395 "http://eyepiecestexas.com/" "Mozilla/5.0 (Macintosh; Intel Mac OS X 10_8_4) AppleWebKit/537.36 (KHTML, like Gecko) Chrome/28.0.1500.95 Safari/537.36"
72.14.199.35 - - [18/Aug/2013:10:12:00 -0400] "GET /feed HTTP/1.1" 200 5819 "-" "Feedfetcher-Google; (+http://www.google.com/feedfetcher.html; 1 subscribers; feed-id=11757162533075784121)"
72.14.199.35 - - [18/Aug/2013:10:15:27 -0400] "GET /feed HTTP/1.1" 200 4819 "-" "Feedfetcher-Google; (+http://www.google.com/feedfetcher.html; 1 subscribers; feed-id=11757162533075784121)"
99.70.92.155 - - [18/Aug/2013:11:46:12 -0400] "GET / HTTP/1.1" 200 16359 "http://www.bing.com/search/?q=eye+pieces+plano&a=results&MID=2500" "Mozilla/5.0 (iPhone; CPU iPhone OS 6_1_4 like Mac OS X) AppleWebKit/536.26 (KHTML, like Gecko) Version/6.0 Mobile/10B350 Safari/8536.25"
99.70.92.155 - - [18/Aug/2013:11:46:12 -0400] "GET /rw_common/plugins/stacks/stacks.css HTTP/1.1" 200 1841 "http://eyepiecestexas.com/" "Mozilla/5.0 (iPhone; CPU iPhone OS 6_1_4 like Mac OS X) AppleWebKit/536.26 (KHTML, like Gecko) Version/6.0 Mobile/10B350 Safari/8536.25"
99.70.92.155 - - [18/Aug/2013:11:46:12 -0400] "GET /rw_common/themes/dexture/scripts/nimblehostPulseVIP.js HTTP/1.1" 200 1205 "http://eyepiecestexas.com/" "Mozilla/5.0 (iPhone; CPU iPhone OS 6_1_4 like Mac OS X) AppleWebKit/536.26 (KHTML, like Gecko) Version/6.0 Mobile/10B350 Safari/8536.25"
99.70.92.155 - - [18/Aug/2013:11:46:12 -0400] "GET /rw_common/themes/dexture/scripts/nimblehostDropDownMenu.js HTTP/1.1" 200 988 "http://eyepiecestexas.com/" "Mozilla/5.0 (iPhone; CPU iPhone OS 6_1_4 like Mac OS X) AppleWebKit/536.26 (KHTML, like Gecko) Version/6.0 Mobile/10B350 Safari/8536.25"
99.70.92.155 - - [18/Aug/2013:11:46:12 -0400] "GET /files/eye-pieces-logo-400.png HTTP/1.1" 200 10524 "http://eyepiecestexas.com/" "Mozilla/5.0 (iPhone; CPU iPhone OS 6_1_4 like Mac OS X) AppleWebKit/536.26 (KHTML, like Gecko) Version/6.0 Mobile/10B350 Safari/8536.25"
99.70.92.155 - - [18/Aug/2013:11:46:13 -0400] "GET /files/stacks_image_166.png HTTP/1.1" 200 5857 "http://eyepiecestexas.com/" "Mozilla/5.0 (iPhone; CPU iPhone OS 6_1_4 like Mac OS X) AppleWebKit/536.26 (KHTML, like Gecko) Version/6.0 Mobile/10B350 Safari/8536.25"
99.70.92.155 - - [18/Aug/2013:11:46:13 -0400] "GET /rw_common/themes/dexture/images/editable_images/paper.png HTTP/1.1" 200 154825 "http://eyepiecestexas.com/" "Mozilla/5.0 (iPhone; CPU iPhone OS 6_1_4 like Mac OS X) AppleWebKit/536.26 (KHTML, like Gecko) Version/6.0 Mobile/10B350 Safari/8536.25"
99.70.92.155 - - [18/Aug/2013:11:46:13 -0400] "GET /rw_common/themes/dexture/images/bottomShadow.png HTTP/1.1" 200 204 "http://eyepiecestexas.com/" "Mozilla/5.0 (iPhone; CPU iPhone OS 6_1_4 like Mac OS X) AppleWebKit/536.26 (KHTML, like Gecko) Version/6.0 Mobile/10B350 Safari/8536.25"
99.70.92.155 - - [18/Aug/2013:11:46:13 -0400] "GET /rw_common/themes/dexture/images/mobileMenuTab.png HTTP/1.1" 200 2447 "http://eyepiecestexas.com/" "Mozilla/5.0 (iPhone; CPU iPhone OS 6_1_4 like Mac OS X) AppleWebKit/536.26 (KHTML, like Gecko) Version/6.0 Mobile/10B350 Safari/8536.25"
99.70.92.155 - - [18/Aug/2013:11:46:13 -0400] "GET /rw_common/themes/dexture/images/mainContentCornerShadowRight.png HTTP/1.1" 200 1442 "http://eyepiecestexas.com/" "Mozilla/5.0 (iPhone; CPU iPhone OS 6_1_4 like Mac OS X) AppleWebKit/536.26 (KHTML, like Gecko) Version/6.0 Mobile/10B350 Safari/8536.25"
99.70.92.155 - - [18/Aug/2013:11:46:13 -0400] "GET /rw_common/themes/dexture/images/upperShadow.png HTTP/1.1" 200 218 "http://eyepiecestexas.com/" "Mozilla/5.0 (iPhone; CPU iPhone OS 6_1_4 like Mac OS X) AppleWebKit/536.26 (KHTML, like Gecko) Version/6.0 Mobile/10B350 Safari/8536.25"
99.70.92.155 - - [18/Aug/2013:11:46:13 -0400] "GET /rw_common/themes/dexture/images/closebox.png HTTP/1.1" 200 1910 "http://eyepiecestexas.com/" "Mozilla/5.0 (iPhone; CPU iPhone OS 6_1_4 like Mac OS X) AppleWebKit/536.26 (KHTML, like Gecko) Version/6.0 Mobile/10B350 Safari/8536.25"
99.70.92.155 - - [18/Aug/2013:11:46:15 -0400] "GET /rw_common/themes/dexture/consolidated-handheld-0.css HTTP/1.1" 200 13381 "http://eyepiecestexas.com/" "Mozilla/5.0 (iPhone; CPU iPhone OS 6_1_4 like Mac OS X) AppleWebKit/536.26 (KHTML, like Gecko) Version/6.0 Mobile/10B350 Safari/8536.25"
99.70.92.155 - - [18/Aug/2013:11:46:15 -0400] "GET /rw_common/themes/dexture/consolidated-print-0.css HTTP/1.1" 200 9992 "http://eyepiecestexas.com/" "Mozilla/5.0 (iPhone; CPU iPhone OS 6_1_4 like Mac OS X) AppleWebKit/536.26 (KHTML, like Gecko) Version/6.0 Mobile/10B350 Safari/8536.25"
193.106.136.50 - - [18/Aug/2013:23:08:49 -0400] "GET / HTTP/1.1" 200 16359 "http://deviceservice.ru/" "Mozilla/4.0 (compatible; MSIE 6.0; MSIE 5.5; Windows NT 4.0) Opera 7.0 [en]"
173.70.141.147 - - [18/Aug/2013:03:57:05 -0400] "GET /robots.txt HTTP/1.1" 200 48 "-" "panscient.com"
173.70.141.147 - - [18/Aug/2013:03:57:14 -0400] "GET /contactlens/ HTTP/1.1" 200 13977 "-" "panscient.com"
173.70.141.147 - - [18/Aug/2013:03:57:17 -0400] "GET /contact/files/?(c=== HTTP/1.1" 403 660 "-" "panscient.com"
173.70.141.147 - - [18/Aug/2013:03:57:19 -0400] "GET /contact/files/?===a?(e.success&e.success.call(e.context,w, HTTP/1.1" 403 660 "-" "panscient.com"
173.70.141.147 - - [18/Aug/2013:03:58:07 -0400] "GET /promotions/?page_id=3&title= HTTP/1.1" 200 12691 "-" "panscient.com"
173.70.141.147 - - [18/Aug/2013:03:58:08 -0400] "GET /promotions/?page_id=2&title= HTTP/1.1" 200 15948 "-" "panscient.com"
173.70.141.147 - - [18/Aug/2013:03:59:27 -0400] "GET /robots.txt HTTP/1.1" 200 48 "-" "panscient.com"
173.70.141.147 - - [18/Aug/2013:04:00:17 -0400] "GET /find-us/files/?size= HTTP/1.1" 403 660 "-" "panscient.com"
173.70.141.147 - - [18/Aug/2013:04:00:38 -0400] "GET /promotions/files/armadillo/login/ HTTP/1.1" 200 1850 "-" "panscient.com"
173.70.141.147 - - [18/Aug/2013:04:00:40 -0400] "GET /promotions/files/armadillo/core/scripts/armadilloAdmin.js HTTP/1.1" 200 56597 "-" "panscient.com"
173.70.141.147 - - [18/Aug/2013:04:00:41 -0400] "GET /promotions/files/armadillo/core/scripts/jquery.colorbox-min.js HTTP/1.1" 200 10269 "-" "panscient.com"
173.70.141.147 - - [18/Aug/2013:04:00:42 -0400] "GET /promotions/files/armadillo/core/core/model/updateArmadilloSettings.php?action=checkDBsettings HTTP/1.1" 404 1722 "-" "panscient.com"
173.70.141.147 - - [18/Aug/2013:04:01:18 -0400] "GET /promotions/?post_id=13&title=its-finally-arrived HTTP/1.1" 200 14578 "-" "panscient.com"
173.70.141.147 - - [18/Aug/2013:04:01:23 -0400] "GET /promotions/?tag=%20RayBan HTTP/1.1" 200 16168 "-" "panscient.com"
173.70.141.147 - - [18/Aug/2013:04:01:24 -0400] "GET /promotions/?post_id=16&title= HTTP/1.1" 200 13747 "-" "panscient.com"
173.70.141.147 - - [18/Aug/2013:04:01:26 -0400] "GET /promotions/?tag=glasses HTTP/1.1" 200 20978 "-" "panscient.com"
173.70.141.147 - - [18/Aug/2013:04:01:27 -0400] "GET /promotions/?tag=Sunglasses HTTP/1.1" 200 23874 "-" "panscient.com"
173.70.141.147 - - [18/Aug/2013:04:01:28 -0400] "GET /promotions/?tag=Chrome%20Hearts HTTP/1.1" 200 16168 "-" "panscient.com"
173.70.141.147 - - [18/Aug/2013:04:01:29 -0400] "GET /rw_common/themes/dexture/application/x-shockwave-flash HTTP/1.1" 200 3819 "-" "panscient.com"
66.249.75.35 - - [18/Aug/2013:05:18:13 -0400] "GET /eyewear/ HTTP/1.1" 304 - "-" "Mozilla/5.0 (compatible; Googlebot/2.1; +http://www.google.com/bot.html)"
199.30.24.67 - - [18/Aug/2013:01:07:27 -0400] "GET /rw_common/themes/dexture/consolidated-all-0.css HTTP/1.1" 200 13436 "http://eyepiecestexas.com/" "Mozilla/5.0 (Windows NT 6.1; WOW64) AppleWebKit/534+ (KHTML, like Gecko) BingPreview/1.0b"
199.30.24.67 - - [18/Aug/2013:01:07:29 -0400] "GET /rw_common/themes/dexture/images/pageTopGradient.png HTTP/1.1" 200 1338 "http://eyepiecestexas.com/" "Mozilla/5.0 (Windows NT 6.1; WOW64) AppleWebKit/534+ (KHTML, like Gecko) BingPreview/1.0b"
199.30.24.67 - - [18/Aug/2013:01:07:30 -0400] "GET /rw_common/themes/dexture/images/pageTopShadow400px.png HTTP/1.1" 200 1299 "http://eyepiecestexas.com/" "Mozilla/5.0 (Windows NT 6.1; WOW64) AppleWebKit/534+ (KHTML, like Gecko) BingPreview/1.0b"
199.30.24.67 - - [18/Aug/2013:01:07:31 -0400] "GET /rw_common/themes/dexture/images/mainContentCornerShadowLeft.png HTTP/1.1" 200 1452 "http://eyepiecestexas.com/" "Mozilla/5.0 (Windows NT 6.1; WOW64) AppleWebKit/534+ (KHTML, like Gecko) BingPreview/1.0b"
199.30.24.67 - - [18/Aug/2013:01:07:31 -0400] "GET /files/rdc_9289.jpg HTTP/1.1" 200 24706 "http://eyepiecestexas.com/" "Mozilla/5.0 (Windows NT 6.1; WOW64) AppleWebKit/534+ (KHTML, like Gecko) BingPreview/1.0b"
192.114.71.13 - - [18/Aug/2013:01:50:48 -0400] "GET /promotions/?tag=%20Oakley HTTP/1.0" 200 16168 "http://eyepiecestexas.com/promotions/" "Mozilla/5.0 (X11; Ubuntu; Linux x86_64; rv:11.0) Gecko/20100101 Firefox/11.0"
192.114.71.13 - - [18/Aug/2013:01:50:49 -0400] "GET /promotions/?tag=Eye%20Pieces%20Plano HTTP/1.0" 200 23450 "http://eyepiecestexas.com/promotions/" "Mozilla/5.0 (X11; Ubuntu; Linux x86_64; rv:11.0) Gecko/20100101 Firefox/11.0"
131.253.24.19 - - [18/Aug/2013:10:26:21 -0400] "GET /rw_common/themes/dexture/consolidated-all-5.css HTTP/1.1" 200 13449 "http://eyepiecestexas.com/contact/" "Mozilla/5.0 (Windows NT 6.1; WOW64) AppleWebKit/534+ (KHTML, like Gecko) BingPreview/1.0b"
131.253.24.19 - - [18/Aug/2013:10:26:21 -0400] "GET /rw_common/themes/dexture/scripts/nimblehostPulseVIP.js HTTP/1.1" 200 1205 "http://eyepiecestexas.com/contact/" "Mozilla/5.0 (Windows NT 6.1; WOW64) AppleWebKit/534+ (KHTML, like Gecko) BingPreview/1.0b"
131.253.24.19 - - [18/Aug/2013:10:26:22 -0400] "GET /rw_common/themes/dexture/images/lightAlphaBg.png HTTP/1.1" 200 179 "http://eyepiecestexas.com/contact/" "Mozilla/5.0 (Windows NT 6.1; WOW64) AppleWebKit/534+ (KHTML, like Gecko) BingPreview/1.0b"
131.253.24.19 - - [18/Aug/2013:10:26:22 -0400] "GET /rw_common/themes/dexture/images/editable_images/image11.jpg HTTP/1.1" 200 74799 "http://eyepiecestexas.com/contact/" "Mozilla/5.0 (Windows NT 6.1; WOW64) AppleWebKit/534+ (KHTML, like Gecko) BingPreview/1.0b"
131.253.24.19 - - [18/Aug/2013:10:26:22 -0400] "GET /contact/files/stacks_image_832.png HTTP/1.1" 200 2265 "http://eyepiecestexas.com/contact/" "Mozilla/5.0 (Windows NT 6.1; WOW64) AppleWebKit/534+ (KHTML, like Gecko) BingPreview/1.0b"
71.123.137.119 - - [18/Aug/2013:10:30:00 -0400] "GET /contact/files/stacks_image_25.jpg HTTP/1.1" 304 - "http://www.bing.com/images/search?q=7350+bishop+rd+plano+tx&FORM=HDRSC2" "Mozilla/4.0 (compatible; MSIE 8.0; Windows NT 5.1; Trident/4.0; .NET CLR 1.1.4322; .NET CLR 2.0.50727; .NET CLR 3.0.4506.2152; .NET CLR 3.5.30729; InfoPath.2; .NET4.0C; .NET4.0E)"
180.76.5.91 - - [18/Aug/2013:23:17:41 -0400] "GET /robots.txt HTTP/1.1" 200 48 "-" "Mozilla/5.0 (Windows NT 5.1; rv:6.0.2) Gecko/20100101 Firefox/6.0.2"
68.106.57.127 - - [18/Aug/2013:12:08:59 -0400] "GET /rw_common/themes/dexture/consolidated-all-0.css HTTP/1.1" 200 13436 "http://eyepiecestexas.com/" "Mozilla/5.0 (Linux; U; Android 4.2.2; en-us; Galaxy Nexus Build/JDQ39) AppleWebKit/534.30 (KHTML, like Gecko) Version/4.0 Mobile Safari/534.30"
68.106.57.127 - - [18/Aug/2013:12:09:02 -0400] "GET /rw_common/themes/dexture/images/editable_images/image11.jpg HTTP/1.1" 200 74799 "http://eyepiecestexas.com/" "Mozilla/5.0 (Linux; U; Android 4.2.2; en-us; Galaxy Nexus Build/JDQ39) AppleWebKit/534.30 (KHTML, like Gecko) Version/4.0 Mobile Safari/534.30"
157.55.35.102 - - [18/Aug/2013:14:36:16 -0400] "GET / HTTP/1.1" 304 - "-" "Mozilla/5.0 (compatible; bingbot/2.0; +http://www.bing.com/bingbot.htm)"
72.14.199.35 - - [18/Aug/2013:16:02:36 -0400] "GET /feed HTTP/1.1" 200 5819 "-" "Feedfetcher-Google; (+http://www.google.com/feedfetcher.html; 1 subscribers; feed-id=11757162533075784121)"
54.242.174.64 - - [18/Aug/2013:19:03:46 -0400] "GET /promotions/?page_id=1&title=blog HTTP/1.0" 200 23361 "-" "Mozilla/5.0 (compatible; Goodzer/2.0; crawler@goodzer.com)"
66.249.75.204 - - [18/Aug/2013:19:16:01 -0400] "GET /promotions/files/armadillo/core/css/jquery.plupload_and_colorbox.css HTTP/1.1" 200 7949 "-" "Mozilla/5.0 (compatible; Googlebot/2.1; +http://www.google.com/bot.html)"
54.242.174.64 - - [18/Aug/2013:19:37:37 -0400] "GET /rw_common/themes/dexture/consolidated-handheld-5.css HTTP/1.1" 200 13394 "-" "cssutils 0.9.8a3 (http://www.cthedot.de/cssutils/)"
54.242.174.64 - - [18/Aug/2013:19:37:42 -0400] "GET /find-us/files/stacks_page_page4.css HTTP/1.1" 200 26173 "-" "cssutils 0.9.8a3 (http://www.cthedot.de/cssutils/)"
173.70.141.147 - - [18/Aug/2013:03:58:02 -0400] "GET /find-us/files/?maptype= HTTP/1.1" 403 660 "-" "panscient.com"
173.70.141.147 - - [18/Aug/2013:04:01:41 -0400] "GET /contact/files/?);h!=e.url&i.setAttribute( HTTP/1.1" 403 660 "-" "panscient.com"
173.70.141.147 - - [18/Aug/2013:04:02:14 -0400] "GET /promotions/?post_id=22&title=save-the-date HTTP/1.1" 200 13240 "-" "panscient.com"
173.70.141.147 - - [18/Aug/2013:04:02:59 -0400] "GET /application/x-shockwave-flash HTTP/1.1" 200 5819 "-" "panscient.com"
173.70.141.147 - - [18/Aug/2013:04:03:37 -0400] "GET /promotions/files/stacks_page_page7.js HTTP/1.1" 200 9337 "-" "panscient.com"
173.70.141.147 - - [18/Aug/2013:04:03:39 -0400] "GET /promotions/files/armadillo/core/scripts/armadilloFunctions.js HTTP/1.1" 200 19818 "-" "panscient.com"
173.70.141.147 - - [18/Aug/2013:04:03:40 -0400] "GET /armadillo/core/displayContent.php?action=showMorePosts HTTP/1.1" 200 4319 "-" "panscient.com"
72.14.199.35 - - [18/Aug/2013:07:09:40 -0400] "GET /feed HTTP/1.1" 200 5819 "-" "Feedfetcher-Google; (+http://www.google.com/feedfetcher.html; 1 subscribers; feed-id=11757162533075784121)"
192.114.71.13 - - [18/Aug/2013:01:50:46 -0400] "GET /find-us/ HTTP/1.0" 200 15503 "http://eyepiecestexas.com" "Mozilla/5.0 (X11; Ubuntu; Linux x86_64; rv:11.0) Gecko/20100101 Firefox/11.0"
192.114.71.13 - - [18/Aug/2013:01:50:48 -0400] "GET /promotions/?tag=%20National%20Sunglasses%20Day HTTP/1.0" 200 16168 "http://eyepiecestexas.com/promotions/" "Mozilla/5.0 (X11; Ubuntu; Linux x86_64; rv:11.0) Gecko/20100101 Firefox/11.0"
192.114.71.13 - - [18/Aug/2013:01:50:48 -0400] "GET /promotions/?tag=%20Designer%20Eyewear HTTP/1.0" 200 16168 "http://eyepiecestexas.com/promotions/" "Mozilla/5.0 (X11; Ubuntu; Linux x86_64; rv:11.0) Gecko/20100101 Firefox/11.0"
72.14.199.35 - - [18/Aug/2013:12:59:48 -0400] "GET /feed HTTP/1.1" 200 3819 "-" "Feedfetcher-Google; (+http://www.google.com/feedfetcher.html; 1 subscribers; feed-id=11757162533075784121)"
66.249.75.35 - - [18/Aug/2013:15:29:43 -0400] "GET /contact/ HTTP/1.1" 200 16927 "-" "SAMSUNG-SGH-E250/1.0 Profile/MIDP-2.0 Configuration/CLDC-1.1 UP.Browser/6.2.3.3.c.1.101 (GUI) MMP/2.0 (compatible; Googlebot-Mobile/2.1; +http://www.google.com/bot.html)"
54.242.174.64 - - [18/Aug/2013:19:04:54 -0400] "GET /promotions/?tag=%20Summer HTTP/1.0" 200 16168 "-" "Mozilla/5.0 (compatible; Goodzer/2.0; crawler@goodzer.com)"
54.242.174.64 - - [18/Aug/2013:19:37:46 -0400] "GET /rw_common/themes/dexture/consolidated-handheld-2.css HTTP/1.1" 200 13394 "-" "cssutils 0.9.8a3 (http://www.cthedot.de/cssutils/)"
173.70.141.147 - - [18/Aug/2013:04:03:12 -0400] "GET /rw_common/themes/dexture/scripts/nimblehost.js HTTP/1.1" 200 17247 "-" "panscient.com"
173.70.141.147 - - [18/Aug/2013:04:03:13 -0400] "GET /rw_common/themes/dexture/scripts/javascript.js HTTP/1.1" 200 3819 "-" "panscient.com"
173.70.141.147 - - [18/Aug/2013:04:03:35 -0400] "GET /contact/files/?);h!=e.url&i.setAttribute( HTTP/1.1" 403 660 "-" "panscient.com"
192.114.71.13 - - [18/Aug/2013:01:50:45 -0400] "GET / HTTP/1.0" 200 16359 "-" "Mozilla/5.0 (X11; Ubuntu; Linux x86_64; rv:11.0) Gecko/20100101 Firefox/11.0"
192.114.71.13 - - [18/Aug/2013:01:50:48 -0400] "GET /promotions/?tag=%20D%20The%20Broadcast HTTP/1.0" 200 16168 "http://eyepiecestexas.com/promotions/" "Mozilla/5.0 (X11; Ubuntu; Linux x86_64; rv:11.0) Gecko/20100101 Firefox/11.0"
192.114.71.13 - - [18/Aug/2013:01:50:51 -0400] "GET /promotions/?post_id=15&title=dr-birenbaum-on-good-morning-texas-this-friday HTTP/1.0" 200 13287 "http://eyepiecestexas.com/promotions/?tag=Eye%20Pieces%20Plano" "Mozilla/5.0 (X11; Ubuntu; Linux x86_64; rv:11.0) Gecko/20100101 Firefox/11.0"
91.207.9.226 - - [18/Aug/2013:02:47:34 -0400] "GET / HTTP/1.1" 200 16359 "http://internet-exe.com/" "Mozilla/4.0 (compatible; MSIE 6.0; Windows NT 5.1; SV1)"
208.167.230.75 - - [18/Aug/2013:08:22:30 -0400] "GET /promotions/?tag=Prada HTTP/1.1" 200 21599 "-" "Mozilla/5.0 (compatible; AhrefsBot/4.0; +http://ahrefs.com/robot/)"
173.70.141.147 - - [18/Aug/2013:03:57:01 -0400] "GET /contact/files/stacks_page_page5.js HTTP/1.1" 200 52171 "-" "panscient.com"
54.242.174.64 - - [18/Aug/2013:19:03:43 -0400] "GET /find-us/ HTTP/1.0" 200 15503 "-" "Mozilla/5.0 (compatible; Goodzer/2.0; crawler@goodzer.com)"
54.242.174.64 - - [18/Aug/2013:19:03:56 -0400] "GET /promotions/?tag=%20Oakley HTTP/1.0" 200 16168 "-" "Mozilla/5.0 (compatible; Goodzer/2.0; crawler@goodzer.com)"
54.242.174.64 - - [18/Aug/2013:19:03:59 -0400] "GET /promotions/?tag=%20RayBan HTTP/1.0" 200 16168 "-" "Mozilla/5.0 (compatible; Goodzer/2.0; crawler@goodzer.com)"
54.242.174.64 - - [18/Aug/2013:19:04:24 -0400] "GET /promotions/?post_id=23&title=the-reason-i-love-my-job HTTP/1.0" 200 13142 "-" "Mozilla/5.0 (compatible; Goodzer/2.0; crawler@goodzer.com)"
54.242.174.64 - - [18/Aug/2013:19:05:27 -0400] "GET /promotions/?page_id=1&title=blog HTTP/1.0" 200 23361 "-" "Mozilla/5.0 (compatible; Goodzer/2.0; crawler@goodzer.com)"
54.242.174.64 - - [18/Aug/2013:19:05:34 -0400] "GET /promotions/?tag=%20Chanel HTTP/1.0" 200 16168 "-" "Mozilla/5.0 (compatible; Goodzer/2.0; crawler@goodzer.com)"
54.242.174.64 - - [18/Aug/2013:19:37:28 -0400] "GET /rw_common/plugins/stacks/stacks.css HTTP/1.1" 200 1841 "-" "cssutils 0.9.8a3 (http://www.cthedot.de/cssutils/)"
108.207.111.52 - - [18/Aug/2013:19:58:37 -0400] "GET /eyewear/ HTTP/1.1" 200 62395 "http://eyepiecestexas.com/" "Mozilla/5.0 (Macintosh; Intel Mac OS X 10_8_4) AppleWebKit/537.36 (KHTML, like Gecko) Chrome/28.0.1500.95 Safari/537.36"
218.30.103.37 - - [18/Aug/2013:20:13:29 -0400] "GET / HTTP/1.1" 200 16359 "-" "Sogou web spider/4.0(+http://www.sogou.com/docs/help/webmasters.htm#07)"
72.14.199.35 - - [18/Aug/2013:22:12:45 -0400] "GET /feed HTTP/1.1" 200 4319 "-" "Feedfetcher-Google; (+http://www.google.com/feedfetcher.html; 1 subscribers; feed-id=11757162533075784121)"
173.70.141.147 - - [18/Aug/2013:03:57:11 -0400] "GET /contact/files/?==f[0].type)&f.find( HTTP/1.1" 403 660 "-" "panscient.com"
173.70.141.147 - - [18/Aug/2013:03:58:03 -0400] "GET /find-us/files/?sensor=false HTTP/1.1" 403 660 "-" "panscient.com"
192.114.71.13 - - [18/Aug/2013:01:50:48 -0400] "GET /promotions/?post_id=25&title=national-sunglasses-day HTTP/1.0" 200 16039 "http://eyepiecestexas.com/promotions/" "Mozilla/5.0 (X11; Ubuntu; Linux x86_64; rv:11.0) Gecko/20100101 Firefox/11.0"
192.114.71.13 - - [18/Aug/2013:01:50:50 -0400] "GET /promotions/?post_id=23&title=the-reason-i-love-my-job HTTP/1.0" 200 13142 "http://eyepiecestexas.com/promotions/" "Mozilla/5.0 (X11; Ubuntu; Linux x86_64; rv:11.0) Gecko/20100101 Firefox/11.0"
66.249.75.35 - - [18/Aug/2013:02:45:48 -0400] "GET /contactlens/ HTTP/1.1" 304 - "-" "Mozilla/5.0 (compatible; Googlebot/2.1; +http://www.google.com/bot.html)"
208.115.113.84 - - [18/Aug/2013:17:27:57 -0400] "GET /robots.txt HTTP/1.1" 200 48 "-" "Mozilla/5.0 (compatible; Ezooms/1.0; ezooms.bot@gmail.com)"
157.55.35.102 - - [18/Aug/2013:14:21:39 -0400] "GET /BVLGARI.html HTTP/1.1" 200 5819 "-" "Mozilla/5.0 (compatible; bingbot/2.0; +http://www.bing.com/bingbot.htm)"
54.242.174.64 - - [18/Aug/2013:19:04:06 -0400] "GET /promotions/?tag=David%20Yurman HTTP/1.0" 200 25375 "-" "Mozilla/5.0 (compatible; Goodzer/2.0; crawler@goodzer.com)"
54.242.174.64 - - [18/Aug/2013:19:04:07 -0400] "GET /promotions/?tag=Dr.%20Birenbaum HTTP/1.0" 200 22523 "-" "Mozilla/5.0 (compatible; Goodzer/2.0; crawler@goodzer.com)"
54.242.174.64 - - [18/Aug/2013:19:04:39 -0400] "GET /contactlens/ HTTP/1.0" 200 13977 "-" "Mozilla/5.0 (compatible; Goodzer/2.0; crawler@goodzer.com)"
68.95.173.240 - - [18/Aug/2013:21:34:15 -0400] "GET /rw_common/plugins/stacks/stacks.css HTTP/1.1" 200 1841 "http://eyepiecestexas.com/" "Mozilla/5.0 (Macintosh; Intel Mac OS X 10_8_2) AppleWebKit/536.26.17 (KHTML, like Gecko) Version/6.0.2 Safari/536.26.17"
68.95.173.240 - - [18/Aug/2013:21:34:15 -0400] "GET /rw_common/themes/dexture/scripts/jquery.fancyzoom.js HTTP/1.1" 200 6272 "http://eyepiecestexas.com/" "Mozilla/5.0 (Macintosh; Intel Mac OS X 10_8_2) AppleWebKit/536.26.17 (KHTML, like Gecko) Version/6.0.2 Safari/536.26.17"
68.95.173.240 - - [18/Aug/2013:21:34:15 -0400] "GET /resources/Dream_Orphans_700.font.js HTTP/1.1" 200 36773 "http://eyepiecestexas.com/" "Mozilla/5.0 (Macintosh; Intel Mac OS X 10_8_2) AppleWebKit/536.26.17 (KHTML, like Gecko) Version/6.0.2 Safari/536.26.17"
68.95.173.240 - - [18/Aug/2013:21:34:15 -0400] "GET /rw_common/themes/dexture/images/mainContentCornerShadowLeft.png HTTP/1.1" 200 1452 "http://eyepiecestexas.com/" "Mozilla/5.0 (Macintosh; Intel Mac OS X 10_8_2) AppleWebKit/536.26.17 (KHTML, like Gecko) Version/6.0.2 Safari/536.26.17"
68.95.173.240 - - [18/Aug/2013:21:34:16 -0400] "GET /files/stacks_image_164.png HTTP/1.1" 200 3361 "http://eyepiecestexas.com/" "Mozilla/5.0 (Macintosh; Intel Mac OS X 10_8_2) AppleWebKit/536.26.17 (KHTML, like Gecko) Version/6.0.2 Safari/536.26.17"
68.95.173.240 - - [18/Aug/2013:21:34:17 -0400] "GET /rw_common/themes/dexture/images/upperShadow.png HTTP/1.1" 200 218 "http://eyepiecestexas.com/" "Mozilla/5.0 (Macintosh; Intel Mac OS X 10_8_2) AppleWebKit/536.26.17 (KHTML, like Gecko) Version/6.0.2 Safari/536.26.17"
208.115.111.68 - - [18/Aug/2013:16:37:12 -0400] "GET /contact/?b4c74db0 HTTP/1.1" 200 16927 "-" "Mozilla/5.0 (compatible; Ezooms/1.0; ezooms.bot@gmail.com)"
54.242.174.64 - - [18/Aug/2013:19:05:23 -0400] "GET /promotions/?tag=Kate%20Spade HTTP/1.0" 200 16168 "-" "Mozilla/5.0 (compatible; Goodzer/2.0; crawler@goodzer.com)"
54.242.174.64 - - [18/Aug/2013:19:37:44 -0400] "GET /rw_common/themes/dexture/consolidated-handheld-3.css HTTP/1.1" 200 13394 "-" "cssutils 0.9.8a3 (http://www.cthedot.de/cssutils/)"
208.115.113.84 - - [18/Aug/2013:23:45:29 -0400] "GET /promotions/?tag=%20Summer HTTP/1.1" 200 16168 "-" "Mozilla/5.0 (compatible; Ezooms/1.0; ezooms.bot@gmail.com)"
157.55.35.75 - - [18/Aug/2013:00:07:04 -0400] "GET /rw_common/themes/dexture/consolidated-print-0.css HTTP/1.1" 200 9992 "-" "Mozilla/5.0 (compatible; bingbot/2.0; +http://www.bing.com/bingbot.htm)"
192.114.71.13 - - [18/Aug/2013:01:50:54 -0400] "GET /promotions/files/armadillo/../../ HTTP/1.0" 200 23361 "http://eyepiecestexas.com/promotions/files/armadillo/login/" "Mozilla/5.0 (X11; Ubuntu; Linux x86_64; rv:11.0) Gecko/20100101 Firefox/11.0"
178.137.128.12 - - [18/Aug/2013:03:50:17 -0400] "GET / HTTP/1.1" 200 16359 "http://www.uabuild.com/" "Mozilla/4.0 (compatible; MSIE 6.0; Windows NT 5.1; SV1; MRA 4.6 (build 01425); MRSPUTNIK 1, 5, 0, 19 SW)"
178.137.128.12 - - [18/Aug/2013:06:46:44 -0400] "GET / HTTP/1.1" 200 16359 "http://rada.ru/souvenir/" "Mozilla/4.0 (compatible; Powermarks/3.5; Windows 95/98/2000/NT)"
87.115.172.109 - - [18/Aug/2013:12:06:12 -0400] "GET /rw_common/themes/dexture/consolidated-print-2.css HTTP/1.1" 200 10005 "http://eyepiecestexas.com/eyewear/" "Mozilla/5.0 (Windows NT 6.1; WOW64; rv:23.0) Gecko/20100101 Firefox/23.0"
87.115.172.109 - - [18/Aug/2013:12:06:12 -0400] "GET /rw_common/themes/dexture/scripts/jquery.fancyzoom.js HTTP/1.1" 200 6272 "http://eyepiecestexas.com/eyewear/" "Mozilla/5.0 (Windows NT 6.1; WOW64; rv:23.0) Gecko/20100101 Firefox/23.0"
