72.30.198.43 - - [18/Aug/2013:20:42:59 -0400] "GET /resources/Dream_Orphans_700.font.js HTTP/1.1" 200 36773 "http://eyepiecestexas.com/" "Mozilla/5.0 (compatible; Yahoo! Slurp/3.0; http://help.yahoo.com/help/us/ysearch/slurp) NOT Firefox/3.5"
72.14.199.35 - - [18/Aug/2013:22:13:46 -0400] "GET /feed HTTP/1.1" 200 3819 "-" "Feedfetcher-Google; (+http://www.google.com/feedfetcher.html; 1 subscribers; feed-id=11757162533075784121)"
193.106.136.50 - - [18/Aug/2013:23:08:50 -0400] "GET / HTTP/1.1" 200 16359 "http://deviceservice.ru/" "Mozilla/4.0 (compatible; MSIE 6.0; MSIE 5.5; Windows NT 4.0) Opera 7.0 [en]"
68.106.57.127 - - [18/Aug/2013:12:09:06 -0400] "GET /rw_common/themes/dexture/images/upperShadow.png HTTP/1.1" 200 218 "http://eyepiecestexas.com/" "Mozilla/5.0 (Linux; U; Android 4.2.2; en-us; Galaxy Nexus Build/JDQ39) AppleWebKit/534.30 (KHTML, like Gecko) Version/4.0 Mobile Safari/534.30"
68.106.57.127 - - [18/Aug/2013:12:09:08 -0400] "GET /staff/files/stacks_page_page8.js HTTP/1.1" 200 46843 "http://eyepiecestexas.com/staff/" "Mozilla/5.0 (Linux; U; Android 4.2.2; en-us; Galaxy Nexus Build/JDQ39) AppleWebKit/534.30 (KHTML, like Gecko) Version/4.0 Mobile Safari/534.30"
68.106.57.127 - - [18/Aug/2013:12:09:09 -0400] "GET /staff/files/fullpath_199.jpg HTTP/1.1" 200 17428 "http://eyepiecestexas.com/staff/" "Mozilla/5.0 (Linux; U; Android 4.2.2; en-us; Galaxy Nexus Build/JDQ39) AppleWebKit/534.30 (KHTML, like Gecko) Version/4.0 Mobile Safari/534.30"
68.106.57.127 - - [18/Aug/2013:12:09:09 -0400] "GET /staff/files/stacks_image_718.png HTTP/1.1" 200 2265 "http://eyepiecestexas.com/staff/" "Mozilla/5.0 (Linux; U; Android 4.2.2; en-us; Galaxy Nexus Build/JDQ39) AppleWebKit/534.30 (KHTML, like Gecko) Version/4.0 Mobile Safari/534.30"
72.14.199.35 - - [18/Aug/2013:12:55:59 -0400] "GET /feed HTTP/1.1" 200 5819 "-" "Feedfetcher-Google; (+http://www.google.com/feedfetcher.html; 1 subscribers; feed-id=11757162533075784121)"
157.55.35.102 - - [18/Aug/2013:14:21:37 -0400] "GET /Cazal.html HTTP/1.1" 200 3319 "-" "Mozilla/5.0 (compatible; bingbot/2.0; +http://www.bing.com/bingbot.htm)"
72.14.199.35 - - [18/Aug/2013:22:15:46 -0400] "GET /feed HTTP/1.1" 200 5819 "-" "Feedfetcher-Google; (+http://www.google.com/feedfetcher.html; 1 subscribers; feed-id=11757162533075784121)"
54.242.174.64 - - [18/Aug/2013:19:03:36 -0400] "GET / HTTP/1.0" 200 16359 "-" "Mozilla/5.0 (compatible; Goodzer/2.0; crawler@goodzer.com)"
54.242.174.64 - - [18/Aug/2013:19:05:25 -0400] "GET /promotions/?tag=Tom%20Ford HTTP/1.0" 200 22610 "-" "Mozilla/5.0 (compatible; Goodzer/2.0; crawler@goodzer.com)"
66.249.75.204 - - [18/Aug/2013:19:15:07 -0400] "GET /rw_common/themes/dexture/consolidated-handheld-7.css HTTP/1.1" 200 13394 "-" "Mozilla/5.0 (compatible; Googlebot/2.1; +http://www.google.com/bot.html)"
54.242.174.64 - - [18/Aug/2013:19:37:38 -0400] "GET /contact/files/stacks_page_page5.css HTTP/1.1" 200 47356 "-" "cssutils 0.9.8a3 (http://www.cthedot.de/cssutils/)"
108.207.111.52 - - [18/Aug/2013:19:58:15 -0400] "GET /files/stacks_page_page0.css HTTP/1.1" 200 2289 "http://eyepiecestexas.com/" "Mozilla/5.0 (Macintosh; Intel Mac OS X 10_8_4) AppleWebKit/537.36 (KHTML, like Gecko) Chrome/28.0.1500.95 Safari/537.36"
108.207.111.52 - - [18/Aug/2013:19:58:15 -0400] "GET /rw_common/themes/dexture/javascript.js HTTP/1.1" 200 14608 "http://eyepiecestexas.com/" "Mozilla/5.0 (Macintosh; Intel Mac OS X 10_8_4) AppleWebKit/537.36 (KHTML, like Gecko) Chrome/28.0.1500.95 Safari/537.36"
108.207.111.52 - - [18/Aug/2013:19:58:17 -0400] "GET /rw_common/themes/dexture/consolidated-print-0.css HTTP/1.1" 200 9992 "http://eyepiecestexas.com/" "Mozilla/5.0 (Macintosh; Intel Mac OS X 10_8_4) AppleWebKit/537.36 (KHTML, like Gecko) Chrome/28.0.1500.95 Safari/537.36"
108.207.111.52 - - [18/Aug/2013:19:58:38 -0400] "GET /eyewear/files/stacks_page_page2.css HTTP/1.1" 200 15595 "http://eyepiecestexas.com/eyewear/" "Mozilla/5.0 (Macintosh; Intel Mac OS X 10_8_4) AppleWebKit/537.36 (KHTML, like Gecko) Chrome/28.0.1500.95 Safari/537.36"
173.70.141.147 - - [18/Aug/2013:03:59:58 -0400] "GET /promotions/?tag=Dr.%20Bob HTTP/1.1" 200 22523 "-" "panscient.com"
173.70.141.147 - - [18/Aug/2013:03:59:59 -0400] "GET /contact/files/?,e.iframeSrc);h.error=c;e.error&e.error.call(e.context,h,c,a);m&b.event.trigger( HTTP/1.1" 403 660 "-" "panscient.com"
173.70.141.147 - - [18/Aug/2013:04:00:36 -0400] "GET /promotions/?tag=%20Maui%20Jims HTTP/1.1" 200 16168 "-" "panscient.com"
173.70.141.147 - - [18/Aug/2013:04:00:38 -0400] "GET /promotions/files/armadillo/ HTTP/1.1" 302 63 "-" "panscient.com"
199.30.24.67 - - [18/Aug/2013:01:07:34 -0400] "GET /rw_common/themes/dexture/images/mainContentCornerShadowRight.png HTTP/1.1" 200 1442 "http://eyepiecestexas.com/" "Mozilla/5.0 (Windows NT 6.1; WOW64) AppleWebKit/534+ (KHTML, like Gecko) BingPreview/1.0b"
199.30.24.67 - - [18/Aug/2013:01:07:35 -0400] "GET /rw_common/themes/dexture/images/ec6TopShadow.png HTTP/1.1" 200 49422 "http://eyepiecestexas.com/" "Mozilla/5.0 (Windows NT 6.1; WOW64) AppleWebKit/534+ (KHTML, like Gecko) BingPreview/1.0b"
199.30.24.67 - - [18/Aug/2013:01:07:35 -0400] "GET /rw_common/themes/dexture/images/upperShadow.png HTTP/1.1" 200 218 "http://eyepiecestexas.com/" "Mozilla/5.0 (Windows NT 6.1; WOW64) AppleWebKit/534+ (KHTML, like Gecko) BingPreview/1.0b"
199.30.24.67 - - [18/Aug/2013:01:07:35 -0400] "GET /rw_common/themes/dexture/images/darkAlphaBg.png HTTP/1.1" 200 70 "http://eyepiecestexas.com/" "Mozilla/5.0 (Windows NT 6.1; WOW64) AppleWebKit/534+ (KHTML, like Gecko) BingPreview/1.0b"
199.30.24.67 - - [18/Aug/2013:01:07:35 -0400] "GET /rw_common/themes/dexture/images/bottomShadow.png HTTP/1.1" 200 204 "http://eyepiecestexas.com/" "Mozilla/5.0 (Windows NT 6.1; WOW64) AppleWebKit/534+ (KHTML, like Gecko) BingPreview/1.0b"
199.30.24.67 - - [18/Aug/2013:01:07:35 -0400] "GET /rw_common/themes/dexture/images/closebox.png HTTP/1.1" 200 1910 "http://eyepiecestexas.com/" "Mozilla/5.0 (Windows NT 6.1; WOW64) AppleWebKit/534+ (KHTML, like Gecko) BingPreview/1.0b"
199.30.24.67 - - [18/Aug/2013:01:07:36 -0400] "GET /rw_common/themes/dexture/consolidated-handheld-0.css HTTP/1.1" 200 13381 "http://eyepiecestexas.com/" "Mozilla/5.0 (Windows NT 6.1; WOW64) AppleWebKit/534+ (KHTML, like Gecko) BingPreview/1.0b"
192.114.71.13 - - [18/Aug/2013:01:50:48 -0400] "GET /promotions/?page_id=1&title=blog HTTP/1.0" 200 23361 "http://eyepiecestexas.com/promotions/" "Mozilla/5.0 (X11; Ubuntu; Linux x86_64; rv:11.0) Gecko/20100101 Firefox/11.0"
92.249.127.111 - - [18/Aug/2013:10:46:53 -0400] "GET / HTTP/1.1" 200 16359 "http://art.bbrpg.ru/" "Mozilla/5.0 (compatible; news bot /2.1)"
99.70.92.155 - - [18/Aug/2013:17:31:03 -0400] "GET /contact/files/stacks_page_page5.css HTTP/1.1" 200 47356 "http://eyepiecestexas.com/contact/" "Mozilla/5.0 (iPhone; CPU iPhone OS 6_1_4 like Mac OS X) AppleWebKit/536.26 (KHTML, like Gecko) Version/6.0 Mobile/10B350 Safari/8536.25"
68.106.57.127 - - [18/Aug/2013:12:08:59 -0400] "GET /rw_common/themes/dexture/scripts/jquery.fancyzoom.js HTTP/1.1" 200 6272 "http://eyepiecestexas.com/" "Mozilla/5.0 (Linux; U; Android 4.2.2; en-us; Galaxy Nexus Build/JDQ39) AppleWebKit/534.30 (KHTML, like Gecko) Version/4.0 Mobile Safari/534.30"
68.106.57.127 - - [18/Aug/2013:12:08:59 -0400] "GET /files/stacks_page_page0.css HTTP/1.1" 200 2289 "http://eyepiecestexas.com/" "Mozilla/5.0 (Linux; U; Android 4.2.2; en-us; Galaxy Nexus Build/JDQ39) AppleWebKit/534.30 (KHTML, like Gecko) Version/4.0 Mobile Safari/534.30"
68.106.57.127 - - [18/Aug/2013:12:09:02 -0400] "GET /rw_common/themes/dexture/images/pageTopShadow400px.png HTTP/1.1" 200 1299 "http://eyepiecestexas.com/" "Mozilla/5.0 (Linux; U; Android 4.2.2; en-us; Galaxy Nexus Build/JDQ39) AppleWebKit/534.30 (KHTML, like Gecko) Version/4.0 Mobile Safari/534.30"
68.106.57.127 - - [18/Aug/2013:12:09:02 -0400] "GET /files/eye-pieces-logo-400.png HTTP/1.1" 200 10524 "http://eyepiecestexas.com/" "Mozilla/5.0 (Linux; U; Android 4.2.2; en-us; Galaxy Nexus Build/JDQ39) AppleWebKit/534.30 (KHTML, like Gecko) Version/4.0 Mobile Safari/534.30"
68.106.57.127 - - [18/Aug/2013:12:09:02 -0400] "GET /files/stacks_image_167.png HTTP/1.1" 200 5841 "http://eyepiecestexas.com/" "Mozilla/5.0 (Linux; U; Android 4.2.2; en-us; Galaxy Nexus Build/JDQ39) AppleWebKit/534.30 (KHTML, like Gecko) Version/4.0 Mobile Safari/534.30"
68.106.57.127 - - [18/Aug/2013:12:09:06 -0400] "GET /rw_common/themes/dexture/images/darkAlphaBg.png HTTP/1.1" 200 70 "http://eyepiecestexas.com/" "Mozilla/5.0 (Linux; U; Android 4.2.2; en-us; Galaxy Nexus Build/JDQ39) AppleWebKit/534.30 (KHTML, like Gecko) Version/4.0 Mobile Safari/534.30"
68.106.57.127 - - [18/Aug/2013:12:09:08 -0400] "GET /staff/files/cufon-yui.js HTTP/1.1" 200 18258 "http://eyepiecestexas.com/staff/" "Mozilla/5.0 (Linux; U; Android 4.2.2; en-us; Galaxy Nexus Build/JDQ39) AppleWebKit/534.30 (KHTML, like Gecko) Version/4.0 Mobile Safari/534.30"
68.106.57.127 - - [18/Aug/2013:12:09:09 -0400] "GET /staff/files/fullpath_203.jpg HTTP/1.1" 200 18009 "http://eyepiecestexas.com/staff/" "Mozilla/5.0 (Linux; U; Android 4.2.2; en-us; Galaxy Nexus Build/JDQ39) AppleWebKit/534.30 (KHTML, like Gecko) Version/4.0 Mobile Safari/534.30"
173.70.141.147 - - [18/Aug/2013:03:57:10 -0400] "GET /contact/files/?==r.type&(e.extraData[c+ HTTP/1.1" 403 660 "-" "panscient.com"
173.70.141.147 - - [18/Aug/2013:03:57:13 -0400] "GET /contact/files/?==f[0].type)&f.find( HTTP/1.1" 403 660 "-" "panscient.com"
173.70.141.147 - - [18/Aug/2013:03:57:28 -0400] "GET /contact/files/?,e.iframeSrc);h.error=c;e.error&e.error.call(e.context,h,c,a);m&b.event.trigger( HTTP/1.1" 403 660 "-" "panscient.com"
173.70.141.147 - - [18/Aug/2013:03:58:05 -0400] "GET /robots.txt HTTP/1.1" 200 48 "-" "panscient.com"
173.70.141.147 - - [18/Aug/2013:03:58:46 -0400] "GET /robots.txt HTTP/1.1" 200 48 "-" "panscient.com"
173.70.141.147 - - [18/Aug/2013:03:58:46 -0400] "GET /promotions/?tag=David%20Yurman HTTP/1.1" 200 25375 "-" "panscient.com"
173.70.141.147 - - [18/Aug/2013:03:58:47 -0400] "GET /promotions/?tag=Good%20Morning%20Texas HTTP/1.1" 200 13439 "-" "panscient.com"
173.70.141.147 - - [18/Aug/2013:04:00:29 -0400] "GET /robots.txt HTTP/1.1" 200 48 "-" "panscient.com"
173.70.141.147 - - [18/Aug/2013:04:00:43 -0400] "GET /promotions/files/armadillo/core/scripts/?t.options.position.type!== HTTP/1.1" 404 1222 "-" "panscient.com"
173.70.141.147 - - [18/Aug/2013:04:01:45 -0400] "GET /contact/files/?),this;c=b.param(j,m);i&(c=c?c+ HTTP/1.1" 403 660 "-" "panscient.com"
173.70.141.147 - - [18/Aug/2013:04:03:07 -0400] "GET /.google-analytics.com/ga.js HTTP/1.1" 200 3319 "-" "panscient.com"
173.70.141.147 - - [18/Aug/2013:04:03:17 -0400] "GET /find-us/files/?zoom= HTTP/1.1" 403 660 "-" "panscient.com"
173.70.141.147 - - [18/Aug/2013:04:03:22 -0400] "GET /text/css HTTP/1.1" 200 5819 "-" "panscient.com"
173.70.141.147 - - [18/Aug/2013:04:03:47 -0400] "GET /contact/.google-analytics.com/ga.js HTTP/1.1" 200 4819 "-" "panscient.com"
173.208.165.90 - - [18/Aug/2013:00:57:15 -0400] "GET /?page_id=2&title= HTTP/1.0" 200 16359 "-" "Mozilla/5.0 (compatible; MJ12bot/v1.4.3; http://www.majestic12.co.uk/bot.php?+)"
199.30.24.67 - - [18/Aug/2013:01:07:27 -0400] "GET /rw_common/themes/dexture/consolidated-screen-0.css HTTP/1.1" 200 27886 "http://eyepiecestexas.com/" "Mozilla/5.0 (Windows NT 6.1; WOW64) AppleWebKit/534+ (KHTML, like Gecko) BingPreview/1.0b"
199.30.24.67 - - [18/Aug/2013:01:07:27 -0400] "GET /rw_common/themes/dexture/scripts/nimblehostPulseVIP.js HTTP/1.1" 200 1205 "http://eyepiecestexas.com/" "Mozilla/5.0 (Windows NT 6.1; WOW64) AppleWebKit/534+ (KHTML, like Gecko) BingPreview/1.0b"
199.30.24.67 - - [18/Aug/2013:01:07:28 -0400] "GET /files/stacks_page_page0.js HTTP/1.1" 200 11218 "http://eyepiecestexas.com/" "Mozilla/5.0 (Windows NT 6.1; WOW64) AppleWebKit/534+ (KHTML, like Gecko) BingPreview/1.0b"
199.30.24.67 - - [18/Aug/2013:01:07:29 -0400] "GET /rw_common/themes/dexture/images/editable_images/paper.png HTTP/1.1" 200 154825 "http://eyepiecestexas.com/" "Mozilla/5.0 (Windows NT 6.1; WOW64) AppleWebKit/534+ (KHTML, like Gecko) BingPreview/1.0b"
192.114.71.13 - - [18/Aug/2013:01:50:49 -0400] "GET /promotions/?tag=Dr.%20Birenbaum HTTP/1.0" 200 22523 "http://eyepiecestexas.com/promotions/" "Mozilla/5.0 (X11; Ubuntu; Linux x86_64; rv:11.0) Gecko/20100101 Firefox/11.0"
54.242.174.64 - - [18/Aug/2013:19:04:45 -0400] "GET /promotions/?tag=%20Designer%20Eyewear HTTP/1.0" 200 16168 "-" "Mozilla/5.0 (compatible; Goodzer/2.0; crawler@goodzer.com)"
54.242.174.64 - - [18/Aug/2013:19:35:33 -0400] "GET /promotions/?tag=%20Summer HTTP/1.0" 200 16168 "-" "Mozilla/5.0 (compatible; Goodzer/2.0; crawler@goodzer.com)"
178.137.128.12 - - [18/Aug/2013:06:46:43 -0400] "GET / HTTP/1.1" 200 16359 "http://rada.ru/souvenir/" "Mozilla/4.0 (compatible; Powermarks/3.5; Windows 95/98/2000/NT)"
46.119.118.152 - - [18/Aug/2013:09:16:21 -0400] "GET / HTTP/1.1" 200 16359 "http://www.bravica.info/ru/" "Mozilla/4.0 (compatible; MSIE 6.0; Windows NT 5.2; WOW64; SV1; .NET CLR 2.0.50727)"
99.70.92.155 - - [18/Aug/2013:11:46:12 -0400] "GET /files/stacks_page_page0.js HTTP/1.1" 200 11218 "http://eyepiecestexas.com/" "Mozilla/5.0 (iPhone; CPU iPhone OS 6_1_4 like Mac OS X) AppleWebKit/536.26 (KHTML, like Gecko) Version/6.0 Mobile/10B350 Safari/8536.25"
99.70.92.155 - - [18/Aug/2013:11:46:12 -0400] "GET /files/rdc_9289.jpg HTTP/1.1" 200 24706 "http://eyepiecestexas.com/" "Mozilla/5.0 (iPhone; CPU iPhone OS 6_1_4 like Mac OS X) AppleWebKit/536.26 (KHTML, like Gecko) Version/6.0 Mobile/10B350 Safari/8536.25"
99.70.92.155 - - [18/Aug/2013:11:46:44 -0400] "GET /rw_common/themes/dexture/consolidated-all-3.css HTTP/1.1" 200 13449 "http://eyepiecestexas.com/contactlens/" "Mozilla/5.0 (iPhone; CPU iPhone OS 6_1_4 like Mac OS X) AppleWebKit/536.26 (KHTML, like Gecko) Version/6.0 Mobile/10B350 Safari/8536.25"
99.70.92.155 - - [18/Aug/2013:11:46:44 -0400] "GET /contactlens/files/stacks_image_822.png HTTP/1.1" 200 2265 "http://eyepiecestexas.com/contactlens/" "Mozilla/5.0 (iPhone; CPU iPhone OS 6_1_4 like Mac OS X) AppleWebKit/536.26 (KHTML, like Gecko) Version/6.0 Mobile/10B350 Safari/8536.25"
87.115.172.109 - - [18/Aug/2013:12:06:12 -0400] "GET /rw_common/themes/dexture/consolidated-handheld-2.css HTTP/1.1" 200 13394 "http://eyepiecestexas.com/eyewear/" "Mozilla/5.0 (Windows NT 6.1; WOW64; rv:23.0) Gecko/20100101 Firefox/23.0"
87.115.172.109 - - [18/Aug/2013:12:06:12 -0400] "GET /rw_common/themes/dexture/scripts/nimblehostDropDownMenu.js HTTP/1.1" 200 988 "http://eyepiecestexas.com/eyewear/" "Mozilla/5.0 (Windows NT 6.1; WOW64; rv:23.0) Gecko/20100101 Firefox/23.0"
87.115.172.109 - - [18/Aug/2013:12:06:12 -0400] "GET /eyewear/files/stacks_image_347.jpg HTTP/1.1" 200 4110 "http://eyepiecestexas.com/eyewear/" "Mozilla/5.0 (Windows NT 6.1; WOW64; rv:23.0) Gecko/20100101 Firefox/23.0"
87.115.172.109 - - [18/Aug/2013:12:06:13 -0400] "GET /eyewear/files/stacks_image_398.jpg HTTP/1.1" 200 7014 "http://eyepiecestexas.com/eyewear/" "Mozilla/5.0 (Windows NT 6.1; WOW64; rv:23.0) Gecko/20100101 Firefox/23.0"
87.115.172.109 - - [18/Aug/2013:12:06:13 -0400] "GET /eyewear/files/stacks_image_446.png HTTP/1.1" 200 8076 "http://eyepiecestexas.com/eyewear/" "Mozilla/5.0 (Windows NT 6.1; WOW64; rv:23.0) Gecko/20100101 Firefox/23.0"
87.115.172.109 - - [18/Aug/2013:12:06:13 -0400] "GET /eyewear/files/stacks_image_60.jpg HTTP/1.1" 200 7110 "http://eyepiecestexas.com/eyewear/" "Mozilla/5.0 (Windows NT 6.1; WOW64; rv:23.0) Gecko/20100101 Firefox/23.0"
87.115.172.109 - - [18/Aug/2013:12:06:13 -0400] "GET /eyewear/files/stacks_image_117.png HTTP/1.1" 200 121120 "http://eyepiecestexas.com/eyewear/" "Mozilla/5.0 (Windows NT 6.1; WOW64; rv:23.0) Gecko/20100101 Firefox/23.0"
87.115.172.109 - - [18/Aug/2013:12:06:13 -0400] "GET /eyewear/files/stacks_image_556.jpg HTTP/1.1" 200 9107 "http://eyepiecestexas.com/eyewear/" "Mozilla/5.0 (Windows NT 6.1; WOW64; rv:23.0) Gecko/20100101 Firefox/23.0"
87.115.172.109 - - [18/Aug/2013:12:06:14 -0400] "GET /eyewear/files/stacks_image_584.jpg HTTP/1.1" 200 13837 "http://eyepiecestexas.com/eyewear/" "Mozilla/5.0 (Windows NT 6.1; WOW64; rv:23.0) Gecko/20100101 Firefox/23.0"
87.115.172.109 - - [18/Aug/2013:12:06:14 -0400] "GET /eyewear/files/stacks_image_176.png HTTP/1.1" 200 8845 "http://eyepiecestexas.com/eyewear/" "Mozilla/5.0 (Windows NT 6.1; WOW64; rv:23.0) Gecko/20100101 Firefox/23.0"
87.115.172.109 - - [18/Aug/2013:12:06:14 -0400] "GET /eyewear/files/stacks_image_192.jpg HTTP/1.1" 200 19819 "http://eyepiecestexas.com/eyewear/" "Mozilla/5.0 (Windows NT 6.1; WOW64; rv:23.0) Gecko/20100101 Firefox/23.0"
87.115.172.109 - - [18/Aug/2013:12:06:14 -0400] "GET /eyewear/files/stacks_image_644.png HTTP/1.1" 200 9715 "http://eyepiecestexas.com/eyewear/" "Mozilla/5.0 (Windows NT 6.1; WOW64; rv:23.0) Gecko/20100101 Firefox/23.0"
87.115.172.109 - - [18/Aug/2013:12:06:14 -0400] "GET /eyewear/files/stacks_image_660.jpg HTTP/1.1" 200 16138 "http://eyepiecestexas.com/eyewear/" "Mozilla/5.0 (Windows NT 6.1; WOW64; rv:23.0) Gecko/20100101 Firefox/23.0"
87.115.172.109 - - [18/Aug/2013:12:06:14 -0400] "GET /eyewear/files/stacks_image_688.jpg HTTP/1.1" 200 20065 "http://eyepiecestexas.com/eyewear/" "Mozilla/5.0 (Windows NT 6.1; WOW64; rv:23.0) Gecko/20100101 Firefox/23.0"
87.115.172.109 - - [18/Aug/2013:12:06:14 -0400] "GET /rw_common/themes/dexture/images/pageTopGradient.png HTTP/1.1" 200 1338 "http://eyepiecestexas.com/rw_common/themes/dexture/consolidated-screen-2.css" "Mozilla/5.0 (Windows NT 6.1; WOW64; rv:23.0) Gecko/20100101 Firefox/23.0"
87.115.172.109 - - [18/Aug/2013:12:06:15 -0400] "GET /rw_common/themes/dexture/images/editable_images/concrete.png HTTP/1.1" 200 198645 "http://eyepiecestexas.com/rw_common/themes/dexture/consolidated-screen-2.css" "Mozilla/5.0 (Windows NT 6.1; WOW64; rv:23.0) Gecko/20100101 Firefox/23.0"
87.115.172.109 - - [18/Aug/2013:12:06:15 -0400] "GET /favicon.ico HTTP/1.1" 200 5819 "-" "Mozilla/5.0 (Windows NT 6.1; WOW64; rv:23.0) Gecko/20100101 Firefox/23.0"
68.106.57.127 - - [18/Aug/2013:12:12:40 -0400] "GET /rw_common/themes/dexture/images/mobileMenuTab.png HTTP/1.1" 200 2447 "http://eyepiecestexas.com/" "Mozilla/5.0 (Linux; U; Android 4.2.2; en-us; Galaxy Nexus Build/JDQ39) AppleWebKit/534.30 (KHTML, like Gecko) Version/4.0 Mobile Safari/534.30"
68.106.57.127 - - [18/Aug/2013:12:12:40 -0400] "GET /resources/Dream_Orphans_700.font.js?_=1376842359437 HTTP/1.1" 200 36773 "http://eyepiecestexas.com/" "Mozilla/5.0 (Linux; U; Android 4.2.2; en-us; Galaxy Nexus Build/JDQ39) AppleWebKit/534.30 (KHTML, like Gecko) Version/4.0 Mobile Safari/534.30"
68.106.57.127 - - [18/Aug/2013:12:12:40 -0400] "GET /favicon.ico HTTP/1.1" 200 5819 "http://eyepiecestexas.com/" "Mozilla/5.0 (Linux; U; Android 4.2.2; en-us; Galaxy Nexus Build/JDQ39) AppleWebKit/534.30 (KHTML, like Gecko) Version/4.0 Mobile Safari/534.30"
65.55.52.118 - - [18/Aug/2013:14:21:31 -0400] "GET /LA_Eyeworks.html HTTP/1.1" 200 5819 "-" "Mozilla/5.0 (compatible; bingbot/2.0; +http://www.bing.com/bingbot.htm)"
157.55.35.102 - - [18/Aug/2013:14:21:40 -0400] "GET /Eyewear.html HTTP/1.1" 200 5819 "-" "Mozilla/5.0 (compatible; bingbot/2.0; +http://www.bing.com/bingbot.htm)"
157.55.35.75 - - [18/Aug/2013:14:21:59 -0400] "GET /Insurance.html HTTP/1.1" 200 5819 "-" "Mozilla/5.0 (compatible; bingbot/2.0; +http://www.bing.com/bingbot.htm)"
173.208.165.90 - - [18/Aug/2013:00:56:58 -0400] "GET /promotions/?page_id=1&title=blog HTTP/1.0" 200 23361 "-" "Mozilla/5.0 (compatible; MJ12bot/v1.4.3; http://www.majestic12.co.uk/bot.php?+)"
173.70.141.147 - - [18/Aug/2013:03:56:57 -0400] "GET / HTTP/1.1" 200 16359 "-" "panscient.com"
173.70.141.147 - - [18/Aug/2013:03:56:58 -0400] "GET /files/stacks_page_page0.js HTTP/1.1" 200 11218 "-" "panscient.com"
173.70.141.147 - - [18/Aug/2013:04:03:26 -0400] "GET /contact/files/?);m=u&w;p( HTTP/1.1" 403 660 "-" "panscient.com"
173.70.141.147 - - [18/Aug/2013:04:03:53 -0400] "GET /rw_common/themes/dexture/scripts/jquery.fancyzoom.js HTTP/1.1" 200 6272 "-" "panscient.com"
173.70.141.147 - - [18/Aug/2013:04:03:54 -0400] "GET /staff/files/cufon-yui.js HTTP/1.1" 200 18258 "-" "panscient.com"
173.70.141.147 - - [18/Aug/2013:04:03:55 -0400] "GET /staff/files/).replace(/;/g, HTTP/1.1" 200 5819 "-" "panscient.com"
157.55.35.102 - - [18/Aug/2013:16:01:56 -0400] "GET / HTTP/1.1" 200 16359 "-" "Mozilla/5.0 (compatible; bingbot/2.0; +http://www.bing.com/bingbot.htm)"
54.242.174.64 - - [18/Aug/2013:19:03:57 -0400] "GET /promotions/?tag=%20Persol HTTP/1.0" 200 16168 "-" "Mozilla/5.0 (compatible; Goodzer/2.0; crawler@goodzer.com)"
54.242.174.64 - - [18/Aug/2013:19:03:58 -0400] "GET /promotions/?tag=%20Prada HTTP/1.0" 200 16168 "-" "Mozilla/5.0 (compatible; Goodzer/2.0; crawler@goodzer.com)"
54.242.174.64 - - [18/Aug/2013:19:04:20 -0400] "GET /promotions/?tag=glasses HTTP/1.0" 200 20978 "-" "Mozilla/5.0 (compatible; Goodzer/2.0; crawler@goodzer.com)"
108.207.111.52 - - [18/Aug/2013:19:58:18 -0400] "GET /resources/Dream_Orphans_700.font.js?_=1376870297560 HTTP/1.1" 200 36773 "http://eyepiecestexas.com/" "Mozilla/5.0 (Macintosh; Intel Mac OS X 10_8_4) AppleWebKit/537.36 (KHTML, like Gecko) Chrome/28.0.1500.95 Safari/537.36"
108.207.111.52 - - [18/Aug/2013:19:58:27 -0400] "GET /favicon.ico HTTP/1.1" 200 5819 "-" "Mozilla/5.0 (Macintosh; Intel Mac OS X 10_8_4) AppleWebKit/537.36 (KHTML, like Gecko) Chrome/28.0.1500.95 Safari/537.36"
218.30.103.37 - - [18/Aug/2013:20:42:08 -0400] "GET / HTTP/1.1" 200 16359 "-" "Sogou web spider/4.0(+http://www.sogou.com/docs/help/webmasters.htm#07)"
66.249.75.35 - - [18/Aug/2013:23:40:28 -0400] "GET / HTTP/1.1" 200 16359 "-" "Mozilla/5.0 (iPhone; U; CPU iPhone OS 4_1 like Mac OS X; en-us) AppleWebKit/532.9 (KHTML, like Gecko) Version/4.0.5 Mobile/8B117 Safari/6531.22.7 (compatible; Googlebot-Mobile/2.1; +http://www.google.com/bot.html)"
54.242.174.64 - - [18/Aug/2013:19:04:13 -0400] "GET /promotions/?tag=Prada HTTP/1.0" 200 21599 "-" "Mozilla/5.0 (compatible; Goodzer/2.0; crawler@goodzer.com)"
54.242.174.64 - - [18/Aug/2013:19:04:16 -0400] "GET /promotions/?tag=The%20Shops%20at%20Legacy HTTP/1.0" 200 22443 "-" "Mozilla/5.0 (compatible; Goodzer/2.0; crawler@goodzer.com)"
54.242.174.64 - - [18/Aug/2013:19:37:45 -0400] "GET /rw_common/themes/dexture/consolidated-all-3.css HTTP/1.1" 200 13449 "-" "cssutils 0.9.8a3 (http://www.cthedot.de/cssutils/)"
72.30.198.43 - - [18/Aug/2013:20:42:59 -0400] "GET / HTTP/1.1" 200 16359 "-" "Mozilla/5.0 (compatible; Yahoo! Slurp/3.0; http://help.yahoo.com/help/us/ysearch/slurp) NOT Firefox/3.5"
72.30.198.43 - - [18/Aug/2013:20:42:59 -0400] "GET /rw_common/themes/dexture/consolidated-screen-0.css HTTP/1.1" 200 27886 "http://eyepiecestexas.com/" "Mozilla/5.0 (compatible; Yahoo! Slurp/3.0; http://help.yahoo.com/help/us/ysearch/slurp) NOT Firefox/3.5"
72.30.198.43 - - [18/Aug/2013:20:42:59 -0400] "GET /files/stacks_page_page0.css HTTP/1.1" 200 2289 "http://eyepiecestexas.com/" "Mozilla/5.0 (compatible; Yahoo! Slurp/3.0; http://help.yahoo.com/help/us/ysearch/slurp) NOT Firefox/3.5"
72.30.198.43 - - [18/Aug/2013:20:42:59 -0400] "GET /files/stacks_image_164.png HTTP/1.1" 200 3361 "http://eyepiecestexas.com/" "Mozilla/5.0 (compatible; Yahoo! Slurp/3.0; http://help.yahoo.com/help/us/ysearch/slurp) NOT Firefox/3.5"
72.30.198.43 - - [18/Aug/2013:20:42:59 -0400] "GET /files/stacks_image_142.jpg HTTP/1.1" 200 9540 "http://eyepiecestexas.com/" "Mozilla/5.0 (compatible; Yahoo! Slurp/3.0; http://help.yahoo.com/help/us/ysearch/slurp) NOT Firefox/3.5"
192.114.71.13 - - [18/Aug/2013:01:50:50 -0400] "GET /promotions/?tag=glasses HTTP/1.0" 200 20978 "http://eyepiecestexas.com/promotions/" "Mozilla/5.0 (X11; Ubuntu; Linux x86_64; rv:11.0) Gecko/20100101 Firefox/11.0"
192.114.71.13 - - [18/Aug/2013:01:50:50 -0400] "GET /promotions/?post_id=24&title=eye-pieces-plano-memorial-weekend-special HTTP/1.0" 200 16781 "http://eyepiecestexas.com/promotions/" "Mozilla/5.0 (X11; Ubuntu; Linux x86_64; rv:11.0) Gecko/20100101 Firefox/11.0"
173.70.141.147 - - [18/Aug/2013:04:01:38 -0400] "GET /contact/files/?===a?(e.success&e.success.call(e.context,w, HTTP/1.1" 403 660 "-" "panscient.com"
173.70.141.147 - - [18/Aug/2013:04:02:50 -0400] "GET /).replace(/;/g, HTTP/1.1" 200 5819 "-" "panscient.com"
173.70.141.147 - - [18/Aug/2013:04:03:36 -0400] "GET /rw_common/themes/dexture/scripts/javascript.js HTTP/1.1" 200 3819 "-" "panscient.com"
99.70.92.155 - - [18/Aug/2013:11:46:48 -0400] "GET /contact/ HTTP/1.1" 200 16927 "http://eyepiecestexas.com/contactlens/" "Mozilla/5.0 (iPhone; CPU iPhone OS 6_1_4 like Mac OS X) AppleWebKit/536.26 (KHTML, like Gecko) Version/6.0 Mobile/10B350 Safari/8536.25"
157.55.35.75 - - [18/Aug/2013:14:22:59 -0400] "GET /Lafont.html HTTP/1.0" 200 5819 "-" "Mozilla/5.0 (compatible; bingbot/2.0; +http://www.bing.com/bingbot.htm)"
157.55.35.75 - - [18/Aug/2013:14:23:00 -0400] "GET /Insurance.html HTTP/1.0" 200 2819 "-" "Mozilla/5.0 (compatible; bingbot/2.0; +http://www.bing.com/bingbot.htm)"
65.55.52.118 - - [18/Aug/2013:14:28:56 -0400] "GET /LA_Eyeworks.html HTTP/1.0" 200 3819 "-" "Mozilla/5.0 (compatible; bingbot/2.0; +http://www.bing.com/bingbot.htm)"
157.55.35.75 - - [18/Aug/2013:00:07:02 -0400] "GET /about/files/cufon-yui.js HTTP/1.1" 200 18258 "-" "Mozilla/5.0 (compatible; bingbot/2.0; +http://www.bing.com/bingbot.htm)"
69.255.159.120 - - [18/Aug/2013:01:28:54 -0400] "GET /eyewear/files/stacks_image_670.jpg HTTP/1.1" 200 29466 "-" "Mozilla/5.0 (iPad; CPU OS 6_1_3 like Mac OS X) AppleWebKit/536.26 (KHTML, like Gecko) Version/6.0 Mobile/10B329 Safari/8536.25"
192.114.71.13 - - [18/Aug/2013:01:50:48 -0400] "GET /promotions/?tag=%20Maui%20Jims HTTP/1.0" 200 16168 "http://eyepiecestexas.com/promotions/" "Mozilla/5.0 (X11; Ubuntu; Linux x86_64; rv:11.0) Gecko/20100101 Firefox/11.0"
192.114.71.13 - - [18/Aug/2013:01:50:51 -0400] "GET /promotions/files/armadillo/ HTTP/1.0" 302 59 "http://eyepiecestexas.com/promotions/" "Mozilla/5.0 (X11; Ubuntu; Linux x86_64; rv:11.0) Gecko/20100101 Firefox/11.0"
178.137.128.12 - - [18/Aug/2013:03:50:16 -0400] "GET / HTTP/1.1" 200 16359 "http://www.uabuild.com/" "Mozilla/4.0 (compatible; MSIE 6.0; Windows NT 5.1; SV1; MRA 4.6 (build 01425); MRSPUTNIK 1, 5, 0, 19 SW)"
54.242.174.64 - - [18/Aug/2013:19:35:22 -0400] "GET /promotions/?tag=%20D%20The%20Broadcast HTTP/1.0" 200 16168 "-" "Mozilla/5.0 (compatible; Goodzer/2.0; crawler@goodzer.com)"
54.242.174.64 - - [18/Aug/2013:19:37:45 -0400] "GET /contactlens/files/stacks_page_page3.css HTTP/1.1" 200 1433 "-" "cssutils 0.9.8a3 (http://www.cthedot.de/cssutils/)"
208.80.194.127 - - [18/Aug/2013:15:11:45 -0400] "GET / HTTP/1.0" 200 16359 "-" "Mozilla/5.0 (Windows NT 5.1) Gecko/20100101 Firefox/9.0.1"
208.167.230.75 - - [18/Aug/2013:07:21:38 -0400] "GET /promotions/?tag=%20Prada HTTP/1.1" 200 16168 "-" "Mozilla/5.0 (compatible; AhrefsBot/4.0; +http://ahrefs.com/robot/)"
99.70.92.155 - - [18/Aug/2013:11:46:29 -0400] "GET /rw_common/themes/dexture/consolidated-all-1.css HTTP/1.1" 200 13449 "http://eyepiecestexas.com/about/" "Mozilla/5.0 (iPhone; CPU iPhone OS 6_1_4 like Mac OS X) AppleWebKit/536.26 (KHTML, like Gecko) Version/6.0 Mobile/10B350 Safari/8536.25"
99.70.92.155 - - [18/Aug/2013:11:46:30 -0400] "GET /about/files/stacks_image_713.png HTTP/1.1" 200 2265 "http://eyepiecestexas.com/about/" "Mozilla/5.0 (iPhone; CPU iPhone OS 6_1_4 like Mac OS X) AppleWebKit/536.26 (KHTML, like Gecko) Version/6.0 Mobile/10B350 Safari/8536.25"
23.20.90.7 - - [18/Aug/2013:02:20:49 -0400] "GET / HTTP/1.1" 200 16359 "-" "Mozilla/5.0 (compatible; MerchantCentricBot/1.0)"
173.70.141.147 - - [18/Aug/2013:03:58:05 -0400] "GET /robots.txt HTTP/1.1" 200 48 "-" "panscient.com"
173.70.141.147 - - [18/Aug/2013:03:58:05 -0400] "GET /about/ HTTP/1.1" 200 14428 "-" "panscient.com"
173.70.141.147 - - [18/Aug/2013:03:59:40 -0400] "GET /files/stacks_page_page0.js HTTP/1.1" 200 11218 "-" "panscient.com"
173.70.141.147 - - [18/Aug/2013:04:00:56 -0400] "GET /find-us/files/text/css HTTP/1.1" 200 5819 "-" "panscient.com"
173.70.141.147 - - [18/Aug/2013:04:03:44 -0400] "GET /javascript.js HTTP/1.1" 200 3819 "-" "panscient.com"
54.242.174.64 - - [18/Aug/2013:19:05:20 -0400] "GET /promotions/?tag=Dr.%20Bob HTTP/1.0" 200 22523 "-" "Mozilla/5.0 (compatible; Goodzer/2.0; crawler@goodzer.com)"
54.242.174.64 - - [18/Aug/2013:19:05:26 -0400] "GET /promotions/?tag=Trunk%20Show HTTP/1.0" 200 14370 "-" "Mozilla/5.0 (compatible; Goodzer/2.0; crawler@goodzer.com)"
54.242.174.64 - - [18/Aug/2013:19:35:26 -0400] "GET /promotions/?tag=%20Maui%20Jims HTTP/1.0" 200 16168 "-" "Mozilla/5.0 (compatible; Goodzer/2.0; crawler@goodzer.com)"
108.207.111.52 - - [18/Aug/2013:19:58:41 -0400] "GET /eyewear/files/stacks_image_410.jpg HTTP/1.1" 200 9731 "http://eyepiecestexas.com/eyewear/" "Mozilla/5.0 (Macintosh; Intel Mac OS X 10_8_4) AppleWebKit/537.36 (KHTML, like Gecko) Chrome/28.0.1500.95 Safari/537.36"
108.207.111.52 - - [18/Aug/2013:19:58:42 -0400] "GET /eyewear/files/stacks_image_456.jpg HTTP/1.1" 200 7915 "http://eyepiecestexas.com/eyewear/" "Mozilla/5.0 (Macintosh; Intel Mac OS X 10_8_4) AppleWebKit/537.36 (KHTML, like Gecko) Chrome/28.0.1500.95 Safari/537.36"
108.207.111.52 - - [18/Aug/2013:19:58:42 -0400] "GET /eyewear/files/stacks_image_480.jpg HTTP/1.1" 200 6525 "http://eyepiecestexas.com/eyewear/" "Mozilla/5.0 (Macintosh; Intel Mac OS X 10_8_4) AppleWebKit/537.36 (KHTML, like Gecko) Chrome/28.0.1500.95 Safari/537.36"
108.207.111.52 - - [18/Aug/2013:19:58:43 -0400] "GET /eyewear/files/stacks_image_133.jpg HTTP/1.1" 200 8521 "http://eyepiecestexas.com/eyewear/" "Mozilla/5.0 (Macintosh; Intel Mac OS X 10_8_4) AppleWebKit/537.36 (KHTML, like Gecko) Chrome/28.0.1500.95 Safari/537.36"
108.207.111.52 - - [18/Aug/2013:19:58:45 -0400] "GET /eyewear/files/stacks_image_590.jpg HTTP/1.1" 200 15022 "http://eyepiecestexas.com/eyewear/" "Mozilla/5.0 (Macintosh; Intel Mac OS X 10_8_4) AppleWebKit/537.36 (KHTML, like Gecko) Chrome/28.0.1500.95 Safari/537.36"
108.207.111.52 - - [18/Aug/2013:19:58:45 -0400] "GET /eyewear/files/stacks_image_610.jpg HTTP/1.1" 200 6266 "http://eyepiecestexas.com/eyewear/" "Mozilla/5.0 (Macintosh; Intel Mac OS X 10_8_4) AppleWebKit/537.36 (KHTML, like Gecko) Chrome/28.0.1500.95 Safari/537.36"
108.207.111.52 - - [18/Aug/2013:19:58:45 -0400] "GET /eyewear/files/stacks_image_626.jpg HTTP/1.1" 200 16440 "http://eyepiecestexas.com/eyewear/" "Mozilla/5.0 (Macintosh; Intel Mac OS X 10_8_4) AppleWebKit/537.36 (KHTML, like Gecko) Chrome/28.0.1500.95 Safari/537.36"
108.207.111.52 - - [18/Aug/2013:19:58:46 -0400] "GET /eyewear/files/stacks_image_237.jpg HTTP/1.1" 200 12263 "http://eyepiecestexas.com/eyewear/" "Mozilla/5.0 (Macintosh; Intel Mac OS X 10_8_4) AppleWebKit/537.36 (KHTML, like Gecko) Chrome/28.0.1500.95 Safari/537.36"
72.30.198.43 - - [18/Aug/2013:20:43:02 -0400] "GET /rw_common/themes/dexture/images/lightAlphaBg.png HTTP/1.1" 200 179 "http://eyepiecestexas.com/rw_common/themes/dexture/consolidated-screen-0.css" "Mozilla/5.0 (compatible; Yahoo! Slurp/3.0; http://help.yahoo.com/help/us/ysearch/slurp) NOT Firefox/3.5"
72.30.198.43 - - [18/Aug/2013:20:43:02 -0400] "GET /rw_common/themes/dexture/images/editable_images/image11.jpg HTTP/1.1" 200 74799 "http://eyepiecestexas.com/rw_common/themes/dexture/consolidated-all-0.css" "Mozilla/5.0 (compatible; Yahoo! Slurp/3.0; http://help.yahoo.com/help/us/ysearch/slurp) NOT Firefox/3.5"
131.253.24.19 - - [18/Aug/2013:10:26:21 -0400] "GET /rw_common/themes/dexture/consolidated-screen-5.css HTTP/1.1" 200 27899 "http://eyepiecestexas.com/contact/" "Mozilla/5.0 (Windows NT 6.1; WOW64) AppleWebKit/534+ (KHTML, like Gecko) BingPreview/1.0b"
131.253.24.19 - - [18/Aug/2013:10:26:21 -0400] "GET /rw_common/themes/dexture/scripts/jquery.fancyzoom.js HTTP/1.1" 200 6272 "http://eyepiecestexas.com/contact/" "Mozilla/5.0 (Windows NT 6.1; WOW64) AppleWebKit/534+ (KHTML, like Gecko) BingPreview/1.0b"
131.253.24.19 - - [18/Aug/2013:10:26:21 -0400] "GET /contact/files/stacks_page_page5.js HTTP/1.1" 200 52171 "http://eyepiecestexas.com/contact/" "Mozilla/5.0 (Windows NT 6.1; WOW64) AppleWebKit/534+ (KHTML, like Gecko) BingPreview/1.0b"
131.253.24.19 - - [18/Aug/2013:10:26:22 -0400] "GET /rw_common/themes/dexture/images/pageTopGradient.png HTTP/1.1" 200 1338 "http://eyepiecestexas.com/contact/" "Mozilla/5.0 (Windows NT 6.1; WOW64) AppleWebKit/534+ (KHTML, like Gecko) BingPreview/1.0b"
131.253.24.19 - - [18/Aug/2013:10:26:22 -0400] "GET /rw_common/themes/dexture/images/mainContentCornerShadowLeft.png HTTP/1.1" 200 1452 "http://eyepiecestexas.com/contact/" "Mozilla/5.0 (Windows NT 6.1; WOW64) AppleWebKit/534+ (KHTML, like Gecko) BingPreview/1.0b"
131.253.24.19 - - [18/Aug/2013:10:26:22 -0400] "GET /contact/files/eye-pieces-logo-400.png HTTP/1.1" 200 10524 "http://eyepiecestexas.com/contact/" "Mozilla/5.0 (Windows NT 6.1; WOW64) AppleWebKit/534+ (KHTML, like Gecko) BingPreview/1.0b"
131.253.24.19 - - [18/Aug/2013:10:26:22 -0400] "GET /contact/files/stacks_image_831.png HTTP/1.1" 200 3290 "http://eyepiecestexas.com/contact/" "Mozilla/5.0 (Windows NT 6.1; WOW64) AppleWebKit/534+ (KHTML, like Gecko) BingPreview/1.0b"
131.253.24.19 - - [18/Aug/2013:10:26:23 -0400] "GET /contact/files/stacks_image_840.png HTTP/1.1" 200 6280 "http://eyepiecestexas.com/contact/" "Mozilla/5.0 (Windows NT 6.1; WOW64) AppleWebKit/534+ (KHTML, like Gecko) BingPreview/1.0b"
157.55.35.102 - - [18/Aug/2013:15:23:16 -0400] "GET /Cazal.html HTTP/1.0" 200 5819 "-" "Mozilla/5.0 (compatible; bingbot/2.0; +http://www.bing.com/bingbot.htm)"
195.242.218.133 - - [18/Aug/2013:17:33:42 -0400] "GET / HTTP/1.1" 200 16359 "http://en.winpm.ws/" "Mozilla/3.0 (x86 [en] Windows NT 5.1; Sun)"
68.106.57.127 - - [18/Aug/2013:12:08:57 -0400] "GET / HTTP/1.1" 200 16359 "-" "Mozilla/5.0 (Linux; U; Android 4.2.2; en-us; Galaxy Nexus Build/JDQ39) AppleWebKit/534.30 (KHTML, like Gecko) Version/4.0 Mobile Safari/534.30"
68.106.57.127 - - [18/Aug/2013:12:08:59 -0400] "GET /rw_common/themes/dexture/consolidated-screen-0.css HTTP/1.1" 200 27886 "http://eyepiecestexas.com/" "Mozilla/5.0 (Linux; U; Android 4.2.2; en-us; Galaxy Nexus Build/JDQ39) AppleWebKit/534.30 (KHTML, like Gecko) Version/4.0 Mobile Safari/534.30"
68.106.57.127 - - [18/Aug/2013:12:08:59 -0400] "GET /resources/Dream_Orphans_700.font.js HTTP/1.1" 200 36773 "http://eyepiecestexas.com/" "Mozilla/5.0 (Linux; U; Android 4.2.2; en-us; Galaxy Nexus Build/JDQ39) AppleWebKit/534.30 (KHTML, like Gecko) Version/4.0 Mobile Safari/534.30"
68.106.57.127 - - [18/Aug/2013:12:09:00 -0400] "GET /rw_common/themes/dexture/consolidated-handheld-0.css HTTP/1.1" 200 13381 "http://eyepiecestexas.com/" "Mozilla/5.0 (Linux; U; Android 4.2.2; en-us; Galaxy Nexus Build/JDQ39) AppleWebKit/534.30 (KHTML, like Gecko) Version/4.0 Mobile Safari/534.30"
68.106.57.127 - - [18/Aug/2013:12:09:02 -0400] "GET /rw_common/themes/dexture/images/editable_images/paper.png HTTP/1.1" 200 154825 "http://eyepiecestexas.com/" "Mozilla/5.0 (Linux; U; Android 4.2.2; en-us; Galaxy Nexus Build/JDQ39) AppleWebKit/534.30 (KHTML, like Gecko) Version/4.0 Mobile Safari/534.30"
192.114.71.13 - - [18/Aug/2013:01:50:52 -0400] "GET /promotions/?category=the%20David%20Yurman%20Collection HTTP/1.0" 200 14703 "http://eyepiecestexas.com/promotions/?tag=glasses" "Mozilla/5.0 (X11; Ubuntu; Linux x86_64; rv:11.0) Gecko/20100101 Firefox/11.0"
173.70.141.147 - - [18/Aug/2013:03:57:35 -0400] "GET /promotions/?post_id=17&title=happy-2013-to-all-of-our-contact-lens-patients HTTP/1.1" 503 323 "-" "panscient.com"
173.70.141.147 - - [18/Aug/2013:03:58:20 -0400] "GET /promotions/?category=Eyewear HTTP/1.1" 503 323 "-" "panscient.com"
173.70.141.147 - - [18/Aug/2013:03:58:51 -0400] "GET /promotions/?tag=Tom%20Ford HTTP/1.1" 503 323 "-" "panscient.com"
173.70.141.147 - - [18/Aug/2013:04:00:57 -0400] "GET /promotions/?tag=%20sunglasses%20expert HTTP/1.1" 503 323 "-" "panscient.com"
173.70.141.147 - - [18/Aug/2013:04:02:55 -0400] "GET /contact/.google-analytics.com/ga.js HTTP/1.1" 200 5819 "-" "panscient.com"
54.242.174.64 - - [18/Aug/2013:19:05:11 -0400] "GET /promotions/?post_id=13&title=its-finally-arrived HTTP/1.0" 200 14578 "-" "Mozilla/5.0 (compatible; Goodzer/2.0; crawler@goodzer.com)"
72.14.199.35 - - [18/Aug/2013:19:09:22 -0400] "GET /feed HTTP/1.1" 200 4819 "-" "Feedfetcher-Google; (+http://www.google.com/feedfetcher.html; 1 subscribers; feed-id=11757162533075784121)"
54.242.174.64 - - [18/Aug/2013:19:35:21 -0400] "GET /promotions/?tag=%20Courtney%20Kerr HTTP/1.0" 200 16168 "-" "Mozilla/5.0 (compatible; Goodzer/2.0; crawler@goodzer.com)"
54.242.174.64 - - [18/Aug/2013:19:35:32 -0400] "GET /promotions/?tag=%20RayBan HTTP/1.0" 200 16168 "-" "Mozilla/5.0 (compatible; Goodzer/2.0; crawler@goodzer.com)"
54.242.174.64 - - [18/Aug/2013:19:35:34 -0400] "GET /promotions/?tag=%20sunglasses%20expert HTTP/1.0" 200 16168 "-" "Mozilla/5.0 (compatible; Goodzer/2.0; crawler@goodzer.com)"
54.242.174.64 - - [18/Aug/2013:19:37:40 -0400] "GET /rw_common/themes/dexture/consolidated-screen-4.css HTTP/1.1" 200 27899 "-" "cssutils 0.9.8a3 (http://www.cthedot.de/cssutils/)"
46.118.126.194 - - [18/Aug/2013:17:00:43 -0400] "GET / HTTP/1.1" 200 16359 "http://skupkaru.ru/" "Mozilla/4.0 (compatible; MSIE 6.0; Windows NT 5.1; SV1; FunWebProducts; MRA 4.6 (build 01425); .NET CLR 1.1.4322; .NET CLR 2.0.50727)"
99.70.92.155 - - [18/Aug/2013:17:31:03 -0400] "GET /rw_common/themes/dexture/consolidated-screen-5.css HTTP/1.1" 200 27899 "http://eyepiecestexas.com/contact/" "Mozilla/5.0 (iPhone; CPU iPhone OS 6_1_4 like Mac OS X) AppleWebKit/536.26 (KHTML, like Gecko) Version/6.0 Mobile/10B350 Safari/8536.25"
195.242.218.133 - - [18/Aug/2013:17:33:40 -0400] "GET / HTTP/1.1" 200 16359 "http://en.winpm.ws/" "Mozilla/3.0 (x86 [en] Windows NT 5.1; Sun)"
208.167.230.75 - - [18/Aug/2013:09:38:24 -0400] "GET /promotions/?tag=%20Chanel HTTP/1.1" 503 323 "-" "Mozilla/5.0 (compatible; AhrefsBot/4.0; +http://ahrefs.com/robot/)"
72.14.199.35 - - [18/Aug/2013:10:10:56 -0400] "GET /feed HTTP/1.1" 200 5319 "-" "Feedfetcher-Google; (+http://www.google.com/feedfetcher.html; 1 subscribers; feed-id=11757162533075784121)"
131.253.24.19 - - [18/Aug/2013:10:26:21 -0400] "GET /rw_common/themes/dexture/scripts/nimblehost.js HTTP/1.1" 200 17247 "http://eyepiecestexas.com/contact/" "Mozilla/5.0 (Windows NT 6.1; WOW64) AppleWebKit/534+ (KHTML, like Gecko) BingPreview/1.0b"
131.253.24.19 - - [18/Aug/2013:10:26:22 -0400] "GET /rw_common/themes/dexture/images/pageTopShadow400px.png HTTP/1.1" 200 1299 "http://eyepiecestexas.com/contact/" "Mozilla/5.0 (Windows NT 6.1; WOW64) AppleWebKit/534+ (KHTML, like Gecko) BingPreview/1.0b"
131.253.24.19 - - [18/Aug/2013:10:26:22 -0400] "GET /contact/files/stacks_image_25.jpg HTTP/1.1" 200 39929 "http://eyepiecestexas.com/contact/" "Mozilla/5.0 (Windows NT 6.1; WOW64) AppleWebKit/534+ (KHTML, like Gecko) BingPreview/1.0b"
208.115.111.68 - - [18/Aug/2013:21:56:15 -0400] "GET /promotions/?tag=%20Courtney%20Kerr HTTP/1.1" 200 16168 "-" "Mozilla/5.0 (compatible; Ezooms/1.0; ezooms.bot@gmail.com)"