94.64.211.247 - - [20/Jun/2014:14:37:17 -0400] "GET /eyewear/files/stacks_image_238.jpg HTTP/1.1" 200 26194 "https://www.google.gr/" "Mozilla/5.0 (Windows NT 6.1; WOW64) AppleWebKit/537.36 (KHTML, like Gecko) Chrome/27.0.1453.116 Safari/537.36"
180.76.5.193 - - [20/Jun/2014:14:50:11 -0400] "GET /rw_common/themes/dexture/consolidated-handheld-0.css HTTP/1.1" 200 12097 "-" "Mozilla/5.0 (compatible; Baiduspider/2.0; +http://www.baidu.com/search/spider.html)"
157.55.39.47 - - [20/Jun/2014:15:13:52 -0400] "GET /about/files/stacks_page_page1.js HTTP/1.1" 200 26527 "-" "Mozilla/5.0 (compatible; bingbot/2.0; +http://www.bing.com/bingbot.htm)"
157.55.39.47 - - [20/Jun/2014:15:13:52 -0400] "GET /about/files/stacks_image_785.jpg HTTP/1.1" 200 82351 "-" "Mozilla/5.0 (compatible; bingbot/2.0; +http://www.bing.com/bingbot.htm)"
157.55.39.47 - - [20/Jun/2014:15:13:52 -0400] "GET /rw_common/plugins/stacks/stacks.css HTTP/1.1" 200 828 "-" "Mozilla/5.0 (compatible; bingbot/2.0; +http://www.bing.com/bingbot.htm)"
157.55.39.47 - - [20/Jun/2014:15:13:52 -0400] "GET /rw_common/themes/dexture/scripts/nimblehostDropDownMenu.js HTTP/1.1" 200 988 "-" "Mozilla/5.0 (compatible; bingbot/2.0; +http://www.bing.com/bingbot.htm)"
157.55.39.46 - - [20/Jun/2014:15:43:07 -0400] "GET /rw_common/themes/dexture/consolidated-all-0.css HTTP/1.1" 200 12134 "-" "Mozilla/5.0 (compatible; bingbot/2.0; +http://www.bing.com/bingbot.htm)"
157.55.39.46 - - [20/Jun/2014:15:43:07 -0400] "GET /rw_common/themes/dexture/scripts/jquery.crossSlide.min.js HTTP/1.1" 200 6976 "-" "Mozilla/5.0 (compatible; bingbot/2.0; +http://www.bing.com/bingbot.htm)"
76.199.215.46 - - [20/Jun/2014:16:30:31 -0400] "GET /favicon.ico HTTP/1.1" 200 3819 "-" "Mozilla/5.0 (compatible; MSIE 10.0; Windows NT 6.2; Win64; x64; Trident/6.0; MDDCJS)"
76.199.215.46 - - [20/Jun/2014:16:30:32 -0400] "GET /favicon.ico HTTP/1.1" 200 3819 "-" "Mozilla/5.0 (compatible; MSIE 10.0; Windows NT 6.2; Win64; x64; Trident/6.0; MDDCJS)"
66.249.64.36 - - [20/Jun/2014:16:36:06 -0400] "GET /rw_common/themes/dexture/consolidated-handheld-0.css HTTP/1.1" 200 12097 "-" "Mozilla/5.0 (compatible; Googlebot/2.1; +http://www.google.com/bot.html)"
76.199.215.46 - - [20/Jun/2014:17:52:13 -0400] "GET /files/stacks_image_875.jpg HTTP/1.1" 200 4319 "http://eyepiecestexas.com/" "Mozilla/5.0 (compatible; MSIE 10.0; Windows NT 6.2; WOW64; Trident/6.0; MDDCJS)"
76.199.215.46 - - [20/Jun/2014:17:52:28 -0400] "GET /files/stacks_image_863.jpg HTTP/1.1" 200 3819 "http://eyepiecestexas.com/" "Mozilla/5.0 (compatible; MSIE 10.0; Windows NT 6.2; WOW64; Trident/6.0; MDDCJS)"
66.249.89.32 - - [20/Jun/2014:20:19:01 -0400] "GET /files/stacks_image_164.png HTTP/1.1" 200 5120 "-" "AdsBot-Google (+http://www.google.com/adsbot.html)"
71.85.193.130 - - [20/Jun/2014:22:50:13 -0400] "GET /contact/ HTTP/1.1" 200 20174 "-" "Mozilla/4.0 (compatible; MSIE 8.0; Windows NT 6.1; Trident/4.0)"
71.85.193.130 - - [20/Jun/2014:22:57:36 -0400] "GET /contact/ HTTP/1.1" 200 20174 "-" "Mozilla/4.0 (compatible; MSIE 8.0; Windows NT 6.1; Trident/4.0)"
66.249.92.11 - - [20/Jun/2014:07:33:43 -0400] "GET /feed HTTP/1.1" 200 3819 "-" "Feedfetcher-Google; (+http://www.google.com/feedfetcher.html; 1 subscribers; feed-id=11757162533075784121)"
54.237.197.55 - - [20/Jun/2014:08:56:56 -0400] "GET /eyewear/files/stacks_image_594.jpg HTTP/1.1" 200 18428 "-" "Pinterest/0.1 +http://pinterest.com/"
24.227.240.26 - - [20/Jun/2014:10:01:09 -0400] "GET /files/stacks_image_785.jpg HTTP/1.1" 200 3819 "http://eyepiecestexas.com/insurance/" "Mozilla/5.0 (Windows NT 6.1; WOW64) AppleWebKit/537.36 (KHTML, like Gecko) Chrome/35.0.1916.153 Safari/537.36"
24.227.240.26 - - [20/Jun/2014:10:02:32 -0400] "GET /files/stacks_image_863.jpg HTTP/1.1" 200 3819 "http://eyepiecestexas.com/promotions/?post_id=28&title=eye-pieces-plano-selected-as-exclusive-chrome-hearts-eyewear-retailer" "Mozilla/5.0 (Windows NT 6.1; WOW64) AppleWebKit/537.36 (KHTML, like Gecko) Chrome/35.0.1916.153 Safari/537.36"
66.249.67.122 - - [20/Jun/2014:10:44:57 -0400] "GET /Eye_Pieces/Contact_Lenses_files/hazel.jpg HTTP/1.1" 304 - "-" "Googlebot-Image/1.0"
76.199.215.46 - - [20/Jun/2014:12:04:46 -0400] "GET /files/stacks_image_875.jpg HTTP/1.1" 200 3819 "http://eyepiecestexas.com/" "Mozilla/5.0 (compatible; MSIE 10.0; Windows NT 6.2; WOW64; Trident/6.0; MDDCJS)"
76.199.215.46 - - [20/Jun/2014:12:41:55 -0400] "GET /favicon.ico HTTP/1.1" 200 3819 "-" "Mozilla/5.0 (compatible; MSIE 10.0; Windows NT 6.2; WOW64; Trident/6.0; MDDCJS)"
76.199.215.46 - - [20/Jun/2014:12:41:57 -0400] "GET /files/stacks_image_875.jpg HTTP/1.1" 200 5819 "http://eyepiecestexas.com/" "Mozilla/5.0 (compatible; MSIE 10.0; Windows NT 6.2; WOW64; Trident/6.0; MDDCJS)"
66.249.67.122 - - [20/Jun/2014:00:52:35 -0400] "GET /Eye_Pieces/Contact_Lenses_files/coopervision-contact-lenses.png HTTP/1.1" 304 - "-" "Googlebot-Image/1.0"
46.119.115.144 - - [20/Jun/2014:01:34:04 -0400] "GET / HTTP/1.1" 200 23391 "http://pornofiljmi.com/" "Mozilla/4.61 [en] (X11; U; ) - BrowseX (2.0.0 Windows)"
157.55.39.47 - - [20/Jun/2014:01:50:16 -0400] "GET /Anglo-American.html HTTP/1.1" 200 4319 "-" "Mozilla/5.0 (compatible; bingbot/2.0; +http://www.bing.com/bingbot.htm)"
157.55.39.104 - - [20/Jun/2014:01:50:29 -0400] "GET /Alain_Mikli.html HTTP/1.1" 200 3819 "-" "Mozilla/5.0 (compatible; bingbot/2.0; +http://www.bing.com/bingbot.htm)"
66.249.83.35 - - [20/Jun/2014:02:47:00 -0400] "GET /files/stacks_image_849.jpg HTTP/1.1" 200 3819 "http://eyepiecestexas.com/" "Mozilla/5.0 (compatible; MSIE 8.0; Windows NT 5.1; Trident/4.0; .NET CLR 1.1.4322; .NET CLR 2.0.50727)"
66.249.83.35 - - [20/Jun/2014:03:47:38 -0400] "GET /rw_common/themes/dexture/scripts/jquery.cycle.min.js HTTP/1.1" 200 31987 "http://eyepiecestexas.com/" "Mozilla/5.0 (Linux; U; Android 4.0.4; en-us; LG-MS770 Build/IMM76I) AppleWebKit/534.30 (KHTML, like Gecko) Version/4.0 Mobile Safari/534.30"
66.249.83.35 - - [20/Jun/2014:03:47:39 -0400] "GET /files/stacks_image_165.png HTTP/1.1" 200 5522 "http://eyepiecestexas.com/" "Mozilla/5.0 (Linux; U; Android 4.0.4; en-us; LG-MS770 Build/IMM76I) AppleWebKit/534.30 (KHTML, like Gecko) Version/4.0 Mobile Safari/534.30"
66.249.83.35 - - [20/Jun/2014:03:47:39 -0400] "GET /rw_common/themes/dexture/images/upperShadow.png HTTP/1.1" 200 218 "http://eyepiecestexas.com/" "Mozilla/5.0 (Linux; U; Android 4.0.4; en-us; LG-MS770 Build/IMM76I) AppleWebKit/534.30 (KHTML, like Gecko) Version/4.0 Mobile Safari/534.30"
66.249.83.35 - - [20/Jun/2014:03:47:39 -0400] "GET /rw_common/themes/dexture/images/bottomShadow.png HTTP/1.1" 200 204 "http://eyepiecestexas.com/" "Mozilla/5.0 (Linux; U; Android 4.0.4; en-us; LG-MS770 Build/IMM76I) AppleWebKit/534.30 (KHTML, like Gecko) Version/4.0 Mobile Safari/534.30"
66.249.83.35 - - [20/Jun/2014:03:47:39 -0400] "GET /rw_common/themes/dexture/images/mobileMenuTab.png HTTP/1.1" 200 2447 "http://eyepiecestexas.com/" "Mozilla/5.0 (Linux; U; Android 4.0.4; en-us; LG-MS770 Build/IMM76I) AppleWebKit/534.30 (KHTML, like Gecko) Version/4.0 Mobile Safari/534.30"
66.249.83.35 - - [20/Jun/2014:03:47:39 -0400] "GET /files/stacks_image_722.jpg HTTP/1.1" 200 61124 "http://eyepiecestexas.com/" "Mozilla/5.0 (Linux; U; Android 4.0.4; en-us; LG-MS770 Build/IMM76I) AppleWebKit/534.30 (KHTML, like Gecko) Version/4.0 Mobile Safari/534.30"
66.249.83.35 - - [20/Jun/2014:03:47:40 -0400] "GET /files/stacks_image_849.jpg HTTP/1.1" 200 5819 "http://eyepiecestexas.com/" "Mozilla/5.0 (Linux; U; Android 4.0.4; en-us; LG-MS770 Build/IMM76I) AppleWebKit/534.30 (KHTML, like Gecko) Version/4.0 Mobile Safari/534.30"
12.71.193.18 - - [20/Jun/2014:13:23:28 -0400] "GET /favicon.ico HTTP/1.1" 200 3819 "-" "Mozilla/5.0 (Windows NT 5.1) AppleWebKit/537.36 (KHTML, like Gecko) Chrome/35.0.1916.153 Safari/537.36"
12.71.193.18 - - [20/Jun/2014:13:23:28 -0400] "GET /files/stacks_image_436.jpg HTTP/1.1" 200 4319 "http://eyepiecestexas.com/" "Mozilla/5.0 (Windows NT 5.1) AppleWebKit/537.36 (KHTML, like Gecko) Chrome/35.0.1916.153 Safari/537.36"
12.71.193.18 - - [20/Jun/2014:13:23:28 -0400] "GET /files/stacks_image_111.jpg HTTP/1.1" 200 4319 "http://eyepiecestexas.com/" "Mozilla/5.0 (Windows NT 5.1) AppleWebKit/537.36 (KHTML, like Gecko) Chrome/35.0.1916.153 Safari/537.36"
199.30.24.133 - - [20/Jun/2014:16:14:42 -0400] "GET /rw_common/themes/dexture/images/lightAlphaBg.png HTTP/1.1" 200 179 "http://eyepiecestexas.com/about/" "Mozilla/5.0 (Windows NT 6.1; WOW64) AppleWebKit/534+ (KHTML, like Gecko) BingPreview/1.0b"
199.30.24.133 - - [20/Jun/2014:16:14:42 -0400] "GET /rw_common/themes/dexture/images/mainContentCornerShadowRight.png HTTP/1.1" 200 1442 "http://eyepiecestexas.com/about/" "Mozilla/5.0 (Windows NT 6.1; WOW64) AppleWebKit/534+ (KHTML, like Gecko) BingPreview/1.0b"
199.30.24.133 - - [20/Jun/2014:16:14:43 -0400] "GET /rw_common/themes/dexture/images/ec6TopShadow.png HTTP/1.1" 200 49422 "http://eyepiecestexas.com/about/" "Mozilla/5.0 (Windows NT 6.1; WOW64) AppleWebKit/534+ (KHTML, like Gecko) BingPreview/1.0b"
199.30.24.133 - - [20/Jun/2014:16:14:44 -0400] "GET /rw_common/themes/dexture/images/bottomShadow.png HTTP/1.1" 200 204 "http://eyepiecestexas.com/about/" "Mozilla/5.0 (Windows NT 6.1; WOW64) AppleWebKit/534+ (KHTML, like Gecko) BingPreview/1.0b"
70.196.4.130 - - [20/Jun/2014:16:28:21 -0400] "GET /files/stacks_image_863.jpg HTTP/1.1" 200 3819 "http://eyepiecestexas.com/eyewear/" "Mozilla/5.0 (iPhone; CPU iPhone OS 7_1_1 like Mac OS X) AppleWebKit/537.51.2 (KHTML, like Gecko) Version/7.0 Mobile/11D201 Safari/9537.53"
209.222.8.59 - - [20/Jun/2014:17:09:15 -0400] "GET /promotions/?tag=The%20Shops%20at%20Legacy HTTP/1.1" 200 23394 "-" "Mozilla/5.0 (compatible; AhrefsBot/5.0; +http://ahrefs.com/robot/)"
76.199.215.46 - - [20/Jun/2014:18:13:53 -0400] "GET /files/stacks_image_800.jpg HTTP/1.1" 200 3819 "http://eyepiecestexas.com/" "Mozilla/5.0 (compatible; MSIE 10.0; Windows NT 6.2; WOW64; Trident/6.0; MDDCJS)"
82.193.99.33 - - [20/Jun/2014:18:50:03 -0400] "GET / HTTP/1.1" 200 23391 "http://bigcities.org/" "Mozilla/4.0 (compatible; MSIE 6.0; Windows ME) Opera 7.11 [en]"
207.46.13.5 - - [20/Jun/2014:19:18:58 -0400] "GET /about/ HTTP/1.1" 200 15133 "-" "Mozilla/5.0 (compatible; bingbot/2.0; +http://www.bing.com/bingbot.htm)"
66.249.89.32 - - [20/Jun/2014:19:46:24 -0400] "GET /feed HTTP/1.1" 200 4319 "-" "Feedfetcher-Google; (+http://www.google.com/feedfetcher.html; 1 subscribers; feed-id=11757162533075784121)"
66.249.89.27 - - [20/Jun/2014:20:18:37 -0400] "GET /rw_common/images/eye-pieces-logo-altered-50.png HTTP/1.1" 200 3333 "-" "AdsBot-Google (+http://www.google.com/adsbot.html)"
66.249.89.27 - - [20/Jun/2014:20:18:44 -0400] "GET /rw_common/themes/dexture/scripts/jquery.cycle.min.js HTTP/1.1" 200 31987 "-" "AdsBot-Google (+http://www.google.com/adsbot.html)"
66.249.89.32 - - [20/Jun/2014:20:18:45 -0400] "GET /files/stacks_image_166.png HTTP/1.1" 200 5540 "-" "AdsBot-Google (+http://www.google.com/adsbot.html)"
54.237.197.55 - - [20/Jun/2014:08:56:56 -0400] "GET /eyewear/files/stacks_image_594.jpg HTTP/1.1" 200 18428 "-" "Pinterest/0.1 +http://pinterest.com/"
193.150.120.14 - - [20/Jun/2014:09:42:13 -0400] "GET / HTTP/1.1" 200 23391 "http://www.vniitest.ru/" "Mozilla/4.0 (compatible; MSIE 6.0; Windows NT 5.2; Win64; x64; SV1; .NET CLR 2.0.50727)"
24.227.240.26 - - [20/Jun/2014:10:01:48 -0400] "GET /favicon.ico HTTP/1.1" 200 4319 "-" "Mozilla/5.0 (Windows NT 6.1; WOW64) AppleWebKit/537.36 (KHTML, like Gecko) Chrome/35.0.1916.153 Safari/537.36"
76.199.215.46 - - [20/Jun/2014:12:03:12 -0400] "GET /files/stacks_image_863.jpg HTTP/1.1" 200 3819 "http://eyepiecestexas.com/" "Mozilla/5.0 (compatible; MSIE 10.0; Windows NT 6.2; WOW64; Trident/6.0; MDDCJS)"
76.199.215.46 - - [20/Jun/2014:12:04:27 -0400] "GET /files/stacks_image_849.jpg HTTP/1.1" 200 4319 "http://eyepiecestexas.com/" "Mozilla/5.0 (compatible; MSIE 10.0; Windows NT 6.2; WOW64; Trident/6.0; MDDCJS)"
76.199.215.46 - - [20/Jun/2014:12:04:27 -0400] "GET /files/stacks_image_863.jpg HTTP/1.1" 200 3819 "http://eyepiecestexas.com/" "Mozilla/5.0 (compatible; MSIE 10.0; Windows NT 6.2; WOW64; Trident/6.0; MDDCJS)"
76.199.215.46 - - [20/Jun/2014:12:44:42 -0400] "GET /favicon.ico HTTP/1.1" 200 3819 "-" "Mozilla/5.0 (compatible; MSIE 10.0; Windows NT 6.2; WOW64; Trident/6.0; MDDCJS)"
12.71.193.18 - - [20/Jun/2014:13:22:27 -0400] "GET /files/stacks_page_page0.css HTTP/1.1" 200 8583 "http://eyepiecestexas.com/" "Mozilla/5.0 (Windows NT 5.1) AppleWebKit/537.36 (KHTML, like Gecko) Chrome/35.0.1916.153 Safari/537.36"
12.71.193.18 - - [20/Jun/2014:13:22:27 -0400] "GET /rw_common/themes/dexture/scripts/jquery.crossSlide.min.js HTTP/1.1" 200 6976 "http://eyepiecestexas.com/" "Mozilla/5.0 (Windows NT 5.1) AppleWebKit/537.36 (KHTML, like Gecko) Chrome/35.0.1916.153 Safari/537.36"
12.71.193.18 - - [20/Jun/2014:13:22:27 -0400] "GET /resources/Dream_Orphans_700.font.js HTTP/1.1" 200 36773 "http://eyepiecestexas.com/" "Mozilla/5.0 (Windows NT 5.1) AppleWebKit/537.36 (KHTML, like Gecko) Chrome/35.0.1916.153 Safari/537.36"
12.71.193.18 - - [20/Jun/2014:13:22:28 -0400] "GET /files/stacks_image_729.jpg HTTP/1.1" 200 76071 "http://eyepiecestexas.com/" "Mozilla/5.0 (Windows NT 5.1) AppleWebKit/537.36 (KHTML, like Gecko) Chrome/35.0.1916.153 Safari/537.36"
12.71.193.18 - - [20/Jun/2014:13:22:28 -0400] "GET /rw_common/themes/dexture/images/pageTopGradient.png HTTP/1.1" 200 1338 "http://eyepiecestexas.com/" "Mozilla/5.0 (Windows NT 5.1) AppleWebKit/537.36 (KHTML, like Gecko) Chrome/35.0.1916.153 Safari/537.36"
12.71.193.18 - - [20/Jun/2014:13:22:29 -0400] "GET /rw_common/themes/dexture/images/mainContentCornerShadowLeft.png HTTP/1.1" 200 1452 "http://eyepiecestexas.com/" "Mozilla/5.0 (Windows NT 5.1) AppleWebKit/537.36 (KHTML, like Gecko) Chrome/35.0.1916.153 Safari/537.36"
12.71.193.18 - - [20/Jun/2014:13:22:29 -0400] "GET /rw_common/themes/dexture/images/mainContentCornerShadowRight.png HTTP/1.1" 200 1442 "http://eyepiecestexas.com/" "Mozilla/5.0 (Windows NT 5.1) AppleWebKit/537.36 (KHTML, like Gecko) Chrome/35.0.1916.153 Safari/537.36"
12.71.193.18 - - [20/Jun/2014:13:22:29 -0400] "GET /files/stacks_image_164.png HTTP/1.1" 200 5120 "http://eyepiecestexas.com/" "Mozilla/5.0 (Windows NT 5.1) AppleWebKit/537.36 (KHTML, like Gecko) Chrome/35.0.1916.153 Safari/537.36"
12.71.193.18 - - [20/Jun/2014:13:22:29 -0400] "GET /rw_common/themes/dexture/images/upperShadow.png HTTP/1.1" 200 218 "http://eyepiecestexas.com/" "Mozilla/5.0 (Windows NT 5.1) AppleWebKit/537.36 (KHTML, like Gecko) Chrome/35.0.1916.153 Safari/537.36"
12.71.193.18 - - [20/Jun/2014:13:22:29 -0400] "GET /rw_common/themes/dexture/images/closebox.png HTTP/1.1" 200 1910 "http://eyepiecestexas.com/" "Mozilla/5.0 (Windows NT 5.1) AppleWebKit/537.36 (KHTML, like Gecko) Chrome/35.0.1916.153 Safari/537.36"
12.71.193.18 - - [20/Jun/2014:13:22:31 -0400] "GET /files/stacks_image_849.jpg HTTP/1.1" 200 5819 "http://eyepiecestexas.com/" "Mozilla/5.0 (Windows NT 5.1) AppleWebKit/537.36 (KHTML, like Gecko) Chrome/35.0.1916.153 Safari/537.36"
12.71.193.18 - - [20/Jun/2014:13:23:45 -0400] "GET /rw_common/themes/dexture/consolidated-handheld-4.css HTTP/1.1" 200 10899 "http://eyepiecestexas.com/find-us/" "Mozilla/5.0 (Windows NT 5.1) AppleWebKit/537.36 (KHTML, like Gecko) Chrome/35.0.1916.153 Safari/537.36"
12.71.193.18 - - [20/Jun/2014:13:23:45 -0400] "GET /find-us/files/mapassets/car.png HTTP/1.1" 200 3594 "http://eyepiecestexas.com/find-us/" "Mozilla/5.0 (Windows NT 5.1) AppleWebKit/537.36 (KHTML, like Gecko) Chrome/35.0.1916.153 Safari/537.36"
12.71.193.18 - - [20/Jun/2014:13:23:46 -0400] "GET /favicon.ico HTTP/1.1" 200 5819 "-" "Mozilla/5.0 (Windows NT 5.1) AppleWebKit/537.36 (KHTML, like Gecko) Chrome/35.0.1916.153 Safari/537.36"
66.249.83.35 - - [20/Jun/2014:02:46:05 -0400] "GET /rw_common/themes/dexture/javascript.js HTTP/1.1" 200 14608 "http://eyepiecestexas.com/" "Mozilla/5.0 (compatible; MSIE 8.0; Windows NT 5.1; Trident/4.0; .NET CLR 1.1.4322; .NET CLR 2.0.50727)"
66.249.83.35 - - [20/Jun/2014:02:47:00 -0400] "GET /files/stacks_image_800.jpg HTTP/1.1" 200 4319 "http://eyepiecestexas.com/" "Mozilla/5.0 (compatible; MSIE 8.0; Windows NT 5.1; Trident/4.0; .NET CLR 1.1.4322; .NET CLR 2.0.50727)"
208.115.111.68 - - [20/Jun/2014:03:58:10 -0400] "GET /robots.txt HTTP/1.1" 200 48 "-" "Mozilla/5.0 (compatible; DotBot/1.1; http://www.opensiteexplorer.org/dotbot, help@moz.com)"
66.87.102.73 - - [20/Jun/2014:14:26:22 -0400] "GET /eyewear/files/stacks_image_384.jpg HTTP/1.1" 200 8119 "http://www.google.com/" "Mozilla/5.0 (Linux; Android 4.4.2; XT1031 Build/KXB20.9-1.10-1.18-1.1) AppleWebKit/537.36 (KHTML, like Gecko) Chrome/30.0.1599.92 Mobile Safari/537.36"
66.87.102.73 - - [20/Jun/2014:14:26:25 -0400] "GET /eyewear/files/stacks_image_97.jpg HTTP/1.1" 200 51625 "http://www.google.com/" "Mozilla/5.0 (Linux; Android 4.4.2; XT1031 Build/KXB20.9-1.10-1.18-1.1) AppleWebKit/537.36 (KHTML, like Gecko) Chrome/30.0.1599.92 Mobile Safari/537.36"
207.46.13.5 - - [20/Jun/2014:15:46:29 -0400] "GET /rw_common/themes/dexture/consolidated-screen-0.css HTTP/1.1" 200 21870 "-" "Mozilla/5.0 (compatible; bingbot/2.0; +http://www.bing.com/bingbot.htm)"
207.46.13.5 - - [20/Jun/2014:15:46:29 -0400] "GET /rw_common/themes/dexture/consolidated-print-0.css HTTP/1.1" 200 9486 "-" "Mozilla/5.0 (compatible; bingbot/2.0; +http://www.bing.com/bingbot.htm)"
207.46.13.5 - - [20/Jun/2014:15:46:29 -0400] "GET /files/stacks_page_page0.css HTTP/1.1" 200 8583 "-" "Mozilla/5.0 (compatible; bingbot/2.0; +http://www.bing.com/bingbot.htm)"
70.196.4.130 - - [20/Jun/2014:16:28:08 -0400] "GET /resources/Dream_Orphans_700.font.js HTTP/1.1" 200 36773 "http://eyepiecestexas.com/eyewear/" "Mozilla/5.0 (iPhone; CPU iPhone OS 7_1_1 like Mac OS X) AppleWebKit/537.51.2 (KHTML, like Gecko) Version/7.0 Mobile/11D201 Safari/9537.53"
157.55.39.58 - - [20/Jun/2014:18:28:40 -0400] "GET /Eye_Pieces/Scripts/Widgets/Navbar/navbar.js HTTP/1.1" 200 5986 "-" "Mozilla/5.0 (compatible; bingbot/2.0; +http://www.bing.com/bingbot.htm)"
157.55.39.58 - - [20/Jun/2014:18:28:40 -0400] "GET /Eye_Pieces/Shops_at_Legacy_files/sunwear2.jpg HTTP/1.1" 200 39785 "-" "Mozilla/5.0 (compatible; bingbot/2.0; +http://www.bing.com/bingbot.htm)"
66.249.64.36 - - [20/Jun/2014:19:32:07 -0400] "GET /eyewear/files/stacks_image_97.jpg HTTP/1.1" 304 - "-" "Googlebot-Image/1.0"
208.115.111.68 - - [20/Jun/2014:19:57:00 -0400] "GET /robots.txt HTTP/1.1" 301 244 "-" "Mozilla/5.0 (compatible; DotBot/1.1; http://www.opensiteexplorer.org/dotbot, help@moz.com)"
166.147.72.159 - - [20/Jun/2014:20:41:37 -0400] "GET /files/stacks_image_863.jpg HTTP/1.1" 200 4319 "http://eyepiecestexas.com/" "Mozilla/5.0 (iPhone; CPU iPhone OS 7_1_1 like Mac OS X) AppleWebKit/537.51.2 (KHTML, like Gecko) Version/7.0 Mobile/11D201 Safari/9537.53"
54.237.197.55 - - [20/Jun/2014:08:56:52 -0400] "GET /eyewear/files/stacks_image_594.jpg HTTP/1.1" 200 18428 "-" "Pinterest/0.1 +http://pinterest.com/"
220.181.108.90 - - [20/Jun/2014:09:31:56 -0400] "GET /files/stacks_image_409.jpg HTTP/1.1" 200 21288 "-" "Baiduspider-image+(+http://www.baidu.com/search/spider.htm)\\nReferer: http://image.baidu.com/i?ct=503316480&z=0&tn=baiduimagedetail"
24.227.240.26 - - [20/Jun/2014:10:01:05 -0400] "GET /files/stacks_image_800.jpg HTTP/1.1" 200 3819 "http://eyepiecestexas.com/insurance/" "Mozilla/5.0 (Windows NT 6.1; WOW64) AppleWebKit/537.36 (KHTML, like Gecko) Chrome/35.0.1916.153 Safari/537.36"
166.147.72.164 - - [20/Jun/2014:10:02:28 -0400] "GET /rw_common/plugins/stacks/stacks.css HTTP/1.1" 304 - "http://eyepiecestexas.com/" "Mozilla/5.0 (iPhone; CPU iPhone OS 7_1_1 like Mac OS X) AppleWebKit/537.51.2 (KHTML, like Gecko) Version/7.0 Mobile/11D201 Safari/9537.53"
166.147.72.164 - - [20/Jun/2014:10:02:28 -0400] "GET /files/drbob-splash-pict-500.jpg HTTP/1.1" 304 - "http://eyepiecestexas.com/" "Mozilla/5.0 (iPhone; CPU iPhone OS 7_1_1 like Mac OS X) AppleWebKit/537.51.2 (KHTML, like Gecko) Version/7.0 Mobile/11D201 Safari/9537.53"
76.199.215.46 - - [20/Jun/2014:10:41:52 -0400] "GET /files/stacks_image_800.jpg HTTP/1.1" 200 4319 "http://eyepiecestexas.com/" "Mozilla/5.0 (compatible; MSIE 10.0; Windows NT 6.2; WOW64; Trident/6.0; MDDCJS)"
76.199.215.46 - - [20/Jun/2014:11:58:37 -0400] "GET /files/stacks_image_800.jpg HTTP/1.1" 200 4319 "http://eyepiecestexas.com/" "Mozilla/5.0 (compatible; MSIE 10.0; Windows NT 6.2; WOW64; Trident/6.0; MDDCJS)"
76.199.215.46 - - [20/Jun/2014:11:58:49 -0400] "GET /favicon.ico HTTP/1.1" 200 3819 "-" "Mozilla/5.0 (compatible; MSIE 10.0; Windows NT 6.2; Win64; x64; Trident/6.0; MDDCJS)"
76.199.215.46 - - [20/Jun/2014:11:59:23 -0400] "GET /files/stacks_image_800.jpg HTTP/1.1" 200 4319 "http://eyepiecestexas.com/" "Mozilla/5.0 (compatible; MSIE 10.0; Windows NT 6.2; WOW64; Trident/6.0; MDDCJS)"
157.55.39.219 - - [20/Jun/2014:01:50:07 -0400] "GET /Anne_Et_Valentin.html HTTP/1.1" 200 5819 "-" "Mozilla/5.0 (compatible; bingbot/2.0; +http://www.bing.com/bingbot.htm)"
66.249.83.35 - - [20/Jun/2014:02:46:09 -0400] "GET /rw_common/images/eye-pieces-logo-altered-50.png HTTP/1.1" 200 3333 "http://eyepiecestexas.com/" "Mozilla/5.0 (compatible; MSIE 8.0; Windows NT 5.1; Trident/4.0; .NET CLR 1.1.4322; .NET CLR 2.0.50727)"
66.249.83.35 - - [20/Jun/2014:02:46:09 -0400] "GET /rw_common/themes/dexture/images/editable_images/paper.png HTTP/1.1" 200 154825 "http://eyepiecestexas.com/" "Mozilla/5.0 (compatible; MSIE 8.0; Windows NT 5.1; Trident/4.0; .NET CLR 1.1.4322; .NET CLR 2.0.50727)"
12.71.193.18 - - [20/Jun/2014:13:23:24 -0400] "GET /files/stacks_image_849.jpg HTTP/1.1" 200 3819 "http://eyepiecestexas.com/" "Mozilla/5.0 (Windows NT 5.1) AppleWebKit/537.36 (KHTML, like Gecko) Chrome/35.0.1916.153 Safari/537.36"
66.249.89.32 - - [20/Jun/2014:13:42:59 -0400] "GET /feed HTTP/1.1" 200 5819 "-" "Feedfetcher-Google; (+http://www.google.com/feedfetcher.html; 1 subscribers; feed-id=11757162533075784121)"
76.183.173.221 - - [20/Jun/2014:13:43:14 -0400] "GET /staff/files/stacks_page_page8.css HTTP/1.1" 200 7229 "http://eyepiecestexas.com/staff/" "Mozilla/5.0 (Macintosh; Intel Mac OS X 10_6_8) AppleWebKit/534.59.10 (KHTML, like Gecko) Version/5.1.9 Safari/534.59.10"
76.183.173.221 - - [20/Jun/2014:13:43:15 -0400] "GET /staff/files/fullpath_203.jpg HTTP/1.1" 200 26586 "http://eyepiecestexas.com/staff/" "Mozilla/5.0 (Macintosh; Intel Mac OS X 10_6_8) AppleWebKit/534.59.10 (KHTML, like Gecko) Version/5.1.9 Safari/534.59.10"
76.183.173.221 - - [20/Jun/2014:13:43:16 -0400] "GET /staff/files/stacks_image_328.png HTTP/1.1" 200 5120 "http://eyepiecestexas.com/staff/" "Mozilla/5.0 (Macintosh; Intel Mac OS X 10_6_8) AppleWebKit/534.59.10 (KHTML, like Gecko) Version/5.1.9 Safari/534.59.10"
76.183.173.221 - - [20/Jun/2014:13:43:17 -0400] "GET /files/stacks_image_849.jpg HTTP/1.1" 200 5819 "http://eyepiecestexas.com/staff/" "Mozilla/5.0 (Macintosh; Intel Mac OS X 10_6_8) AppleWebKit/534.59.10 (KHTML, like Gecko) Version/5.1.9 Safari/534.59.10"
66.87.102.73 - - [20/Jun/2014:14:25:52 -0400] "GET /eyewear/files/cufon-yui.js HTTP/1.1" 200 18258 "http://eyepiecestexas.com/eyewear/" "Mozilla/5.0 (Linux; Android 4.4.2; XT1031 Build/KXB20.9-1.10-1.18-1.1) AppleWebKit/537.36 (KHTML, like Gecko) Chrome/30.0.1599.92 Mobile Safari/537.36"
76.199.215.46 - - [20/Jun/2014:15:04:11 -0400] "GET /favicon.ico HTTP/1.1" 200 5819 "-" "Mozilla/5.0 (compatible; MSIE 10.0; Windows NT 6.2; WOW64; Trident/6.0; MDDCJS)"
76.199.215.46 - - [20/Jun/2014:17:52:24 -0400] "GET /files/stacks_image_849.jpg HTTP/1.1" 200 3819 "http://eyepiecestexas.com/" "Mozilla/5.0 (compatible; MSIE 10.0; Windows NT 6.2; WOW64; Trident/6.0; MDDCJS)"
76.199.215.46 - - [20/Jun/2014:18:42:14 -0400] "GET /files/stacks_image_800.jpg HTTP/1.1" 200 3819 "http://eyepiecestexas.com/" "Mozilla/5.0 (compatible; MSIE 10.0; Windows NT 6.2; WOW64; Trident/6.0; MDDCJS)"
157.55.39.103 - - [20/Jun/2014:19:12:39 -0400] "GET /sitemap/index.html HTTP/1.1" 200 10982 "-" "Mozilla/5.0 (compatible; bingbot/2.0; +http://www.bing.com/bingbot.htm)"
92.249.127.111 - - [20/Jun/2014:21:35:08 -0400] "GET / HTTP/1.1" 200 23391 "http://doska-vsem.ru/" "Mozilla/5.0 (Windows NT 5.1; U; en) Opera 8.01"
71.85.193.130 - - [20/Jun/2014:22:09:47 -0400] "GET /about/ HTTP/1.1" 200 15133 "-" "Mozilla/4.0 (compatible; MSIE 8.0; Windows NT 6.1; Trident/4.0)"
76.185.127.65 - - [20/Jun/2014:08:38:48 -0400] "GET / HTTP/1.1" 304 - "-" "Mozilla/5.0 (iPhone; CPU iPhone OS 7_1_1 like Mac OS X) AppleWebKit/537.51.2 (KHTML, like Gecko) Version/7.0 Mobile/11D201 Safari/9537.53"
76.185.127.65 - - [20/Jun/2014:08:38:48 -0400] "GET /rw_common/themes/dexture/consolidated-handheld-0.css HTTP/1.1" 304 - "http://eyepiecestexas.com/" "Mozilla/5.0 (iPhone; CPU iPhone OS 7_1_1 like Mac OS X) AppleWebKit/537.51.2 (KHTML, like Gecko) Version/7.0 Mobile/11D201 Safari/9537.53"
76.185.127.65 - - [20/Jun/2014:08:38:49 -0400] "GET /rw_common/themes/dexture/consolidated-print-0.css HTTP/1.1" 304 - "http://eyepiecestexas.com/" "Mozilla/5.0 (iPhone; CPU iPhone OS 7_1_1 like Mac OS X) AppleWebKit/537.51.2 (KHTML, like Gecko) Version/7.0 Mobile/11D201 Safari/9537.53"
174.250.241.163 - - [20/Jun/2014:08:51:43 -0400] "GET /rw_common/themes/dexture/images/pageTopGradient.png HTTP/1.1" 200 1338 "http://eyepiecestexas.com/" "Mozilla/5.0 (iPhone; CPU iPhone OS 7_0_6 like Mac OS X) AppleWebKit/537.51.1 (KHTML, like Gecko) Version/7.0 Mobile/11B651 Safari/9537.53"
174.250.241.163 - - [20/Jun/2014:08:51:44 -0400] "GET /rw_common/themes/dexture/images/editable_images/concrete.png HTTP/1.1" 200 198645 "http://eyepiecestexas.com/" "Mozilla/5.0 (iPhone; CPU iPhone OS 7_0_6 like Mac OS X) AppleWebKit/537.51.1 (KHTML, like Gecko) Version/7.0 Mobile/11B651 Safari/9537.53"
174.250.241.163 - - [20/Jun/2014:08:51:47 -0400] "GET /files/drbob-splash-pict-500.jpg HTTP/1.1" 200 15890 "http://eyepiecestexas.com/" "Mozilla/5.0 (iPhone; CPU iPhone OS 7_0_6 like Mac OS X) AppleWebKit/537.51.1 (KHTML, like Gecko) Version/7.0 Mobile/11B651 Safari/9537.53"
72.14.173.133 - - [20/Jun/2014:09:40:49 -0400] "GET /rw_common/themes/dexture/scripts/nimblehostPulseVIP.js HTTP/1.0" 200 1205 "http://eyepiecestexas.com/eyewear/" "Mozilla/5.0 (Windows NT 6.1) AppleWebKit/537.36 (KHTML, like Gecko) Chrome/35.0.1916.153 Safari/537.36"
72.14.173.133 - - [20/Jun/2014:09:40:49 -0400] "GET /rw_common/themes/dexture/scripts/nimblehostDropDownMenu.js HTTP/1.0" 200 988 "http://eyepiecestexas.com/eyewear/" "Mozilla/5.0 (Windows NT 6.1) AppleWebKit/537.36 (KHTML, like Gecko) Chrome/35.0.1916.153 Safari/537.36"
220.181.108.187 - - [20/Jun/2014:11:25:47 -0400] "GET /eyewear/files/stacks_image_404.jpg HTTP/1.1" 200 7392 "-" "Baiduspider-image+(+http://www.baidu.com/search/spider.htm)\\nReferer: http://image.baidu.com/i?ct=503316480&z=0&tn=baiduimagedetail"
50.59.71.195 - - [20/Jun/2014:11:36:10 -0400] "GET /rw_common/themes/dexture/scripts/nimblehost.js HTTP/1.0" 200 17247 "http://eyepiecestexas.com/" "Mozilla/5.0 (compatible; MSIE 10.0; Windows NT 6.1; WOW64; Trident/6.0)"
50.59.71.195 - - [20/Jun/2014:11:36:11 -0400] "GET /rw_common/themes/dexture/javascript.js HTTP/1.0" 200 14608 "http://eyepiecestexas.com/" "Mozilla/5.0 (compatible; MSIE 10.0; Windows NT 6.1; WOW64; Trident/6.0)"
50.59.71.195 - - [20/Jun/2014:11:36:12 -0400] "GET /files/stacks_image_729.jpg HTTP/1.0" 200 76071 "http://eyepiecestexas.com/" "Mozilla/5.0 (compatible; MSIE 10.0; Windows NT 6.1; WOW64; Trident/6.0)"
76.199.215.46 - - [20/Jun/2014:11:58:40 -0400] "GET /files/stacks_image_111.jpg HTTP/1.1" 200 3819 "http://eyepiecestexas.com/" "Mozilla/5.0 (compatible; MSIE 10.0; Windows NT 6.2; WOW64; Trident/6.0; MDDCJS)"
71.170.52.143 - - [20/Jun/2014:00:36:13 -0400] "GET /rw_common/themes/dexture/consolidated-handheld-0.css HTTP/1.1" 200 12097 "http://eyepiecestexas.com/" "Mozilla/5.0 (iPad; CPU OS 7_1_1 like Mac OS X) AppleWebKit/537.51.2 (KHTML, like Gecko) Version/7.0 Mobile/11D201 Safari/9537.53"
71.170.52.143 - - [20/Jun/2014:00:36:14 -0400] "GET /rw_common/themes/dexture/consolidated-print-0.css HTTP/1.1" 200 9486 "http://eyepiecestexas.com/" "Mozilla/5.0 (iPad; CPU OS 7_1_1 like Mac OS X) AppleWebKit/537.51.2 (KHTML, like Gecko) Version/7.0 Mobile/11D201 Safari/9537.53"
220.181.108.96 - - [20/Jun/2014:00:43:12 -0400] "GET /eyewear/files/stacks_image_369.jpg HTTP/1.1" 200 8776 "-" "Baiduspider-image+(+http://www.baidu.com/search/spider.htm)\\nReferer: http://image.baidu.com/i?ct=503316480&z=0&tn=baiduimagedetail"
66.249.83.204 - - [20/Jun/2014:02:46:02 -0400] "GET / HTTP/1.1" 301 234 "http://www.google.com/url?sa=t&rct=j&q=&esrc=s&source=web&cd=1&ved=0CDEQFjAB&url=http%3A%2F%2Fwww.eyepiecestexas.com%2F&ei=ftijU4nPFIulugOilAE&usg=AFQjCNE9Y4zRBz9scDUHo6UmftYzWHGB9w" "Mozilla/5.0 (compatible; MSIE 8.0; Windows NT 5.1; Trident/4.0; .NET CLR 1.1.4322; .NET CLR 2.0.50727)"
66.249.83.35 - - [20/Jun/2014:02:46:02 -0400] "GET /rw_common/themes/dexture/consolidated-print-0.css HTTP/1.1" 200 9486 "http://eyepiecestexas.com/" "Mozilla/5.0 (compatible; MSIE 8.0; Windows NT 5.1; Trident/4.0; .NET CLR 1.1.4322; .NET CLR 2.0.50727)"
66.87.102.73 - - [20/Jun/2014:14:26:10 -0400] "GET /eyewear/files/stacks_image_883.jpg HTTP/1.1" 200 33773 "http://www.google.com/" "Mozilla/5.0 (Linux; Android 4.4.2; XT1031 Build/KXB20.9-1.10-1.18-1.1) AppleWebKit/537.36 (KHTML, like Gecko) Chrome/30.0.1599.92 Mobile Safari/537.36"
66.87.102.73 - - [20/Jun/2014:14:26:12 -0400] "GET /rw_common/themes/dexture/images/pageTopShadow400px.png HTTP/1.1" 200 1299 "http://www.google.com/" "Mozilla/5.0 (Linux; Android 4.4.2; XT1031 Build/KXB20.9-1.10-1.18-1.1) AppleWebKit/537.36 (KHTML, like Gecko) Chrome/30.0.1599.92 Mobile Safari/537.36"
66.87.102.73 - - [20/Jun/2014:14:26:14 -0400] "GET /eyewear/files/stacks_image_11.jpg HTTP/1.1" 200 16449 "http://www.google.com/" "Mozilla/5.0 (Linux; Android 4.4.2; XT1031 Build/KXB20.9-1.10-1.18-1.1) AppleWebKit/537.36 (KHTML, like Gecko) Chrome/30.0.1599.92 Mobile Safari/537.36"
207.46.13.5 - - [20/Jun/2014:15:14:48 -0400] "GET /rw_common/themes/dexture/consolidated-handheld-1.css HTTP/1.1" 200 10899 "-" "Mozilla/5.0 (compatible; bingbot/2.0; +http://www.bing.com/bingbot.htm)"
70.196.4.130 - - [20/Jun/2014:16:28:06 -0400] "GET /rw_common/themes/dexture/consolidated-all-2.css HTTP/1.1" 200 10936 "http://eyepiecestexas.com/eyewear/" "Mozilla/5.0 (iPhone; CPU iPhone OS 7_1_1 like Mac OS X) AppleWebKit/537.51.2 (KHTML, like Gecko) Version/7.0 Mobile/11D201 Safari/9537.53"
70.196.4.130 - - [20/Jun/2014:16:28:07 -0400] "GET /rw_common/themes/dexture/scripts/jquery.fancyzoom.js HTTP/1.1" 200 6272 "http://eyepiecestexas.com/eyewear/" "Mozilla/5.0 (iPhone; CPU iPhone OS 7_1_1 like Mac OS X) AppleWebKit/537.51.2 (KHTML, like Gecko) Version/7.0 Mobile/11D201 Safari/9537.53"
70.196.4.130 - - [20/Jun/2014:16:28:08 -0400] "GET /eyewear/files/stacks_image_877.jpg HTTP/1.1" 200 63884 "http://eyepiecestexas.com/eyewear/" "Mozilla/5.0 (iPhone; CPU iPhone OS 7_1_1 like Mac OS X) AppleWebKit/537.51.2 (KHTML, like Gecko) Version/7.0 Mobile/11D201 Safari/9537.53"
70.196.4.130 - - [20/Jun/2014:16:28:09 -0400] "GET /eyewear/files/stacks_image_56.jpg HTTP/1.1" 200 23041 "http://eyepiecestexas.com/eyewear/" "Mozilla/5.0 (iPhone; CPU iPhone OS 7_1_1 like Mac OS X) AppleWebKit/537.51.2 (KHTML, like Gecko) Version/7.0 Mobile/11D201 Safari/9537.53"
70.196.4.130 - - [20/Jun/2014:16:28:09 -0400] "GET /eyewear/files/stacks_image_404.jpg HTTP/1.1" 200 7392 "http://eyepiecestexas.com/eyewear/" "Mozilla/5.0 (iPhone; CPU iPhone OS 7_1_1 like Mac OS X) AppleWebKit/537.51.2 (KHTML, like Gecko) Version/7.0 Mobile/11D201 Safari/9537.53"
70.196.4.130 - - [20/Jun/2014:16:28:10 -0400] "GET /eyewear/files/stacks_image_298.jpg HTTP/1.1" 200 26488 "http://eyepiecestexas.com/eyewear/" "Mozilla/5.0 (iPhone; CPU iPhone OS 7_1_1 like Mac OS X) AppleWebKit/537.51.2 (KHTML, like Gecko) Version/7.0 Mobile/11D201 Safari/9537.53"
70.196.4.130 - - [20/Jun/2014:16:28:10 -0400] "GET /eyewear/files/stacks_image_384.jpg HTTP/1.1" 200 8119 "http://eyepiecestexas.com/eyewear/" "Mozilla/5.0 (iPhone; CPU iPhone OS 7_1_1 like Mac OS X) AppleWebKit/537.51.2 (KHTML, like Gecko) Version/7.0 Mobile/11D201 Safari/9537.53"
70.196.4.130 - - [20/Jun/2014:16:28:10 -0400] "GET /eyewear/files/stacks_image_97.jpg HTTP/1.1" 200 51625 "http://eyepiecestexas.com/eyewear/" "Mozilla/5.0 (iPhone; CPU iPhone OS 7_1_1 like Mac OS X) AppleWebKit/537.51.2 (KHTML, like Gecko) Version/7.0 Mobile/11D201 Safari/9537.53"
70.196.4.130 - - [20/Jun/2014:16:28:11 -0400] "GET /eyewear/files/stacks_image_133.jpg HTTP/1.1" 200 8526 "http://eyepiecestexas.com/eyewear/" "Mozilla/5.0 (iPhone; CPU iPhone OS 7_1_1 like Mac OS X) AppleWebKit/537.51.2 (KHTML, like Gecko) Version/7.0 Mobile/11D201 Safari/9537.53"
70.196.4.130 - - [20/Jun/2014:16:28:12 -0400] "GET /eyewear/files/stacks_image_516.jpg HTTP/1.1" 200 7360 "http://eyepiecestexas.com/eyewear/" "Mozilla/5.0 (iPhone; CPU iPhone OS 7_1_1 like Mac OS X) AppleWebKit/537.51.2 (KHTML, like Gecko) Version/7.0 Mobile/11D201 Safari/9537.53"
70.196.4.130 - - [20/Jun/2014:16:28:12 -0400] "GET /eyewear/files/stacks_image_540.jpg HTTP/1.1" 200 24746 "http://eyepiecestexas.com/eyewear/" "Mozilla/5.0 (iPhone; CPU iPhone OS 7_1_1 like Mac OS X) AppleWebKit/537.51.2 (KHTML, like Gecko) Version/7.0 Mobile/11D201 Safari/9537.53"
70.196.4.130 - - [20/Jun/2014:16:28:12 -0400] "GET /eyewear/files/stacks_image_556.jpg HTTP/1.1" 200 9107 "http://eyepiecestexas.com/eyewear/" "Mozilla/5.0 (iPhone; CPU iPhone OS 7_1_1 like Mac OS X) AppleWebKit/537.51.2 (KHTML, like Gecko) Version/7.0 Mobile/11D201 Safari/9537.53"
70.196.4.130 - - [20/Jun/2014:16:28:13 -0400] "GET /eyewear/files/stacks_image_594.jpg HTTP/1.1" 200 18428 "http://eyepiecestexas.com/eyewear/" "Mozilla/5.0 (iPhone; CPU iPhone OS 7_1_1 like Mac OS X) AppleWebKit/537.51.2 (KHTML, like Gecko) Version/7.0 Mobile/11D201 Safari/9537.53"
70.196.4.130 - - [20/Jun/2014:16:28:14 -0400] "GET /eyewear/files/stacks_image_30.jpg HTTP/1.1" 200 18764 "http://eyepiecestexas.com/eyewear/" "Mozilla/5.0 (iPhone; CPU iPhone OS 7_1_1 like Mac OS X) AppleWebKit/537.51.2 (KHTML, like Gecko) Version/7.0 Mobile/11D201 Safari/9537.53"
70.196.4.130 - - [20/Jun/2014:16:28:14 -0400] "GET /eyewear/files/stacks_image_622.jpg HTTP/1.1" 200 7695 "http://eyepiecestexas.com/eyewear/" "Mozilla/5.0 (iPhone; CPU iPhone OS 7_1_1 like Mac OS X) AppleWebKit/537.51.2 (KHTML, like Gecko) Version/7.0 Mobile/11D201 Safari/9537.53"
70.196.4.130 - - [20/Jun/2014:16:28:15 -0400] "GET /eyewear/files/stacks_image_644.png HTTP/1.1" 200 9997 "http://eyepiecestexas.com/eyewear/" "Mozilla/5.0 (iPhone; CPU iPhone OS 7_1_1 like Mac OS X) AppleWebKit/537.51.2 (KHTML, like Gecko) Version/7.0 Mobile/11D201 Safari/9537.53"
70.196.4.130 - - [20/Jun/2014:16:28:15 -0400] "GET /eyewear/files/stacks_image_79.jpg HTTP/1.1" 200 5949 "http://eyepiecestexas.com/eyewear/" "Mozilla/5.0 (iPhone; CPU iPhone OS 7_1_1 like Mac OS X) AppleWebKit/537.51.2 (KHTML, like Gecko) Version/7.0 Mobile/11D201 Safari/9537.53"
70.196.4.130 - - [20/Jun/2014:16:28:16 -0400] "GET /eyewear/files/stacks_image_333.png HTTP/1.1" 200 5120 "http://eyepiecestexas.com/eyewear/" "Mozilla/5.0 (iPhone; CPU iPhone OS 7_1_1 like Mac OS X) AppleWebKit/537.51.2 (KHTML, like Gecko) Version/7.0 Mobile/11D201 Safari/9537.53"
70.196.4.130 - - [20/Jun/2014:16:28:16 -0400] "GET /rw_common/themes/dexture/images/pageTopGradient.png HTTP/1.1" 200 1338 "http://eyepiecestexas.com/eyewear/" "Mozilla/5.0 (iPhone; CPU iPhone OS 7_1_1 like Mac OS X) AppleWebKit/537.51.2 (KHTML, like Gecko) Version/7.0 Mobile/11D201 Safari/9537.53"
70.196.4.130 - - [20/Jun/2014:16:28:16 -0400] "GET /rw_common/themes/dexture/images/mainContentCornerShadowLeft.png HTTP/1.1" 200 1452 "http://eyepiecestexas.com/eyewear/" "Mozilla/5.0 (iPhone; CPU iPhone OS 7_1_1 like Mac OS X) AppleWebKit/537.51.2 (KHTML, like Gecko) Version/7.0 Mobile/11D201 Safari/9537.53"
70.196.4.130 - - [20/Jun/2014:16:28:17 -0400] "GET /rw_common/themes/dexture/images/upperShadow.png HTTP/1.1" 200 218 "http://eyepiecestexas.com/eyewear/" "Mozilla/5.0 (iPhone; CPU iPhone OS 7_1_1 like Mac OS X) AppleWebKit/537.51.2 (KHTML, like Gecko) Version/7.0 Mobile/11D201 Safari/9537.53"
70.196.4.130 - - [20/Jun/2014:16:28:17 -0400] "GET /rw_common/themes/dexture/images/closebox.png HTTP/1.1" 200 1910 "http://eyepiecestexas.com/eyewear/" "Mozilla/5.0 (iPhone; CPU iPhone OS 7_1_1 like Mac OS X) AppleWebKit/537.51.2 (KHTML, like Gecko) Version/7.0 Mobile/11D201 Safari/9537.53"
208.115.111.68 - - [20/Jun/2014:17:26:28 -0400] "GET /promotions/.?tag=Kate%20Spade HTTP/1.1" 301 264 "-" "Mozilla/5.0 (compatible; DotBot/1.1; http://www.opensiteexplorer.org/dotbot, help@moz.com)"
97.75.104.18 - - [20/Jun/2014:17:29:20 -0400] "GET / HTTP/1.1" 200 23391 "http://www.google.com/url?sa=t&rct=j&q=&esrc=s&source=web&cd=1&ved=0CB8QFjAA&url=http%3A%2F%2Feyepiecestexas.com%2F&ei=qaekU9-7NtGMqgaEv4LwAQ&usg=AFQjCNFQLVYIcEqkoXjrM3W-GpmW-rM1JA&sig2=0TSwtLhHLAWTGzMbxJ4trg&bvm=bv.69411363,d.b2k" "Mozilla/5.0 (Macintosh; Intel Mac OS X 10_9_3) AppleWebKit/537.76.4 (KHTML, like Gecko) Version/7.0.4 Safari/537.76.4"
97.75.104.18 - - [20/Jun/2014:17:29:20 -0400] "GET /rw_common/themes/dexture/scripts/nimblehostPulseVIP.js HTTP/1.1" 200 1205 "http://eyepiecestexas.com/" "Mozilla/5.0 (Macintosh; Intel Mac OS X 10_9_3) AppleWebKit/537.76.4 (KHTML, like Gecko) Version/7.0.4 Safari/537.76.4"
97.75.104.18 - - [20/Jun/2014:17:29:20 -0400] "GET /rw_common/themes/dexture/scripts/jquery.fancyzoom.js HTTP/1.1" 200 6272 "http://eyepiecestexas.com/" "Mozilla/5.0 (Macintosh; Intel Mac OS X 10_9_3) AppleWebKit/537.76.4 (KHTML, like Gecko) Version/7.0.4 Safari/537.76.4"
97.75.104.18 - - [20/Jun/2014:17:29:20 -0400] "GET /files/stacks_page_page0.js HTTP/1.1" 200 61538 "http://eyepiecestexas.com/" "Mozilla/5.0 (Macintosh; Intel Mac OS X 10_9_3) AppleWebKit/537.76.4 (KHTML, like Gecko) Version/7.0.4 Safari/537.76.4"
97.75.104.18 - - [20/Jun/2014:17:29:21 -0400] "GET /rw_common/themes/dexture/images/editable_images/paper.png HTTP/1.1" 200 154825 "http://eyepiecestexas.com/" "Mozilla/5.0 (Macintosh; Intel Mac OS X 10_9_3) AppleWebKit/537.76.4 (KHTML, like Gecko) Version/7.0.4 Safari/537.76.4"
97.75.104.18 - - [20/Jun/2014:17:29:23 -0400] "GET /files/stacks_image_849.jpg HTTP/1.1" 200 5819 "http://eyepiecestexas.com/" "Mozilla/5.0 (Macintosh; Intel Mac OS X 10_9_3) AppleWebKit/537.76.4 (KHTML, like Gecko) Version/7.0.4 Safari/537.76.4"
97.75.104.18 - - [20/Jun/2014:17:29:32 -0400] "GET /rw_common/themes/dexture/consolidated-screen-2.css HTTP/1.1" 200 20672 "http://eyepiecestexas.com/eyewear/" "Mozilla/5.0 (Macintosh; Intel Mac OS X 10_9_3) AppleWebKit/537.76.4 (KHTML, like Gecko) Version/7.0.4 Safari/537.76.4"
97.75.104.18 - - [20/Jun/2014:17:29:33 -0400] "GET /eyewear/files/stacks_image_883.jpg HTTP/1.1" 200 33773 "http://eyepiecestexas.com/eyewear/" "Mozilla/5.0 (Macintosh; Intel Mac OS X 10_9_3) AppleWebKit/537.76.4 (KHTML, like Gecko) Version/7.0.4 Safari/537.76.4"
97.75.104.18 - - [20/Jun/2014:17:29:33 -0400] "GET /eyewear/files/stacks_image_450.jpg HTTP/1.1" 200 10075 "http://eyepiecestexas.com/eyewear/" "Mozilla/5.0 (Macintosh; Intel Mac OS X 10_9_3) AppleWebKit/537.76.4 (KHTML, like Gecko) Version/7.0.4 Safari/537.76.4"
97.75.104.18 - - [20/Jun/2014:17:29:34 -0400] "GET /eyewear/files/stacks_image_460.jpg HTTP/1.1" 200 15404 "http://eyepiecestexas.com/eyewear/" "Mozilla/5.0 (Macintosh; Intel Mac OS X 10_9_3) AppleWebKit/537.76.4 (KHTML, like Gecko) Version/7.0.4 Safari/537.76.4"
97.75.104.18 - - [20/Jun/2014:17:29:34 -0400] "GET /eyewear/files/stacks_image_314.png HTTP/1.1" 200 10831 "http://eyepiecestexas.com/eyewear/" "Mozilla/5.0 (Macintosh; Intel Mac OS X 10_9_3) AppleWebKit/537.76.4 (KHTML, like Gecko) Version/7.0.4 Safari/537.76.4"
97.75.104.18 - - [20/Jun/2014:17:29:34 -0400] "GET /eyewear/files/stacks_image_384.jpg HTTP/1.1" 200 8119 "http://eyepiecestexas.com/eyewear/" "Mozilla/5.0 (Macintosh; Intel Mac OS X 10_9_3) AppleWebKit/537.76.4 (KHTML, like Gecko) Version/7.0.4 Safari/537.76.4"
97.75.104.18 - - [20/Jun/2014:17:29:34 -0400] "GET /eyewear/files/stacks_image_496.png HTTP/1.1" 200 12363 "http://eyepiecestexas.com/eyewear/" "Mozilla/5.0 (Macintosh; Intel Mac OS X 10_9_3) AppleWebKit/537.76.4 (KHTML, like Gecko) Version/7.0.4 Safari/537.76.4"
97.75.104.18 - - [20/Jun/2014:17:29:34 -0400] "GET /eyewear/files/stacks_image_97.jpg HTTP/1.1" 200 51625 "http://eyepiecestexas.com/eyewear/" "Mozilla/5.0 (Macintosh; Intel Mac OS X 10_9_3) AppleWebKit/537.76.4 (KHTML, like Gecko) Version/7.0.4 Safari/537.76.4"
97.75.104.18 - - [20/Jun/2014:17:29:34 -0400] "GET /eyewear/files/stacks_image_117.jpg HTTP/1.1" 200 65496 "http://eyepiecestexas.com/eyewear/" "Mozilla/5.0 (Macintosh; Intel Mac OS X 10_9_3) AppleWebKit/537.76.4 (KHTML, like Gecko) Version/7.0.4 Safari/537.76.4"
97.75.104.18 - - [20/Jun/2014:17:29:36 -0400] "GET /eyewear/files/stacks_image_530.jpg HTTP/1.1" 200 32315 "http://eyepiecestexas.com/eyewear/" "Mozilla/5.0 (Macintosh; Intel Mac OS X 10_9_3) AppleWebKit/537.76.4 (KHTML, like Gecko) Version/7.0.4 Safari/537.76.4"
76.199.215.46 - - [20/Jun/2014:18:42:18 -0400] "GET /files/stacks_image_849.jpg HTTP/1.1" 200 3819 "http://eyepiecestexas.com/" "Mozilla/5.0 (compatible; MSIE 10.0; Windows NT 6.2; WOW64; Trident/6.0; MDDCJS)"
66.249.89.32 - - [20/Jun/2014:20:18:30 -0400] "GET /rw_common/themes/dexture/scripts/jquery.crossSlide.min.js HTTP/1.1" 200 6976 "-" "AdsBot-Google (+http://www.google.com/adsbot.html)"
66.249.89.27 - - [20/Jun/2014:20:19:01 -0400] "GET /files/drbob-splash-pict-500.jpg HTTP/1.1" 200 15890 "-" "AdsBot-Google (+http://www.google.com/adsbot.html)"
193.150.120.14 - - [20/Jun/2014:09:42:13 -0400] "GET / HTTP/1.1" 200 23391 "http://www.world-mmo.com/" "Mozilla/4.0 (compatible; MSIE 6.0; Windows NT 5.2; Win64; x64; SV1; .NET CLR 2.0.50727)"
180.76.6.132 - - [20/Jun/2014:09:58:51 -0400] "GET /promotions/?tag=%252525252520National%252525252520Sunglasses%252525252520Day HTTP/1.1" 200 13341 "-" "Mozilla/5.0 (compatible; Baiduspider/2.0; +http://www.baidu.com/search/spider.html)"
24.227.240.26 - - [20/Jun/2014:10:01:49 -0400] "GET /files/stacks_image_785.jpg HTTP/1.1" 200 5819 "http://eyepiecestexas.com/eyewear/" "Mozilla/5.0 (Windows NT 6.1; WOW64) AppleWebKit/537.36 (KHTML, like Gecko) Chrome/35.0.1916.153 Safari/537.36"
162.229.69.244 - - [20/Jun/2014:10:02:56 -0400] "GET /rw_common/themes/dexture/scripts/nimblehostPulseVIP.js HTTP/1.1" 200 1205 "http://eyepiecestexas.com/" "Mozilla/5.0 (Windows NT 6.1; WOW64; rv:30.0) Gecko/20100101 Firefox/30.0"
162.229.69.244 - - [20/Jun/2014:10:02:56 -0400] "GET /rw_common/themes/dexture/scripts/jquery.cycle.min.js HTTP/1.1" 200 31987 "http://eyepiecestexas.com/" "Mozilla/5.0 (Windows NT 6.1; WOW64; rv:30.0) Gecko/20100101 Firefox/30.0"
162.229.69.244 - - [20/Jun/2014:10:02:56 -0400] "GET /resources/Dream_Orphans_700.font.js HTTP/1.1" 200 36773 "http://eyepiecestexas.com/" "Mozilla/5.0 (Windows NT 6.1; WOW64; rv:30.0) Gecko/20100101 Firefox/30.0"
162.229.69.244 - - [20/Jun/2014:10:02:56 -0400] "GET /files/stacks_image_409.jpg HTTP/1.1" 200 21288 "http://eyepiecestexas.com/" "Mozilla/5.0 (Windows NT 6.1; WOW64; rv:30.0) Gecko/20100101 Firefox/30.0"
162.229.69.244 - - [20/Jun/2014:10:02:56 -0400] "GET /files/drbob-splash-pict-500.jpg HTTP/1.1" 200 15890 "http://eyepiecestexas.com/" "Mozilla/5.0 (Windows NT 6.1; WOW64; rv:30.0) Gecko/20100101 Firefox/30.0"
162.229.69.244 - - [20/Jun/2014:10:02:56 -0400] "GET /files/stacks_image_167.png HTTP/1.1" 200 5784 "http://eyepiecestexas.com/" "Mozilla/5.0 (Windows NT 6.1; WOW64; rv:30.0) Gecko/20100101 Firefox/30.0"
162.229.69.244 - - [20/Jun/2014:10:02:56 -0400] "GET /rw_common/themes/dexture/images/pageTopShadow400px.png HTTP/1.1" 200 1299 "http://eyepiecestexas.com/rw_common/themes/dexture/consolidated-screen-0.css" "Mozilla/5.0 (Windows NT 6.1; WOW64; rv:30.0) Gecko/20100101 Firefox/30.0"
162.229.69.244 - - [20/Jun/2014:10:02:56 -0400] "GET /rw_common/themes/dexture/images/ec6TopShadow.png HTTP/1.1" 200 49422 "http://eyepiecestexas.com/rw_common/themes/dexture/consolidated-screen-0.css" "Mozilla/5.0 (Windows NT 6.1; WOW64; rv:30.0) Gecko/20100101 Firefox/30.0"
162.229.69.244 - - [20/Jun/2014:10:02:56 -0400] "GET /rw_common/themes/dexture/images/darkAlphaBg.png HTTP/1.1" 200 70 "http://eyepiecestexas.com/rw_common/themes/dexture/consolidated-screen-0.css" "Mozilla/5.0 (Windows NT 6.1; WOW64; rv:30.0) Gecko/20100101 Firefox/30.0"
162.229.69.244 - - [20/Jun/2014:10:02:57 -0400] "GET /rw_common/themes/dexture/images/mainContentCornerShadowRight.png HTTP/1.1" 200 1442 "http://eyepiecestexas.com/rw_common/themes/dexture/consolidated-screen-0.css" "Mozilla/5.0 (Windows NT 6.1; WOW64; rv:30.0) Gecko/20100101 Firefox/30.0"
162.229.69.244 - - [20/Jun/2014:10:02:58 -0400] "GET /files/stacks_image_436.jpg HTTP/1.1" 200 5819 "http://eyepiecestexas.com/" "Mozilla/5.0 (Windows NT 6.1; WOW64; rv:30.0) Gecko/20100101 Firefox/30.0"
173.192.239.226 - - [20/Jun/2014:10:23:26 -0400] "GET /robots.txt HTTP/1.1" 200 48 "-" "AddThis.com robot tech.support@clearspring.com"
173.192.239.226 - - [20/Jun/2014:10:23:27 -0400] "GET /promotions/?post_id=28&title=eye-pieces-plano-selected-as-exclusive-chrome-hearts-eyewear-retailer HTTP/1.1" 200 16782 "-" "AddThis.com robot tech.support@clearspring.com"
166.147.72.170 - - [20/Jun/2014:12:00:21 -0400] "GET /rw_common/themes/dexture/scripts/jquery.fancyzoom.js HTTP/1.1" 200 6272 "http://eyepiecestexas.com/eyewear/" "Mozilla/5.0 (iPhone; CPU iPhone OS 7_1 like Mac OS X) AppleWebKit/537.51.2 (KHTML, like Gecko) Version/7.0 Mobile/11D167 Safari/9537.53"
166.147.72.170 - - [20/Jun/2014:12:00:22 -0400] "GET /eyewear/files/stacks_image_883.jpg HTTP/1.1" 200 33773 "http://eyepiecestexas.com/eyewear/" "Mozilla/5.0 (iPhone; CPU iPhone OS 7_1 like Mac OS X) AppleWebKit/537.51.2 (KHTML, like Gecko) Version/7.0 Mobile/11D167 Safari/9537.53"
166.147.72.170 - - [20/Jun/2014:12:00:22 -0400] "GET /eyewear/files/stacks_image_520.jpg HTTP/1.1" 200 48283 "http://eyepiecestexas.com/eyewear/" "Mozilla/5.0 (iPhone; CPU iPhone OS 7_1 like Mac OS X) AppleWebKit/537.51.2 (KHTML, like Gecko) Version/7.0 Mobile/11D167 Safari/9537.53"
166.147.72.170 - - [20/Jun/2014:12:00:23 -0400] "GET /eyewear/files/stacks_image_536.jpg HTTP/1.1" 200 4837 "http://eyepiecestexas.com/eyewear/" "Mozilla/5.0 (iPhone; CPU iPhone OS 7_1 like Mac OS X) AppleWebKit/537.51.2 (KHTML, like Gecko) Version/7.0 Mobile/11D167 Safari/9537.53"
166.147.72.170 - - [20/Jun/2014:12:00:23 -0400] "GET /eyewear/files/stacks_image_600.jpg HTTP/1.1" 200 8797 "http://eyepiecestexas.com/eyewear/" "Mozilla/5.0 (iPhone; CPU iPhone OS 7_1 like Mac OS X) AppleWebKit/537.51.2 (KHTML, like Gecko) Version/7.0 Mobile/11D167 Safari/9537.53"
166.147.72.170 - - [20/Jun/2014:12:00:23 -0400] "GET /eyewear/files/stacks_image_360.jpg HTTP/1.1" 200 23502 "http://eyepiecestexas.com/eyewear/" "Mozilla/5.0 (iPhone; CPU iPhone OS 7_1 like Mac OS X) AppleWebKit/537.51.2 (KHTML, like Gecko) Version/7.0 Mobile/11D167 Safari/9537.53"
166.147.72.170 - - [20/Jun/2014:12:00:23 -0400] "GET /eyewear/files/stacks_image_334.png HTTP/1.1" 200 5522 "http://eyepiecestexas.com/eyewear/" "Mozilla/5.0 (iPhone; CPU iPhone OS 7_1 like Mac OS X) AppleWebKit/537.51.2 (KHTML, like Gecko) Version/7.0 Mobile/11D167 Safari/9537.53"
76.199.215.46 - - [20/Jun/2014:12:41:56 -0400] "GET /favicon.ico HTTP/1.1" 200 3819 "-" "Mozilla/5.0 (compatible; MSIE 10.0; Windows NT 6.2; WOW64; Trident/6.0; MDDCJS)"
76.199.215.46 - - [20/Jun/2014:12:44:44 -0400] "GET /files/stacks_image_111.jpg HTTP/1.1" 200 3819 "http://eyepiecestexas.com/" "Mozilla/5.0 (compatible; MSIE 10.0; Windows NT 6.2; WOW64; Trident/6.0; MDDCJS)"
71.170.52.143 - - [20/Jun/2014:00:36:14 -0400] "GET /rw_common/themes/dexture/scripts/nimblehostDropDownMenu.js HTTP/1.1" 200 988 "http://eyepiecestexas.com/" "Mozilla/5.0 (iPad; CPU OS 7_1_1 like Mac OS X) AppleWebKit/537.51.2 (KHTML, like Gecko) Version/7.0 Mobile/11D201 Safari/9537.53"
180.76.5.58 - - [20/Jun/2014:00:51:35 -0400] "GET /rw_common/themes/dexture/consolidated-print-8.css HTTP/1.1" 200 9486 "-" "Mozilla/5.0 (compatible; Baiduspider/2.0; +http://www.baidu.com/search/spider.html)"
71.170.52.143 - - [20/Jun/2014:01:10:41 -0400] "GET /rw_common/themes/dexture/scripts/jquery.fancyzoom.js HTTP/1.1" 200 6272 "http://eyepiecestexas.com/" "Mozilla/5.0 (iPad; CPU OS 7_1_1 like Mac OS X) AppleWebKit/537.51.2 (KHTML, like Gecko) Version/7.0 Mobile/11D201 Safari/9537.53"
71.170.52.143 - - [20/Jun/2014:01:10:41 -0400] "GET /files/stacks_image_727.jpg HTTP/1.1" 200 79485 "http://eyepiecestexas.com/" "Mozilla/5.0 (iPad; CPU OS 7_1_1 like Mac OS X) AppleWebKit/537.51.2 (KHTML, like Gecko) Version/7.0 Mobile/11D201 Safari/9537.53"
12.71.193.18 - - [20/Jun/2014:13:22:27 -0400] "GET / HTTP/1.1" 200 23391 "https://www.google.com/" "Mozilla/5.0 (Windows NT 5.1) AppleWebKit/537.36 (KHTML, like Gecko) Chrome/35.0.1916.153 Safari/537.36"
12.71.193.18 - - [20/Jun/2014:13:22:27 -0400] "GET /rw_common/themes/dexture/scripts/nimblehostPulseVIP.js HTTP/1.1" 200 1205 "http://eyepiecestexas.com/" "Mozilla/5.0 (Windows NT 5.1) AppleWebKit/537.36 (KHTML, like Gecko) Chrome/35.0.1916.153 Safari/537.36"
12.71.193.18 - - [20/Jun/2014:13:22:27 -0400] "GET /rw_common/themes/dexture/scripts/jquery.cycle.min.js HTTP/1.1" 200 31987 "http://eyepiecestexas.com/" "Mozilla/5.0 (Windows NT 5.1) AppleWebKit/537.36 (KHTML, like Gecko) Chrome/35.0.1916.153 Safari/537.36"
12.71.193.18 - - [20/Jun/2014:13:22:28 -0400] "GET /rw_common/themes/dexture/consolidated-print-0.css HTTP/1.1" 200 9486 "http://eyepiecestexas.com/" "Mozilla/5.0 (Windows NT 5.1) AppleWebKit/537.36 (KHTML, like Gecko) Chrome/35.0.1916.153 Safari/537.36"
12.71.193.18 - - [20/Jun/2014:13:22:28 -0400] "GET /files/stacks_image_724.jpg HTTP/1.1" 200 79317 "http://eyepiecestexas.com/" "Mozilla/5.0 (Windows NT 5.1) AppleWebKit/537.36 (KHTML, like Gecko) Chrome/35.0.1916.153 Safari/537.36"
