12.71.193.18 - - [20/Jun/2014:13:22:29 -0400] "GET /rw_common/themes/dexture/images/lightAlphaBg.png HTTP/1.1" 200 179 "http://eyepiecestexas.com/" "Mozilla/5.0 (Windows NT 5.1) AppleWebKit/537.36 (KHTML, like Gecko) Chrome/35.0.1916.153 Safari/537.36"
12.71.193.18 - - [20/Jun/2014:13:22:29 -0400] "GET /rw_common/themes/dexture/images/editable_images/paper.png HTTP/1.1" 200 154825 "http://eyepiecestexas.com/" "Mozilla/5.0 (Windows NT 5.1) AppleWebKit/537.36 (KHTML, like Gecko) Chrome/35.0.1916.153 Safari/537.36"
12.71.193.18 - - [20/Jun/2014:13:22:32 -0400] "GET /files/stacks_image_800.jpg HTTP/1.1" 200 5819 "http://eyepiecestexas.com/" "Mozilla/5.0 (Windows NT 5.1) AppleWebKit/537.36 (KHTML, like Gecko) Chrome/35.0.1916.153 Safari/537.36"
66.249.89.32 - - [20/Jun/2014:13:41:03 -0400] "GET /feed HTTP/1.1" 200 3819 "-" "Feedfetcher-Google; (+http://www.google.com/feedfetcher.html; 1 subscribers; feed-id=11757162533075784121)"
76.199.215.46 - - [20/Jun/2014:14:23:15 -0400] "GET /favicon.ico HTTP/1.1" 200 3819 "-" "Mozilla/5.0 (compatible; MSIE 10.0; Windows NT 6.2; Win64; x64; Trident/6.0)"
76.199.215.46 - - [20/Jun/2014:14:23:16 -0400] "GET /files/stacks_image_111.jpg HTTP/1.1" 200 3819 "http://eyepiecestexas.com/" "Mozilla/5.0 (compatible; MSIE 10.0; Windows NT 6.2; WOW64; Trident/6.0)"
66.87.102.73 - - [20/Jun/2014:14:26:07 -0400] "GET /eyewear/files/stacks_page_page2.js HTTP/1.1" 200 121317 "http://www.google.com/" "Mozilla/5.0 (Linux; Android 4.4.2; XT1031 Build/KXB20.9-1.10-1.18-1.1) AppleWebKit/537.36 (KHTML, like Gecko) Chrome/30.0.1599.92 Mobile Safari/537.36"
157.55.39.57 - - [20/Jun/2014:15:13:36 -0400] "GET /rw_common/themes/dexture/consolidated-print-1.css HTTP/1.1" 200 8288 "-" "Mozilla/5.0 (compatible; bingbot/2.0; +http://www.bing.com/bingbot.htm)"
157.55.39.57 - - [20/Jun/2014:15:13:36 -0400] "GET /rw_common/images/eye-pieces-logo-altered-50.png HTTP/1.1" 200 3333 "-" "Mozilla/5.0 (compatible; bingbot/2.0; +http://www.bing.com/bingbot.htm)"
157.55.39.57 - - [20/Jun/2014:15:13:36 -0400] "GET /rw_common/themes/dexture/scripts/nimblehostPulseVIP.js HTTP/1.1" 200 1205 "-" "Mozilla/5.0 (compatible; bingbot/2.0; +http://www.bing.com/bingbot.htm)"
157.55.39.57 - - [20/Jun/2014:15:13:36 -0400] "GET /about/files/stacks_page_page1.css HTTP/1.1" 200 808 "-" "Mozilla/5.0 (compatible; bingbot/2.0; +http://www.bing.com/bingbot.htm)"
157.55.39.57 - - [20/Jun/2014:15:13:37 -0400] "GET /rw_common/themes/dexture/consolidated-screen-1.css HTTP/1.1" 200 20672 "-" "Mozilla/5.0 (compatible; bingbot/2.0; +http://www.bing.com/bingbot.htm)"
180.76.5.196 - - [20/Jun/2014:17:07:18 -0400] "GET /promotions/?tag=%2520sunglasses%2520expert HTTP/1.1" 200 13341 "-" "Mozilla/5.0 (compatible; Baiduspider/2.0; +http://www.baidu.com/search/spider.html)"
97.75.104.18 - - [20/Jun/2014:17:29:33 -0400] "GET /eyewear/ HTTP/1.1" 200 68181 "http://eyepiecestexas.com/" "Mozilla/5.0 (Macintosh; Intel Mac OS X 10_9_3) AppleWebKit/537.76.4 (KHTML, like Gecko) Version/7.0.4 Safari/537.76.4"
97.75.104.18 - - [20/Jun/2014:17:29:33 -0400] "GET /eyewear/files/stacks_page_page2.css HTTP/1.1" 200 47161 "http://eyepiecestexas.com/eyewear/" "Mozilla/5.0 (Macintosh; Intel Mac OS X 10_9_3) AppleWebKit/537.76.4 (KHTML, like Gecko) Version/7.0.4 Safari/537.76.4"
97.75.104.18 - - [20/Jun/2014:17:29:34 -0400] "GET /eyewear/files/gucci2.jpg HTTP/1.1" 200 19323 "http://eyepiecestexas.com/eyewear/" "Mozilla/5.0 (Macintosh; Intel Mac OS X 10_9_3) AppleWebKit/537.76.4 (KHTML, like Gecko) Version/7.0.4 Safari/537.76.4"
97.75.104.18 - - [20/Jun/2014:17:29:34 -0400] "GET /eyewear/files/stacks_image_875.jpg HTTP/1.1" 200 49218 "http://eyepiecestexas.com/eyewear/" "Mozilla/5.0 (Macintosh; Intel Mac OS X 10_9_3) AppleWebKit/537.76.4 (KHTML, like Gecko) Version/7.0.4 Safari/537.76.4"
97.75.104.18 - - [20/Jun/2014:17:29:34 -0400] "GET /eyewear/files/stacks_image_369.jpg HTTP/1.1" 200 8776 "http://eyepiecestexas.com/eyewear/" "Mozilla/5.0 (Macintosh; Intel Mac OS X 10_9_3) AppleWebKit/537.76.4 (KHTML, like Gecko) Version/7.0.4 Safari/537.76.4"
97.75.104.18 - - [20/Jun/2014:17:29:34 -0400] "GET /eyewear/files/stacks_image_11.jpg HTTP/1.1" 200 16449 "http://eyepiecestexas.com/eyewear/" "Mozilla/5.0 (Macintosh; Intel Mac OS X 10_9_3) AppleWebKit/537.76.4 (KHTML, like Gecko) Version/7.0.4 Safari/537.76.4"
97.75.104.18 - - [20/Jun/2014:17:29:34 -0400] "GET /eyewear/files/stacks_image_388.jpg HTTP/1.1" 200 37857 "http://eyepiecestexas.com/eyewear/" "Mozilla/5.0 (Macintosh; Intel Mac OS X 10_9_3) AppleWebKit/537.76.4 (KHTML, like Gecko) Version/7.0.4 Safari/537.76.4"
97.75.104.18 - - [20/Jun/2014:17:29:34 -0400] "GET /eyewear/files/stacks_image_398.jpg HTTP/1.1" 200 16566 "http://eyepiecestexas.com/eyewear/" "Mozilla/5.0 (Macintosh; Intel Mac OS X 10_9_3) AppleWebKit/537.76.4 (KHTML, like Gecko) Version/7.0.4 Safari/537.76.4"
97.75.104.18 - - [20/Jun/2014:17:29:34 -0400] "GET /eyewear/files/stacks_image_456.jpg HTTP/1.1" 200 7898 "http://eyepiecestexas.com/eyewear/" "Mozilla/5.0 (Macintosh; Intel Mac OS X 10_9_3) AppleWebKit/537.76.4 (KHTML, like Gecko) Version/7.0.4 Safari/537.76.4"
97.75.104.18 - - [20/Jun/2014:17:29:34 -0400] "GET /eyewear/files/stacks_image_298.jpg HTTP/1.1" 200 26488 "http://eyepiecestexas.com/eyewear/" "Mozilla/5.0 (Macintosh; Intel Mac OS X 10_9_3) AppleWebKit/537.76.4 (KHTML, like Gecko) Version/7.0.4 Safari/537.76.4"
97.75.104.18 - - [20/Jun/2014:17:29:35 -0400] "GET /eyewear/files/stacks_image_308.png HTTP/1.1" 200 153247 "http://eyepiecestexas.com/eyewear/" "Mozilla/5.0 (Macintosh; Intel Mac OS X 10_9_3) AppleWebKit/537.76.4 (KHTML, like Gecko) Version/7.0.4 Safari/537.76.4"
97.75.104.18 - - [20/Jun/2014:17:29:35 -0400] "GET /eyewear/files/stacks_image_510.jpg HTTP/1.1" 200 26025 "http://eyepiecestexas.com/eyewear/" "Mozilla/5.0 (Macintosh; Intel Mac OS X 10_9_3) AppleWebKit/537.76.4 (KHTML, like Gecko) Version/7.0.4 Safari/537.76.4"
97.75.104.18 - - [20/Jun/2014:17:29:37 -0400] "GET /eyewear/files/stacks_image_526.jpg HTTP/1.1" 200 6419 "http://eyepiecestexas.com/eyewear/" "Mozilla/5.0 (Macintosh; Intel Mac OS X 10_9_3) AppleWebKit/537.76.4 (KHTML, like Gecko) Version/7.0.4 Safari/537.76.4"
97.75.104.18 - - [20/Jun/2014:17:29:37 -0400] "GET /eyewear/files/stacks_image_285.jpg HTTP/1.1" 200 28931 "http://eyepiecestexas.com/eyewear/" "Mozilla/5.0 (Macintosh; Intel Mac OS X 10_9_3) AppleWebKit/537.76.4 (KHTML, like Gecko) Version/7.0.4 Safari/537.76.4"
97.75.104.18 - - [20/Jun/2014:17:29:37 -0400] "GET /eyewear/files/stacks_image_578.jpg HTTP/1.1" 200 6995 "http://eyepiecestexas.com/eyewear/" "Mozilla/5.0 (Macintosh; Intel Mac OS X 10_9_3) AppleWebKit/537.76.4 (KHTML, like Gecko) Version/7.0.4 Safari/537.76.4"
97.75.104.18 - - [20/Jun/2014:17:29:37 -0400] "GET /eyewear/files/stacks_image_30.jpg HTTP/1.1" 200 18764 "http://eyepiecestexas.com/eyewear/" "Mozilla/5.0 (Macintosh; Intel Mac OS X 10_9_3) AppleWebKit/537.76.4 (KHTML, like Gecko) Version/7.0.4 Safari/537.76.4"
97.75.104.18 - - [20/Jun/2014:17:29:37 -0400] "GET /eyewear/files/stacks_image_176.png HTTP/1.1" 200 8765 "http://eyepiecestexas.com/eyewear/" "Mozilla/5.0 (Macintosh; Intel Mac OS X 10_9_3) AppleWebKit/537.76.4 (KHTML, like Gecko) Version/7.0.4 Safari/537.76.4"
97.75.104.18 - - [20/Jun/2014:17:29:38 -0400] "GET /eyewear/files/stacks_image_192.jpg HTTP/1.1" 200 20874 "http://eyepiecestexas.com/eyewear/" "Mozilla/5.0 (Macintosh; Intel Mac OS X 10_9_3) AppleWebKit/537.76.4 (KHTML, like Gecko) Version/7.0.4 Safari/537.76.4"
97.75.104.18 - - [20/Jun/2014:17:29:38 -0400] "GET /eyewear/files/stacks_image_79.jpg HTTP/1.1" 200 5949 "http://eyepiecestexas.com/eyewear/" "Mozilla/5.0 (Macintosh; Intel Mac OS X 10_9_3) AppleWebKit/537.76.4 (KHTML, like Gecko) Version/7.0.4 Safari/537.76.4"
97.75.104.18 - - [20/Jun/2014:17:29:38 -0400] "GET /eyewear/files/stacks_image_238.jpg HTTP/1.1" 200 26194 "http://eyepiecestexas.com/eyewear/" "Mozilla/5.0 (Macintosh; Intel Mac OS X 10_9_3) AppleWebKit/537.76.4 (KHTML, like Gecko) Version/7.0.4 Safari/537.76.4"
97.75.104.18 - - [20/Jun/2014:17:29:38 -0400] "GET /files/stacks_image_800.jpg HTTP/1.1" 200 5819 "http://eyepiecestexas.com/eyewear/" "Mozilla/5.0 (Macintosh; Intel Mac OS X 10_9_3) AppleWebKit/537.76.4 (KHTML, like Gecko) Version/7.0.4 Safari/537.76.4"
183.60.214.8 - - [20/Jun/2014:17:56:26 -0400] "GET /promotions/index.php?tag=Sunglasses HTTP/1.1" 200 26115 "-" "Mozilla/5.0 (compatible; EasouSpider; +http://www.easou.com/search/spider.html)"
76.199.215.46 - - [20/Jun/2014:18:13:53 -0400] "GET /favicon.ico HTTP/1.1" 200 3819 "-" "Mozilla/5.0 (compatible; MSIE 10.0; Windows NT 6.2; WOW64; Trident/6.0; MDDCJS)"
66.249.89.27 - - [20/Jun/2014:20:18:42 -0400] "GET /files/stacks_image_727.jpg HTTP/1.1" 200 79485 "-" "AdsBot-Google (+http://www.google.com/adsbot.html)"
66.249.89.37 - - [20/Jun/2014:20:18:46 -0400] "GET /files/stacks_image_722.jpg HTTP/1.1" 200 61124 "-" "AdsBot-Google (+http://www.google.com/adsbot.html)"
182.118.20.233 - - [20/Jun/2014:22:06:47 -0400] "GET /robots.txt HTTP/1.1" 301 244 "http://www.eyepiecestexas.com/robots.txt" "Mozilla/5.0 (compatible; MSIE 9.0; Windows NT 6.1; Trident/5.0); 360Spider"
157.55.39.103 - - [20/Jun/2014:23:30:24 -0400] "GET /promotions/index.php HTTP/1.1" 200 26805 "-" "Mozilla/5.0 (compatible; bingbot/2.0; +http://www.bing.com/bingbot.htm)"
66.249.64.36 - - [20/Jun/2014:23:36:27 -0400] "GET /Eye_Pieces/Contact_Lenses_files/violet.jpg HTTP/1.1" 304 - "-" "Googlebot-Image/1.0"
199.30.20.34 - - [20/Jun/2014:07:19:52 -0400] "GET /files/stacks_image_729.jpg HTTP/1.1" 200 76071 "-" "msnbot-media/1.1 (+http://search.msn.com/msnbot.htm)"
193.150.120.14 - - [20/Jun/2014:10:03:11 -0400] "GET / HTTP/1.1" 200 23391 "http://vintasik.info/" "Mozilla/4.0 (compatible; MSIE 6.0; Windows NT 5.2; WOW64; SV1; .NET CLR 2.0.50727)"
76.199.215.46 - - [20/Jun/2014:10:13:39 -0400] "GET /files/stacks_image_849.jpg HTTP/1.1" 200 3819 "http://eyepiecestexas.com/" "Mozilla/5.0 (compatible; MSIE 10.0; Windows NT 6.2; WOW64; Trident/6.0; MDDCJS)"
76.199.215.46 - - [20/Jun/2014:10:41:56 -0400] "GET /files/stacks_image_436.jpg HTTP/1.1" 200 3819 "http://eyepiecestexas.com/" "Mozilla/5.0 (compatible; MSIE 10.0; Windows NT 6.2; WOW64; Trident/6.0; MDDCJS)"
76.199.215.46 - - [20/Jun/2014:13:01:46 -0400] "GET /files/stacks_image_800.jpg HTTP/1.1" 200 3819 "http://eyepiecestexas.com/" "Mozilla/5.0 (compatible; MSIE 10.0; Windows NT 6.2; WOW64; Trident/6.0; MDDCJS)"
71.170.52.143 - - [20/Jun/2014:00:36:14 -0400] "GET /rw_common/themes/dexture/consolidated-all-0.css HTTP/1.1" 200 12134 "http://eyepiecestexas.com/" "Mozilla/5.0 (iPad; CPU OS 7_1_1 like Mac OS X) AppleWebKit/537.51.2 (KHTML, like Gecko) Version/7.0 Mobile/11D201 Safari/9537.53"
71.170.52.143 - - [20/Jun/2014:00:36:14 -0400] "GET /rw_common/themes/dexture/scripts/nimblehost.js HTTP/1.1" 200 17247 "http://eyepiecestexas.com/" "Mozilla/5.0 (iPad; CPU OS 7_1_1 like Mac OS X) AppleWebKit/537.51.2 (KHTML, like Gecko) Version/7.0 Mobile/11D201 Safari/9537.53"
157.55.39.47 - - [20/Jun/2014:01:50:33 -0400] "GET /Cazal.html HTTP/1.1" 200 5819 "-" "Mozilla/5.0 (compatible; bingbot/2.0; +http://www.bing.com/bingbot.htm)"
208.115.111.68 - - [20/Jun/2014:03:58:10 -0400] "GET /robots.txt HTTP/1.1" 301 244 "-" "Mozilla/5.0 (compatible; DotBot/1.1; http://www.opensiteexplorer.org/dotbot, help@moz.com)"
54.205.87.190 - - [20/Jun/2014:05:13:12 -0400] "GET /apple-touch-icon.png HTTP/1.1" 200 4319 "-" "Pinterest/0.1 +http://pinterest.com/"
146.127.253.44 - - [20/Jun/2014:05:27:36 -0400] "GET /files/stacks_image_724.jpg HTTP/1.1" 200 79317 "-" "Mozilla/4.0 (compatible;)"
76.199.215.46 - - [20/Jun/2014:14:13:45 -0400] "GET /rw_common/themes/dexture/consolidated-all-0.css HTTP/1.1" 304 - "http://eyepiecestexas.com/" "Mozilla/5.0 (compatible; MSIE 10.0; Windows NT 6.2; WOW64; Trident/6.0)"
76.199.215.46 - - [20/Jun/2014:14:13:45 -0400] "GET /files/stacks_page_page0.css HTTP/1.1" 304 - "http://eyepiecestexas.com/" "Mozilla/5.0 (compatible; MSIE 10.0; Windows NT 6.2; WOW64; Trident/6.0)"
76.199.215.46 - - [20/Jun/2014:14:13:45 -0400] "GET /files/drbob-splash-pict-500.jpg HTTP/1.1" 304 - "http://eyepiecestexas.com/" "Mozilla/5.0 (compatible; MSIE 10.0; Windows NT 6.2; WOW64; Trident/6.0)"
66.87.102.73 - - [20/Jun/2014:14:25:57 -0400] "GET /rw_common/plugins/stacks/stacks.css HTTP/1.1" 200 828 "http://eyepiecestexas.com/eyewear/" "Mozilla/5.0 (Linux; Android 4.4.2; XT1031 Build/KXB20.9-1.10-1.18-1.1) AppleWebKit/537.36 (KHTML, like Gecko) Chrome/30.0.1599.92 Mobile Safari/537.36"
180.76.6.142 - - [20/Jun/2014:14:50:10 -0400] "GET /rw_common/themes/dexture/consolidated-handheld-0.css HTTP/1.1" 301 286 "-" "Mozilla/5.0 (compatible; Baiduspider/2.0; +http://www.baidu.com/search/spider.html)"
76.199.215.46 - - [20/Jun/2014:15:04:16 -0400] "GET /files/stacks_image_863.jpg HTTP/1.1" 200 3819 "http://eyepiecestexas.com/" "Mozilla/5.0 (compatible; MSIE 10.0; Windows NT 6.2; WOW64; Trident/6.0; MDDCJS)"
76.199.215.46 - - [20/Jun/2014:17:52:13 -0400] "GET /favicon.ico HTTP/1.1" 200 3819 "-" "Mozilla/5.0 (compatible; MSIE 10.0; Windows NT 6.2; Win64; x64; Trident/6.0; MDDCJS)"
76.199.215.46 - - [20/Jun/2014:18:13:54 -0400] "GET /files/stacks_image_849.jpg HTTP/1.1" 200 4319 "http://eyepiecestexas.com/" "Mozilla/5.0 (compatible; MSIE 10.0; Windows NT 6.2; WOW64; Trident/6.0; MDDCJS)"
76.199.215.46 - - [20/Jun/2014:18:42:19 -0400] "GET /files/stacks_image_111.jpg HTTP/1.1" 200 5819 "http://eyepiecestexas.com/" "Mozilla/5.0 (compatible; MSIE 10.0; Windows NT 6.2; WOW64; Trident/6.0; MDDCJS)"
199.30.25.142 - - [20/Jun/2014:19:30:03 -0400] "GET /Eye_Pieces/Shops_at_Legacy_files/comic-1_07_2.png HTTP/1.1" 200 123 "http://eyepiecestexas.com/Eye_Pieces/Shops_at_Legacy.html" "Mozilla/5.0 (Windows NT 6.1; WOW64) AppleWebKit/534+ (KHTML, like Gecko) BingPreview/1.0b"
27.156.81.233 - - [20/Jun/2014:19:57:46 -0400] "GET / HTTP/1.1" 200 23391 "-" "Mozilla/4.0 (compatible; MSIE 6.0; Windows NT 5.1; SV1; TencentTraveler ; Mozilla/4.0 (compatible; MSIE 6.0; Windows NT 5.1; SV1) ; .NET CLR 2.0.50727)"
71.85.193.130 - - [20/Jun/2014:22:43:37 -0400] "GET /about/ HTTP/1.1" 200 15133 "-" "Mozilla/4.0 (compatible; MSIE 8.0; Windows NT 6.1; Trident/4.0)"
220.181.108.163 - - [20/Jun/2014:23:21:57 -0400] "GET /find-us/ HTTP/1.1" 200 16500 "-" "Mozilla/5.0 (compatible; Baiduspider/2.0; +http://www.baidu.com/search/spider.html)"
182.173.200.13 - - [20/Jun/2014:08:12:01 -0400] "GET /files/stacks_image_863.jpg HTTP/1.1" 200 3819 "http://eyepiecestexas.com/eyewear/" "Mozilla/5.0 (iPad; CPU OS 7_1_1 like Mac OS X) AppleWebKit/537.51.2 (KHTML, like Gecko) Version/7.0 Mobile/11D201 Safari/9537.53"
174.250.241.163 - - [20/Jun/2014:08:51:55 -0400] "GET /rw_common/themes/dexture/images/lightAlphaBg.png HTTP/1.1" 200 179 "http://eyepiecestexas.com/" "Mozilla/5.0 (iPhone; CPU iPhone OS 7_0_6 like Mac OS X) AppleWebKit/537.51.1 (KHTML, like Gecko) Version/7.0 Mobile/11B651 Safari/9537.53"
174.250.241.163 - - [20/Jun/2014:08:51:56 -0400] "GET /rw_common/themes/dexture/images/ec6TopShadow.png HTTP/1.1" 200 49422 "http://eyepiecestexas.com/" "Mozilla/5.0 (iPhone; CPU iPhone OS 7_0_6 like Mac OS X) AppleWebKit/537.51.1 (KHTML, like Gecko) Version/7.0 Mobile/11B651 Safari/9537.53"
173.167.168.193 - - [20/Jun/2014:09:50:24 -0400] "GET /rw_common/themes/dexture/scripts/nimblehost.js HTTP/1.1" 200 17247 "http://eyepiecestexas.com/eyewear/" "Mozilla/5.0 (Macintosh; Intel Mac OS X 10_9_2) AppleWebKit/537.36 (KHTML, like Gecko) Chrome/35.0.1916.114 Safari/537.36"
173.167.168.193 - - [20/Jun/2014:09:50:24 -0400] "GET /resources/Dream_Orphans_700.font.js HTTP/1.1" 200 36773 "http://eyepiecestexas.com/eyewear/" "Mozilla/5.0 (Macintosh; Intel Mac OS X 10_9_2) AppleWebKit/537.36 (KHTML, like Gecko) Chrome/35.0.1916.114 Safari/537.36"
173.167.168.193 - - [20/Jun/2014:09:50:25 -0400] "GET /eyewear/files/stacks_image_294.jpg HTTP/1.1" 200 16878 "http://eyepiecestexas.com/eyewear/" "Mozilla/5.0 (Macintosh; Intel Mac OS X 10_9_2) AppleWebKit/537.36 (KHTML, like Gecko) Chrome/35.0.1916.114 Safari/537.36"
173.167.168.193 - - [20/Jun/2014:09:50:25 -0400] "GET /rw_common/themes/dexture/images/lightAlphaBg.png HTTP/1.1" 200 179 "http://eyepiecestexas.com/eyewear/" "Mozilla/5.0 (Macintosh; Intel Mac OS X 10_9_2) AppleWebKit/537.36 (KHTML, like Gecko) Chrome/35.0.1916.114 Safari/537.36"
173.167.168.193 - - [20/Jun/2014:09:50:25 -0400] "GET /eyewear/files/stacks_image_11.jpg HTTP/1.1" 200 16449 "http://eyepiecestexas.com/eyewear/" "Mozilla/5.0 (Macintosh; Intel Mac OS X 10_9_2) AppleWebKit/537.36 (KHTML, like Gecko) Chrome/35.0.1916.114 Safari/537.36"
173.167.168.193 - - [20/Jun/2014:09:50:25 -0400] "GET /eyewear/files/stacks_image_336.png HTTP/1.1" 200 5784 "http://eyepiecestexas.com/eyewear/" "Mozilla/5.0 (Macintosh; Intel Mac OS X 10_9_2) AppleWebKit/537.36 (KHTML, like Gecko) Chrome/35.0.1916.114 Safari/537.36"
173.167.168.193 - - [20/Jun/2014:09:50:25 -0400] "GET /eyewear/files/stacks_image_398.jpg HTTP/1.1" 200 16566 "http://eyepiecestexas.com/eyewear/" "Mozilla/5.0 (Macintosh; Intel Mac OS X 10_9_2) AppleWebKit/537.36 (KHTML, like Gecko) Chrome/35.0.1916.114 Safari/537.36"
173.167.168.193 - - [20/Jun/2014:09:50:25 -0400] "GET /eyewear/files/stacks_image_466.jpg HTTP/1.1" 200 10470 "http://eyepiecestexas.com/eyewear/" "Mozilla/5.0 (Macintosh; Intel Mac OS X 10_9_2) AppleWebKit/537.36 (KHTML, like Gecko) Chrome/35.0.1916.114 Safari/537.36"
173.167.168.193 - - [20/Jun/2014:09:50:25 -0400] "GET /eyewear/files/stacks_image_384.jpg HTTP/1.1" 200 8119 "http://eyepiecestexas.com/eyewear/" "Mozilla/5.0 (Macintosh; Intel Mac OS X 10_9_2) AppleWebKit/537.36 (KHTML, like Gecko) Chrome/35.0.1916.114 Safari/537.36"
173.167.168.193 - - [20/Jun/2014:09:50:25 -0400] "GET /eyewear/files/stacks_image_117.jpg HTTP/1.1" 200 65496 "http://eyepiecestexas.com/eyewear/" "Mozilla/5.0 (Macintosh; Intel Mac OS X 10_9_2) AppleWebKit/537.36 (KHTML, like Gecko) Chrome/35.0.1916.114 Safari/537.36"
173.167.168.193 - - [20/Jun/2014:09:50:26 -0400] "GET /eyewear/files/stacks_image_526.jpg HTTP/1.1" 200 6419 "http://eyepiecestexas.com/eyewear/" "Mozilla/5.0 (Macintosh; Intel Mac OS X 10_9_2) AppleWebKit/537.36 (KHTML, like Gecko) Chrome/35.0.1916.114 Safari/537.36"
173.167.168.193 - - [20/Jun/2014:09:50:26 -0400] "GET /eyewear/files/stacks_image_546.png HTTP/1.1" 200 14990 "http://eyepiecestexas.com/eyewear/" "Mozilla/5.0 (Macintosh; Intel Mac OS X 10_9_2) AppleWebKit/537.36 (KHTML, like Gecko) Chrome/35.0.1916.114 Safari/537.36"
173.167.168.193 - - [20/Jun/2014:09:50:26 -0400] "GET /eyewear/files/stacks_image_562.jpg HTTP/1.1" 200 18284 "http://eyepiecestexas.com/eyewear/" "Mozilla/5.0 (Macintosh; Intel Mac OS X 10_9_2) AppleWebKit/537.36 (KHTML, like Gecko) Chrome/35.0.1916.114 Safari/537.36"
173.167.168.193 - - [20/Jun/2014:09:50:26 -0400] "GET /eyewear/files/stacks_image_604.jpg HTTP/1.1" 200 16192 "http://eyepiecestexas.com/eyewear/" "Mozilla/5.0 (Macintosh; Intel Mac OS X 10_9_2) AppleWebKit/537.36 (KHTML, like Gecko) Chrome/35.0.1916.114 Safari/537.36"
173.167.168.193 - - [20/Jun/2014:09:50:26 -0400] "GET /eyewear/files/stacks_image_176.png HTTP/1.1" 200 8765 "http://eyepiecestexas.com/eyewear/" "Mozilla/5.0 (Macintosh; Intel Mac OS X 10_9_2) AppleWebKit/537.36 (KHTML, like Gecko) Chrome/35.0.1916.114 Safari/537.36"
173.167.168.193 - - [20/Jun/2014:09:50:26 -0400] "GET /eyewear/files/stacks_image_644.png HTTP/1.1" 200 9997 "http://eyepiecestexas.com/eyewear/" "Mozilla/5.0 (Macintosh; Intel Mac OS X 10_9_2) AppleWebKit/537.36 (KHTML, like Gecko) Chrome/35.0.1916.114 Safari/537.36"
173.167.168.193 - - [20/Jun/2014:09:50:26 -0400] "GET /eyewear/files/stacks_image_79.jpg HTTP/1.1" 200 5949 "http://eyepiecestexas.com/eyewear/" "Mozilla/5.0 (Macintosh; Intel Mac OS X 10_9_2) AppleWebKit/537.36 (KHTML, like Gecko) Chrome/35.0.1916.114 Safari/537.36"
173.167.168.193 - - [20/Jun/2014:09:50:26 -0400] "GET /rw_common/themes/dexture/images/bottomShadow.png HTTP/1.1" 200 204 "http://eyepiecestexas.com/eyewear/" "Mozilla/5.0 (Macintosh; Intel Mac OS X 10_9_2) AppleWebKit/537.36 (KHTML, like Gecko) Chrome/35.0.1916.114 Safari/537.36"
24.227.240.26 - - [20/Jun/2014:09:59:58 -0400] "GET /eyewear/ HTTP/1.1" 200 68181 "http://eyepiecestexas.com/" "Mozilla/5.0 (Windows NT 6.1; WOW64) AppleWebKit/537.36 (KHTML, like Gecko) Chrome/35.0.1916.153 Safari/537.36"
24.227.240.26 - - [20/Jun/2014:09:59:58 -0400] "GET /eyewear/files/cufon-yui.js HTTP/1.1" 200 18258 "http://eyepiecestexas.com/eyewear/" "Mozilla/5.0 (Windows NT 6.1; WOW64) AppleWebKit/537.36 (KHTML, like Gecko) Chrome/35.0.1916.153 Safari/537.36"
24.227.240.26 - - [20/Jun/2014:09:59:59 -0400] "GET /rw_common/themes/dexture/consolidated-handheld-2.css HTTP/1.1" 200 10899 "http://eyepiecestexas.com/eyewear/" "Mozilla/5.0 (Windows NT 6.1; WOW64) AppleWebKit/537.36 (KHTML, like Gecko) Chrome/35.0.1916.153 Safari/537.36"
24.227.240.26 - - [20/Jun/2014:09:59:59 -0400] "GET /eyewear/files/stacks_image_875.jpg HTTP/1.1" 200 49218 "http://eyepiecestexas.com/eyewear/" "Mozilla/5.0 (Windows NT 6.1; WOW64) AppleWebKit/537.36 (KHTML, like Gecko) Chrome/35.0.1916.153 Safari/537.36"
24.227.240.26 - - [20/Jun/2014:09:59:59 -0400] "GET /eyewear/files/stacks_image_883.jpg HTTP/1.1" 200 33773 "http://eyepiecestexas.com/eyewear/" "Mozilla/5.0 (Windows NT 6.1; WOW64) AppleWebKit/537.36 (KHTML, like Gecko) Chrome/35.0.1916.153 Safari/537.36"
24.227.240.26 - - [20/Jun/2014:10:00:00 -0400] "GET /eyewear/files/stacks_image_496.png HTTP/1.1" 200 12363 "http://eyepiecestexas.com/eyewear/" "Mozilla/5.0 (Windows NT 6.1; WOW64) AppleWebKit/537.36 (KHTML, like Gecko) Chrome/35.0.1916.153 Safari/537.36"
24.227.240.26 - - [20/Jun/2014:10:00:00 -0400] "GET /eyewear/files/stacks_image_104.jpg HTTP/1.1" 200 9719 "http://eyepiecestexas.com/eyewear/" "Mozilla/5.0 (Windows NT 6.1; WOW64) AppleWebKit/537.36 (KHTML, like Gecko) Chrome/35.0.1916.153 Safari/537.36"
24.227.240.26 - - [20/Jun/2014:10:00:00 -0400] "GET /eyewear/files/stacks_image_117.jpg HTTP/1.1" 200 65496 "http://eyepiecestexas.com/eyewear/" "Mozilla/5.0 (Windows NT 6.1; WOW64) AppleWebKit/537.36 (KHTML, like Gecko) Chrome/35.0.1916.153 Safari/537.36"
24.227.240.26 - - [20/Jun/2014:10:00:01 -0400] "GET /eyewear/files/stacks_image_133.jpg HTTP/1.1" 200 8526 "http://eyepiecestexas.com/eyewear/" "Mozilla/5.0 (Windows NT 6.1; WOW64) AppleWebKit/537.36 (KHTML, like Gecko) Chrome/35.0.1916.153 Safari/537.36"
24.227.240.26 - - [20/Jun/2014:10:00:01 -0400] "GET /eyewear/files/stacks_image_500.jpg HTTP/1.1" 200 7631 "http://eyepiecestexas.com/eyewear/" "Mozilla/5.0 (Windows NT 6.1; WOW64) AppleWebKit/537.36 (KHTML, like Gecko) Chrome/35.0.1916.153 Safari/537.36"
24.227.240.26 - - [20/Jun/2014:10:00:01 -0400] "GET /eyewear/files/stacks_image_510.jpg HTTP/1.1" 200 26025 "http://eyepiecestexas.com/eyewear/" "Mozilla/5.0 (Windows NT 6.1; WOW64) AppleWebKit/537.36 (KHTML, like Gecko) Chrome/35.0.1916.153 Safari/537.36"
24.227.240.26 - - [20/Jun/2014:10:00:01 -0400] "GET /eyewear/files/stacks_image_526.jpg HTTP/1.1" 200 6419 "http://eyepiecestexas.com/eyewear/" "Mozilla/5.0 (Windows NT 6.1; WOW64) AppleWebKit/537.36 (KHTML, like Gecko) Chrome/35.0.1916.153 Safari/537.36"
24.227.240.26 - - [20/Jun/2014:10:00:01 -0400] "GET /eyewear/files/stacks_image_530.jpg HTTP/1.1" 200 32315 "http://eyepiecestexas.com/eyewear/" "Mozilla/5.0 (Windows NT 6.1; WOW64) AppleWebKit/537.36 (KHTML, like Gecko) Chrome/35.0.1916.153 Safari/537.36"
24.227.240.26 - - [20/Jun/2014:10:00:01 -0400] "GET /eyewear/files/stacks_image_540.jpg HTTP/1.1" 200 24746 "http://eyepiecestexas.com/eyewear/" "Mozilla/5.0 (Windows NT 6.1; WOW64) AppleWebKit/537.36 (KHTML, like Gecko) Chrome/35.0.1916.153 Safari/537.36"
24.227.240.26 - - [20/Jun/2014:10:00:01 -0400] "GET /eyewear/files/stacks_image_285.jpg HTTP/1.1" 200 28931 "http://eyepiecestexas.com/eyewear/" "Mozilla/5.0 (Windows NT 6.1; WOW64) AppleWebKit/537.36 (KHTML, like Gecko) Chrome/35.0.1916.153 Safari/537.36"
24.227.240.26 - - [20/Jun/2014:10:00:02 -0400] "GET /eyewear/files/stacks_image_550.jpg HTTP/1.1" 200 57172 "http://eyepiecestexas.com/eyewear/" "Mozilla/5.0 (Windows NT 6.1; WOW64) AppleWebKit/537.36 (KHTML, like Gecko) Chrome/35.0.1916.153 Safari/537.36"
24.227.240.26 - - [20/Jun/2014:10:00:02 -0400] "GET /eyewear/files/stacks_image_572.png HTTP/1.1" 200 105517 "http://eyepiecestexas.com/eyewear/" "Mozilla/5.0 (Windows NT 6.1; WOW64) AppleWebKit/537.36 (KHTML, like Gecko) Chrome/35.0.1916.153 Safari/537.36"
24.227.240.26 - - [20/Jun/2014:10:00:02 -0400] "GET /eyewear/files/stacks_image_578.jpg HTTP/1.1" 200 6995 "http://eyepiecestexas.com/eyewear/" "Mozilla/5.0 (Windows NT 6.1; WOW64) AppleWebKit/537.36 (KHTML, like Gecko) Chrome/35.0.1916.153 Safari/537.36"
24.227.240.26 - - [20/Jun/2014:10:00:02 -0400] "GET /eyewear/files/stacks_image_604.jpg HTTP/1.1" 200 16192 "http://eyepiecestexas.com/eyewear/" "Mozilla/5.0 (Windows NT 6.1; WOW64) AppleWebKit/537.36 (KHTML, like Gecko) Chrome/35.0.1916.153 Safari/537.36"
24.227.240.26 - - [20/Jun/2014:10:00:02 -0400] "GET /eyewear/files/stacks_image_616.png HTTP/1.1" 200 82043 "http://eyepiecestexas.com/eyewear/" "Mozilla/5.0 (Windows NT 6.1; WOW64) AppleWebKit/537.36 (KHTML, like Gecko) Chrome/35.0.1916.153 Safari/537.36"
24.227.240.26 - - [20/Jun/2014:10:00:02 -0400] "GET /eyewear/files/stacks_image_622.jpg HTTP/1.1" 200 7695 "http://eyepiecestexas.com/eyewear/" "Mozilla/5.0 (Windows NT 6.1; WOW64) AppleWebKit/537.36 (KHTML, like Gecko) Chrome/35.0.1916.153 Safari/537.36"
24.227.240.26 - - [20/Jun/2014:10:00:02 -0400] "GET /eyewear/files/stacks_image_644.png HTTP/1.1" 200 9997 "http://eyepiecestexas.com/eyewear/" "Mozilla/5.0 (Windows NT 6.1; WOW64) AppleWebKit/537.36 (KHTML, like Gecko) Chrome/35.0.1916.153 Safari/537.36"
24.227.240.26 - - [20/Jun/2014:10:00:02 -0400] "GET /eyewear/files/stacks_image_676.jpg HTTP/1.1" 200 7749 "http://eyepiecestexas.com/eyewear/" "Mozilla/5.0 (Windows NT 6.1; WOW64) AppleWebKit/537.36 (KHTML, like Gecko) Chrome/35.0.1916.153 Safari/537.36"
24.227.240.26 - - [20/Jun/2014:10:00:02 -0400] "GET /eyewear/files/stacks_image_336.png HTTP/1.1" 200 5784 "http://eyepiecestexas.com/eyewear/" "Mozilla/5.0 (Windows NT 6.1; WOW64) AppleWebKit/537.36 (KHTML, like Gecko) Chrome/35.0.1916.153 Safari/537.36"
24.227.240.26 - - [20/Jun/2014:10:00:03 -0400] "GET /eyewear/files/stacks_image_334.png HTTP/1.1" 200 5522 "http://eyepiecestexas.com/eyewear/" "Mozilla/5.0 (Windows NT 6.1; WOW64) AppleWebKit/537.36 (KHTML, like Gecko) Chrome/35.0.1916.153 Safari/537.36"
24.227.240.26 - - [20/Jun/2014:10:00:03 -0400] "GET /eyewear/files/stacks_image_238.jpg HTTP/1.1" 200 26194 "http://eyepiecestexas.com/eyewear/" "Mozilla/5.0 (Windows NT 6.1; WOW64) AppleWebKit/537.36 (KHTML, like Gecko) Chrome/35.0.1916.153 Safari/537.36"
24.227.240.26 - - [20/Jun/2014:10:00:04 -0400] "GET /favicon.ico HTTP/1.1" 200 5819 "-" "Mozilla/5.0 (Windows NT 6.1; WOW64) AppleWebKit/537.36 (KHTML, like Gecko) Chrome/35.0.1916.153 Safari/537.36"
24.227.240.26 - - [20/Jun/2014:10:00:04 -0400] "GET /files/stacks_image_436.jpg HTTP/1.1" 200 5819 "http://eyepiecestexas.com/eyewear/" "Mozilla/5.0 (Windows NT 6.1; WOW64) AppleWebKit/537.36 (KHTML, like Gecko) Chrome/35.0.1916.153 Safari/537.36"
208.115.111.68 - - [20/Jun/2014:11:57:21 -0400] "GET /robots.txt HTTP/1.1" 200 48 "-" "Mozilla/5.0 (compatible; DotBot/1.1; http://www.opensiteexplorer.org/dotbot, help@moz.com)"
208.115.111.68 - - [20/Jun/2014:11:57:25 -0400] "GET /robots.txt HTTP/1.1" 200 48 "-" "Mozilla/5.0 (compatible; DotBot/1.1; http://www.opensiteexplorer.org/dotbot, help@moz.com)"
76.199.215.46 - - [20/Jun/2014:12:03:12 -0400] "GET /files/stacks_image_436.jpg HTTP/1.1" 200 4319 "http://eyepiecestexas.com/" "Mozilla/5.0 (compatible; MSIE 10.0; Windows NT 6.2; WOW64; Trident/6.0; MDDCJS)"
76.199.215.46 - - [20/Jun/2014:12:44:44 -0400] "GET /files/stacks_image_800.jpg HTTP/1.1" 200 3819 "http://eyepiecestexas.com/" "Mozilla/5.0 (compatible; MSIE 10.0; Windows NT 6.2; WOW64; Trident/6.0; MDDCJS)"
61.135.189.165 - - [20/Jun/2014:02:10:42 -0400] "GET /robots.txt HTTP/1.1" 200 48 "-" "Sogou web spider/4.0(+http://www.sogou.com/docs/help/webmasters.htm#07)"
202.46.62.54 - - [20/Jun/2014:03:32:38 -0400] "GET / HTTP/1.1" 200 23391 "-" "Mozilla/5.0 (Windows NT 6.1; WOW64; rv:22.0) Gecko/20100101 Firefox/22.0"
199.68.81.105 - - [20/Jun/2014:03:51:56 -0400] "GET /about/files/stacks_image_785.jpg HTTP/1.1" 304 - "-" "Mozilla/4.0 (compatible;)"
12.71.193.18 - - [20/Jun/2014:13:23:47 -0400] "GET /files/stacks_image_436.jpg HTTP/1.1" 200 3819 "http://eyepiecestexas.com/find-us/" "Mozilla/5.0 (Windows NT 5.1) AppleWebKit/537.36 (KHTML, like Gecko) Chrome/35.0.1916.153 Safari/537.36"
66.87.102.73 - - [20/Jun/2014:14:25:57 -0400] "GET /rw_common/themes/dexture/scripts/nimblehostPulseVIP.js HTTP/1.1" 200 1205 "http://eyepiecestexas.com/eyewear/" "Mozilla/5.0 (Linux; Android 4.4.2; XT1031 Build/KXB20.9-1.10-1.18-1.1) AppleWebKit/537.36 (KHTML, like Gecko) Chrome/30.0.1599.92 Mobile Safari/537.36"
66.87.102.73 - - [20/Jun/2014:14:25:57 -0400] "GET /rw_common/themes/dexture/consolidated-print-2.css HTTP/1.1" 200 8288 "http://www.google.com/" "Mozilla/5.0 (Linux; Android 4.4.2; XT1031 Build/KXB20.9-1.10-1.18-1.1) AppleWebKit/537.36 (KHTML, like Gecko) Chrome/30.0.1599.92 Mobile Safari/537.36"
66.87.102.73 - - [20/Jun/2014:14:26:20 -0400] "GET /eyewear/files/stacks_image_466.jpg HTTP/1.1" 200 10470 "http://www.google.com/" "Mozilla/5.0 (Linux; Android 4.4.2; XT1031 Build/KXB20.9-1.10-1.18-1.1) AppleWebKit/537.36 (KHTML, like Gecko) Chrome/30.0.1599.92 Mobile Safari/537.36"
66.249.64.25 - - [20/Jun/2014:16:28:01 -0400] "GET / HTTP/1.1" 301 234 "-" "Mozilla/5.0 (iPhone; CPU iPhone OS 6_0 like Mac OS X) AppleWebKit/536.26 (KHTML, like Gecko) Version/6.0 Mobile/10A5376e Safari/8536.25 (compatible; Googlebot/2.1; +http://www.google.com/bot.html)"
76.199.215.46 - - [20/Jun/2014:16:30:31 -0400] "GET /favicon.ico HTTP/1.1" 200 4319 "-" "Mozilla/5.0 (compatible; MSIE 10.0; Windows NT 6.2; Win64; x64; Trident/6.0; MDDCJS)"
97.75.104.18 - - [20/Jun/2014:17:39:14 -0400] "GET /files/stacks_image_785.jpg HTTP/1.1" 200 3819 "http://eyepiecestexas.com/eyewear/" "Mozilla/5.0 (Macintosh; Intel Mac OS X 10_9_3) AppleWebKit/537.76.4 (KHTML, like Gecko) Version/7.0.4 Safari/537.76.4"
199.30.25.142 - - [20/Jun/2014:19:30:10 -0400] "GET /Eye_Pieces/Shops_at_Legacy_files/comic-1_06_2.png HTTP/1.1" 200 241 "http://eyepiecestexas.com/Eye_Pieces/Shops_at_Legacy.html" "Mozilla/5.0 (Windows NT 6.1; WOW64) AppleWebKit/534+ (KHTML, like Gecko) BingPreview/1.0b"
66.249.89.32 - - [20/Jun/2014:20:18:26 -0400] "GET /rw_common/themes/dexture/consolidated-all-0.css HTTP/1.1" 200 12134 "-" "AdsBot-Google-Mobile (+http://www.google.com/mobile/adsbot.html) Mozilla (iPhone; U; CPU iPhone OS 3 0 like Mac OS X) AppleWebKit (KHTML, like Gecko) Mobile Safari"
68.180.225.113 - - [20/Jun/2014:07:00:37 -0400] "GET /Eye_Pieces/Insurance_files/vba1.jpg HTTP/1.1" 200 5334 "-" "Mozilla/5.0 (compatible; Yahoo! Slurp; http://help.yahoo.com/help/us/ysearch/slurp)"
174.250.241.163 - - [20/Jun/2014:08:51:35 -0400] "GET /rw_common/plugins/stacks/stacks.css HTTP/1.1" 200 828 "http://eyepiecestexas.com/" "Mozilla/5.0 (iPhone; CPU iPhone OS 7_0_6 like Mac OS X) AppleWebKit/537.51.1 (KHTML, like Gecko) Version/7.0 Mobile/11B651 Safari/9537.53"
174.250.241.163 - - [20/Jun/2014:08:51:37 -0400] "GET /rw_common/themes/dexture/scripts/nimblehostPulseVIP.js HTTP/1.1" 200 1205 "http://eyepiecestexas.com/" "Mozilla/5.0 (iPhone; CPU iPhone OS 7_0_6 like Mac OS X) AppleWebKit/537.51.1 (KHTML, like Gecko) Version/7.0 Mobile/11B651 Safari/9537.53"
174.250.241.163 - - [20/Jun/2014:08:51:37 -0400] "GET /files/stacks_page_page0.js HTTP/1.1" 200 61538 "http://eyepiecestexas.com/" "Mozilla/5.0 (iPhone; CPU iPhone OS 7_0_6 like Mac OS X) AppleWebKit/537.51.1 (KHTML, like Gecko) Version/7.0 Mobile/11B651 Safari/9537.53"
174.250.241.163 - - [20/Jun/2014:08:51:39 -0400] "GET /rw_common/images/eye-pieces-logo-altered-50.png HTTP/1.1" 200 3333 "http://eyepiecestexas.com/" "Mozilla/5.0 (iPhone; CPU iPhone OS 7_0_6 like Mac OS X) AppleWebKit/537.51.1 (KHTML, like Gecko) Version/7.0 Mobile/11B651 Safari/9537.53"
174.250.241.163 - - [20/Jun/2014:08:51:39 -0400] "GET /files/stacks_image_165.png HTTP/1.1" 200 5522 "http://eyepiecestexas.com/" "Mozilla/5.0 (iPhone; CPU iPhone OS 7_0_6 like Mac OS X) AppleWebKit/537.51.1 (KHTML, like Gecko) Version/7.0 Mobile/11B651 Safari/9537.53"
174.250.241.163 - - [20/Jun/2014:08:51:41 -0400] "GET /rw_common/themes/dexture/images/editable_images/paper.png HTTP/1.1" 200 154825 "http://eyepiecestexas.com/" "Mozilla/5.0 (iPhone; CPU iPhone OS 7_0_6 like Mac OS X) AppleWebKit/537.51.1 (KHTML, like Gecko) Version/7.0 Mobile/11B651 Safari/9537.53"
174.250.241.163 - - [20/Jun/2014:08:51:56 -0400] "GET /rw_common/themes/dexture/images/bottomShadow.png HTTP/1.1" 200 204 "http://eyepiecestexas.com/" "Mozilla/5.0 (iPhone; CPU iPhone OS 7_0_6 like Mac OS X) AppleWebKit/537.51.1 (KHTML, like Gecko) Version/7.0 Mobile/11B651 Safari/9537.53"
54.83.119.150 - - [20/Jun/2014:08:56:56 -0400] "GET /eyewear/files/stacks_image_594.jpg HTTP/1.1" 200 18428 "-" "Pinterest/0.1 +http://pinterest.com/"
199.21.99.209 - - [20/Jun/2014:09:12:03 -0400] "GET /eyewear/files/stacks_image_550.jpg HTTP/1.1" 200 57172 "-" "Mozilla/5.0 (compatible; YandexImages/3.0; +http://yandex.com/bots)"
193.150.120.14 - - [20/Jun/2014:09:42:13 -0400] "GET / HTTP/1.1" 200 23391 "http://www.vniitest.ru/" "Mozilla/4.0 (compatible; MSIE 6.0; Windows NT 5.2; Win64; x64; SV1; .NET CLR 2.0.50727)"
24.227.240.26 - - [20/Jun/2014:09:59:32 -0400] "GET /rw_common/themes/dexture/consolidated-screen-0.css HTTP/1.1" 200 21870 "http://eyepiecestexas.com/" "Mozilla/5.0 (Windows NT 6.1; WOW64) AppleWebKit/537.36 (KHTML, like Gecko) Chrome/35.0.1916.153 Safari/537.36"
24.227.240.26 - - [20/Jun/2014:09:59:33 -0400] "GET /files/stacks_page_page0.js HTTP/1.1" 200 61538 "http://eyepiecestexas.com/" "Mozilla/5.0 (Windows NT 6.1; WOW64) AppleWebKit/537.36 (KHTML, like Gecko) Chrome/35.0.1916.153 Safari/537.36"
24.227.240.26 - - [20/Jun/2014:09:59:33 -0400] "GET /rw_common/images/eye-pieces-logo-altered-50.png HTTP/1.1" 200 3333 "http://eyepiecestexas.com/" "Mozilla/5.0 (Windows NT 6.1; WOW64) AppleWebKit/537.36 (KHTML, like Gecko) Chrome/35.0.1916.153 Safari/537.36"
24.227.240.26 - - [20/Jun/2014:09:59:33 -0400] "GET /files/stacks_image_409.jpg HTTP/1.1" 200 21288 "http://eyepiecestexas.com/" "Mozilla/5.0 (Windows NT 6.1; WOW64) AppleWebKit/537.36 (KHTML, like Gecko) Chrome/35.0.1916.153 Safari/537.36"
24.227.240.26 - - [20/Jun/2014:09:59:33 -0400] "GET /files/drbob-splash-pict-500.jpg HTTP/1.1" 200 15890 "http://eyepiecestexas.com/" "Mozilla/5.0 (Windows NT 6.1; WOW64) AppleWebKit/537.36 (KHTML, like Gecko) Chrome/35.0.1916.153 Safari/537.36"
24.227.240.26 - - [20/Jun/2014:09:59:36 -0400] "GET /files/stacks_image_863.jpg HTTP/1.1" 200 5819 "http://eyepiecestexas.com/" "Mozilla/5.0 (Windows NT 6.1; WOW64) AppleWebKit/537.36 (KHTML, like Gecko) Chrome/35.0.1916.153 Safari/537.36"
146.148.91.87 - - [20/Jun/2014:10:40:07 -0400] "GET / HTTP/1.0" 200 23391 "-" "NerdyBot"
50.59.71.195 - - [20/Jun/2014:11:36:22 -0400] "GET /favicon.ico HTTP/1.0" 200 4319 "-" "Mozilla/5.0 (compatible; MSIE 10.0; Windows NT 6.1; Win64; x64; Trident/6.0)"
76.199.215.46 - - [20/Jun/2014:12:03:12 -0400] "GET /favicon.ico HTTP/1.1" 200 3819 "-" "Mozilla/5.0 (compatible; MSIE 10.0; Windows NT 6.2; Win64; x64; Trident/6.0; MDDCJS)"
76.199.215.46 - - [20/Jun/2014:12:04:46 -0400] "GET /favicon.ico HTTP/1.1" 200 3819 "-" "Mozilla/5.0 (compatible; MSIE 10.0; Windows NT 6.2; Win64; x64; Trident/6.0; MDDCJS)"
76.183.173.221 - - [20/Jun/2014:13:43:18 -0400] "GET /staff/files/cufon-yui.js HTTP/1.1" 200 18258 "http://eyepiecestexas.com/staff/" "Mozilla/5.0 (Macintosh; Intel Mac OS X 10_6_8) AppleWebKit/534.59.10 (KHTML, like Gecko) Version/5.1.9 Safari/534.59.10"
76.183.173.221 - - [20/Jun/2014:13:43:19 -0400] "GET /staff/files/stacks_image_800.jpg HTTP/1.1" 200 98972 "http://eyepiecestexas.com/staff/" "Mozilla/5.0 (Macintosh; Intel Mac OS X 10_6_8) AppleWebKit/534.59.10 (KHTML, like Gecko) Version/5.1.9 Safari/534.59.10"
76.183.173.221 - - [20/Jun/2014:13:43:20 -0400] "GET /staff/files/stacks_image_330.png HTTP/1.1" 200 5540 "http://eyepiecestexas.com/staff/" "Mozilla/5.0 (Macintosh; Intel Mac OS X 10_6_8) AppleWebKit/534.59.10 (KHTML, like Gecko) Version/5.1.9 Safari/534.59.10"
76.183.173.221 - - [20/Jun/2014:13:43:21 -0400] "GET /files/stacks_image_111.jpg HTTP/1.1" 200 5819 "http://eyepiecestexas.com/staff/" "Mozilla/5.0 (Macintosh; Intel Mac OS X 10_6_8) AppleWebKit/534.59.10 (KHTML, like Gecko) Version/5.1.9 Safari/534.59.10"
157.55.39.219 - - [20/Jun/2014:01:50:12 -0400] "GET /feed HTTP/1.1" 200 4319 "-" "Mozilla/5.0 (compatible; bingbot/2.0; +http://www.bing.com/bingbot.htm)"
183.60.212.158 - - [20/Jun/2014:02:12:06 -0400] "GET /promotions/index.php?tag=David%20Yurman HTTP/1.1" 200 25345 "-" "Mozilla/5.0 (compatible; EasouSpider; +http://www.easou.com/search/spider.html)"
66.249.92.24 - - [20/Jun/2014:02:43:24 -0400] "GET /feed HTTP/1.1" 200 4319 "-" "Feedfetcher-Google; (+http://www.google.com/feedfetcher.html; 1 subscribers; feed-id=11757162533075784121)"
66.249.83.35 - - [20/Jun/2014:03:47:39 -0400] "GET /rw_common/themes/dexture/scripts/jquery.crossSlide.min.js HTTP/1.1" 200 6976 "http://eyepiecestexas.com/" "Mozilla/5.0 (Linux; U; Android 4.0.4; en-us; LG-MS770 Build/IMM76I) AppleWebKit/534.30 (KHTML, like Gecko) Version/4.0 Mobile Safari/534.30"
66.249.83.35 - - [20/Jun/2014:03:47:39 -0400] "GET /files/stacks_image_164.png HTTP/1.1" 200 5120 "http://eyepiecestexas.com/" "Mozilla/5.0 (Linux; U; Android 4.0.4; en-us; LG-MS770 Build/IMM76I) AppleWebKit/534.30 (KHTML, like Gecko) Version/4.0 Mobile Safari/534.30"
66.249.83.35 - - [20/Jun/2014:03:47:39 -0400] "GET /rw_common/themes/dexture/images/darkAlphaBg.png HTTP/1.1" 200 70 "http://eyepiecestexas.com/" "Mozilla/5.0 (Linux; U; Android 4.0.4; en-us; LG-MS770 Build/IMM76I) AppleWebKit/534.30 (KHTML, like Gecko) Version/4.0 Mobile Safari/534.30"
66.249.83.35 - - [20/Jun/2014:03:47:39 -0400] "GET /rw_common/images/eye-pieces-logo-altered-50.png HTTP/1.1" 200 3333 "http://eyepiecestexas.com/" "Mozilla/5.0 (Linux; U; Android 4.0.4; en-us; LG-MS770 Build/IMM76I) AppleWebKit/534.30 (KHTML, like Gecko) Version/4.0 Mobile Safari/534.30"
66.249.83.35 - - [20/Jun/2014:03:47:39 -0400] "GET /files/stacks_image_729.jpg HTTP/1.1" 200 76071 "http://eyepiecestexas.com/" "Mozilla/5.0 (Linux; U; Android 4.0.4; en-us; LG-MS770 Build/IMM76I) AppleWebKit/534.30 (KHTML, like Gecko) Version/4.0 Mobile Safari/534.30"
76.199.215.46 - - [20/Jun/2014:14:13:59 -0400] "GET /favicon.ico HTTP/1.1" 200 3819 "-" "Mozilla/5.0 (compatible; MSIE 10.0; Windows NT 6.2; Win64; x64; Trident/6.0)"
76.199.215.46 - - [20/Jun/2014:14:58:12 -0400] "GET /favicon.ico HTTP/1.1" 200 3819 "-" "Mozilla/5.0 (compatible; MSIE 10.0; Windows NT 6.2; WOW64; Trident/6.0; MDDCJS)"
76.199.215.46 - - [20/Jun/2014:16:30:32 -0400] "GET /files/stacks_image_111.jpg HTTP/1.1" 200 4319 "http://eyepiecestexas.com/" "Mozilla/5.0 (compatible; MSIE 10.0; Windows NT 6.2; WOW64; Trident/6.0; MDDCJS)"
157.55.39.89 - - [20/Jun/2014:18:28:24 -0400] "GET /Eye_Pieces/Scripts/iWebSite.js HTTP/1.1" 200 146115 "-" "Mozilla/5.0 (compatible; bingbot/2.0; +http://www.bing.com/bingbot.htm)"
157.55.39.89 - - [20/Jun/2014:18:28:25 -0400] "GET /Eye_Pieces/Shops_at_Legacy_files/shapeimage_1.jpg HTTP/1.1" 200 877 "-" "Mozilla/5.0 (compatible; bingbot/2.0; +http://www.bing.com/bingbot.htm)"
76.199.215.46 - - [20/Jun/2014:18:49:24 -0400] "GET /files/stacks_image_863.jpg HTTP/1.1" 200 3819 "http://eyepiecestexas.com/" "Mozilla/5.0 (compatible; MSIE 10.0; Windows NT 6.2; WOW64; Trident/6.0; MDDCJS)"
46.118.155.40 - - [20/Jun/2014:20:20:24 -0400] "GET / HTTP/1.1" 200 23391 "http://avon-severozapad.ru/" "Mozilla/4.0 (compatible; MSIE 5.0; Windows 2000) Opera 6.0 [en]"
166.147.72.159 - - [20/Jun/2014:20:41:37 -0400] "GET /files/stacks_image_875.jpg HTTP/1.1" 200 5819 "http://eyepiecestexas.com/" "Mozilla/5.0 (iPhone; CPU iPhone OS 7_1_1 like Mac OS X) AppleWebKit/537.51.2 (KHTML, like Gecko) Version/7.0 Mobile/11D201 Safari/9537.53"
71.85.193.130 - - [20/Jun/2014:21:39:39 -0400] "GET /about/ HTTP/1.1" 200 15133 "-" "Mozilla/4.0 (compatible; MSIE 8.0; Windows NT 6.1; Trident/4.0)"
66.249.89.32 - - [20/Jun/2014:22:46:33 -0400] "GET /feed HTTP/1.1" 200 4319 "-" "Feedfetcher-Google; (+http://www.google.com/feedfetcher.html; 1 subscribers; feed-id=11757162533075784121)"
71.85.193.130 - - [20/Jun/2014:22:57:35 -0400] "GET /about/ HTTP/1.1" 200 15133 "-" "Mozilla/4.0 (compatible; MSIE 8.0; Windows NT 6.1; Trident/4.0)"
174.250.241.163 - - [20/Jun/2014:08:51:55 -0400] "GET /files/stacks_image_729.jpg HTTP/1.1" 200 76071 "http://eyepiecestexas.com/" "Mozilla/5.0 (iPhone; CPU iPhone OS 7_0_6 like Mac OS X) AppleWebKit/537.51.1 (KHTML, like Gecko) Version/7.0 Mobile/11B651 Safari/9537.53"
76.199.215.46 - - [20/Jun/2014:10:13:39 -0400] "GET /files/stacks_image_863.jpg HTTP/1.1" 200 3819 "http://eyepiecestexas.com/" "Mozilla/5.0 (compatible; MSIE 10.0; Windows NT 6.2; WOW64; Trident/6.0; MDDCJS)"
69.15.252.150 - - [20/Jun/2014:10:25:29 -0400] "GET /rw_common/plugins/stacks/stacks.css HTTP/1.1" 304 - "http://eyepiecestexas.com/" "Mozilla/5.0 (iPhone; CPU iPhone OS 7_1_1 like Mac OS X) AppleWebKit/537.51.2 (KHTML, like Gecko) Version/7.0 Mobile/11D201 Safari/9537.53"
69.15.252.150 - - [20/Jun/2014:10:25:29 -0400] "GET /files/drbob-splash-pict-500.jpg HTTP/1.1" 304 - "http://eyepiecestexas.com/" "Mozilla/5.0 (iPhone; CPU iPhone OS 7_1_1 like Mac OS X) AppleWebKit/537.51.2 (KHTML, like Gecko) Version/7.0 Mobile/11D201 Safari/9537.53"
76.199.215.46 - - [20/Jun/2014:11:59:27 -0400] "GET /files/stacks_image_849.jpg HTTP/1.1" 200 3819 "http://eyepiecestexas.com/" "Mozilla/5.0 (compatible; MSIE 10.0; Windows NT 6.2; WOW64; Trident/6.0; MDDCJS)"
66.249.67.122 - - [20/Jun/2014:00:53:48 -0400] "GET /Eye_Pieces/Contact_Lenses_files/gray.jpg HTTP/1.1" 304 - "-" "Googlebot-Image/1.0"
157.55.39.47 - - [20/Jun/2014:01:50:34 -0400] "GET /Gold_%26_Wood.html HTTP/1.1" 200 4319 "-" "Mozilla/5.0 (compatible; bingbot/2.0; +http://www.bing.com/bingbot.htm)"
66.249.83.35 - - [20/Jun/2014:02:47:01 -0400] "GET /files/stacks_image_849.jpg HTTP/1.1" 200 3819 "http://eyepiecestexas.com/" "Mozilla/5.0 (compatible; MSIE 8.0; Windows NT 5.1; Trident/4.0; .NET CLR 1.1.4322; .NET CLR 2.0.50727)"
66.249.83.35 - - [20/Jun/2014:03:47:39 -0400] "GET /rw_common/themes/dexture/scripts/jquery.fancyzoom.js HTTP/1.1" 200 6272 "http://eyepiecestexas.com/" "Mozilla/5.0 (Linux; U; Android 4.0.4; en-us; LG-MS770 Build/IMM76I) AppleWebKit/534.30 (KHTML, like Gecko) Version/4.0 Mobile Safari/534.30"
66.249.83.35 - - [20/Jun/2014:03:47:39 -0400] "GET /rw_common/themes/dexture/images/mainContentCornerShadowRight.png HTTP/1.1" 200 1442 "http://eyepiecestexas.com/" "Mozilla/5.0 (Linux; U; Android 4.0.4; en-us; LG-MS770 Build/IMM76I) AppleWebKit/534.30 (KHTML, like Gecko) Version/4.0 Mobile Safari/534.30"
66.249.83.35 - - [20/Jun/2014:03:47:39 -0400] "GET /rw_common/themes/dexture/images/pageTopGradient.png HTTP/1.1" 200 1338 "http://eyepiecestexas.com/" "Mozilla/5.0 (Linux; U; Android 4.0.4; en-us; LG-MS770 Build/IMM76I) AppleWebKit/534.30 (KHTML, like Gecko) Version/4.0 Mobile Safari/534.30"
66.249.83.35 - - [20/Jun/2014:03:47:39 -0400] "GET /files/stacks_image_727.jpg HTTP/1.1" 200 79485 "http://eyepiecestexas.com/" "Mozilla/5.0 (Linux; U; Android 4.0.4; en-us; LG-MS770 Build/IMM76I) AppleWebKit/534.30 (KHTML, like Gecko) Version/4.0 Mobile Safari/534.30"
76.199.215.46 - - [20/Jun/2014:13:01:45 -0400] "GET /favicon.ico HTTP/1.1" 200 3819 "-" "Mozilla/5.0 (compatible; MSIE 10.0; Windows NT 6.2; WOW64; Trident/6.0; MDDCJS)"
12.71.193.18 - - [20/Jun/2014:13:22:27 -0400] "GET /rw_common/themes/dexture/scripts/nimblehost.js HTTP/1.1" 200 17247 "http://eyepiecestexas.com/" "Mozilla/5.0 (Windows NT 5.1) AppleWebKit/537.36 (KHTML, like Gecko) Chrome/35.0.1916.153 Safari/537.36"
12.71.193.18 - - [20/Jun/2014:13:22:28 -0400] "GET /rw_common/themes/dexture/consolidated-handheld-0.css HTTP/1.1" 200 12097 "http://eyepiecestexas.com/" "Mozilla/5.0 (Windows NT 5.1) AppleWebKit/537.36 (KHTML, like Gecko) Chrome/35.0.1916.153 Safari/537.36"
12.71.193.18 - - [20/Jun/2014:13:22:28 -0400] "GET /files/stacks_image_722.jpg HTTP/1.1" 200 61124 "http://eyepiecestexas.com/" "Mozilla/5.0 (Windows NT 5.1) AppleWebKit/537.36 (KHTML, like Gecko) Chrome/35.0.1916.153 Safari/537.36"
12.71.193.18 - - [20/Jun/2014:13:23:47 -0400] "GET /files/stacks_image_111.jpg HTTP/1.1" 200 4319 "http://eyepiecestexas.com/find-us/" "Mozilla/5.0 (Windows NT 5.1) AppleWebKit/537.36 (KHTML, like Gecko) Chrome/35.0.1916.153 Safari/537.36"
37.58.100.70 - - [20/Jun/2014:14:07:09 -0400] "GET /robots.txt HTTP/1.1" 200 48 "-" "Mozilla/5.0 (compatible; AhrefsBot/5.0; +http://ahrefs.com/robot/)"
76.199.215.46 - - [20/Jun/2014:15:04:15 -0400] "GET /favicon.ico HTTP/1.1" 200 4319 "-" "Mozilla/5.0 (compatible; MSIE 10.0; Windows NT 6.2; WOW64; Trident/6.0; MDDCJS)"
70.196.4.130 - - [20/Jun/2014:16:28:21 -0400] "GET /files/stacks_image_849.jpg HTTP/1.1" 200 3819 "http://eyepiecestexas.com/eyewear/" "Mozilla/5.0 (iPhone; CPU iPhone OS 7_1_1 like Mac OS X) AppleWebKit/537.51.2 (KHTML, like Gecko) Version/7.0 Mobile/11D201 Safari/9537.53"
66.249.89.32 - - [20/Jun/2014:20:18:15 -0400] "GET /files/stacks_image_720.jpg HTTP/1.1" 200 73135 "-" "AdsBot-Google-Mobile (+http://www.google.com/mobile/adsbot.html) Mozilla (iPhone; U; CPU iPhone OS 3 0 like Mac OS X) AppleWebKit (KHTML, like Gecko) Mobile Safari"
71.85.193.130 - - [20/Jun/2014:21:39:42 -0400] "GET /contact/ HTTP/1.1" 200 20174 "-" "Mozilla/4.0 (compatible; MSIE 8.0; Windows NT 6.1; Trident/4.0)"
65.55.215.41 - - [20/Jun/2014:22:39:57 -0400] "GET /eyewear/files/fullsizeimage_416.jpg HTTP/1.1" 200 25567 "-" "msnbot-media/1.1 (+http://search.msn.com/msnbot.htm)"
71.85.193.130 - - [20/Jun/2014:22:48:53 -0400] "GET / HTTP/1.1" 200 23391 "-" "Mozilla/4.0 (compatible; MSIE 8.0; Windows NT 6.1; Trident/4.0)"
71.85.193.130 - - [20/Jun/2014:22:50:02 -0400] "GET /about/ HTTP/1.1" 200 15133 "-" "Mozilla/4.0 (compatible; MSIE 8.0; Windows NT 6.1; Trident/4.0)"
76.199.215.46 - - [20/Jun/2014:09:56:44 -0400] "GET /rw_common/themes/dexture/consolidated-handheld-0.css HTTP/1.1" 304 - "http://eyepiecestexas.com/" "Mozilla/5.0 (compatible; MSIE 10.0; Windows NT 6.2; WOW64; Trident/6.0; MDDCJS)"
76.199.215.46 - - [20/Jun/2014:09:56:44 -0400] "GET /rw_common/images/eye-pieces-logo-altered-50.png HTTP/1.1" 304 - "http://eyepiecestexas.com/" "Mozilla/5.0 (compatible; MSIE 10.0; Windows NT 6.2; WOW64; Trident/6.0; MDDCJS)"
76.199.215.46 - - [20/Jun/2014:09:56:46 -0400] "GET /favicon.ico HTTP/1.1" 200 3819 "-" "Mozilla/5.0 (compatible; MSIE 10.0; Windows NT 6.2; WOW64; Trident/6.0; MDDCJS)"
162.229.69.244 - - [20/Jun/2014:10:02:56 -0400] "GET /rw_common/themes/dexture/consolidated-print-0.css HTTP/1.1" 200 9486 "http://eyepiecestexas.com/" "Mozilla/5.0 (Windows NT 6.1; WOW64; rv:30.0) Gecko/20100101 Firefox/30.0"
162.229.69.244 - - [20/Jun/2014:10:02:56 -0400] "GET /rw_common/themes/dexture/scripts/jquery.crossSlide.min.js HTTP/1.1" 200 6976 "http://eyepiecestexas.com/" "Mozilla/5.0 (Windows NT 6.1; WOW64; rv:30.0) Gecko/20100101 Firefox/30.0"
162.229.69.244 - - [20/Jun/2014:10:02:56 -0400] "GET /files/stacks_page_page0.css HTTP/1.1" 200 8583 "http://eyepiecestexas.com/" "Mozilla/5.0 (Windows NT 6.1; WOW64; rv:30.0) Gecko/20100101 Firefox/30.0"
162.229.69.244 - - [20/Jun/2014:10:02:56 -0400] "GET /files/stacks_image_724.jpg HTTP/1.1" 200 79317 "http://eyepiecestexas.com/" "Mozilla/5.0 (Windows NT 6.1; WOW64; rv:30.0) Gecko/20100101 Firefox/30.0"
162.229.69.244 - - [20/Jun/2014:10:02:58 -0400] "GET /files/stacks_image_849.jpg HTTP/1.1" 200 5819 "http://eyepiecestexas.com/" "Mozilla/5.0 (Windows NT 6.1; WOW64; rv:30.0) Gecko/20100101 Firefox/30.0"
69.15.252.150 - - [20/Jun/2014:10:25:34 -0400] "GET /files/stacks_image_111.jpg HTTP/1.1" 200 3819 "http://eyepiecestexas.com/" "Mozilla/5.0 (iPhone; CPU iPhone OS 7_1_1 like Mac OS X) AppleWebKit/537.51.2 (KHTML, like Gecko) Version/7.0 Mobile/11D201 Safari/9537.53"
50.59.71.195 - - [20/Jun/2014:11:36:11 -0400] "GET /rw_common/themes/dexture/consolidated-print-0.css HTTP/1.0" 200 9486 "http://eyepiecestexas.com/" "Mozilla/5.0 (compatible; MSIE 10.0; Windows NT 6.1; WOW64; Trident/6.0)"
50.59.71.195 - - [20/Jun/2014:11:36:11 -0400] "GET /rw_common/themes/dexture/scripts/jquery.crossSlide.min.js HTTP/1.0" 200 6976 "http://eyepiecestexas.com/" "Mozilla/5.0 (compatible; MSIE 10.0; Windows NT 6.1; WOW64; Trident/6.0)"
50.59.71.195 - - [20/Jun/2014:11:36:13 -0400] "GET /files/stacks_image_727.jpg HTTP/1.0" 200 79485 "http://eyepiecestexas.com/" "Mozilla/5.0 (compatible; MSIE 10.0; Windows NT 6.1; WOW64; Trident/6.0)"
76.199.215.46 - - [20/Jun/2014:12:04:27 -0400] "GET /files/stacks_image_111.jpg HTTP/1.1" 200 3819 "http://eyepiecestexas.com/" "Mozilla/5.0 (compatible; MSIE 10.0; Windows NT 6.2; WOW64; Trident/6.0; MDDCJS)"
12.71.193.18 - - [20/Jun/2014:13:23:28 -0400] "GET /files/stacks_image_863.jpg HTTP/1.1" 200 3819 "http://eyepiecestexas.com/" "Mozilla/5.0 (Windows NT 5.1) AppleWebKit/537.36 (KHTML, like Gecko) Chrome/35.0.1916.153 Safari/537.36"
12.71.193.18 - - [20/Jun/2014:13:23:45 -0400] "GET /find-us/files/stacks_page_page4.js HTTP/1.1" 200 21214 "http://eyepiecestexas.com/find-us/" "Mozilla/5.0 (Windows NT 5.1) AppleWebKit/537.36 (KHTML, like Gecko) Chrome/35.0.1916.153 Safari/537.36"
12.71.193.18 - - [20/Jun/2014:13:23:46 -0400] "GET /find-us/files/stacks_image_345.png HTTP/1.1" 200 5540 "http://eyepiecestexas.com/find-us/" "Mozilla/5.0 (Windows NT 5.1) AppleWebKit/537.36 (KHTML, like Gecko) Chrome/35.0.1916.153 Safari/537.36"
