12.71.193.18 - - [20/Jun/2014:13:23:46 -0400] "GET /favicon.ico HTTP/1.1" 200 5819 "-" "Mozilla/5.0 (Windows NT 5.1) AppleWebKit/537.36 (KHTML, like Gecko) Chrome/35.0.1916.153 Safari/537.36"
71.170.52.143 - - [20/Jun/2014:02:12:39 -0400] "GET /resources/Dream_Orphans_700.font.js HTTP/1.1" 200 36773 "http://eyepiecestexas.com/" "Mozilla/5.0 (iPad; CPU OS 7_1_1 like Mac OS X) AppleWebKit/537.51.2 (KHTML, like Gecko) Version/7.0 Mobile/11D201 Safari/9537.53"
71.170.52.143 - - [20/Jun/2014:02:12:40 -0400] "GET /files/stacks_image_727.jpg HTTP/1.1" 200 79485 "http://eyepiecestexas.com/" "Mozilla/5.0 (iPad; CPU OS 7_1_1 like Mac OS X) AppleWebKit/537.51.2 (KHTML, like Gecko) Version/7.0 Mobile/11D201 Safari/9537.53"
71.170.52.143 - - [20/Jun/2014:02:12:40 -0400] "GET /files/drbob-splash-pict-500.jpg HTTP/1.1" 200 15890 "http://eyepiecestexas.com/" "Mozilla/5.0 (iPad; CPU OS 7_1_1 like Mac OS X) AppleWebKit/537.51.2 (KHTML, like Gecko) Version/7.0 Mobile/11D201 Safari/9537.53"
71.170.52.143 - - [20/Jun/2014:02:12:40 -0400] "GET /rw_common/themes/dexture/images/pageTopGradient.png HTTP/1.1" 200 1338 "http://eyepiecestexas.com/" "Mozilla/5.0 (iPad; CPU OS 7_1_1 like Mac OS X) AppleWebKit/537.51.2 (KHTML, like Gecko) Version/7.0 Mobile/11D201 Safari/9537.53"
71.170.52.143 - - [20/Jun/2014:02:12:40 -0400] "GET /rw_common/themes/dexture/images/mainContentCornerShadowLeft.png HTTP/1.1" 200 1452 "http://eyepiecestexas.com/" "Mozilla/5.0 (iPad; CPU OS 7_1_1 like Mac OS X) AppleWebKit/537.51.2 (KHTML, like Gecko) Version/7.0 Mobile/11D201 Safari/9537.53"
66.249.83.35 - - [20/Jun/2014:02:46:11 -0400] "GET /files/stacks_page_page0.css HTTP/1.1" 200 8583 "http://eyepiecestexas.com/" "Mozilla/5.0 (compatible; MSIE 8.0; Windows NT 5.1; Trident/4.0; .NET CLR 1.1.4322; .NET CLR 2.0.50727)"
66.249.83.35 - - [20/Jun/2014:02:46:12 -0400] "GET /files/stacks_page_page0.js HTTP/1.1" 200 61538 "http://eyepiecestexas.com/" "Mozilla/5.0 (compatible; MSIE 8.0; Windows NT 5.1; Trident/4.0; .NET CLR 1.1.4322; .NET CLR 2.0.50727)"
66.249.83.35 - - [20/Jun/2014:02:46:13 -0400] "GET /files/stacks_image_720.jpg HTTP/1.1" 200 73135 "http://eyepiecestexas.com/" "Mozilla/5.0 (compatible; MSIE 8.0; Windows NT 5.1; Trident/4.0; .NET CLR 1.1.4322; .NET CLR 2.0.50727)"
66.249.83.35 - - [20/Jun/2014:02:46:13 -0400] "GET /files/stacks_image_722.jpg HTTP/1.1" 200 61124 "http://eyepiecestexas.com/" "Mozilla/5.0 (compatible; MSIE 8.0; Windows NT 5.1; Trident/4.0; .NET CLR 1.1.4322; .NET CLR 2.0.50727)"
66.249.83.35 - - [20/Jun/2014:02:46:13 -0400] "GET /files/stacks_image_727.jpg HTTP/1.1" 200 79485 "http://eyepiecestexas.com/" "Mozilla/5.0 (compatible; MSIE 8.0; Windows NT 5.1; Trident/4.0; .NET CLR 1.1.4322; .NET CLR 2.0.50727)"
66.249.83.35 - - [20/Jun/2014:02:46:14 -0400] "GET /resources/Dream_Orphans_700.font.js HTTP/1.1" 200 36773 "http://eyepiecestexas.com/" "Mozilla/5.0 (compatible; MSIE 8.0; Windows NT 5.1; Trident/4.0; .NET CLR 1.1.4322; .NET CLR 2.0.50727)"
66.249.83.35 - - [20/Jun/2014:02:46:14 -0400] "GET /rw_common/themes/dexture/images/pageTopGradient.png HTTP/1.1" 200 1338 "http://eyepiecestexas.com/" "Mozilla/5.0 (compatible; MSIE 8.0; Windows NT 5.1; Trident/4.0; .NET CLR 1.1.4322; .NET CLR 2.0.50727)"
66.249.83.35 - - [20/Jun/2014:02:46:14 -0400] "GET /rw_common/themes/dexture/images/pageTopShadow400px.png HTTP/1.1" 200 1299 "http://eyepiecestexas.com/" "Mozilla/5.0 (compatible; MSIE 8.0; Windows NT 5.1; Trident/4.0; .NET CLR 1.1.4322; .NET CLR 2.0.50727)"
66.249.83.35 - - [20/Jun/2014:02:46:14 -0400] "GET /rw_common/themes/dexture/images/lightAlphaBg.png HTTP/1.1" 200 179 "http://eyepiecestexas.com/" "Mozilla/5.0 (compatible; MSIE 8.0; Windows NT 5.1; Trident/4.0; .NET CLR 1.1.4322; .NET CLR 2.0.50727)"
66.249.83.35 - - [20/Jun/2014:02:46:15 -0400] "GET /rw_common/themes/dexture/images/mainContentCornerShadowLeft.png HTTP/1.1" 200 1452 "http://eyepiecestexas.com/" "Mozilla/5.0 (compatible; MSIE 8.0; Windows NT 5.1; Trident/4.0; .NET CLR 1.1.4322; .NET CLR 2.0.50727)"
66.249.83.35 - - [20/Jun/2014:02:47:01 -0400] "GET /files/stacks_image_436.jpg HTTP/1.1" 200 3819 "http://eyepiecestexas.com/" "Mozilla/5.0 (compatible; MSIE 8.0; Windows NT 5.1; Trident/4.0; .NET CLR 1.1.4322; .NET CLR 2.0.50727)"
180.76.6.159 - - [20/Jun/2014:05:51:40 -0400] "GET /about/files/cufon-yui.js HTTP/1.1" 200 18258 "-" "Mozilla/5.0 (compatible; Baiduspider/2.0; +http://www.baidu.com/search/spider.html)"
76.199.215.46 - - [20/Jun/2014:14:14:00 -0400] "GET /files/stacks_image_436.jpg HTTP/1.1" 200 3819 "http://eyepiecestexas.com/" "Mozilla/5.0 (compatible; MSIE 10.0; Windows NT 6.2; WOW64; Trident/6.0)"
66.87.102.73 - - [20/Jun/2014:14:26:23 -0400] "GET /eyewear/files/stacks_image_308.png HTTP/1.1" 200 153247 "http://www.google.com/" "Mozilla/5.0 (Linux; Android 4.4.2; XT1031 Build/KXB20.9-1.10-1.18-1.1) AppleWebKit/537.36 (KHTML, like Gecko) Chrome/30.0.1599.92 Mobile Safari/537.36"
66.87.102.73 - - [20/Jun/2014:14:26:26 -0400] "GET /eyewear/files/stacks_image_117.jpg HTTP/1.1" 200 65496 "http://www.google.com/" "Mozilla/5.0 (Linux; Android 4.4.2; XT1031 Build/KXB20.9-1.10-1.18-1.1) AppleWebKit/537.36 (KHTML, like Gecko) Chrome/30.0.1599.92 Mobile Safari/537.36"
97.75.104.18 - - [20/Jun/2014:17:39:14 -0400] "GET /files/stacks_image_849.jpg HTTP/1.1" 200 4319 "http://eyepiecestexas.com/eyewear/" "Mozilla/5.0 (Macintosh; Intel Mac OS X 10_9_3) AppleWebKit/537.76.4 (KHTML, like Gecko) Version/7.0.4 Safari/537.76.4"
71.85.193.130 - - [20/Jun/2014:22:09:58 -0400] "GET /contact/ HTTP/1.1" 200 20174 "-" "Mozilla/4.0 (compatible; MSIE 8.0; Windows NT 6.1; Trident/4.0)"
71.85.193.130 - - [20/Jun/2014:22:57:28 -0400] "GET / HTTP/1.1" 200 23391 "-" "Mozilla/4.0 (compatible; MSIE 8.0; Windows NT 6.1; Trident/4.0)"
182.173.200.13 - - [20/Jun/2014:08:11:38 -0400] "GET /eyewear/ HTTP/1.1" 200 68181 "https://www.google.com/" "Mozilla/5.0 (iPad; CPU OS 7_1_1 like Mac OS X) AppleWebKit/537.51.2 (KHTML, like Gecko) Version/7.0 Mobile/11D201 Safari/9537.53"
174.250.241.163 - - [20/Jun/2014:08:51:37 -0400] "GET /rw_common/themes/dexture/scripts/jquery.crossSlide.min.js HTTP/1.1" 200 6976 "http://eyepiecestexas.com/" "Mozilla/5.0 (iPhone; CPU iPhone OS 7_0_6 like Mac OS X) AppleWebKit/537.51.1 (KHTML, like Gecko) Version/7.0 Mobile/11B651 Safari/9537.53"
174.250.241.163 - - [20/Jun/2014:08:51:39 -0400] "GET /files/stacks_image_727.jpg HTTP/1.1" 200 79485 "http://eyepiecestexas.com/" "Mozilla/5.0 (iPhone; CPU iPhone OS 7_0_6 like Mac OS X) AppleWebKit/537.51.1 (KHTML, like Gecko) Version/7.0 Mobile/11B651 Safari/9537.53"
76.199.215.46 - - [20/Jun/2014:09:56:46 -0400] "GET /files/stacks_image_849.jpg HTTP/1.1" 200 3819 "http://eyepiecestexas.com/" "Mozilla/5.0 (compatible; MSIE 10.0; Windows NT 6.2; WOW64; Trident/6.0; MDDCJS)"
208.115.113.84 - - [20/Jun/2014:10:00:42 -0400] "GET /robots.txt HTTP/1.1" 200 48 "-" "Mozilla/5.0 (compatible; DotBot/1.1; http://www.opensiteexplorer.org/dotbot, help@moz.com)"
24.227.240.26 - - [20/Jun/2014:10:02:32 -0400] "GET /rw_common/themes/dexture/consolidated-screen-7.css HTTP/1.1" 200 20606 "http://eyepiecestexas.com/promotions/?post_id=28&title=eye-pieces-plano-selected-as-exclusive-chrome-hearts-eyewear-retailer" "Mozilla/5.0 (Windows NT 6.1; WOW64) AppleWebKit/537.36 (KHTML, like Gecko) Chrome/35.0.1916.153 Safari/537.36"
24.227.240.26 - - [20/Jun/2014:10:02:32 -0400] "GET /promotions/files/stacks_image_321.png HTTP/1.1" 200 5784 "http://eyepiecestexas.com/promotions/?post_id=28&title=eye-pieces-plano-selected-as-exclusive-chrome-hearts-eyewear-retailer" "Mozilla/5.0 (Windows NT 6.1; WOW64) AppleWebKit/537.36 (KHTML, like Gecko) Chrome/35.0.1916.153 Safari/537.36"
24.227.240.26 - - [20/Jun/2014:10:02:32 -0400] "GET /rw_common/themes/dexture/images/editable_images/image1.jpg HTTP/1.1" 200 151303 "http://eyepiecestexas.com/promotions/?post_id=28&title=eye-pieces-plano-selected-as-exclusive-chrome-hearts-eyewear-retailer" "Mozilla/5.0 (Windows NT 6.1; WOW64) AppleWebKit/537.36 (KHTML, like Gecko) Chrome/35.0.1916.153 Safari/537.36"
24.227.240.26 - - [20/Jun/2014:10:02:32 -0400] "GET /rw_common/themes/dexture/images/blogIcons.png HTTP/1.1" 200 59020 "http://eyepiecestexas.com/promotions/?post_id=28&title=eye-pieces-plano-selected-as-exclusive-chrome-hearts-eyewear-retailer" "Mozilla/5.0 (Windows NT 6.1; WOW64) AppleWebKit/537.36 (KHTML, like Gecko) Chrome/35.0.1916.153 Safari/537.36"
24.227.240.26 - - [20/Jun/2014:10:02:32 -0400] "GET /favicon.ico HTTP/1.1" 200 5819 "-" "Mozilla/5.0 (Windows NT 6.1; WOW64) AppleWebKit/537.36 (KHTML, like Gecko) Chrome/35.0.1916.153 Safari/537.36"
193.150.120.14 - - [20/Jun/2014:10:03:11 -0400] "GET / HTTP/1.1" 200 23391 "http://vintasik.info/" "Mozilla/4.0 (compatible; MSIE 6.0; Windows NT 5.2; WOW64; SV1; .NET CLR 2.0.50727)"
76.199.215.46 - - [20/Jun/2014:12:04:26 -0400] "GET /favicon.ico HTTP/1.1" 200 3819 "-" "Mozilla/5.0 (compatible; MSIE 10.0; Windows NT 6.2; WOW64; Trident/6.0; MDDCJS)"
12.71.193.18 - - [20/Jun/2014:13:23:28 -0400] "GET /favicon.ico HTTP/1.1" 200 4319 "-" "Mozilla/5.0 (Windows NT 5.1) AppleWebKit/537.36 (KHTML, like Gecko) Chrome/35.0.1916.153 Safari/537.36"
71.170.52.143 - - [20/Jun/2014:00:36:14 -0400] "GET / HTTP/1.1" 200 23391 "-" "Mozilla/5.0 (iPad; CPU OS 7_1_1 like Mac OS X) AppleWebKit/537.51.2 (KHTML, like Gecko) Version/7.0 Mobile/11D201 Safari/9537.53"
71.170.52.143 - - [20/Jun/2014:00:36:14 -0400] "GET /rw_common/themes/dexture/consolidated-screen-0.css HTTP/1.1" 200 21870 "http://eyepiecestexas.com/" "Mozilla/5.0 (iPad; CPU OS 7_1_1 like Mac OS X) AppleWebKit/537.51.2 (KHTML, like Gecko) Version/7.0 Mobile/11D201 Safari/9537.53"
71.170.52.143 - - [20/Jun/2014:00:36:14 -0400] "GET /rw_common/themes/dexture/scripts/nimblehostPulseVIP.js HTTP/1.1" 200 1205 "http://eyepiecestexas.com/" "Mozilla/5.0 (iPad; CPU OS 7_1_1 like Mac OS X) AppleWebKit/537.51.2 (KHTML, like Gecko) Version/7.0 Mobile/11D201 Safari/9537.53"
71.170.52.143 - - [20/Jun/2014:00:36:14 -0400] "GET /files/stacks_page_page0.js HTTP/1.1" 200 61538 "http://eyepiecestexas.com/" "Mozilla/5.0 (iPad; CPU OS 7_1_1 like Mac OS X) AppleWebKit/537.51.2 (KHTML, like Gecko) Version/7.0 Mobile/11D201 Safari/9537.53"
71.170.52.143 - - [20/Jun/2014:00:36:14 -0400] "GET /resources/Dream_Orphans_700.font.js HTTP/1.1" 200 36773 "http://eyepiecestexas.com/" "Mozilla/5.0 (iPad; CPU OS 7_1_1 like Mac OS X) AppleWebKit/537.51.2 (KHTML, like Gecko) Version/7.0 Mobile/11D201 Safari/9537.53"
205.237.88.143 - - [20/Jun/2014:00:53:13 -0400] "GET / HTTP/1.0" 200 23391 "-" "=Mozilla/5.0 (Windows; U; Windows NT 6.1; en-US) AppleWebKit/534.16 (KHTML, like Gecko) Chrome/10.0.648.204 Safari/534.16"
157.55.39.219 - - [20/Jun/2014:01:50:11 -0400] "GET /map_west_village.html HTTP/1.1" 200 3819 "-" "Mozilla/5.0 (compatible; bingbot/2.0; +http://www.bing.com/bingbot.htm)"
66.249.83.35 - - [20/Jun/2014:02:47:01 -0400] "GET /files/stacks_image_863.jpg HTTP/1.1" 200 4319 "http://eyepiecestexas.com/" "Mozilla/5.0 (compatible; MSIE 8.0; Windows NT 5.1; Trident/4.0; .NET CLR 1.1.4322; .NET CLR 2.0.50727)"
66.249.83.35 - - [20/Jun/2014:02:47:01 -0400] "GET /files/stacks_image_436.jpg HTTP/1.1" 200 4319 "http://eyepiecestexas.com/" "Mozilla/5.0 (compatible; MSIE 8.0; Windows NT 5.1; Trident/4.0; .NET CLR 1.1.4322; .NET CLR 2.0.50727)"
157.55.39.47 - - [20/Jun/2014:03:00:49 -0400] "GET /Eye_Pieces/Contact_Lenses.html HTTP/1.1" 304 - "-" "Mozilla/5.0 (compatible; bingbot/2.0; +http://www.bing.com/bingbot.htm)"
123.125.71.94 - - [20/Jun/2014:03:14:18 -0400] "GET /eyewear/files/stacks_image_335.png HTTP/1.1" 200 5540 "-" "Baiduspider-image+(+http://www.baidu.com/search/spider.htm)\\nReferer: http://image.baidu.com/i?ct=503316480&z=0&tn=baiduimagedetail"
64.233.172.204 - - [20/Jun/2014:03:47:38 -0400] "GET / HTTP/1.1" 301 234 "http://www.google.com/url?sa=t&rct=j&q=&esrc=s&source=web&cd=1&ved=0CFwQFjAB&url=http%3A%2F%2Fwww.eyepiecestexas.com%2F&ei=GuejU9XWOay0rgXEqAE&usg=AFQjCNE9Y4zRBz9scDUHo6UmftYzWHGB9w" "Mozilla/5.0 (Linux; U; Android 4.0.4; en-us; LG-MS770 Build/IMM76I) AppleWebKit/534.30 (KHTML, like Gecko) Version/4.0 Mobile Safari/534.30"
66.249.67.5 - - [20/Jun/2014:04:06:02 -0400] "GET /eyewear/files/stacks_image_550.jpg HTTP/1.1" 304 - "-" "Googlebot-Image/1.0"
76.199.215.46 - - [20/Jun/2014:14:23:16 -0400] "GET /files/stacks_image_436.jpg HTTP/1.1" 200 3819 "http://eyepiecestexas.com/" "Mozilla/5.0 (compatible; MSIE 10.0; Windows NT 6.2; WOW64; Trident/6.0)"
76.199.215.46 - - [20/Jun/2014:14:58:12 -0400] "GET /files/stacks_image_849.jpg HTTP/1.1" 200 3819 "http://eyepiecestexas.com/" "Mozilla/5.0 (compatible; MSIE 10.0; Windows NT 6.2; WOW64; Trident/6.0; MDDCJS)"
66.249.64.26 - - [20/Jun/2014:16:28:01 -0400] "GET / HTTP/1.1" 200 23391 "-" "Mozilla/5.0 (iPhone; CPU iPhone OS 6_0 like Mac OS X) AppleWebKit/536.26 (KHTML, like Gecko) Version/6.0 Mobile/10A5376e Safari/8536.25 (compatible; Googlebot/2.1; +http://www.google.com/bot.html)"
76.199.215.46 - - [20/Jun/2014:17:12:32 -0400] "GET /files/stacks_image_800.jpg HTTP/1.1" 200 5319 "http://eyepiecestexas.com/" "Mozilla/5.0 (compatible; MSIE 10.0; Windows NT 6.2; WOW64; Trident/6.0; MDDCJS)"
76.199.215.46 - - [20/Jun/2014:17:52:12 -0400] "GET /favicon.ico HTTP/1.1" 200 5819 "-" "Mozilla/5.0 (compatible; MSIE 10.0; Windows NT 6.2; Win64; x64; Trident/6.0; MDDCJS)"
76.199.215.46 - - [20/Jun/2014:18:42:18 -0400] "GET /favicon.ico HTTP/1.1" 200 4319 "-" "Mozilla/5.0 (compatible; MSIE 10.0; Windows NT 6.2; WOW64; Trident/6.0; MDDCJS)"
82.193.99.33 - - [20/Jun/2014:18:50:02 -0400] "GET / HTTP/1.1" 200 23391 "http://bigcities.org/" "Mozilla/4.0 (compatible; MSIE 6.0; Windows ME) Opera 7.11 [en]"
76.199.215.46 - - [20/Jun/2014:09:56:48 -0400] "GET /files/stacks_image_800.jpg HTTP/1.1" 200 3819 "http://eyepiecestexas.com/" "Mozilla/5.0 (compatible; MSIE 10.0; Windows NT 6.2; WOW64; Trident/6.0; MDDCJS)"
24.227.240.26 - - [20/Jun/2014:09:59:35 -0400] "GET /rw_common/themes/dexture/scripts/nimblehostPulseVIP.js HTTP/1.1" 200 1205 "http://eyepiecestexas.com/" "Mozilla/5.0 (Windows NT 6.1; WOW64) AppleWebKit/537.36 (KHTML, like Gecko) Chrome/35.0.1916.153 Safari/537.36"
24.227.240.26 - - [20/Jun/2014:09:59:35 -0400] "GET /rw_common/themes/dexture/scripts/nimblehostDropDownMenu.js HTTP/1.1" 200 988 "http://eyepiecestexas.com/" "Mozilla/5.0 (Windows NT 6.1; WOW64) AppleWebKit/537.36 (KHTML, like Gecko) Chrome/35.0.1916.153 Safari/537.36"
24.227.240.26 - - [20/Jun/2014:09:59:35 -0400] "GET /rw_common/themes/dexture/consolidated-handheld-0.css HTTP/1.1" 200 12097 "http://eyepiecestexas.com/" "Mozilla/5.0 (Windows NT 6.1; WOW64) AppleWebKit/537.36 (KHTML, like Gecko) Chrome/35.0.1916.153 Safari/537.36"
24.227.240.26 - - [20/Jun/2014:09:59:35 -0400] "GET /files/stacks_image_727.jpg HTTP/1.1" 200 79485 "http://eyepiecestexas.com/" "Mozilla/5.0 (Windows NT 6.1; WOW64) AppleWebKit/537.36 (KHTML, like Gecko) Chrome/35.0.1916.153 Safari/537.36"
24.227.240.26 - - [20/Jun/2014:09:59:38 -0400] "GET /favicon.ico HTTP/1.1" 200 5819 "-" "Mozilla/5.0 (Windows NT 6.1; WOW64) AppleWebKit/537.36 (KHTML, like Gecko) Chrome/35.0.1916.153 Safari/537.36"
24.227.240.26 - - [20/Jun/2014:10:01:10 -0400] "GET /insurance/files/cufon-yui.js HTTP/1.1" 200 18258 "http://eyepiecestexas.com/insurance/" "Mozilla/5.0 (Windows NT 6.1; WOW64) AppleWebKit/537.36 (KHTML, like Gecko) Chrome/35.0.1916.153 Safari/537.36"
24.227.240.26 - - [20/Jun/2014:10:01:11 -0400] "GET /insurance/files/stacks_image_432.png HTTP/1.1" 200 5784 "http://eyepiecestexas.com/insurance/" "Mozilla/5.0 (Windows NT 6.1; WOW64) AppleWebKit/537.36 (KHTML, like Gecko) Chrome/35.0.1916.153 Safari/537.36"
24.227.240.26 - - [20/Jun/2014:10:01:11 -0400] "GET /favicon.ico HTTP/1.1" 200 5819 "-" "Mozilla/5.0 (Windows NT 6.1; WOW64) AppleWebKit/537.36 (KHTML, like Gecko) Chrome/35.0.1916.153 Safari/537.36"
24.227.240.26 - - [20/Jun/2014:10:02:33 -0400] "GET /promotions/?post_id=28&title=eye-pieces-plano-selected-as-exclusive-chrome-hearts-eyewear-retailer HTTP/1.1" 200 16782 "http://eyepiecestexas.com/eyewear/" "Mozilla/5.0 (Windows NT 6.1; WOW64) AppleWebKit/537.36 (KHTML, like Gecko) Chrome/35.0.1916.153 Safari/537.36"
24.227.240.26 - - [20/Jun/2014:10:02:34 -0400] "GET /rw_common/themes/dexture/consolidated-handheld-7.css HTTP/1.1" 200 10833 "http://eyepiecestexas.com/promotions/?post_id=28&title=eye-pieces-plano-selected-as-exclusive-chrome-hearts-eyewear-retailer" "Mozilla/5.0 (Windows NT 6.1; WOW64) AppleWebKit/537.36 (KHTML, like Gecko) Chrome/35.0.1916.153 Safari/537.36"
24.227.240.26 - - [20/Jun/2014:10:02:34 -0400] "GET /promotions/files/stacks_image_319.png HTTP/1.1" 200 5522 "http://eyepiecestexas.com/promotions/?post_id=28&title=eye-pieces-plano-selected-as-exclusive-chrome-hearts-eyewear-retailer" "Mozilla/5.0 (Windows NT 6.1; WOW64) AppleWebKit/537.36 (KHTML, like Gecko) Chrome/35.0.1916.153 Safari/537.36"
24.227.240.26 - - [20/Jun/2014:10:02:35 -0400] "GET /files/stacks_image_800.jpg HTTP/1.1" 200 5819 "http://eyepiecestexas.com/promotions/?post_id=28&title=eye-pieces-plano-selected-as-exclusive-chrome-hearts-eyewear-retailer" "Mozilla/5.0 (Windows NT 6.1; WOW64) AppleWebKit/537.36 (KHTML, like Gecko) Chrome/35.0.1916.153 Safari/537.36"
76.199.215.46 - - [20/Jun/2014:10:13:41 -0400] "GET /files/stacks_image_800.jpg HTTP/1.1" 200 3819 "http://eyepiecestexas.com/" "Mozilla/5.0 (compatible; MSIE 10.0; Windows NT 6.2; WOW64; Trident/6.0; MDDCJS)"
166.147.72.170 - - [20/Jun/2014:12:00:23 -0400] "GET /eyewear/files/stacks_page_page2.js HTTP/1.1" 200 121317 "http://eyepiecestexas.com/eyewear/" "Mozilla/5.0 (iPhone; CPU iPhone OS 7_1 like Mac OS X) AppleWebKit/537.51.2 (KHTML, like Gecko) Version/7.0 Mobile/11D167 Safari/9537.53"
166.147.72.170 - - [20/Jun/2014:12:00:23 -0400] "GET /rw_common/themes/dexture/javascript.js HTTP/1.1" 200 14608 "http://eyepiecestexas.com/eyewear/" "Mozilla/5.0 (iPhone; CPU iPhone OS 7_1 like Mac OS X) AppleWebKit/537.51.2 (KHTML, like Gecko) Version/7.0 Mobile/11D167 Safari/9537.53"
166.147.72.170 - - [20/Jun/2014:12:00:24 -0400] "GET /eyewear/files/stacks_image_70.jpg HTTP/1.1" 200 11185 "http://eyepiecestexas.com/eyewear/" "Mozilla/5.0 (iPhone; CPU iPhone OS 7_1 like Mac OS X) AppleWebKit/537.51.2 (KHTML, like Gecko) Version/7.0 Mobile/11D167 Safari/9537.53"
166.147.72.170 - - [20/Jun/2014:12:00:24 -0400] "GET /eyewear/files/stacks_image_294.jpg HTTP/1.1" 200 16878 "http://eyepiecestexas.com/eyewear/" "Mozilla/5.0 (iPhone; CPU iPhone OS 7_1 like Mac OS X) AppleWebKit/537.51.2 (KHTML, like Gecko) Version/7.0 Mobile/11D167 Safari/9537.53"
166.147.72.170 - - [20/Jun/2014:12:00:24 -0400] "GET /eyewear/files/stacks_image_11.jpg HTTP/1.1" 200 16449 "http://eyepiecestexas.com/eyewear/" "Mozilla/5.0 (iPhone; CPU iPhone OS 7_1 like Mac OS X) AppleWebKit/537.51.2 (KHTML, like Gecko) Version/7.0 Mobile/11D167 Safari/9537.53"
166.147.72.170 - - [20/Jun/2014:12:00:25 -0400] "GET /eyewear/files/stacks_image_500.jpg HTTP/1.1" 200 7631 "http://eyepiecestexas.com/eyewear/" "Mozilla/5.0 (iPhone; CPU iPhone OS 7_1 like Mac OS X) AppleWebKit/537.51.2 (KHTML, like Gecko) Version/7.0 Mobile/11D167 Safari/9537.53"
166.147.72.170 - - [20/Jun/2014:12:00:25 -0400] "GET /eyewear/files/stacks_image_30.jpg HTTP/1.1" 200 18764 "http://eyepiecestexas.com/eyewear/" "Mozilla/5.0 (iPhone; CPU iPhone OS 7_1 like Mac OS X) AppleWebKit/537.51.2 (KHTML, like Gecko) Version/7.0 Mobile/11D167 Safari/9537.53"
76.183.173.221 - - [20/Jun/2014:13:42:50 -0400] "GET /rw_common/themes/dexture/scripts/nimblehost.js HTTP/1.1" 200 17247 "http://eyepiecestexas.com/" "Mozilla/5.0 (Macintosh; Intel Mac OS X 10_6_8) AppleWebKit/534.59.10 (KHTML, like Gecko) Version/5.1.9 Safari/534.59.10"
76.183.173.221 - - [20/Jun/2014:13:42:50 -0400] "GET /rw_common/themes/dexture/javascript.js HTTP/1.1" 200 14608 "http://eyepiecestexas.com/" "Mozilla/5.0 (Macintosh; Intel Mac OS X 10_6_8) AppleWebKit/534.59.10 (KHTML, like Gecko) Version/5.1.9 Safari/534.59.10"
76.183.173.221 - - [20/Jun/2014:13:42:52 -0400] "GET /rw_common/themes/dexture/images/editable_images/concrete.png HTTP/1.1" 200 198645 "http://eyepiecestexas.com/" "Mozilla/5.0 (Macintosh; Intel Mac OS X 10_6_8) AppleWebKit/534.59.10 (KHTML, like Gecko) Version/5.1.9 Safari/534.59.10"
157.55.39.104 - - [20/Jun/2014:01:50:32 -0400] "GET /FRED.html HTTP/1.1" 200 3819 "-" "Mozilla/5.0 (compatible; bingbot/2.0; +http://www.bing.com/bingbot.htm)"
71.170.52.143 - - [20/Jun/2014:02:12:42 -0400] "GET /rw_common/themes/dexture/scripts/jquery.cycle.min.js HTTP/1.1" 200 31987 "http://eyepiecestexas.com/" "Mozilla/5.0 (iPad; CPU OS 7_1_1 like Mac OS X) AppleWebKit/537.51.2 (KHTML, like Gecko) Version/7.0 Mobile/11D201 Safari/9537.53"
71.170.52.143 - - [20/Jun/2014:02:12:42 -0400] "GET /files/stacks_image_722.jpg HTTP/1.1" 200 61124 "http://eyepiecestexas.com/" "Mozilla/5.0 (iPad; CPU OS 7_1_1 like Mac OS X) AppleWebKit/537.51.2 (KHTML, like Gecko) Version/7.0 Mobile/11D201 Safari/9537.53"
71.170.52.143 - - [20/Jun/2014:02:12:42 -0400] "GET /files/stacks_image_409.jpg HTTP/1.1" 200 21288 "http://eyepiecestexas.com/" "Mozilla/5.0 (iPad; CPU OS 7_1_1 like Mac OS X) AppleWebKit/537.51.2 (KHTML, like Gecko) Version/7.0 Mobile/11D201 Safari/9537.53"
71.170.52.143 - - [20/Jun/2014:02:12:42 -0400] "GET /files/stacks_image_165.png HTTP/1.1" 200 5522 "http://eyepiecestexas.com/" "Mozilla/5.0 (iPad; CPU OS 7_1_1 like Mac OS X) AppleWebKit/537.51.2 (KHTML, like Gecko) Version/7.0 Mobile/11D201 Safari/9537.53"
71.170.52.143 - - [20/Jun/2014:02:12:42 -0400] "GET /rw_common/themes/dexture/images/pageTopShadow400px.png HTTP/1.1" 200 1299 "http://eyepiecestexas.com/" "Mozilla/5.0 (iPad; CPU OS 7_1_1 like Mac OS X) AppleWebKit/537.51.2 (KHTML, like Gecko) Version/7.0 Mobile/11D201 Safari/9537.53"
71.170.52.143 - - [20/Jun/2014:02:12:42 -0400] "GET /files/stacks_image_729.jpg HTTP/1.1" 200 76071 "http://eyepiecestexas.com/" "Mozilla/5.0 (iPad; CPU OS 7_1_1 like Mac OS X) AppleWebKit/537.51.2 (KHTML, like Gecko) Version/7.0 Mobile/11D201 Safari/9537.53"
208.115.113.84 - - [20/Jun/2014:06:02:19 -0400] "GET /robots.txt HTTP/1.1" 200 48 "-" "Mozilla/5.0 (compatible; DotBot/1.1; http://www.opensiteexplorer.org/dotbot, help@moz.com)"
76.199.215.46 - - [20/Jun/2014:14:13:46 -0400] "GET / HTTP/1.1" 304 - "-" "Mozilla/5.0 (compatible; MSIE 10.0; Windows NT 6.2; WOW64; Trident/6.0)"
76.199.215.46 - - [20/Jun/2014:14:13:47 -0400] "GET /rw_common/themes/dexture/consolidated-screen-0.css HTTP/1.1" 304 - "http://eyepiecestexas.com/" "Mozilla/5.0 (compatible; MSIE 10.0; Windows NT 6.2; WOW64; Trident/6.0)"
76.199.215.46 - - [20/Jun/2014:14:13:47 -0400] "GET /rw_common/plugins/stacks/stacks.css HTTP/1.1" 304 - "http://eyepiecestexas.com/" "Mozilla/5.0 (compatible; MSIE 10.0; Windows NT 6.2; WOW64; Trident/6.0)"
76.199.215.46 - - [20/Jun/2014:14:13:47 -0400] "GET /files/stacks_image_142.jpg HTTP/1.1" 304 - "http://eyepiecestexas.com/" "Mozilla/5.0 (compatible; MSIE 10.0; Windows NT 6.2; WOW64; Trident/6.0)"
66.87.102.73 - - [20/Jun/2014:14:26:14 -0400] "GET /rw_common/themes/dexture/images/lightAlphaBg.png HTTP/1.1" 200 179 "http://www.google.com/" "Mozilla/5.0 (Linux; Android 4.4.2; XT1031 Build/KXB20.9-1.10-1.18-1.1) AppleWebKit/537.36 (KHTML, like Gecko) Chrome/30.0.1599.92 Mobile Safari/537.36"
66.87.102.73 - - [20/Jun/2014:14:26:16 -0400] "GET /eyewear/files/gucci2.jpg HTTP/1.1" 200 19323 "http://www.google.com/" "Mozilla/5.0 (Linux; Android 4.4.2; XT1031 Build/KXB20.9-1.10-1.18-1.1) AppleWebKit/537.36 (KHTML, like Gecko) Chrome/30.0.1599.92 Mobile Safari/537.36"
66.87.102.73 - - [20/Jun/2014:14:26:18 -0400] "GET /eyewear/files/stacks_image_394.jpg HTTP/1.1" 200 17160 "http://www.google.com/" "Mozilla/5.0 (Linux; Android 4.4.2; XT1031 Build/KXB20.9-1.10-1.18-1.1) AppleWebKit/537.36 (KHTML, like Gecko) Chrome/30.0.1599.92 Mobile Safari/537.36"
193.150.120.14 - - [20/Jun/2014:15:08:28 -0400] "GET / HTTP/1.1" 200 23391 "http://gmt-max.org/" "Mozilla/4.0 (compatible; MSIE 6.0; Windows NT 5.1; SV1; .NET CLR 1.1.4322; XMPP Tiscali Communicator v.10.0.2; .NET CLR 2.0.50727)"
207.46.13.5 - - [20/Jun/2014:15:11:59 -0400] "GET /robots.txt HTTP/1.1" 200 48 "-" "Mozilla/5.0 (compatible; bingbot/2.0; +http://www.bing.com/bingbot.htm)"
76.199.215.46 - - [20/Jun/2014:17:52:30 -0400] "GET /files/stacks_image_800.jpg HTTP/1.1" 200 3819 "http://eyepiecestexas.com/" "Mozilla/5.0 (compatible; MSIE 10.0; Windows NT 6.2; WOW64; Trident/6.0; MDDCJS)"
66.249.89.27 - - [20/Jun/2014:19:45:25 -0400] "GET /feed HTTP/1.1" 200 5819 "-" "Feedfetcher-Google; (+http://www.google.com/feedfetcher.html; 1 subscribers; feed-id=11757162533075784121)"
66.249.89.27 - - [20/Jun/2014:20:18:27 -0400] "GET /files/stacks_image_165.png HTTP/1.1" 200 5522 "-" "AdsBot-Google-Mobile (+http://www.google.com/mobile/adsbot.html) Mozilla (iPhone; U; CPU iPhone OS 3 0 like Mac OS X) AppleWebKit (KHTML, like Gecko) Mobile Safari"
66.249.89.27 - - [20/Jun/2014:20:18:40 -0400] "GET /rw_common/plugins/stacks/stacks.css HTTP/1.1" 200 828 "-" "AdsBot-Google-Mobile (+http://www.google.com/mobile/adsbot.html) Mozilla (iPhone; U; CPU iPhone OS 3 0 like Mac OS X) AppleWebKit (KHTML, like Gecko) Mobile Safari"
66.249.89.32 - - [20/Jun/2014:20:18:51 -0400] "GET /rw_common/themes/dexture/scripts/nimblehost.js HTTP/1.1" 200 17247 "-" "AdsBot-Google-Mobile (+http://www.google.com/mobile/adsbot.html) Mozilla (iPhone; U; CPU iPhone OS 3 0 like Mac OS X) AppleWebKit (KHTML, like Gecko) Mobile Safari"
65.55.215.40 - - [20/Jun/2014:22:38:19 -0400] "GET /contact/files/stacks_image_25.jpg HTTP/1.1" 200 39924 "-" "msnbot-media/1.1 (+http://search.msn.com/msnbot.htm)"
24.227.240.26 - - [20/Jun/2014:09:59:58 -0400] "GET /eyewear/files/stacks_page_page2.js HTTP/1.1" 200 121317 "http://eyepiecestexas.com/eyewear/" "Mozilla/5.0 (Windows NT 6.1; WOW64) AppleWebKit/537.36 (KHTML, like Gecko) Chrome/35.0.1916.153 Safari/537.36"
24.227.240.26 - - [20/Jun/2014:10:01:37 -0400] "GET /files/stacks_image_800.jpg HTTP/1.1" 200 3819 "http://eyepiecestexas.com/" "Mozilla/5.0 (Windows NT 6.1; WOW64) AppleWebKit/537.36 (KHTML, like Gecko) Chrome/35.0.1916.153 Safari/537.36"
66.249.92.11 - - [20/Jun/2014:10:39:53 -0400] "GET /feed HTTP/1.1" 200 3819 "-" "Feedfetcher-Google; (+http://www.google.com/feedfetcher.html; 1 subscribers; feed-id=11757162533075784121)"
166.147.72.170 - - [20/Jun/2014:12:00:27 -0400] "GET /files/stacks_image_849.jpg HTTP/1.1" 200 3819 "http://eyepiecestexas.com/eyewear/" "Mozilla/5.0 (iPhone; CPU iPhone OS 7_1 like Mac OS X) AppleWebKit/537.51.2 (KHTML, like Gecko) Version/7.0 Mobile/11D167 Safari/9537.53"
76.199.215.46 - - [20/Jun/2014:13:01:45 -0400] "GET /favicon.ico HTTP/1.1" 200 4819 "-" "Mozilla/5.0 (compatible; MSIE 10.0; Windows NT 6.2; WOW64; Trident/6.0; MDDCJS)"
76.199.215.46 - - [20/Jun/2014:13:01:45 -0400] "GET /favicon.ico HTTP/1.1" 200 3819 "-" "Mozilla/5.0 (compatible; MSIE 10.0; Windows NT 6.2; WOW64; Trident/6.0; MDDCJS)"
12.71.193.18 - - [20/Jun/2014:13:22:27 -0400] "GET /rw_common/themes/dexture/consolidated-screen-0.css HTTP/1.1" 200 21870 "http://eyepiecestexas.com/" "Mozilla/5.0 (Windows NT 5.1) AppleWebKit/537.36 (KHTML, like Gecko) Chrome/35.0.1916.153 Safari/537.36"
12.71.193.18 - - [20/Jun/2014:13:22:28 -0400] "GET /rw_common/themes/dexture/scripts/nimblehostDropDownMenu.js HTTP/1.1" 200 988 "http://eyepiecestexas.com/" "Mozilla/5.0 (Windows NT 5.1) AppleWebKit/537.36 (KHTML, like Gecko) Chrome/35.0.1916.153 Safari/537.36"
12.71.193.18 - - [20/Jun/2014:13:22:28 -0400] "GET /rw_common/images/eye-pieces-logo-altered-50.png HTTP/1.1" 200 3333 "http://eyepiecestexas.com/" "Mozilla/5.0 (Windows NT 5.1) AppleWebKit/537.36 (KHTML, like Gecko) Chrome/35.0.1916.153 Safari/537.36"
12.71.193.18 - - [20/Jun/2014:13:22:28 -0400] "GET /files/stacks_image_727.jpg HTTP/1.1" 200 79485 "http://eyepiecestexas.com/" "Mozilla/5.0 (Windows NT 5.1) AppleWebKit/537.36 (KHTML, like Gecko) Chrome/35.0.1916.153 Safari/537.36"
12.71.193.18 - - [20/Jun/2014:13:22:29 -0400] "GET /files/drbob-splash-pict-500.jpg HTTP/1.1" 200 15890 "http://eyepiecestexas.com/" "Mozilla/5.0 (Windows NT 5.1) AppleWebKit/537.36 (KHTML, like Gecko) Chrome/35.0.1916.153 Safari/537.36"
12.71.193.18 - - [20/Jun/2014:13:22:29 -0400] "GET /files/stacks_image_165.png HTTP/1.1" 200 5522 "http://eyepiecestexas.com/" "Mozilla/5.0 (Windows NT 5.1) AppleWebKit/537.36 (KHTML, like Gecko) Chrome/35.0.1916.153 Safari/537.36"
12.71.193.18 - - [20/Jun/2014:13:22:29 -0400] "GET /rw_common/themes/dexture/images/ec6TopShadow.png HTTP/1.1" 200 49422 "http://eyepiecestexas.com/" "Mozilla/5.0 (Windows NT 5.1) AppleWebKit/537.36 (KHTML, like Gecko) Chrome/35.0.1916.153 Safari/537.36"
12.71.193.18 - - [20/Jun/2014:13:22:32 -0400] "GET /files/stacks_image_863.jpg HTTP/1.1" 200 5819 "http://eyepiecestexas.com/" "Mozilla/5.0 (Windows NT 5.1) AppleWebKit/537.36 (KHTML, like Gecko) Chrome/35.0.1916.153 Safari/537.36"
76.183.173.221 - - [20/Jun/2014:13:43:18 -0400] "GET /staff/files/stacks_page_page8.js HTTP/1.1" 200 48856 "http://eyepiecestexas.com/staff/" "Mozilla/5.0 (Macintosh; Intel Mac OS X 10_6_8) AppleWebKit/534.59.10 (KHTML, like Gecko) Version/5.1.9 Safari/534.59.10"
76.183.173.221 - - [20/Jun/2014:13:43:19 -0400] "GET /staff/files/fullpath_201.jpg HTTP/1.1" 200 32803 "http://eyepiecestexas.com/staff/" "Mozilla/5.0 (Macintosh; Intel Mac OS X 10_6_8) AppleWebKit/534.59.10 (KHTML, like Gecko) Version/5.1.9 Safari/534.59.10"
76.183.173.221 - - [20/Jun/2014:13:43:20 -0400] "GET /staff/files/stacks_image_329.png HTTP/1.1" 200 5522 "http://eyepiecestexas.com/staff/" "Mozilla/5.0 (Macintosh; Intel Mac OS X 10_6_8) AppleWebKit/534.59.10 (KHTML, like Gecko) Version/5.1.9 Safari/534.59.10"
76.183.173.221 - - [20/Jun/2014:13:43:20 -0400] "GET /staff/files/rw2images/loader.gif HTTP/1.1" 200 701 "http://eyepiecestexas.com/staff/" "Mozilla/5.0 (Macintosh; Intel Mac OS X 10_6_8) AppleWebKit/534.59.10 (KHTML, like Gecko) Version/5.1.9 Safari/534.59.10"
76.183.173.221 - - [20/Jun/2014:13:43:21 -0400] "GET /files/stacks_image_863.jpg HTTP/1.1" 200 5819 "http://eyepiecestexas.com/staff/" "Mozilla/5.0 (Macintosh; Intel Mac OS X 10_6_8) AppleWebKit/534.59.10 (KHTML, like Gecko) Version/5.1.9 Safari/534.59.10"
66.249.83.35 - - [20/Jun/2014:02:46:19 -0400] "GET /files/drbob-splash-pict-500.jpg HTTP/1.1" 200 15890 "http://eyepiecestexas.com/" "Mozilla/5.0 (compatible; MSIE 8.0; Windows NT 5.1; Trident/4.0; .NET CLR 1.1.4322; .NET CLR 2.0.50727)"
180.76.5.62 - - [20/Jun/2014:03:43:43 -0400] "GET /staff/files/stacks_page_page8.js HTTP/1.1" 301 266 "-" "Mozilla/5.0 (compatible; Baiduspider/2.0; +http://www.baidu.com/search/spider.html)"
180.76.5.67 - - [20/Jun/2014:03:43:44 -0400] "GET /staff/files/stacks_page_page8.js HTTP/1.1" 200 48856 "-" "Mozilla/5.0 (compatible; Baiduspider/2.0; +http://www.baidu.com/search/spider.html)"
76.199.215.46 - - [20/Jun/2014:14:13:49 -0400] "GET /files/stacks_image_849.jpg HTTP/1.1" 200 3819 "http://eyepiecestexas.com/" "Mozilla/5.0 (compatible; MSIE 10.0; Windows NT 6.2; WOW64; Trident/6.0)"
157.55.39.104 - - [20/Jun/2014:15:13:47 -0400] "GET /rw_common/themes/dexture/consolidated-all-1.css HTTP/1.1" 200 10936 "-" "Mozilla/5.0 (compatible; bingbot/2.0; +http://www.bing.com/bingbot.htm)"
157.55.39.104 - - [20/Jun/2014:15:13:47 -0400] "GET /rw_common/themes/dexture/javascript.js HTTP/1.1" 200 14608 "-" "Mozilla/5.0 (compatible; bingbot/2.0; +http://www.bing.com/bingbot.htm)"
157.55.39.104 - - [20/Jun/2014:15:13:47 -0400] "GET /rw_common/themes/dexture/scripts/jquery.fancyzoom.js HTTP/1.1" 200 6272 "-" "Mozilla/5.0 (compatible; bingbot/2.0; +http://www.bing.com/bingbot.htm)"
199.30.25.142 - - [20/Jun/2014:19:29:40 -0400] "GET /Eye_Pieces/Shops_at_Legacy_files/comic-1_03.png HTTP/1.1" 200 121 "http://eyepiecestexas.com/Eye_Pieces/Shops_at_Legacy.html" "Mozilla/5.0 (Windows NT 6.1; WOW64) AppleWebKit/534+ (KHTML, like Gecko) BingPreview/1.0b"
71.85.193.130 - - [20/Jun/2014:08:29:59 -0400] "GET /about/ HTTP/1.1" 200 15133 "-" "Mozilla/4.0 (compatible; MSIE 8.0; Windows NT 6.1; Trident/4.0)"
76.199.215.46 - - [20/Jun/2014:09:56:44 -0400] "GET /files/stacks_page_page0.js HTTP/1.1" 304 - "http://eyepiecestexas.com/" "Mozilla/5.0 (compatible; MSIE 10.0; Windows NT 6.2; WOW64; Trident/6.0; MDDCJS)"
76.199.215.46 - - [20/Jun/2014:09:56:46 -0400] "GET /favicon.ico HTTP/1.1" 200 5819 "-" "Mozilla/5.0 (compatible; MSIE 10.0; Windows NT 6.2; WOW64; Trident/6.0; MDDCJS)"
50.59.71.195 - - [20/Jun/2014:11:36:11 -0400] "GET / HTTP/1.0" 200 23391 "http://www.google.com/url?sa=t&rct=j&q=eyeglass%20lenses%20and%20exams%20store%20shops%20at%20legacy%20plano&source=web&cd=2&ved=0CDYQFjAB&url=http%3A%2F%2Feyepiecestexas.com%2F&ei=2lSkU4SzNJaLqAaD1YHgCQ&usg=AFQjCNFQLVYIcEqkoXjrM3W-GpmW-rM1JA&bvm=bv.69411363,d.b2k" "Mozilla/5.0 (compatible; MSIE 10.0; Windows NT 6.1; WOW64; Trident/6.0)"
50.59.71.195 - - [20/Jun/2014:11:36:11 -0400] "GET /rw_common/themes/dexture/scripts/nimblehostPulseVIP.js HTTP/1.0" 200 1205 "http://eyepiecestexas.com/" "Mozilla/5.0 (compatible; MSIE 10.0; Windows NT 6.1; WOW64; Trident/6.0)"
50.59.71.195 - - [20/Jun/2014:11:36:11 -0400] "GET /rw_common/themes/dexture/scripts/jquery.fancyzoom.js HTTP/1.0" 200 6272 "http://eyepiecestexas.com/" "Mozilla/5.0 (compatible; MSIE 10.0; Windows NT 6.1; WOW64; Trident/6.0)"
50.59.71.195 - - [20/Jun/2014:11:36:11 -0400] "GET /rw_common/themes/dexture/scripts/jquery.cycle.min.js HTTP/1.0" 200 31987 "http://eyepiecestexas.com/" "Mozilla/5.0 (compatible; MSIE 10.0; Windows NT 6.1; WOW64; Trident/6.0)"
50.59.71.195 - - [20/Jun/2014:11:36:12 -0400] "GET /files/stacks_page_page0.css HTTP/1.0" 200 8583 "http://eyepiecestexas.com/" "Mozilla/5.0 (compatible; MSIE 10.0; Windows NT 6.1; WOW64; Trident/6.0)"
50.59.71.195 - - [20/Jun/2014:11:36:13 -0400] "GET /resources/Dream_Orphans_700.font.js HTTP/1.0" 200 36773 "http://eyepiecestexas.com/" "Mozilla/5.0 (compatible; MSIE 10.0; Windows NT 6.1; WOW64; Trident/6.0)"
50.59.71.195 - - [20/Jun/2014:11:36:15 -0400] "GET /files/stacks_image_166.png HTTP/1.0" 200 5540 "http://eyepiecestexas.com/" "Mozilla/5.0 (compatible; MSIE 10.0; Windows NT 6.1; WOW64; Trident/6.0)"
50.59.71.195 - - [20/Jun/2014:11:36:17 -0400] "GET /rw_common/themes/dexture/images/editable_images/concrete.png HTTP/1.0" 200 198645 "http://eyepiecestexas.com/" "Mozilla/5.0 (compatible; MSIE 10.0; Windows NT 6.1; WOW64; Trident/6.0)"
98.14.102.16 - - [20/Jun/2014:13:02:22 -0400] "GET /promotions/files/armadillo/media/EyePiecesPlanoSelectedAsExclusiveChromeHeartsEyewearRetailer.jpg HTTP/1.1" 200 38411 "-" "Mozilla/5.0 (Windows NT 6.1; WOW64; Trident/7.0; rv:11.0) like Gecko"
12.71.193.18 - - [20/Jun/2014:13:22:27 -0400] "GET /rw_common/plugins/stacks/stacks.css HTTP/1.1" 200 828 "http://eyepiecestexas.com/" "Mozilla/5.0 (Windows NT 5.1) AppleWebKit/537.36 (KHTML, like Gecko) Chrome/35.0.1916.153 Safari/537.36"
12.71.193.18 - - [20/Jun/2014:13:22:27 -0400] "GET /rw_common/themes/dexture/scripts/jquery.fancyzoom.js HTTP/1.1" 200 6272 "http://eyepiecestexas.com/" "Mozilla/5.0 (Windows NT 5.1) AppleWebKit/537.36 (KHTML, like Gecko) Chrome/35.0.1916.153 Safari/537.36"
12.71.193.18 - - [20/Jun/2014:13:22:28 -0400] "GET /files/stacks_page_page0.js HTTP/1.1" 200 61538 "http://eyepiecestexas.com/" "Mozilla/5.0 (Windows NT 5.1) AppleWebKit/537.36 (KHTML, like Gecko) Chrome/35.0.1916.153 Safari/537.36"
12.71.193.18 - - [20/Jun/2014:13:22:29 -0400] "GET /files/stacks_image_409.jpg HTTP/1.1" 200 21288 "http://eyepiecestexas.com/" "Mozilla/5.0 (Windows NT 5.1) AppleWebKit/537.36 (KHTML, like Gecko) Chrome/35.0.1916.153 Safari/537.36"
12.71.193.18 - - [20/Jun/2014:13:22:29 -0400] "GET /files/stacks_image_167.png HTTP/1.1" 200 5784 "http://eyepiecestexas.com/" "Mozilla/5.0 (Windows NT 5.1) AppleWebKit/537.36 (KHTML, like Gecko) Chrome/35.0.1916.153 Safari/537.36"
12.71.193.18 - - [20/Jun/2014:13:22:29 -0400] "GET /rw_common/themes/dexture/images/darkAlphaBg.png HTTP/1.1" 200 70 "http://eyepiecestexas.com/" "Mozilla/5.0 (Windows NT 5.1) AppleWebKit/537.36 (KHTML, like Gecko) Chrome/35.0.1916.153 Safari/537.36"
12.71.193.18 - - [20/Jun/2014:13:22:29 -0400] "GET /rw_common/themes/dexture/images/bottomShadow.png HTTP/1.1" 200 204 "http://eyepiecestexas.com/" "Mozilla/5.0 (Windows NT 5.1) AppleWebKit/537.36 (KHTML, like Gecko) Chrome/35.0.1916.153 Safari/537.36"
12.71.193.18 - - [20/Jun/2014:13:22:32 -0400] "GET /files/stacks_image_800.jpg HTTP/1.1" 200 5819 "http://eyepiecestexas.com/" "Mozilla/5.0 (Windows NT 5.1) AppleWebKit/537.36 (KHTML, like Gecko) Chrome/35.0.1916.153 Safari/537.36"
12.71.193.18 - - [20/Jun/2014:13:23:47 -0400] "GET /favicon.ico HTTP/1.1" 200 4819 "-" "Mozilla/5.0 (Windows NT 5.1) AppleWebKit/537.36 (KHTML, like Gecko) Chrome/35.0.1916.153 Safari/537.36"
66.249.83.35 - - [20/Jun/2014:02:46:05 -0400] "GET /rw_common/themes/dexture/scripts/nimblehostDropDownMenu.js HTTP/1.1" 200 988 "http://eyepiecestexas.com/" "Mozilla/5.0 (compatible; MSIE 8.0; Windows NT 5.1; Trident/4.0; .NET CLR 1.1.4322; .NET CLR 2.0.50727)"
66.87.102.73 - - [20/Jun/2014:14:25:57 -0400] "GET /rw_common/themes/dexture/consolidated-handheld-2.css HTTP/1.1" 200 10899 "http://eyepiecestexas.com/eyewear/" "Mozilla/5.0 (Linux; Android 4.4.2; XT1031 Build/KXB20.9-1.10-1.18-1.1) AppleWebKit/537.36 (KHTML, like Gecko) Chrome/30.0.1599.92 Mobile Safari/537.36"
208.93.104.7 - - [20/Jun/2014:14:32:08 -0400] "HEAD / HTTP/1.1" 301 - "-" "http://www.yellowpages.com/about/legal/crawl"
97.75.104.18 - - [20/Jun/2014:17:29:37 -0400] "GET /eyewear/files/stacks_image_594.jpg HTTP/1.1" 200 18428 "http://eyepiecestexas.com/eyewear/" "Mozilla/5.0 (Macintosh; Intel Mac OS X 10_9_3) AppleWebKit/537.76.4 (KHTML, like Gecko) Version/7.0.4 Safari/537.76.4"
97.75.104.18 - - [20/Jun/2014:17:29:38 -0400] "GET /eyewear/files/stacks_image_644.png HTTP/1.1" 200 9997 "http://eyepiecestexas.com/eyewear/" "Mozilla/5.0 (Macintosh; Intel Mac OS X 10_9_3) AppleWebKit/537.76.4 (KHTML, like Gecko) Version/7.0.4 Safari/537.76.4"
97.75.104.18 - - [20/Jun/2014:17:29:38 -0400] "GET /eyewear/files/stacks_image_670.png HTTP/1.1" 200 110582 "http://eyepiecestexas.com/eyewear/" "Mozilla/5.0 (Macintosh; Intel Mac OS X 10_9_3) AppleWebKit/537.76.4 (KHTML, like Gecko) Version/7.0.4 Safari/537.76.4"
97.75.104.18 - - [20/Jun/2014:17:29:38 -0400] "GET /eyewear/files/stacks_image_336.png HTTP/1.1" 200 5784 "http://eyepiecestexas.com/eyewear/" "Mozilla/5.0 (Macintosh; Intel Mac OS X 10_9_3) AppleWebKit/537.76.4 (KHTML, like Gecko) Version/7.0.4 Safari/537.76.4"
12.237.192.130 - - [20/Jun/2014:18:51:50 -0400] "GET /staff/files/fullpath_207.jpg HTTP/1.1" 200 35339 "-" "Mozilla/5.0 (Windows NT 6.3; WOW64; Trident/7.0; Touch; rv:11.0) like Gecko"
208.115.113.84 - - [20/Jun/2014:19:18:27 -0400] "GET /promotions/.?tag=Chrome%20Hearts HTTP/1.1" 301 267 "-" "Mozilla/5.0 (compatible; DotBot/1.1; http://www.opensiteexplorer.org/dotbot, help@moz.com)"
66.249.89.37 - - [20/Jun/2014:20:18:31 -0400] "GET /rw_common/themes/dexture/consolidated-handheld-0.css HTTP/1.1" 200 12097 "-" "AdsBot-Google-Mobile (+http://www.google.com/mobile/adsbot.html) Mozilla (iPhone; U; CPU iPhone OS 3 0 like Mac OS X) AppleWebKit (KHTML, like Gecko) Mobile Safari"
66.249.89.32 - - [20/Jun/2014:20:18:44 -0400] "GET /rw_common/themes/dexture/javascript.js HTTP/1.1" 200 14608 "-" "AdsBot-Google-Mobile (+http://www.google.com/mobile/adsbot.html) Mozilla (iPhone; U; CPU iPhone OS 3 0 like Mac OS X) AppleWebKit (KHTML, like Gecko) Mobile Safari"
66.249.89.32 - - [20/Jun/2014:20:18:47 -0400] "GET /files/stacks_image_165.png HTTP/1.1" 200 5522 "-" "AdsBot-Google (+http://www.google.com/adsbot.html)"
208.115.113.84 - - [20/Jun/2014:07:26:37 -0400] "GET /promotions/?tag=Chrome%20Hearts HTTP/1.1" 301 267 "-" "Mozilla/5.0 (compatible; DotBot/1.1; http://www.opensiteexplorer.org/dotbot, help@moz.com)"
182.173.200.13 - - [20/Jun/2014:08:10:50 -0400] "GET /rw_common/themes/dexture/consolidated-screen-2.css HTTP/1.1" 200 20672 "http://eyepiecestexas.com/eyewear/" "Mozilla/5.0 (iPad; CPU OS 7_1_1 like Mac OS X) AppleWebKit/537.51.2 (KHTML, like Gecko) Version/7.0 Mobile/11D201 Safari/9537.53"
182.173.200.13 - - [20/Jun/2014:08:10:51 -0400] "GET /rw_common/themes/dexture/scripts/nimblehostDropDownMenu.js HTTP/1.1" 200 988 "http://eyepiecestexas.com/eyewear/" "Mozilla/5.0 (iPad; CPU OS 7_1_1 like Mac OS X) AppleWebKit/537.51.2 (KHTML, like Gecko) Version/7.0 Mobile/11D201 Safari/9537.53"
182.173.200.13 - - [20/Jun/2014:08:10:54 -0400] "GET /eyewear/files/stacks_image_294.jpg HTTP/1.1" 200 16878 "http://eyepiecestexas.com/eyewear/" "Mozilla/5.0 (iPad; CPU OS 7_1_1 like Mac OS X) AppleWebKit/537.51.2 (KHTML, like Gecko) Version/7.0 Mobile/11D201 Safari/9537.53"
182.173.200.13 - - [20/Jun/2014:08:10:54 -0400] "GET /eyewear/files/stacks_image_347.jpg HTTP/1.1" 200 4102 "http://eyepiecestexas.com/eyewear/" "Mozilla/5.0 (iPad; CPU OS 7_1_1 like Mac OS X) AppleWebKit/537.51.2 (KHTML, like Gecko) Version/7.0 Mobile/11D201 Safari/9537.53"
182.173.200.13 - - [20/Jun/2014:08:10:55 -0400] "GET /eyewear/files/stacks_image_398.jpg HTTP/1.1" 200 16566 "http://eyepiecestexas.com/eyewear/" "Mozilla/5.0 (iPad; CPU OS 7_1_1 like Mac OS X) AppleWebKit/537.51.2 (KHTML, like Gecko) Version/7.0 Mobile/11D201 Safari/9537.53"
182.173.200.13 - - [20/Jun/2014:08:10:55 -0400] "GET /eyewear/files/stacks_image_466.jpg HTTP/1.1" 200 10470 "http://eyepiecestexas.com/eyewear/" "Mozilla/5.0 (iPad; CPU OS 7_1_1 like Mac OS X) AppleWebKit/537.51.2 (KHTML, like Gecko) Version/7.0 Mobile/11D201 Safari/9537.53"
182.173.200.13 - - [20/Jun/2014:08:10:55 -0400] "GET /eyewear/files/stacks_image_378.jpg HTTP/1.1" 200 34260 "http://eyepiecestexas.com/eyewear/" "Mozilla/5.0 (iPad; CPU OS 7_1_1 like Mac OS X) AppleWebKit/537.51.2 (KHTML, like Gecko) Version/7.0 Mobile/11D201 Safari/9537.53"
182.173.200.13 - - [20/Jun/2014:08:10:56 -0400] "GET /eyewear/files/stacks_image_117.jpg HTTP/1.1" 200 65496 "http://eyepiecestexas.com/eyewear/" "Mozilla/5.0 (iPad; CPU OS 7_1_1 like Mac OS X) AppleWebKit/537.51.2 (KHTML, like Gecko) Version/7.0 Mobile/11D201 Safari/9537.53"
182.173.200.13 - - [20/Jun/2014:08:10:57 -0400] "GET /eyewear/files/stacks_image_530.jpg HTTP/1.1" 200 32315 "http://eyepiecestexas.com/eyewear/" "Mozilla/5.0 (iPad; CPU OS 7_1_1 like Mac OS X) AppleWebKit/537.51.2 (KHTML, like Gecko) Version/7.0 Mobile/11D201 Safari/9537.53"
182.173.200.13 - - [20/Jun/2014:08:10:57 -0400] "GET /eyewear/files/stacks_image_550.jpg HTTP/1.1" 200 57172 "http://eyepiecestexas.com/eyewear/" "Mozilla/5.0 (iPad; CPU OS 7_1_1 like Mac OS X) AppleWebKit/537.51.2 (KHTML, like Gecko) Version/7.0 Mobile/11D201 Safari/9537.53"
182.173.200.13 - - [20/Jun/2014:08:10:57 -0400] "GET /eyewear/files/stacks_image_600.jpg HTTP/1.1" 200 8797 "http://eyepiecestexas.com/eyewear/" "Mozilla/5.0 (iPad; CPU OS 7_1_1 like Mac OS X) AppleWebKit/537.51.2 (KHTML, like Gecko) Version/7.0 Mobile/11D201 Safari/9537.53"
182.173.200.13 - - [20/Jun/2014:08:10:58 -0400] "GET /eyewear/files/stacks_image_137.jpg HTTP/1.1" 200 39910 "http://eyepiecestexas.com/eyewear/" "Mozilla/5.0 (iPad; CPU OS 7_1_1 like Mac OS X) AppleWebKit/537.51.2 (KHTML, like Gecko) Version/7.0 Mobile/11D201 Safari/9537.53"
182.173.200.13 - - [20/Jun/2014:08:10:58 -0400] "GET /eyewear/files/stacks_image_638.jpg HTTP/1.1" 200 5459 "http://eyepiecestexas.com/eyewear/" "Mozilla/5.0 (iPad; CPU OS 7_1_1 like Mac OS X) AppleWebKit/537.51.2 (KHTML, like Gecko) Version/7.0 Mobile/11D201 Safari/9537.53"
182.173.200.13 - - [20/Jun/2014:08:10:58 -0400] "GET /eyewear/files/stacks_image_79.jpg HTTP/1.1" 200 5949 "http://eyepiecestexas.com/eyewear/" "Mozilla/5.0 (iPad; CPU OS 7_1_1 like Mac OS X) AppleWebKit/537.51.2 (KHTML, like Gecko) Version/7.0 Mobile/11D201 Safari/9537.53"
182.173.200.13 - - [20/Jun/2014:08:10:59 -0400] "GET /eyewear/files/stacks_image_333.png HTTP/1.1" 200 5120 "http://eyepiecestexas.com/eyewear/" "Mozilla/5.0 (iPad; CPU OS 7_1_1 like Mac OS X) AppleWebKit/537.51.2 (KHTML, like Gecko) Version/7.0 Mobile/11D201 Safari/9537.53"
182.173.200.13 - - [20/Jun/2014:08:10:59 -0400] "GET /rw_common/themes/dexture/images/mainContentCornerShadowLeft.png HTTP/1.1" 200 1452 "http://eyepiecestexas.com/eyewear/" "Mozilla/5.0 (iPad; CPU OS 7_1_1 like Mac OS X) AppleWebKit/537.51.2 (KHTML, like Gecko) Version/7.0 Mobile/11D201 Safari/9537.53"
182.173.200.13 - - [20/Jun/2014:08:10:59 -0400] "GET /rw_common/themes/dexture/images/darkAlphaBg.png HTTP/1.1" 200 70 "http://eyepiecestexas.com/eyewear/" "Mozilla/5.0 (iPad; CPU OS 7_1_1 like Mac OS X) AppleWebKit/537.51.2 (KHTML, like Gecko) Version/7.0 Mobile/11D201 Safari/9537.53"
54.221.76.175 - - [20/Jun/2014:08:56:06 -0400] "GET /eyewear/files/stacks_image_594.jpg HTTP/1.1" 200 18428 "-" "Pinterest/0.1 +http://pinterest.com/"
24.227.240.26 - - [20/Jun/2014:09:59:06 -0400] "GET /rw_common/themes/dexture/consolidated-all-2.css HTTP/1.1" 200 10936 "http://eyepiecestexas.com/eyewear/" "Mozilla/5.0 (Windows NT 6.1; WOW64) AppleWebKit/537.36 (KHTML, like Gecko) Chrome/35.0.1916.153 Safari/537.36"
24.227.240.26 - - [20/Jun/2014:09:59:06 -0400] "GET /rw_common/themes/dexture/consolidated-print-2.css HTTP/1.1" 200 8288 "http://eyepiecestexas.com/eyewear/" "Mozilla/5.0 (Windows NT 6.1; WOW64) AppleWebKit/537.36 (KHTML, like Gecko) Chrome/35.0.1916.153 Safari/537.36"
24.227.240.26 - - [20/Jun/2014:09:59:06 -0400] "GET /eyewear/files/stacks_image_877.jpg HTTP/1.1" 200 63884 "http://eyepiecestexas.com/eyewear/" "Mozilla/5.0 (Windows NT 6.1; WOW64) AppleWebKit/537.36 (KHTML, like Gecko) Chrome/35.0.1916.153 Safari/537.36"
24.227.240.26 - - [20/Jun/2014:10:00:56 -0400] "GET /favicon.ico HTTP/1.1" 200 4319 "-" "Mozilla/5.0 (Windows NT 6.1; WOW64) AppleWebKit/537.36 (KHTML, like Gecko) Chrome/35.0.1916.153 Safari/537.36"
76.199.215.46 - - [20/Jun/2014:10:12:45 -0400] "GET /favicon.ico HTTP/1.1" 200 3819 "-" "Mozilla/5.0 (compatible; MSIE 10.0; Windows NT 6.2; WOW64; Trident/6.0; MDDCJS)"
76.199.215.46 - - [20/Jun/2014:10:41:04 -0400] "GET /files/stacks_image_849.jpg HTTP/1.1" 200 3819 "http://eyepiecestexas.com/" "Mozilla/5.0 (compatible; MSIE 10.0; Windows NT 6.2; WOW64; Trident/6.0; MDDCJS)"
76.199.215.46 - - [20/Jun/2014:11:58:34 -0400] "GET /favicon.ico HTTP/1.1" 200 3819 "-" "Mozilla/5.0 (compatible; MSIE 10.0; Windows NT 6.2; Win64; x64; Trident/6.0; MDDCJS)"
76.199.215.46 - - [20/Jun/2014:11:58:34 -0400] "GET /files/stacks_image_436.jpg HTTP/1.1" 200 4319 "http://eyepiecestexas.com/" "Mozilla/5.0 (compatible; MSIE 10.0; Windows NT 6.2; WOW64; Trident/6.0; MDDCJS)"
76.199.215.46 - - [20/Jun/2014:11:58:34 -0400] "GET /files/stacks_image_863.jpg HTTP/1.1" 200 5819 "http://eyepiecestexas.com/" "Mozilla/5.0 (compatible; MSIE 10.0; Windows NT 6.2; WOW64; Trident/6.0; MDDCJS)"
76.199.215.46 - - [20/Jun/2014:12:02:19 -0400] "GET /files/stacks_image_800.jpg HTTP/1.1" 200 3819 "http://eyepiecestexas.com/" "Mozilla/5.0 (compatible; MSIE 10.0; Windows NT 6.2; WOW64; Trident/6.0; MDDCJS)"
157.55.39.219 - - [20/Jun/2014:01:49:19 -0400] "GET /West_Village.html HTTP/1.1" 200 4319 "-" "Mozilla/5.0 (compatible; bingbot/2.0; +http://www.bing.com/bingbot.htm)"
180.76.6.134 - - [20/Jun/2014:02:28:12 -0400] "GET /rw_common/themes/dexture/scripts/%7B0%7D HTTP/1.1" 301 274 "-" "Mozilla/5.0 (compatible; Baiduspider/2.0; +http://www.baidu.com/search/spider.html)"
66.249.83.35 - - [20/Jun/2014:02:45:10 -0400] "GET / HTTP/1.1" 200 23391 "http://www.google.com/url?sa=t&rct=j&q=&esrc=s&source=web&cd=1&ved=0CDEQFjAB&url=http%3A%2F%2Fwww.eyepiecestexas.com%2F&ei=ftijU4nPFIulugOilAE&usg=AFQjCNE9Y4zRBz9scDUHo6UmftYzWHGB9w" "Mozilla/5.0 (compatible; MSIE 8.0; Windows NT 5.1; Trident/4.0; .NET CLR 1.1.4322; .NET CLR 2.0.50727)"
66.249.83.35 - - [20/Jun/2014:02:45:11 -0400] "GET /rw_common/themes/dexture/consolidated-screen-0.css HTTP/1.1" 200 21870 "http://eyepiecestexas.com/" "Mozilla/5.0 (compatible; MSIE 8.0; Windows NT 5.1; Trident/4.0; .NET CLR 1.1.4322; .NET CLR 2.0.50727)"
66.249.83.35 - - [20/Jun/2014:02:45:11 -0400] "GET /rw_common/themes/dexture/consolidated-handheld-0.css HTTP/1.1" 200 12097 "http://eyepiecestexas.com/" "Mozilla/5.0 (compatible; MSIE 8.0; Windows NT 5.1; Trident/4.0; .NET CLR 1.1.4322; .NET CLR 2.0.50727)"
66.249.83.35 - - [20/Jun/2014:02:45:11 -0400] "GET /rw_common/themes/dexture/consolidated-all-0.css HTTP/1.1" 200 12134 "http://eyepiecestexas.com/" "Mozilla/5.0 (compatible; MSIE 8.0; Windows NT 5.1; Trident/4.0; .NET CLR 1.1.4322; .NET CLR 2.0.50727)"
66.249.83.35 - - [20/Jun/2014:02:45:12 -0400] "GET /rw_common/themes/dexture/scripts/nimblehost.js HTTP/1.1" 200 17247 "http://eyepiecestexas.com/" "Mozilla/5.0 (compatible; MSIE 8.0; Windows NT 5.1; Trident/4.0; .NET CLR 1.1.4322; .NET CLR 2.0.50727)"
66.249.83.35 - - [20/Jun/2014:02:45:13 -0400] "GET /rw_common/themes/dexture/scripts/nimblehostPulseVIP.js HTTP/1.1" 200 1205 "http://eyepiecestexas.com/" "Mozilla/5.0 (compatible; MSIE 8.0; Windows NT 5.1; Trident/4.0; .NET CLR 1.1.4322; .NET CLR 2.0.50727)"
66.249.83.35 - - [20/Jun/2014:02:45:13 -0400] "GET /rw_common/themes/dexture/scripts/jquery.fancyzoom.js HTTP/1.1" 200 6272 "http://eyepiecestexas.com/" "Mozilla/5.0 (compatible; MSIE 8.0; Windows NT 5.1; Trident/4.0; .NET CLR 1.1.4322; .NET CLR 2.0.50727)"
66.249.83.35 - - [20/Jun/2014:02:45:14 -0400] "GET /rw_common/plugins/stacks/stacks.css HTTP/1.1" 200 828 "http://eyepiecestexas.com/" "Mozilla/5.0 (compatible; MSIE 8.0; Windows NT 5.1; Trident/4.0; .NET CLR 1.1.4322; .NET CLR 2.0.50727)"
66.87.102.73 - - [20/Jun/2014:14:25:04 -0400] "GET /rw_common/themes/dexture/scripts/jquery.fancyzoom.js HTTP/1.1" 200 6272 "http://eyepiecestexas.com/eyewear/" "Mozilla/5.0 (Linux; Android 4.4.2; XT1031 Build/KXB20.9-1.10-1.18-1.1) AppleWebKit/537.36 (KHTML, like Gecko) Chrome/30.0.1599.92 Mobile Safari/537.36"
157.55.39.58 - - [20/Jun/2014:15:42:19 -0400] "GET /files/stacks_page_page0.js HTTP/1.1" 200 61538 "-" "Mozilla/5.0 (compatible; bingbot/2.0; +http://www.bing.com/bingbot.htm)"
