0byt3m1n1
Path:
/
data
/
0
/
0
/
104
/
29
/
104844
/
meta
/
106318
/
logs
/
[
Home
]
File: x-access_log.2014-06-20
174.250.241.163 - - [20/Jun/2014:08:51:35 -0400] "GET /files/stacks_page_page0.css HTTP/1.1" 200 8583 "http://eyepiecestexas.com/" "Mozilla/5.0 (iPhone; CPU iPhone OS 7_0_6 like Mac OS X) AppleWebKit/537.51.1 (KHTML, like Gecko) Version/7.0 Mobile/11B651 Safari/9537.53"
174.250.241.163 - - [20/Jun/2014:08:51:37 -0400] "GET /rw_common/themes/dexture/scripts/jquery.fancyzoom.js HTTP/1.1" 200 6272 "http://eyepiecestexas.com/" "Mozilla/5.0 (iPhone; CPU iPhone OS 7_0_6 like Mac OS X) AppleWebKit/537.51.1 (KHTML, like Gecko) Version/7.0 Mobile/11B651 Safari/9537.53"
174.250.241.163 - - [20/Jun/2014:08:51:37 -0400] "GET /resources/Dream_Orphans_700.font.js HTTP/1.1" 200 36773 "http://eyepiecestexas.com/" "Mozilla/5.0 (iPhone; CPU iPhone OS 7_0_6 like Mac OS X) AppleWebKit/537.51.1 (KHTML, like Gecko) Version/7.0 Mobile/11B651 Safari/9537.53"
174.250.241.163 - - [20/Jun/2014:08:51:39 -0400] "GET /files/stacks_image_722.jpg HTTP/1.1" 200 61124 "http://eyepiecestexas.com/" "Mozilla/5.0 (iPhone; CPU iPhone OS 7_0_6 like Mac OS X) AppleWebKit/537.51.1 (KHTML, like Gecko) Version/7.0 Mobile/11B651 Safari/9537.53"
76.199.215.46 - - [20/Jun/2014:09:56:44 -0400] "GET / HTTP/1.1" 304 - "-" "Mozilla/5.0 (compatible; MSIE 10.0; Windows NT 6.2; WOW64; Trident/6.0; MDDCJS)"
76.199.215.46 - - [20/Jun/2014:09:56:44 -0400] "GET /rw_common/themes/dexture/consolidated-screen-0.css HTTP/1.1" 304 - "http://eyepiecestexas.com/" "Mozilla/5.0 (compatible; MSIE 10.0; Windows NT 6.2; WOW64; Trident/6.0; MDDCJS)"
76.199.215.46 - - [20/Jun/2014:09:56:44 -0400] "GET /rw_common/plugins/stacks/stacks.css HTTP/1.1" 304 - "http://eyepiecestexas.com/" "Mozilla/5.0 (compatible; MSIE 10.0; Windows NT 6.2; WOW64; Trident/6.0; MDDCJS)"
76.199.215.46 - - [20/Jun/2014:09:56:44 -0400] "GET /files/stacks_image_142.jpg HTTP/1.1" 304 - "http://eyepiecestexas.com/" "Mozilla/5.0 (compatible; MSIE 10.0; Windows NT 6.2; WOW64; Trident/6.0; MDDCJS)"
76.199.215.46 - - [20/Jun/2014:09:56:45 -0400] "GET /favicon.ico HTTP/1.1" 200 4319 "-" "Mozilla/5.0 (compatible; MSIE 10.0; Windows NT 6.2; WOW64; Trident/6.0; MDDCJS)"
24.227.240.26 - - [20/Jun/2014:10:01:08 -0400] "GET /rw_common/themes/dexture/consolidated-all-9.css HTTP/1.1" 200 10936 "http://eyepiecestexas.com/insurance/" "Mozilla/5.0 (Windows NT 6.1; WOW64) AppleWebKit/537.36 (KHTML, like Gecko) Chrome/35.0.1916.153 Safari/537.36"
24.227.240.26 - - [20/Jun/2014:10:01:08 -0400] "GET /rw_common/themes/dexture/consolidated-print-9.css HTTP/1.1" 200 8288 "http://eyepiecestexas.com/insurance/" "Mozilla/5.0 (Windows NT 6.1; WOW64) AppleWebKit/537.36 (KHTML, like Gecko) Chrome/35.0.1916.153 Safari/537.36"
24.227.240.26 - - [20/Jun/2014:10:01:08 -0400] "GET /insurance/files/stacks_image_629.png HTTP/1.1" 200 11676 "http://eyepiecestexas.com/insurance/" "Mozilla/5.0 (Windows NT 6.1; WOW64) AppleWebKit/537.36 (KHTML, like Gecko) Chrome/35.0.1916.153 Safari/537.36"
24.227.240.26 - - [20/Jun/2014:10:01:08 -0400] "GET /insurance/files/stacks_image_658.png HTTP/1.1" 200 5605 "http://eyepiecestexas.com/insurance/" "Mozilla/5.0 (Windows NT 6.1; WOW64) AppleWebKit/537.36 (KHTML, like Gecko) Chrome/35.0.1916.153 Safari/537.36"
24.227.240.26 - - [20/Jun/2014:10:01:08 -0400] "GET /insurance/files/stacks_image_431.png HTTP/1.1" 200 5540 "http://eyepiecestexas.com/insurance/" "Mozilla/5.0 (Windows NT 6.1; WOW64) AppleWebKit/537.36 (KHTML, like Gecko) Chrome/35.0.1916.153 Safari/537.36"
24.227.240.26 - - [20/Jun/2014:10:01:09 -0400] "GET /files/stacks_image_111.jpg HTTP/1.1" 200 5819 "http://eyepiecestexas.com/insurance/" "Mozilla/5.0 (Windows NT 6.1; WOW64) AppleWebKit/537.36 (KHTML, like Gecko) Chrome/35.0.1916.153 Safari/537.36"
66.249.92.128 - - [20/Jun/2014:10:37:53 -0400] "GET /feed HTTP/1.1" 200 3819 "-" "Feedfetcher-Google; (+http://www.google.com/feedfetcher.html; 1 subscribers; feed-id=11757162533075784121)"
76.199.215.46 - - [20/Jun/2014:11:59:27 -0400] "GET /favicon.ico HTTP/1.1" 200 4319 "-" "Mozilla/5.0 (compatible; MSIE 10.0; Windows NT 6.2; Win64; x64; Trident/6.0; MDDCJS)"
71.170.52.143 - - [20/Jun/2014:00:36:14 -0400] "GET /files/stacks_page_page0.css HTTP/1.1" 200 8583 "http://eyepiecestexas.com/" "Mozilla/5.0 (iPad; CPU OS 7_1_1 like Mac OS X) AppleWebKit/537.51.2 (KHTML, like Gecko) Version/7.0 Mobile/11D201 Safari/9537.53"
71.170.52.143 - - [20/Jun/2014:00:36:14 -0400] "GET /rw_common/themes/dexture/scripts/jquery.cycle.min.js HTTP/1.1" 200 31987 "http://eyepiecestexas.com/" "Mozilla/5.0 (iPad; CPU OS 7_1_1 like Mac OS X) AppleWebKit/537.51.2 (KHTML, like Gecko) Version/7.0 Mobile/11D201 Safari/9537.53"
157.55.39.47 - - [20/Jun/2014:03:02:56 -0400] "GET / HTTP/1.1" 200 23391 "-" "Mozilla/5.0 (compatible; bingbot/2.0; +http://www.bing.com/bingbot.htm)"
208.115.113.84 - - [20/Jun/2014:03:21:56 -0400] "GET /promotions/.?tag=%20Chanel HTTP/1.1" 301 261 "-" "Mozilla/5.0 (compatible; DotBot/1.1; http://www.opensiteexplorer.org/dotbot, help@moz.com)"
76.199.215.46 - - [20/Jun/2014:13:01:46 -0400] "GET /files/stacks_image_863.jpg HTTP/1.1" 200 5319 "http://eyepiecestexas.com/" "Mozilla/5.0 (compatible; MSIE 10.0; Windows NT 6.2; WOW64; Trident/6.0; MDDCJS)"
76.199.215.46 - - [20/Jun/2014:18:13:54 -0400] "GET /favicon.ico HTTP/1.1" 200 3819 "-" "Mozilla/5.0 (compatible; MSIE 10.0; Windows NT 6.2; WOW64; Trident/6.0; MDDCJS)"
157.55.39.103 - - [20/Jun/2014:18:28:29 -0400] "GET /Eye_Pieces/Shops_at_Legacy_files/Shops_at_Legacy.css HTTP/1.1" 200 3346 "-" "Mozilla/5.0 (compatible; bingbot/2.0; +http://www.bing.com/bingbot.htm)"
157.55.39.103 - - [20/Jun/2014:18:28:29 -0400] "GET /Eye_Pieces/Scripts/Widgets/SharedResources/WidgetCommon.js HTTP/1.1" 200 36124 "-" "Mozilla/5.0 (compatible; bingbot/2.0; +http://www.bing.com/bingbot.htm)"
157.55.39.103 - - [20/Jun/2014:18:28:30 -0400] "GET /Eye_Pieces/Shops_at_Legacy_files/eyewear3.jpg HTTP/1.1" 200 38841 "-" "Mozilla/5.0 (compatible; bingbot/2.0; +http://www.bing.com/bingbot.htm)"
199.30.25.142 - - [20/Jun/2014:19:30:21 -0400] "GET /Eye_Pieces/Shops_at_Legacy_files/comic-1_07_3.png HTTP/1.1" 200 123 "http://eyepiecestexas.com/Eye_Pieces/Shops_at_Legacy.html" "Mozilla/5.0 (Windows NT 6.1; WOW64) AppleWebKit/534+ (KHTML, like Gecko) BingPreview/1.0b"
208.115.111.68 - - [20/Jun/2014:19:57:01 -0400] "GET /robots.txt HTTP/1.1" 200 48 "-" "Mozilla/5.0 (compatible; DotBot/1.1; http://www.opensiteexplorer.org/dotbot, help@moz.com)"
123.125.71.84 - - [20/Jun/2014:08:16:28 -0400] "GET /eyewear/files/stacks_image_304.png HTTP/1.1" 200 10831 "-" "Baiduspider-image+(+http://www.baidu.com/search/spider.htm)\\nReferer: http://image.baidu.com/i?ct=503316480&z=0&tn=baiduimagedetail"
76.185.127.65 - - [20/Jun/2014:08:38:53 -0400] "GET /files/stacks_image_863.jpg HTTP/1.1" 200 3819 "http://eyepiecestexas.com/" "Mozilla/5.0 (iPhone; CPU iPhone OS 7_1_1 like Mac OS X) AppleWebKit/537.51.2 (KHTML, like Gecko) Version/7.0 Mobile/11D201 Safari/9537.53"
174.250.241.163 - - [20/Jun/2014:08:51:35 -0400] "GET / HTTP/1.1" 200 23391 "http://search.yahoo.com/search?p=eye+glass+store+in+plano&fr=iphone&.tsrc=apple&pcarrier=Verizon&pmcc=310&pmnc=038" "Mozilla/5.0 (iPhone; CPU iPhone OS 7_0_6 like Mac OS X) AppleWebKit/537.51.1 (KHTML, like Gecko) Version/7.0 Mobile/11B651 Safari/9537.53"
174.250.241.163 - - [20/Jun/2014:08:51:35 -0400] "GET /rw_common/themes/dexture/consolidated-screen-0.css HTTP/1.1" 200 21870 "http://eyepiecestexas.com/" "Mozilla/5.0 (iPhone; CPU iPhone OS 7_0_6 like Mac OS X) AppleWebKit/537.51.1 (KHTML, like Gecko) Version/7.0 Mobile/11B651 Safari/9537.53"
24.227.240.26 - - [20/Jun/2014:10:00:02 -0400] "GET /eyewear/files/stacks_image_600.jpg HTTP/1.1" 200 8797 "http://eyepiecestexas.com/eyewear/" "Mozilla/5.0 (Windows NT 6.1; WOW64) AppleWebKit/537.36 (KHTML, like Gecko) Chrome/35.0.1916.153 Safari/537.36"
24.227.240.26 - - [20/Jun/2014:10:00:02 -0400] "GET /eyewear/files/stacks_image_176.png HTTP/1.1" 200 8765 "http://eyepiecestexas.com/eyewear/" "Mozilla/5.0 (Windows NT 6.1; WOW64) AppleWebKit/537.36 (KHTML, like Gecko) Chrome/35.0.1916.153 Safari/537.36"
24.227.240.26 - - [20/Jun/2014:10:00:02 -0400] "GET /eyewear/files/stacks_image_233.png HTTP/1.1" 200 19929 "http://eyepiecestexas.com/eyewear/" "Mozilla/5.0 (Windows NT 6.1; WOW64) AppleWebKit/537.36 (KHTML, like Gecko) Chrome/35.0.1916.153 Safari/537.36"
24.227.240.26 - - [20/Jun/2014:10:00:02 -0400] "GET /eyewear/files/stacks_image_360.jpg HTTP/1.1" 200 23502 "http://eyepiecestexas.com/eyewear/" "Mozilla/5.0 (Windows NT 6.1; WOW64) AppleWebKit/537.36 (KHTML, like Gecko) Chrome/35.0.1916.153 Safari/537.36"
24.227.240.26 - - [20/Jun/2014:10:00:04 -0400] "GET /favicon.ico HTTP/1.1" 200 5819 "-" "Mozilla/5.0 (Windows NT 6.1; WOW64) AppleWebKit/537.36 (KHTML, like Gecko) Chrome/35.0.1916.153 Safari/537.36"
24.227.240.26 - - [20/Jun/2014:10:00:04 -0400] "GET /files/stacks_image_863.jpg HTTP/1.1" 200 4319 "http://eyepiecestexas.com/eyewear/" "Mozilla/5.0 (Windows NT 6.1; WOW64) AppleWebKit/537.36 (KHTML, like Gecko) Chrome/35.0.1916.153 Safari/537.36"
24.227.240.26 - - [20/Jun/2014:10:00:04 -0400] "GET /files/stacks_image_111.jpg HTTP/1.1" 200 3819 "http://eyepiecestexas.com/eyewear/" "Mozilla/5.0 (Windows NT 6.1; WOW64) AppleWebKit/537.36 (KHTML, like Gecko) Chrome/35.0.1916.153 Safari/537.36"
166.147.72.164 - - [20/Jun/2014:10:02:32 -0400] "GET /rw_common/themes/dexture/consolidated-all-0.css HTTP/1.1" 304 - "http://eyepiecestexas.com/" "Mozilla/5.0 (iPhone; CPU iPhone OS 7_1_1 like Mac OS X) AppleWebKit/537.51.2 (KHTML, like Gecko) Version/7.0 Mobile/11D201 Safari/9537.53"
166.147.72.164 - - [20/Jun/2014:10:02:33 -0400] "GET /files/stacks_image_142.jpg HTTP/1.1" 304 - "http://eyepiecestexas.com/" "Mozilla/5.0 (iPhone; CPU iPhone OS 7_1_1 like Mac OS X) AppleWebKit/537.51.2 (KHTML, like Gecko) Version/7.0 Mobile/11D201 Safari/9537.53"
66.249.67.18 - - [20/Jun/2014:00:50:03 -0400] "GET /Eye_Pieces/Contact_Lenses_files/Soft-Contact-Lens-214x300.jpg HTTP/1.1" 304 - "-" "Googlebot-Image/1.0"
66.249.67.18 - - [20/Jun/2014:00:51:23 -0400] "GET /Eye_Pieces/Contact_Lenses_files/blue.jpg HTTP/1.1" 304 - "-" "Googlebot-Image/1.0"
157.55.39.47 - - [20/Jun/2014:01:50:17 -0400] "GET /Oakley.html HTTP/1.1" 200 3819 "-" "Mozilla/5.0 (compatible; bingbot/2.0; +http://www.bing.com/bingbot.htm)"
71.170.52.143 - - [20/Jun/2014:02:12:39 -0400] "GET /rw_common/themes/dexture/javascript.js HTTP/1.1" 200 14608 "http://eyepiecestexas.com/" "Mozilla/5.0 (iPad; CPU OS 7_1_1 like Mac OS X) AppleWebKit/537.51.2 (KHTML, like Gecko) Version/7.0 Mobile/11D201 Safari/9537.53"
71.170.52.143 - - [20/Jun/2014:02:12:40 -0400] "GET /files/stacks_image_724.jpg HTTP/1.1" 200 79317 "http://eyepiecestexas.com/" "Mozilla/5.0 (iPad; CPU OS 7_1_1 like Mac OS X) AppleWebKit/537.51.2 (KHTML, like Gecko) Version/7.0 Mobile/11D201 Safari/9537.53"
71.170.52.143 - - [20/Jun/2014:02:12:40 -0400] "GET /files/stacks_image_142.jpg HTTP/1.1" 200 9442 "http://eyepiecestexas.com/" "Mozilla/5.0 (iPad; CPU OS 7_1_1 like Mac OS X) AppleWebKit/537.51.2 (KHTML, like Gecko) Version/7.0 Mobile/11D201 Safari/9537.53"
71.170.52.143 - - [20/Jun/2014:02:12:40 -0400] "GET /files/stacks_image_166.png HTTP/1.1" 200 5540 "http://eyepiecestexas.com/" "Mozilla/5.0 (iPad; CPU OS 7_1_1 like Mac OS X) AppleWebKit/537.51.2 (KHTML, like Gecko) Version/7.0 Mobile/11D201 Safari/9537.53"
71.170.52.143 - - [20/Jun/2014:02:12:40 -0400] "GET /rw_common/themes/dexture/images/mainContentCornerShadowLeft.png HTTP/1.1" 200 1452 "http://eyepiecestexas.com/" "Mozilla/5.0 (iPad; CPU OS 7_1_1 like Mac OS X) AppleWebKit/537.51.2 (KHTML, like Gecko) Version/7.0 Mobile/11D201 Safari/9537.53"
76.199.215.46 - - [20/Jun/2014:12:04:45 -0400] "GET /favicon.ico HTTP/1.1" 200 5819 "-" "Mozilla/5.0 (compatible; MSIE 10.0; Windows NT 6.2; Win64; x64; Trident/6.0; MDDCJS)"
76.199.215.46 - - [20/Jun/2014:14:13:49 -0400] "GET /files/stacks_image_863.jpg HTTP/1.1" 200 3819 "http://eyepiecestexas.com/" "Mozilla/5.0 (compatible; MSIE 10.0; Windows NT 6.2; WOW64; Trident/6.0)"
66.87.102.73 - - [20/Jun/2014:14:25:57 -0400] "GET /rw_common/themes/dexture/consolidated-all-2.css HTTP/1.1" 200 10936 "http://eyepiecestexas.com/eyewear/" "Mozilla/5.0 (Linux; Android 4.4.2; XT1031 Build/KXB20.9-1.10-1.18-1.1) AppleWebKit/537.36 (KHTML, like Gecko) Chrome/30.0.1599.92 Mobile Safari/537.36"
66.87.102.73 - - [20/Jun/2014:14:26:11 -0400] "GET /eyewear/files/stacks_image_877.jpg HTTP/1.1" 200 63884 "http://www.google.com/" "Mozilla/5.0 (Linux; Android 4.4.2; XT1031 Build/KXB20.9-1.10-1.18-1.1) AppleWebKit/537.36 (KHTML, like Gecko) Chrome/30.0.1599.92 Mobile Safari/537.36"
66.87.102.73 - - [20/Jun/2014:14:26:13 -0400] "GET /eyewear/files/stacks_image_369.jpg HTTP/1.1" 200 8776 "http://www.google.com/" "Mozilla/5.0 (Linux; Android 4.4.2; XT1031 Build/KXB20.9-1.10-1.18-1.1) AppleWebKit/537.36 (KHTML, like Gecko) Chrome/30.0.1599.92 Mobile Safari/537.36"
66.87.102.73 - - [20/Jun/2014:14:26:16 -0400] "GET /eyewear/files/stacks_image_388.jpg HTTP/1.1" 200 37857 "http://www.google.com/" "Mozilla/5.0 (Linux; Android 4.4.2; XT1031 Build/KXB20.9-1.10-1.18-1.1) AppleWebKit/537.36 (KHTML, like Gecko) Chrome/30.0.1599.92 Mobile Safari/537.36"
66.87.102.73 - - [20/Jun/2014:14:26:18 -0400] "GET /eyewear/files/stacks_image_404.jpg HTTP/1.1" 200 7392 "http://www.google.com/" "Mozilla/5.0 (Linux; Android 4.4.2; XT1031 Build/KXB20.9-1.10-1.18-1.1) AppleWebKit/537.36 (KHTML, like Gecko) Chrome/30.0.1599.92 Mobile Safari/537.36"
66.87.102.73 - - [20/Jun/2014:14:26:19 -0400] "GET /eyewear/files/stacks_image_456.jpg HTTP/1.1" 200 7898 "http://www.google.com/" "Mozilla/5.0 (Linux; Android 4.4.2; XT1031 Build/KXB20.9-1.10-1.18-1.1) AppleWebKit/537.36 (KHTML, like Gecko) Chrome/30.0.1599.92 Mobile Safari/537.36"
66.87.102.73 - - [20/Jun/2014:14:26:23 -0400] "GET /eyewear/files/stacks_image_314.png HTTP/1.1" 200 10831 "http://www.google.com/" "Mozilla/5.0 (Linux; Android 4.4.2; XT1031 Build/KXB20.9-1.10-1.18-1.1) AppleWebKit/537.36 (KHTML, like Gecko) Chrome/30.0.1599.92 Mobile Safari/537.36"
66.87.102.73 - - [20/Jun/2014:14:26:25 -0400] "GET /eyewear/files/stacks_image_104.jpg HTTP/1.1" 200 9719 "http://www.google.com/" "Mozilla/5.0 (Linux; Android 4.4.2; XT1031 Build/KXB20.9-1.10-1.18-1.1) AppleWebKit/537.36 (KHTML, like Gecko) Chrome/30.0.1599.92 Mobile Safari/537.36"
76.199.215.46 - - [20/Jun/2014:15:04:16 -0400] "GET /files/stacks_image_111.jpg HTTP/1.1" 200 3819 "http://eyepiecestexas.com/" "Mozilla/5.0 (compatible; MSIE 10.0; Windows NT 6.2; WOW64; Trident/6.0; MDDCJS)"
76.199.215.46 - - [20/Jun/2014:17:52:13 -0400] "GET /favicon.ico HTTP/1.1" 200 3819 "-" "Mozilla/5.0 (compatible; MSIE 10.0; Windows NT 6.2; Win64; x64; Trident/6.0; MDDCJS)"
76.199.215.46 - - [20/Jun/2014:18:13:54 -0400] "GET /files/stacks_image_111.jpg HTTP/1.1" 200 3819 "http://eyepiecestexas.com/" "Mozilla/5.0 (compatible; MSIE 10.0; Windows NT 6.2; WOW64; Trident/6.0; MDDCJS)"
199.30.25.142 - - [20/Jun/2014:19:30:21 -0400] "GET /Eye_Pieces/Shops_at_Legacy_files/comic-1_06_3.png HTTP/1.1" 200 241 "http://eyepiecestexas.com/Eye_Pieces/Shops_at_Legacy.html" "Mozilla/5.0 (Windows NT 6.1; WOW64) AppleWebKit/534+ (KHTML, like Gecko) BingPreview/1.0b"
54.82.33.130 - - [20/Jun/2014:21:26:44 -0400] "GET / HTTP/1.1" 200 23391 "-" "HTTPClient/1.0 (2.4.0, ruby 1.9.3 (2013-06-27))"
208.115.113.84 - - [20/Jun/2014:21:58:03 -0400] "GET /robots.txt HTTP/1.1" 301 244 "-" "Mozilla/5.0 (compatible; DotBot/1.1; http://www.opensiteexplorer.org/dotbot, help@moz.com)"
71.85.193.130 - - [20/Jun/2014:22:49:36 -0400] "GET / HTTP/1.1" 200 23391 "-" "Mozilla/4.0 (compatible; MSIE 8.0; Windows NT 6.1; Trident/4.0)"
208.115.113.84 - - [20/Jun/2014:23:18:21 -0400] "GET /promotions/.?tag=%20Summer HTTP/1.1" 301 261 "-" "Mozilla/5.0 (compatible; DotBot/1.1; http://www.opensiteexplorer.org/dotbot, help@moz.com)"
193.150.120.14 - - [20/Jun/2014:09:42:13 -0400] "GET / HTTP/1.1" 200 23391 "http://www.world-mmo.com/" "Mozilla/4.0 (compatible; MSIE 6.0; Windows NT 5.2; Win64; x64; SV1; .NET CLR 2.0.50727)"
76.199.215.46 - - [20/Jun/2014:09:56:46 -0400] "GET /favicon.ico HTTP/1.1" 200 4319 "-" "Mozilla/5.0 (compatible; MSIE 10.0; Windows NT 6.2; WOW64; Trident/6.0; MDDCJS)"
24.227.240.26 - - [20/Jun/2014:09:59:32 -0400] "GET / HTTP/1.1" 200 23391 "https://www.google.com/" "Mozilla/5.0 (Windows NT 6.1; WOW64) AppleWebKit/537.36 (KHTML, like Gecko) Chrome/35.0.1916.153 Safari/537.36"
24.227.240.26 - - [20/Jun/2014:09:59:32 -0400] "GET /rw_common/themes/dexture/consolidated-all-0.css HTTP/1.1" 200 12134 "http://eyepiecestexas.com/" "Mozilla/5.0 (Windows NT 6.1; WOW64) AppleWebKit/537.36 (KHTML, like Gecko) Chrome/35.0.1916.153 Safari/537.36"
24.227.240.26 - - [20/Jun/2014:09:59:32 -0400] "GET /rw_common/themes/dexture/scripts/jquery.fancyzoom.js HTTP/1.1" 200 6272 "http://eyepiecestexas.com/" "Mozilla/5.0 (Windows NT 6.1; WOW64) AppleWebKit/537.36 (KHTML, like Gecko) Chrome/35.0.1916.153 Safari/537.36"
24.227.240.26 - - [20/Jun/2014:09:59:33 -0400] "GET /rw_common/themes/dexture/javascript.js HTTP/1.1" 200 14608 "http://eyepiecestexas.com/" "Mozilla/5.0 (Windows NT 6.1; WOW64) AppleWebKit/537.36 (KHTML, like Gecko) Chrome/35.0.1916.153 Safari/537.36"
24.227.240.26 - - [20/Jun/2014:09:59:33 -0400] "GET /files/stacks_image_720.jpg HTTP/1.1" 200 73135 "http://eyepiecestexas.com/" "Mozilla/5.0 (Windows NT 6.1; WOW64) AppleWebKit/537.36 (KHTML, like Gecko) Chrome/35.0.1916.153 Safari/537.36"
24.227.240.26 - - [20/Jun/2014:09:59:33 -0400] "GET /files/stacks_image_142.jpg HTTP/1.1" 200 9442 "http://eyepiecestexas.com/" "Mozilla/5.0 (Windows NT 6.1; WOW64) AppleWebKit/537.36 (KHTML, like Gecko) Chrome/35.0.1916.153 Safari/537.36"
24.227.240.26 - - [20/Jun/2014:09:59:34 -0400] "GET /rw_common/themes/dexture/images/ec6TopShadow.png HTTP/1.1" 200 49422 "http://eyepiecestexas.com/" "Mozilla/5.0 (Windows NT 6.1; WOW64) AppleWebKit/537.36 (KHTML, like Gecko) Chrome/35.0.1916.153 Safari/537.36"
24.227.240.26 - - [20/Jun/2014:09:59:35 -0400] "GET /favicon.ico HTTP/1.1" 200 5819 "-" "Mozilla/5.0 (Windows NT 6.1; WOW64) AppleWebKit/537.36 (KHTML, like Gecko) Chrome/35.0.1916.153 Safari/537.36"
24.227.240.26 - - [20/Jun/2014:10:01:37 -0400] "GET /files/stacks_image_849.jpg HTTP/1.1" 200 3819 "http://eyepiecestexas.com/" "Mozilla/5.0 (Windows NT 6.1; WOW64) AppleWebKit/537.36 (KHTML, like Gecko) Chrome/35.0.1916.153 Safari/537.36"
36.248.168.196 - - [20/Jun/2014:00:19:35 -0400] "GET /promotions/?tag=Eyewear HTTP/1.1" 200 24684 "-" "Mozilla/4.0 (compatible; MSIE 6.0; Windows NT 5.1; SV1;)"
157.55.39.103 - - [20/Jun/2014:01:50:03 -0400] "GET /robots.txt HTTP/1.1" 200 48 "-" "Mozilla/5.0 (compatible; bingbot/2.0; +http://www.bing.com/bingbot.htm)"
180.76.6.48 - - [20/Jun/2014:02:59:04 -0400] "GET /promotions/?tag=%252520Summer HTTP/1.1" 301 265 "-" "Mozilla/5.0 (compatible; Baiduspider/2.0; +http://www.baidu.com/search/spider.html)"
180.76.5.173 - - [20/Jun/2014:12:40:37 -0400] "GET /promotions/?tag=Tom%252520Ford HTTP/1.1" 200 13341 "-" "Mozilla/5.0 (compatible; Baiduspider/2.0; +http://www.baidu.com/search/spider.html)"
76.183.173.221 - - [20/Jun/2014:13:43:18 -0400] "GET /rw_common/themes/dexture/consolidated-all-8.css HTTP/1.1" 200 12134 "http://eyepiecestexas.com/staff/" "Mozilla/5.0 (Macintosh; Intel Mac OS X 10_6_8) AppleWebKit/534.59.10 (KHTML, like Gecko) Version/5.1.9 Safari/534.59.10"
76.183.173.221 - - [20/Jun/2014:13:43:19 -0400] "GET /staff/files/fullpath_207.jpg HTTP/1.1" 200 35339 "http://eyepiecestexas.com/staff/" "Mozilla/5.0 (Macintosh; Intel Mac OS X 10_6_8) AppleWebKit/534.59.10 (KHTML, like Gecko) Version/5.1.9 Safari/534.59.10"
76.183.173.221 - - [20/Jun/2014:13:43:20 -0400] "GET /staff/files/fullpath_113.jpg HTTP/1.1" 200 26936 "http://eyepiecestexas.com/staff/" "Mozilla/5.0 (Macintosh; Intel Mac OS X 10_6_8) AppleWebKit/534.59.10 (KHTML, like Gecko) Version/5.1.9 Safari/534.59.10"
76.183.173.221 - - [20/Jun/2014:13:43:20 -0400] "GET /staff/files/rw2images/nextPageArrow.gif HTTP/1.1" 200 79 "http://eyepiecestexas.com/staff/" "Mozilla/5.0 (Macintosh; Intel Mac OS X 10_6_8) AppleWebKit/534.59.10 (KHTML, like Gecko) Version/5.1.9 Safari/534.59.10"
76.183.173.221 - - [20/Jun/2014:13:43:21 -0400] "GET /files/stacks_image_785.jpg HTTP/1.1" 200 5819 "http://eyepiecestexas.com/staff/" "Mozilla/5.0 (Macintosh; Intel Mac OS X 10_6_8) AppleWebKit/534.59.10 (KHTML, like Gecko) Version/5.1.9 Safari/534.59.10"
76.199.215.46 - - [20/Jun/2014:14:13:49 -0400] "GET /files/stacks_image_436.jpg HTTP/1.1" 200 3819 "http://eyepiecestexas.com/" "Mozilla/5.0 (compatible; MSIE 10.0; Windows NT 6.2; WOW64; Trident/6.0)"
76.199.215.46 - - [20/Jun/2014:14:23:16 -0400] "GET /files/stacks_image_785.jpg HTTP/1.1" 200 3819 "http://eyepiecestexas.com/" "Mozilla/5.0 (compatible; MSIE 10.0; Windows NT 6.2; WOW64; Trident/6.0)"
76.199.215.46 - - [20/Jun/2014:17:52:13 -0400] "GET /files/stacks_image_849.jpg HTTP/1.1" 200 3819 "http://eyepiecestexas.com/" "Mozilla/5.0 (compatible; MSIE 10.0; Windows NT 6.2; WOW64; Trident/6.0; MDDCJS)"
202.46.61.144 - - [20/Jun/2014:19:11:34 -0400] "GET /promotions/?post_id=16&title= HTTP/1.1" 200 14676 "-" "Mozilla/5.0 (Windows; U; Windows NT 5.1; zh-CN; rv:1.9.1.2) Firefox/3.5.2"
66.249.89.205 - - [20/Jun/2014:20:17:53 -0400] "GET / HTTP/1.1" 301 234 "-" "AdsBot-Google (+http://www.google.com/adsbot.html)"
66.249.89.37 - - [20/Jun/2014:20:18:22 -0400] "GET /rw_common/themes/dexture/scripts/jquery.cycle.min.js HTTP/1.1" 200 31987 "-" "AdsBot-Google-Mobile (+http://www.google.com/mobile/adsbot.html) Mozilla (iPhone; U; CPU iPhone OS 3 0 like Mac OS X) AppleWebKit (KHTML, like Gecko) Mobile Safari"
66.249.89.37 - - [20/Jun/2014:20:18:34 -0400] "GET /files/stacks_image_167.png HTTP/1.1" 200 5784 "-" "AdsBot-Google-Mobile (+http://www.google.com/mobile/adsbot.html) Mozilla (iPhone; U; CPU iPhone OS 3 0 like Mac OS X) AppleWebKit (KHTML, like Gecko) Mobile Safari"
180.76.6.20 - - [20/Jun/2014:20:37:27 -0400] "GET /promotions/files/armadillo/core/scripts/armadilloAdmin.js HTTP/1.1" 200 56585 "-" "Mozilla/5.0 (compatible; Baiduspider/2.0; +http://www.baidu.com/search/spider.html)"
208.93.104.10 - - [20/Jun/2014:20:47:16 -0400] "HEAD / HTTP/1.1" 200 - "-" "http://www.yellowpages.com/about/legal/crawl"
180.76.5.150 - - [20/Jun/2014:20:52:27 -0400] "GET /promotions/?tag=Gold%252525252520&%252525252520Wood%252525252520Eyewear HTTP/1.1" 301 315 "-" "Mozilla/5.0 (compatible; Baiduspider/2.0; +http://www.baidu.com/search/spider.html)"
173.208.182.162 - - [20/Jun/2014:21:31:02 -0400] "GET /eyewear/ HTTP/1.0" 200 68181 "-" "Mozilla/5.0 (Windows; U; Windows NT 6.1; en-US; rv:1.9.2.12) Gecko/20101026 Firefox/3.6.12 QQDownload/1.7"
184.73.82.142 - - [20/Jun/2014:08:37:48 -0400] "GET / HTTP/1.1" 301 234 "-" "HTTPClient/1.0 (2.4.0, ruby 1.9.3 (2013-06-27))"
24.227.240.26 - - [20/Jun/2014:10:01:49 -0400] "GET /files/stacks_image_111.jpg HTTP/1.1" 200 4319 "http://eyepiecestexas.com/eyewear/" "Mozilla/5.0 (Windows NT 6.1; WOW64) AppleWebKit/537.36 (KHTML, like Gecko) Chrome/35.0.1916.153 Safari/537.36"
24.227.240.26 - - [20/Jun/2014:10:02:33 -0400] "GET /files/stacks_image_111.jpg HTTP/1.1" 200 3819 "http://eyepiecestexas.com/promotions/?post_id=28&title=eye-pieces-plano-selected-as-exclusive-chrome-hearts-eyewear-retailer" "Mozilla/5.0 (Windows NT 6.1; WOW64) AppleWebKit/537.36 (KHTML, like Gecko) Chrome/35.0.1916.153 Safari/537.36"
69.15.252.150 - - [20/Jun/2014:10:25:29 -0400] "GET /files/stacks_page_page0.css HTTP/1.1" 304 - "http://eyepiecestexas.com/" "Mozilla/5.0 (iPhone; CPU iPhone OS 7_1_1 like Mac OS X) AppleWebKit/537.51.2 (KHTML, like Gecko) Version/7.0 Mobile/11D201 Safari/9537.53"
66.249.64.36 - - [20/Jun/2014:10:47:19 -0400] "GET /robots.txt HTTP/1.1" 200 48 "-" "Mozilla/5.0 (compatible; Googlebot/2.1; +http://www.google.com/bot.html)"
66.249.67.18 - - [20/Jun/2014:00:25:06 -0400] "GET /Eye_Pieces/Retrospecs_files/droppedImage_1.jpg HTTP/1.1" 304 - "-" "Googlebot-Image/1.0"
157.55.39.47 - - [20/Jun/2014:01:50:17 -0400] "GET /Theo.html HTTP/1.1" 200 4319 "-" "Mozilla/5.0 (compatible; bingbot/2.0; +http://www.bing.com/bingbot.htm)"
157.55.39.104 - - [20/Jun/2014:01:50:29 -0400] "GET /xmlrpc.php HTTP/1.1" 200 3819 "-" "Mozilla/5.0 (compatible; bingbot/2.0; +http://www.bing.com/bingbot.htm)"
202.46.49.195 - - [20/Jun/2014:03:34:11 -0400] "GET /promotions/?post_id=16&title= HTTP/1.1" 200 14676 "-" "Mozilla/5.0 (Windows NT 6.1; WOW64; rv:22.0) Gecko/20100101 Firefox/22.0"
76.199.215.46 - - [20/Jun/2014:13:01:46 -0400] "GET /files/stacks_image_849.jpg HTTP/1.1" 200 3819 "http://eyepiecestexas.com/" "Mozilla/5.0 (compatible; MSIE 10.0; Windows NT 6.2; WOW64; Trident/6.0; MDDCJS)"
66.87.102.73 - - [20/Jun/2014:14:25:57 -0400] "GET /eyewear/files/stacks_page_page2.css HTTP/1.1" 200 47161 "http://eyepiecestexas.com/eyewear/" "Mozilla/5.0 (Linux; Android 4.4.2; XT1031 Build/KXB20.9-1.10-1.18-1.1) AppleWebKit/537.36 (KHTML, like Gecko) Chrome/30.0.1599.92 Mobile Safari/537.36"
66.87.102.73 - - [20/Jun/2014:14:26:23 -0400] "GET /eyewear/files/stacks_image_304.png HTTP/1.1" 200 10831 "http://www.google.com/" "Mozilla/5.0 (Linux; Android 4.4.2; XT1031 Build/KXB20.9-1.10-1.18-1.1) AppleWebKit/537.36 (KHTML, like Gecko) Chrome/30.0.1599.92 Mobile Safari/537.36"
66.87.102.73 - - [20/Jun/2014:14:26:25 -0400] "GET /eyewear/files/stacks_image_496.png HTTP/1.1" 200 12363 "http://www.google.com/" "Mozilla/5.0 (Linux; Android 4.4.2; XT1031 Build/KXB20.9-1.10-1.18-1.1) AppleWebKit/537.36 (KHTML, like Gecko) Chrome/30.0.1599.92 Mobile Safari/537.36"
38.100.25.120 - - [20/Jun/2014:15:11:05 -0400] "GET / HTTP/1.1" 200 23391 "-" "Mozilla/5.0 (Windows NT 6.1; rv:22.0) Gecko/20130405 Firefox/22.0"
199.30.25.142 - - [20/Jun/2014:19:30:02 -0400] "GET /Eye_Pieces/Shops_at_Legacy_files/comic-1_06_1.png HTTP/1.1" 200 241 "http://eyepiecestexas.com/Eye_Pieces/Shops_at_Legacy.html" "Mozilla/5.0 (Windows NT 6.1; WOW64) AppleWebKit/534+ (KHTML, like Gecko) BingPreview/1.0b"
199.30.25.142 - - [20/Jun/2014:19:30:03 -0400] "GET /Eye_Pieces/Shops_at_Legacy_files/comic-1_03_2.png HTTP/1.1" 200 121 "http://eyepiecestexas.com/Eye_Pieces/Shops_at_Legacy.html" "Mozilla/5.0 (Windows NT 6.1; WOW64) AppleWebKit/534+ (KHTML, like Gecko) BingPreview/1.0b"
66.249.89.32 - - [20/Jun/2014:20:18:19 -0400] "GET /files/stacks_page_page0.js HTTP/1.1" 200 61538 "-" "AdsBot-Google-Mobile (+http://www.google.com/mobile/adsbot.html) Mozilla (iPhone; U; CPU iPhone OS 3 0 like Mac OS X) AppleWebKit (KHTML, like Gecko) Mobile Safari"
66.249.89.37 - - [20/Jun/2014:20:18:33 -0400] "GET /files/drbob-splash-pict-500.jpg HTTP/1.1" 200 15890 "-" "AdsBot-Google-Mobile (+http://www.google.com/mobile/adsbot.html) Mozilla (iPhone; U; CPU iPhone OS 3 0 like Mac OS X) AppleWebKit (KHTML, like Gecko) Mobile Safari"
66.249.89.27 - - [20/Jun/2014:20:18:48 -0400] "GET /rw_common/themes/dexture/scripts/jquery.crossSlide.min.js HTTP/1.1" 200 6976 "-" "AdsBot-Google-Mobile (+http://www.google.com/mobile/adsbot.html) Mozilla (iPhone; U; CPU iPhone OS 3 0 like Mac OS X) AppleWebKit (KHTML, like Gecko) Mobile Safari"
66.249.89.32 - - [20/Jun/2014:20:18:59 -0400] "GET /rw_common/themes/dexture/scripts/nimblehostDropDownMenu.js HTTP/1.1" 200 988 "-" "AdsBot-Google (+http://www.google.com/adsbot.html)"
66.249.89.32 - - [20/Jun/2014:20:19:00 -0400] "GET /files/stacks_image_729.jpg HTTP/1.1" 200 76071 "-" "AdsBot-Google-Mobile (+http://www.google.com/mobile/adsbot.html) Mozilla (iPhone; U; CPU iPhone OS 3 0 like Mac OS X) AppleWebKit (KHTML, like Gecko) Mobile Safari"
109.120.157.179 - - [20/Jun/2014:21:02:33 -0400] "GET / HTTP/1.1" 200 23391 "http://rus-teh.narod.ru/" "Mozilla/5.0 (compatible; Add Catalog/2.1;)"
71.85.193.130 - - [20/Jun/2014:22:24:16 -0400] "GET / HTTP/1.1" 200 23391 "-" "Mozilla/4.0 (compatible; MSIE 8.0; Windows NT 6.1; Trident/4.0)"
71.85.193.130 - - [20/Jun/2014:22:51:40 -0400] "GET / HTTP/1.1" 200 23391 "-" "Mozilla/4.0 (compatible; MSIE 8.0; Windows NT 6.1; Trident/4.0)"
174.250.241.163 - - [20/Jun/2014:08:51:35 -0400] "GET /rw_common/themes/dexture/consolidated-all-0.css HTTP/1.1" 200 12134 "http://eyepiecestexas.com/" "Mozilla/5.0 (iPhone; CPU iPhone OS 7_0_6 like Mac OS X) AppleWebKit/537.51.1 (KHTML, like Gecko) Version/7.0 Mobile/11B651 Safari/9537.53"
174.250.241.163 - - [20/Jun/2014:08:51:37 -0400] "GET /rw_common/themes/dexture/scripts/nimblehost.js HTTP/1.1" 200 17247 "http://eyepiecestexas.com/" "Mozilla/5.0 (iPhone; CPU iPhone OS 7_0_6 like Mac OS X) AppleWebKit/537.51.1 (KHTML, like Gecko) Version/7.0 Mobile/11B651 Safari/9537.53"
174.250.241.163 - - [20/Jun/2014:08:51:37 -0400] "GET /rw_common/themes/dexture/javascript.js HTTP/1.1" 200 14608 "http://eyepiecestexas.com/" "Mozilla/5.0 (iPhone; CPU iPhone OS 7_0_6 like Mac OS X) AppleWebKit/537.51.1 (KHTML, like Gecko) Version/7.0 Mobile/11B651 Safari/9537.53"
174.250.241.163 - - [20/Jun/2014:08:51:39 -0400] "GET /files/stacks_image_720.jpg HTTP/1.1" 200 73135 "http://eyepiecestexas.com/" "Mozilla/5.0 (iPhone; CPU iPhone OS 7_0_6 like Mac OS X) AppleWebKit/537.51.1 (KHTML, like Gecko) Version/7.0 Mobile/11B651 Safari/9537.53"
174.250.241.163 - - [20/Jun/2014:08:52:07 -0400] "GET /files/stacks_image_863.jpg HTTP/1.1" 200 4319 "http://eyepiecestexas.com/" "Mozilla/5.0 (iPhone; CPU iPhone OS 7_0_6 like Mac OS X) AppleWebKit/537.51.1 (KHTML, like Gecko) Version/7.0 Mobile/11B651 Safari/9537.53"
54.83.119.150 - - [20/Jun/2014:08:56:56 -0400] "GET /eyewear/files/stacks_image_594.jpg HTTP/1.1" 200 18428 "-" "Pinterest/0.1 +http://pinterest.com/"
54.237.197.55 - - [20/Jun/2014:08:56:57 -0400] "GET /eyewear/files/stacks_image_594.jpg HTTP/1.1" 200 18428 "-" "Pinterest/0.1 +http://pinterest.com/"
193.150.120.14 - - [20/Jun/2014:09:42:12 -0400] "GET / HTTP/1.1" 200 23391 "http://www.world-mmo.com/" "Mozilla/4.0 (compatible; MSIE 6.0; Windows NT 5.2; Win64; x64; SV1; .NET CLR 2.0.50727)"
173.167.168.193 - - [20/Jun/2014:09:50:24 -0400] "GET /rw_common/plugins/stacks/stacks.css HTTP/1.1" 200 828 "http://eyepiecestexas.com/eyewear/" "Mozilla/5.0 (Macintosh; Intel Mac OS X 10_9_2) AppleWebKit/537.36 (KHTML, like Gecko) Chrome/35.0.1916.114 Safari/537.36"
173.167.168.193 - - [20/Jun/2014:09:50:24 -0400] "GET /rw_common/themes/dexture/scripts/nimblehostPulseVIP.js HTTP/1.1" 200 1205 "http://eyepiecestexas.com/eyewear/" "Mozilla/5.0 (Macintosh; Intel Mac OS X 10_9_2) AppleWebKit/537.36 (KHTML, like Gecko) Chrome/35.0.1916.114 Safari/537.36"
173.167.168.193 - - [20/Jun/2014:09:50:24 -0400] "GET /rw_common/themes/dexture/scripts/nimblehostDropDownMenu.js HTTP/1.1" 200 988 "http://eyepiecestexas.com/eyewear/" "Mozilla/5.0 (Macintosh; Intel Mac OS X 10_9_2) AppleWebKit/537.36 (KHTML, like Gecko) Chrome/35.0.1916.114 Safari/537.36"
173.167.168.193 - - [20/Jun/2014:09:50:25 -0400] "GET /rw_common/themes/dexture/consolidated-handheld-2.css HTTP/1.1" 200 10899 "http://eyepiecestexas.com/eyewear/" "Mozilla/5.0 (Macintosh; Intel Mac OS X 10_9_2) AppleWebKit/537.36 (KHTML, like Gecko) Chrome/35.0.1916.114 Safari/537.36"
173.167.168.193 - - [20/Jun/2014:09:50:25 -0400] "GET /eyewear/files/gucci2.jpg HTTP/1.1" 200 19323 "http://eyepiecestexas.com/eyewear/" "Mozilla/5.0 (Macintosh; Intel Mac OS X 10_9_2) AppleWebKit/537.36 (KHTML, like Gecko) Chrome/35.0.1916.114 Safari/537.36"
173.167.168.193 - - [20/Jun/2014:09:50:25 -0400] "GET /rw_common/themes/dexture/images/mainContentCornerShadowRight.png HTTP/1.1" 200 1442 "http://eyepiecestexas.com/eyewear/" "Mozilla/5.0 (Macintosh; Intel Mac OS X 10_9_2) AppleWebKit/537.36 (KHTML, like Gecko) Chrome/35.0.1916.114 Safari/537.36"
173.167.168.193 - - [20/Jun/2014:09:50:25 -0400] "GET /eyewear/files/stacks_image_333.png HTTP/1.1" 200 5120 "http://eyepiecestexas.com/eyewear/" "Mozilla/5.0 (Macintosh; Intel Mac OS X 10_9_2) AppleWebKit/537.36 (KHTML, like Gecko) Chrome/35.0.1916.114 Safari/537.36"
173.167.168.193 - - [20/Jun/2014:09:50:25 -0400] "GET /eyewear/files/stacks_image_388.jpg HTTP/1.1" 200 37857 "http://eyepiecestexas.com/eyewear/" "Mozilla/5.0 (Macintosh; Intel Mac OS X 10_9_2) AppleWebKit/537.36 (KHTML, like Gecko) Chrome/35.0.1916.114 Safari/537.36"
173.167.168.193 - - [20/Jun/2014:09:50:25 -0400] "GET /eyewear/files/stacks_image_456.jpg HTTP/1.1" 200 7898 "http://eyepiecestexas.com/eyewear/" "Mozilla/5.0 (Macintosh; Intel Mac OS X 10_9_2) AppleWebKit/537.36 (KHTML, like Gecko) Chrome/35.0.1916.114 Safari/537.36"
173.167.168.193 - - [20/Jun/2014:09:50:25 -0400] "GET /eyewear/files/stacks_image_314.png HTTP/1.1" 200 10831 "http://eyepiecestexas.com/eyewear/" "Mozilla/5.0 (Macintosh; Intel Mac OS X 10_9_2) AppleWebKit/537.36 (KHTML, like Gecko) Chrome/35.0.1916.114 Safari/537.36"
173.167.168.193 - - [20/Jun/2014:09:50:25 -0400] "GET /eyewear/files/stacks_image_97.jpg HTTP/1.1" 200 51625 "http://eyepiecestexas.com/eyewear/" "Mozilla/5.0 (Macintosh; Intel Mac OS X 10_9_2) AppleWebKit/537.36 (KHTML, like Gecko) Chrome/35.0.1916.114 Safari/537.36"
173.167.168.193 - - [20/Jun/2014:09:50:25 -0400] "GET /eyewear/files/stacks_image_500.jpg HTTP/1.1" 200 7631 "http://eyepiecestexas.com/eyewear/" "Mozilla/5.0 (Macintosh; Intel Mac OS X 10_9_2) AppleWebKit/537.36 (KHTML, like Gecko) Chrome/35.0.1916.114 Safari/537.36"
173.167.168.193 - - [20/Jun/2014:09:50:26 -0400] "GET /eyewear/files/stacks_image_516.jpg HTTP/1.1" 200 7360 "http://eyepiecestexas.com/eyewear/" "Mozilla/5.0 (Macintosh; Intel Mac OS X 10_9_2) AppleWebKit/537.36 (KHTML, like Gecko) Chrome/35.0.1916.114 Safari/537.36"
173.167.168.193 - - [20/Jun/2014:09:50:26 -0400] "GET /eyewear/files/stacks_image_550.jpg HTTP/1.1" 200 57172 "http://eyepiecestexas.com/eyewear/" "Mozilla/5.0 (Macintosh; Intel Mac OS X 10_9_2) AppleWebKit/537.36 (KHTML, like Gecko) Chrome/35.0.1916.114 Safari/537.36"
173.167.168.193 - - [20/Jun/2014:09:50:26 -0400] "GET /eyewear/files/stacks_image_600.jpg HTTP/1.1" 200 8797 "http://eyepiecestexas.com/eyewear/" "Mozilla/5.0 (Macintosh; Intel Mac OS X 10_9_2) AppleWebKit/537.36 (KHTML, like Gecko) Chrome/35.0.1916.114 Safari/537.36"
173.167.168.193 - - [20/Jun/2014:09:50:26 -0400] "GET /eyewear/files/stacks_image_137.jpg HTTP/1.1" 200 39910 "http://eyepiecestexas.com/eyewear/" "Mozilla/5.0 (Macintosh; Intel Mac OS X 10_9_2) AppleWebKit/537.36 (KHTML, like Gecko) Chrome/35.0.1916.114 Safari/537.36"
173.167.168.193 - - [20/Jun/2014:09:50:26 -0400] "GET /eyewear/files/stacks_image_638.jpg HTTP/1.1" 200 5459 "http://eyepiecestexas.com/eyewear/" "Mozilla/5.0 (Macintosh; Intel Mac OS X 10_9_2) AppleWebKit/537.36 (KHTML, like Gecko) Chrome/35.0.1916.114 Safari/537.36"
173.167.168.193 - - [20/Jun/2014:09:50:26 -0400] "GET /eyewear/files/stacks_image_676.jpg HTTP/1.1" 200 7749 "http://eyepiecestexas.com/eyewear/" "Mozilla/5.0 (Macintosh; Intel Mac OS X 10_9_2) AppleWebKit/537.36 (KHTML, like Gecko) Chrome/35.0.1916.114 Safari/537.36"
173.167.168.193 - - [20/Jun/2014:09:50:26 -0400] "GET /rw_common/themes/dexture/images/upperShadow.png HTTP/1.1" 200 218 "http://eyepiecestexas.com/eyewear/" "Mozilla/5.0 (Macintosh; Intel Mac OS X 10_9_2) AppleWebKit/537.36 (KHTML, like Gecko) Chrome/35.0.1916.114 Safari/537.36"
173.167.168.193 - - [20/Jun/2014:09:50:27 -0400] "GET /files/stacks_image_863.jpg HTTP/1.1" 200 5819 "http://eyepiecestexas.com/eyewear/" "Mozilla/5.0 (Macintosh; Intel Mac OS X 10_9_2) AppleWebKit/537.36 (KHTML, like Gecko) Chrome/35.0.1916.114 Safari/537.36"
24.227.240.26 - - [20/Jun/2014:10:01:08 -0400] "GET /rw_common/themes/dexture/consolidated-handheld-9.css HTTP/1.1" 200 10899 "http://eyepiecestexas.com/insurance/" "Mozilla/5.0 (Windows NT 6.1; WOW64) AppleWebKit/537.36 (KHTML, like Gecko) Chrome/35.0.1916.153 Safari/537.36"
24.227.240.26 - - [20/Jun/2014:10:01:08 -0400] "GET /insurance/files/stacks_image_631.png HTTP/1.1" 200 10093 "http://eyepiecestexas.com/insurance/" "Mozilla/5.0 (Windows NT 6.1; WOW64) AppleWebKit/537.36 (KHTML, like Gecko) Chrome/35.0.1916.153 Safari/537.36"
24.227.240.26 - - [20/Jun/2014:10:01:08 -0400] "GET /insurance/files/stacks_image_430.png HTTP/1.1" 200 5522 "http://eyepiecestexas.com/insurance/" "Mozilla/5.0 (Windows NT 6.1; WOW64) AppleWebKit/537.36 (KHTML, like Gecko) Chrome/35.0.1916.153 Safari/537.36"
24.227.240.26 - - [20/Jun/2014:10:01:09 -0400] "GET /files/stacks_image_800.jpg HTTP/1.1" 200 5819 "http://eyepiecestexas.com/insurance/" "Mozilla/5.0 (Windows NT 6.1; WOW64) AppleWebKit/537.36 (KHTML, like Gecko) Chrome/35.0.1916.153 Safari/537.36"
162.229.69.244 - - [20/Jun/2014:10:02:56 -0400] "GET /rw_common/themes/dexture/scripts/nimblehost.js HTTP/1.1" 200 17247 "http://eyepiecestexas.com/" "Mozilla/5.0 (Windows NT 6.1; WOW64; rv:30.0) Gecko/20100101 Firefox/30.0"
162.229.69.244 - - [20/Jun/2014:10:02:56 -0400] "GET /files/stacks_page_page0.js HTTP/1.1" 200 61538 "http://eyepiecestexas.com/" "Mozilla/5.0 (Windows NT 6.1; WOW64; rv:30.0) Gecko/20100101 Firefox/30.0"
162.229.69.244 - - [20/Jun/2014:10:02:56 -0400] "GET /files/stacks_image_727.jpg HTTP/1.1" 200 79485 "http://eyepiecestexas.com/" "Mozilla/5.0 (Windows NT 6.1; WOW64; rv:30.0) Gecko/20100101 Firefox/30.0"
162.229.69.244 - - [20/Jun/2014:10:02:56 -0400] "GET /files/stacks_image_142.jpg HTTP/1.1" 200 9442 "http://eyepiecestexas.com/" "Mozilla/5.0 (Windows NT 6.1; WOW64; rv:30.0) Gecko/20100101 Firefox/30.0"
162.229.69.244 - - [20/Jun/2014:10:02:56 -0400] "GET /files/stacks_image_165.png HTTP/1.1" 200 5522 "http://eyepiecestexas.com/" "Mozilla/5.0 (Windows NT 6.1; WOW64; rv:30.0) Gecko/20100101 Firefox/30.0"
162.229.69.244 - - [20/Jun/2014:10:02:56 -0400] "GET /rw_common/themes/dexture/images/pageTopGradient.png HTTP/1.1" 200 1338 "http://eyepiecestexas.com/rw_common/themes/dexture/consolidated-screen-0.css" "Mozilla/5.0 (Windows NT 6.1; WOW64; rv:30.0) Gecko/20100101 Firefox/30.0"
162.229.69.244 - - [20/Jun/2014:10:02:56 -0400] "GET /rw_common/themes/dexture/images/mainContentCornerShadowLeft.png HTTP/1.1" 200 1452 "http://eyepiecestexas.com/rw_common/themes/dexture/consolidated-screen-0.css" "Mozilla/5.0 (Windows NT 6.1; WOW64; rv:30.0) Gecko/20100101 Firefox/30.0"
162.229.69.244 - - [20/Jun/2014:10:02:56 -0400] "GET /rw_common/themes/dexture/images/upperShadow.png HTTP/1.1" 200 218 "http://eyepiecestexas.com/rw_common/themes/dexture/consolidated-screen-0.css" "Mozilla/5.0 (Windows NT 6.1; WOW64; rv:30.0) Gecko/20100101 Firefox/30.0"
162.229.69.244 - - [20/Jun/2014:10:02:57 -0400] "GET /rw_common/themes/dexture/images/bottomShadow.png HTTP/1.1" 200 204 "http://eyepiecestexas.com/rw_common/themes/dexture/consolidated-screen-0.css" "Mozilla/5.0 (Windows NT 6.1; WOW64; rv:30.0) Gecko/20100101 Firefox/30.0"
162.229.69.244 - - [20/Jun/2014:10:02:58 -0400] "GET /files/stacks_image_800.jpg HTTP/1.1" 200 5819 "http://eyepiecestexas.com/" "Mozilla/5.0 (Windows NT 6.1; WOW64; rv:30.0) Gecko/20100101 Firefox/30.0"
76.199.215.46 - - [20/Jun/2014:10:13:38 -0400] "GET /favicon.ico HTTP/1.1" 200 3819 "-" "Mozilla/5.0 (compatible; MSIE 10.0; Windows NT 6.2; WOW64; Trident/6.0; MDDCJS)"
76.199.215.46 - - [20/Jun/2014:10:41:56 -0400] "GET /files/stacks_image_863.jpg HTTP/1.1" 200 3819 "http://eyepiecestexas.com/" "Mozilla/5.0 (compatible; MSIE 10.0; Windows NT 6.2; WOW64; Trident/6.0; MDDCJS)"
180.76.5.59 - - [20/Jun/2014:11:56:40 -0400] "GET /promotions/?tag=%252525252525252520D%252525252525252520The%252525252525252520Broadcast HTTP/1.1" 200 13341 "-" "Mozilla/5.0 (compatible; Baiduspider/2.0; +http://www.baidu.com/search/spider.html)"
76.199.215.46 - - [20/Jun/2014:11:58:41 -0400] "GET /files/stacks_image_785.jpg HTTP/1.1" 200 3819 "http://eyepiecestexas.com/" "Mozilla/5.0 (compatible; MSIE 10.0; Windows NT 6.2; WOW64; Trident/6.0; MDDCJS)"
157.55.39.104 - - [20/Jun/2014:01:50:29 -0400] "GET /Chrome_Hearts.html HTTP/1.1" 200 3819 "-" "Mozilla/5.0 (compatible; bingbot/2.0; +http://www.bing.com/bingbot.htm)"
68.180.225.113 - - [20/Jun/2014:02:44:55 -0400] "GET /promotions/?tag=David%20Yurman HTTP/1.1" 200 25345 "-" "Mozilla/5.0 (compatible; Yahoo! Slurp; http://help.yahoo.com/help/us/ysearch/slurp)"
66.249.83.35 - - [20/Jun/2014:02:46:28 -0400] "GET /rw_common/themes/dexture/images/editable_images/concrete.png HTTP/1.1" 200 198645 "http://eyepiecestexas.com/" "Mozilla/5.0 (compatible; MSIE 8.0; Windows NT 5.1; Trident/4.0; .NET CLR 1.1.4322; .NET CLR 2.0.50727)"
208.115.111.68 - - [20/Jun/2014:05:27:04 -0400] "GET /promotions/?tag=Kate%20Spade HTTP/1.1" 301 264 "-" "Mozilla/5.0 (compatible; DotBot/1.1; http://www.opensiteexplorer.org/dotbot, help@moz.com)"
76.199.215.46 - - [20/Jun/2014:12:04:27 -0400] "GET /files/stacks_image_436.jpg HTTP/1.1" 200 3819 "http://eyepiecestexas.com/" "Mozilla/5.0 (compatible; MSIE 10.0; Windows NT 6.2; WOW64; Trident/6.0; MDDCJS)"
76.199.215.46 - - [20/Jun/2014:12:04:46 -0400] "GET /files/stacks_image_849.jpg HTTP/1.1" 200 3819 "http://eyepiecestexas.com/" "Mozilla/5.0 (compatible; MSIE 10.0; Windows NT 6.2; WOW64; Trident/6.0; MDDCJS)"
76.199.215.46 - - [20/Jun/2014:12:04:46 -0400] "GET /files/stacks_image_863.jpg HTTP/1.1" 200 4319 "http://eyepiecestexas.com/" "Mozilla/5.0 (compatible; MSIE 10.0; Windows NT 6.2; WOW64; Trident/6.0; MDDCJS)"
76.199.215.46 - - [20/Jun/2014:12:44:45 -0400] "GET /files/stacks_image_111.jpg HTTP/1.1" 200 3819 "http://eyepiecestexas.com/" "Mozilla/5.0 (compatible; MSIE 10.0; Windows NT 6.2; WOW64; Trident/6.0; MDDCJS)"
12.71.193.18 - - [20/Jun/2014:13:23:45 -0400] "GET /rw_common/themes/dexture/consolidated-print-4.css HTTP/1.1" 200 8288 "http://eyepiecestexas.com/find-us/" "Mozilla/5.0 (Windows NT 5.1) AppleWebKit/537.36 (KHTML, like Gecko) Chrome/35.0.1916.153 Safari/537.36"
12.71.193.18 - - [20/Jun/2014:13:23:46 -0400] "GET /find-us/files/mapassets/doomapminus0.png HTTP/1.1" 200 2936 "http://eyepiecestexas.com/find-us/" "Mozilla/5.0 (Windows NT 5.1) AppleWebKit/537.36 (KHTML, like Gecko) Chrome/35.0.1916.153 Safari/537.36"
12.71.193.18 - - [20/Jun/2014:13:23:47 -0400] "GET /favicon.ico HTTP/1.1" 200 5819 "-" "Mozilla/5.0 (Windows NT 5.1) AppleWebKit/537.36 (KHTML, like Gecko) Chrome/35.0.1916.153 Safari/537.36"
12.71.193.18 - - [20/Jun/2014:13:23:47 -0400] "GET /files/stacks_image_785.jpg HTTP/1.1" 200 3819 "http://eyepiecestexas.com/find-us/" "Mozilla/5.0 (Windows NT 5.1) AppleWebKit/537.36 (KHTML, like Gecko) Chrome/35.0.1916.153 Safari/537.36"
180.76.6.55 - - [20/Jun/2014:13:38:15 -0400] "GET /promotions/?tag=Trunk%25252520Show HTTP/1.1" 301 270 "-" "Mozilla/5.0 (compatible; Baiduspider/2.0; +http://www.baidu.com/search/spider.html)"
76.199.215.46 - - [20/Jun/2014:14:14:00 -0400] "GET /files/stacks_image_849.jpg HTTP/1.1" 200 3819 "http://eyepiecestexas.com/" "Mozilla/5.0 (compatible; MSIE 10.0; Windows NT 6.2; WOW64; Trident/6.0)"
66.87.102.73 - - [20/Jun/2014:14:26:14 -0400] "GET /eyewear/files/stacks_image_347.jpg HTTP/1.1" 200 4102 "http://www.google.com/" "Mozilla/5.0 (Linux; Android 4.4.2; XT1031 Build/KXB20.9-1.10-1.18-1.1) AppleWebKit/537.36 (KHTML, like Gecko) Chrome/30.0.1599.92 Mobile Safari/537.36"
66.87.102.73 - - [20/Jun/2014:14:26:16 -0400] "GET /eyewear/files/stacks_image_398.jpg HTTP/1.1" 200 16566 "http://www.google.com/" "Mozilla/5.0 (Linux; Android 4.4.2; XT1031 Build/KXB20.9-1.10-1.18-1.1) AppleWebKit/537.36 (KHTML, like Gecko) Chrome/30.0.1599.92 Mobile Safari/537.36"
199.30.24.133 - - [20/Jun/2014:16:14:42 -0400] "GET /rw_common/themes/dexture/images/pageTopShadow400px.png HTTP/1.1" 200 1299 "http://eyepiecestexas.com/about/" "Mozilla/5.0 (Windows NT 6.1; WOW64) AppleWebKit/534+ (KHTML, like Gecko) BingPreview/1.0b"
199.30.24.133 - - [20/Jun/2014:16:14:43 -0400] "GET /rw_common/themes/dexture/images/upperShadow.png HTTP/1.1" 200 218 "http://eyepiecestexas.com/about/" "Mozilla/5.0 (Windows NT 6.1; WOW64) AppleWebKit/534+ (KHTML, like Gecko) BingPreview/1.0b"
199.30.24.133 - - [20/Jun/2014:16:14:44 -0400] "GET /rw_common/themes/dexture/images/darkAlphaBg.png HTTP/1.1" 200 70 "http://eyepiecestexas.com/about/" "Mozilla/5.0 (Windows NT 6.1; WOW64) AppleWebKit/534+ (KHTML, like Gecko) BingPreview/1.0b"
199.30.24.133 - - [20/Jun/2014:16:14:44 -0400] "GET /rw_common/themes/dexture/images/closebox.png HTTP/1.1" 200 1910 "http://eyepiecestexas.com/about/" "Mozilla/5.0 (Windows NT 6.1; WOW64) AppleWebKit/534+ (KHTML, like Gecko) BingPreview/1.0b"
76.199.215.46 - - [20/Jun/2014:17:12:32 -0400] "GET /files/stacks_image_785.jpg HTTP/1.1" 200 3819 "http://eyepiecestexas.com/" "Mozilla/5.0 (compatible; MSIE 10.0; Windows NT 6.2; WOW64; Trident/6.0; MDDCJS)"
184.146.178.5 - - [20/Jun/2014:21:10:30 -0400] "GET /rw_common/themes/dexture/consolidated-handheld-0.css HTTP/1.1" 200 12097 "http://eyepiecestexas.com/" "Mozilla/5.0 (Linux; U; Android 2.3.7; en-us; LG-P940 Build/GWK74) AppleWebKit/533.1 (KHTML, like Gecko) Version/4.0 Mobile Safari/533.1"
184.146.178.5 - - [20/Jun/2014:21:10:30 -0400] "GET /rw_common/themes/dexture/scripts/jquery.fancyzoom.js HTTP/1.1" 200 6272 "http://eyepiecestexas.com/" "Mozilla/5.0 (Linux; U; Android 2.3.7; en-us; LG-P940 Build/GWK74) AppleWebKit/533.1 (KHTML, like Gecko) Version/4.0 Mobile Safari/533.1"
184.146.178.5 - - [20/Jun/2014:21:10:30 -0400] "GET /rw_common/themes/dexture/scripts/jquery.cycle.min.js HTTP/1.1" 200 31987 "http://eyepiecestexas.com/" "Mozilla/5.0 (Linux; U; Android 2.3.7; en-us; LG-P940 Build/GWK74) AppleWebKit/533.1 (KHTML, like Gecko) Version/4.0 Mobile Safari/533.1"
184.146.178.5 - - [20/Jun/2014:21:10:30 -0400] "GET /rw_common/themes/dexture/scripts/jquery.crossSlide.min.js HTTP/1.1" 200 6976 "http://eyepiecestexas.com/" "Mozilla/5.0 (Linux; U; Android 2.3.7; en-us; LG-P940 Build/GWK74) AppleWebKit/533.1 (KHTML, like Gecko) Version/4.0 Mobile Safari/533.1"
184.146.178.5 - - [20/Jun/2014:21:10:30 -0400] "GET /files/stacks_page_page0.css HTTP/1.1" 200 8583 "http://eyepiecestexas.com/" "Mozilla/5.0 (Linux; U; Android 2.3.7; en-us; LG-P940 Build/GWK74) AppleWebKit/533.1 (KHTML, like Gecko) Version/4.0 Mobile Safari/533.1"
184.146.178.5 - - [20/Jun/2014:21:10:32 -0400] "GET /rw_common/themes/dexture/images/mainContentCornerShadowLeft.png HTTP/1.1" 200 1452 "http://eyepiecestexas.com/" "Mozilla/5.0 (Linux; U; Android 2.3.7; en-us; LG-P940 Build/GWK74) AppleWebKit/533.1 (KHTML, like Gecko) Version/4.0 Mobile Safari/533.1"
54.237.197.55 - - [20/Jun/2014:08:56:56 -0400] "GET /eyewear/files/stacks_image_594.jpg HTTP/1.1" 200 18428 "-" "Pinterest/0.1 +http://pinterest.com/"
54.83.119.150 - - [20/Jun/2014:08:56:56 -0400] "GET /eyewear/files/stacks_image_594.jpg HTTP/1.1" 200 18428 "-" "Pinterest/0.1 +http://pinterest.com/"
193.150.120.14 - - [20/Jun/2014:09:42:14 -0400] "GET / HTTP/1.1" 200 23391 "http://www.vniitest.ru/" "Mozilla/4.0 (compatible; MSIE 6.0; Windows NT 5.2; Win64; x64; SV1; .NET CLR 2.0.50727)"
76.199.215.46 - - [20/Jun/2014:10:13:39 -0400] "GET /files/stacks_image_436.jpg HTTP/1.1" 200 3819 "http://eyepiecestexas.com/" "Mozilla/5.0 (compatible; MSIE 10.0; Windows NT 6.2; WOW64; Trident/6.0; MDDCJS)"
69.15.252.150 - - [20/Jun/2014:10:25:29 -0400] "GET /rw_common/themes/dexture/consolidated-all-0.css HTTP/1.1" 304 - "http://eyepiecestexas.com/" "Mozilla/5.0 (iPhone; CPU iPhone OS 7_1_1 like Mac OS X) AppleWebKit/537.51.2 (KHTML, like Gecko) Version/7.0 Mobile/11D201 Safari/9537.53"
69.15.252.150 - - [20/Jun/2014:10:25:29 -0400] "GET /files/stacks_page_page0.js HTTP/1.1" 304 - "http://eyepiecestexas.com/" "Mozilla/5.0 (iPhone; CPU iPhone OS 7_1_1 like Mac OS X) AppleWebKit/537.51.2 (KHTML, like Gecko) Version/7.0 Mobile/11D201 Safari/9537.53"
69.15.252.150 - - [20/Jun/2014:10:25:29 -0400] "GET /rw_common/images/eye-pieces-logo-altered-50.png HTTP/1.1" 304 - "http://eyepiecestexas.com/" "Mozilla/5.0 (iPhone; CPU iPhone OS 7_1_1 like Mac OS X) AppleWebKit/537.51.2 (KHTML, like Gecko) Version/7.0 Mobile/11D201 Safari/9537.53"
71.170.52.143 - - [20/Jun/2014:00:36:14 -0400] "GET /rw_common/themes/dexture/scripts/jquery.crossSlide.min.js HTTP/1.1" 200 6976 "http://eyepiecestexas.com/" "Mozilla/5.0 (iPad; CPU OS 7_1_1 like Mac OS X) AppleWebKit/537.51.2 (KHTML, like Gecko) Version/7.0 Mobile/11D201 Safari/9537.53"
71.170.52.143 - - [20/Jun/2014:01:10:41 -0400] "GET /rw_common/themes/dexture/javascript.js HTTP/1.1" 200 14608 "http://eyepiecestexas.com/" "Mozilla/5.0 (iPad; CPU OS 7_1_1 like Mac OS X) AppleWebKit/537.51.2 (KHTML, like Gecko) Version/7.0 Mobile/11D201 Safari/9537.53"
71.170.52.143 - - [20/Jun/2014:01:10:41 -0400] "GET /files/stacks_image_165.png HTTP/1.1" 200 5522 "http://eyepiecestexas.com/" "Mozilla/5.0 (iPad; CPU OS 7_1_1 like Mac OS X) AppleWebKit/537.51.2 (KHTML, like Gecko) Version/7.0 Mobile/11D201 Safari/9537.53"
157.55.39.47 - - [20/Jun/2014:01:50:17 -0400] "GET /ic!_Berlin.html HTTP/1.1" 200 4319 "-" "Mozilla/5.0 (compatible; bingbot/2.0; +http://www.bing.com/bingbot.htm)"
183.60.214.8 - - [20/Jun/2014:03:02:12 -0400] "GET /promotions/index.php?post_id=13&title=its-finally-arrived HTTP/1.1" 200 15507 "-" "Mozilla/5.0 (compatible; EasouSpider; +http://www.easou.com/search/spider.html)"
123.125.71.104 - - [20/Jun/2014:04:29:55 -0400] "GET /eyewear/files/stacks_image_176.png HTTP/1.1" 301 268 "-" "Baiduspider-image+(+http://www.baidu.com/search/spider.htm)\\nReferer: http://image.baidu.com/i?ct=503316480&z=0&tn=baiduimagedetail"
76.199.215.46 - - [20/Jun/2014:12:44:44 -0400] "GET /files/stacks_image_785.jpg HTTP/1.1" 200 3819 "http://eyepiecestexas.com/" "Mozilla/5.0 (compatible; MSIE 10.0; Windows NT 6.2; WOW64; Trident/6.0; MDDCJS)"
76.183.173.221 - - [20/Jun/2014:13:42:48 -0400] "GET /rw_common/themes/dexture/consolidated-all-0.css HTTP/1.1" 200 12134 "http://eyepiecestexas.com/" "Mozilla/5.0 (Macintosh; Intel Mac OS X 10_6_8) AppleWebKit/534.59.10 (KHTML, like Gecko) Version/5.1.9 Safari/534.59.10"
76.183.173.221 - - [20/Jun/2014:13:42:48 -0400] "GET /rw_common/themes/dexture/scripts/jquery.crossSlide.min.js HTTP/1.1" 200 6976 "http://eyepiecestexas.com/" "Mozilla/5.0 (Macintosh; Intel Mac OS X 10_6_8) AppleWebKit/534.59.10 (KHTML, like Gecko) Version/5.1.9 Safari/534.59.10"
