66.249.83.35 - - [20/Jun/2014:02:46:57 -0400] "GET /rw_common/themes/dexture/images/bm.png HTTP/1.1" 200 1330 "http://eyepiecestexas.com/" "Mozilla/5.0 (compatible; MSIE 8.0; Windows NT 5.1; Trident/4.0; .NET CLR 1.1.4322; .NET CLR 2.0.50727)"
66.249.83.35 - - [20/Jun/2014:02:46:57 -0400] "GET /rw_common/themes/dexture/images/br.png HTTP/1.1" 200 1808 "http://eyepiecestexas.com/" "Mozilla/5.0 (compatible; MSIE 8.0; Windows NT 5.1; Trident/4.0; .NET CLR 1.1.4322; .NET CLR 2.0.50727)"
157.55.39.104 - - [20/Jun/2014:02:50:43 -0400] "GET /insurance/ HTTP/1.1" 304 - "-" "Mozilla/5.0 (compatible; bingbot/2.0; +http://www.bing.com/bingbot.htm)"
208.115.113.84 - - [20/Jun/2014:03:21:52 -0400] "GET /promotions/?tag=Eyewear HTTP/1.1" 200 24684 "-" "Mozilla/5.0 (compatible; DotBot/1.1; http://www.opensiteexplorer.org/dotbot, help@moz.com)"
76.199.215.46 - - [20/Jun/2014:15:04:16 -0400] "GET /files/stacks_image_436.jpg HTTP/1.1" 200 3819 "http://eyepiecestexas.com/" "Mozilla/5.0 (compatible; MSIE 10.0; Windows NT 6.2; WOW64; Trident/6.0; MDDCJS)"
157.55.39.47 - - [20/Jun/2014:15:42:50 -0400] "GET / HTTP/1.1" 200 23391 "-" "Mozilla/5.0 (compatible; bingbot/2.0; +http://www.bing.com/bingbot.htm)"
157.55.39.104 - - [20/Jun/2014:18:28:06 -0400] "GET /Eye_Pieces/Shops_at_Legacy.html HTTP/1.1" 200 7443 "-" "Mozilla/5.0 (compatible; bingbot/2.0; +http://www.bing.com/bingbot.htm)"
208.115.111.68 - - [20/Jun/2014:21:25:35 -0400] "GET /promotions/?tag=Eyewear HTTP/1.1" 301 257 "-" "Mozilla/5.0 (compatible; DotBot/1.1; http://www.opensiteexplorer.org/dotbot, help@moz.com)"
71.85.193.130 - - [20/Jun/2014:21:39:37 -0400] "GET / HTTP/1.1" 200 23391 "-" "Mozilla/4.0 (compatible; MSIE 8.0; Windows NT 6.1; Trident/4.0)"
208.115.113.84 - - [20/Jun/2014:23:18:09 -0400] "GET /promotions/.?tag=%20National%20Sunglasses%20Day HTTP/1.1" 200 17119 "-" "Mozilla/5.0 (compatible; DotBot/1.1; http://www.opensiteexplorer.org/dotbot, help@moz.com)"
65.55.215.34 - - [20/Jun/2014:07:57:05 -0400] "GET /robots.txt HTTP/1.1" 200 48 "-" "msnbot-media/1.1 (+http://search.msn.com/msnbot.htm)"
182.173.200.13 - - [20/Jun/2014:08:11:55 -0400] "GET /files/stacks_image_849.jpg HTTP/1.1" 200 3819 "http://eyepiecestexas.com/eyewear/" "Mozilla/5.0 (iPad; CPU OS 7_1_1 like Mac OS X) AppleWebKit/537.51.2 (KHTML, like Gecko) Version/7.0 Mobile/11D201 Safari/9537.53"
174.250.241.163 - - [20/Jun/2014:08:51:56 -0400] "GET /rw_common/themes/dexture/consolidated-handheld-0.css HTTP/1.1" 200 12097 "http://eyepiecestexas.com/" "Mozilla/5.0 (iPhone; CPU iPhone OS 7_0_6 like Mac OS X) AppleWebKit/537.51.1 (KHTML, like Gecko) Version/7.0 Mobile/11B651 Safari/9537.53"
174.250.241.163 - - [20/Jun/2014:08:51:57 -0400] "GET /rw_common/themes/dexture/consolidated-print-0.css HTTP/1.1" 200 9486 "http://eyepiecestexas.com/" "Mozilla/5.0 (iPhone; CPU iPhone OS 7_0_6 like Mac OS X) AppleWebKit/537.51.1 (KHTML, like Gecko) Version/7.0 Mobile/11B651 Safari/9537.53"
72.14.173.133 - - [20/Jun/2014:09:40:45 -0400] "GET /rw_common/themes/dexture/consolidated-all-2.css HTTP/1.0" 200 10936 "http://eyepiecestexas.com/eyewear/" "Mozilla/5.0 (Windows NT 6.1) AppleWebKit/537.36 (KHTML, like Gecko) Chrome/35.0.1916.153 Safari/537.36"
72.14.173.133 - - [20/Jun/2014:09:40:45 -0400] "GET /rw_common/themes/dexture/scripts/nimblehost.js HTTP/1.0" 200 17247 "http://eyepiecestexas.com/eyewear/" "Mozilla/5.0 (Windows NT 6.1) AppleWebKit/537.36 (KHTML, like Gecko) Chrome/35.0.1916.153 Safari/537.36"
72.14.173.133 - - [20/Jun/2014:09:40:45 -0400] "GET /rw_common/themes/dexture/javascript.js HTTP/1.0" 200 14608 "http://eyepiecestexas.com/eyewear/" "Mozilla/5.0 (Windows NT 6.1) AppleWebKit/537.36 (KHTML, like Gecko) Chrome/35.0.1916.153 Safari/537.36"
72.14.173.133 - - [20/Jun/2014:09:40:45 -0400] "GET /resources/Dream_Orphans_700.font.js HTTP/1.0" 200 36773 "http://eyepiecestexas.com/eyewear/" "Mozilla/5.0 (Windows NT 6.1) AppleWebKit/537.36 (KHTML, like Gecko) Chrome/35.0.1916.153 Safari/537.36"
72.14.173.133 - - [20/Jun/2014:09:40:45 -0400] "GET /rw_common/themes/dexture/consolidated-print-2.css HTTP/1.0" 200 8288 "http://eyepiecestexas.com/eyewear/" "Mozilla/5.0 (Windows NT 6.1) AppleWebKit/537.36 (KHTML, like Gecko) Chrome/35.0.1916.153 Safari/537.36"
72.14.173.133 - - [20/Jun/2014:09:40:46 -0400] "GET /rw_common/images/eye-pieces-logo-altered-50.png HTTP/1.0" 200 3333 "http://eyepiecestexas.com/eyewear/" "Mozilla/5.0 (Windows NT 6.1) AppleWebKit/537.36 (KHTML, like Gecko) Chrome/35.0.1916.153 Safari/537.36"
72.14.173.133 - - [20/Jun/2014:09:40:46 -0400] "GET /eyewear/files/stacks_image_877.jpg HTTP/1.0" 200 63884 "http://eyepiecestexas.com/eyewear/" "Mozilla/5.0 (Windows NT 6.1) AppleWebKit/537.36 (KHTML, like Gecko) Chrome/35.0.1916.153 Safari/537.36"
72.14.173.133 - - [20/Jun/2014:09:40:46 -0400] "GET /eyewear/files/stacks_image_70.jpg HTTP/1.0" 200 11185 "http://eyepiecestexas.com/eyewear/" "Mozilla/5.0 (Windows NT 6.1) AppleWebKit/537.36 (KHTML, like Gecko) Chrome/35.0.1916.153 Safari/537.36"
72.14.173.133 - - [20/Jun/2014:09:40:46 -0400] "GET /eyewear/files/gucci2.jpg HTTP/1.0" 200 19323 "http://eyepiecestexas.com/eyewear/" "Mozilla/5.0 (Windows NT 6.1) AppleWebKit/537.36 (KHTML, like Gecko) Chrome/35.0.1916.153 Safari/537.36"
72.14.173.133 - - [20/Jun/2014:09:40:46 -0400] "GET /eyewear/files/stacks_image_388.jpg HTTP/1.0" 200 37857 "http://eyepiecestexas.com/eyewear/" "Mozilla/5.0 (Windows NT 6.1) AppleWebKit/537.36 (KHTML, like Gecko) Chrome/35.0.1916.153 Safari/537.36"
72.14.173.133 - - [20/Jun/2014:09:40:46 -0400] "GET /eyewear/files/stacks_image_394.jpg HTTP/1.0" 200 17160 "http://eyepiecestexas.com/eyewear/" "Mozilla/5.0 (Windows NT 6.1) AppleWebKit/537.36 (KHTML, like Gecko) Chrome/35.0.1916.153 Safari/537.36"
72.14.173.133 - - [20/Jun/2014:09:40:46 -0400] "GET /eyewear/files/stacks_image_398.jpg HTTP/1.0" 200 16566 "http://eyepiecestexas.com/eyewear/" "Mozilla/5.0 (Windows NT 6.1) AppleWebKit/537.36 (KHTML, like Gecko) Chrome/35.0.1916.153 Safari/537.36"
72.14.173.133 - - [20/Jun/2014:09:40:46 -0400] "GET /eyewear/files/stacks_image_450.jpg HTTP/1.0" 200 10075 "http://eyepiecestexas.com/eyewear/" "Mozilla/5.0 (Windows NT 6.1) AppleWebKit/537.36 (KHTML, like Gecko) Chrome/35.0.1916.153 Safari/537.36"
72.14.173.133 - - [20/Jun/2014:09:40:46 -0400] "GET /rw_common/themes/dexture/images/pageTopShadow400px.png HTTP/1.0" 200 1299 "http://eyepiecestexas.com/eyewear/" "Mozilla/5.0 (Windows NT 6.1) AppleWebKit/537.36 (KHTML, like Gecko) Chrome/35.0.1916.153 Safari/537.36"
72.14.173.133 - - [20/Jun/2014:09:40:47 -0400] "GET /rw_common/themes/dexture/images/lightAlphaBg.png HTTP/1.0" 200 179 "http://eyepiecestexas.com/eyewear/" "Mozilla/5.0 (Windows NT 6.1) AppleWebKit/537.36 (KHTML, like Gecko) Chrome/35.0.1916.153 Safari/537.36"
72.14.173.133 - - [20/Jun/2014:09:40:47 -0400] "GET /rw_common/themes/dexture/images/pageTopGradient.png HTTP/1.0" 200 1338 "http://eyepiecestexas.com/eyewear/" "Mozilla/5.0 (Windows NT 6.1) AppleWebKit/537.36 (KHTML, like Gecko) Chrome/35.0.1916.153 Safari/537.36"
72.14.173.133 - - [20/Jun/2014:09:40:47 -0400] "GET /eyewear/files/stacks_image_336.png HTTP/1.0" 200 5784 "http://eyepiecestexas.com/eyewear/" "Mozilla/5.0 (Windows NT 6.1) AppleWebKit/537.36 (KHTML, like Gecko) Chrome/35.0.1916.153 Safari/537.36"
72.14.173.133 - - [20/Jun/2014:09:40:47 -0400] "GET /eyewear/files/stacks_image_456.jpg HTTP/1.0" 200 7898 "http://eyepiecestexas.com/eyewear/" "Mozilla/5.0 (Windows NT 6.1) AppleWebKit/537.36 (KHTML, like Gecko) Chrome/35.0.1916.153 Safari/537.36"
72.14.173.133 - - [20/Jun/2014:09:40:47 -0400] "GET /eyewear/files/stacks_image_304.png HTTP/1.0" 200 10831 "http://eyepiecestexas.com/eyewear/" "Mozilla/5.0 (Windows NT 6.1) AppleWebKit/537.36 (KHTML, like Gecko) Chrome/35.0.1916.153 Safari/537.36"
72.14.173.133 - - [20/Jun/2014:09:40:47 -0400] "GET /eyewear/files/stacks_image_308.png HTTP/1.0" 200 153247 "http://eyepiecestexas.com/eyewear/" "Mozilla/5.0 (Windows NT 6.1) AppleWebKit/537.36 (KHTML, like Gecko) Chrome/35.0.1916.153 Safari/537.36"
72.14.173.133 - - [20/Jun/2014:09:40:48 -0400] "GET /eyewear/files/stacks_image_506.jpg HTTP/1.0" 200 5890 "http://eyepiecestexas.com/eyewear/" "Mozilla/5.0 (Windows NT 6.1) AppleWebKit/537.36 (KHTML, like Gecko) Chrome/35.0.1916.153 Safari/537.36"
66.249.67.122 - - [20/Jun/2014:09:49:06 -0400] "GET /sitemap.xml HTTP/1.1" 200 971 "-" "Mozilla/5.0 (compatible; Googlebot/2.1; +http://www.google.com/bot.html)"
203.210.0.83 - - [20/Jun/2014:10:17:32 -0400] "GET /eyewear/files/stacks_image_460.jpg HTTP/1.1" 200 15404 "https://www.google.com.hk/" "Mozilla/5.0 (iPad; CPU OS 7_1_1 like Mac OS X) AppleWebKit/537.51.2 (KHTML, like Gecko) Version/7.0 Mobile/11D201 Safari/9537.53"
50.59.71.195 - - [20/Jun/2014:11:36:17 -0400] "GET /files/stacks_image_800.jpg HTTP/1.0" 200 3819 "http://eyepiecestexas.com/" "Mozilla/5.0 (compatible; MSIE 10.0; Windows NT 6.1; WOW64; Trident/6.0)"
76.199.215.46 - - [20/Jun/2014:11:58:36 -0400] "GET /files/stacks_image_436.jpg HTTP/1.1" 200 5819 "http://eyepiecestexas.com/" "Mozilla/5.0 (compatible; MSIE 10.0; Windows NT 6.2; WOW64; Trident/6.0; MDDCJS)"
180.76.6.51 - - [20/Jun/2014:12:40:32 -0400] "GET /promotions/?tag=Tom%2520Ford HTTP/1.1" 301 264 "-" "Mozilla/5.0 (compatible; Baiduspider/2.0; +http://www.baidu.com/search/spider.html)"
12.71.193.18 - - [20/Jun/2014:13:23:24 -0400] "GET /favicon.ico HTTP/1.1" 200 4319 "-" "Mozilla/5.0 (Windows NT 5.1) AppleWebKit/537.36 (KHTML, like Gecko) Chrome/35.0.1916.153 Safari/537.36"
12.71.193.18 - - [20/Jun/2014:13:23:24 -0400] "GET /files/stacks_image_875.jpg HTTP/1.1" 200 3819 "http://eyepiecestexas.com/" "Mozilla/5.0 (Windows NT 5.1) AppleWebKit/537.36 (KHTML, like Gecko) Chrome/35.0.1916.153 Safari/537.36"
71.170.52.143 - - [20/Jun/2014:02:12:35 -0400] "GET /files/stacks_page_page0.js HTTP/1.1" 200 61538 "http://eyepiecestexas.com/" "Mozilla/5.0 (iPad; CPU OS 7_1_1 like Mac OS X) AppleWebKit/537.51.2 (KHTML, like Gecko) Version/7.0 Mobile/11D201 Safari/9537.53"
71.170.52.143 - - [20/Jun/2014:02:12:35 -0400] "GET /rw_common/images/eye-pieces-logo-altered-50.png HTTP/1.1" 200 3333 "http://eyepiecestexas.com/" "Mozilla/5.0 (iPad; CPU OS 7_1_1 like Mac OS X) AppleWebKit/537.51.2 (KHTML, like Gecko) Version/7.0 Mobile/11D201 Safari/9537.53"
71.170.52.143 - - [20/Jun/2014:02:12:35 -0400] "GET /files/stacks_image_167.png HTTP/1.1" 200 5784 "http://eyepiecestexas.com/" "Mozilla/5.0 (iPad; CPU OS 7_1_1 like Mac OS X) AppleWebKit/537.51.2 (KHTML, like Gecko) Version/7.0 Mobile/11D201 Safari/9537.53"
71.170.52.143 - - [20/Jun/2014:02:12:35 -0400] "GET /rw_common/themes/dexture/images/editable_images/paper.png HTTP/1.1" 200 154825 "http://eyepiecestexas.com/" "Mozilla/5.0 (iPad; CPU OS 7_1_1 like Mac OS X) AppleWebKit/537.51.2 (KHTML, like Gecko) Version/7.0 Mobile/11D201 Safari/9537.53"
218.30.103.58 - - [20/Jun/2014:04:53:31 -0400] "GET /robots.txt HTTP/1.1" 200 48 "-" "Sogou web spider/4.0(+http://www.sogou.com/docs/help/webmasters.htm#07)"
199.30.20.34 - - [20/Jun/2014:16:10:32 -0400] "GET /files/stacks_image_724.jpg HTTP/1.1" 200 79317 "-" "msnbot-media/1.1 (+http://search.msn.com/msnbot.htm)"
97.75.104.18 - - [20/Jun/2014:17:29:17 -0400] "GET /rw_common/themes/dexture/consolidated-print-0.css HTTP/1.1" 200 9486 "http://eyepiecestexas.com/" "Mozilla/5.0 (Macintosh; Intel Mac OS X 10_9_3) AppleWebKit/537.76.4 (KHTML, like Gecko) Version/7.0.4 Safari/537.76.4"
97.75.104.18 - - [20/Jun/2014:17:29:17 -0400] "GET /rw_common/themes/dexture/scripts/nimblehostDropDownMenu.js HTTP/1.1" 200 988 "http://eyepiecestexas.com/" "Mozilla/5.0 (Macintosh; Intel Mac OS X 10_9_3) AppleWebKit/537.76.4 (KHTML, like Gecko) Version/7.0.4 Safari/537.76.4"
97.75.104.18 - - [20/Jun/2014:17:29:17 -0400] "GET /rw_common/plugins/stacks/stacks.css HTTP/1.1" 200 828 "http://eyepiecestexas.com/" "Mozilla/5.0 (Macintosh; Intel Mac OS X 10_9_3) AppleWebKit/537.76.4 (KHTML, like Gecko) Version/7.0.4 Safari/537.76.4"
97.75.104.18 - - [20/Jun/2014:17:29:17 -0400] "GET /rw_common/themes/dexture/images/pageTopShadow400px.png HTTP/1.1" 200 1299 "http://eyepiecestexas.com/" "Mozilla/5.0 (Macintosh; Intel Mac OS X 10_9_3) AppleWebKit/537.76.4 (KHTML, like Gecko) Version/7.0.4 Safari/537.76.4"
97.75.104.18 - - [20/Jun/2014:17:29:17 -0400] "GET /files/stacks_image_722.jpg HTTP/1.1" 200 61124 "http://eyepiecestexas.com/" "Mozilla/5.0 (Macintosh; Intel Mac OS X 10_9_3) AppleWebKit/537.76.4 (KHTML, like Gecko) Version/7.0.4 Safari/537.76.4"
97.75.104.18 - - [20/Jun/2014:17:29:20 -0400] "GET /files/stacks_image_436.jpg HTTP/1.1" 200 5819 "http://eyepiecestexas.com/" "Mozilla/5.0 (Macintosh; Intel Mac OS X 10_9_3) AppleWebKit/537.76.4 (KHTML, like Gecko) Version/7.0.4 Safari/537.76.4"
76.199.215.46 - - [20/Jun/2014:18:49:18 -0400] "GET /favicon.ico HTTP/1.1" 200 3819 "-" "Mozilla/5.0 (compatible; MSIE 10.0; Windows NT 6.2; WOW64; Trident/6.0; MDDCJS)"
199.30.25.142 - - [20/Jun/2014:19:29:36 -0400] "GET /Eye_Pieces/Shops_at_Legacy_files/comic-1_01.png HTTP/1.1" 200 112 "http://eyepiecestexas.com/Eye_Pieces/Shops_at_Legacy.html" "Mozilla/5.0 (Windows NT 6.1; WOW64) AppleWebKit/534+ (KHTML, like Gecko) BingPreview/1.0b"
199.30.25.142 - - [20/Jun/2014:19:29:48 -0400] "GET /Eye_Pieces/Shops_at_Legacy_files/comic-1_02.png HTTP/1.1" 200 179 "http://eyepiecestexas.com/Eye_Pieces/Shops_at_Legacy.html" "Mozilla/5.0 (Windows NT 6.1; WOW64) AppleWebKit/534+ (KHTML, like Gecko) BingPreview/1.0b"
199.30.25.142 - - [20/Jun/2014:19:30:05 -0400] "GET /Eye_Pieces/Shops_at_Legacy_files/comic-1_09_2.png HTTP/1.1" 200 140 "http://eyepiecestexas.com/Eye_Pieces/Shops_at_Legacy.html" "Mozilla/5.0 (Windows NT 6.1; WOW64) AppleWebKit/534+ (KHTML, like Gecko) BingPreview/1.0b"
199.30.25.142 - - [20/Jun/2014:19:30:06 -0400] "GET /Eye_Pieces/Shops_at_Legacy_files/comic-1_01_3.png HTTP/1.1" 200 112 "http://eyepiecestexas.com/Eye_Pieces/Shops_at_Legacy.html" "Mozilla/5.0 (Windows NT 6.1; WOW64) AppleWebKit/534+ (KHTML, like Gecko) BingPreview/1.0b"
123.125.71.78 - - [20/Jun/2014:07:00:25 -0400] "GET /eyewear/files/stacks_image_314.png HTTP/1.1" 200 10831 "-" "Baiduspider-image+(+http://www.baidu.com/search/spider.htm)\\nReferer: http://image.baidu.com/i?ct=503316480&z=0&tn=baiduimagedetail"
182.173.200.13 - - [20/Jun/2014:08:11:25 -0400] "GET /files/stacks_image_800.jpg HTTP/1.1" 200 3819 "http://eyepiecestexas.com/eyewear/" "Mozilla/5.0 (iPad; CPU OS 7_1_1 like Mac OS X) AppleWebKit/537.51.2 (KHTML, like Gecko) Version/7.0 Mobile/11D201 Safari/9537.53"
76.185.127.65 - - [20/Jun/2014:08:38:19 -0400] "GET /files/stacks_image_800.jpg HTTP/1.1" 200 4319 "http://eyepiecestexas.com/" "Mozilla/5.0 (iPhone; CPU iPhone OS 7_1_1 like Mac OS X) AppleWebKit/537.51.2 (KHTML, like Gecko) Version/7.0 Mobile/11D201 Safari/9537.53"
174.250.241.163 - - [20/Jun/2014:08:51:33 -0400] "GET /files/stacks_image_800.jpg HTTP/1.1" 200 4319 "http://eyepiecestexas.com/" "Mozilla/5.0 (iPhone; CPU iPhone OS 7_0_6 like Mac OS X) AppleWebKit/537.51.1 (KHTML, like Gecko) Version/7.0 Mobile/11B651 Safari/9537.53"
173.167.168.193 - - [20/Jun/2014:09:49:50 -0400] "GET /eyewear/files/stacks_page_page2.css HTTP/1.1" 200 47161 "http://eyepiecestexas.com/eyewear/" "Mozilla/5.0 (Macintosh; Intel Mac OS X 10_9_2) AppleWebKit/537.36 (KHTML, like Gecko) Chrome/35.0.1916.114 Safari/537.36"
173.167.168.193 - - [20/Jun/2014:09:49:51 -0400] "GET /eyewear/files/stacks_image_875.jpg HTTP/1.1" 200 49218 "http://eyepiecestexas.com/eyewear/" "Mozilla/5.0 (Macintosh; Intel Mac OS X 10_9_2) AppleWebKit/537.36 (KHTML, like Gecko) Chrome/35.0.1916.114 Safari/537.36"
173.167.168.193 - - [20/Jun/2014:09:49:51 -0400] "GET /eyewear/files/stacks_image_369.jpg HTTP/1.1" 200 8776 "http://eyepiecestexas.com/eyewear/" "Mozilla/5.0 (Macintosh; Intel Mac OS X 10_9_2) AppleWebKit/537.36 (KHTML, like Gecko) Chrome/35.0.1916.114 Safari/537.36"
173.167.168.193 - - [20/Jun/2014:09:49:51 -0400] "GET /rw_common/themes/dexture/images/pageTopGradient.png HTTP/1.1" 200 1338 "http://eyepiecestexas.com/eyewear/" "Mozilla/5.0 (Macintosh; Intel Mac OS X 10_9_2) AppleWebKit/537.36 (KHTML, like Gecko) Chrome/35.0.1916.114 Safari/537.36"
173.167.168.193 - - [20/Jun/2014:09:49:51 -0400] "GET /rw_common/themes/dexture/images/darkAlphaBg.png HTTP/1.1" 200 70 "http://eyepiecestexas.com/eyewear/" "Mozilla/5.0 (Macintosh; Intel Mac OS X 10_9_2) AppleWebKit/537.36 (KHTML, like Gecko) Chrome/35.0.1916.114 Safari/537.36"
173.167.168.193 - - [20/Jun/2014:09:49:51 -0400] "GET /eyewear/files/stacks_image_404.jpg HTTP/1.1" 200 7392 "http://eyepiecestexas.com/eyewear/" "Mozilla/5.0 (Macintosh; Intel Mac OS X 10_9_2) AppleWebKit/537.36 (KHTML, like Gecko) Chrome/35.0.1916.114 Safari/537.36"
173.167.168.193 - - [20/Jun/2014:09:49:51 -0400] "GET /eyewear/files/stacks_image_298.jpg HTTP/1.1" 200 26488 "http://eyepiecestexas.com/eyewear/" "Mozilla/5.0 (Macintosh; Intel Mac OS X 10_9_2) AppleWebKit/537.36 (KHTML, like Gecko) Chrome/35.0.1916.114 Safari/537.36"
173.167.168.193 - - [20/Jun/2014:09:49:51 -0400] "GET /eyewear/files/stacks_image_490.png HTTP/1.1" 200 188238 "http://eyepiecestexas.com/eyewear/" "Mozilla/5.0 (Macintosh; Intel Mac OS X 10_9_2) AppleWebKit/537.36 (KHTML, like Gecko) Chrome/35.0.1916.114 Safari/537.36"
173.167.168.193 - - [20/Jun/2014:09:49:52 -0400] "GET /eyewear/files/stacks_image_530.jpg HTTP/1.1" 200 32315 "http://eyepiecestexas.com/eyewear/" "Mozilla/5.0 (Macintosh; Intel Mac OS X 10_9_2) AppleWebKit/537.36 (KHTML, like Gecko) Chrome/35.0.1916.114 Safari/537.36"
173.167.168.193 - - [20/Jun/2014:09:49:52 -0400] "GET /eyewear/files/stacks_image_285.jpg HTTP/1.1" 200 28931 "http://eyepiecestexas.com/eyewear/" "Mozilla/5.0 (Macintosh; Intel Mac OS X 10_9_2) AppleWebKit/537.36 (KHTML, like Gecko) Chrome/35.0.1916.114 Safari/537.36"
173.167.168.193 - - [20/Jun/2014:09:49:52 -0400] "GET /eyewear/files/stacks_image_572.png HTTP/1.1" 200 105517 "http://eyepiecestexas.com/eyewear/" "Mozilla/5.0 (Macintosh; Intel Mac OS X 10_9_2) AppleWebKit/537.36 (KHTML, like Gecko) Chrome/35.0.1916.114 Safari/537.36"
173.167.168.193 - - [20/Jun/2014:09:49:52 -0400] "GET /eyewear/files/stacks_image_622.jpg HTTP/1.1" 200 7695 "http://eyepiecestexas.com/eyewear/" "Mozilla/5.0 (Macintosh; Intel Mac OS X 10_9_2) AppleWebKit/537.36 (KHTML, like Gecko) Chrome/35.0.1916.114 Safari/537.36"
173.167.168.193 - - [20/Jun/2014:09:49:52 -0400] "GET /eyewear/files/stacks_image_360.jpg HTTP/1.1" 200 23502 "http://eyepiecestexas.com/eyewear/" "Mozilla/5.0 (Macintosh; Intel Mac OS X 10_9_2) AppleWebKit/537.36 (KHTML, like Gecko) Chrome/35.0.1916.114 Safari/537.36"
173.167.168.193 - - [20/Jun/2014:09:49:52 -0400] "GET /eyewear/files/stacks_image_238.jpg HTTP/1.1" 200 26194 "http://eyepiecestexas.com/eyewear/" "Mozilla/5.0 (Macintosh; Intel Mac OS X 10_9_2) AppleWebKit/537.36 (KHTML, like Gecko) Chrome/35.0.1916.114 Safari/537.36"
173.167.168.193 - - [20/Jun/2014:09:49:52 -0400] "GET /rw_common/themes/dexture/images/ec6TopShadow.png HTTP/1.1" 200 49422 "http://eyepiecestexas.com/eyewear/" "Mozilla/5.0 (Macintosh; Intel Mac OS X 10_9_2) AppleWebKit/537.36 (KHTML, like Gecko) Chrome/35.0.1916.114 Safari/537.36"
173.167.168.193 - - [20/Jun/2014:09:49:53 -0400] "GET /files/stacks_image_849.jpg HTTP/1.1" 200 5819 "http://eyepiecestexas.com/eyewear/" "Mozilla/5.0 (Macintosh; Intel Mac OS X 10_9_2) AppleWebKit/537.36 (KHTML, like Gecko) Chrome/35.0.1916.114 Safari/537.36"
24.227.240.26 - - [20/Jun/2014:10:01:03 -0400] "GET /files/stacks_image_863.jpg HTTP/1.1" 200 3819 "http://eyepiecestexas.com/" "Mozilla/5.0 (Windows NT 6.1; WOW64) AppleWebKit/537.36 (KHTML, like Gecko) Chrome/35.0.1916.153 Safari/537.36"
24.227.240.26 - - [20/Jun/2014:10:01:59 -0400] "GET /favicon.ico HTTP/1.1" 200 3819 "-" "Mozilla/5.0 (Windows NT 6.1; WOW64) AppleWebKit/537.36 (KHTML, like Gecko) Chrome/35.0.1916.153 Safari/537.36"
162.229.69.244 - - [20/Jun/2014:10:02:21 -0400] "GET / HTTP/1.1" 200 23391 "http://www.google.com/url?sa=t&rct=j&q=&esrc=s&source=web&cd=9&ved=0CEgQFjAI&url=http%3A%2F%2Feyepiecestexas.com%2F&ei=Bj-kU-yLKYuXqAbbvICYAg&usg=AFQjCNFQLVYIcEqkoXjrM3W-GpmW-rM1JA&bvm=bv.69411363,d.b2k" "Mozilla/5.0 (Windows NT 6.1; WOW64; rv:30.0) Gecko/20100101 Firefox/30.0"
162.229.69.244 - - [20/Jun/2014:10:02:21 -0400] "GET /rw_common/themes/dexture/consolidated-screen-0.css HTTP/1.1" 200 21870 "http://eyepiecestexas.com/" "Mozilla/5.0 (Windows NT 6.1; WOW64; rv:30.0) Gecko/20100101 Firefox/30.0"
162.229.69.244 - - [20/Jun/2014:10:02:21 -0400] "GET /rw_common/themes/dexture/scripts/jquery.fancyzoom.js HTTP/1.1" 200 6272 "http://eyepiecestexas.com/" "Mozilla/5.0 (Windows NT 6.1; WOW64; rv:30.0) Gecko/20100101 Firefox/30.0"
162.229.69.244 - - [20/Jun/2014:10:02:22 -0400] "GET /rw_common/themes/dexture/scripts/nimblehostDropDownMenu.js HTTP/1.1" 200 988 "http://eyepiecestexas.com/" "Mozilla/5.0 (Windows NT 6.1; WOW64; rv:30.0) Gecko/20100101 Firefox/30.0"
162.229.69.244 - - [20/Jun/2014:10:02:22 -0400] "GET /rw_common/images/eye-pieces-logo-altered-50.png HTTP/1.1" 200 3333 "http://eyepiecestexas.com/" "Mozilla/5.0 (Windows NT 6.1; WOW64; rv:30.0) Gecko/20100101 Firefox/30.0"
162.229.69.244 - - [20/Jun/2014:10:02:22 -0400] "GET /files/stacks_image_729.jpg HTTP/1.1" 200 76071 "http://eyepiecestexas.com/" "Mozilla/5.0 (Windows NT 6.1; WOW64; rv:30.0) Gecko/20100101 Firefox/30.0"
162.229.69.244 - - [20/Jun/2014:10:02:22 -0400] "GET /files/stacks_image_164.png HTTP/1.1" 200 5120 "http://eyepiecestexas.com/" "Mozilla/5.0 (Windows NT 6.1; WOW64; rv:30.0) Gecko/20100101 Firefox/30.0"
162.229.69.244 - - [20/Jun/2014:10:02:22 -0400] "GET /rw_common/themes/dexture/images/editable_images/paper.png HTTP/1.1" 200 154825 "http://eyepiecestexas.com/rw_common/themes/dexture/consolidated-screen-0.css" "Mozilla/5.0 (Windows NT 6.1; WOW64; rv:30.0) Gecko/20100101 Firefox/30.0"
162.229.69.244 - - [20/Jun/2014:10:02:22 -0400] "GET /rw_common/themes/dexture/images/closebox.png HTTP/1.1" 200 1910 "http://eyepiecestexas.com/" "Mozilla/5.0 (Windows NT 6.1; WOW64; rv:30.0) Gecko/20100101 Firefox/30.0"
162.229.69.244 - - [20/Jun/2014:10:02:23 -0400] "GET /favicon.ico HTTP/1.1" 200 5819 "-" "Mozilla/5.0 (Windows NT 6.1; WOW64; rv:30.0) Gecko/20100101 Firefox/30.0"
69.15.252.150 - - [20/Jun/2014:10:25:00 -0400] "GET /files/stacks_image_863.jpg HTTP/1.1" 200 3819 "http://eyepiecestexas.com/" "Mozilla/5.0 (iPhone; CPU iPhone OS 7_1_1 like Mac OS X) AppleWebKit/537.51.2 (KHTML, like Gecko) Version/7.0 Mobile/11D201 Safari/9537.53"
76.199.215.46 - - [20/Jun/2014:12:04:12 -0400] "GET /favicon.ico HTTP/1.1" 200 4319 "-" "Mozilla/5.0 (compatible; MSIE 10.0; Windows NT 6.2; Win64; x64; Trident/6.0; MDDCJS)"
76.199.215.46 - - [20/Jun/2014:12:41:23 -0400] "GET /files/stacks_image_863.jpg HTTP/1.1" 200 3819 "http://eyepiecestexas.com/" "Mozilla/5.0 (compatible; MSIE 10.0; Windows NT 6.2; WOW64; Trident/6.0; MDDCJS)"
12.71.193.18 - - [20/Jun/2014:13:22:54 -0400] "GET /files/stacks_image_436.jpg HTTP/1.1" 200 3819 "http://eyepiecestexas.com/" "Mozilla/5.0 (Windows NT 5.1) AppleWebKit/537.36 (KHTML, like Gecko) Chrome/35.0.1916.153 Safari/537.36"
76.183.173.221 - - [20/Jun/2014:13:42:44 -0400] "GET /staff/ HTTP/1.1" 200 21893 "http://eyepiecestexas.com/" "Mozilla/5.0 (Macintosh; Intel Mac OS X 10_6_8) AppleWebKit/534.59.10 (KHTML, like Gecko) Version/5.1.9 Safari/534.59.10"
76.183.173.221 - - [20/Jun/2014:13:42:44 -0400] "GET /rw_common/themes/dexture/consolidated-screen-8.css HTTP/1.1" 200 21870 "http://eyepiecestexas.com/staff/" "Mozilla/5.0 (Macintosh; Intel Mac OS X 10_6_8) AppleWebKit/534.59.10 (KHTML, like Gecko) Version/5.1.9 Safari/534.59.10"
76.183.173.221 - - [20/Jun/2014:13:42:45 -0400] "GET /staff/files/fullpath_199.jpg HTTP/1.1" 200 37361 "http://eyepiecestexas.com/staff/" "Mozilla/5.0 (Macintosh; Intel Mac OS X 10_6_8) AppleWebKit/534.59.10 (KHTML, like Gecko) Version/5.1.9 Safari/534.59.10"
76.183.173.221 - - [20/Jun/2014:13:42:46 -0400] "GET /staff/files/fullpath_247.jpg HTTP/1.1" 200 33652 "http://eyepiecestexas.com/staff/" "Mozilla/5.0 (Macintosh; Intel Mac OS X 10_6_8) AppleWebKit/534.59.10 (KHTML, like Gecko) Version/5.1.9 Safari/534.59.10"
76.183.173.221 - - [20/Jun/2014:13:42:46 -0400] "GET /staff/files/rw2images/prevPageArrow.gif HTTP/1.1" 200 78 "http://eyepiecestexas.com/staff/" "Mozilla/5.0 (Macintosh; Intel Mac OS X 10_6_8) AppleWebKit/534.59.10 (KHTML, like Gecko) Version/5.1.9 Safari/534.59.10"
76.183.173.221 - - [20/Jun/2014:13:42:46 -0400] "GET /rw_common/themes/dexture/consolidated-handheld-8.css HTTP/1.1" 200 12097 "http://eyepiecestexas.com/staff/" "Mozilla/5.0 (Macintosh; Intel Mac OS X 10_6_8) AppleWebKit/534.59.10 (KHTML, like Gecko) Version/5.1.9 Safari/534.59.10"
76.183.173.221 - - [20/Jun/2014:13:42:46 -0400] "GET /rw_common/themes/dexture/consolidated-print-8.css HTTP/1.1" 200 9486 "http://eyepiecestexas.com/staff/" "Mozilla/5.0 (Macintosh; Intel Mac OS X 10_6_8) AppleWebKit/534.59.10 (KHTML, like Gecko) Version/5.1.9 Safari/534.59.10"
76.183.173.221 - - [20/Jun/2014:13:42:47 -0400] "GET /files/stacks_image_875.jpg HTTP/1.1" 200 5819 "http://eyepiecestexas.com/staff/" "Mozilla/5.0 (Macintosh; Intel Mac OS X 10_6_8) AppleWebKit/534.59.10 (KHTML, like Gecko) Version/5.1.9 Safari/534.59.10"
76.199.215.46 - - [20/Jun/2014:14:57:38 -0400] "GET /files/stacks_image_436.jpg HTTP/1.1" 200 3819 "http://eyepiecestexas.com/" "Mozilla/5.0 (compatible; MSIE 10.0; Windows NT 6.2; WOW64; Trident/6.0; MDDCJS)"
190.37.191.159 - - [20/Jun/2014:03:06:02 -0400] "GET / HTTP/1.0" 200 23391 "http://eyepiecestexas.com/" "Mozilla/5.0 (Windows NT 6.1; WOW64) AppleWebKit/537.36 (KHTML, like Gecko) Chrome/32.0.1700.76 Safari/537.36"
199.30.20.34 - - [20/Jun/2014:16:10:58 -0400] "GET /files/stacks_image_729.jpg HTTP/1.1" 200 76071 "-" "msnbot-media/1.1 (+http://search.msn.com/msnbot.htm)"
76.199.215.46 - - [20/Jun/2014:17:51:52 -0400] "GET /favicon.ico HTTP/1.1" 200 3819 "-" "Mozilla/5.0 (compatible; MSIE 10.0; Windows NT 6.2; Win64; x64; Trident/6.0; MDDCJS)"
157.55.39.89 - - [20/Jun/2014:19:13:26 -0400] "GET /Eye_Pieces/Contact_Lenses.html HTTP/1.1" 304 - "-" "Mozilla/5.0 (compatible; bingbot/2.0; +http://www.bing.com/bingbot.htm)"
66.249.89.32 - - [20/Jun/2014:19:42:48 -0400] "GET /feed HTTP/1.1" 200 3819 "-" "Feedfetcher-Google; (+http://www.google.com/feedfetcher.html; 1 subscribers; feed-id=11757162533075784121)"
66.249.89.37 - - [20/Jun/2014:20:17:20 -0400] "GET / HTTP/1.1" 200 23391 "-" "AdsBot-Google (+http://www.google.com/adsbot.html)"
66.249.89.37 - - [20/Jun/2014:20:18:23 -0400] "GET /files/stacks_image_724.jpg HTTP/1.1" 200 79317 "-" "AdsBot-Google (+http://www.google.com/adsbot.html)"
71.85.193.130 - - [20/Jun/2014:21:41:35 -0400] "GET /contact/ HTTP/1.1" 200 20174 "-" "Mozilla/4.0 (compatible; MSIE 8.0; Windows NT 6.1; Trident/4.0)"
71.85.193.130 - - [20/Jun/2014:22:43:05 -0400] "GET /contact/ HTTP/1.1" 200 20174 "-" "Mozilla/4.0 (compatible; MSIE 8.0; Windows NT 6.1; Trident/4.0)"
65.55.215.34 - - [20/Jun/2014:08:00:36 -0400] "GET /files/stacks_image_727.jpg HTTP/1.1" 200 79485 "-" "msnbot-media/1.1 (+http://search.msn.com/msnbot.htm)"
173.167.168.193 - - [20/Jun/2014:09:50:22 -0400] "GET /rw_common/themes/dexture/consolidated-screen-2.css HTTP/1.1" 200 20672 "http://eyepiecestexas.com/eyewear/" "Mozilla/5.0 (Macintosh; Intel Mac OS X 10_9_2) AppleWebKit/537.36 (KHTML, like Gecko) Chrome/35.0.1916.114 Safari/537.36"
173.167.168.193 - - [20/Jun/2014:09:50:22 -0400] "GET /rw_common/themes/dexture/javascript.js HTTP/1.1" 200 14608 "http://eyepiecestexas.com/eyewear/" "Mozilla/5.0 (Macintosh; Intel Mac OS X 10_9_2) AppleWebKit/537.36 (KHTML, like Gecko) Chrome/35.0.1916.114 Safari/537.36"
173.167.168.193 - - [20/Jun/2014:09:50:23 -0400] "GET /rw_common/themes/dexture/consolidated-print-2.css HTTP/1.1" 200 8288 "http://eyepiecestexas.com/eyewear/" "Mozilla/5.0 (Macintosh; Intel Mac OS X 10_9_2) AppleWebKit/537.36 (KHTML, like Gecko) Chrome/35.0.1916.114 Safari/537.36"
173.167.168.193 - - [20/Jun/2014:09:50:23 -0400] "GET /eyewear/files/stacks_image_877.jpg HTTP/1.1" 200 63884 "http://eyepiecestexas.com/eyewear/" "Mozilla/5.0 (Macintosh; Intel Mac OS X 10_9_2) AppleWebKit/537.36 (KHTML, like Gecko) Chrome/35.0.1916.114 Safari/537.36"
173.167.168.193 - - [20/Jun/2014:09:50:23 -0400] "GET /rw_common/themes/dexture/images/mainContentCornerShadowLeft.png HTTP/1.1" 200 1452 "http://eyepiecestexas.com/eyewear/" "Mozilla/5.0 (Macintosh; Intel Mac OS X 10_9_2) AppleWebKit/537.36 (KHTML, like Gecko) Chrome/35.0.1916.114 Safari/537.36"
173.167.168.193 - - [20/Jun/2014:09:50:23 -0400] "GET /eyewear/files/stacks_image_334.png HTTP/1.1" 200 5522 "http://eyepiecestexas.com/eyewear/" "Mozilla/5.0 (Macintosh; Intel Mac OS X 10_9_2) AppleWebKit/537.36 (KHTML, like Gecko) Chrome/35.0.1916.114 Safari/537.36"
173.167.168.193 - - [20/Jun/2014:09:50:23 -0400] "GET /eyewear/files/stacks_image_394.jpg HTTP/1.1" 200 17160 "http://eyepiecestexas.com/eyewear/" "Mozilla/5.0 (Macintosh; Intel Mac OS X 10_9_2) AppleWebKit/537.36 (KHTML, like Gecko) Chrome/35.0.1916.114 Safari/537.36"
173.167.168.193 - - [20/Jun/2014:09:50:23 -0400] "GET /eyewear/files/stacks_image_460.jpg HTTP/1.1" 200 15404 "http://eyepiecestexas.com/eyewear/" "Mozilla/5.0 (Macintosh; Intel Mac OS X 10_9_2) AppleWebKit/537.36 (KHTML, like Gecko) Chrome/35.0.1916.114 Safari/537.36"
173.167.168.193 - - [20/Jun/2014:09:50:23 -0400] "GET /eyewear/files/stacks_image_378.jpg HTTP/1.1" 200 34260 "http://eyepiecestexas.com/eyewear/" "Mozilla/5.0 (Macintosh; Intel Mac OS X 10_9_2) AppleWebKit/537.36 (KHTML, like Gecko) Chrome/35.0.1916.114 Safari/537.36"
173.167.168.193 - - [20/Jun/2014:09:50:23 -0400] "GET /eyewear/files/stacks_image_104.jpg HTTP/1.1" 200 9719 "http://eyepiecestexas.com/eyewear/" "Mozilla/5.0 (Macintosh; Intel Mac OS X 10_9_2) AppleWebKit/537.36 (KHTML, like Gecko) Chrome/35.0.1916.114 Safari/537.36"
173.167.168.193 - - [20/Jun/2014:09:50:23 -0400] "GET /eyewear/files/stacks_image_506.jpg HTTP/1.1" 200 5890 "http://eyepiecestexas.com/eyewear/" "Mozilla/5.0 (Macintosh; Intel Mac OS X 10_9_2) AppleWebKit/537.36 (KHTML, like Gecko) Chrome/35.0.1916.114 Safari/537.36"
173.167.168.193 - - [20/Jun/2014:09:50:24 -0400] "GET /eyewear/files/stacks_image_520.jpg HTTP/1.1" 200 48283 "http://eyepiecestexas.com/eyewear/" "Mozilla/5.0 (Macintosh; Intel Mac OS X 10_9_2) AppleWebKit/537.36 (KHTML, like Gecko) Chrome/35.0.1916.114 Safari/537.36"
173.167.168.193 - - [20/Jun/2014:09:50:24 -0400] "GET /eyewear/files/stacks_image_540.jpg HTTP/1.1" 200 24746 "http://eyepiecestexas.com/eyewear/" "Mozilla/5.0 (Macintosh; Intel Mac OS X 10_9_2) AppleWebKit/537.36 (KHTML, like Gecko) Chrome/35.0.1916.114 Safari/537.36"
173.167.168.193 - - [20/Jun/2014:09:50:24 -0400] "GET /eyewear/files/stacks_image_568.jpg HTTP/1.1" 200 7468 "http://eyepiecestexas.com/eyewear/" "Mozilla/5.0 (Macintosh; Intel Mac OS X 10_9_2) AppleWebKit/537.36 (KHTML, like Gecko) Chrome/35.0.1916.114 Safari/537.36"
173.167.168.193 - - [20/Jun/2014:09:50:24 -0400] "GET /eyewear/files/stacks_image_610.jpg HTTP/1.1" 200 6257 "http://eyepiecestexas.com/eyewear/" "Mozilla/5.0 (Macintosh; Intel Mac OS X 10_9_2) AppleWebKit/537.36 (KHTML, like Gecko) Chrome/35.0.1916.114 Safari/537.36"
173.167.168.193 - - [20/Jun/2014:09:50:24 -0400] "GET /eyewear/files/stacks_image_616.png HTTP/1.1" 200 82043 "http://eyepiecestexas.com/eyewear/" "Mozilla/5.0 (Macintosh; Intel Mac OS X 10_9_2) AppleWebKit/537.36 (KHTML, like Gecko) Chrome/35.0.1916.114 Safari/537.36"
173.167.168.193 - - [20/Jun/2014:09:50:24 -0400] "GET /eyewear/files/stacks_image_87.jpg HTTP/1.1" 200 5248 "http://eyepiecestexas.com/eyewear/" "Mozilla/5.0 (Macintosh; Intel Mac OS X 10_9_2) AppleWebKit/537.36 (KHTML, like Gecko) Chrome/35.0.1916.114 Safari/537.36"
173.167.168.193 - - [20/Jun/2014:09:50:24 -0400] "GET /rw_common/themes/dexture/images/editable_images/concrete.png HTTP/1.1" 200 198645 "http://eyepiecestexas.com/eyewear/" "Mozilla/5.0 (Macintosh; Intel Mac OS X 10_9_2) AppleWebKit/537.36 (KHTML, like Gecko) Chrome/35.0.1916.114 Safari/537.36"
173.167.168.193 - - [20/Jun/2014:09:50:25 -0400] "GET /favicon.ico HTTP/1.1" 200 5819 "-" "Mozilla/5.0 (Macintosh; Intel Mac OS X 10_9_2) AppleWebKit/537.36 (KHTML, like Gecko) Chrome/35.0.1916.114 Safari/537.36"
24.227.240.26 - - [20/Jun/2014:10:01:07 -0400] "GET /files/stacks_image_111.jpg HTTP/1.1" 200 3819 "http://eyepiecestexas.com/insurance/" "Mozilla/5.0 (Windows NT 6.1; WOW64) AppleWebKit/537.36 (KHTML, like Gecko) Chrome/35.0.1916.153 Safari/537.36"
166.147.72.164 - - [20/Jun/2014:10:02:30 -0400] "GET /rw_common/themes/dexture/consolidated-screen-0.css HTTP/1.1" 304 - "http://eyepiecestexas.com/" "Mozilla/5.0 (iPhone; CPU iPhone OS 7_1_1 like Mac OS X) AppleWebKit/537.51.2 (KHTML, like Gecko) Version/7.0 Mobile/11D201 Safari/9537.53"
166.147.72.164 - - [20/Jun/2014:10:02:30 -0400] "GET /files/stacks_page_page0.css HTTP/1.1" 304 - "http://eyepiecestexas.com/" "Mozilla/5.0 (iPhone; CPU iPhone OS 7_1_1 like Mac OS X) AppleWebKit/537.51.2 (KHTML, like Gecko) Version/7.0 Mobile/11D201 Safari/9537.53"
166.147.72.164 - - [20/Jun/2014:10:02:30 -0400] "GET /files/stacks_page_page0.js HTTP/1.1" 304 - "http://eyepiecestexas.com/" "Mozilla/5.0 (iPhone; CPU iPhone OS 7_1_1 like Mac OS X) AppleWebKit/537.51.2 (KHTML, like Gecko) Version/7.0 Mobile/11D201 Safari/9537.53"
166.147.72.164 - - [20/Jun/2014:10:02:30 -0400] "GET /rw_common/images/eye-pieces-logo-altered-50.png HTTP/1.1" 304 - "http://eyepiecestexas.com/" "Mozilla/5.0 (iPhone; CPU iPhone OS 7_1_1 like Mac OS X) AppleWebKit/537.51.2 (KHTML, like Gecko) Version/7.0 Mobile/11D201 Safari/9537.53"
166.147.72.164 - - [20/Jun/2014:10:02:31 -0400] "GET /files/stacks_image_409.jpg HTTP/1.1" 304 - "http://eyepiecestexas.com/" "Mozilla/5.0 (iPhone; CPU iPhone OS 7_1_1 like Mac OS X) AppleWebKit/537.51.2 (KHTML, like Gecko) Version/7.0 Mobile/11D201 Safari/9537.53"
50.59.71.195 - - [20/Jun/2014:11:36:19 -0400] "GET /files/stacks_image_436.jpg HTTP/1.0" 200 5319 "http://eyepiecestexas.com/" "Mozilla/5.0 (compatible; MSIE 10.0; Windows NT 6.1; WOW64; Trident/6.0)"
76.199.215.46 - - [20/Jun/2014:11:49:49 -0400] "GET /favicon.ico HTTP/1.1" 200 3819 "-" "Mozilla/5.0 (compatible; MSIE 10.0; Windows NT 6.2; Win64; x64; Trident/6.0; MDDCJS)"
12.71.193.18 - - [20/Jun/2014:13:22:30 -0400] "GET /files/stacks_image_800.jpg HTTP/1.1" 200 3819 "http://eyepiecestexas.com/" "Mozilla/5.0 (Windows NT 5.1) AppleWebKit/537.36 (KHTML, like Gecko) Chrome/35.0.1916.153 Safari/537.36"
12.71.193.18 - - [20/Jun/2014:13:23:26 -0400] "GET /favicon.ico HTTP/1.1" 200 3819 "-" "Mozilla/5.0 (Windows NT 5.1) AppleWebKit/537.36 (KHTML, like Gecko) Chrome/35.0.1916.153 Safari/537.36"
12.71.193.18 - - [20/Jun/2014:13:23:43 -0400] "GET /rw_common/themes/dexture/consolidated-all-4.css HTTP/1.1" 200 10936 "http://eyepiecestexas.com/find-us/" "Mozilla/5.0 (Windows NT 5.1) AppleWebKit/537.36 (KHTML, like Gecko) Chrome/35.0.1916.153 Safari/537.36"
12.71.193.18 - - [20/Jun/2014:13:23:43 -0400] "GET /find-us/files/stacks_image_855.png HTTP/1.1" 200 9609 "http://eyepiecestexas.com/find-us/" "Mozilla/5.0 (Windows NT 5.1) AppleWebKit/537.36 (KHTML, like Gecko) Chrome/35.0.1916.153 Safari/537.36"
12.71.193.18 - - [20/Jun/2014:13:23:44 -0400] "GET /find-us/files/stacks_image_49.png HTTP/1.1" 200 32562 "http://eyepiecestexas.com/find-us/" "Mozilla/5.0 (Windows NT 5.1) AppleWebKit/537.36 (KHTML, like Gecko) Chrome/35.0.1916.153 Safari/537.36"
12.71.193.18 - - [20/Jun/2014:13:23:44 -0400] "GET /find-us/files/stacks_image_348.png HTTP/1.1" 200 5784 "http://eyepiecestexas.com/find-us/" "Mozilla/5.0 (Windows NT 5.1) AppleWebKit/537.36 (KHTML, like Gecko) Chrome/35.0.1916.153 Safari/537.36"
12.71.193.18 - - [20/Jun/2014:13:23:44 -0400] "GET /favicon.ico HTTP/1.1" 200 5819 "-" "Mozilla/5.0 (Windows NT 5.1) AppleWebKit/537.36 (KHTML, like Gecko) Chrome/35.0.1916.153 Safari/537.36"
208.115.111.68 - - [20/Jun/2014:13:30:30 -0400] "GET /promotions/.?post_id=10&title=dr-birenbaum--kidds-kids- HTTP/1.1" 301 292 "-" "Mozilla/5.0 (compatible; DotBot/1.1; http://www.opensiteexplorer.org/dotbot, help@moz.com)"
76.183.173.221 - - [20/Jun/2014:13:42:46 -0400] "GET /rw_common/themes/dexture/scripts/jquery.fancyzoom.js HTTP/1.1" 200 6272 "http://eyepiecestexas.com/" "Mozilla/5.0 (Macintosh; Intel Mac OS X 10_6_8) AppleWebKit/534.59.10 (KHTML, like Gecko) Version/5.1.9 Safari/534.59.10"
76.183.173.221 - - [20/Jun/2014:13:42:46 -0400] "GET /rw_common/themes/dexture/scripts/nimblehostDropDownMenu.js HTTP/1.1" 200 988 "http://eyepiecestexas.com/" "Mozilla/5.0 (Macintosh; Intel Mac OS X 10_6_8) AppleWebKit/534.59.10 (KHTML, like Gecko) Version/5.1.9 Safari/534.59.10"
76.183.173.221 - - [20/Jun/2014:13:42:46 -0400] "GET /rw_common/themes/dexture/images/pageTopShadow400px.png HTTP/1.1" 200 1299 "http://eyepiecestexas.com/" "Mozilla/5.0 (Macintosh; Intel Mac OS X 10_6_8) AppleWebKit/534.59.10 (KHTML, like Gecko) Version/5.1.9 Safari/534.59.10"
76.183.173.221 - - [20/Jun/2014:13:42:47 -0400] "GET /rw_common/themes/dexture/images/mainContentCornerShadowLeft.png HTTP/1.1" 200 1452 "http://eyepiecestexas.com/" "Mozilla/5.0 (Macintosh; Intel Mac OS X 10_6_8) AppleWebKit/534.59.10 (KHTML, like Gecko) Version/5.1.9 Safari/534.59.10"
76.183.173.221 - - [20/Jun/2014:13:42:47 -0400] "GET /files/drbob-splash-pict-500.jpg HTTP/1.1" 200 15890 "http://eyepiecestexas.com/" "Mozilla/5.0 (Macintosh; Intel Mac OS X 10_6_8) AppleWebKit/534.59.10 (KHTML, like Gecko) Version/5.1.9 Safari/534.59.10"
76.183.173.221 - - [20/Jun/2014:13:42:48 -0400] "GET /files/stacks_image_164.png HTTP/1.1" 200 5120 "http://eyepiecestexas.com/" "Mozilla/5.0 (Macintosh; Intel Mac OS X 10_6_8) AppleWebKit/534.59.10 (KHTML, like Gecko) Version/5.1.9 Safari/534.59.10"
76.183.173.221 - - [20/Jun/2014:13:42:48 -0400] "GET /rw_common/themes/dexture/images/darkAlphaBg.png HTTP/1.1" 200 70 "http://eyepiecestexas.com/" "Mozilla/5.0 (Macintosh; Intel Mac OS X 10_6_8) AppleWebKit/534.59.10 (KHTML, like Gecko) Version/5.1.9 Safari/534.59.10"
76.183.173.221 - - [20/Jun/2014:13:42:50 -0400] "GET /files/stacks_image_849.jpg HTTP/1.1" 200 5819 "http://eyepiecestexas.com/" "Mozilla/5.0 (Macintosh; Intel Mac OS X 10_6_8) AppleWebKit/534.59.10 (KHTML, like Gecko) Version/5.1.9 Safari/534.59.10"
76.183.173.221 - - [20/Jun/2014:13:44:50 -0400] "GET /files/stacks_image_785.jpg HTTP/1.1" 200 3819 "http://eyepiecestexas.com/" "Mozilla/5.0 (Macintosh; Intel Mac OS X 10_6_8) AppleWebKit/534.59.10 (KHTML, like Gecko) Version/5.1.9 Safari/534.59.10"
66.87.102.73 - - [20/Jun/2014:14:25:55 -0400] "GET /resources/Dream_Orphans_700.font.js HTTP/1.1" 200 36773 "http://eyepiecestexas.com/eyewear/" "Mozilla/5.0 (Linux; Android 4.4.2; XT1031 Build/KXB20.9-1.10-1.18-1.1) AppleWebKit/537.36 (KHTML, like Gecko) Chrome/30.0.1599.92 Mobile Safari/537.36"
71.170.52.143 - - [20/Jun/2014:01:10:39 -0400] "GET /rw_common/themes/dexture/scripts/jquery.cycle.min.js HTTP/1.1" 200 31987 "http://eyepiecestexas.com/" "Mozilla/5.0 (iPad; CPU OS 7_1_1 like Mac OS X) AppleWebKit/537.51.2 (KHTML, like Gecko) Version/7.0 Mobile/11D201 Safari/9537.53"
208.115.113.84 - - [20/Jun/2014:01:59:49 -0400] "GET /robots.txt HTTP/1.1" 200 48 "-" "Mozilla/5.0 (compatible; DotBot/1.1; http://www.opensiteexplorer.org/dotbot, help@moz.com)"
208.115.113.84 - - [20/Jun/2014:01:59:49 -0400] "GET /robots.txt HTTP/1.1" 200 48 "-" "Mozilla/5.0 (compatible; DotBot/1.1; http://www.opensiteexplorer.org/dotbot, help@moz.com)"
66.249.92.11 - - [20/Jun/2014:02:44:23 -0400] "GET /feed HTTP/1.1" 200 4319 "-" "Feedfetcher-Google; (+http://www.google.com/feedfetcher.html; 1 subscribers; feed-id=11757162533075784121)"
66.249.83.35 - - [20/Jun/2014:02:46:17 -0400] "GET /files/stacks_image_165.png HTTP/1.1" 200 5522 "http://eyepiecestexas.com/" "Mozilla/5.0 (compatible; MSIE 8.0; Windows NT 5.1; Trident/4.0; .NET CLR 1.1.4322; .NET CLR 2.0.50727)"
123.125.71.81 - - [20/Jun/2014:04:29:53 -0400] "GET /eyewear/files/stacks_image_176.png HTTP/1.1" 200 8765 "-" "Baiduspider-image+(+http://www.baidu.com/search/spider.htm)\\nReferer: http://image.baidu.com/i?ct=503316480&z=0&tn=baiduimagedetail"
207.46.13.5 - - [20/Jun/2014:15:13:17 -0400] "GET /about/ HTTP/1.1" 200 15133 "-" "Mozilla/5.0 (compatible; bingbot/2.0; +http://www.bing.com/bingbot.htm)"
66.249.64.26 - - [20/Jun/2014:16:36:06 -0400] "GET /rw_common/themes/dexture/consolidated-screen-0.css HTTP/1.1" 200 21870 "-" "Mozilla/5.0 (compatible; Googlebot/2.1; +http://www.google.com/bot.html)"
208.115.113.84 - - [20/Jun/2014:18:01:08 -0400] "GET /robots.txt HTTP/1.1" 301 244 "-" "Mozilla/5.0 (compatible; DotBot/1.1; http://www.opensiteexplorer.org/dotbot, help@moz.com)"
76.199.215.46 - - [20/Jun/2014:18:13:51 -0400] "GET /favicon.ico HTTP/1.1" 200 3819 "-" "Mozilla/5.0 (compatible; MSIE 10.0; Windows NT 6.2; WOW64; Trident/6.0; MDDCJS)"
199.30.25.142 - - [20/Jun/2014:19:29:27 -0400] "GET /Eye_Pieces/Shops_at_Legacy_files/Shops_at_Legacy.js HTTP/1.1" 200 4281 "http://eyepiecestexas.com/Eye_Pieces/Shops_at_Legacy.html" "Mozilla/5.0 (Windows NT 6.1; WOW64) AppleWebKit/534+ (KHTML, like Gecko) BingPreview/1.0b"
66.249.89.37 - - [20/Jun/2014:20:18:25 -0400] "GET /files/stacks_image_409.jpg HTTP/1.1" 200 21288 "-" "AdsBot-Google-Mobile (+http://www.google.com/mobile/adsbot.html) Mozilla (iPhone; U; CPU iPhone OS 3 0 like Mac OS X) AppleWebKit (KHTML, like Gecko) Mobile Safari"
66.249.89.32 - - [20/Jun/2014:20:18:37 -0400] "GET /files/stacks_image_729.jpg HTTP/1.1" 200 76071 "-" "AdsBot-Google (+http://www.google.com/adsbot.html)"
208.115.113.84 - - [20/Jun/2014:21:58:01 -0400] "GET /robots.txt HTTP/1.1" 200 48 "-" "Mozilla/5.0 (compatible; DotBot/1.1; http://www.opensiteexplorer.org/dotbot, help@moz.com)"
182.173.200.13 - - [20/Jun/2014:08:11:22 -0400] "GET /rw_common/themes/dexture/javascript.js HTTP/1.1" 200 14608 "http://eyepiecestexas.com/eyewear/" "Mozilla/5.0 (iPad; CPU OS 7_1_1 like Mac OS X) AppleWebKit/537.51.2 (KHTML, like Gecko) Version/7.0 Mobile/11D201 Safari/9537.53"
182.173.200.13 - - [20/Jun/2014:08:11:24 -0400] "GET /eyewear/files/stacks_image_70.jpg HTTP/1.1" 200 11185 "http://eyepiecestexas.com/eyewear/" "Mozilla/5.0 (iPad; CPU OS 7_1_1 like Mac OS X) AppleWebKit/537.51.2 (KHTML, like Gecko) Version/7.0 Mobile/11D201 Safari/9537.53"
182.173.200.13 - - [20/Jun/2014:08:11:25 -0400] "GET /eyewear/files/stacks_image_11.jpg HTTP/1.1" 200 16449 "http://eyepiecestexas.com/eyewear/" "Mozilla/5.0 (iPad; CPU OS 7_1_1 like Mac OS X) AppleWebKit/537.51.2 (KHTML, like Gecko) Version/7.0 Mobile/11D201 Safari/9537.53"
182.173.200.13 - - [20/Jun/2014:08:11:25 -0400] "GET /eyewear/files/stacks_image_404.jpg HTTP/1.1" 200 7392 "http://eyepiecestexas.com/eyewear/" "Mozilla/5.0 (iPad; CPU OS 7_1_1 like Mac OS X) AppleWebKit/537.51.2 (KHTML, like Gecko) Version/7.0 Mobile/11D201 Safari/9537.53"
182.173.200.13 - - [20/Jun/2014:08:11:25 -0400] "GET /eyewear/files/stacks_image_298.jpg HTTP/1.1" 200 26488 "http://eyepiecestexas.com/eyewear/" "Mozilla/5.0 (iPad; CPU OS 7_1_1 like Mac OS X) AppleWebKit/537.51.2 (KHTML, like Gecko) Version/7.0 Mobile/11D201 Safari/9537.53"
182.173.200.13 - - [20/Jun/2014:08:11:26 -0400] "GET /eyewear/files/stacks_image_384.jpg HTTP/1.1" 200 8119 "http://eyepiecestexas.com/eyewear/" "Mozilla/5.0 (iPad; CPU OS 7_1_1 like Mac OS X) AppleWebKit/537.51.2 (KHTML, like Gecko) Version/7.0 Mobile/11D201 Safari/9537.53"
182.173.200.13 - - [20/Jun/2014:08:11:26 -0400] "GET /eyewear/files/stacks_image_104.jpg HTTP/1.1" 200 9719 "http://eyepiecestexas.com/eyewear/" "Mozilla/5.0 (iPad; CPU OS 7_1_1 like Mac OS X) AppleWebKit/537.51.2 (KHTML, like Gecko) Version/7.0 Mobile/11D201 Safari/9537.53"
182.173.200.13 - - [20/Jun/2014:08:11:26 -0400] "GET /eyewear/files/stacks_image_506.jpg HTTP/1.1" 200 5890 "http://eyepiecestexas.com/eyewear/" "Mozilla/5.0 (iPad; CPU OS 7_1_1 like Mac OS X) AppleWebKit/537.51.2 (KHTML, like Gecko) Version/7.0 Mobile/11D201 Safari/9537.53"
182.173.200.13 - - [20/Jun/2014:08:11:27 -0400] "GET /eyewear/files/stacks_image_526.jpg HTTP/1.1" 200 6419 "http://eyepiecestexas.com/eyewear/" "Mozilla/5.0 (iPad; CPU OS 7_1_1 like Mac OS X) AppleWebKit/537.51.2 (KHTML, like Gecko) Version/7.0 Mobile/11D201 Safari/9537.53"
182.173.200.13 - - [20/Jun/2014:08:11:27 -0400] "GET /eyewear/files/stacks_image_356.jpg HTTP/1.1" 200 19771 "http://eyepiecestexas.com/eyewear/" "Mozilla/5.0 (iPad; CPU OS 7_1_1 like Mac OS X) AppleWebKit/537.51.2 (KHTML, like Gecko) Version/7.0 Mobile/11D201 Safari/9537.53"
182.173.200.13 - - [20/Jun/2014:08:11:28 -0400] "GET /eyewear/files/stacks_image_578.jpg HTTP/1.1" 200 6995 "http://eyepiecestexas.com/eyewear/" "Mozilla/5.0 (iPad; CPU OS 7_1_1 like Mac OS X) AppleWebKit/537.51.2 (KHTML, like Gecko) Version/7.0 Mobile/11D201 Safari/9537.53"
182.173.200.13 - - [20/Jun/2014:08:11:28 -0400] "GET /eyewear/files/stacks_image_30.jpg HTTP/1.1" 200 18764 "http://eyepiecestexas.com/eyewear/" "Mozilla/5.0 (iPad; CPU OS 7_1_1 like Mac OS X) AppleWebKit/537.51.2 (KHTML, like Gecko) Version/7.0 Mobile/11D201 Safari/9537.53"
182.173.200.13 - - [20/Jun/2014:08:11:28 -0400] "GET /eyewear/files/stacks_image_192.jpg HTTP/1.1" 200 20874 "http://eyepiecestexas.com/eyewear/" "Mozilla/5.0 (iPad; CPU OS 7_1_1 like Mac OS X) AppleWebKit/537.51.2 (KHTML, like Gecko) Version/7.0 Mobile/11D201 Safari/9537.53"
182.173.200.13 - - [20/Jun/2014:08:11:29 -0400] "GET /eyewear/files/stacks_image_374.jpg HTTP/1.1" 200 17200 "http://eyepiecestexas.com/eyewear/" "Mozilla/5.0 (iPad; CPU OS 7_1_1 like Mac OS X) AppleWebKit/537.51.2 (KHTML, like Gecko) Version/7.0 Mobile/11D201 Safari/9537.53"
182.173.200.13 - - [20/Jun/2014:08:11:29 -0400] "GET /eyewear/files/stacks_image_244.jpg HTTP/1.1" 200 8133 "http://eyepiecestexas.com/eyewear/" "Mozilla/5.0 (iPad; CPU OS 7_1_1 like Mac OS X) AppleWebKit/537.51.2 (KHTML, like Gecko) Version/7.0 Mobile/11D201 Safari/9537.53"
182.173.200.13 - - [20/Jun/2014:08:11:29 -0400] "GET /rw_common/themes/dexture/images/editable_images/paper.png HTTP/1.1" 200 154825 "http://eyepiecestexas.com/eyewear/" "Mozilla/5.0 (iPad; CPU OS 7_1_1 like Mac OS X) AppleWebKit/537.51.2 (KHTML, like Gecko) Version/7.0 Mobile/11D201 Safari/9537.53"
174.250.241.163 - - [20/Jun/2014:08:51:22 -0400] "GET /files/stacks_image_166.png HTTP/1.1" 200 5540 "http://eyepiecestexas.com/" "Mozilla/5.0 (iPhone; CPU iPhone OS 7_0_6 like Mac OS X) AppleWebKit/537.51.1 (KHTML, like Gecko) Version/7.0 Mobile/11B651 Safari/9537.53"
174.250.241.163 - - [20/Jun/2014:08:51:23 -0400] "GET /rw_common/themes/dexture/images/mobileMenuTab.png HTTP/1.1" 200 2447 "http://eyepiecestexas.com/" "Mozilla/5.0 (iPhone; CPU iPhone OS 7_0_6 like Mac OS X) AppleWebKit/537.51.1 (KHTML, like Gecko) Version/7.0 Mobile/11B651 Safari/9537.53"
174.250.241.163 - - [20/Jun/2014:08:51:23 -0400] "GET /files/stacks_image_409.jpg HTTP/1.1" 200 21288 "http://eyepiecestexas.com/" "Mozilla/5.0 (iPhone; CPU iPhone OS 7_0_6 like Mac OS X) AppleWebKit/537.51.1 (KHTML, like Gecko) Version/7.0 Mobile/11B651 Safari/9537.53"
24.227.240.26 - - [20/Jun/2014:10:02:10 -0400] "GET /files/stacks_image_849.jpg HTTP/1.1" 200 4319 "http://eyepiecestexas.com/promotions/?post_id=28&title=eye-pieces-plano-selected-as-exclusive-chrome-hearts-eyewear-retailer" "Mozilla/5.0 (Windows NT 6.1; WOW64) AppleWebKit/537.36 (KHTML, like Gecko) Chrome/35.0.1916.153 Safari/537.36"
76.199.215.46 - - [20/Jun/2014:12:02:50 -0400] "GET /files/stacks_image_849.jpg HTTP/1.1" 200 3819 "http://eyepiecestexas.com/" "Mozilla/5.0 (compatible; MSIE 10.0; Windows NT 6.2; WOW64; Trident/6.0; MDDCJS)"
76.199.215.46 - - [20/Jun/2014:14:13:38 -0400] "GET /files/stacks_image_863.jpg HTTP/1.1" 200 3819 "http://eyepiecestexas.com/" "Mozilla/5.0 (compatible; MSIE 10.0; Windows NT 6.2; WOW64; Trident/6.0)"
76.199.215.46 - - [20/Jun/2014:14:22:52 -0400] "GET /favicon.ico HTTP/1.1" 200 3819 "-" "Mozilla/5.0 (compatible; MSIE 10.0; Windows NT 6.2; Win64; x64; Trident/6.0)"
76.199.215.46 - - [20/Jun/2014:14:57:50 -0400] "GET /files/stacks_image_863.jpg HTTP/1.1" 200 3819 "http://eyepiecestexas.com/" "Mozilla/5.0 (compatible; MSIE 10.0; Windows NT 6.2; WOW64; Trident/6.0; MDDCJS)"
66.249.83.35 - - [20/Jun/2014:02:46:38 -0400] "GET /files/stacks_image_863.jpg HTTP/1.1" 200 3819 "http://eyepiecestexas.com/" "Mozilla/5.0 (compatible; MSIE 8.0; Windows NT 5.1; Trident/4.0; .NET CLR 1.1.4322; .NET CLR 2.0.50727)"
66.249.64.205 - - [20/Jun/2014:16:27:38 -0400] "GET /robots.txt HTTP/1.1" 301 244 "-" "Mozilla/5.0 (compatible; Googlebot/2.1; +http://www.google.com/bot.html)"
66.249.64.36 - - [20/Jun/2014:16:35:43 -0400] "GET /rw_common/themes/dexture/consolidated-all-0.css HTTP/1.1" 200 12134 "-" "Mozilla/5.0 (compatible; Googlebot/2.1; +http://www.google.com/bot.html)"
76.199.215.46 - - [20/Jun/2014:17:12:09 -0400] "GET /favicon.ico HTTP/1.1" 200 3819 "-" "Mozilla/5.0 (compatible; MSIE 10.0; Windows NT 6.2; Win64; x64; Trident/6.0; MDDCJS)"
97.75.104.18 - - [20/Jun/2014:17:28:58 -0400] "GET /rw_common/themes/dexture/consolidated-screen-0.css HTTP/1.1" 200 21870 "http://eyepiecestexas.com/" "Mozilla/5.0 (Macintosh; Intel Mac OS X 10_9_3) AppleWebKit/537.76.4 (KHTML, like Gecko) Version/7.0.4 Safari/537.76.4"
97.75.104.18 - - [20/Jun/2014:17:28:59 -0400] "GET /rw_common/themes/dexture/javascript.js HTTP/1.1" 200 14608 "http://eyepiecestexas.com/" "Mozilla/5.0 (Macintosh; Intel Mac OS X 10_9_3) AppleWebKit/537.76.4 (KHTML, like Gecko) Version/7.0.4 Safari/537.76.4"
97.75.104.18 - - [20/Jun/2014:17:28:59 -0400] "GET /rw_common/themes/dexture/images/lightAlphaBg.png HTTP/1.1" 200 179 "http://eyepiecestexas.com/" "Mozilla/5.0 (Macintosh; Intel Mac OS X 10_9_3) AppleWebKit/537.76.4 (KHTML, like Gecko) Version/7.0.4 Safari/537.76.4"
97.75.104.18 - - [20/Jun/2014:17:28:59 -0400] "GET /files/stacks_image_720.jpg HTTP/1.1" 200 73135 "http://eyepiecestexas.com/" "Mozilla/5.0 (Macintosh; Intel Mac OS X 10_9_3) AppleWebKit/537.76.4 (KHTML, like Gecko) Version/7.0.4 Safari/537.76.4"
