0byt3m1n1
Path:
/
data
/
0
/
0
/
106
/
26
/
106841
/
meta
/
108326
/
logs
/
[
Home
]
File: x-access_log.2013-08-18
205.178.190.234 - - [18/Aug/2013:07:13:57 -0400] "HEAD /auditandgovernance.html HTTP/1.1" 200 - "-" "Mozilla/4.0 (compatible; MSIE 6.0; Windows NT 5.2; SV1; .NET CLR 1.1.4322; .NET CLR 2.0.50727)"
207.241.226.239 - - [18/Aug/2013:18:54:38 -0400] "GET /robots.txt HTTP/1.1" 200 25 "-" "ia_archiver(OS-Wayback)"
205.178.190.234 - - [18/Aug/2013:07:24:13 -0400] "GET /contactus.html HTTP/1.1" 200 8628 "-" "Mozilla/4.0 (compatible; MSIE 7.0; Windows NT 5.2; Trident/4.0; .NET CLR 1.1.4322; .NET CLR 2.0.50727; .NET CLR 3.0.4506.2152; .NET CLR 3.5.30729)"
205.178.190.234 - - [18/Aug/2013:07:24:14 -0400] "GET /scripts/user.js HTTP/1.1" 200 23762 "http://verticalcg.com/contactus.html" "Mozilla/4.0 (compatible; MSIE 7.0; Windows NT 5.2; Trident/4.0; .NET CLR 1.1.4322; .NET CLR 2.0.50727; .NET CLR 3.0.4506.2152; .NET CLR 3.5.30729)"
205.178.190.234 - - [18/Aug/2013:07:24:14 -0400] "GET /scripts/website.css HTTP/1.1" 200 1728 "http://verticalcg.com/contactus.html" "Mozilla/4.0 (compatible; MSIE 7.0; Windows NT 5.2; Trident/4.0; .NET CLR 1.1.4322; .NET CLR 2.0.50727; .NET CLR 3.0.4506.2152; .NET CLR 3.5.30729)"
205.178.190.234 - - [18/Aug/2013:07:24:14 -0400] "GET /scripts/5custom.css HTTP/1.1" 200 804 "http://verticalcg.com/contactus.html" "Mozilla/4.0 (compatible; MSIE 7.0; Windows NT 5.2; Trident/4.0; .NET CLR 1.1.4322; .NET CLR 2.0.50727; .NET CLR 3.0.4506.2152; .NET CLR 3.5.30729)"
205.178.190.234 - - [18/Aug/2013:07:24:14 -0400] "GET /scripts/icwebsiteelement.css HTTP/1.1" 200 8132 "http://verticalcg.com/contactus.html" "Mozilla/4.0 (compatible; MSIE 7.0; Windows NT 5.2; Trident/4.0; .NET CLR 1.1.4322; .NET CLR 2.0.50727; .NET CLR 3.0.4506.2152; .NET CLR 3.5.30729)"
205.178.190.234 - - [18/Aug/2013:07:24:15 -0400] "GET /images/ic_038_header_bg_wide.png HTTP/1.1" 200 730 "http://verticalcg.com/contactus.html" "Mozilla/4.0 (compatible; MSIE 7.0; Windows NT 5.2; Trident/4.0; .NET CLR 1.1.4322; .NET CLR 2.0.50727; .NET CLR 3.0.4506.2152; .NET CLR 3.5.30729)"
205.178.190.234 - - [18/Aug/2013:07:24:15 -0400] "GET /images/ic_038_body_bg.jpg HTTP/1.1" 200 19824 "http://verticalcg.com/contactus.html" "Mozilla/4.0 (compatible; MSIE 7.0; Windows NT 5.2; Trident/4.0; .NET CLR 1.1.4322; .NET CLR 2.0.50727; .NET CLR 3.0.4506.2152; .NET CLR 3.5.30729)"
5.9.87.147 - - [18/Aug/2013:00:50:01 -0400] "HEAD /usefulinformation.html HTTP/1.1" 200 - "-" "Mozilla/5.0 (Windows; U; Windows NT 5.1; en-US; rv:1.9.2.8) Gecko/20100721 Firefox/3.6.8"
218.30.103.148 - - [18/Aug/2013:08:59:53 -0400] "GET /robots.txt HTTP/1.1" 200 25 "-" "Sogou web spider/4.0"
5.9.87.147 - - [18/Aug/2013:00:49:54 -0400] "HEAD /employment.html HTTP/1.1" 200 - "-" "Mozilla/5.0 (Windows; U; Windows NT 5.1; en-US; rv:1.9.2.8) Gecko/20100721 Firefox/3.6.8"
5.9.87.147 - - [18/Aug/2013:00:49:54 -0400] "HEAD /contactus.html HTTP/1.1" 200 - "-" "Mozilla/5.0 (Windows; U; Windows NT 5.1; en-US; rv:1.9.2.8) Gecko/20100721 Firefox/3.6.8"
205.178.190.235 - - [18/Aug/2013:06:59:30 -0400] "HEAD / HTTP/1.1" 200 - "-" "Mozilla/4.0 (compatible; MSIE 6.0; Windows NT 5.2; SV1; .NET CLR 1.1.4322; .NET CLR 2.0.50727)"
54.221.54.119 - - [18/Aug/2013:20:39:56 -0400] "GET / HTTP/1.1" 200 7506 "-" "Mozilla/5.0 (Windows; U; Windows NT 6.0; en-US; rv:1.9.2.3) Gecko/20100401 Firefox/3.6.3 GTB6 (.NET CLR 3.5.30729)"
5.9.87.147 - - [18/Aug/2013:00:50:01 -0400] "HEAD /managedservicesstrategy.html HTTP/1.1" 200 - "-" "Mozilla/5.0 (Windows; U; Windows NT 5.1; en-US; rv:1.9.2.8) Gecko/20100721 Firefox/3.6.8"
205.178.190.235 - - [18/Aug/2013:07:10:31 -0400] "GET / HTTP/1.1" 200 7506 "-" "Mozilla/4.0 (compatible; MSIE 7.0; Windows NT 5.1; .NET CLR 1.1.4322; .NET CLR 2.0.50727)"
205.178.190.235 - - [18/Aug/2013:07:22:00 -0400] "GET /home.html HTTP/1.1" 200 7506 "-" "Mozilla/4.0 (compatible; MSIE 7.0; Windows NT 5.2; Trident/4.0; .NET CLR 1.1.4322; .NET CLR 2.0.50727; .NET CLR 3.0.4506.2152; .NET CLR 3.5.30729; .NET4.0C; .NET4.0E)"
205.178.190.235 - - [18/Aug/2013:07:22:00 -0400] "GET /scripts/template.css HTTP/1.1" 200 9667 "http://verticalcg.com/home.html" "Mozilla/4.0 (compatible; MSIE 7.0; Windows NT 5.2; Trident/4.0; .NET CLR 1.1.4322; .NET CLR 2.0.50727; .NET CLR 3.0.4506.2152; .NET CLR 3.5.30729; .NET4.0C; .NET4.0E)"
205.178.190.235 - - [18/Aug/2013:07:22:00 -0400] "GET /scripts/website.css HTTP/1.1" 200 1728 "http://verticalcg.com/home.html" "Mozilla/4.0 (compatible; MSIE 7.0; Windows NT 5.2; Trident/4.0; .NET CLR 1.1.4322; .NET CLR 2.0.50727; .NET CLR 3.0.4506.2152; .NET CLR 3.5.30729; .NET4.0C; .NET4.0E)"
205.178.190.235 - - [18/Aug/2013:07:22:00 -0400] "GET /scripts/user.js HTTP/1.1" 200 23762 "http://verticalcg.com/home.html" "Mozilla/4.0 (compatible; MSIE 7.0; Windows NT 5.2; Trident/4.0; .NET CLR 1.1.4322; .NET CLR 2.0.50727; .NET CLR 3.0.4506.2152; .NET CLR 3.5.30729; .NET4.0C; .NET4.0E)"
205.178.190.235 - - [18/Aug/2013:07:22:00 -0400] "GET /scripts/print.css HTTP/1.1" 200 9541 "http://verticalcg.com/home.html" "Mozilla/4.0 (compatible; MSIE 7.0; Windows NT 5.2; Trident/4.0; .NET CLR 1.1.4322; .NET CLR 2.0.50727; .NET CLR 3.0.4506.2152; .NET CLR 3.5.30729; .NET4.0C; .NET4.0E)"
205.178.190.235 - - [18/Aug/2013:07:22:00 -0400] "GET /scripts/1custom.css HTTP/1.1" 200 805 "http://verticalcg.com/home.html" "Mozilla/4.0 (compatible; MSIE 7.0; Windows NT 5.2; Trident/4.0; .NET CLR 1.1.4322; .NET CLR 2.0.50727; .NET CLR 3.0.4506.2152; .NET CLR 3.5.30729; .NET4.0C; .NET4.0E)"
205.178.190.235 - - [18/Aug/2013:07:22:00 -0400] "GET /scripts/icwebsiteelement.css HTTP/1.1" 200 8132 "http://verticalcg.com/home.html" "Mozilla/4.0 (compatible; MSIE 7.0; Windows NT 5.2; Trident/4.0; .NET CLR 1.1.4322; .NET CLR 2.0.50727; .NET CLR 3.0.4506.2152; .NET CLR 3.5.30729; .NET4.0C; .NET4.0E)"
205.178.190.235 - - [18/Aug/2013:07:22:00 -0400] "GET /images/ic_038_header_bg_wide.png HTTP/1.1" 200 730 "http://verticalcg.com/home.html" "Mozilla/4.0 (compatible; MSIE 7.0; Windows NT 5.2; Trident/4.0; .NET CLR 1.1.4322; .NET CLR 2.0.50727; .NET CLR 3.0.4506.2152; .NET CLR 3.5.30729; .NET4.0C; .NET4.0E)"
218.30.103.148 - - [18/Aug/2013:09:36:20 -0400] "GET /home.html HTTP/1.1" 304 - "-" "Sogou web spider/4.0(+http://www.sogou.com/docs/help/webmasters.htm#07)"
218.30.103.148 - - [18/Aug/2013:09:26:23 -0400] "GET / HTTP/1.1" 304 - "-" "Sogou web spider/4.0(+http://www.sogou.com/docs/help/webmasters.htm#07)"
5.9.87.147 - - [18/Aug/2013:00:49:54 -0400] "HEAD /aboutus.html HTTP/1.1" 200 - "-" "Mozilla/5.0 (Windows; U; Windows NT 5.1; en-US; rv:1.9.2.8) Gecko/20100721 Firefox/3.6.8"
5.9.87.147 - - [18/Aug/2013:00:49:55 -0400] "HEAD /auditandgovernance.html HTTP/1.1" 200 - "-" "Mozilla/5.0 (Windows; U; Windows NT 5.1; en-US; rv:1.9.2.8) Gecko/20100721 Firefox/3.6.8"
66.249.72.240 - - [18/Aug/2013:01:34:23 -0400] "GET /robots.txt HTTP/1.1" 200 25 "-" "Mozilla/5.0 (compatible; Googlebot/2.1; +http://www.google.com/bot.html)"
54.221.18.229 - - [18/Aug/2013:23:39:36 -0400] "GET / HTTP/1.1" 200 7506 "-" "Mozilla/5.0 (Windows; U; Windows NT 6.0; en-US; rv:1.9.2.3) Gecko/20100401 Firefox/3.6.3 GTB6 (.NET CLR 3.5.30729)"
180.76.5.96 - - [18/Aug/2013:06:55:53 -0400] "GET / HTTP/1.1" 200 7506 "-" "Mozilla/5.0 (compatible; Baiduspider/2.0; +http://www.baidu.com/search/spider.html)"
5.135.125.181 - - [18/Aug/2013:18:37:20 -0400] "GET /usefulinformation.html HTTP/1.1" 200 5922 "-" "Mozilla/5.0 (Macintosh; U; PPC Mac OS X; en) AppleWebKit/124 (KHTML, like Gecko) Safari/125"
180.76.5.187 - - [18/Aug/2013:17:24:01 -0400] "GET /orenvideo=1266 HTTP/1.1" 404 575 "-" "Mozilla/5.0 (compatible; Baiduspider/2.0; +http://www.baidu.com/search/spider.html)"
218.30.103.148 - - [18/Aug/2013:08:59:44 -0400] "GET /home.html HTTP/1.1" 304 - "-" "Sogou web spider/4.0(+http://www.sogou.com/docs/help/webmasters.htm#07)"
66.249.72.240 - - [18/Aug/2013:04:11:29 -0400] "GET /orenvideo=1670 HTTP/1.1" 404 575 "-" "Mozilla/5.0 (compatible; Googlebot/2.1; +http://www.google.com/bot.html)"
5.9.149.166 - - [18/Aug/2013:20:03:12 -0400] "GET / HTTP/1.1" 200 7506 "-" "Mozilla/4.0 (compatible; MSIE 5.5; Windows NT)"
5.9.149.166 - - [18/Aug/2013:20:03:10 -0400] "GET /robots.txt HTTP/1.1" 200 25 "-" "Mozilla/4.0 (compatible; MSIE 5.5; Windows NT)"
205.178.190.235 - - [18/Aug/2013:07:10:38 -0400] "GET /robots.txt HTTP/1.1" 200 25 "-" "Mozilla/5.0 (Windows; U; Windows NT 5.1; en-US; rv:1.8.1.12) Gecko/20080201 Firefox/2.0.0.12"
205.178.190.234 - - [18/Aug/2013:07:13:57 -0400] "HEAD /contactus.html HTTP/1.1" 200 - "-" "Mozilla/4.0 (compatible; MSIE 6.0; Windows NT 5.2; SV1; .NET CLR 1.1.4322; .NET CLR 2.0.50727)"
5.9.87.147 - - [18/Aug/2013:00:50:01 -0400] "HEAD /projectmanagement.html HTTP/1.1" 200 - "-" "Mozilla/5.0 (Windows; U; Windows NT 5.1; en-US; rv:1.9.2.8) Gecko/20100721 Firefox/3.6.8"
220.181.108.144 - - [18/Aug/2013:16:00:34 -0400] "GET / HTTP/1.1" 200 7506 "-" "Mozilla/5.0 (compatible; Baiduspider/2.0; +http://www.baidu.com/search/spider.html)"
173.199.115.83 - - [18/Aug/2013:05:12:20 -0400] "GET /orenvideo=580 HTTP/1.1" 404 575 "-" "Mozilla/5.0 (compatible; AhrefsBot/4.0; +http://ahrefs.com/robot/)"
178.77.126.55 - - [18/Aug/2013:12:03:09 -0400] "GET /robots.txt HTTP/1.1" 200 25 "-" "Mozilla/5.0 (compatible; CareerBot/1.1; +http://www.career-x.de/bot.html)"
178.77.126.55 - - [18/Aug/2013:12:03:09 -0400] "GET / HTTP/1.1" 200 7506 "-" "Mozilla/5.0 (compatible; CareerBot/1.1; +http://www.career-x.de/bot.html)"
5.9.87.147 - - [18/Aug/2013:00:50:01 -0400] "HEAD /virtualprofessionals.html HTTP/1.1" 200 - "-" "Mozilla/5.0 (Windows; U; Windows NT 5.1; en-US; rv:1.9.2.8) Gecko/20100721 Firefox/3.6.8"
205.178.190.234 - - [18/Aug/2013:07:13:57 -0400] "HEAD /usefulinformation.html HTTP/1.1" 200 - "-" "Mozilla/5.0 (Windows; U; Windows NT 5.1; en-US; rv:1.8.1.12) Gecko/20080201 Firefox/2.0.0.12"
218.30.103.148 - - [18/Aug/2013:09:56:43 -0400] "GET / HTTP/1.1" 304 - "-" "Sogou web spider/4.0(+http://www.sogou.com/docs/help/webmasters.htm#07)"
205.178.190.234 - - [18/Aug/2013:07:13:57 -0400] "HEAD /aboutus.html HTTP/1.1" 200 - "-" "Mozilla/5.0 (Windows; U; Windows NT 5.1; en-US; rv:1.8.1.12) Gecko/20080201 Firefox/2.0.0.12"
205.178.190.235 - - [18/Aug/2013:07:22:00 -0400] "GET /scripts/ic_globals_published.js HTTP/1.1" 200 566 "http://verticalcg.com/home.html" "Mozilla/4.0 (compatible; MSIE 7.0; Windows NT 5.2; Trident/4.0; .NET CLR 1.1.4322; .NET CLR 2.0.50727; .NET CLR 3.0.4506.2152; .NET CLR 3.5.30729; .NET4.0C; .NET4.0E)"
205.178.190.235 - - [18/Aug/2013:07:22:00 -0400] "GET /scripts/photoalbum.js HTTP/1.1" 200 62481 "http://verticalcg.com/home.html" "Mozilla/4.0 (compatible; MSIE 7.0; Windows NT 5.2; Trident/4.0; .NET CLR 1.1.4322; .NET CLR 2.0.50727; .NET CLR 3.0.4506.2152; .NET CLR 3.5.30729; .NET4.0C; .NET4.0E)"
205.178.190.235 - - [18/Aug/2013:07:22:00 -0400] "GET /images/ic_038_body_bg.jpg HTTP/1.1" 200 19824 "http://verticalcg.com/home.html" "Mozilla/4.0 (compatible; MSIE 7.0; Windows NT 5.2; Trident/4.0; .NET CLR 1.1.4322; .NET CLR 2.0.50727; .NET CLR 3.0.4506.2152; .NET CLR 3.5.30729; .NET4.0C; .NET4.0E)"
205.178.190.235 - - [18/Aug/2013:07:22:00 -0400] "GET /images/People-10.jpg HTTP/1.1" 200 19251 "http://verticalcg.com/home.html" "Mozilla/4.0 (compatible; MSIE 7.0; Windows NT 5.2; Trident/4.0; .NET CLR 1.1.4322; .NET CLR 2.0.50727; .NET CLR 3.0.4506.2152; .NET CLR 3.5.30729; .NET4.0C; .NET4.0E)"
66.249.72.240 - - [18/Aug/2013:04:06:14 -0400] "GET /robots.txt HTTP/1.1" 200 25 "-" "Mozilla/5.0 (compatible; Googlebot/2.1; +http://www.google.com/bot.html)"
66.249.72.240 - - [18/Aug/2013:04:06:14 -0400] "GET /orenvideo=1047 HTTP/1.1" 404 575 "-" "Mozilla/5.0 (compatible; Googlebot/2.1; +http://www.google.com/bot.html)"
5.9.87.147 - - [18/Aug/2013:00:46:10 -0400] "HEAD / HTTP/1.1" 200 - "-" "Mozilla/5.0 (Windows; U; Windows NT 5.1; en-US; rv:1.9.2.8) Gecko/20100721 Firefox/3.6.8"
5.9.87.147 - - [18/Aug/2013:00:46:10 -0400] "HEAD /sitemap.xml HTTP/1.1" 404 - "-" "Mozilla/5.0 (Windows; U; Windows NT 5.1; en-US; rv:1.9.2.8) Gecko/20100721 Firefox/3.6.8"
5.9.87.147 - - [18/Aug/2013:00:46:10 -0400] "HEAD /sitemap.xml.gz HTTP/1.1" 404 - "-" "Mozilla/5.0 (Windows; U; Windows NT 5.1; en-US; rv:1.9.2.8) Gecko/20100721 Firefox/3.6.8"
5.9.87.147 - - [18/Aug/2013:00:46:10 -0400] "HEAD /robots.txt HTTP/1.1" 200 - "-" "Mozilla/5.0 (Windows; U; Windows NT 5.1; en-US; rv:1.9.2.8) Gecko/20100721 Firefox/3.6.8"
205.178.190.234 - - [18/Aug/2013:07:24:05 -0400] "GET /aboutus.html HTTP/1.1" 200 7473 "-" "Mozilla/4.0 (compatible; MSIE 7.0; Windows NT 5.2; Trident/4.0; .NET CLR 1.1.4322; .NET CLR 2.0.50727; .NET CLR 3.0.4506.2152; .NET CLR 3.5.30729)"
205.178.190.234 - - [18/Aug/2013:07:24:06 -0400] "GET /scripts/ic_globals_published.js HTTP/1.1" 200 566 "http://verticalcg.com/aboutus.html" "Mozilla/4.0 (compatible; MSIE 7.0; Windows NT 5.2; Trident/4.0; .NET CLR 1.1.4322; .NET CLR 2.0.50727; .NET CLR 3.0.4506.2152; .NET CLR 3.5.30729)"
205.178.190.234 - - [18/Aug/2013:07:24:06 -0400] "GET /scripts/photoalbum.js HTTP/1.1" 200 62481 "http://verticalcg.com/aboutus.html" "Mozilla/4.0 (compatible; MSIE 7.0; Windows NT 5.2; Trident/4.0; .NET CLR 1.1.4322; .NET CLR 2.0.50727; .NET CLR 3.0.4506.2152; .NET CLR 3.5.30729)"
205.178.190.234 - - [18/Aug/2013:07:24:06 -0400] "GET /scripts/icwebsiteelement.css HTTP/1.1" 200 8132 "http://verticalcg.com/aboutus.html" "Mozilla/4.0 (compatible; MSIE 7.0; Windows NT 5.2; Trident/4.0; .NET CLR 1.1.4322; .NET CLR 2.0.50727; .NET CLR 3.0.4506.2152; .NET CLR 3.5.30729)"
205.178.190.234 - - [18/Aug/2013:07:24:06 -0400] "GET /scripts/2custom.css HTTP/1.1" 200 1142 "http://verticalcg.com/aboutus.html" "Mozilla/4.0 (compatible; MSIE 7.0; Windows NT 5.2; Trident/4.0; .NET CLR 1.1.4322; .NET CLR 2.0.50727; .NET CLR 3.0.4506.2152; .NET CLR 3.5.30729)"
205.178.190.234 - - [18/Aug/2013:07:24:06 -0400] "GET /scripts/print.css HTTP/1.1" 200 9541 "http://verticalcg.com/aboutus.html" "Mozilla/4.0 (compatible; MSIE 7.0; Windows NT 5.2; Trident/4.0; .NET CLR 1.1.4322; .NET CLR 2.0.50727; .NET CLR 3.0.4506.2152; .NET CLR 3.5.30729)"
205.178.190.234 - - [18/Aug/2013:07:24:06 -0400] "GET /auditandgovernance.html HTTP/1.1" 200 11634 "-" "Mozilla/4.0 (compatible; MSIE 7.0; Windows NT 5.2; Trident/4.0; .NET CLR 1.1.4322; .NET CLR 2.0.50727; .NET CLR 3.0.4506.2152; .NET CLR 3.5.30729)"
205.178.190.234 - - [18/Aug/2013:07:24:06 -0400] "GET /scripts/template.css HTTP/1.1" 200 9667 "http://verticalcg.com/usefulinformation.html" "Mozilla/4.0 (compatible; MSIE 7.0; Windows NT 5.2; Trident/4.0; .NET CLR 1.1.4322; .NET CLR 2.0.50727; .NET CLR 3.0.4506.2152; .NET CLR 3.5.30729)"
205.178.190.234 - - [18/Aug/2013:07:24:06 -0400] "GET /scripts/website.css HTTP/1.1" 200 1728 "http://verticalcg.com/usefulinformation.html" "Mozilla/4.0 (compatible; MSIE 7.0; Windows NT 5.2; Trident/4.0; .NET CLR 1.1.4322; .NET CLR 2.0.50727; .NET CLR 3.0.4506.2152; .NET CLR 3.5.30729)"
205.178.190.234 - - [18/Aug/2013:07:24:06 -0400] "GET /scripts/print.css HTTP/1.1" 200 9541 "http://verticalcg.com/usefulinformation.html" "Mozilla/4.0 (compatible; MSIE 7.0; Windows NT 5.2; Trident/4.0; .NET CLR 1.1.4322; .NET CLR 2.0.50727; .NET CLR 3.0.4506.2152; .NET CLR 3.5.30729)"
205.178.190.234 - - [18/Aug/2013:07:24:06 -0400] "GET /scripts/4custom.css HTTP/1.1" 200 805 "http://verticalcg.com/usefulinformation.html" "Mozilla/4.0 (compatible; MSIE 7.0; Windows NT 5.2; Trident/4.0; .NET CLR 1.1.4322; .NET CLR 2.0.50727; .NET CLR 3.0.4506.2152; .NET CLR 3.5.30729)"
205.178.190.234 - - [18/Aug/2013:07:24:06 -0400] "GET /scripts/icwebsiteelement.css HTTP/1.1" 200 8132 "http://verticalcg.com/usefulinformation.html" "Mozilla/4.0 (compatible; MSIE 7.0; Windows NT 5.2; Trident/4.0; .NET CLR 1.1.4322; .NET CLR 2.0.50727; .NET CLR 3.0.4506.2152; .NET CLR 3.5.30729)"
205.178.190.234 - - [18/Aug/2013:07:24:06 -0400] "GET /scripts/ic_globals_published.js HTTP/1.1" 200 566 "http://verticalcg.com/usefulinformation.html" "Mozilla/4.0 (compatible; MSIE 7.0; Windows NT 5.2; Trident/4.0; .NET CLR 1.1.4322; .NET CLR 2.0.50727; .NET CLR 3.0.4506.2152; .NET CLR 3.5.30729)"
205.178.190.234 - - [18/Aug/2013:07:24:06 -0400] "GET /scripts/user.js HTTP/1.1" 200 23762 "http://verticalcg.com/usefulinformation.html" "Mozilla/4.0 (compatible; MSIE 7.0; Windows NT 5.2; Trident/4.0; .NET CLR 1.1.4322; .NET CLR 2.0.50727; .NET CLR 3.0.4506.2152; .NET CLR 3.5.30729)"
205.178.190.234 - - [18/Aug/2013:07:24:06 -0400] "GET /scripts/ic_globals_published.js HTTP/1.1" 200 566 "http://verticalcg.com/auditandgovernance.html" "Mozilla/4.0 (compatible; MSIE 7.0; Windows NT 5.2; Trident/4.0; .NET CLR 1.1.4322; .NET CLR 2.0.50727; .NET CLR 3.0.4506.2152; .NET CLR 3.5.30729)"
205.178.190.234 - - [18/Aug/2013:07:24:06 -0400] "GET /scripts/photoalbum.js HTTP/1.1" 200 62481 "http://verticalcg.com/auditandgovernance.html" "Mozilla/4.0 (compatible; MSIE 7.0; Windows NT 5.2; Trident/4.0; .NET CLR 1.1.4322; .NET CLR 2.0.50727; .NET CLR 3.0.4506.2152; .NET CLR 3.5.30729)"
205.178.190.234 - - [18/Aug/2013:07:24:06 -0400] "GET /scripts/template.css HTTP/1.1" 200 9667 "http://verticalcg.com/auditandgovernance.html" "Mozilla/4.0 (compatible; MSIE 7.0; Windows NT 5.2; Trident/4.0; .NET CLR 1.1.4322; .NET CLR 2.0.50727; .NET CLR 3.0.4506.2152; .NET CLR 3.5.30729)"
205.178.190.234 - - [18/Aug/2013:07:24:06 -0400] "GET /scripts/website.css HTTP/1.1" 200 1728 "http://verticalcg.com/auditandgovernance.html" "Mozilla/4.0 (compatible; MSIE 7.0; Windows NT 5.2; Trident/4.0; .NET CLR 1.1.4322; .NET CLR 2.0.50727; .NET CLR 3.0.4506.2152; .NET CLR 3.5.30729)"
205.178.190.234 - - [18/Aug/2013:07:24:06 -0400] "GET /scripts/print.css HTTP/1.1" 200 9541 "http://verticalcg.com/auditandgovernance.html" "Mozilla/4.0 (compatible; MSIE 7.0; Windows NT 5.2; Trident/4.0; .NET CLR 1.1.4322; .NET CLR 2.0.50727; .NET CLR 3.0.4506.2152; .NET CLR 3.5.30729)"
205.178.190.234 - - [18/Aug/2013:07:24:07 -0400] "GET /scripts/16custom.css HTTP/1.1" 200 804 "http://verticalcg.com/auditandgovernance.html" "Mozilla/4.0 (compatible; MSIE 7.0; Windows NT 5.2; Trident/4.0; .NET CLR 1.1.4322; .NET CLR 2.0.50727; .NET CLR 3.0.4506.2152; .NET CLR 3.5.30729)"
205.178.190.234 - - [18/Aug/2013:07:24:07 -0400] "GET /scripts/icwebsiteelement.css HTTP/1.1" 200 8132 "http://verticalcg.com/auditandgovernance.html" "Mozilla/4.0 (compatible; MSIE 7.0; Windows NT 5.2; Trident/4.0; .NET CLR 1.1.4322; .NET CLR 2.0.50727; .NET CLR 3.0.4506.2152; .NET CLR 3.5.30729)"
205.178.190.234 - - [18/Aug/2013:07:24:07 -0400] "GET /scripts/user.js HTTP/1.1" 200 23762 "http://verticalcg.com/auditandgovernance.html" "Mozilla/4.0 (compatible; MSIE 7.0; Windows NT 5.2; Trident/4.0; .NET CLR 1.1.4322; .NET CLR 2.0.50727; .NET CLR 3.0.4506.2152; .NET CLR 3.5.30729)"
205.178.190.234 - - [18/Aug/2013:07:24:07 -0400] "GET /images/ic_038_body_bg.jpg HTTP/1.1" 200 19824 "http://verticalcg.com/aboutus.html" "Mozilla/4.0 (compatible; MSIE 7.0; Windows NT 5.2; Trident/4.0; .NET CLR 1.1.4322; .NET CLR 2.0.50727; .NET CLR 3.0.4506.2152; .NET CLR 3.5.30729)"
205.178.190.234 - - [18/Aug/2013:07:24:07 -0400] "GET /images/ic_038_header_bg_wide.png HTTP/1.1" 200 730 "http://verticalcg.com/aboutus.html" "Mozilla/4.0 (compatible; MSIE 7.0; Windows NT 5.2; Trident/4.0; .NET CLR 1.1.4322; .NET CLR 2.0.50727; .NET CLR 3.0.4506.2152; .NET CLR 3.5.30729)"
205.178.190.234 - - [18/Aug/2013:07:24:07 -0400] "GET /images/People-10.jpg HTTP/1.1" 200 19251 "http://verticalcg.com/aboutus.html" "Mozilla/4.0 (compatible; MSIE 7.0; Windows NT 5.2; Trident/4.0; .NET CLR 1.1.4322; .NET CLR 2.0.50727; .NET CLR 3.0.4506.2152; .NET CLR 3.5.30729)"
205.178.190.234 - - [18/Aug/2013:07:24:07 -0400] "GET /images/ic_038_body_bg.jpg HTTP/1.1" 200 19824 "http://verticalcg.com/auditandgovernance.html" "Mozilla/4.0 (compatible; MSIE 7.0; Windows NT 5.2; Trident/4.0; .NET CLR 1.1.4322; .NET CLR 2.0.50727; .NET CLR 3.0.4506.2152; .NET CLR 3.5.30729)"
205.178.190.234 - - [18/Aug/2013:07:24:07 -0400] "GET /images/People-10.jpg HTTP/1.1" 200 19251 "http://verticalcg.com/auditandgovernance.html" "Mozilla/4.0 (compatible; MSIE 7.0; Windows NT 5.2; Trident/4.0; .NET CLR 1.1.4322; .NET CLR 2.0.50727; .NET CLR 3.0.4506.2152; .NET CLR 3.5.30729)"
205.178.190.234 - - [18/Aug/2013:07:24:07 -0400] "GET /images/ic_038_header_bg_wide.png HTTP/1.1" 200 730 "http://verticalcg.com/usefulinformation.html" "Mozilla/4.0 (compatible; MSIE 7.0; Windows NT 5.2; Trident/4.0; .NET CLR 1.1.4322; .NET CLR 2.0.50727; .NET CLR 3.0.4506.2152; .NET CLR 3.5.30729)"
205.178.190.234 - - [18/Aug/2013:07:24:07 -0400] "GET /images/People-10.jpg HTTP/1.1" 200 19251 "http://verticalcg.com/usefulinformation.html" "Mozilla/4.0 (compatible; MSIE 7.0; Windows NT 5.2; Trident/4.0; .NET CLR 1.1.4322; .NET CLR 2.0.50727; .NET CLR 3.0.4506.2152; .NET CLR 3.5.30729)"
5.9.87.147 - - [18/Aug/2013:00:50:01 -0400] "HEAD /home.html HTTP/1.1" 200 - "-" "Mozilla/5.0 (Windows; U; Windows NT 5.1; en-US; rv:1.9.2.8) Gecko/20100721 Firefox/3.6.8"
5.135.125.181 - - [18/Aug/2013:18:37:21 -0400] "GET /images/pci_audit_procedures_v1-1_1_.pdf HTTP/1.1" 200 736040 "-" "Mozilla/5.0 (X11; Linux x86_64) AppleWebKit/535.11 (KHTML, like Gecko) Chrome/17.0.963.12 Safari/535.11"
205.178.190.234 - - [18/Aug/2013:07:24:14 -0400] "GET /scripts/ic_globals_published.js HTTP/1.1" 200 566 "http://verticalcg.com/contactus.html" "Mozilla/4.0 (compatible; MSIE 7.0; Windows NT 5.2; Trident/4.0; .NET CLR 1.1.4322; .NET CLR 2.0.50727; .NET CLR 3.0.4506.2152; .NET CLR 3.5.30729)"
205.178.190.234 - - [18/Aug/2013:07:24:14 -0400] "GET /scripts/template.css HTTP/1.1" 200 9667 "http://verticalcg.com/contactus.html" "Mozilla/4.0 (compatible; MSIE 7.0; Windows NT 5.2; Trident/4.0; .NET CLR 1.1.4322; .NET CLR 2.0.50727; .NET CLR 3.0.4506.2152; .NET CLR 3.5.30729)"
205.178.190.234 - - [18/Aug/2013:07:24:14 -0400] "GET /scripts/print.css HTTP/1.1" 200 9541 "http://verticalcg.com/contactus.html" "Mozilla/4.0 (compatible; MSIE 7.0; Windows NT 5.2; Trident/4.0; .NET CLR 1.1.4322; .NET CLR 2.0.50727; .NET CLR 3.0.4506.2152; .NET CLR 3.5.30729)"
205.178.190.234 - - [18/Aug/2013:07:24:14 -0400] "GET /scripts/photoalbum.js HTTP/1.1" 200 62481 "http://verticalcg.com/contactus.html" "Mozilla/4.0 (compatible; MSIE 7.0; Windows NT 5.2; Trident/4.0; .NET CLR 1.1.4322; .NET CLR 2.0.50727; .NET CLR 3.0.4506.2152; .NET CLR 3.5.30729)"
205.178.190.234 - - [18/Aug/2013:07:24:15 -0400] "GET /images/People-10.jpg HTTP/1.1" 200 19251 "http://verticalcg.com/contactus.html" "Mozilla/4.0 (compatible; MSIE 7.0; Windows NT 5.2; Trident/4.0; .NET CLR 1.1.4322; .NET CLR 2.0.50727; .NET CLR 3.0.4506.2152; .NET CLR 3.5.30729)"
202.46.55.37 - - [18/Aug/2013:22:03:59 -0400] "GET /orenvideo=1682 HTTP/1.1" 404 575 "-" "Mozilla/5.0 (Windows; U; Windows NT 5.1; zh-CN; rv:1.9.1.2) Firefox/3.5.2"
205.178.190.235 - - [18/Aug/2013:07:09:27 -0400] "GET /scripts/ic_globals_published.js HTTP/1.1" 200 566 "http://verticalcg.com/" "Mozilla/4.0 (compatible; MSIE 7.0; Windows NT 5.2; Trident/4.0; .NET CLR 1.1.4322; .NET CLR 2.0.50727; .NET CLR 3.0.4506.2152; .NET CLR 3.5.30729; .NET4.0C; .NET4.0E)"
205.178.190.235 - - [18/Aug/2013:07:09:27 -0400] "GET /scripts/photoalbum.js HTTP/1.1" 200 62481 "http://verticalcg.com/" "Mozilla/4.0 (compatible; MSIE 7.0; Windows NT 5.2; Trident/4.0; .NET CLR 1.1.4322; .NET CLR 2.0.50727; .NET CLR 3.0.4506.2152; .NET CLR 3.5.30729; .NET4.0C; .NET4.0E)"
205.178.190.235 - - [18/Aug/2013:07:09:28 -0400] "GET /scripts/template.css HTTP/1.1" 200 9667 "http://verticalcg.com/" "Mozilla/4.0 (compatible; MSIE 7.0; Windows NT 5.2; Trident/4.0; .NET CLR 1.1.4322; .NET CLR 2.0.50727; .NET CLR 3.0.4506.2152; .NET CLR 3.5.30729; .NET4.0C; .NET4.0E)"
205.178.190.235 - - [18/Aug/2013:07:09:28 -0400] "GET /scripts/print.css HTTP/1.1" 200 9541 "http://verticalcg.com/" "Mozilla/4.0 (compatible; MSIE 7.0; Windows NT 5.2; Trident/4.0; .NET CLR 1.1.4322; .NET CLR 2.0.50727; .NET CLR 3.0.4506.2152; .NET CLR 3.5.30729; .NET4.0C; .NET4.0E)"
205.178.190.235 - - [18/Aug/2013:07:09:28 -0400] "GET /scripts/user.js HTTP/1.1" 200 23762 "http://verticalcg.com/" "Mozilla/4.0 (compatible; MSIE 7.0; Windows NT 5.2; Trident/4.0; .NET CLR 1.1.4322; .NET CLR 2.0.50727; .NET CLR 3.0.4506.2152; .NET CLR 3.5.30729; .NET4.0C; .NET4.0E)"
205.178.190.235 - - [18/Aug/2013:07:09:29 -0400] "GET /images/ic_038_header_bg_wide.png HTTP/1.1" 200 730 "http://verticalcg.com/" "Mozilla/4.0 (compatible; MSIE 7.0; Windows NT 5.2; Trident/4.0; .NET CLR 1.1.4322; .NET CLR 2.0.50727; .NET CLR 3.0.4506.2152; .NET CLR 3.5.30729; .NET4.0C; .NET4.0E)"
205.178.190.235 - - [18/Aug/2013:07:09:30 -0400] "GET /images/People-10.jpg HTTP/1.1" 200 19251 "http://verticalcg.com/" "Mozilla/4.0 (compatible; MSIE 7.0; Windows NT 5.2; Trident/4.0; .NET CLR 1.1.4322; .NET CLR 2.0.50727; .NET CLR 3.0.4506.2152; .NET CLR 3.5.30729; .NET4.0C; .NET4.0E)"
205.178.190.234 - - [18/Aug/2013:07:24:06 -0400] "GET /scripts/user.js HTTP/1.1" 200 23762 "http://verticalcg.com/aboutus.html" "Mozilla/4.0 (compatible; MSIE 7.0; Windows NT 5.2; Trident/4.0; .NET CLR 1.1.4322; .NET CLR 2.0.50727; .NET CLR 3.0.4506.2152; .NET CLR 3.5.30729)"
205.178.190.234 - - [18/Aug/2013:07:24:06 -0400] "GET /scripts/template.css HTTP/1.1" 200 9667 "http://verticalcg.com/aboutus.html" "Mozilla/4.0 (compatible; MSIE 7.0; Windows NT 5.2; Trident/4.0; .NET CLR 1.1.4322; .NET CLR 2.0.50727; .NET CLR 3.0.4506.2152; .NET CLR 3.5.30729)"
205.178.190.234 - - [18/Aug/2013:07:24:06 -0400] "GET /scripts/website.css HTTP/1.1" 200 1728 "http://verticalcg.com/aboutus.html" "Mozilla/4.0 (compatible; MSIE 7.0; Windows NT 5.2; Trident/4.0; .NET CLR 1.1.4322; .NET CLR 2.0.50727; .NET CLR 3.0.4506.2152; .NET CLR 3.5.30729)"
205.178.190.234 - - [18/Aug/2013:07:24:06 -0400] "GET /usefulinformation.html HTTP/1.1" 200 5922 "-" "Mozilla/4.0 (compatible; MSIE 7.0; Windows NT 5.2; Trident/4.0; .NET CLR 1.1.4322; .NET CLR 2.0.50727; .NET CLR 3.0.4506.2152; .NET CLR 3.5.30729)"
205.178.190.234 - - [18/Aug/2013:07:24:06 -0400] "GET /scripts/photoalbum.js HTTP/1.1" 200 62481 "http://verticalcg.com/usefulinformation.html" "Mozilla/4.0 (compatible; MSIE 7.0; Windows NT 5.2; Trident/4.0; .NET CLR 1.1.4322; .NET CLR 2.0.50727; .NET CLR 3.0.4506.2152; .NET CLR 3.5.30729)"
205.178.190.234 - - [18/Aug/2013:07:24:07 -0400] "GET /images/ic_038_header_bg_wide.png HTTP/1.1" 200 730 "http://verticalcg.com/auditandgovernance.html" "Mozilla/4.0 (compatible; MSIE 7.0; Windows NT 5.2; Trident/4.0; .NET CLR 1.1.4322; .NET CLR 2.0.50727; .NET CLR 3.0.4506.2152; .NET CLR 3.5.30729)"
205.178.190.234 - - [18/Aug/2013:07:24:07 -0400] "GET /images/ic_038_body_bg.jpg HTTP/1.1" 200 19824 "http://verticalcg.com/usefulinformation.html" "Mozilla/4.0 (compatible; MSIE 7.0; Windows NT 5.2; Trident/4.0; .NET CLR 1.1.4322; .NET CLR 2.0.50727; .NET CLR 3.0.4506.2152; .NET CLR 3.5.30729)"
83.149.126.98 - - [18/Aug/2013:07:25:39 -0400] "GET /robots.txt HTTP/1.0" 200 25 "-" "Mozilla/5.0 (compatible; MJ12bot/v1.4.3; http://www.majestic12.co.uk/bot.php?+)"
178.255.215.68 - - [18/Aug/2013:08:31:08 -0400] "GET /disasterrecovery.html HTTP/1.1" 404 575 "-" "Mozilla/5.0 (compatible; Exabot/3.0; +http://www.exabot.com/go/robot)"
66.249.72.240 - - [18/Aug/2013:01:34:23 -0400] "GET /aboutus.html HTTP/1.1" 304 - "-" "Mozilla/5.0 (iPhone; U; CPU iPhone OS 4_1 like Mac OS X; en-us) AppleWebKit/532.9 (KHTML, like Gecko) Version/4.0.5 Mobile/8B117 Safari/6531.22.7 (compatible; Googlebot-Mobile/2.1; +http://www.google.com/bot.html)"
66.249.72.240 - - [18/Aug/2013:12:35:29 -0400] "GET /usefulinformation.html HTTP/1.1" 304 - "-" "Mozilla/5.0 (iPhone; U; CPU iPhone OS 4_1 like Mac OS X; en-us) AppleWebKit/532.9 (KHTML, like Gecko) Version/4.0.5 Mobile/8B117 Safari/6531.22.7 (compatible; Googlebot-Mobile/2.1; +http://www.google.com/bot.html)"
208.115.111.75 - - [18/Aug/2013:18:11:53 -0400] "GET /orenvideo=431 HTTP/1.1" 404 575 "-" "Mozilla/5.0 (compatible; Ezooms/1.0; ezooms.bot@gmail.com)"
83.149.126.98 - - [18/Aug/2013:07:25:41 -0400] "GET / HTTP/1.0" 200 7506 "-" "Mozilla/5.0 (compatible; MJ12bot/v1.4.3; http://www.majestic12.co.uk/bot.php?+)"
208.115.111.75 - - [18/Aug/2013:17:05:23 -0400] "GET /robots.txt HTTP/1.1" 200 25 "-" "Mozilla/5.0 (compatible; Ezooms/1.0; ezooms.bot@gmail.com)"
5.135.125.181 - - [18/Aug/2013:18:37:20 -0400] "GET / HTTP/1.1" 200 7506 "-" "Mozilla/4.0 (compatible; MSIE 8.0; Windows NT 6.1; en) Opera 10.62"
46.229.170.197 - - [18/Aug/2013:14:05:29 -0400] "GET / HTTP/1.1" 200 7506 "-" "Mozilla/5.0 (Macintosh; Intel Mac OS X 10.6; rv:2.0b8) Gecko/20100101 Firefox/4.0b8"
205.178.190.235 - - [18/Aug/2013:07:09:27 -0400] "GET / HTTP/1.1" 200 7506 "-" "Mozilla/4.0 (compatible; MSIE 7.0; Windows NT 5.2; Trident/4.0; .NET CLR 1.1.4322; .NET CLR 2.0.50727; .NET CLR 3.0.4506.2152; .NET CLR 3.5.30729; .NET4.0C; .NET4.0E)"
205.178.190.235 - - [18/Aug/2013:07:09:28 -0400] "GET /scripts/website.css HTTP/1.1" 200 1728 "http://verticalcg.com/" "Mozilla/4.0 (compatible; MSIE 7.0; Windows NT 5.2; Trident/4.0; .NET CLR 1.1.4322; .NET CLR 2.0.50727; .NET CLR 3.0.4506.2152; .NET CLR 3.5.30729; .NET4.0C; .NET4.0E)"
205.178.190.235 - - [18/Aug/2013:07:09:28 -0400] "GET /scripts/1custom.css HTTP/1.1" 200 805 "http://verticalcg.com/" "Mozilla/4.0 (compatible; MSIE 7.0; Windows NT 5.2; Trident/4.0; .NET CLR 1.1.4322; .NET CLR 2.0.50727; .NET CLR 3.0.4506.2152; .NET CLR 3.5.30729; .NET4.0C; .NET4.0E)"
205.178.190.235 - - [18/Aug/2013:07:09:28 -0400] "GET /scripts/icwebsiteelement.css HTTP/1.1" 200 8132 "http://verticalcg.com/" "Mozilla/4.0 (compatible; MSIE 7.0; Windows NT 5.2; Trident/4.0; .NET CLR 1.1.4322; .NET CLR 2.0.50727; .NET CLR 3.0.4506.2152; .NET CLR 3.5.30729; .NET4.0C; .NET4.0E)"
205.178.190.235 - - [18/Aug/2013:07:09:29 -0400] "GET /images/ic_038_body_bg.jpg HTTP/1.1" 200 19824 "http://verticalcg.com/" "Mozilla/4.0 (compatible; MSIE 7.0; Windows NT 5.2; Trident/4.0; .NET CLR 1.1.4322; .NET CLR 2.0.50727; .NET CLR 3.0.4506.2152; .NET CLR 3.5.30729; .NET4.0C; .NET4.0E)"