0byt3m1n1
Path:
/
data
/
0
/
0
/
109
/
11
/
109826
/
meta
/
111333
/
logs
/
[
Home
]
File: x-access_log.2013-08-13
178.137.128.238 - - [13/Aug/2013:14:27:18 -0400] "GET / HTTP/1.1" 200 20123 "http://na-znakomstva.ru/dating_4.php" "Mozilla/4.0 (compatible; MSIE 6.0; Windows NT 5.1; Maxthon; .NET CLR 1.1.4322)"
46.118.126.194 - - [13/Aug/2013:21:00:51 -0400] "GET / HTTP/1.1" 200 20123 "http://galaxyflowers.ru/" "Opera/9.0 (Windows NT 5.1; U; en)"
157.56.92.156 - - [13/Aug/2013:20:58:53 -0400] "GET /performancecoaching/balancedkpis.html HTTP/1.1" 304 - "-" "Mozilla/5.0 (compatible; bingbot/2.0; +http://www.bing.com/bingbot.htm)"
193.106.136.58 - - [13/Aug/2013:14:49:11 -0400] "GET / HTTP/1.1" 200 20123 "http://seofan.info/" "Opera/7.60 (Windows NT 5.2; U) [en] (IBM EVV/3.0/EAK01AG9/LE)"
199.21.99.92 - - [13/Aug/2013:20:07:00 -0400] "GET /performancecoaching/freeanalysis.html HTTP/1.1" 200 11927 "-" "Mozilla/5.0 (compatible; YandexBot/3.0; +http://yandex.com/bots)"
65.55.52.95 - - [13/Aug/2013:14:51:31 -0400] "GET /turnarounds/financesolutions.html HTTP/1.1" 304 - "-" "Mozilla/5.0 (compatible; bingbot/2.0; +http://www.bing.com/bingbot.htm)"
199.21.99.92 - - [13/Aug/2013:21:41:16 -0400] "GET /robots.txt HTTP/1.1" 200 25 "-" "Mozilla/5.0 (compatible; YandexBot/3.0; +http://yandex.com/bots)"
66.249.75.185 - - [13/Aug/2013:13:17:16 -0400] "GET /finance/assetbasedfinancing.html HTTP/1.1" 304 - "-" "Mozilla/5.0 (iPhone; U; CPU iPhone OS 4_1 like Mac OS X; en-us) AppleWebKit/532.9 (KHTML, like Gecko) Version/4.0.5 Mobile/8B117 Safari/6531.22.7 (compatible; Googlebot-Mobile/2.1; +http://www.google.com/bot.html)"
46.118.126.194 - - [13/Aug/2013:00:25:27 -0400] "GET / HTTP/1.1" 200 20123 "http://www.wood-expert.ru/" "Opera/9.0 (Windows NT 5.1; U; en)"
199.30.20.53 - - [13/Aug/2013:06:10:56 -0400] "GET /robots.txt HTTP/1.1" 200 25 "-" "msnbot-media/1.1 (+http://search.msn.com/msnbot.htm)"
65.55.52.95 - - [13/Aug/2013:07:29:17 -0400] "GET /robots.txt HTTP/1.1" 200 25 "-" "Mozilla/5.0 (compatible; bingbot/2.0; +http://www.bing.com/bingbot.htm)"
199.21.99.92 - - [13/Aug/2013:07:36:14 -0400] "GET /home.html HTTP/1.1" 200 20123 "-" "Mozilla/5.0 (compatible; YandexBot/3.0; +http://yandex.com/bots)"
199.21.99.92 - - [13/Aug/2013:23:17:05 -0400] "GET /exitstrategies.html HTTP/1.1" 200 13101 "-" "Mozilla/5.0 (compatible; YandexBot/3.0; +http://yandex.com/bots)"
66.249.75.185 - - [13/Aug/2013:16:43:39 -0400] "GET /scripts/icwebsiteelement.css HTTP/1.1" 200 8132 "-" "Mozilla/5.0 (compatible; Googlebot/2.1; +http://www.google.com/bot.html)"
66.249.75.185 - - [13/Aug/2013:16:54:16 -0400] "GET /scripts/20custom.css HTTP/1.1" 200 1477 "-" "Mozilla/5.0 (compatible; Googlebot/2.1; +http://www.google.com/bot.html)"
66.249.75.185 - - [13/Aug/2013:07:16:05 -0400] "GET /testimonials/wholesale.html HTTP/1.1" 200 10280 "-" "DoCoMo/2.0 N905i(c100;TB;W24H16) (compatible; Googlebot-Mobile/2.1; +http://www.google.com/bot.html)"
199.21.99.92 - - [13/Aug/2013:05:36:03 -0400] "GET /whatwedo/ratesandterms.html HTTP/1.1" 200 21486 "-" "Mozilla/5.0 (compatible; YandexBot/3.0; +http://yandex.com/bots)"
66.249.75.185 - - [13/Aug/2013:11:47:07 -0400] "GET / HTTP/1.1" 200 20123 "-" "SAMSUNG-SGH-E250/1.0 Profile/MIDP-2.0 Configuration/CLDC-1.1 UP.Browser/6.2.3.3.c.1.101 (GUI) MMP/2.0 (compatible; Googlebot-Mobile/2.1; +http://www.google.com/bot.html)"
199.21.99.92 - - [13/Aug/2013:01:04:44 -0400] "GET /performancecoaching/accountability.html HTTP/1.1" 200 12669 "-" "Mozilla/5.0 (compatible; YandexBot/3.0; +http://yandex.com/bots)"
222.239.162.7 - - [13/Aug/2013:02:47:46 -0400] "GET / HTTP/1.1" 200 20123 "http://search.daum.net/" "Mozilla/5.0 (compatible; MSIE or Firefox mutant; not on Windows server; + http://tab.search.daum.net/aboutWebSearch.html) Daumoa/3.0"
193.106.136.58 - - [13/Aug/2013:14:49:11 -0400] "GET / HTTP/1.1" 200 20123 "http://seofan.info/" "Opera/7.60 (Windows NT 5.2; U) [en] (IBM EVV/3.0/EAK01AG9/LE)"
199.21.99.92 - - [13/Aug/2013:20:45:30 -0400] "GET /turnarounds/organizationalchanges.html HTTP/1.1" 200 12366 "-" "Mozilla/5.0 (compatible; YandexBot/3.0; +http://yandex.com/bots)"
66.249.75.185 - - [13/Aug/2013:12:54:30 -0400] "GET /finance/assetbasedfinancing.html HTTP/1.1" 304 - "-" "Mozilla/5.0 (compatible; Googlebot/2.1; +http://www.google.com/bot.html)"
66.249.75.185 - - [13/Aug/2013:16:42:34 -0400] "GET /finance/bankfinancing.html HTTP/1.1" 304 - "-" "Mozilla/5.0 (compatible; Googlebot/2.1; +http://www.google.com/bot.html)"
91.207.9.226 - - [13/Aug/2013:15:41:02 -0400] "GET / HTTP/1.1" 200 20123 "http://www.socioforum.su/" "Opera/8.01 (Windows NT 5.1)"
199.21.99.92 - - [13/Aug/2013:22:30:56 -0400] "GET /performancecoaching/keepingscore.html HTTP/1.1" 200 11474 "-" "Mozilla/5.0 (compatible; YandexBot/3.0; +http://yandex.com/bots)"
65.55.52.95 - - [13/Aug/2013:14:04:48 -0400] "GET /testimonials/retail.html HTTP/1.1" 304 - "-" "Mozilla/5.0 (compatible; bingbot/2.0; +http://www.bing.com/bingbot.htm)"
46.118.126.194 - - [13/Aug/2013:00:25:26 -0400] "GET / HTTP/1.1" 200 20123 "http://remdizain.ru/" "Opera/9.0 (Windows NT 5.1; U; en)"
199.21.99.92 - - [13/Aug/2013:17:26:39 -0400] "GET /exitstrategies/businessbrokerage.html HTTP/1.1" 200 12063 "-" "Mozilla/5.0 (compatible; YandexBot/3.0; +http://yandex.com/bots)"
199.21.99.92 - - [13/Aug/2013:19:11:48 -0400] "GET /exitstrategies/valuations.html HTTP/1.1" 200 23518 "-" "Mozilla/5.0 (compatible; YandexBot/3.0; +http://yandex.com/bots)"
91.207.9.226 - - [13/Aug/2013:15:41:02 -0400] "GET / HTTP/1.1" 200 20123 "http://www.socioforum.su/" "Opera/8.01 (Windows NT 5.1)"
66.249.75.185 - - [13/Aug/2013:16:39:03 -0400] "GET /performancecoaching.html HTTP/1.1" 200 13428 "-" "Mozilla/5.0 (compatible; Googlebot/2.1; +http://www.google.com/bot.html)"
199.21.99.92 - - [13/Aug/2013:12:58:03 -0400] "GET /performancecoaching.html HTTP/1.1" 200 13428 "-" "Mozilla/5.0 (compatible; YandexBot/3.0; +http://yandex.com/bots)"
79.113.83.74 - - [13/Aug/2013:01:18:49 -0400] "GET / HTTP/1.1" 200 20123 "-" "-"
46.119.118.152 - - [13/Aug/2013:09:27:24 -0400] "GET / HTTP/1.1" 200 20123 "http://www.koskam.ru/" "Opera/9.0 (Windows NT 5.1; U; en)"
199.21.99.92 - - [13/Aug/2013:03:13:37 -0400] "GET /turnarounds/negotiatepaymentplans.html HTTP/1.1" 200 12020 "-" "Mozilla/5.0 (compatible; YandexBot/3.0; +http://yandex.com/bots)"
91.207.9.226 - - [13/Aug/2013:15:41:03 -0400] "GET / HTTP/1.1" 200 20123 "http://www.socioforum.su/" "Opera/8.01 (Windows NT 5.1)"
199.21.99.92 - - [13/Aug/2013:16:31:39 -0400] "GET /whatwedo.html HTTP/1.1" 200 11894 "-" "Mozilla/5.0 (compatible; YandexBot/3.0; +http://yandex.com/bots)"
66.249.75.185 - - [13/Aug/2013:17:40:10 -0400] "GET /testimonials.html HTTP/1.1" 200 54752 "-" "Mozilla/5.0 (compatible; Googlebot/2.1; +http://www.google.com/bot.html)"
37.59.50.71 - - [13/Aug/2013:11:52:10 -0400] "GET / HTTP/1.1" 200 20123 "-" "Mozilla/5.0 (Windows NT 6.1; WOW64; en-US;) AppleWebKit/537.36 (KHTML, like Gecko) Chrome/28.0.1500.95 Safari/537.36"
178.137.128.238 - - [13/Aug/2013:14:27:14 -0400] "GET / HTTP/1.1" 200 20123 "http://na-znakomstva.ru/dating_4.php" "Mozilla/4.0 (compatible; MSIE 6.0; Windows NT 5.1; Maxthon; .NET CLR 1.1.4322)"
66.249.75.185 - - [13/Aug/2013:03:07:04 -0400] "GET /turnarounds/organizationalchanges.html HTTP/1.1" 304 - "-" "Mozilla/5.0 (iPhone; U; CPU iPhone OS 4_1 like Mac OS X; en-us) AppleWebKit/532.9 (KHTML, like Gecko) Version/4.0.5 Mobile/8B117 Safari/6531.22.7 (compatible; Googlebot-Mobile/2.1; +http://www.google.com/bot.html)"
65.55.52.95 - - [13/Aug/2013:07:30:17 -0400] "GET / HTTP/1.1" 304 - "-" "Mozilla/5.0 (compatible; bingbot/2.0; +http://www.bing.com/bingbot.htm)"
108.59.8.70 - - [13/Aug/2013:02:16:28 -0400] "GET /resources.html HTTP/1.0" 200 24122 "-" "Mozilla/5.0 (compatible; MJ12bot/v1.4.3; http://www.majestic12.co.uk/bot.php?+)"
66.249.75.185 - - [13/Aug/2013:10:08:32 -0400] "GET /robots.txt HTTP/1.1" 200 25 "-" "Mozilla/5.0 (compatible; Googlebot/2.1; +http://www.google.com/bot.html)"
66.249.75.185 - - [13/Aug/2013:17:45:36 -0400] "GET /scripts/12custom.css HTTP/1.1" 200 1141 "-" "Mozilla/5.0 (compatible; Googlebot/2.1; +http://www.google.com/bot.html)"
180.76.6.227 - - [13/Aug/2013:20:35:23 -0400] "GET /exitstrategies/transitionplanning.html HTTP/1.1" 200 18863 "-" "Mozilla/5.0 (compatible; Baiduspider/2.0; +http://www.baidu.com/search/spider.html)"
199.21.99.92 - - [13/Aug/2013:04:28:14 -0400] "GET /performancecoaching/performancelevels.html HTTP/1.1" 200 12972 "-" "Mozilla/5.0 (compatible; YandexBot/3.0; +http://yandex.com/bots)"
46.119.118.152 - - [13/Aug/2013:09:27:24 -0400] "GET / HTTP/1.1" 200 20123 "http://www.koskam.ru/" "Opera/9.0 (Windows NT 5.1; U; en)"
193.106.136.58 - - [13/Aug/2013:14:49:10 -0400] "GET / HTTP/1.1" 200 20123 "http://seofan.info/" "Opera/7.60 (Windows NT 5.2; U) [en] (IBM EVV/3.0/EAK01AG9/LE)"
46.118.126.194 - - [13/Aug/2013:00:25:24 -0400] "GET / HTTP/1.1" 200 20123 "http://remdizain.ru/" "Opera/9.0 (Windows NT 5.1; U; en)"
199.30.20.53 - - [13/Aug/2013:06:10:56 -0400] "GET /images/279_050211_5303_0987_jsls.jpg HTTP/1.1" 200 18859 "-" "msnbot-media/1.1 (+http://search.msn.com/msnbot.htm)"
199.21.99.92 - - [13/Aug/2013:20:08:04 -0400] "GET /robots.txt HTTP/1.1" 200 25 "-" "Mozilla/5.0 (compatible; YandexBot/3.0; +http://yandex.com/bots)"
199.21.99.92 - - [13/Aug/2013:20:08:06 -0400] "GET /finance/sbaloans.html HTTP/1.1" 200 11658 "-" "Mozilla/5.0 (compatible; YandexBot/3.0; +http://yandex.com/bots)"
23.20.107.73 - - [13/Aug/2013:20:38:20 -0400] "GET / HTTP/1.1" 200 20123 "-" "Ruby"
46.118.126.194 - - [13/Aug/2013:00:25:24 -0400] "GET / HTTP/1.1" 200 20123 "http://www.wood-expert.ru/" "Opera/9.0 (Windows NT 5.1; U; en)"
66.249.75.185 - - [13/Aug/2013:16:52:08 -0400] "GET /exitstrategies.html HTTP/1.1" 200 13101 "-" "Mozilla/5.0 (compatible; Googlebot/2.1; +http://www.google.com/bot.html)"
199.21.99.92 - - [13/Aug/2013:09:41:11 -0400] "GET /robots.txt HTTP/1.1" 200 25 "-" "Mozilla/5.0 (compatible; YandexBot/3.0; +http://yandex.com/bots)"
157.56.93.153 - - [13/Aug/2013:11:23:30 -0400] "GET /testimonials/wholesale.html HTTP/1.1" 304 - "-" "Mozilla/5.0 (compatible; bingbot/2.0; +http://www.bing.com/bingbot.htm)"
66.249.75.185 - - [13/Aug/2013:02:14:04 -0400] "GET /finance/assetbasedfinancing.html HTTP/1.1" 304 - "-" "Mozilla/5.0 (compatible; Googlebot/2.1; +http://www.google.com/bot.html)"
222.239.162.7 - - [13/Aug/2013:02:47:45 -0400] "GET /robots.txt HTTP/1.1" 200 25 "http://search.daum.net/" "Mozilla/5.0 (compatible; MSIE or Firefox mutant; not on Windows server; + http://tab.search.daum.net/aboutWebSearch.html) Daumoa/3.0"
178.137.128.238 - - [13/Aug/2013:14:27:17 -0400] "GET / HTTP/1.1" 200 20123 "http://na-znakomstva.ru/dating_4.php" "Mozilla/4.0 (compatible; MSIE 6.0; Windows NT 5.1; Maxthon; .NET CLR 1.1.4322)"
157.55.33.125 - - [13/Aug/2013:22:28:30 -0400] "GET /finance/persontopersonlending.html HTTP/1.1" 304 - "-" "Mozilla/5.0 (compatible; bingbot/2.0; +http://www.bing.com/bingbot.htm)"
157.56.92.156 - - [13/Aug/2013:20:50:31 -0400] "GET /robots.txt HTTP/1.1" 200 25 "-" "Mozilla/5.0 (compatible; bingbot/2.0; +http://www.bing.com/bingbot.htm)"
66.249.75.185 - - [13/Aug/2013:12:22:45 -0400] "GET /turnarounds/debtrestructure.html HTTP/1.1" 304 - "-" "Mozilla/5.0 (compatible; Googlebot/2.1; +http://www.google.com/bot.html)"
66.249.75.185 - - [13/Aug/2013:16:43:38 -0400] "GET /scripts/21custom.css HTTP/1.1" 200 1814 "-" "Mozilla/5.0 (compatible; Googlebot/2.1; +http://www.google.com/bot.html)"
46.118.126.194 - - [13/Aug/2013:00:25:27 -0400] "GET / HTTP/1.1" 200 20123 "http://remdizain.ru/" "Opera/9.0 (Windows NT 5.1; U; en)"
199.21.99.92 - - [13/Aug/2013:02:16:01 -0400] "GET /aboutus.html HTTP/1.1" 200 9025 "-" "Mozilla/5.0 (compatible; YandexBot/3.0; +http://yandex.com/bots)"
123.125.71.83 - - [13/Aug/2013:23:03:38 -0400] "GET /robots.txt HTTP/1.1" 200 25 "-" "Mozilla/5.0 (compatible; Baiduspider/2.0; +http://www.baidu.com/search/spider.html)"
66.249.75.185 - - [13/Aug/2013:10:08:32 -0400] "GET /turnarounds/organizationalchanges.html HTTP/1.1" 304 - "-" "Mozilla/5.0 (compatible; Googlebot/2.1; +http://www.google.com/bot.html)"
157.55.33.125 - - [13/Aug/2013:22:27:36 -0400] "GET /robots.txt HTTP/1.1" 200 25 "-" "Mozilla/5.0 (compatible; bingbot/2.0; +http://www.bing.com/bingbot.htm)"
199.21.99.92 - - [13/Aug/2013:06:32:43 -0400] "GET /performancecoaching/performancekeys.html HTTP/1.1" 200 11460 "-" "Mozilla/5.0 (compatible; YandexBot/3.0; +http://yandex.com/bots)"
157.56.93.153 - - [13/Aug/2013:08:28:39 -0400] "GET /turnarounds.html HTTP/1.1" 304 - "-" "Mozilla/5.0 (compatible; bingbot/2.0; +http://www.bing.com/bingbot.htm)"
65.55.52.95 - - [13/Aug/2013:14:17:27 -0400] "GET /turnarounds/negotiatepaymentplans.html HTTP/1.1" 200 12020 "-" "Mozilla/5.0 (compatible; bingbot/2.0; +http://www.bing.com/bingbot.htm)"
108.59.8.70 - - [13/Aug/2013:02:16:22 -0400] "GET /finance/persontopersonlending.html HTTP/1.0" 200 14044 "-" "Mozilla/5.0 (compatible; MJ12bot/v1.4.3; http://www.majestic12.co.uk/bot.php?+)"
199.21.99.92 - - [13/Aug/2013:10:57:58 -0400] "GET /finance/leasefinancing.html HTTP/1.1" 200 11457 "-" "Mozilla/5.0 (compatible; YandexBot/3.0; +http://yandex.com/bots)"
46.119.118.152 - - [12/Aug/2013:23:55:55 -0400] "GET / HTTP/1.1" 200 20123 "http://remont-komputerov-notebook.ru/" "Opera/9.0 (Windows NT 5.1; U; en)"
46.118.126.194 - - [13/Aug/2013:00:25:26 -0400] "GET / HTTP/1.1" 200 20123 "http://www.wood-expert.ru/" "Opera/9.0 (Windows NT 5.1; U; en)"
46.118.126.194 - - [13/Aug/2013:21:00:51 -0400] "GET / HTTP/1.1" 200 20123 "http://galaxyflowers.ru/" "Opera/9.0 (Windows NT 5.1; U; en)"
199.21.99.92 - - [13/Aug/2013:18:23:53 -0400] "GET /whatwedo/services.html HTTP/1.1" 200 25146 "-" "Mozilla/5.0 (compatible; YandexBot/3.0; +http://yandex.com/bots)"
65.55.52.95 - - [13/Aug/2013:03:19:54 -0400] "GET / HTTP/1.1" 304 - "-" "Mozilla/5.0 (compatible; bingbot/2.0; +http://www.bing.com/bingbot.htm)"
66.249.75.185 - - [13/Aug/2013:05:33:40 -0400] "GET / HTTP/1.1" 200 20123 "-" "Mozilla/5.0 (compatible; Googlebot/2.1; +http://www.google.com/bot.html)"
50.193.202.82 - - [13/Aug/2013:04:49:51 -0400] "GET / HTTP/1.1" 200 20123 "-" "Mozilla/5.0 (Windows NT 6.2; WOW64) AppleWebKit/537.36 (KHTML, like Gecko) Chrome/27.0.1453.116 Safari/537.36"
108.59.8.70 - - [13/Aug/2013:02:16:21 -0400] "GET /robots.txt HTTP/1.0" 200 25 "-" "Mozilla/5.0 (compatible; MJ12bot/v1.4.3; http://www.majestic12.co.uk/bot.php?+)"
65.55.52.95 - - [13/Aug/2013:14:03:38 -0400] "GET /robots.txt HTTP/1.1" 200 25 "-" "Mozilla/5.0 (compatible; bingbot/2.0; +http://www.bing.com/bingbot.htm)"
123.125.67.151 - - [13/Aug/2013:08:59:11 -0400] "GET /robots.txt HTTP/1.1" 200 25 "-" "Mozilla/5.0 (Windows NT 5.1; rv:6.0.2) Gecko/20100101 Firefox/6.0.2"
46.119.118.152 - - [13/Aug/2013:09:27:23 -0400] "GET / HTTP/1.1" 200 20123 "http://www.koskam.ru/" "Opera/9.0 (Windows NT 5.1; U; en)"
66.249.72.185 - - [13/Aug/2013:23:46:47 -0400] "GET /exitstrategies.html HTTP/1.1" 304 - "-" "Mozilla/5.0 (iPhone; U; CPU iPhone OS 4_1 like Mac OS X; en-us) AppleWebKit/532.9 (KHTML, like Gecko) Version/4.0.5 Mobile/8B117 Safari/6531.22.7 (compatible; Googlebot-Mobile/2.1; +http://www.google.com/bot.html)"
65.55.52.95 - - [13/Aug/2013:03:19:04 -0400] "GET /robots.txt HTTP/1.1" 200 25 "-" "Mozilla/5.0 (compatible; bingbot/2.0; +http://www.bing.com/bingbot.htm)"
66.249.75.185 - - [13/Aug/2013:05:42:36 -0400] "GET /images/100_020903_1660_0023_lslp.jpg HTTP/1.1" 304 - "-" "Googlebot-Image/1.0"
66.249.72.185 - - [13/Aug/2013:23:46:47 -0400] "GET /robots.txt HTTP/1.1" 200 25 "-" "Mozilla/5.0 (compatible; Googlebot/2.1; +http://www.google.com/bot.html)"