0byt3m1n1
Path:
/
data
/
0
/
0
/
109
/
11
/
109826
/
meta
/
111333
/
logs
/
[
Home
]
File: x-access_log.2013-08-18
198.143.158.34 - - [18/Aug/2013:04:24:20 -0400] "GET /whatwedo/services.html HTTP/1.1" 200 24704 "-" "Mozilla/5.0 (compatible; BLEXBot/1.0; +http://webmeup.com/crawler.html)"
198.143.158.34 - - [18/Aug/2013:04:26:40 -0400] "GET /whatwedo/services.html HTTP/1.1" 200 24704 "-" "Mozilla/5.0 (compatible; BLEXBot/1.0; +http://webmeup.com/crawler.html)"
199.21.99.92 - - [18/Aug/2013:07:38:51 -0400] "GET /finance/bankfinancing.html HTTP/1.1" 200 18514 "-" "Mozilla/5.0 (compatible; YandexBot/3.0; +http://yandex.com/bots)"
199.21.99.92 - - [18/Aug/2013:07:38:52 -0400] "GET /exitstrategies/valuations.html HTTP/1.1" 200 23076 "-" "Mozilla/5.0 (compatible; YandexBot/3.0; +http://yandex.com/bots)"
101.226.166.233 - - [18/Aug/2013:18:39:07 -0400] "GET /robots.txt HTTP/1.1" 200 25 "http://www.gr8smallbiz.com/robots.txt" "Mozilla/4.0 (compatible; MSIE 8.0; Windows NT 6.1; Trident/4.0; SLCC2; .NET CLR 2.0.50727; .NET CLR 3.5.30729; .NET CLR 3.0.30729; Media Center PC 6.0; MDDR; .NET4.0C; .NET4.0E; .NET CLR 1.1.4322; Tablet PC 2.0); 360Spider"
198.143.158.34 - - [18/Aug/2013:04:26:15 -0400] "GET /home/whyyourtimematters.html HTTP/1.1" 200 12248 "-" "Mozilla/5.0 (compatible; BLEXBot/1.0; +http://webmeup.com/crawler.html)"
66.212.171.234 - - [18/Aug/2013:16:28:26 -0400] "GET / HTTP/1.1" 200 19632 "-" "Mojolicious (Perl)"
157.55.32.97 - - [18/Aug/2013:20:18:53 -0400] "GET /scripts/ic_globals_published.js HTTP/1.1" 200 566 "-" "Mozilla/5.0 (compatible; bingbot/2.0; +http://www.bing.com/bingbot.htm)"
65.55.52.95 - - [18/Aug/2013:20:11:29 -0400] "GET /robots.txt HTTP/1.1" 200 25 "-" "Mozilla/5.0 (compatible; bingbot/2.0; +http://www.bing.com/bingbot.htm)"
198.143.158.34 - - [18/Aug/2013:04:26:56 -0400] "GET /exitstrategies/businessbrokerage.html HTTP/1.1" 200 11621 "-" "Mozilla/5.0 (compatible; BLEXBot/1.0; +http://webmeup.com/crawler.html)"
198.143.158.34 - - [18/Aug/2013:04:27:53 -0400] "GET /home.html HTTP/1.1" 200 19632 "-" "Mozilla/5.0 (compatible; BLEXBot/1.0; +http://webmeup.com/crawler.html)"
198.143.158.34 - - [18/Aug/2013:04:26:00 -0400] "GET /home.html HTTP/1.1" 200 19632 "-" "Mozilla/5.0 (compatible; BLEXBot/1.0; +http://webmeup.com/crawler.html)"
198.143.158.34 - - [18/Aug/2013:04:27:18 -0400] "GET /performancecoaching/performancekeys.html HTTP/1.1" 200 11018 "-" "Mozilla/5.0 (compatible; BLEXBot/1.0; +http://webmeup.com/crawler.html)"
180.76.5.150 - - [18/Aug/2013:05:04:19 -0400] "GET /robots.txt HTTP/1.1" 200 25 "-" "Mozilla/5.0 (Windows NT 5.1; rv:6.0.2) Gecko/20100101 Firefox/6.0.2"
65.55.212.76 - - [18/Aug/2013:07:13:37 -0400] "GET /scripts/user.js HTTP/1.1" 200 23762 "http://www.gr8smallbiz.com/turnarounds/organizationalchanges.html" "Mozilla/4.0 (compatible; MSIE 7.0; Windows NT 5.1; SV1; .NET CLR 1.1.4322; .NET CLR 2.0.50727; .NET CLR 3.0.30729; .NET CLR 3.5.30729; MS-RTC LM 8)"
65.55.212.76 - - [18/Aug/2013:07:13:40 -0400] "GET /scripts/photoalbum.js HTTP/1.1" 200 62481 "http://www.gr8smallbiz.com/turnarounds/organizationalchanges.html" "Mozilla/4.0 (compatible; MSIE 7.0; Windows NT 5.1; SV1; .NET CLR 1.1.4322; .NET CLR 2.0.50727; .NET CLR 3.0.30729; .NET CLR 3.5.30729; MS-RTC LM 8)"
198.143.158.34 - - [18/Aug/2013:04:25:35 -0400] "GET /performancecoaching/performancekeys.html HTTP/1.1" 200 11018 "-" "Mozilla/5.0 (compatible; BLEXBot/1.0; +http://webmeup.com/crawler.html)"
198.143.158.34 - - [18/Aug/2013:04:25:53 -0400] "GET /finance/sbaloans.html HTTP/1.1" 200 11216 "-" "Mozilla/5.0 (compatible; BLEXBot/1.0; +http://webmeup.com/crawler.html)"
198.143.158.34 - - [18/Aug/2013:04:28:08 -0400] "GET /contactus/stephenhtillotson.html HTTP/1.1" 200 12196 "-" "Mozilla/5.0 (compatible; BLEXBot/1.0; +http://webmeup.com/crawler.html)"
193.43.252.252 - - [18/Aug/2013:00:57:52 -0400] "GET / HTTP/1.0" 200 19632 "http://getfilesme.com/" "Mozilla/4.0 (compatible; MSIE 6.0; Windows NT 5.0; T312461)"
66.249.75.212 - - [18/Aug/2013:15:43:09 -0400] "GET /scripts/1custom.css HTTP/1.1" 200 2153 "-" "Mozilla/5.0 (compatible; Googlebot/2.1; +http://www.google.com/bot.html)"
199.30.16.14 - - [18/Aug/2013:15:43:26 -0400] "GET /robots.txt HTTP/1.1" 200 25 "-" "msnbot-media/1.1 (+http://search.msn.com/msnbot.htm)"
37.140.165.216 - - [18/Aug/2013:03:46:51 -0400] "GET /images/279_020816_1641_0003_lsls.jpg HTTP/1.1" 304 - "-" "Mozilla/5.0 (compatible; YandexImages/3.0; +http://yandex.com/bots)"
198.143.158.34 - - [18/Aug/2013:04:24:08 -0400] "GET /testimonials/retail.html HTTP/1.1" 200 9773 "-" "Mozilla/5.0 (compatible; BLEXBot/1.0; +http://webmeup.com/crawler.html)"
198.143.158.34 - - [18/Aug/2013:04:25:17 -0400] "GET /performancecoaching/accountability.html HTTP/1.1" 200 12227 "-" "Mozilla/5.0 (compatible; BLEXBot/1.0; +http://webmeup.com/crawler.html)"
198.143.158.34 - - [18/Aug/2013:04:27:25 -0400] "GET /turnarounds.html HTTP/1.1" 200 23510 "-" "Mozilla/5.0 (compatible; BLEXBot/1.0; +http://webmeup.com/crawler.html)"
198.143.158.34 - - [18/Aug/2013:04:28:15 -0400] "GET /turnarounds/negotiatepaymentplans.html HTTP/1.1" 200 11578 "-" "Mozilla/5.0 (compatible; BLEXBot/1.0; +http://webmeup.com/crawler.html)"
65.55.52.95 - - [18/Aug/2013:20:16:33 -0400] "GET /scripts/icwebsiteelement.css HTTP/1.1" 200 8132 "-" "Mozilla/5.0 (compatible; bingbot/2.0; +http://www.bing.com/bingbot.htm)"
198.143.158.34 - - [18/Aug/2013:04:25:25 -0400] "GET /finance.html HTTP/1.1" 200 12402 "-" "Mozilla/5.0 (compatible; BLEXBot/1.0; +http://webmeup.com/crawler.html)"
198.143.158.34 - - [18/Aug/2013:04:26:08 -0400] "GET /performancecoaching/keepingscore.html HTTP/1.1" 200 11032 "-" "Mozilla/5.0 (compatible; BLEXBot/1.0; +http://webmeup.com/crawler.html)"
198.143.158.34 - - [18/Aug/2013:04:26:33 -0400] "GET /contactus/believersinbusiness.html HTTP/1.1" 200 11040 "-" "Mozilla/5.0 (compatible; BLEXBot/1.0; +http://webmeup.com/crawler.html)"
198.143.158.34 - - [18/Aug/2013:04:27:43 -0400] "GET /aboutus.html HTTP/1.1" 200 8583 "-" "Mozilla/5.0 (compatible; BLEXBot/1.0; +http://webmeup.com/crawler.html)"
199.21.99.92 - - [18/Aug/2013:07:38:54 -0400] "GET /performancecoaching/performancekeys.html HTTP/1.1" 200 11018 "-" "Mozilla/5.0 (compatible; YandexBot/3.0; +http://yandex.com/bots)"
157.55.35.34 - - [18/Aug/2013:20:27:16 -0400] "GET /scripts/27custom.css HTTP/1.1" 200 1140 "-" "Mozilla/5.0 (compatible; bingbot/2.0; +http://www.bing.com/bingbot.htm)"
198.143.158.34 - - [18/Aug/2013:04:24:52 -0400] "GET /resources.html HTTP/1.1" 200 23680 "-" "Mozilla/5.0 (compatible; BLEXBot/1.0; +http://webmeup.com/crawler.html)"
198.143.158.34 - - [18/Aug/2013:04:26:04 -0400] "GET /performancecoaching/keepingscore.html HTTP/1.1" 200 11032 "-" "Mozilla/5.0 (compatible; BLEXBot/1.0; +http://webmeup.com/crawler.html)"
46.165.197.141 - - [18/Aug/2013:04:05:39 -0400] "GET / HTTP/1.0" 200 19632 "-" "Mozilla/5.0 (compatible; MJ12bot/v1.4.3; http://www.majestic12.co.uk/bot.php?+)"
198.143.158.34 - - [18/Aug/2013:04:24:11 -0400] "GET /exitstrategies.html HTTP/1.1" 200 12659 "-" "Mozilla/5.0 (compatible; BLEXBot/1.0; +http://webmeup.com/crawler.html)"
198.143.158.34 - - [18/Aug/2013:04:26:11 -0400] "GET /turnarounds.html HTTP/1.1" 200 23510 "-" "Mozilla/5.0 (compatible; BLEXBot/1.0; +http://webmeup.com/crawler.html)"
199.21.99.92 - - [18/Aug/2013:07:38:14 -0400] "GET /performancecoaching/freeanalysis.html HTTP/1.1" 200 11485 "-" "Mozilla/5.0 (compatible; YandexBot/3.0; +http://yandex.com/bots)"
199.21.99.92 - - [18/Aug/2013:07:38:14 -0400] "GET /performancecoaching/freeanalysis.html HTTP/1.1" 200 11485 "-" "Mozilla/5.0 (compatible; YandexBot/3.0; +http://yandex.com/bots)"
199.21.99.92 - - [18/Aug/2013:07:38:16 -0400] "GET /home/whyyourtimematters.html HTTP/1.1" 200 12248 "-" "Mozilla/5.0 (compatible; YandexBot/3.0; +http://yandex.com/bots)"
199.21.99.92 - - [18/Aug/2013:07:38:18 -0400] "GET /turnarounds/cashflowplanning.html HTTP/1.1" 200 31163 "-" "Mozilla/5.0 (compatible; YandexBot/3.0; +http://yandex.com/bots)"
199.21.99.92 - - [18/Aug/2013:07:38:18 -0400] "GET /turnarounds/cashflowplanning.html HTTP/1.1" 200 31163 "-" "Mozilla/5.0 (compatible; YandexBot/3.0; +http://yandex.com/bots)"
199.21.99.92 - - [18/Aug/2013:07:38:20 -0400] "GET /home/whyyourtimematters.html HTTP/1.1" 200 12248 "-" "Mozilla/5.0 (compatible; YandexBot/3.0; +http://yandex.com/bots)"
199.21.99.92 - - [18/Aug/2013:07:38:21 -0400] "GET /finance/bankfinancing.html HTTP/1.1" 200 18514 "-" "Mozilla/5.0 (compatible; YandexBot/3.0; +http://yandex.com/bots)"
199.21.99.92 - - [18/Aug/2013:07:38:22 -0400] "GET /whatwedo.html HTTP/1.1" 200 11452 "-" "Mozilla/5.0 (compatible; YandexBot/3.0; +http://yandex.com/bots)"
199.21.99.92 - - [18/Aug/2013:07:38:23 -0400] "GET /performancecoaching/performancekeys.html HTTP/1.1" 200 11018 "-" "Mozilla/5.0 (compatible; YandexBot/3.0; +http://yandex.com/bots)"
199.21.99.92 - - [18/Aug/2013:07:38:24 -0400] "GET /finance/bankfinancing.html HTTP/1.1" 200 18514 "-" "Mozilla/5.0 (compatible; YandexBot/3.0; +http://yandex.com/bots)"
199.21.99.92 - - [18/Aug/2013:07:38:25 -0400] "GET /exitstrategies/valuations.html HTTP/1.1" 200 23076 "-" "Mozilla/5.0 (compatible; YandexBot/3.0; +http://yandex.com/bots)"
199.21.99.92 - - [18/Aug/2013:07:38:26 -0400] "GET /performancecoaching/performancekeys.html HTTP/1.1" 200 11018 "-" "Mozilla/5.0 (compatible; YandexBot/3.0; +http://yandex.com/bots)"
199.21.99.92 - - [18/Aug/2013:07:38:27 -0400] "GET /performancecoaching/balancedkpis.html HTTP/1.1" 200 11496 "-" "Mozilla/5.0 (compatible; YandexBot/3.0; +http://yandex.com/bots)"
199.21.99.92 - - [18/Aug/2013:07:38:29 -0400] "GET /contactus/stephenhtillotson.html HTTP/1.1" 200 12196 "-" "Mozilla/5.0 (compatible; YandexBot/3.0; +http://yandex.com/bots)"
199.21.99.92 - - [18/Aug/2013:07:38:29 -0400] "GET /whatwedo.html HTTP/1.1" 200 11452 "-" "Mozilla/5.0 (compatible; YandexBot/3.0; +http://yandex.com/bots)"
199.21.99.92 - - [18/Aug/2013:07:38:31 -0400] "GET /whatwedo/services.html HTTP/1.1" 200 24704 "-" "Mozilla/5.0 (compatible; YandexBot/3.0; +http://yandex.com/bots)"
199.21.99.92 - - [18/Aug/2013:07:38:32 -0400] "GET /contactus/stephenhtillotson.html HTTP/1.1" 200 12196 "-" "Mozilla/5.0 (compatible; YandexBot/3.0; +http://yandex.com/bots)"
199.21.99.92 - - [18/Aug/2013:07:38:33 -0400] "GET /turnarounds/organizationalchanges.html HTTP/1.1" 200 11924 "-" "Mozilla/5.0 (compatible; YandexBot/3.0; +http://yandex.com/bots)"
199.21.99.92 - - [18/Aug/2013:07:38:34 -0400] "GET /whatwedo/services.html HTTP/1.1" 200 24704 "-" "Mozilla/5.0 (compatible; YandexBot/3.0; +http://yandex.com/bots)"
199.21.99.92 - - [18/Aug/2013:07:38:35 -0400] "GET /exitstrategies/valuations.html HTTP/1.1" 200 23076 "-" "Mozilla/5.0 (compatible; YandexBot/3.0; +http://yandex.com/bots)"
199.21.99.92 - - [18/Aug/2013:07:38:36 -0400] "GET /turnarounds/organizationalchanges.html HTTP/1.1" 200 11924 "-" "Mozilla/5.0 (compatible; YandexBot/3.0; +http://yandex.com/bots)"
199.21.99.92 - - [18/Aug/2013:07:38:38 -0400] "GET /turnarounds/debtrestructure.html HTTP/1.1" 200 12373 "-" "Mozilla/5.0 (compatible; YandexBot/3.0; +http://yandex.com/bots)"
199.21.99.92 - - [18/Aug/2013:07:38:38 -0400] "GET /turnarounds/debtrestructure.html HTTP/1.1" 200 12373 "-" "Mozilla/5.0 (compatible; YandexBot/3.0; +http://yandex.com/bots)"
199.21.99.92 - - [18/Aug/2013:07:38:40 -0400] "GET /performancecoaching/balancedkpis.html HTTP/1.1" 200 11496 "-" "Mozilla/5.0 (compatible; YandexBot/3.0; +http://yandex.com/bots)"
199.21.99.92 - - [18/Aug/2013:07:38:40 -0400] "GET /performancecoaching/freeanalysis.html HTTP/1.1" 200 11485 "-" "Mozilla/5.0 (compatible; YandexBot/3.0; +http://yandex.com/bots)"
199.21.99.92 - - [18/Aug/2013:07:38:42 -0400] "GET /performancecoaching/freeanalysis.html HTTP/1.1" 200 11485 "-" "Mozilla/5.0 (compatible; YandexBot/3.0; +http://yandex.com/bots)"
199.21.99.92 - - [18/Aug/2013:07:38:43 -0400] "GET /home/whyyourtimematters.html HTTP/1.1" 200 12248 "-" "Mozilla/5.0 (compatible; YandexBot/3.0; +http://yandex.com/bots)"
199.21.99.92 - - [18/Aug/2013:07:38:44 -0400] "GET /turnarounds/cashflowplanning.html HTTP/1.1" 200 31163 "-" "Mozilla/5.0 (compatible; YandexBot/3.0; +http://yandex.com/bots)"
199.21.99.92 - - [18/Aug/2013:07:38:45 -0400] "GET /turnarounds/cashflowplanning.html HTTP/1.1" 200 31163 "-" "Mozilla/5.0 (compatible; YandexBot/3.0; +http://yandex.com/bots)"
199.21.99.92 - - [18/Aug/2013:07:38:46 -0400] "GET /home/whyyourtimematters.html HTTP/1.1" 200 12248 "-" "Mozilla/5.0 (compatible; YandexBot/3.0; +http://yandex.com/bots)"
199.21.99.92 - - [18/Aug/2013:07:38:47 -0400] "GET /finance/bankfinancing.html HTTP/1.1" 200 18514 "-" "Mozilla/5.0 (compatible; YandexBot/3.0; +http://yandex.com/bots)"
199.21.99.92 - - [18/Aug/2013:07:38:49 -0400] "GET /whatwedo.html HTTP/1.1" 200 11452 "-" "Mozilla/5.0 (compatible; YandexBot/3.0; +http://yandex.com/bots)"
199.21.99.92 - - [18/Aug/2013:07:38:49 -0400] "GET /performancecoaching/performancekeys.html HTTP/1.1" 200 11018 "-" "Mozilla/5.0 (compatible; YandexBot/3.0; +http://yandex.com/bots)"
66.249.75.212 - - [18/Aug/2013:13:43:24 -0400] "GET / HTTP/1.1" 200 19632 "-" "Mozilla/5.0 (compatible; Googlebot/2.1; +http://www.google.com/bot.html)"
193.43.252.252 - - [18/Aug/2013:00:57:51 -0400] "GET / HTTP/1.0" 200 19632 "http://getfilesme.com/" "Mozilla/4.0 (compatible; MSIE 6.0; Windows NT 5.1)"
198.143.158.34 - - [18/Aug/2013:04:25:28 -0400] "GET /performancecoaching/balancedkpis.html HTTP/1.1" 200 11496 "-" "Mozilla/5.0 (compatible; BLEXBot/1.0; +http://webmeup.com/crawler.html)"
198.143.158.34 - - [18/Aug/2013:04:25:46 -0400] "GET /finance/persontopersonlending.html HTTP/1.1" 200 13602 "-" "Mozilla/5.0 (compatible; BLEXBot/1.0; +http://webmeup.com/crawler.html)"
198.143.158.34 - - [18/Aug/2013:04:26:22 -0400] "GET /testimonials.html HTTP/1.1" 200 54310 "-" "Mozilla/5.0 (compatible; BLEXBot/1.0; +http://webmeup.com/crawler.html)"
198.143.158.34 - - [18/Aug/2013:04:27:00 -0400] "GET /exitstrategies/transitionplanning.html HTTP/1.1" 200 18421 "-" "Mozilla/5.0 (compatible; BLEXBot/1.0; +http://webmeup.com/crawler.html)"
198.143.158.34 - - [18/Aug/2013:04:27:46 -0400] "GET /turnarounds/debtrestructure.html HTTP/1.1" 200 12373 "-" "Mozilla/5.0 (compatible; BLEXBot/1.0; +http://webmeup.com/crawler.html)"
198.143.158.34 - - [18/Aug/2013:04:27:50 -0400] "GET /testimonials/retail.html HTTP/1.1" 200 9773 "-" "Mozilla/5.0 (compatible; BLEXBot/1.0; +http://webmeup.com/crawler.html)"
66.249.75.212 - - [18/Aug/2013:15:43:12 -0400] "GET /scripts/template.css HTTP/1.1" 200 7446 "-" "Mozilla/5.0 (compatible; Googlebot/2.1; +http://www.google.com/bot.html)"
199.30.16.14 - - [18/Aug/2013:15:43:26 -0400] "GET /images/181_man-smiling.jpg HTTP/1.1" 200 6246 "-" "msnbot-media/1.1 (+http://search.msn.com/msnbot.htm)"
199.30.16.23 - - [18/Aug/2013:04:15:34 -0400] "GET /robots.txt HTTP/1.1" 200 25 "-" "msnbot-media/1.1 (+http://search.msn.com/msnbot.htm)"
198.143.158.34 - - [18/Aug/2013:04:26:29 -0400] "GET /turnarounds/cashflowplanning.html HTTP/1.1" 200 31163 "-" "Mozilla/5.0 (compatible; BLEXBot/1.0; +http://webmeup.com/crawler.html)"
198.143.158.34 - - [18/Aug/2013:04:25:21 -0400] "GET /exitstrategies/valuations.html HTTP/1.1" 200 23076 "-" "Mozilla/5.0 (compatible; BLEXBot/1.0; +http://webmeup.com/crawler.html)"
198.143.158.34 - - [18/Aug/2013:04:27:14 -0400] "GET /finance/bankfinancing.html HTTP/1.1" 200 18514 "-" "Mozilla/5.0 (compatible; BLEXBot/1.0; +http://webmeup.com/crawler.html)"
65.55.52.95 - - [18/Aug/2013:20:11:56 -0400] "GET /turnarounds/negotiatepaymentplans.html HTTP/1.1" 200 11578 "-" "Mozilla/5.0 (compatible; bingbot/2.0; +http://www.bing.com/bingbot.htm)"
157.55.35.34 - - [18/Aug/2013:20:27:15 -0400] "GET /scripts/user.js HTTP/1.1" 200 23762 "-" "Mozilla/5.0 (compatible; bingbot/2.0; +http://www.bing.com/bingbot.htm)"
46.165.197.141 - - [18/Aug/2013:04:05:37 -0400] "GET /robots.txt HTTP/1.0" 200 25 "-" "Mozilla/5.0 (compatible; MJ12bot/v1.4.3; http://www.majestic12.co.uk/bot.php?+)"
198.143.158.34 - - [18/Aug/2013:04:27:39 -0400] "GET /finance/persontopersonlending.html HTTP/1.1" 200 13602 "-" "Mozilla/5.0 (compatible; BLEXBot/1.0; +http://webmeup.com/crawler.html)"
157.55.35.34 - - [18/Aug/2013:20:27:18 -0400] "GET /scripts/template.css HTTP/1.1" 200 7446 "-" "Mozilla/5.0 (compatible; bingbot/2.0; +http://www.bing.com/bingbot.htm)"
199.30.16.23 - - [18/Aug/2013:11:48:25 -0400] "GET /robots.txt HTTP/1.1" 200 25 "-" "msnbot-media/1.1 (+http://search.msn.com/msnbot.htm)"
66.249.75.185 - - [18/Aug/2013:04:02:50 -0400] "GET /home/whyyourtimematters.html HTTP/1.1" 304 - "-" "Mozilla/5.0 (iPhone; U; CPU iPhone OS 4_1 like Mac OS X; en-us) AppleWebKit/532.9 (KHTML, like Gecko) Version/4.0.5 Mobile/8B117 Safari/6531.22.7 (compatible; Googlebot-Mobile/2.1; +http://www.google.com/bot.html)"
198.143.158.34 - - [18/Aug/2013:04:23:53 -0400] "GET /whatwedo/ratesandterms.html HTTP/1.1" 200 21044 "-" "Mozilla/5.0 (compatible; BLEXBot/1.0; +http://webmeup.com/crawler.html)"
198.143.158.34 - - [18/Aug/2013:04:24:38 -0400] "GET /exitstrategies.html HTTP/1.1" 200 12659 "-" "Mozilla/5.0 (compatible; BLEXBot/1.0; +http://webmeup.com/crawler.html)"
131.253.36.200 - - [18/Aug/2013:07:13:53 -0400] "GET /scripts/icwebsiteelement.css HTTP/1.1" 200 8132 "http://www.gr8smallbiz.com/turnarounds/organizationalchanges.html" "Mozilla/4.0 (compatible; MSIE 7.0; Windows NT 5.1; SV1; .NET CLR 1.1.4322; .NET CLR 2.0.50727; .NET CLR 3.0.30729; .NET CLR 3.5.30729; MS-RTC LM 8)"
198.143.158.34 - - [18/Aug/2013:04:24:04 -0400] "GET /performancecoaching/balancedkpis.html HTTP/1.1" 200 11496 "-" "Mozilla/5.0 (compatible; BLEXBot/1.0; +http://webmeup.com/crawler.html)"
198.143.158.34 - - [18/Aug/2013:04:24:49 -0400] "GET /finance/assetbasedfinancing.html HTTP/1.1" 200 21041 "-" "Mozilla/5.0 (compatible; BLEXBot/1.0; +http://webmeup.com/crawler.html)"
46.119.118.152 - - [18/Aug/2013:02:56:34 -0400] "GET / HTTP/1.1" 200 19632 "http://www.koskam.ru/" "Opera/9.0 (Windows NT 5.1; U; en)"
66.249.75.185 - - [18/Aug/2013:03:25:07 -0400] "GET / HTTP/1.1" 200 19632 "-" "Mozilla/5.0 (iPhone; U; CPU iPhone OS 4_1 like Mac OS X; en-us) AppleWebKit/532.9 (KHTML, like Gecko) Version/4.0.5 Mobile/8B117 Safari/6531.22.7 (compatible; Googlebot-Mobile/2.1; +http://www.google.com/bot.html)"
198.143.158.34 - - [18/Aug/2013:04:23:57 -0400] "GET /finance/bankfinancing.html HTTP/1.1" 200 18514 "-" "Mozilla/5.0 (compatible; BLEXBot/1.0; +http://webmeup.com/crawler.html)"
198.143.158.34 - - [18/Aug/2013:04:24:01 -0400] "GET /home/lessonsfromturnarounds.html HTTP/1.1" 200 29461 "-" "Mozilla/5.0 (compatible; BLEXBot/1.0; +http://webmeup.com/crawler.html)"
198.143.158.34 - - [18/Aug/2013:04:27:10 -0400] "GET /performancecoaching/performancelevels.html HTTP/1.1" 200 12530 "-" "Mozilla/5.0 (compatible; BLEXBot/1.0; +http://webmeup.com/crawler.html)"
65.55.212.71 - - [18/Aug/2013:07:13:34 -0400] "GET /scripts/ic_globals_published.js HTTP/1.1" 200 566 "http://www.gr8smallbiz.com/turnarounds/organizationalchanges.html" "Mozilla/4.0 (compatible; MSIE 7.0; Windows NT 5.1; SV1; .NET CLR 1.1.4322; .NET CLR 2.0.50727; .NET CLR 3.0.30729; .NET CLR 3.5.30729; MS-RTC LM 8)"
199.48.147.39 - - [18/Aug/2013:01:24:56 -0400] "GET / HTTP/1.0" 200 19632 "http://www.sitedossier.com/site/cascadiabusinessconsultants.com" "-"
37.140.165.216 - - [18/Aug/2013:01:32:18 -0400] "GET /images/75_visa1_180x113_a.gif HTTP/1.1" 304 - "-" "Mozilla/5.0 (compatible; YandexImages/3.0; +http://yandex.com/bots)"
37.140.165.216 - - [18/Aug/2013:02:03:44 -0400] "GET /images/75_mc_accpt_038_gif.gif HTTP/1.1" 304 - "-" "Mozilla/5.0 (compatible; YandexImages/3.0; +http://yandex.com/bots)"
66.249.75.185 - - [18/Aug/2013:15:20:54 -0400] "GET /robots.txt HTTP/1.1" 200 25 "-" "Mozilla/5.0 (compatible; Googlebot/2.1; +http://www.google.com/bot.html)"
66.249.75.185 - - [18/Aug/2013:15:20:54 -0400] "GET /finance/assetbasedfinancing.html HTTP/1.1" 304 - "-" "Mozilla/5.0 (iPhone; U; CPU iPhone OS 4_1 like Mac OS X; en-us) AppleWebKit/532.9 (KHTML, like Gecko) Version/4.0.5 Mobile/8B117 Safari/6531.22.7 (compatible; Googlebot-Mobile/2.1; +http://www.google.com/bot.html)"
198.143.158.34 - - [18/Aug/2013:04:26:26 -0400] "GET /turnarounds/stakeholderrelationships.html HTTP/1.1" 200 11611 "-" "Mozilla/5.0 (compatible; BLEXBot/1.0; +http://webmeup.com/crawler.html)"
198.143.158.34 - - [18/Aug/2013:04:27:28 -0400] "GET /contactus/stephenhtillotson.html HTTP/1.1" 200 12196 "-" "Mozilla/5.0 (compatible; BLEXBot/1.0; +http://webmeup.com/crawler.html)"
66.249.75.185 - - [18/Aug/2013:02:18:18 -0400] "GET / HTTP/1.1" 200 19632 "-" "Mozilla/5.0 (compatible; Googlebot/2.1; +http://www.google.com/bot.html)"
193.43.252.252 - - [18/Aug/2013:00:57:51 -0400] "GET / HTTP/1.0" 200 19632 "http://getfilesme.com/" "Mozilla/4.76 [en] (Windows NT 5.0; U)"
198.143.158.34 - - [18/Aug/2013:04:25:32 -0400] "GET /home/lessonsfromturnarounds.html HTTP/1.1" 200 29461 "-" "Mozilla/5.0 (compatible; BLEXBot/1.0; +http://webmeup.com/crawler.html)"
198.143.158.34 - - [18/Aug/2013:04:26:19 -0400] "GET /exitstrategies/businessbrokerage.html HTTP/1.1" 200 11621 "-" "Mozilla/5.0 (compatible; BLEXBot/1.0; +http://webmeup.com/crawler.html)"
198.143.158.34 - - [18/Aug/2013:04:28:18 -0400] "GET /turnarounds/cashflowplanning.html HTTP/1.1" 200 31163 "-" "Mozilla/5.0 (compatible; BLEXBot/1.0; +http://webmeup.com/crawler.html)"
65.55.212.73 - - [18/Aug/2013:07:13:49 -0400] "GET /scripts/website.css HTTP/1.1" 200 1939 "http://www.gr8smallbiz.com/turnarounds/organizationalchanges.html" "Mozilla/4.0 (compatible; MSIE 7.0; Windows NT 5.1; SV1; .NET CLR 1.1.4322; .NET CLR 2.0.50727; .NET CLR 3.0.30729; .NET CLR 3.5.30729; MS-RTC LM 8)"
65.55.212.73 - - [18/Aug/2013:07:13:49 -0400] "GET /scripts/print.css HTTP/1.1" 200 - "http://www.gr8smallbiz.com/turnarounds/organizationalchanges.html" "Mozilla/4.0 (compatible; MSIE 7.0; Windows NT 5.1; SV1; .NET CLR 1.1.4322; .NET CLR 2.0.50727; .NET CLR 3.0.30729; .NET CLR 3.5.30729; MS-RTC LM 8)"
199.21.99.92 - - [18/Aug/2013:07:37:58 -0400] "GET /robots.txt HTTP/1.1" 200 25 "-" "Mozilla/5.0 (compatible; YandexBot/3.0; +http://yandex.com/bots)"
199.21.99.92 - - [18/Aug/2013:07:37:59 -0400] "GET /robots.txt HTTP/1.1" 200 25 "-" "Mozilla/5.0 (compatible; YandexBot/3.0; +http://yandex.com/bots)"
199.21.99.92 - - [18/Aug/2013:07:38:00 -0400] "GET /performancecoaching/balancedkpis.html HTTP/1.1" 200 11496 "-" "Mozilla/5.0 (compatible; YandexBot/3.0; +http://yandex.com/bots)"
199.21.99.92 - - [18/Aug/2013:07:38:01 -0400] "GET /contactus/stephenhtillotson.html HTTP/1.1" 200 12196 "-" "Mozilla/5.0 (compatible; YandexBot/3.0; +http://yandex.com/bots)"
199.21.99.92 - - [18/Aug/2013:07:38:03 -0400] "GET /whatwedo.html HTTP/1.1" 200 11452 "-" "Mozilla/5.0 (compatible; YandexBot/3.0; +http://yandex.com/bots)"
199.21.99.92 - - [18/Aug/2013:07:38:03 -0400] "GET /whatwedo/services.html HTTP/1.1" 200 24704 "-" "Mozilla/5.0 (compatible; YandexBot/3.0; +http://yandex.com/bots)"
199.21.99.92 - - [18/Aug/2013:07:38:05 -0400] "GET /contactus/stephenhtillotson.html HTTP/1.1" 200 12196 "-" "Mozilla/5.0 (compatible; YandexBot/3.0; +http://yandex.com/bots)"
199.21.99.92 - - [18/Aug/2013:07:38:06 -0400] "GET /turnarounds/organizationalchanges.html HTTP/1.1" 200 11924 "-" "Mozilla/5.0 (compatible; YandexBot/3.0; +http://yandex.com/bots)"
199.21.99.92 - - [18/Aug/2013:07:38:07 -0400] "GET /whatwedo/services.html HTTP/1.1" 200 24704 "-" "Mozilla/5.0 (compatible; YandexBot/3.0; +http://yandex.com/bots)"
199.21.99.92 - - [18/Aug/2013:07:38:08 -0400] "GET /exitstrategies/valuations.html HTTP/1.1" 200 23076 "-" "Mozilla/5.0 (compatible; YandexBot/3.0; +http://yandex.com/bots)"
199.21.99.92 - - [18/Aug/2013:07:38:09 -0400] "GET /turnarounds/organizationalchanges.html HTTP/1.1" 200 11924 "-" "Mozilla/5.0 (compatible; YandexBot/3.0; +http://yandex.com/bots)"
199.21.99.92 - - [18/Aug/2013:07:38:10 -0400] "GET /turnarounds/debtrestructure.html HTTP/1.1" 200 12373 "-" "Mozilla/5.0 (compatible; YandexBot/3.0; +http://yandex.com/bots)"
199.21.99.92 - - [18/Aug/2013:07:38:11 -0400] "GET /turnarounds/debtrestructure.html HTTP/1.1" 200 12373 "-" "Mozilla/5.0 (compatible; YandexBot/3.0; +http://yandex.com/bots)"
199.21.99.92 - - [18/Aug/2013:07:38:12 -0400] "GET /performancecoaching/balancedkpis.html HTTP/1.1" 200 11496 "-" "Mozilla/5.0 (compatible; YandexBot/3.0; +http://yandex.com/bots)"
198.143.158.34 - - [18/Aug/2013:04:23:44 -0400] "GET /robots.txt HTTP/1.1" 200 25 "-" "Mozilla/5.0 (compatible; BLEXBot/1.0; +http://webmeup.com/crawler.html)"
198.143.158.34 - - [18/Aug/2013:04:23:44 -0400] "GET / HTTP/1.1" 200 19632 "-" "Mozilla/5.0 (compatible; BLEXBot/1.0; +http://webmeup.com/crawler.html)"
198.143.158.34 - - [18/Aug/2013:04:26:43 -0400] "GET /contactus.html HTTP/1.1" 200 18511 "-" "Mozilla/5.0 (compatible; BLEXBot/1.0; +http://webmeup.com/crawler.html)"
180.76.6.26 - - [18/Aug/2013:22:19:50 -0400] "GET / HTTP/1.1" 304 - "-" "Mozilla/5.0 (compatible; Baiduspider/2.0; +http://www.baidu.com/search/spider.html)"
199.30.16.23 - - [18/Aug/2013:11:48:25 -0400] "GET /images/142_vancouver.jpg HTTP/1.1" 200 7637 "-" "msnbot-media/1.1 (+http://search.msn.com/msnbot.htm)"
198.143.158.34 - - [18/Aug/2013:04:24:27 -0400] "GET /turnarounds/negotiatepaymentplans.html HTTP/1.1" 200 11578 "-" "Mozilla/5.0 (compatible; BLEXBot/1.0; +http://webmeup.com/crawler.html)"
198.143.158.34 - - [18/Aug/2013:04:25:06 -0400] "GET /testimonials/distribution.html HTTP/1.1" 200 10376 "-" "Mozilla/5.0 (compatible; BLEXBot/1.0; +http://webmeup.com/crawler.html)"
198.143.158.34 - - [18/Aug/2013:04:25:10 -0400] "GET /finance/leasefinancing.html HTTP/1.1" 200 11015 "-" "Mozilla/5.0 (compatible; BLEXBot/1.0; +http://webmeup.com/crawler.html)"
198.143.158.34 - - [18/Aug/2013:04:27:07 -0400] "GET /whatwedo.html HTTP/1.1" 200 11452 "-" "Mozilla/5.0 (compatible; BLEXBot/1.0; +http://webmeup.com/crawler.html)"
198.143.158.34 - - [18/Aug/2013:04:27:21 -0400] "GET /turnarounds/financesolutions.html HTTP/1.1" 200 13170 "-" "Mozilla/5.0 (compatible; BLEXBot/1.0; +http://webmeup.com/crawler.html)"
157.55.35.34 - - [18/Aug/2013:20:16:13 -0400] "GET /scripts/print.css HTTP/1.1" 200 - "-" "Mozilla/5.0 (compatible; bingbot/2.0; +http://www.bing.com/bingbot.htm)"
198.143.158.34 - - [18/Aug/2013:04:25:50 -0400] "GET /turnarounds/financesolutions.html HTTP/1.1" 200 13170 "-" "Mozilla/5.0 (compatible; BLEXBot/1.0; +http://webmeup.com/crawler.html)"
66.249.75.212 - - [18/Aug/2013:11:31:32 -0400] "GET /images/279_020416_1441_0177_lslp.jpg HTTP/1.1" 200 20685 "-" "Googlebot-Image/1.0"
66.249.75.185 - - [18/Aug/2013:16:02:43 -0400] "GET /scripts/template.css HTTP/1.1" 200 7446 "-" "Mozilla/5.0 (compatible; Googlebot/2.1; +http://www.google.com/bot.html)"
37.140.165.216 - - [18/Aug/2013:04:15:12 -0400] "GET /images/279_050211_5303_0987_jsls.jpg HTTP/1.1" 304 - "-" "Mozilla/5.0 (compatible; YandexImages/3.0; +http://yandex.com/bots)"
199.30.16.23 - - [18/Aug/2013:04:15:35 -0400] "GET /images/142_vancouver.jpg HTTP/1.1" 200 7637 "-" "msnbot-media/1.1 (+http://search.msn.com/msnbot.htm)"
198.143.158.34 - - [18/Aug/2013:04:28:00 -0400] "GET /exitstrategies/valuations.html HTTP/1.1" 200 23076 "-" "Mozilla/5.0 (compatible; BLEXBot/1.0; +http://webmeup.com/crawler.html)"
198.143.158.34 - - [18/Aug/2013:04:26:49 -0400] "GET /turnarounds/stakeholderrelationships.html HTTP/1.1" 200 11611 "-" "Mozilla/5.0 (compatible; BLEXBot/1.0; +http://webmeup.com/crawler.html)"
198.143.158.34 - - [18/Aug/2013:04:26:52 -0400] "GET /performancecoaching.html HTTP/1.1" 200 12986 "-" "Mozilla/5.0 (compatible; BLEXBot/1.0; +http://webmeup.com/crawler.html)"
198.143.158.34 - - [18/Aug/2013:04:28:11 -0400] "GET /performancecoaching/performancelevels.html HTTP/1.1" 200 12530 "-" "Mozilla/5.0 (compatible; BLEXBot/1.0; +http://webmeup.com/crawler.html)"
198.143.158.34 - - [18/Aug/2013:04:28:25 -0400] "GET /contactus.html HTTP/1.1" 200 18511 "-" "Mozilla/5.0 (compatible; BLEXBot/1.0; +http://webmeup.com/crawler.html)"
180.76.6.224 - - [18/Aug/2013:11:16:22 -0400] "GET /turnarounds/financesolutions.html HTTP/1.1" 200 13170 "-" "Mozilla/5.0 (compatible; Baiduspider/2.0; +http://www.baidu.com/search/spider.html)"
213.110.133.221 - - [18/Aug/2013:12:28:30 -0400] "GET / HTTP/1.1" 200 19632 "http://nakovskov.ya.ru/replies.xml?item_no=33" "Mozilla/4.0 (compatible; Blog Search;)"
66.249.75.212 - - [18/Aug/2013:15:43:05 -0400] "GET /scripts/website.css HTTP/1.1" 200 1939 "-" "Mozilla/5.0 (compatible; Googlebot/2.1; +http://www.google.com/bot.html)"
46.119.118.152 - - [18/Aug/2013:02:56:32 -0400] "GET / HTTP/1.1" 200 19632 "http://www.koskam.ru/" "Opera/9.0 (Windows NT 5.1; U; en)"
46.119.118.152 - - [18/Aug/2013:02:56:33 -0400] "GET / HTTP/1.1" 200 19632 "http://www.koskam.ru/" "Opera/9.0 (Windows NT 5.1; U; en)"
66.249.75.185 - - [18/Aug/2013:04:08:03 -0400] "GET /scripts/icwebsiteelement.css HTTP/1.1" 200 8132 "-" "Mozilla/5.0 (compatible; Googlebot/2.1; +http://www.google.com/bot.html)"
198.143.158.34 - - [18/Aug/2013:04:24:17 -0400] "GET /testimonials.html HTTP/1.1" 200 54310 "-" "Mozilla/5.0 (compatible; BLEXBot/1.0; +http://webmeup.com/crawler.html)"
198.143.158.34 - - [18/Aug/2013:04:24:31 -0400] "GET /turnarounds/organizationalchanges.html HTTP/1.1" 200 11924 "-" "Mozilla/5.0 (compatible; BLEXBot/1.0; +http://webmeup.com/crawler.html)"
198.143.158.34 - - [18/Aug/2013:04:24:59 -0400] "GET /turnarounds/organizationalchanges.html HTTP/1.1" 200 11924 "-" "Mozilla/5.0 (compatible; BLEXBot/1.0; +http://webmeup.com/crawler.html)"
198.143.158.34 - - [18/Aug/2013:04:27:35 -0400] "GET /finance/assetbasedfinancing.html HTTP/1.1" 200 21041 "-" "Mozilla/5.0 (compatible; BLEXBot/1.0; +http://webmeup.com/crawler.html)"
213.110.133.221 - - [18/Aug/2013:12:28:29 -0400] "GET / HTTP/1.1" 200 19632 "http://nakovskov.ya.ru/replies.xml?item_no=33" "Mozilla/4.0 (compatible; Blog Search;)"
66.249.75.212 - - [18/Aug/2013:15:43:15 -0400] "GET /scripts/icwebsiteelement.css HTTP/1.1" 200 8132 "-" "Mozilla/5.0 (compatible; Googlebot/2.1; +http://www.google.com/bot.html)"
198.143.158.34 - - [18/Aug/2013:04:27:57 -0400] "GET /contactus/believersinbusiness.html HTTP/1.1" 200 11040 "-" "Mozilla/5.0 (compatible; BLEXBot/1.0; +http://webmeup.com/crawler.html)"
198.143.158.34 - - [18/Aug/2013:04:23:46 -0400] "GET / HTTP/1.1" 200 19632 "-" "Mozilla/5.0 (compatible; BLEXBot/1.0; +http://webmeup.com/crawler.html)"
198.143.158.34 - - [18/Aug/2013:04:24:24 -0400] "GET /performancecoaching/freeanalysis.html HTTP/1.1" 200 11485 "-" "Mozilla/5.0 (compatible; BLEXBot/1.0; +http://webmeup.com/crawler.html)"
198.143.158.34 - - [18/Aug/2013:04:24:45 -0400] "GET /finance/sbaloans.html HTTP/1.1" 200 11216 "-" "Mozilla/5.0 (compatible; BLEXBot/1.0; +http://webmeup.com/crawler.html)"
198.143.158.34 - - [18/Aug/2013:04:25:14 -0400] "GET /whatwedo.html HTTP/1.1" 200 11452 "-" "Mozilla/5.0 (compatible; BLEXBot/1.0; +http://webmeup.com/crawler.html)"
198.143.158.34 - - [18/Aug/2013:04:23:50 -0400] "GET /aboutus.html HTTP/1.1" 200 8583 "-" "Mozilla/5.0 (compatible; BLEXBot/1.0; +http://webmeup.com/crawler.html)"
198.143.158.34 - - [18/Aug/2013:04:25:57 -0400] "GET /exitstrategies/transitionplanning.html HTTP/1.1" 200 18421 "-" "Mozilla/5.0 (compatible; BLEXBot/1.0; +http://webmeup.com/crawler.html)"
198.143.158.34 - - [18/Aug/2013:04:27:32 -0400] "GET /resources.html HTTP/1.1" 200 23680 "-" "Mozilla/5.0 (compatible; BLEXBot/1.0; +http://webmeup.com/crawler.html)"
65.55.52.95 - - [18/Aug/2013:20:16:34 -0400] "GET / HTTP/1.1" 304 - "-" "Mozilla/5.0 (compatible; bingbot/2.0; +http://www.bing.com/bingbot.htm)"
65.55.212.68 - - [18/Aug/2013:07:13:30 -0400] "GET /turnarounds/organizationalchanges.html HTTP/1.1" 200 11924 "-" "Mozilla/4.0 (compatible; MSIE 7.0; Windows NT 5.1; SV1; .NET CLR 1.1.4322; .NET CLR 2.0.50727; .NET CLR 3.0.30729; .NET CLR 3.5.30729; MS-RTC LM 8)"
131.253.36.206 - - [18/Aug/2013:07:13:49 -0400] "GET /scripts/template.css HTTP/1.1" 200 7446 "http://www.gr8smallbiz.com/turnarounds/organizationalchanges.html" "Mozilla/4.0 (compatible; MSIE 7.0; Windows NT 5.1; SV1; .NET CLR 1.1.4322; .NET CLR 2.0.50727; .NET CLR 3.0.30729; .NET CLR 3.5.30729; MS-RTC LM 8)"
131.253.36.206 - - [18/Aug/2013:07:13:50 -0400] "GET /scripts/28custom.css HTTP/1.1" 200 1140 "http://www.gr8smallbiz.com/turnarounds/organizationalchanges.html" "Mozilla/4.0 (compatible; MSIE 7.0; Windows NT 5.1; SV1; .NET CLR 1.1.4322; .NET CLR 2.0.50727; .NET CLR 3.0.30729; .NET CLR 3.5.30729; MS-RTC LM 8)"
198.143.158.34 - - [18/Aug/2013:04:24:34 -0400] "GET /home/whyyourtimematters.html HTTP/1.1" 200 12248 "-" "Mozilla/5.0 (compatible; BLEXBot/1.0; +http://webmeup.com/crawler.html)"
198.143.158.34 - - [18/Aug/2013:04:25:03 -0400] "GET /turnarounds/debtrestructure.html HTTP/1.1" 200 12373 "-" "Mozilla/5.0 (compatible; BLEXBot/1.0; +http://webmeup.com/crawler.html)"
198.143.158.34 - - [18/Aug/2013:04:26:36 -0400] "GET /testimonials/wholesale.html HTTP/1.1" 200 9838 "-" "Mozilla/5.0 (compatible; BLEXBot/1.0; +http://webmeup.com/crawler.html)"
198.143.158.34 - - [18/Aug/2013:04:27:03 -0400] "GET /testimonials/wholesale.html HTTP/1.1" 200 9838 "-" "Mozilla/5.0 (compatible; BLEXBot/1.0; +http://webmeup.com/crawler.html)"
198.143.158.34 - - [18/Aug/2013:04:28:04 -0400] "GET /finance.html HTTP/1.1" 200 12402 "-" "Mozilla/5.0 (compatible; BLEXBot/1.0; +http://webmeup.com/crawler.html)"
89.209.124.148 - - [18/Aug/2013:08:53:17 -0400] "GET / HTTP/1.1" 200 19632 "http://traffic.comboapp.com/apps/traffrouter/" "Mozilla/5.0 (iPhone; U; CPU iPhone OS 4_3_2 like Mac OS X; en-us) AppleWebKit/533.17.9 (KHTML, like Gecko) Version/5.0.2 Mobile/8H7 Safari/6533.18.5"
66.249.75.185 - - [18/Aug/2013:16:04:29 -0400] "GET /scripts/website.css HTTP/1.1" 200 1939 "-" "Mozilla/5.0 (compatible; Googlebot/2.1; +http://www.google.com/bot.html)"
198.143.158.34 - - [18/Aug/2013:04:25:43 -0400] "GET /performancecoaching/freeanalysis.html HTTP/1.1" 200 11485 "-" "Mozilla/5.0 (compatible; BLEXBot/1.0; +http://webmeup.com/crawler.html)"
66.249.75.212 - - [18/Aug/2013:13:50:57 -0400] "GET /images/400_4_guys_talking.jpg HTTP/1.1" 200 20941 "-" "Googlebot-Image/1.0"
198.143.158.34 - - [18/Aug/2013:04:24:41 -0400] "GET /performancecoaching.html HTTP/1.1" 200 12986 "-" "Mozilla/5.0 (compatible; BLEXBot/1.0; +http://webmeup.com/crawler.html)"
198.143.158.34 - - [18/Aug/2013:04:28:29 -0400] "GET /whatwedo/ratesandterms.html HTTP/1.1" 200 21044 "-" "Mozilla/5.0 (compatible; BLEXBot/1.0; +http://webmeup.com/crawler.html)"
66.249.75.185 - - [18/Aug/2013:16:03:02 -0400] "GET /scripts/1.css HTTP/1.1" 200 332 "-" "Mozilla/5.0 (compatible; Googlebot/2.1; +http://www.google.com/bot.html)"
66.249.75.212 - - [18/Aug/2013:11:31:32 -0400] "GET /robots.txt HTTP/1.1" 200 25 "-" "Mozilla/5.0 (compatible; Googlebot/2.1; +http://www.google.com/bot.html)"
46.118.126.194 - - [18/Aug/2013:23:10:58 -0400] "GET / HTTP/1.1" 200 19632 "http://xn--80apaieal0gc.xn--p1ai/" "Mozilla/4.0 (compatible; MSIE 6.0; Windows ME) Opera 7.11 [en]"
65.183.151.13 - - [18/Aug/2013:13:21:32 -0400] "GET / HTTP/1.0" 200 19632 "http://www.sitedossier.com/site/www.cascadiabusinessconsultants.com" "-"
37.140.165.216 - - [18/Aug/2013:02:48:20 -0400] "GET /images/300_Falling_Coins.jpg HTTP/1.1" 304 - "-" "Mozilla/5.0 (compatible; YandexImages/3.0; +http://yandex.com/bots)"
198.143.158.34 - - [18/Aug/2013:04:25:39 -0400] "GET /performancecoaching/accountability.html HTTP/1.1" 200 12227 "-" "Mozilla/5.0 (compatible; BLEXBot/1.0; +http://webmeup.com/crawler.html)"
198.143.158.34 - - [18/Aug/2013:04:28:22 -0400] "GET /testimonials/distribution.html HTTP/1.1" 200 10376 "-" "Mozilla/5.0 (compatible; BLEXBot/1.0; +http://webmeup.com/crawler.html)"
157.55.35.34 - - [18/Aug/2013:20:27:17 -0400] "GET /scripts/website.css HTTP/1.1" 200 1939 "-" "Mozilla/5.0 (compatible; bingbot/2.0; +http://www.bing.com/bingbot.htm)"
198.143.158.34 - - [18/Aug/2013:04:24:55 -0400] "GET /finance/leasefinancing.html HTTP/1.1" 200 11015 "-" "Mozilla/5.0 (compatible; BLEXBot/1.0; +http://webmeup.com/crawler.html)"
157.55.35.34 - - [18/Aug/2013:20:13:13 -0400] "GET /scripts/photoalbum.js HTTP/1.1" 200 62481 "-" "Mozilla/5.0 (compatible; bingbot/2.0; +http://www.bing.com/bingbot.htm)"
46.118.126.194 - - [18/Aug/2013:23:10:57 -0400] "GET / HTTP/1.1" 200 19632 "http://xn--80apaieal0gc.xn--p1ai/" "Mozilla/4.0 (compatible; MSIE 6.0; Windows ME) Opera 7.11 [en]"