0byt3m1n1
Path:
/
data
/
0
/
0
/
109
/
11
/
109826
/
meta
/
111333
/
logs
/
[
Home
]
File: x-access_log.2013-08-19
91.207.9.226 - - [19/Aug/2013:18:13:30 -0400] "GET / HTTP/1.1" 200 19632 "http://artwoodcentre.com/" "Mozilla/4.0 (compatible; MSIE 6.0; Windows NT 5.1; en) Opera 9.0"
173.70.141.147 - - [19/Aug/2013:17:06:32 -0400] "GET /testimonials/wholesale.html HTTP/1.1" 200 9838 "-" "panscient.com"
173.70.141.147 - - [19/Aug/2013:17:06:33 -0400] "GET /turnarounds/organizationalchanges.html HTTP/1.1" 200 11924 "-" "panscient.com"
173.70.141.147 - - [19/Aug/2013:17:06:34 -0400] "GET /performancecoaching/balancedkpis.html HTTP/1.1" 200 11496 "-" "panscient.com"
173.70.141.147 - - [19/Aug/2013:17:06:35 -0400] "GET /scripts/photoalbum.js HTTP/1.1" 200 62481 "-" "panscient.com"
173.70.141.147 - - [19/Aug/2013:17:06:37 -0400] "GET /performancecoaching/performancekeys.html HTTP/1.1" 200 11018 "-" "panscient.com"
173.70.141.147 - - [19/Aug/2013:17:06:38 -0400] "GET /turnarounds/financesolutions.html HTTP/1.1" 200 13170 "-" "panscient.com"
173.70.141.147 - - [19/Aug/2013:17:06:39 -0400] "GET /testimonials/retail.html HTTP/1.1" 200 9773 "-" "panscient.com"
173.70.141.147 - - [19/Aug/2013:17:06:41 -0400] "GET /performancecoaching/performancelevels.html HTTP/1.1" 200 12530 "-" "panscient.com"
173.70.141.147 - - [19/Aug/2013:17:06:42 -0400] "GET /performancecoaching/freeanalysis.html HTTP/1.1" 200 11485 "-" "panscient.com"
173.70.141.147 - - [19/Aug/2013:17:06:44 -0400] "GET /home/lessonsfromturnarounds.html HTTP/1.1" 200 29461 "-" "panscient.com"
173.70.141.147 - - [19/Aug/2013:17:06:45 -0400] "GET /finance/persontopersonlending.html HTTP/1.1" 200 13602 "-" "panscient.com"
173.70.141.147 - - [19/Aug/2013:17:06:46 -0400] "GET /whatwedo/ratesandterms.html HTTP/1.1" 200 21044 "-" "panscient.com"
173.70.141.147 - - [19/Aug/2013:17:06:47 -0400] "GET /turnarounds/stakeholderrelationships.html HTTP/1.1" 200 11611 "-" "panscient.com"
173.70.141.147 - - [19/Aug/2013:17:06:49 -0400] "GET /exitstrategies/transitionplanning.html HTTP/1.1" 200 18421 "-" "panscient.com"
173.70.141.147 - - [19/Aug/2013:17:06:50 -0400] "GET /aboutus.html HTTP/1.1" 200 8583 "-" "panscient.com"
173.70.141.147 - - [19/Aug/2013:17:06:51 -0400] "GET /contactus/believersinbusiness.html HTTP/1.1" 200 11040 "-" "panscient.com"
173.70.141.147 - - [19/Aug/2013:17:06:52 -0400] "GET /exitstrategies/businessbrokerage.html HTTP/1.1" 200 11621 "-" "panscient.com"
173.70.141.147 - - [19/Aug/2013:17:06:53 -0400] "GET /whatwedo.html HTTP/1.1" 200 11452 "-" "panscient.com"
173.70.141.147 - - [19/Aug/2013:17:06:54 -0400] "GET /performancecoaching/accountability.html HTTP/1.1" 200 12227 "-" "panscient.com"
173.70.141.147 - - [19/Aug/2013:17:06:55 -0400] "GET /home/whyyourtimematters.html HTTP/1.1" 200 12248 "-" "panscient.com"
173.70.141.147 - - [19/Aug/2013:17:06:56 -0400] "GET /turnarounds/negotiatepaymentplans.html HTTP/1.1" 200 11578 "-" "panscient.com"
173.70.141.147 - - [19/Aug/2013:17:06:57 -0400] "GET /turnarounds/cashflowplanning.html HTTP/1.1" 200 31163 "-" "panscient.com"
173.70.141.147 - - [19/Aug/2013:17:06:59 -0400] "GET /finance/sbaloans.html HTTP/1.1" 200 11216 "-" "panscient.com"
173.70.141.147 - - [19/Aug/2013:17:07:00 -0400] "GET /whatwedo/services.html HTTP/1.1" 200 24704 "-" "panscient.com"
173.70.141.147 - - [19/Aug/2013:17:07:01 -0400] "GET /finance/bankfinancing.html HTTP/1.1" 200 18514 "-" "panscient.com"
173.70.141.147 - - [19/Aug/2013:17:07:03 -0400] "GET /testimonials/distribution.html HTTP/1.1" 200 10376 "-" "panscient.com"
173.70.141.147 - - [19/Aug/2013:17:07:05 -0400] "GET /scripts/user.js HTTP/1.1" 200 23762 "-" "panscient.com"
173.70.141.147 - - [19/Aug/2013:17:07:06 -0400] "GET /finance/leasefinancing.html HTTP/1.1" 200 11015 "-" "panscient.com"
173.70.141.147 - - [19/Aug/2013:17:07:07 -0400] "GET /turnarounds/debtrestructure.html HTTP/1.1" 200 12373 "-" "panscient.com"
173.70.141.147 - - [19/Aug/2013:17:07:09 -0400] "GET /performancecoaching.html HTTP/1.1" 200 12986 "-" "panscient.com"
173.70.141.147 - - [19/Aug/2013:17:07:10 -0400] "GET /webmarketing/websitedesignsolutions.html HTTP/1.1" 200 12244 "-" "panscient.com"
205.178.190.237 - - [19/Aug/2013:18:06:15 -0400] "HEAD /performancecoaching/performancekeys.html HTTP/1.1" 200 - "-" "Mozilla/4.0 (compatible; MSIE 6.0; Windows NT 5.2; SV1; .NET CLR 1.1.4322; .NET CLR 2.0.50727)"
46.119.118.152 - - [19/Aug/2013:11:00:12 -0400] "GET / HTTP/1.1" 200 19632 "http://remont-fridge-tv.ru/" "Mozilla/4.0 (compatible; MSIE 6.0; Windows NT 5.1; SV1; InfoPath.1"
46.119.118.152 - - [19/Aug/2013:11:00:13 -0400] "GET / HTTP/1.1" 200 19632 "http://remont-fridge-tv.ru/" "Mozilla/4.0 (compatible; MSIE 6.0; Windows NT 5.1; SV1; InfoPath.1"
216.172.54.37 - - [19/Aug/2013:14:14:23 -0400] "GET / HTTP/1.1" 200 19632 "-" "Mozilla/5.0 (compatible; Googlebot/2.1; +http://www.google.com/bot.html)"
198.101.238.203 - - [19/Aug/2013:08:48:36 -0400] "GET / HTTP/1.1" 200 19632 "-" "Mozilla/5.0 (Windows NT 6.1; WOW64) AppleWebKit/534.24 (KHTML, like Gecko) Chrome/11.0.696.71 Safari/534.24"
157.55.33.125 - - [19/Aug/2013:02:33:40 -0400] "GET /robots.txt HTTP/1.1" 200 25 "-" "Mozilla/5.0 (compatible; bingbot/2.0; +http://www.bing.com/bingbot.htm)"
46.119.118.152 - - [19/Aug/2013:11:00:13 -0400] "GET / HTTP/1.1" 200 19632 "http://www.bravica.tv/ru/" "Mozilla/4.0 (compatible; MSIE 6.0; Windows NT 5.1; SV1; InfoPath.1"
46.119.118.152 - - [19/Aug/2013:11:00:14 -0400] "GET / HTTP/1.1" 200 19632 "http://www.bravica.tv/ru/" "Mozilla/4.0 (compatible; MSIE 6.0; Windows NT 5.1; SV1; InfoPath.1"
66.249.75.185 - - [19/Aug/2013:13:32:47 -0400] "GET / HTTP/1.1" 200 19632 "-" "Mozilla/5.0 (iPhone; U; CPU iPhone OS 4_1 like Mac OS X; en-us) AppleWebKit/532.9 (KHTML, like Gecko) Version/4.0.5 Mobile/8B117 Safari/6531.22.7 (compatible; Googlebot-Mobile/2.1; +http://www.google.com/bot.html)"
92.249.127.111 - - [19/Aug/2013:14:15:07 -0400] "GET / HTTP/1.1" 200 19632 "http://www.bravica.ws/ru/" "Mozilla/5.0 (compatible; news bot /2.1)"
92.249.127.111 - - [19/Aug/2013:14:15:08 -0400] "GET / HTTP/1.1" 200 19632 "http://www.bravica.ws/ru/" "Mozilla/5.0 (compatible; news bot /2.1)"
173.70.141.147 - - [19/Aug/2013:17:07:15 -0400] "GET /scripts/images/button_photoSpeed HTTP/1.1" 404 575 "-" "panscient.com"
178.137.128.12 - - [19/Aug/2013:03:07:03 -0400] "GET / HTTP/1.1" 200 19632 "http://sivs.ru/" "Mozilla/4.0 (compatible; MSIE 6.0; Windows NT 5.0; T312461)"
66.249.75.185 - - [19/Aug/2013:05:46:00 -0400] "GET /robots.txt HTTP/1.1" 200 25 "-" "Mozilla/5.0 (compatible; Googlebot/2.1; +http://www.google.com/bot.html)"
205.178.190.237 - - [19/Aug/2013:18:06:15 -0400] "HEAD /performancecoaching/accountability.html HTTP/1.1" 200 - "-" "Mozilla/4.0 (compatible; MSIE 6.0; Windows NT 5.2; SV1; .NET CLR 1.1.4322; .NET CLR 2.0.50727)"
205.178.190.237 - - [19/Aug/2013:18:14:15 -0400] "GET /performancecoaching/performancekeys.html HTTP/1.1" 200 11018 "-" "Mozilla/4.0 (compatible; MSIE 7.0; Windows NT 5.2; Trident/4.0; .NET CLR 1.1.4322; .NET CLR 2.0.50727; .NET CLR 3.0.4506.2152; .NET CLR 3.5.30729; .NET4.0C; .NET4.0E)"
205.178.190.237 - - [19/Aug/2013:18:14:15 -0400] "GET /scripts/user.js HTTP/1.1" 200 23762 "http://gr8smallbiz.com/performancecoaching/performancekeys.html" "Mozilla/4.0 (compatible; MSIE 7.0; Windows NT 5.2; Trident/4.0; .NET CLR 1.1.4322; .NET CLR 2.0.50727; .NET CLR 3.0.4506.2152; .NET CLR 3.5.30729; .NET4.0C; .NET4.0E)"
205.178.190.237 - - [19/Aug/2013:18:14:15 -0400] "GET /scripts/template.css HTTP/1.1" 200 7446 "http://gr8smallbiz.com/performancecoaching/performancekeys.html" "Mozilla/4.0 (compatible; MSIE 7.0; Windows NT 5.2; Trident/4.0; .NET CLR 1.1.4322; .NET CLR 2.0.50727; .NET CLR 3.0.4506.2152; .NET CLR 3.5.30729; .NET4.0C; .NET4.0E)"
205.178.190.237 - - [19/Aug/2013:18:14:15 -0400] "GET /scripts/website.css HTTP/1.1" 200 1939 "http://gr8smallbiz.com/performancecoaching/performancekeys.html" "Mozilla/4.0 (compatible; MSIE 7.0; Windows NT 5.2; Trident/4.0; .NET CLR 1.1.4322; .NET CLR 2.0.50727; .NET CLR 3.0.4506.2152; .NET CLR 3.5.30729; .NET4.0C; .NET4.0E)"
205.178.190.237 - - [19/Aug/2013:18:14:15 -0400] "GET /scripts/print.css HTTP/1.1" 200 - "http://gr8smallbiz.com/performancecoaching/performancekeys.html" "Mozilla/4.0 (compatible; MSIE 7.0; Windows NT 5.2; Trident/4.0; .NET CLR 1.1.4322; .NET CLR 2.0.50727; .NET CLR 3.0.4506.2152; .NET CLR 3.5.30729; .NET4.0C; .NET4.0E)"
205.178.190.237 - - [19/Aug/2013:18:14:15 -0400] "GET /scripts/3custom.css HTTP/1.1" 200 1141 "http://gr8smallbiz.com/performancecoaching/performancekeys.html" "Mozilla/4.0 (compatible; MSIE 7.0; Windows NT 5.2; Trident/4.0; .NET CLR 1.1.4322; .NET CLR 2.0.50727; .NET CLR 3.0.4506.2152; .NET CLR 3.5.30729; .NET4.0C; .NET4.0E)"
205.178.190.237 - - [19/Aug/2013:18:14:15 -0400] "GET /scripts/icwebsiteelement.css HTTP/1.1" 200 8132 "http://gr8smallbiz.com/performancecoaching/performancekeys.html" "Mozilla/4.0 (compatible; MSIE 7.0; Windows NT 5.2; Trident/4.0; .NET CLR 1.1.4322; .NET CLR 2.0.50727; .NET CLR 3.0.4506.2152; .NET CLR 3.5.30729; .NET4.0C; .NET4.0E)"
205.178.190.237 - - [19/Aug/2013:18:14:15 -0400] "GET /images/Seattle.jpg HTTP/1.1" 200 20025 "http://gr8smallbiz.com/performancecoaching/performancekeys.html" "Mozilla/4.0 (compatible; MSIE 7.0; Windows NT 5.2; Trident/4.0; .NET CLR 1.1.4322; .NET CLR 2.0.50727; .NET CLR 3.0.4506.2152; .NET CLR 3.5.30729; .NET4.0C; .NET4.0E)"
205.178.190.237 - - [19/Aug/2013:18:14:15 -0400] "GET /images/ic_nav_bullet.gif HTTP/1.1" 200 99 "http://gr8smallbiz.com/performancecoaching/performancekeys.html" "Mozilla/4.0 (compatible; MSIE 7.0; Windows NT 5.2; Trident/4.0; .NET CLR 1.1.4322; .NET CLR 2.0.50727; .NET CLR 3.0.4506.2152; .NET CLR 3.5.30729; .NET4.0C; .NET4.0E)"
205.178.190.237 - - [19/Aug/2013:18:14:16 -0400] "GET /performancecoaching.html HTTP/1.1" 200 12986 "-" "Mozilla/4.0 (compatible; MSIE 7.0; Windows NT 5.2; Trident/4.0; .NET CLR 1.1.4322; .NET CLR 2.0.50727; .NET CLR 3.0.4506.2152; .NET CLR 3.5.30729; .NET4.0C; .NET4.0E)"
205.178.190.237 - - [19/Aug/2013:18:14:16 -0400] "GET /scripts/user.js HTTP/1.1" 200 23762 "http://gr8smallbiz.com/performancecoaching/accountability.html" "Mozilla/4.0 (compatible; MSIE 7.0; Windows NT 5.2; Trident/4.0; .NET CLR 1.1.4322; .NET CLR 2.0.50727; .NET CLR 3.0.4506.2152; .NET CLR 3.5.30729; .NET4.0C; .NET4.0E)"
205.178.190.237 - - [19/Aug/2013:18:14:16 -0400] "GET /scripts/template.css HTTP/1.1" 200 7446 "http://gr8smallbiz.com/performancecoaching/accountability.html" "Mozilla/4.0 (compatible; MSIE 7.0; Windows NT 5.2; Trident/4.0; .NET CLR 1.1.4322; .NET CLR 2.0.50727; .NET CLR 3.0.4506.2152; .NET CLR 3.5.30729; .NET4.0C; .NET4.0E)"
205.178.190.237 - - [19/Aug/2013:18:14:16 -0400] "GET /scripts/website.css HTTP/1.1" 200 1939 "http://gr8smallbiz.com/performancecoaching/accountability.html" "Mozilla/4.0 (compatible; MSIE 7.0; Windows NT 5.2; Trident/4.0; .NET CLR 1.1.4322; .NET CLR 2.0.50727; .NET CLR 3.0.4506.2152; .NET CLR 3.5.30729; .NET4.0C; .NET4.0E)"
205.178.190.237 - - [19/Aug/2013:18:14:16 -0400] "GET /scripts/print.css HTTP/1.1" 200 - "http://gr8smallbiz.com/performancecoaching/accountability.html" "Mozilla/4.0 (compatible; MSIE 7.0; Windows NT 5.2; Trident/4.0; .NET CLR 1.1.4322; .NET CLR 2.0.50727; .NET CLR 3.0.4506.2152; .NET CLR 3.5.30729; .NET4.0C; .NET4.0E)"
205.178.190.237 - - [19/Aug/2013:18:14:16 -0400] "GET /scripts/icwebsiteelement.css HTTP/1.1" 200 8132 "http://gr8smallbiz.com/performancecoaching/accountability.html" "Mozilla/4.0 (compatible; MSIE 7.0; Windows NT 5.2; Trident/4.0; .NET CLR 1.1.4322; .NET CLR 2.0.50727; .NET CLR 3.0.4506.2152; .NET CLR 3.5.30729; .NET4.0C; .NET4.0E)"
205.178.190.237 - - [19/Aug/2013:18:14:16 -0400] "GET /scripts/user.js HTTP/1.1" 200 23762 "http://gr8smallbiz.com/performancecoaching.html" "Mozilla/4.0 (compatible; MSIE 7.0; Windows NT 5.2; Trident/4.0; .NET CLR 1.1.4322; .NET CLR 2.0.50727; .NET CLR 3.0.4506.2152; .NET CLR 3.5.30729; .NET4.0C; .NET4.0E)"
205.178.190.237 - - [19/Aug/2013:18:14:16 -0400] "GET /scripts/template.css HTTP/1.1" 200 7446 "http://gr8smallbiz.com/performancecoaching.html" "Mozilla/4.0 (compatible; MSIE 7.0; Windows NT 5.2; Trident/4.0; .NET CLR 1.1.4322; .NET CLR 2.0.50727; .NET CLR 3.0.4506.2152; .NET CLR 3.5.30729; .NET4.0C; .NET4.0E)"
205.178.190.237 - - [19/Aug/2013:18:14:16 -0400] "GET /scripts/website.css HTTP/1.1" 200 1939 "http://gr8smallbiz.com/performancecoaching.html" "Mozilla/4.0 (compatible; MSIE 7.0; Windows NT 5.2; Trident/4.0; .NET CLR 1.1.4322; .NET CLR 2.0.50727; .NET CLR 3.0.4506.2152; .NET CLR 3.5.30729; .NET4.0C; .NET4.0E)"
205.178.190.237 - - [19/Aug/2013:18:14:17 -0400] "GET /scripts/21custom.css HTTP/1.1" 200 1814 "http://gr8smallbiz.com/performancecoaching.html" "Mozilla/4.0 (compatible; MSIE 7.0; Windows NT 5.2; Trident/4.0; .NET CLR 1.1.4322; .NET CLR 2.0.50727; .NET CLR 3.0.4506.2152; .NET CLR 3.5.30729; .NET4.0C; .NET4.0E)"
205.178.190.237 - - [19/Aug/2013:18:14:17 -0400] "GET /images/443_020311_1369_0048_osls.jpg HTTP/1.1" 200 13337 "http://gr8smallbiz.com/performancecoaching/accountability.html" "Mozilla/4.0 (compatible; MSIE 7.0; Windows NT 5.2; Trident/4.0; .NET CLR 1.1.4322; .NET CLR 2.0.50727; .NET CLR 3.0.4506.2152; .NET CLR 3.5.30729; .NET4.0C; .NET4.0E)"
205.178.190.237 - - [19/Aug/2013:18:14:17 -0400] "GET /images/ic_042_accent_cover.png HTTP/1.1" 200 951 "http://gr8smallbiz.com/performancecoaching/accountability.html" "Mozilla/4.0 (compatible; MSIE 7.0; Windows NT 5.2; Trident/4.0; .NET CLR 1.1.4322; .NET CLR 2.0.50727; .NET CLR 3.0.4506.2152; .NET CLR 3.5.30729; .NET4.0C; .NET4.0E)"
205.178.190.237 - - [19/Aug/2013:18:14:17 -0400] "GET /images/ic_nav_bullet.gif HTTP/1.1" 200 99 "http://gr8smallbiz.com/performancecoaching/accountability.html" "Mozilla/4.0 (compatible; MSIE 7.0; Windows NT 5.2; Trident/4.0; .NET CLR 1.1.4322; .NET CLR 2.0.50727; .NET CLR 3.0.4506.2152; .NET CLR 3.5.30729; .NET4.0C; .NET4.0E)"
205.178.190.237 - - [19/Aug/2013:18:14:17 -0400] "GET /images/ic_042_accent_cover.png HTTP/1.1" 200 951 "http://gr8smallbiz.com/performancecoaching.html" "Mozilla/4.0 (compatible; MSIE 7.0; Windows NT 5.2; Trident/4.0; .NET CLR 1.1.4322; .NET CLR 2.0.50727; .NET CLR 3.0.4506.2152; .NET CLR 3.5.30729; .NET4.0C; .NET4.0E)"
205.178.190.237 - - [19/Aug/2013:18:14:17 -0400] "GET /images/ic_nav_bullet.gif HTTP/1.1" 200 99 "http://gr8smallbiz.com/performancecoaching.html" "Mozilla/4.0 (compatible; MSIE 7.0; Windows NT 5.2; Trident/4.0; .NET CLR 1.1.4322; .NET CLR 2.0.50727; .NET CLR 3.0.4506.2152; .NET CLR 3.5.30729; .NET4.0C; .NET4.0E)"
205.178.190.237 - - [19/Aug/2013:18:14:17 -0400] "GET /images/Seattle.jpg HTTP/1.1" 200 20025 "http://gr8smallbiz.com/performancecoaching.html" "Mozilla/4.0 (compatible; MSIE 7.0; Windows NT 5.2; Trident/4.0; .NET CLR 1.1.4322; .NET CLR 2.0.50727; .NET CLR 3.0.4506.2152; .NET CLR 3.5.30729; .NET4.0C; .NET4.0E)"
205.178.190.237 - - [19/Aug/2013:18:14:18 -0400] "GET /performancecoaching/keepingscore.html HTTP/1.1" 200 11032 "-" "Mozilla/4.0 (compatible; MSIE 7.0; Windows NT 5.2; Trident/4.0; .NET CLR 1.1.4322; .NET CLR 2.0.50727; .NET CLR 3.0.4506.2152; .NET CLR 3.5.30729; .NET4.0C; .NET4.0E)"
205.178.190.237 - - [19/Aug/2013:18:14:18 -0400] "GET /scripts/photoalbum.js HTTP/1.1" 200 62481 "http://gr8smallbiz.com/performancecoaching/keepingscore.html" "Mozilla/4.0 (compatible; MSIE 7.0; Windows NT 5.2; Trident/4.0; .NET CLR 1.1.4322; .NET CLR 2.0.50727; .NET CLR 3.0.4506.2152; .NET CLR 3.5.30729; .NET4.0C; .NET4.0E)"
205.178.190.237 - - [19/Aug/2013:18:14:18 -0400] "GET /scripts/print.css HTTP/1.1" 200 - "http://gr8smallbiz.com/performancecoaching/keepingscore.html" "Mozilla/4.0 (compatible; MSIE 7.0; Windows NT 5.2; Trident/4.0; .NET CLR 1.1.4322; .NET CLR 2.0.50727; .NET CLR 3.0.4506.2152; .NET CLR 3.5.30729; .NET4.0C; .NET4.0E)"
205.178.190.237 - - [19/Aug/2013:18:14:18 -0400] "GET /scripts/ic_globals_published.js HTTP/1.1" 200 566 "http://gr8smallbiz.com/performancecoaching/keepingscore.html" "Mozilla/4.0 (compatible; MSIE 7.0; Windows NT 5.2; Trident/4.0; .NET CLR 1.1.4322; .NET CLR 2.0.50727; .NET CLR 3.0.4506.2152; .NET CLR 3.5.30729; .NET4.0C; .NET4.0E)"
205.178.190.237 - - [19/Aug/2013:18:14:18 -0400] "GET /scripts/website.css HTTP/1.1" 200 1939 "http://gr8smallbiz.com/performancecoaching/keepingscore.html" "Mozilla/4.0 (compatible; MSIE 7.0; Windows NT 5.2; Trident/4.0; .NET CLR 1.1.4322; .NET CLR 2.0.50727; .NET CLR 3.0.4506.2152; .NET CLR 3.5.30729; .NET4.0C; .NET4.0E)"
205.178.190.237 - - [19/Aug/2013:18:14:18 -0400] "GET /scripts/icwebsiteelement.css HTTP/1.1" 200 8132 "http://gr8smallbiz.com/performancecoaching/keepingscore.html" "Mozilla/4.0 (compatible; MSIE 7.0; Windows NT 5.2; Trident/4.0; .NET CLR 1.1.4322; .NET CLR 2.0.50727; .NET CLR 3.0.4506.2152; .NET CLR 3.5.30729; .NET4.0C; .NET4.0E)"
205.178.190.237 - - [19/Aug/2013:18:14:18 -0400] "GET /scripts/2custom.css HTTP/1.1" 200 1141 "http://gr8smallbiz.com/performancecoaching/keepingscore.html" "Mozilla/4.0 (compatible; MSIE 7.0; Windows NT 5.2; Trident/4.0; .NET CLR 1.1.4322; .NET CLR 2.0.50727; .NET CLR 3.0.4506.2152; .NET CLR 3.5.30729; .NET4.0C; .NET4.0E)"
205.178.190.237 - - [19/Aug/2013:18:14:19 -0400] "GET /images/400_darts.jpg HTTP/1.1" 200 12518 "http://gr8smallbiz.com/performancecoaching/keepingscore.html" "Mozilla/4.0 (compatible; MSIE 7.0; Windows NT 5.2; Trident/4.0; .NET CLR 1.1.4322; .NET CLR 2.0.50727; .NET CLR 3.0.4506.2152; .NET CLR 3.5.30729; .NET4.0C; .NET4.0E)"
205.178.190.237 - - [19/Aug/2013:18:14:21 -0400] "GET /scripts/ic_globals_published.js HTTP/1.1" 200 566 "http://gr8smallbiz.com/performancecoaching/balancedkpis.html" "Mozilla/4.0 (compatible; MSIE 7.0; Windows NT 5.2; Trident/4.0; .NET CLR 1.1.4322; .NET CLR 2.0.50727; .NET CLR 3.0.4506.2152; .NET CLR 3.5.30729; .NET4.0C; .NET4.0E)"
205.178.190.237 - - [19/Aug/2013:18:14:21 -0400] "GET /scripts/photoalbum.js HTTP/1.1" 200 62481 "http://gr8smallbiz.com/performancecoaching/balancedkpis.html" "Mozilla/4.0 (compatible; MSIE 7.0; Windows NT 5.2; Trident/4.0; .NET CLR 1.1.4322; .NET CLR 2.0.50727; .NET CLR 3.0.4506.2152; .NET CLR 3.5.30729; .NET4.0C; .NET4.0E)"
205.178.190.237 - - [19/Aug/2013:18:14:21 -0400] "GET /scripts/4custom.css HTTP/1.1" 200 1141 "http://gr8smallbiz.com/performancecoaching/balancedkpis.html" "Mozilla/4.0 (compatible; MSIE 7.0; Windows NT 5.2; Trident/4.0; .NET CLR 1.1.4322; .NET CLR 2.0.50727; .NET CLR 3.0.4506.2152; .NET CLR 3.5.30729; .NET4.0C; .NET4.0E)"
205.178.190.237 - - [19/Aug/2013:18:14:21 -0400] "GET /images/Seattle.jpg HTTP/1.1" 200 20025 "http://gr8smallbiz.com/performancecoaching/balancedkpis.html" "Mozilla/4.0 (compatible; MSIE 7.0; Windows NT 5.2; Trident/4.0; .NET CLR 1.1.4322; .NET CLR 2.0.50727; .NET CLR 3.0.4506.2152; .NET CLR 3.5.30729; .NET4.0C; .NET4.0E)"
205.178.190.237 - - [19/Aug/2013:18:14:21 -0400] "GET /images/ic_nav_bullet.gif HTTP/1.1" 200 99 "http://gr8smallbiz.com/performancecoaching/balancedkpis.html" "Mozilla/4.0 (compatible; MSIE 7.0; Windows NT 5.2; Trident/4.0; .NET CLR 1.1.4322; .NET CLR 2.0.50727; .NET CLR 3.0.4506.2152; .NET CLR 3.5.30729; .NET4.0C; .NET4.0E)"
37.139.52.23 - - [19/Aug/2013:07:34:50 -0400] "GET / HTTP/1.1" 200 19632 "http://samsungknowhow.mybb.by/" "Mozilla/4.0 (compatible; MSIE 6.0; Windows NT 5.1; .NET CLR 1.1.4322; Alexa Toolbar; (R1 1.5))"
157.55.33.125 - - [19/Aug/2013:09:03:33 -0400] "GET /scripts/18custom.css HTTP/1.1" 200 1140 "-" "Mozilla/5.0 (compatible; bingbot/2.0; +http://www.bing.com/bingbot.htm)"
54.227.110.240 - - [19/Aug/2013:20:27:23 -0400] "GET /resources.html HTTP/1.1" 200 23680 "-" "Mozilla/5.0 (compatible; linkdexbot/2.0; +http://www.linkdex.com/about/bots/)"
199.30.20.104 - - [19/Aug/2013:06:49:33 -0400] "GET /images/279_050211_5303_0987_jsls.jpg HTTP/1.1" 200 18859 "-" "msnbot-media/1.1 (+http://search.msn.com/msnbot.htm)"
46.165.197.142 - - [19/Aug/2013:07:16:52 -0400] "GET /resources.html HTTP/1.0" 200 23680 "-" "Mozilla/5.0 (compatible; MJ12bot/v1.4.3; http://www.majestic12.co.uk/bot.php?+)"
65.55.52.95 - - [19/Aug/2013:08:49:58 -0400] "GET /finance.html HTTP/1.1" 200 12402 "-" "Mozilla/5.0 (compatible; bingbot/2.0; +http://www.bing.com/bingbot.htm)"
178.137.128.12 - - [19/Aug/2013:03:07:03 -0400] "GET / HTTP/1.1" 200 19632 "http://sivs.ru/" "Mozilla/4.0 (compatible; MSIE 6.0; Windows NT 5.0; T312461)"
208.115.111.68 - - [19/Aug/2013:09:00:47 -0400] "GET /exitstrategies/valuations.html HTTP/1.1" 200 23076 "-" "Mozilla/5.0 (compatible; Ezooms/1.0; ezooms.bot@gmail.com)"
178.255.215.79 - - [19/Aug/2013:14:58:58 -0400] "GET /webmarketing.html HTTP/1.1" 200 7275 "-" "Mozilla/5.0 (compatible; Exabot/3.0; +http://www.exabot.com/go/robot)"
46.119.118.152 - - [19/Aug/2013:11:00:12 -0400] "GET / HTTP/1.1" 200 19632 "http://www.bravica.tv/ru/" "Mozilla/4.0 (compatible; MSIE 6.0; Windows NT 5.1; SV1; InfoPath.1"
178.255.215.79 - - [19/Aug/2013:14:58:58 -0400] "GET /robots.txt HTTP/1.1" 200 25 "-" "Mozilla/5.0 (compatible; Exabot/3.0; +http://www.exabot.com/go/robot)"
205.178.190.235 - - [19/Aug/2013:18:02:47 -0400] "GET /robots.txt HTTP/1.1" 200 25 "-" "Mozilla/5.0 (Windows; U; Windows NT 5.1; en-US; rv:1.8.1.16) Gecko/20080702 Firefox/2.0.0.16"
199.21.99.92 - - [19/Aug/2013:18:34:37 -0400] "GET /robots.txt HTTP/1.1" 200 25 "-" "Mozilla/5.0 (compatible; YandexBot/3.0; +http://yandex.com/bots)"
205.178.190.237 - - [19/Aug/2013:18:06:15 -0400] "HEAD /performancecoaching.html HTTP/1.1" 200 - "-" "Mozilla/5.0 (Windows; U; Windows NT 5.1; en-US; rv:1.8.1.16) Gecko/20080702 Firefox/2.0.0.16"
173.70.141.147 - - [19/Aug/2013:17:07:16 -0400] "GET /scripts/images/photoalbum/button_photoSpeed HTTP/1.1" 404 575 "-" "panscient.com"
112.101.64.104 - - [19/Aug/2013:14:41:46 -0400] "GET / HTTP/1.1" 200 19632 "-" "Mozilla/4.0 (compatible; MSIE 6.0; Windows NT 5.1; SV1; Mozilla/4.0 (compatible; MSIE 6.0; Windows NT 5.1; SV1) )"
123.125.71.38 - - [19/Aug/2013:22:57:03 -0400] "GET /robots.txt HTTP/1.1" 200 25 "-" "Mozilla/5.0 (compatible; Baiduspider/2.0; +http://www.baidu.com/search/spider.html)"
54.226.9.198 - - [19/Aug/2013:03:27:44 -0400] "GET / HTTP/1.1" 200 19632 "-" "Mozilla/5.0 (Windows; U; Windows NT 6.0; en-US; rv:1.9.2.3) Gecko/20100401 Firefox/3.6.3 GTB6 (.NET CLR 3.5.30729)"
37.139.52.23 - - [19/Aug/2013:07:34:48 -0400] "GET / HTTP/1.1" 200 19632 "http://samsungknowhow.mybb.by/" "Mozilla/4.0 (compatible; MSIE 6.0; Windows NT 5.1; .NET CLR 1.1.4322; Alexa Toolbar; (R1 1.5))"
178.137.128.12 - - [19/Aug/2013:05:30:45 -0400] "GET / HTTP/1.1" 200 19632 "http://sdelaisait.ru/" "Mozilla/4.7 (compatible; OffByOne; Windows 2000) Webster Pro V3.4"
66.249.75.185 - - [19/Aug/2013:05:46:00 -0400] "GET /turnarounds/cashflowplanning.html HTTP/1.1" 200 31163 "-" "DoCoMo/2.0 N905i(c100;TB;W24H16) (compatible; Googlebot-Mobile/2.1; +http://www.google.com/bot.html)"
180.76.5.59 - - [19/Aug/2013:19:10:58 -0400] "GET /turnarounds/stakeholderrelationships.html HTTP/1.1" 200 11611 "-" "Mozilla/5.0 (compatible; Baiduspider/2.0; +http://www.baidu.com/search/spider.html)"
208.115.111.72 - - [19/Aug/2013:12:43:08 -0400] "GET /robots.txt HTTP/1.1" 200 25 "-" "Mozilla/5.0 (compatible; Ezooms/1.0; ezooms.bot@gmail.com)"
92.249.127.111 - - [19/Aug/2013:05:45:43 -0400] "GET / HTTP/1.1" 200 19632 "http://kredit.mybb.ru/" "Mozilla/5.0 (compatible; news bot /2.1)"
54.227.110.240 - - [19/Aug/2013:20:20:33 -0400] "GET /resources.html HTTP/1.1" 200 23680 "-" "Mozilla/5.0 (compatible; linkdexbot/2.0; +http://www.linkdex.com/about/bots/)"
208.115.111.72 - - [19/Aug/2013:13:31:05 -0400] "GET /contactus/stephenhtillotson.html HTTP/1.1" 200 12196 "-" "Mozilla/5.0 (compatible; Ezooms/1.0; ezooms.bot@gmail.com)"
199.30.20.130 - - [19/Aug/2013:04:43:07 -0400] "GET /robots.txt HTTP/1.1" 200 25 "-" "msnbot-media/1.1 (+http://search.msn.com/msnbot.htm)"
180.76.5.156 - - [19/Aug/2013:11:30:01 -0400] "GET /testimonials/retail.html HTTP/1.1" 200 9773 "-" "Mozilla/5.0 (compatible; Baiduspider/2.0; +http://www.baidu.com/search/spider.html)"
208.115.113.84 - - [19/Aug/2013:02:10:59 -0400] "GET /robots.txt HTTP/1.1" 200 25 "-" "Mozilla/5.0 (compatible; Ezooms/1.0; ezooms.bot@gmail.com)"
178.137.128.12 - - [19/Aug/2013:05:30:46 -0400] "GET / HTTP/1.1" 200 19632 "http://sdelaisait.ru/" "Mozilla/4.7 (compatible; OffByOne; Windows 2000) Webster Pro V3.4"
65.55.215.106 - - [19/Aug/2013:12:42:12 -0400] "GET /robots.txt HTTP/1.1" 200 25 "-" "msnbot-media/1.1 (+http://search.msn.com/msnbot.htm)"
157.55.33.125 - - [19/Aug/2013:02:34:13 -0400] "GET /testimonials/distribution.html HTTP/1.1" 200 10376 "-" "Mozilla/5.0 (compatible; bingbot/2.0; +http://www.bing.com/bingbot.htm)"
205.178.190.237 - - [19/Aug/2013:18:06:15 -0400] "HEAD /performancecoaching/keepingscore.html HTTP/1.1" 200 - "-" "Mozilla/4.0 (compatible; MSIE 7.0; Windows NT 5.1; .NET CLR 1.1.4322; .NET CLR 2.0.50727)"
65.55.52.95 - - [19/Aug/2013:08:49:16 -0400] "GET /robots.txt HTTP/1.1" 200 25 "-" "Mozilla/5.0 (compatible; bingbot/2.0; +http://www.bing.com/bingbot.htm)"
193.106.136.50 - - [19/Aug/2013:15:40:21 -0400] "GET / HTTP/1.1" 200 19632 "http://dom-o-fon.ru/" "Mozilla/4.0 (compatible; MSIE 6.0; Windows NT 5.1)"
173.70.141.147 - - [19/Aug/2013:17:07:11 -0400] "GET /webmarketing.html HTTP/1.1" 200 7275 "-" "panscient.com"
173.70.141.147 - - [19/Aug/2013:17:07:12 -0400] "GET /images/photoalbum/button_photoSpeed HTTP/1.1" 404 575 "-" "panscient.com"
91.207.9.226 - - [19/Aug/2013:18:13:29 -0400] "GET / HTTP/1.1" 200 19632 "http://artwoodcentre.com/" "Mozilla/4.0 (compatible; MSIE 6.0; Windows NT 5.1; en) Opera 9.0"
91.207.9.226 - - [19/Aug/2013:03:12:05 -0400] "GET / HTTP/1.1" 200 19632 "http://dt93.ru/" "Mozilla/4.0 (compatible; MSIE 5.5; Windows 95)"
65.55.215.106 - - [19/Aug/2013:12:42:12 -0400] "GET /images/443_On_the_Phone.jpg HTTP/1.1" 200 13899 "-" "msnbot-media/1.1 (+http://search.msn.com/msnbot.htm)"
205.178.190.235 - - [19/Aug/2013:18:01:46 -0400] "GET /scripts/user.js HTTP/1.1" 200 23762 "http://gr8smallbiz.com/" "Mozilla/4.0 (compatible; MSIE 7.0; Windows NT 5.2; Trident/4.0; .NET CLR 1.1.4322; .NET CLR 2.0.50727; .NET CLR 3.0.4506.2152; .NET CLR 3.5.30729; .NET4.0C; .NET4.0E)"
205.178.190.235 - - [19/Aug/2013:18:01:46 -0400] "GET /scripts/template.css HTTP/1.1" 200 7446 "http://gr8smallbiz.com/" "Mozilla/4.0 (compatible; MSIE 7.0; Windows NT 5.2; Trident/4.0; .NET CLR 1.1.4322; .NET CLR 2.0.50727; .NET CLR 3.0.4506.2152; .NET CLR 3.5.30729; .NET4.0C; .NET4.0E)"
205.178.190.235 - - [19/Aug/2013:18:01:46 -0400] "GET /scripts/1custom.css HTTP/1.1" 200 2153 "http://gr8smallbiz.com/" "Mozilla/4.0 (compatible; MSIE 7.0; Windows NT 5.2; Trident/4.0; .NET CLR 1.1.4322; .NET CLR 2.0.50727; .NET CLR 3.0.4506.2152; .NET CLR 3.5.30729; .NET4.0C; .NET4.0E)"
205.178.190.235 - - [19/Aug/2013:18:01:46 -0400] "GET /images/100_cooltext40330578.gif HTTP/1.1" 200 93250 "http://gr8smallbiz.com/" "Mozilla/4.0 (compatible; MSIE 7.0; Windows NT 5.2; Trident/4.0; .NET CLR 1.1.4322; .NET CLR 2.0.50727; .NET CLR 3.0.4506.2152; .NET CLR 3.5.30729; .NET4.0C; .NET4.0E)"
205.178.190.235 - - [19/Aug/2013:18:01:46 -0400] "GET /images/ic_042_accent_cover.png HTTP/1.1" 200 951 "http://gr8smallbiz.com/" "Mozilla/4.0 (compatible; MSIE 7.0; Windows NT 5.2; Trident/4.0; .NET CLR 1.1.4322; .NET CLR 2.0.50727; .NET CLR 3.0.4506.2152; .NET CLR 3.5.30729; .NET4.0C; .NET4.0E)"
157.55.35.34 - - [19/Aug/2013:08:50:53 -0400] "GET /scripts/template.css HTTP/1.1" 200 7446 "-" "Mozilla/5.0 (compatible; bingbot/2.0; +http://www.bing.com/bingbot.htm)"
92.249.127.111 - - [19/Aug/2013:14:15:09 -0400] "GET / HTTP/1.1" 200 19632 "http://www.bravica.ws/ru/" "Mozilla/5.0 (compatible; news bot /2.1)"
92.249.127.111 - - [19/Aug/2013:05:45:42 -0400] "GET / HTTP/1.1" 200 19632 "http://kredit.mybb.ru/" "Mozilla/5.0 (compatible; news bot /2.1)"
199.21.99.92 - - [19/Aug/2013:21:43:27 -0400] "GET / HTTP/1.1" 200 19632 "-" "Mozilla/5.0 (compatible; YandexBot/3.0; +http://yandex.com/bots)"
205.178.190.237 - - [19/Aug/2013:18:14:15 -0400] "GET /scripts/ic_globals_published.js HTTP/1.1" 200 566 "http://gr8smallbiz.com/performancecoaching/performancekeys.html" "Mozilla/4.0 (compatible; MSIE 7.0; Windows NT 5.2; Trident/4.0; .NET CLR 1.1.4322; .NET CLR 2.0.50727; .NET CLR 3.0.4506.2152; .NET CLR 3.5.30729; .NET4.0C; .NET4.0E)"
205.178.190.237 - - [19/Aug/2013:18:14:15 -0400] "GET /scripts/photoalbum.js HTTP/1.1" 200 62481 "http://gr8smallbiz.com/performancecoaching/performancekeys.html" "Mozilla/4.0 (compatible; MSIE 7.0; Windows NT 5.2; Trident/4.0; .NET CLR 1.1.4322; .NET CLR 2.0.50727; .NET CLR 3.0.4506.2152; .NET CLR 3.5.30729; .NET4.0C; .NET4.0E)"
205.178.190.237 - - [19/Aug/2013:18:14:15 -0400] "GET /images/200_desktop.jpg HTTP/1.1" 200 14025 "http://gr8smallbiz.com/performancecoaching/performancekeys.html" "Mozilla/4.0 (compatible; MSIE 7.0; Windows NT 5.2; Trident/4.0; .NET CLR 1.1.4322; .NET CLR 2.0.50727; .NET CLR 3.0.4506.2152; .NET CLR 3.5.30729; .NET4.0C; .NET4.0E)"
205.178.190.237 - - [19/Aug/2013:18:14:15 -0400] "GET /images/ic_042_accent_cover.png HTTP/1.1" 200 951 "http://gr8smallbiz.com/performancecoaching/performancekeys.html" "Mozilla/4.0 (compatible; MSIE 7.0; Windows NT 5.2; Trident/4.0; .NET CLR 1.1.4322; .NET CLR 2.0.50727; .NET CLR 3.0.4506.2152; .NET CLR 3.5.30729; .NET4.0C; .NET4.0E)"
205.178.190.237 - - [19/Aug/2013:18:14:16 -0400] "GET /performancecoaching/accountability.html HTTP/1.1" 200 12227 "-" "Mozilla/4.0 (compatible; MSIE 7.0; Windows NT 5.2; Trident/4.0; .NET CLR 1.1.4322; .NET CLR 2.0.50727; .NET CLR 3.0.4506.2152; .NET CLR 3.5.30729; .NET4.0C; .NET4.0E)"
205.178.190.237 - - [19/Aug/2013:18:14:16 -0400] "GET /scripts/ic_globals_published.js HTTP/1.1" 200 566 "http://gr8smallbiz.com/performancecoaching/accountability.html" "Mozilla/4.0 (compatible; MSIE 7.0; Windows NT 5.2; Trident/4.0; .NET CLR 1.1.4322; .NET CLR 2.0.50727; .NET CLR 3.0.4506.2152; .NET CLR 3.5.30729; .NET4.0C; .NET4.0E)"
205.178.190.237 - - [19/Aug/2013:18:14:16 -0400] "GET /scripts/photoalbum.js HTTP/1.1" 200 62481 "http://gr8smallbiz.com/performancecoaching/accountability.html" "Mozilla/4.0 (compatible; MSIE 7.0; Windows NT 5.2; Trident/4.0; .NET CLR 1.1.4322; .NET CLR 2.0.50727; .NET CLR 3.0.4506.2152; .NET CLR 3.5.30729; .NET4.0C; .NET4.0E)"
205.178.190.237 - - [19/Aug/2013:18:14:16 -0400] "GET /scripts/24custom.css HTTP/1.1" 200 1477 "http://gr8smallbiz.com/performancecoaching/accountability.html" "Mozilla/4.0 (compatible; MSIE 7.0; Windows NT 5.2; Trident/4.0; .NET CLR 1.1.4322; .NET CLR 2.0.50727; .NET CLR 3.0.4506.2152; .NET CLR 3.5.30729; .NET4.0C; .NET4.0E)"
205.178.190.237 - - [19/Aug/2013:18:14:16 -0400] "GET /scripts/ic_globals_published.js HTTP/1.1" 200 566 "http://gr8smallbiz.com/performancecoaching.html" "Mozilla/4.0 (compatible; MSIE 7.0; Windows NT 5.2; Trident/4.0; .NET CLR 1.1.4322; .NET CLR 2.0.50727; .NET CLR 3.0.4506.2152; .NET CLR 3.5.30729; .NET4.0C; .NET4.0E)"
205.178.190.237 - - [19/Aug/2013:18:14:16 -0400] "GET /scripts/photoalbum.js HTTP/1.1" 200 62481 "http://gr8smallbiz.com/performancecoaching.html" "Mozilla/4.0 (compatible; MSIE 7.0; Windows NT 5.2; Trident/4.0; .NET CLR 1.1.4322; .NET CLR 2.0.50727; .NET CLR 3.0.4506.2152; .NET CLR 3.5.30729; .NET4.0C; .NET4.0E)"
205.178.190.237 - - [19/Aug/2013:18:14:17 -0400] "GET /scripts/print.css HTTP/1.1" 200 - "http://gr8smallbiz.com/performancecoaching.html" "Mozilla/4.0 (compatible; MSIE 7.0; Windows NT 5.2; Trident/4.0; .NET CLR 1.1.4322; .NET CLR 2.0.50727; .NET CLR 3.0.4506.2152; .NET CLR 3.5.30729; .NET4.0C; .NET4.0E)"
205.178.190.237 - - [19/Aug/2013:18:14:17 -0400] "GET /scripts/icwebsiteelement.css HTTP/1.1" 200 8132 "http://gr8smallbiz.com/performancecoaching.html" "Mozilla/4.0 (compatible; MSIE 7.0; Windows NT 5.2; Trident/4.0; .NET CLR 1.1.4322; .NET CLR 2.0.50727; .NET CLR 3.0.4506.2152; .NET CLR 3.5.30729; .NET4.0C; .NET4.0E)"
205.178.190.237 - - [19/Aug/2013:18:14:17 -0400] "GET /images/Seattle.jpg HTTP/1.1" 200 20025 "http://gr8smallbiz.com/performancecoaching/accountability.html" "Mozilla/4.0 (compatible; MSIE 7.0; Windows NT 5.2; Trident/4.0; .NET CLR 1.1.4322; .NET CLR 2.0.50727; .NET CLR 3.0.4506.2152; .NET CLR 3.5.30729; .NET4.0C; .NET4.0E)"
205.178.190.237 - - [19/Aug/2013:18:14:17 -0400] "GET /images/300_cooltext40330578.gif HTTP/1.1" 200 93250 "http://gr8smallbiz.com/performancecoaching.html" "Mozilla/4.0 (compatible; MSIE 7.0; Windows NT 5.2; Trident/4.0; .NET CLR 1.1.4322; .NET CLR 2.0.50727; .NET CLR 3.0.4506.2152; .NET CLR 3.5.30729; .NET4.0C; .NET4.0E)"
205.178.190.237 - - [19/Aug/2013:18:14:17 -0400] "GET /images/400_050712_0029_0200_jsls.jpg HTTP/1.1" 200 23215 "http://gr8smallbiz.com/performancecoaching.html" "Mozilla/4.0 (compatible; MSIE 7.0; Windows NT 5.2; Trident/4.0; .NET CLR 1.1.4322; .NET CLR 2.0.50727; .NET CLR 3.0.4506.2152; .NET CLR 3.5.30729; .NET4.0C; .NET4.0E)"
205.178.190.237 - - [19/Aug/2013:18:14:18 -0400] "GET /scripts/user.js HTTP/1.1" 200 23762 "http://gr8smallbiz.com/performancecoaching/keepingscore.html" "Mozilla/4.0 (compatible; MSIE 7.0; Windows NT 5.2; Trident/4.0; .NET CLR 1.1.4322; .NET CLR 2.0.50727; .NET CLR 3.0.4506.2152; .NET CLR 3.5.30729; .NET4.0C; .NET4.0E)"
205.178.190.237 - - [19/Aug/2013:18:14:18 -0400] "GET /scripts/template.css HTTP/1.1" 200 7446 "http://gr8smallbiz.com/performancecoaching/keepingscore.html" "Mozilla/4.0 (compatible; MSIE 7.0; Windows NT 5.2; Trident/4.0; .NET CLR 1.1.4322; .NET CLR 2.0.50727; .NET CLR 3.0.4506.2152; .NET CLR 3.5.30729; .NET4.0C; .NET4.0E)"
205.178.190.237 - - [19/Aug/2013:18:14:18 -0400] "GET /images/Seattle.jpg HTTP/1.1" 200 20025 "http://gr8smallbiz.com/performancecoaching/keepingscore.html" "Mozilla/4.0 (compatible; MSIE 7.0; Windows NT 5.2; Trident/4.0; .NET CLR 1.1.4322; .NET CLR 2.0.50727; .NET CLR 3.0.4506.2152; .NET CLR 3.5.30729; .NET4.0C; .NET4.0E)"
205.178.190.237 - - [19/Aug/2013:18:14:19 -0400] "GET /images/ic_042_accent_cover.png HTTP/1.1" 200 951 "http://gr8smallbiz.com/performancecoaching/keepingscore.html" "Mozilla/4.0 (compatible; MSIE 7.0; Windows NT 5.2; Trident/4.0; .NET CLR 1.1.4322; .NET CLR 2.0.50727; .NET CLR 3.0.4506.2152; .NET CLR 3.5.30729; .NET4.0C; .NET4.0E)"
205.178.190.237 - - [19/Aug/2013:18:14:19 -0400] "GET /images/ic_nav_bullet.gif HTTP/1.1" 200 99 "http://gr8smallbiz.com/performancecoaching/keepingscore.html" "Mozilla/4.0 (compatible; MSIE 7.0; Windows NT 5.2; Trident/4.0; .NET CLR 1.1.4322; .NET CLR 2.0.50727; .NET CLR 3.0.4506.2152; .NET CLR 3.5.30729; .NET4.0C; .NET4.0E)"
205.178.190.237 - - [19/Aug/2013:18:14:21 -0400] "GET /performancecoaching/balancedkpis.html HTTP/1.1" 200 11496 "-" "Mozilla/4.0 (compatible; MSIE 7.0; Windows NT 5.2; Trident/4.0; .NET CLR 1.1.4322; .NET CLR 2.0.50727; .NET CLR 3.0.4506.2152; .NET CLR 3.5.30729; .NET4.0C; .NET4.0E)"
205.178.190.237 - - [19/Aug/2013:18:14:21 -0400] "GET /scripts/user.js HTTP/1.1" 200 23762 "http://gr8smallbiz.com/performancecoaching/balancedkpis.html" "Mozilla/4.0 (compatible; MSIE 7.0; Windows NT 5.2; Trident/4.0; .NET CLR 1.1.4322; .NET CLR 2.0.50727; .NET CLR 3.0.4506.2152; .NET CLR 3.5.30729; .NET4.0C; .NET4.0E)"
205.178.190.237 - - [19/Aug/2013:18:14:21 -0400] "GET /scripts/template.css HTTP/1.1" 200 7446 "http://gr8smallbiz.com/performancecoaching/balancedkpis.html" "Mozilla/4.0 (compatible; MSIE 7.0; Windows NT 5.2; Trident/4.0; .NET CLR 1.1.4322; .NET CLR 2.0.50727; .NET CLR 3.0.4506.2152; .NET CLR 3.5.30729; .NET4.0C; .NET4.0E)"
205.178.190.237 - - [19/Aug/2013:18:14:21 -0400] "GET /scripts/website.css HTTP/1.1" 200 1939 "http://gr8smallbiz.com/performancecoaching/balancedkpis.html" "Mozilla/4.0 (compatible; MSIE 7.0; Windows NT 5.2; Trident/4.0; .NET CLR 1.1.4322; .NET CLR 2.0.50727; .NET CLR 3.0.4506.2152; .NET CLR 3.5.30729; .NET4.0C; .NET4.0E)"
205.178.190.237 - - [19/Aug/2013:18:14:21 -0400] "GET /scripts/print.css HTTP/1.1" 200 - "http://gr8smallbiz.com/performancecoaching/balancedkpis.html" "Mozilla/4.0 (compatible; MSIE 7.0; Windows NT 5.2; Trident/4.0; .NET CLR 1.1.4322; .NET CLR 2.0.50727; .NET CLR 3.0.4506.2152; .NET CLR 3.5.30729; .NET4.0C; .NET4.0E)"
205.178.190.237 - - [19/Aug/2013:18:14:21 -0400] "GET /scripts/icwebsiteelement.css HTTP/1.1" 200 8132 "http://gr8smallbiz.com/performancecoaching/balancedkpis.html" "Mozilla/4.0 (compatible; MSIE 7.0; Windows NT 5.2; Trident/4.0; .NET CLR 1.1.4322; .NET CLR 2.0.50727; .NET CLR 3.0.4506.2152; .NET CLR 3.5.30729; .NET4.0C; .NET4.0E)"
205.178.190.237 - - [19/Aug/2013:18:14:21 -0400] "GET /images/400_J0174844.JPG HTTP/1.1" 200 10447 "http://gr8smallbiz.com/performancecoaching/balancedkpis.html" "Mozilla/4.0 (compatible; MSIE 7.0; Windows NT 5.2; Trident/4.0; .NET CLR 1.1.4322; .NET CLR 2.0.50727; .NET CLR 3.0.4506.2152; .NET CLR 3.5.30729; .NET4.0C; .NET4.0E)"
205.178.190.237 - - [19/Aug/2013:18:14:21 -0400] "GET /images/ic_042_accent_cover.png HTTP/1.1" 200 951 "http://gr8smallbiz.com/performancecoaching/balancedkpis.html" "Mozilla/4.0 (compatible; MSIE 7.0; Windows NT 5.2; Trident/4.0; .NET CLR 1.1.4322; .NET CLR 2.0.50727; .NET CLR 3.0.4506.2152; .NET CLR 3.5.30729; .NET4.0C; .NET4.0E)"
199.30.20.104 - - [19/Aug/2013:06:49:33 -0400] "GET /robots.txt HTTP/1.1" 200 25 "-" "msnbot-media/1.1 (+http://search.msn.com/msnbot.htm)"
91.207.9.226 - - [19/Aug/2013:03:12:04 -0400] "GET / HTTP/1.1" 200 19632 "http://dt93.ru/" "Mozilla/4.0 (compatible; MSIE 5.5; Windows 95)"
205.178.190.237 - - [19/Aug/2013:18:06:16 -0400] "HEAD /performancecoaching/balancedkpis.html HTTP/1.1" 200 - "-" "Mozilla/5.0 (Windows; U; Windows NT 5.1; en-US; rv:1.8.1.12) Gecko/20080201 Firefox/2.0.0.12"
91.207.9.226 - - [19/Aug/2013:18:13:31 -0400] "GET / HTTP/1.1" 200 19632 "http://artwoodcentre.com/" "Mozilla/4.0 (compatible; MSIE 6.0; Windows NT 5.1; en) Opera 9.0"
91.207.9.226 - - [19/Aug/2013:03:12:06 -0400] "GET / HTTP/1.1" 200 19632 "http://dt93.ru/" "Mozilla/4.0 (compatible; MSIE 5.5; Windows 95)"
178.137.128.12 - - [19/Aug/2013:03:07:04 -0400] "GET / HTTP/1.1" 200 19632 "http://sivs.ru/" "Mozilla/4.0 (compatible; MSIE 6.0; Windows NT 5.0; T312461)"
178.137.128.12 - - [19/Aug/2013:05:30:44 -0400] "GET / HTTP/1.1" 200 19632 "http://sdelaisait.ru/" "Mozilla/4.7 (compatible; OffByOne; Windows 2000) Webster Pro V3.4"
46.119.118.152 - - [19/Aug/2013:11:00:13 -0400] "GET / HTTP/1.1" 200 19632 "http://remont-fridge-tv.ru/" "Mozilla/4.0 (compatible; MSIE 6.0; Windows NT 5.1; SV1; InfoPath.1"
205.178.190.235 - - [19/Aug/2013:18:02:46 -0400] "GET / HTTP/1.1" 200 19632 "-" "Mozilla/4.0 (compatible; MSIE 6.0; Windows NT 5.2; SV1; .NET CLR 1.1.4322; .NET CLR 2.0.50727)"
173.70.141.147 - - [19/Aug/2013:17:05:26 -0400] "GET /robots.txt HTTP/1.1" 200 25 "-" "panscient.com"
173.70.141.147 - - [19/Aug/2013:17:05:27 -0400] "GET / HTTP/1.1" 200 19632 "-" "panscient.com"
173.70.141.147 - - [19/Aug/2013:17:05:28 -0400] "GET /finance/assetbasedfinancing.html HTTP/1.1" 200 21041 "-" "panscient.com"
173.70.141.147 - - [19/Aug/2013:17:05:29 -0400] "GET /turnarounds.html HTTP/1.1" 200 23510 "-" "panscient.com"
173.70.141.147 - - [19/Aug/2013:17:05:31 -0400] "GET /resources.html HTTP/1.1" 200 23680 "-" "panscient.com"
173.70.141.147 - - [19/Aug/2013:17:05:32 -0400] "GET /performancecoaching/keepingscore.html HTTP/1.1" 200 11032 "-" "panscient.com"
173.70.141.147 - - [19/Aug/2013:17:05:34 -0400] "GET /home.html HTTP/1.1" 200 19632 "-" "panscient.com"
173.70.141.147 - - [19/Aug/2013:17:05:35 -0400] "GET /scripts/ic_globals_published.js HTTP/1.1" 200 566 "-" "panscient.com"
173.70.141.147 - - [19/Aug/2013:17:05:36 -0400] "GET /exitstrategies.html HTTP/1.1" 200 12659 "-" "panscient.com"
173.70.141.147 - - [19/Aug/2013:17:05:37 -0400] "GET /finance.html HTTP/1.1" 200 12402 "-" "panscient.com"
173.70.141.147 - - [19/Aug/2013:17:05:38 -0400] "GET /exitstrategies/valuations.html HTTP/1.1" 200 23076 "-" "panscient.com"
173.70.141.147 - - [19/Aug/2013:17:05:39 -0400] "GET /testimonials/wholesale.html HTTP/1.1" 200 9838 "-" "panscient.com"
173.70.141.147 - - [19/Aug/2013:17:05:40 -0400] "GET /testimonials.html HTTP/1.1" 200 54310 "-" "panscient.com"
173.70.141.147 - - [19/Aug/2013:17:05:41 -0400] "GET /performancecoaching/performancelevels.html HTTP/1.1" 200 12530 "-" "panscient.com"
173.70.141.147 - - [19/Aug/2013:17:05:42 -0400] "GET /turnarounds/organizationalchanges.html HTTP/1.1" 200 11924 "-" "panscient.com"
173.70.141.147 - - [19/Aug/2013:17:05:43 -0400] "GET /performancecoaching/balancedkpis.html HTTP/1.1" 200 11496 "-" "panscient.com"
173.70.141.147 - - [19/Aug/2013:17:05:45 -0400] "GET /performancecoaching/freeanalysis.html HTTP/1.1" 200 11485 "-" "panscient.com"
173.70.141.147 - - [19/Aug/2013:17:05:46 -0400] "GET /aboutus.html HTTP/1.1" 200 8583 "-" "panscient.com"
173.70.141.147 - - [19/Aug/2013:17:05:47 -0400] "GET /scripts/photoalbum.js HTTP/1.1" 200 62481 "-" "panscient.com"
173.70.141.147 - - [19/Aug/2013:17:05:48 -0400] "GET /performancecoaching/performancekeys.html HTTP/1.1" 200 11018 "-" "panscient.com"
173.70.141.147 - - [19/Aug/2013:17:05:49 -0400] "GET /turnarounds/financesolutions.html HTTP/1.1" 200 13170 "-" "panscient.com"
173.70.141.147 - - [19/Aug/2013:17:05:50 -0400] "GET /testimonials/retail.html HTTP/1.1" 200 9773 "-" "panscient.com"
173.70.141.147 - - [19/Aug/2013:17:05:51 -0400] "GET /home/lessonsfromturnarounds.html HTTP/1.1" 200 29461 "-" "panscient.com"
173.70.141.147 - - [19/Aug/2013:17:05:52 -0400] "GET /finance/persontopersonlending.html HTTP/1.1" 200 13602 "-" "panscient.com"
173.70.141.147 - - [19/Aug/2013:17:05:53 -0400] "GET /testimonials/distribution.html HTTP/1.1" 200 10376 "-" "panscient.com"
173.70.141.147 - - [19/Aug/2013:17:05:55 -0400] "GET /whatwedo/ratesandterms.html HTTP/1.1" 200 21044 "-" "panscient.com"
173.70.141.147 - - [19/Aug/2013:17:05:57 -0400] "GET /turnarounds/stakeholderrelationships.html HTTP/1.1" 200 11611 "-" "panscient.com"
173.70.141.147 - - [19/Aug/2013:17:05:58 -0400] "GET /exitstrategies/transitionplanning.html HTTP/1.1" 200 18421 "-" "panscient.com"
173.70.141.147 - - [19/Aug/2013:17:05:59 -0400] "GET /contactus/believersinbusiness.html HTTP/1.1" 200 11040 "-" "panscient.com"
173.70.141.147 - - [19/Aug/2013:17:06:01 -0400] "GET /exitstrategies/businessbrokerage.html HTTP/1.1" 200 11621 "-" "panscient.com"
173.70.141.147 - - [19/Aug/2013:17:06:02 -0400] "GET /whatwedo.html HTTP/1.1" 200 11452 "-" "panscient.com"
173.70.141.147 - - [19/Aug/2013:17:06:03 -0400] "GET /performancecoaching.html HTTP/1.1" 200 12986 "-" "panscient.com"
173.70.141.147 - - [19/Aug/2013:17:06:04 -0400] "GET /webmarketing.html HTTP/1.1" 200 7275 "-" "panscient.com"
173.70.141.147 - - [19/Aug/2013:17:06:05 -0400] "GET /performancecoaching/accountability.html HTTP/1.1" 200 12227 "-" "panscient.com"
173.70.141.147 - - [19/Aug/2013:17:06:06 -0400] "GET /home/whyyourtimematters.html HTTP/1.1" 200 12248 "-" "panscient.com"
173.70.141.147 - - [19/Aug/2013:17:06:07 -0400] "GET /contactus.html HTTP/1.1" 200 18511 "-" "panscient.com"
173.70.141.147 - - [19/Aug/2013:17:06:08 -0400] "GET /turnarounds/negotiatepaymentplans.html HTTP/1.1" 200 11578 "-" "panscient.com"
173.70.141.147 - - [19/Aug/2013:17:06:09 -0400] "GET /turnarounds/cashflowplanning.html HTTP/1.1" 200 31163 "-" "panscient.com"
173.70.141.147 - - [19/Aug/2013:17:06:11 -0400] "GET /contactus/takethelead.html HTTP/1.1" 200 24274 "-" "panscient.com"
173.70.141.147 - - [19/Aug/2013:17:06:12 -0400] "GET /finance/sbaloans.html HTTP/1.1" 200 11216 "-" "panscient.com"
173.70.141.147 - - [19/Aug/2013:17:06:13 -0400] "GET /whatwedo/services.html HTTP/1.1" 200 24704 "-" "panscient.com"
173.70.141.147 - - [19/Aug/2013:17:06:14 -0400] "GET /finance/bankfinancing.html HTTP/1.1" 200 18514 "-" "panscient.com"
173.70.141.147 - - [19/Aug/2013:17:06:15 -0400] "GET /scripts/user.js HTTP/1.1" 200 23762 "-" "panscient.com"
173.70.141.147 - - [19/Aug/2013:17:06:16 -0400] "GET /finance/leasefinancing.html HTTP/1.1" 200 11015 "-" "panscient.com"
173.70.141.147 - - [19/Aug/2013:17:06:18 -0400] "GET /turnarounds/debtrestructure.html HTTP/1.1" 200 12373 "-" "panscient.com"
173.70.141.147 - - [19/Aug/2013:17:06:19 -0400] "GET /contactus/stephenhtillotson.html HTTP/1.1" 200 12196 "-" "panscient.com"
173.70.141.147 - - [19/Aug/2013:17:06:20 -0400] "GET /webmarketing/websitedesignsolutions.html HTTP/1.1" 200 12244 "-" "panscient.com"
173.70.141.147 - - [19/Aug/2013:17:06:22 -0400] "GET /finance/assetbasedfinancing.html HTTP/1.1" 200 21041 "-" "panscient.com"
173.70.141.147 - - [19/Aug/2013:17:06:23 -0400] "GET /resources.html HTTP/1.1" 200 23680 "-" "panscient.com"
173.70.141.147 - - [19/Aug/2013:17:06:24 -0400] "GET /scripts/ic_globals_published.js HTTP/1.1" 200 566 "-" "panscient.com"
173.70.141.147 - - [19/Aug/2013:17:06:26 -0400] "GET /performancecoaching/keepingscore.html HTTP/1.1" 200 11032 "-" "panscient.com"
173.70.141.147 - - [19/Aug/2013:17:06:27 -0400] "GET /home.html HTTP/1.1" 200 19632 "-" "panscient.com"
173.70.141.147 - - [19/Aug/2013:17:06:28 -0400] "GET /exitstrategies.html HTTP/1.1" 200 12659 "-" "panscient.com"
173.70.141.147 - - [19/Aug/2013:17:06:29 -0400] "GET /finance.html HTTP/1.1" 200 12402 "-" "panscient.com"
173.70.141.147 - - [19/Aug/2013:17:06:30 -0400] "GET /exitstrategies/valuations.html HTTP/1.1" 200 23076 "-" "panscient.com"
173.70.141.147 - - [19/Aug/2013:17:06:31 -0400] "GET /testimonials.html HTTP/1.1" 200 54310 "-" "panscient.com"
208.115.111.68 - - [19/Aug/2013:07:58:41 -0400] "GET /robots.txt HTTP/1.1" 200 25 "-" "Mozilla/5.0 (compatible; Ezooms/1.0; ezooms.bot@gmail.com)"
193.106.136.50 - - [19/Aug/2013:15:40:22 -0400] "GET / HTTP/1.1" 200 19632 "http://dom-o-fon.ru/" "Mozilla/4.0 (compatible; MSIE 6.0; Windows NT 5.1)"
46.165.197.142 - - [19/Aug/2013:07:16:47 -0400] "GET /robots.txt HTTP/1.0" 200 25 "-" "Mozilla/5.0 (compatible; MJ12bot/v1.4.3; http://www.majestic12.co.uk/bot.php?+)"
208.115.111.68 - - [19/Aug/2013:16:57:46 -0400] "GET /contactus.html HTTP/1.1" 200 18511 "-" "Mozilla/5.0 (compatible; Ezooms/1.0; ezooms.bot@gmail.com)"
208.115.113.84 - - [19/Aug/2013:03:00:22 -0400] "GET /turnarounds/cashflowplanning.html HTTP/1.1" 200 31163 "-" "Mozilla/5.0 (compatible; Ezooms/1.0; ezooms.bot@gmail.com)"
166.78.189.121 - - [19/Aug/2013:01:51:12 -0400] "GET / HTTP/1.1" 200 19632 "-" "Mozilla/5.0 (Windows NT 6.1; WOW64) AppleWebKit/534.24 (KHTML, like Gecko) Chrome/11.0.696.71 Safari/534.24"
193.106.136.50 - - [19/Aug/2013:15:40:22 -0400] "GET / HTTP/1.1" 200 19632 "http://dom-o-fon.ru/" "Mozilla/4.0 (compatible; MSIE 6.0; Windows NT 5.1)"
205.178.190.235 - - [19/Aug/2013:18:01:46 -0400] "GET / HTTP/1.1" 200 19632 "-" "Mozilla/4.0 (compatible; MSIE 7.0; Windows NT 5.2; Trident/4.0; .NET CLR 1.1.4322; .NET CLR 2.0.50727; .NET CLR 3.0.4506.2152; .NET CLR 3.5.30729; .NET4.0C; .NET4.0E)"
205.178.190.235 - - [19/Aug/2013:18:01:46 -0400] "GET /scripts/ic_globals_published.js HTTP/1.1" 200 566 "http://gr8smallbiz.com/" "Mozilla/4.0 (compatible; MSIE 7.0; Windows NT 5.2; Trident/4.0; .NET CLR 1.1.4322; .NET CLR 2.0.50727; .NET CLR 3.0.4506.2152; .NET CLR 3.5.30729; .NET4.0C; .NET4.0E)"
205.178.190.235 - - [19/Aug/2013:18:01:46 -0400] "GET /scripts/photoalbum.js HTTP/1.1" 200 62481 "http://gr8smallbiz.com/" "Mozilla/4.0 (compatible; MSIE 7.0; Windows NT 5.2; Trident/4.0; .NET CLR 1.1.4322; .NET CLR 2.0.50727; .NET CLR 3.0.4506.2152; .NET CLR 3.5.30729; .NET4.0C; .NET4.0E)"
205.178.190.235 - - [19/Aug/2013:18:01:46 -0400] "GET /scripts/website.css HTTP/1.1" 200 1939 "http://gr8smallbiz.com/" "Mozilla/4.0 (compatible; MSIE 7.0; Windows NT 5.2; Trident/4.0; .NET CLR 1.1.4322; .NET CLR 2.0.50727; .NET CLR 3.0.4506.2152; .NET CLR 3.5.30729; .NET4.0C; .NET4.0E)"
205.178.190.235 - - [19/Aug/2013:18:01:46 -0400] "GET /scripts/icwebsiteelement.css HTTP/1.1" 200 8132 "http://gr8smallbiz.com/" "Mozilla/4.0 (compatible; MSIE 7.0; Windows NT 5.2; Trident/4.0; .NET CLR 1.1.4322; .NET CLR 2.0.50727; .NET CLR 3.0.4506.2152; .NET CLR 3.5.30729; .NET4.0C; .NET4.0E)"
205.178.190.235 - - [19/Aug/2013:18:01:46 -0400] "GET /scripts/print.css HTTP/1.1" 200 - "http://gr8smallbiz.com/" "Mozilla/4.0 (compatible; MSIE 7.0; Windows NT 5.2; Trident/4.0; .NET CLR 1.1.4322; .NET CLR 2.0.50727; .NET CLR 3.0.4506.2152; .NET CLR 3.5.30729; .NET4.0C; .NET4.0E)"
205.178.190.235 - - [19/Aug/2013:18:01:46 -0400] "GET /images/160_050217_5365_0566_asls.jpg HTTP/1.1" 200 10216 "http://gr8smallbiz.com/" "Mozilla/4.0 (compatible; MSIE 7.0; Windows NT 5.2; Trident/4.0; .NET CLR 1.1.4322; .NET CLR 2.0.50727; .NET CLR 3.0.4506.2152; .NET CLR 3.5.30729; .NET4.0C; .NET4.0E)"
205.178.190.235 - - [19/Aug/2013:18:01:46 -0400] "GET /images/Seattle.jpg HTTP/1.1" 200 20025 "http://gr8smallbiz.com/" "Mozilla/4.0 (compatible; MSIE 7.0; Windows NT 5.2; Trident/4.0; .NET CLR 1.1.4322; .NET CLR 2.0.50727; .NET CLR 3.0.4506.2152; .NET CLR 3.5.30729; .NET4.0C; .NET4.0E)"
205.178.190.235 - - [19/Aug/2013:18:01:46 -0400] "GET /images/ic_nav_bullet.gif HTTP/1.1" 200 99 "http://gr8smallbiz.com/" "Mozilla/4.0 (compatible; MSIE 7.0; Windows NT 5.2; Trident/4.0; .NET CLR 1.1.4322; .NET CLR 2.0.50727; .NET CLR 3.0.4506.2152; .NET CLR 3.5.30729; .NET4.0C; .NET4.0E)"
112.101.64.104 - - [19/Aug/2013:14:10:43 -0400] "GET / HTTP/1.1" 200 19632 "-" "Mozilla/4.0 (compatible; MSIE 6.0; Windows NT 5.1)"
208.115.111.68 - - [19/Aug/2013:15:58:46 -0400] "GET /robots.txt HTTP/1.1" 200 25 "-" "Mozilla/5.0 (compatible; Ezooms/1.0; ezooms.bot@gmail.com)"
46.165.197.142 - - [19/Aug/2013:07:16:48 -0400] "GET /finance/persontopersonlending.html HTTP/1.0" 200 13602 "-" "Mozilla/5.0 (compatible; MJ12bot/v1.4.3; http://www.majestic12.co.uk/bot.php?+)"
180.76.5.65 - - [19/Aug/2013:03:36:49 -0400] "GET /webmarketing/websitedesignsolutions.html HTTP/1.1" 200 12244 "-" "Mozilla/5.0 (compatible; Baiduspider/2.0; +http://www.baidu.com/search/spider.html)"
199.30.20.130 - - [19/Aug/2013:04:43:07 -0400] "GET /images/279_020416_1441_0177_lslp.jpg HTTP/1.1" 200 20685 "-" "msnbot-media/1.1 (+http://search.msn.com/msnbot.htm)"
173.70.141.147 - - [19/Aug/2013:17:07:13 -0400] "GET /images/button_photoSpeed HTTP/1.1" 404 575 "-" "panscient.com"
