0byt3m1n1
Path:
/
data
/
0
/
0
/
11
/
134
/
11786
/
meta
/
12073
/
logs
/
[
Home
]
File: x-access_log.2013-08-12
24.45.40.236 - - [12/Aug/2013:08:45:23 -0400] "GET /images/t-textarea-bg.jpg HTTP/1.1" 200 1895 "http://www.koskiresearch.com/contact_us.php" "Mozilla/5.0 (Macintosh; Intel Mac OS X 10_8_4) AppleWebKit/536.30.1 (KHTML, like Gecko) Version/6.0.5 Safari/536.30.1"
66.249.75.139 - - [12/Aug/2013:01:44:30 -0400] "GET /press_details_archive.php?id=48 HTTP/1.1" 200 4468 "-" "Mozilla/5.0 (iPhone; U; CPU iPhone OS 4_1 like Mac OS X; en-us) AppleWebKit/532.9 (KHTML, like Gecko) Version/4.0.5 Mobile/8B117 Safari/6531.22.7 (compatible; Googlebot-Mobile/2.1; +http://www.google.com/bot.html)"
182.73.148.94 - - [12/Aug/2013:17:30:22 -0400] "GET / HTTP/1.1" 200 7213 "http://www.linkedin.com/company/2564751?trk=vsrp_companies_res_photo&trkInfo=VSRPsearchId%3A1047943301376342935510%2CVSRPtargetId%3A2564751%2CVSRPcmpt%3Aprimary" "Mozilla/5.0 (Windows NT 5.1; rv:22.0) Gecko/20100101 Firefox/22.0"
208.88.172.124 - - [12/Aug/2013:22:24:41 -0400] "GET /favicon.ico HTTP/1.1" 404 575 "-" "Mozilla/5.0 (Windows NT 6.0) AppleWebKit/537.36 (KHTML, like Gecko) Chrome/28.0.1500.95 Safari/537.36"
173.199.116.27 - - [12/Aug/2013:08:39:15 -0400] "GET /press_details_archive.php?id=46 HTTP/1.1" 200 4484 "-" "Mozilla/5.0 (compatible; AhrefsBot/4.0; +http://ahrefs.com/robot/)"
66.249.75.139 - - [12/Aug/2013:12:19:56 -0400] "GET /robots.txt HTTP/1.1" 404 575 "-" "Mozilla/5.0 (compatible; Googlebot/2.1; +http://www.google.com/bot.html)"
208.43.225.85 - - [12/Aug/2013:16:15:32 -0400] "GET /press_details_archive.php?id=97 HTTP/1.1" 200 4546 "-" "Mozilla/5.0 (compatible; SiteExplorer/1.0b; +http://siteexplorer.info/)"
198.24.213.2 - - [12/Aug/2013:18:44:38 -0400] "GET /js/flashdetect.js HTTP/1.1" 200 8539 "http://www.koskiresearch.com/" "Mozilla/5.0 (Windows NT 6.1; WOW64) AppleWebKit/537.36 (KHTML, like Gecko) Chrome/28.0.1500.95 Safari/537.36"
198.24.213.2 - - [12/Aug/2013:18:44:38 -0400] "GET /images/t-headnav-2011.jpg HTTP/1.1" 200 56599 "http://www.koskiresearch.com/" "Mozilla/5.0 (Windows NT 6.1; WOW64) AppleWebKit/537.36 (KHTML, like Gecko) Chrome/28.0.1500.95 Safari/537.36"
150.70.172.102 - - [12/Aug/2013:18:55:03 -0400] "GET /js/jquery.js HTTP/1.0" 200 52656 "-" "Mozilla/4.0 (compatible; MSIE 6.0; Windows NT 5.1)"
208.88.172.124 - - [12/Aug/2013:22:23:36 -0400] "GET /images/case-studies_03.png HTTP/1.1" 200 4174 "http://koskiresearch.com/our_approach.php" "Mozilla/5.0 (Windows NT 6.0) AppleWebKit/537.36 (KHTML, like Gecko) Chrome/28.0.1500.95 Safari/537.36"
173.192.235.226 - - [12/Aug/2013:04:40:03 -0400] "GET /press_details_archive.php?id=75 HTTP/1.1" 200 4555 "-" "Mozilla/5.0 (compatible; SiteExplorer/1.0b; +http://siteexplorer.info/)"
173.199.116.27 - - [12/Aug/2013:04:48:25 -0400] "GET /press_details_archive.php?id=63 HTTP/1.1" 200 4522 "-" "Mozilla/5.0 (compatible; AhrefsBot/4.0; +http://ahrefs.com/robot/)"
198.24.213.2 - - [12/Aug/2013:18:44:36 -0400] "GET / HTTP/1.1" 200 7213 "https://www.google.com/" "Mozilla/5.0 (Windows NT 6.1; WOW64) AppleWebKit/537.36 (KHTML, like Gecko) Chrome/28.0.1500.95 Safari/537.36"
198.24.213.2 - - [12/Aug/2013:18:44:38 -0400] "GET /images/t-bottombg.jpg HTTP/1.1" 200 6043 "http://www.koskiresearch.com/" "Mozilla/5.0 (Windows NT 6.1; WOW64) AppleWebKit/537.36 (KHTML, like Gecko) Chrome/28.0.1500.95 Safari/537.36"
69.28.149.29 - - [12/Aug/2013:16:11:07 -0400] "GET /favicon.ico HTTP/1.1" 404 575 "-" "Mozilla/5.0 (compatible; MSIE 9.0; Windows NT 6.1; WOW64; Trident/5.0)"
75.43.8.198 - - [12/Aug/2013:17:17:33 -0400] "GET /favicon.ico HTTP/1.1" 404 575 "-" "Mozilla/5.0 (compatible; MSIE 10.0; Windows NT 6.1; Trident/6.0)"
208.88.172.124 - - [12/Aug/2013:21:48:37 -0400] "GET / HTTP/1.1" 200 7213 "-" "Mozilla/5.0 (Windows NT 6.0) AppleWebKit/537.36 (KHTML, like Gecko) Chrome/28.0.1500.95 Safari/537.36"
208.88.172.124 - - [12/Aug/2013:21:48:39 -0400] "GET /favicon.ico HTTP/1.1" 404 575 "-" "Mozilla/5.0 (Windows NT 6.0) AppleWebKit/537.36 (KHTML, like Gecko) Chrome/28.0.1500.95 Safari/537.36"
173.192.235.226 - - [12/Aug/2013:04:40:29 -0400] "GET /press_details_archive.php?id=10 HTTP/1.1" 200 4589 "-" "Mozilla/5.0 (compatible; SiteExplorer/1.0b; +http://siteexplorer.info/)"
173.199.116.27 - - [12/Aug/2013:00:15:02 -0400] "GET /press_details_archive.php?id=101 HTTP/1.1" 200 4937 "-" "Mozilla/5.0 (compatible; AhrefsBot/4.0; +http://ahrefs.com/robot/)"
24.45.40.236 - - [12/Aug/2013:15:17:12 -0400] "GET /js/flashdetect.js HTTP/1.1" 200 8539 "http://www.koskiresearch.com/index.php" "Mozilla/5.0 (Macintosh; Intel Mac OS X 10_8_4) AppleWebKit/536.30.1 (KHTML, like Gecko) Version/6.0.5 Safari/536.30.1"
24.45.40.236 - - [12/Aug/2013:15:17:12 -0400] "GET /images/t-leftslide.jpg HTTP/1.1" 200 653 "http://www.koskiresearch.com/index.php" "Mozilla/5.0 (Macintosh; Intel Mac OS X 10_8_4) AppleWebKit/536.30.1 (KHTML, like Gecko) Version/6.0.5 Safari/536.30.1"
150.70.173.43 - - [12/Aug/2013:18:45:18 -0400] "GET /js/jquery.js HTTP/1.1" 200 52656 "-" "Mozilla/4.0 (compatible; MSIE 8.0; Windows NT 5.1; Trident/4.0)"
24.45.40.236 - - [12/Aug/2013:07:32:42 -0400] "GET / HTTP/1.1" 200 7213 "-" "Mozilla/5.0 (iPhone; CPU iPhone OS 6_1_3 like Mac OS X) AppleWebKit/536.26 (KHTML, like Gecko) Version/6.0 Mobile/10B329 Safari/8536.25"
24.45.40.236 - - [12/Aug/2013:07:32:44 -0400] "GET /js/flashdetect.js HTTP/1.1" 200 8539 "http://koskiresearch.com/" "Mozilla/5.0 (iPhone; CPU iPhone OS 6_1_3 like Mac OS X) AppleWebKit/536.26 (KHTML, like Gecko) Version/6.0 Mobile/10B329 Safari/8536.25"
24.45.40.236 - - [12/Aug/2013:07:32:45 -0400] "GET /images/t-int-bg.jpg HTTP/1.1" 200 528 "http://koskiresearch.com/" "Mozilla/5.0 (iPhone; CPU iPhone OS 6_1_3 like Mac OS X) AppleWebKit/536.26 (KHTML, like Gecko) Version/6.0 Mobile/10B329 Safari/8536.25"
24.45.40.236 - - [12/Aug/2013:07:32:45 -0400] "GET /images/t-leftslide.jpg HTTP/1.1" 200 653 "http://koskiresearch.com/" "Mozilla/5.0 (iPhone; CPU iPhone OS 6_1_3 like Mac OS X) AppleWebKit/536.26 (KHTML, like Gecko) Version/6.0 Mobile/10B329 Safari/8536.25"
76.254.4.230 - - [12/Aug/2013:10:25:51 -0400] "GET /animation_3.swf HTTP/1.1" 200 64129 "http://koskiresearch.com/" "Mozilla/5.0 (Macintosh; Intel Mac OS X 10_6_8) AppleWebKit/537.36 (KHTML, like Gecko) Chrome/28.0.1500.95 Safari/537.36"
66.249.75.139 - - [12/Aug/2013:02:40:34 -0400] "GET /robots.txt HTTP/1.1" 404 575 "-" "Mozilla/5.0 (compatible; Googlebot/2.1; +http://www.google.com/bot.html)"
173.192.235.226 - - [12/Aug/2013:04:38:21 -0400] "GET /press_details_archive.php?id=91 HTTP/1.1" 200 4765 "-" "Mozilla/5.0 (compatible; SiteExplorer/1.0b; +http://siteexplorer.info/)"
173.192.235.226 - - [12/Aug/2013:04:38:27 -0400] "GET /press_details_archive.php?id=90 HTTP/1.1" 200 4706 "-" "Mozilla/5.0 (compatible; SiteExplorer/1.0b; +http://siteexplorer.info/)"
173.192.235.226 - - [12/Aug/2013:04:40:46 -0400] "GET /press_archive.php?sort=date&dir=DESC HTTP/1.1" 200 28183 "-" "Mozilla/5.0 (compatible; SiteExplorer/1.0b; +http://siteexplorer.info/)"
173.192.235.226 - - [12/Aug/2013:04:40:51 -0400] "GET /robots.txt HTTP/1.1" 404 575 "-" "Mozilla/5.0 (compatible; SiteExplorer/1.0b; +http://siteexplorer.info/)"
66.249.75.165 - - [12/Aug/2013:15:24:09 -0400] "GET /robots.txt HTTP/1.1" 404 575 "-" "Mozilla/5.0 (compatible; Googlebot/2.1; +http://www.google.com/bot.html)"
208.43.225.85 - - [12/Aug/2013:16:15:41 -0400] "GET /press_details_archive.php?id=95 HTTP/1.1" 200 4755 "-" "Mozilla/5.0 (compatible; SiteExplorer/1.0b; +http://siteexplorer.info/)"
182.73.148.94 - - [12/Aug/2013:17:30:30 -0400] "GET /images/t-headnav-2011.jpg HTTP/1.1" 200 56599 "http://www.koskiresearch.com/css/koski3.css" "Mozilla/5.0 (Windows NT 5.1; rv:22.0) Gecko/20100101 Firefox/22.0"
24.45.40.236 - - [12/Aug/2013:07:42:12 -0400] "GET /index.php HTTP/1.1" 200 7213 "http://www.koskiresearch.com/our_approach.php" "Mozilla/5.0 (Macintosh; Intel Mac OS X 10_8_4) AppleWebKit/536.30.1 (KHTML, like Gecko) Version/6.0.5 Safari/536.30.1"
24.45.40.236 - - [12/Aug/2013:07:47:59 -0400] "GET /our_approach.php HTTP/1.1" 200 23200 "http://www.koskiresearch.com/our_approach.php" "Mozilla/5.0 (Macintosh; Intel Mac OS X 10_8_4) AppleWebKit/536.30.1 (KHTML, like Gecko) Version/6.0.5 Safari/536.30.1"
24.45.40.236 - - [12/Aug/2013:07:54:23 -0400] "GET /research_services.php HTTP/1.1" 200 22867 "http://www.koskiresearch.com/research_services.php" "Mozilla/5.0 (Macintosh; Intel Mac OS X 10_8_4) AppleWebKit/536.30.1 (KHTML, like Gecko) Version/6.0.5 Safari/536.30.1"
208.88.172.124 - - [12/Aug/2013:23:05:40 -0400] "GET /images/t-leftslide-research.jpg HTTP/1.1" 200 903 "http://koskiresearch.com/research_services.php" "Mozilla/5.0 (Windows NT 6.0) AppleWebKit/537.36 (KHTML, like Gecko) Chrome/28.0.1500.95 Safari/537.36"
199.21.99.76 - - [12/Aug/2013:23:53:04 -0400] "GET /robots.txt HTTP/1.1" 404 575 "-" "Mozilla/5.0 (compatible; YandexBot/3.0; +http://yandex.com/bots)"
199.21.99.76 - - [12/Aug/2013:23:53:06 -0400] "GET /images/flashbox-press-2011.jpg HTTP/1.1" 304 - "-" "Mozilla/5.0 (compatible; YandexImages/3.0; +http://yandex.com/bots)"
198.24.213.2 - - [12/Aug/2013:18:44:38 -0400] "GET /css/reset-fonts-grids.css HTTP/1.1" 200 5685 "http://www.koskiresearch.com/" "Mozilla/5.0 (Windows NT 6.1; WOW64) AppleWebKit/537.36 (KHTML, like Gecko) Chrome/28.0.1500.95 Safari/537.36"
198.24.213.2 - - [12/Aug/2013:18:44:38 -0400] "GET /images/t-headbg.jpg HTTP/1.1" 200 13375 "http://www.koskiresearch.com/" "Mozilla/5.0 (Windows NT 6.1; WOW64) AppleWebKit/537.36 (KHTML, like Gecko) Chrome/28.0.1500.95 Safari/537.36"
208.88.172.124 - - [12/Aug/2013:21:47:35 -0400] "GET /favicon.ico HTTP/1.1" 404 575 "-" "Mozilla/5.0 (Windows NT 6.0) AppleWebKit/537.36 (KHTML, like Gecko) Chrome/28.0.1500.95 Safari/537.36"
24.45.40.236 - - [12/Aug/2013:07:32:45 -0400] "GET /images/t-bottombg.jpg HTTP/1.1" 200 6043 "http://koskiresearch.com/" "Mozilla/5.0 (iPhone; CPU iPhone OS 6_1_3 like Mac OS X) AppleWebKit/536.26 (KHTML, like Gecko) Version/6.0 Mobile/10B329 Safari/8536.25"
24.45.40.236 - - [12/Aug/2013:07:41:33 -0400] "GET /images/case-studies_06.png HTTP/1.1" 200 736 "http://www.koskiresearch.com/our_approach.php" "Mozilla/5.0 (Macintosh; Intel Mac OS X 10_8_4) AppleWebKit/536.30.1 (KHTML, like Gecko) Version/6.0.5 Safari/536.30.1"
24.45.40.236 - - [12/Aug/2013:07:41:33 -0400] "GET /images/flashbox-approach-2011.jpg HTTP/1.1" 200 61275 "http://www.koskiresearch.com/our_approach.php" "Mozilla/5.0 (Macintosh; Intel Mac OS X 10_8_4) AppleWebKit/536.30.1 (KHTML, like Gecko) Version/6.0.5 Safari/536.30.1"
24.45.40.236 - - [12/Aug/2013:07:41:33 -0400] "GET /images/case-studies_03c.png HTTP/1.1" 200 6850 "http://www.koskiresearch.com/our_approach.php" "Mozilla/5.0 (Macintosh; Intel Mac OS X 10_8_4) AppleWebKit/536.30.1 (KHTML, like Gecko) Version/6.0.5 Safari/536.30.1"
208.43.225.85 - - [12/Aug/2013:16:15:47 -0400] "GET /press_details_archive.php?id=94 HTTP/1.1" 200 4831 "-" "Mozilla/5.0 (compatible; SiteExplorer/1.0b; +http://siteexplorer.info/)"
208.43.225.85 - - [12/Aug/2013:16:16:01 -0400] "GET /press_details_archive.php?id=82 HTTP/1.1" 200 4692 "-" "Mozilla/5.0 (compatible; SiteExplorer/1.0b; +http://siteexplorer.info/)"
76.254.4.230 - - [12/Aug/2013:10:25:49 -0400] "GET /css/reset-fonts-grids.css HTTP/1.1" 200 5685 "http://koskiresearch.com/" "Mozilla/5.0 (Macintosh; Intel Mac OS X 10_6_8) AppleWebKit/537.36 (KHTML, like Gecko) Chrome/28.0.1500.95 Safari/537.36"
76.254.4.230 - - [12/Aug/2013:10:25:51 -0400] "GET /images/t-headnav-2011.jpg HTTP/1.1" 200 56599 "http://koskiresearch.com/" "Mozilla/5.0 (Macintosh; Intel Mac OS X 10_6_8) AppleWebKit/537.36 (KHTML, like Gecko) Chrome/28.0.1500.95 Safari/537.36"
173.192.235.226 - - [12/Aug/2013:04:39:58 -0400] "GET /press_details_archive.php?id=76 HTTP/1.1" 200 4470 "-" "Mozilla/5.0 (compatible; SiteExplorer/1.0b; +http://siteexplorer.info/)"
76.254.4.230 - - [12/Aug/2013:10:25:56 -0400] "GET /favicon.ico HTTP/1.1" 404 575 "-" "Mozilla/5.0 (Macintosh; Intel Mac OS X 10_6_8) AppleWebKit/537.36 (KHTML, like Gecko) Chrome/28.0.1500.95 Safari/537.36"
76.254.4.230 - - [12/Aug/2013:10:25:58 -0400] "GET /images/t-headnav.jpg HTTP/1.1" 206 1 "http://koskiresearch.com/research_services.php" "Mozilla/5.0 (Macintosh; Intel Mac OS X 10_6_8) AppleWebKit/537.36 (KHTML, like Gecko) Chrome/28.0.1500.95 Safari/537.36"
76.254.4.230 - - [12/Aug/2013:10:25:58 -0400] "GET /images/flashbox-research-2011.jpg HTTP/1.1" 200 51989 "http://koskiresearch.com/research_services.php" "Mozilla/5.0 (Macintosh; Intel Mac OS X 10_6_8) AppleWebKit/537.36 (KHTML, like Gecko) Chrome/28.0.1500.95 Safari/537.36"
66.249.75.139 - - [12/Aug/2013:21:36:23 -0400] "GET /press_details_archive.php?id=44 HTTP/1.1" 200 4682 "-" "Mozilla/5.0 (iPhone; U; CPU iPhone OS 4_1 like Mac OS X; en-us) AppleWebKit/532.9 (KHTML, like Gecko) Version/4.0.5 Mobile/8B117 Safari/6531.22.7 (compatible; Googlebot-Mobile/2.1; +http://www.google.com/bot.html)"
208.88.172.124 - - [12/Aug/2013:23:12:16 -0400] "GET /images/t-slide-press_06.jpg HTTP/1.1" 200 430 "http://koskiresearch.com/press.php" "Mozilla/5.0 (Windows NT 6.0) AppleWebKit/537.36 (KHTML, like Gecko) Chrome/28.0.1500.95 Safari/537.36"
173.199.116.27 - - [12/Aug/2013:07:14:17 -0400] "GET /press_details_archive.php?id=12 HTTP/1.1" 200 4657 "-" "Mozilla/5.0 (compatible; AhrefsBot/4.0; +http://ahrefs.com/robot/)"
69.28.149.29 - - [12/Aug/2013:16:11:01 -0400] "GET /images/t-slide-press_06.jpg HTTP/1.1" 200 430 "http://www.koskiresearch.com/press.php" "Mozilla/5.0 (compatible; MSIE 9.0; Windows NT 6.1; WOW64; Trident/5.0)"
157.55.33.80 - - [12/Aug/2013:20:29:10 -0400] "GET / HTTP/1.1" 200 7213 "-" "Mozilla/5.0 (compatible; bingbot/2.0; +http://www.bing.com/bingbot.htm)"
173.192.235.226 - - [12/Aug/2013:04:39:00 -0400] "GET /press_details_archive.php?id=85 HTTP/1.1" 200 4626 "-" "Mozilla/5.0 (compatible; SiteExplorer/1.0b; +http://siteexplorer.info/)"
208.88.172.124 - - [12/Aug/2013:21:27:13 -0400] "GET /css/koski3.css HTTP/1.1" 200 15641 "http://koskiresearch.com/" "Mozilla/5.0 (Windows NT 6.0) AppleWebKit/537.36 (KHTML, like Gecko) Chrome/28.0.1500.95 Safari/537.36"
208.88.172.124 - - [12/Aug/2013:21:27:13 -0400] "GET /images/t-int-bg.jpg HTTP/1.1" 200 528 "http://koskiresearch.com/" "Mozilla/5.0 (Windows NT 6.0) AppleWebKit/537.36 (KHTML, like Gecko) Chrome/28.0.1500.95 Safari/537.36"
208.88.172.124 - - [12/Aug/2013:21:27:14 -0400] "GET /images/t-bottombg.jpg HTTP/1.1" 200 6043 "http://koskiresearch.com/" "Mozilla/5.0 (Windows NT 6.0) AppleWebKit/537.36 (KHTML, like Gecko) Chrome/28.0.1500.95 Safari/537.36"
173.199.116.27 - - [12/Aug/2013:06:44:51 -0400] "GET /press_details_archive.php?id=42 HTTP/1.1" 200 4578 "-" "Mozilla/5.0 (compatible; AhrefsBot/4.0; +http://ahrefs.com/robot/)"
24.45.40.236 - - [12/Aug/2013:15:17:12 -0400] "GET /css/reset-fonts-grids.css HTTP/1.1" 200 5685 "http://www.koskiresearch.com/index.php" "Mozilla/5.0 (Macintosh; Intel Mac OS X 10_8_4) AppleWebKit/536.30.1 (KHTML, like Gecko) Version/6.0.5 Safari/536.30.1"
24.45.40.236 - - [12/Aug/2013:15:17:12 -0400] "GET /images/t-int-bg.jpg HTTP/1.1" 200 528 "http://www.koskiresearch.com/index.php" "Mozilla/5.0 (Macintosh; Intel Mac OS X 10_8_4) AppleWebKit/536.30.1 (KHTML, like Gecko) Version/6.0.5 Safari/536.30.1"
69.28.149.29 - - [12/Aug/2013:16:10:58 -0400] "GET /images/t-learn-orange.jpg HTTP/1.1" 200 13935 "http://www.koskiresearch.com/" "Mozilla/5.0 (compatible; MSIE 9.0; Windows NT 6.1; WOW64; Trident/5.0)"
69.28.149.29 - - [12/Aug/2013:16:11:00 -0400] "GET /press.php HTTP/1.1" 200 5551 "http://www.koskiresearch.com/" "Mozilla/5.0 (compatible; MSIE 9.0; Windows NT 6.1; WOW64; Trident/5.0)"
69.28.149.29 - - [12/Aug/2013:16:11:01 -0400] "GET /images/flashbox-press-2011.jpg HTTP/1.1" 200 64673 "http://www.koskiresearch.com/press.php" "Mozilla/5.0 (compatible; MSIE 9.0; Windows NT 6.1; WOW64; Trident/5.0)"
208.43.225.85 - - [12/Aug/2013:16:15:56 -0400] "GET /press_details_archive.php?id=92 HTTP/1.1" 200 4918 "-" "Mozilla/5.0 (compatible; SiteExplorer/1.0b; +http://siteexplorer.info/)"
75.43.8.198 - - [12/Aug/2013:17:17:32 -0400] "GET /images/t-leftslide.jpg HTTP/1.1" 200 653 "http://koskiresearch.com/" "Mozilla/5.0 (compatible; MSIE 10.0; Windows NT 6.1; Trident/6.0)"
75.43.8.198 - - [12/Aug/2013:17:17:33 -0400] "GET /images/t-headnav.jpg HTTP/1.1" 200 103319 "http://koskiresearch.com/" "Mozilla/5.0 (compatible; MSIE 10.0; Windows NT 6.1; Trident/6.0)"
182.73.148.94 - - [12/Aug/2013:17:30:28 -0400] "GET /css/reset-fonts-grids.css HTTP/1.1" 200 5685 "http://www.koskiresearch.com/" "Mozilla/5.0 (Windows NT 5.1; rv:22.0) Gecko/20100101 Firefox/22.0"
182.73.148.94 - - [12/Aug/2013:17:30:29 -0400] "GET /animation_3.swf HTTP/1.1" 200 64129 "http://www.koskiresearch.com/" "Mozilla/5.0 (Windows NT 5.1; rv:22.0) Gecko/20100101 Firefox/22.0"
173.199.116.27 - - [12/Aug/2013:00:17:07 -0400] "GET /press_details_archive.php?id=79 HTTP/1.1" 200 5064 "-" "Mozilla/5.0 (compatible; AhrefsBot/4.0; +http://ahrefs.com/robot/)"
24.45.40.236 - - [12/Aug/2013:07:43:40 -0400] "GET /css/koski3.css HTTP/1.1" 304 - "http://www.koskiresearch.com/index.php" "Mozilla/5.0 (Macintosh; Intel Mac OS X 10_8_4) AppleWebKit/536.30.1 (KHTML, like Gecko) Version/6.0.5 Safari/536.30.1"
69.28.149.29 - - [12/Aug/2013:16:10:52 -0400] "GET /images/t-headnav.jpg HTTP/1.1" 200 103319 "http://www.koskiresearch.com/" "Mozilla/5.0 (compatible; MSIE 9.0; Windows NT 6.1; WOW64; Trident/5.0)"
173.192.235.226 - - [12/Aug/2013:04:38:49 -0400] "GET /press_details_archive.php?id=87 HTTP/1.1" 200 4744 "-" "Mozilla/5.0 (compatible; SiteExplorer/1.0b; +http://siteexplorer.info/)"
180.76.5.87 - - [12/Aug/2013:13:00:39 -0400] "GET /press_details_archive.php?id=41 HTTP/1.1" 200 4574 "-" "Mozilla/5.0 (compatible; Baiduspider/2.0; +http://www.baidu.com/search/spider.html)"
173.192.235.226 - - [12/Aug/2013:04:38:54 -0400] "GET /press_details_archive.php?id=86 HTTP/1.1" 200 4607 "-" "Mozilla/5.0 (compatible; SiteExplorer/1.0b; +http://siteexplorer.info/)"
173.192.235.226 - - [12/Aug/2013:04:40:40 -0400] "GET /press_archive.php?sort=title&dir=DESC HTTP/1.1" 200 28183 "-" "Mozilla/5.0 (compatible; SiteExplorer/1.0b; +http://siteexplorer.info/)"
173.199.116.27 - - [12/Aug/2013:05:38:53 -0400] "GET /press_details_archive.php?id=53 HTTP/1.1" 200 10765 "-" "Mozilla/5.0 (compatible; AhrefsBot/4.0; +http://ahrefs.com/robot/)"
182.73.148.94 - - [12/Aug/2013:17:30:30 -0400] "GET /images/t-int-bg.jpg HTTP/1.1" 200 528 "http://www.koskiresearch.com/css/koski3.css" "Mozilla/5.0 (Windows NT 5.1; rv:22.0) Gecko/20100101 Firefox/22.0"
182.73.148.94 - - [12/Aug/2013:17:30:30 -0400] "GET /images/t-headbg.jpg HTTP/1.1" 200 13375 "http://www.koskiresearch.com/css/koski3.css" "Mozilla/5.0 (Windows NT 5.1; rv:22.0) Gecko/20100101 Firefox/22.0"
182.73.148.94 - - [12/Aug/2013:17:30:30 -0400] "GET /images/t-leftslide.jpg HTTP/1.1" 200 653 "http://www.koskiresearch.com/css/koski3.css" "Mozilla/5.0 (Windows NT 5.1; rv:22.0) Gecko/20100101 Firefox/22.0"
208.88.172.124 - - [12/Aug/2013:21:27:11 -0400] "GET / HTTP/1.1" 200 7213 "-" "Mozilla/5.0 (Windows NT 6.0) AppleWebKit/537.36 (KHTML, like Gecko) Chrome/28.0.1500.95 Safari/537.36"
208.88.172.124 - - [12/Aug/2013:21:27:13 -0400] "GET /css/reset-fonts-grids.css HTTP/1.1" 200 5685 "http://koskiresearch.com/" "Mozilla/5.0 (Windows NT 6.0) AppleWebKit/537.36 (KHTML, like Gecko) Chrome/28.0.1500.95 Safari/537.36"
208.88.172.124 - - [12/Aug/2013:21:27:13 -0400] "GET /images/t-headnav.jpg HTTP/1.1" 200 103319 "http://koskiresearch.com/" "Mozilla/5.0 (Windows NT 6.0) AppleWebKit/537.36 (KHTML, like Gecko) Chrome/28.0.1500.95 Safari/537.36"
208.88.172.124 - - [12/Aug/2013:21:27:14 -0400] "GET /images/t-learn-button.jpg HTTP/1.1" 200 16391 "http://koskiresearch.com/" "Mozilla/5.0 (Windows NT 6.0) AppleWebKit/537.36 (KHTML, like Gecko) Chrome/28.0.1500.95 Safari/537.36"
208.88.172.124 - - [12/Aug/2013:22:32:26 -0400] "GET /images/case-studies_03c.png HTTP/1.1" 206 1 "http://koskiresearch.com/our_approach.php" "Mozilla/5.0 (Windows NT 6.0) AppleWebKit/537.36 (KHTML, like Gecko) Chrome/28.0.1500.95 Safari/537.36"
208.88.172.124 - - [12/Aug/2013:22:32:26 -0400] "GET /images/case-studies_03c.png HTTP/1.1" 206 1010 "http://koskiresearch.com/our_approach.php" "Mozilla/5.0 (Windows NT 6.0) AppleWebKit/537.36 (KHTML, like Gecko) Chrome/28.0.1500.95 Safari/537.36"
173.192.235.226 - - [12/Aug/2013:04:38:39 -0400] "GET /press_details_archive.php?id=89 HTTP/1.1" 200 4543 "-" "Mozilla/5.0 (compatible; SiteExplorer/1.0b; +http://siteexplorer.info/)"
75.43.8.198 - - [12/Aug/2013:17:17:32 -0400] "GET /js/jquery.js HTTP/1.1" 200 52656 "http://koskiresearch.com/" "Mozilla/5.0 (compatible; MSIE 10.0; Windows NT 6.1; Trident/6.0)"
75.43.8.198 - - [12/Aug/2013:17:17:32 -0400] "GET /animation_3.swf HTTP/1.1" 200 64129 "http://koskiresearch.com/" "Mozilla/5.0 (compatible; MSIE 10.0; Windows NT 6.1; Trident/6.0)"
24.45.40.236 - - [12/Aug/2013:08:38:56 -0400] "GET /images/flashbox-press-2011.jpg HTTP/1.1" 200 64673 "http://www.koskiresearch.com/press.php" "Mozilla/5.0 (Macintosh; Intel Mac OS X 10_8_4) AppleWebKit/536.30.1 (KHTML, like Gecko) Version/6.0.5 Safari/536.30.1"
150.70.97.42 - - [12/Aug/2013:18:58:16 -0400] "GET /js/flashdetect.js HTTP/1.0" 200 8539 "-" "Mozilla/4.0 (compatible; MSIE 6.0; Windows NT 5.1)"
199.21.99.76 - - [12/Aug/2013:04:34:43 -0400] "GET /robots.txt HTTP/1.1" 404 575 "-" "Mozilla/5.0 (compatible; YandexBot/3.0; +http://yandex.com/bots)"
24.45.40.236 - - [12/Aug/2013:07:32:44 -0400] "GET /css/reset-fonts-grids.css HTTP/1.1" 200 5685 "http://koskiresearch.com/" "Mozilla/5.0 (iPhone; CPU iPhone OS 6_1_3 like Mac OS X) AppleWebKit/536.26 (KHTML, like Gecko) Version/6.0 Mobile/10B329 Safari/8536.25"
24.45.40.236 - - [12/Aug/2013:07:32:45 -0400] "GET /images/t-headbg.jpg HTTP/1.1" 200 13375 "http://koskiresearch.com/" "Mozilla/5.0 (iPhone; CPU iPhone OS 6_1_3 like Mac OS X) AppleWebKit/536.26 (KHTML, like Gecko) Version/6.0 Mobile/10B329 Safari/8536.25"
24.45.40.236 - - [12/Aug/2013:07:32:45 -0400] "GET /images/t-learn-button.jpg HTTP/1.1" 200 16391 "http://koskiresearch.com/" "Mozilla/5.0 (iPhone; CPU iPhone OS 6_1_3 like Mac OS X) AppleWebKit/536.26 (KHTML, like Gecko) Version/6.0 Mobile/10B329 Safari/8536.25"
24.45.40.236 - - [12/Aug/2013:07:40:55 -0400] "GET /index.php HTTP/1.1" 200 7213 "http://www.koskiresearch.com/" "Mozilla/5.0 (Macintosh; Intel Mac OS X 10_8_4) AppleWebKit/536.30.1 (KHTML, like Gecko) Version/6.0.5 Safari/536.30.1"
24.45.40.236 - - [12/Aug/2013:15:17:12 -0400] "GET /css/koski3.css HTTP/1.1" 200 15641 "http://www.koskiresearch.com/index.php" "Mozilla/5.0 (Macintosh; Intel Mac OS X 10_8_4) AppleWebKit/536.30.1 (KHTML, like Gecko) Version/6.0.5 Safari/536.30.1"
24.45.40.236 - - [12/Aug/2013:15:17:12 -0400] "GET /images/t-headnav-2011.jpg HTTP/1.1" 200 56599 "http://www.koskiresearch.com/index.php" "Mozilla/5.0 (Macintosh; Intel Mac OS X 10_8_4) AppleWebKit/536.30.1 (KHTML, like Gecko) Version/6.0.5 Safari/536.30.1"
75.43.8.198 - - [12/Aug/2013:17:17:38 -0400] "GET /images/button-submit-contact.jpg HTTP/1.1" 200 3020 "http://koskiresearch.com/contact_us.php" "Mozilla/5.0 (compatible; MSIE 10.0; Windows NT 6.1; Trident/6.0)"
75.43.8.198 - - [12/Aug/2013:17:17:38 -0400] "GET /images/t-textarea-bg.jpg HTTP/1.1" 200 1895 "http://koskiresearch.com/contact_us.php" "Mozilla/5.0 (compatible; MSIE 10.0; Windows NT 6.1; Trident/6.0)"
76.254.4.230 - - [12/Aug/2013:10:25:50 -0400] "GET /js/flashdetect.js HTTP/1.1" 200 8539 "http://koskiresearch.com/" "Mozilla/5.0 (Macintosh; Intel Mac OS X 10_6_8) AppleWebKit/537.36 (KHTML, like Gecko) Chrome/28.0.1500.95 Safari/537.36"
76.254.4.230 - - [12/Aug/2013:10:25:51 -0400] "GET /images/t-int-bg.jpg HTTP/1.1" 200 528 "http://koskiresearch.com/" "Mozilla/5.0 (Macintosh; Intel Mac OS X 10_6_8) AppleWebKit/537.36 (KHTML, like Gecko) Chrome/28.0.1500.95 Safari/537.36"
76.254.4.230 - - [12/Aug/2013:10:25:51 -0400] "GET /images/t-leftslide.jpg HTTP/1.1" 200 653 "http://koskiresearch.com/" "Mozilla/5.0 (Macintosh; Intel Mac OS X 10_6_8) AppleWebKit/537.36 (KHTML, like Gecko) Chrome/28.0.1500.95 Safari/537.36"
24.45.40.236 - - [12/Aug/2013:08:42:37 -0400] "GET /media/Koski_leadership_2011.pdf HTTP/1.1" 200 483632 "http://www.koskiresearch.com/media/Koski_leadership_2011.pdf" "Mozilla/5.0 (Macintosh; Intel Mac OS X 10_8_4) AppleWebKit/536.30.1 (KHTML, like Gecko) Version/6.0.5 Safari/536.30.1"
69.28.149.29 - - [12/Aug/2013:16:10:49 -0400] "GET /css/reset-fonts-grids.css HTTP/1.1" 200 5685 "http://www.koskiresearch.com/" "Mozilla/5.0 (compatible; MSIE 9.0; Windows NT 6.1; WOW64; Trident/5.0)"
69.28.149.29 - - [12/Aug/2013:16:10:49 -0400] "GET /js/flashdetect.js HTTP/1.1" 200 8539 "http://www.koskiresearch.com/" "Mozilla/5.0 (compatible; MSIE 9.0; Windows NT 6.1; WOW64; Trident/5.0)"
69.28.149.29 - - [12/Aug/2013:16:10:51 -0400] "GET /images/t-int-bg.jpg HTTP/1.1" 200 528 "http://www.koskiresearch.com/" "Mozilla/5.0 (compatible; MSIE 9.0; Windows NT 6.1; WOW64; Trident/5.0)"
69.28.149.29 - - [12/Aug/2013:16:10:52 -0400] "GET /images/t-headnav-2011.jpg HTTP/1.1" 200 56599 "http://www.koskiresearch.com/" "Mozilla/5.0 (compatible; MSIE 9.0; Windows NT 6.1; WOW64; Trident/5.0)"
173.192.235.226 - - [12/Aug/2013:04:39:48 -0400] "GET /press_details_archive.php?id=77 HTTP/1.1" 503 323 "-" "Mozilla/5.0 (compatible; SiteExplorer/1.0b; +http://siteexplorer.info/)"
76.254.4.230 - - [12/Aug/2013:10:25:51 -0400] "GET /images/t-bottombg.jpg HTTP/1.1" 200 6043 "http://koskiresearch.com/" "Mozilla/5.0 (Macintosh; Intel Mac OS X 10_6_8) AppleWebKit/537.36 (KHTML, like Gecko) Chrome/28.0.1500.95 Safari/537.36"
54.227.46.172 - - [12/Aug/2013:11:05:11 -0400] "HEAD / HTTP/1.1" 200 - "-" "python-requests/1.1.0 CPython/2.7.4 Linux/3.8.0-19-generic"
208.88.172.124 - - [12/Aug/2013:22:23:33 -0400] "GET /favicon.ico HTTP/1.1" 404 575 "-" "Mozilla/5.0 (Windows NT 6.0) AppleWebKit/537.36 (KHTML, like Gecko) Chrome/28.0.1500.95 Safari/537.36"
208.88.172.124 - - [12/Aug/2013:22:23:33 -0400] "GET /favicon.ico HTTP/1.1" 404 575 "-" "Mozilla/5.0 (Windows NT 6.0) AppleWebKit/537.36 (KHTML, like Gecko) Chrome/28.0.1500.95 Safari/537.36"
208.88.172.124 - - [12/Aug/2013:22:23:34 -0400] "GET /images/flashbox-approach-2011.jpg HTTP/1.1" 200 61275 "http://koskiresearch.com/our_approach.php" "Mozilla/5.0 (Windows NT 6.0) AppleWebKit/537.36 (KHTML, like Gecko) Chrome/28.0.1500.95 Safari/537.36"
208.88.172.124 - - [12/Aug/2013:22:23:37 -0400] "GET /favicon.ico HTTP/1.1" 404 575 "-" "Mozilla/5.0 (Windows NT 6.0) AppleWebKit/537.36 (KHTML, like Gecko) Chrome/28.0.1500.95 Safari/537.36"
208.88.172.124 - - [12/Aug/2013:23:12:15 -0400] "GET /press.php HTTP/1.1" 200 5551 "http://koskiresearch.com/research_services.php" "Mozilla/5.0 (Windows NT 6.0) AppleWebKit/537.36 (KHTML, like Gecko) Chrome/28.0.1500.95 Safari/537.36"
208.88.172.124 - - [12/Aug/2013:23:12:16 -0400] "GET /images/flashbox-press-2011.jpg HTTP/1.1" 200 64673 "http://koskiresearch.com/press.php" "Mozilla/5.0 (Windows NT 6.0) AppleWebKit/537.36 (KHTML, like Gecko) Chrome/28.0.1500.95 Safari/537.36"
208.88.172.124 - - [12/Aug/2013:23:12:16 -0400] "GET /images/t-slide-press_08.jpg HTTP/1.1" 200 578 "http://koskiresearch.com/press.php" "Mozilla/5.0 (Windows NT 6.0) AppleWebKit/537.36 (KHTML, like Gecko) Chrome/28.0.1500.95 Safari/537.36"
50.0.121.54 - - [12/Aug/2013:17:00:32 -0400] "GET /index.php HTTP/1.1" 200 7213 "-" "Mozilla/5.0 (Windows NT 6.1) AppleWebKit/537.36 (KHTML, like Gecko) Chrome/28.0.1500.95 Safari/537.36"
50.0.121.54 - - [12/Aug/2013:17:00:35 -0400] "GET /favicon.ico HTTP/1.1" 404 575 "-" "Mozilla/5.0 (Windows NT 6.1) AppleWebKit/537.36 (KHTML, like Gecko) Chrome/28.0.1500.95 Safari/537.36"
75.43.8.198 - - [12/Aug/2013:17:17:37 -0400] "GET /contact_us.php HTTP/1.1" 200 4468 "http://koskiresearch.com/" "Mozilla/5.0 (compatible; MSIE 10.0; Windows NT 6.1; Trident/6.0)"
75.43.8.198 - - [12/Aug/2013:17:17:38 -0400] "GET /images/flashbox-contact-2011.jpg HTTP/1.1" 200 51479 "http://koskiresearch.com/contact_us.php" "Mozilla/5.0 (compatible; MSIE 10.0; Windows NT 6.1; Trident/6.0)"
75.43.8.198 - - [12/Aug/2013:17:17:38 -0400] "GET /images/t-input-bg.jpg HTTP/1.1" 200 1003 "http://koskiresearch.com/contact_us.php" "Mozilla/5.0 (compatible; MSIE 10.0; Windows NT 6.1; Trident/6.0)"
173.192.235.226 - - [12/Aug/2013:04:40:14 -0400] "GET /press_details_archive.php?id=69 HTTP/1.1" 200 4508 "-" "Mozilla/5.0 (compatible; SiteExplorer/1.0b; +http://siteexplorer.info/)"
173.199.116.27 - - [12/Aug/2013:05:04:02 -0400] "GET /press_details_archive.php?id=63 HTTP/1.1" 200 4522 "-" "Mozilla/5.0 (compatible; AhrefsBot/4.0; +http://ahrefs.com/robot/)"
208.88.172.124 - - [12/Aug/2013:22:24:38 -0400] "GET /images/flashbox-research-2011.jpg HTTP/1.1" 200 51989 "http://koskiresearch.com/research_services.php" "Mozilla/5.0 (Windows NT 6.0) AppleWebKit/537.36 (KHTML, like Gecko) Chrome/28.0.1500.95 Safari/537.36"
24.45.40.236 - - [12/Aug/2013:08:59:57 -0400] "GET /index.php HTTP/1.1" 200 7213 "http://www.koskiresearch.com/contact_us.php" "Mozilla/5.0 (Macintosh; Intel Mac OS X 10_8_4) AppleWebKit/536.30.1 (KHTML, like Gecko) Version/6.0.5 Safari/536.30.1"
69.28.149.29 - - [12/Aug/2013:16:11:09 -0400] "GET /index.php HTTP/1.1" 200 7213 "http://www.koskiresearch.com/press.php" "Mozilla/5.0 (compatible; MSIE 9.0; Windows NT 6.1; WOW64; Trident/5.0)"
69.28.149.29 - - [12/Aug/2013:16:11:10 -0400] "GET /favicon.ico HTTP/1.1" 404 575 "-" "Mozilla/5.0 (compatible; MSIE 9.0; Windows NT 6.1; WOW64; Trident/5.0)"
69.28.149.29 - - [12/Aug/2013:16:11:12 -0400] "GET /research_services.php HTTP/1.1" 200 22867 "http://www.koskiresearch.com/index.php" "Mozilla/5.0 (compatible; MSIE 9.0; Windows NT 6.1; WOW64; Trident/5.0)"
208.88.172.124 - - [12/Aug/2013:21:46:26 -0400] "GET /favicon.ico HTTP/1.1" 404 575 "-" "Mozilla/5.0 (Windows NT 6.0) AppleWebKit/537.36 (KHTML, like Gecko) Chrome/28.0.1500.95 Safari/537.36"
24.45.40.236 - - [12/Aug/2013:07:41:33 -0400] "GET /images/case-studies_bg.png HTTP/1.1" 200 162 "http://www.koskiresearch.com/our_approach.php" "Mozilla/5.0 (Macintosh; Intel Mac OS X 10_8_4) AppleWebKit/536.30.1 (KHTML, like Gecko) Version/6.0.5 Safari/536.30.1"
75.43.8.198 - - [12/Aug/2013:17:17:32 -0400] "GET /css/koski3.css HTTP/1.1" 200 15641 "http://koskiresearch.com/" "Mozilla/5.0 (compatible; MSIE 10.0; Windows NT 6.1; Trident/6.0)"
75.43.8.198 - - [12/Aug/2013:17:17:32 -0400] "GET /images/t-int-bg.jpg HTTP/1.1" 200 528 "http://koskiresearch.com/" "Mozilla/5.0 (compatible; MSIE 10.0; Windows NT 6.1; Trident/6.0)"
198.24.213.2 - - [12/Aug/2013:18:44:38 -0400] "GET /images/t-leftslide.jpg HTTP/1.1" 200 653 "http://www.koskiresearch.com/" "Mozilla/5.0 (Windows NT 6.1; WOW64) AppleWebKit/537.36 (KHTML, like Gecko) Chrome/28.0.1500.95 Safari/537.36"
76.254.4.230 - - [12/Aug/2013:10:25:47 -0400] "GET / HTTP/1.1" 200 7213 "-" "Mozilla/5.0 (Macintosh; Intel Mac OS X 10_6_8) AppleWebKit/537.36 (KHTML, like Gecko) Chrome/28.0.1500.95 Safari/537.36"
76.254.4.230 - - [12/Aug/2013:10:25:50 -0400] "GET /css/koski3.css HTTP/1.1" 200 15641 "http://koskiresearch.com/" "Mozilla/5.0 (Macintosh; Intel Mac OS X 10_6_8) AppleWebKit/537.36 (KHTML, like Gecko) Chrome/28.0.1500.95 Safari/537.36"
76.254.4.230 - - [12/Aug/2013:10:25:51 -0400] "GET /images/t-headnav.jpg HTTP/1.1" 200 103319 "http://koskiresearch.com/" "Mozilla/5.0 (Macintosh; Intel Mac OS X 10_6_8) AppleWebKit/537.36 (KHTML, like Gecko) Chrome/28.0.1500.95 Safari/537.36"
24.45.40.236 - - [12/Aug/2013:07:32:45 -0400] "GET /images/t-headnav-2011.jpg HTTP/1.1" 200 56599 "http://koskiresearch.com/" "Mozilla/5.0 (iPhone; CPU iPhone OS 6_1_3 like Mac OS X) AppleWebKit/536.26 (KHTML, like Gecko) Version/6.0 Mobile/10B329 Safari/8536.25"
173.192.235.226 - - [12/Aug/2013:04:39:05 -0400] "GET /press_details_archive.php?id=84 HTTP/1.1" 200 4699 "-" "Mozilla/5.0 (compatible; SiteExplorer/1.0b; +http://siteexplorer.info/)"
208.88.172.124 - - [12/Aug/2013:21:27:13 -0400] "GET /js/flashdetect.js HTTP/1.1" 200 8539 "http://koskiresearch.com/" "Mozilla/5.0 (Windows NT 6.0) AppleWebKit/537.36 (KHTML, like Gecko) Chrome/28.0.1500.95 Safari/537.36"
208.88.172.124 - - [12/Aug/2013:21:27:13 -0400] "GET /images/t-headbg.jpg HTTP/1.1" 200 13375 "http://koskiresearch.com/" "Mozilla/5.0 (Windows NT 6.0) AppleWebKit/537.36 (KHTML, like Gecko) Chrome/28.0.1500.95 Safari/537.36"
150.70.97.87 - - [12/Aug/2013:22:42:28 -0400] "GET /js/flashdetect.js HTTP/1.1" 200 8539 "-" "Mozilla/4.0 (compatible; MSIE 8.0; Windows NT 5.1; Trident/4.0)"
66.249.75.139 - - [12/Aug/2013:02:40:34 -0400] "GET /press_details_archive.php?id=79 HTTP/1.1" 200 5064 "-" "DoCoMo/2.0 N905i(c100;TB;W24H16) (compatible; Googlebot-Mobile/2.1; +http://www.google.com/bot.html)"
24.45.40.236 - - [12/Aug/2013:07:32:44 -0400] "GET /css/koski3.css HTTP/1.1" 200 15641 "http://koskiresearch.com/" "Mozilla/5.0 (iPhone; CPU iPhone OS 6_1_3 like Mac OS X) AppleWebKit/536.26 (KHTML, like Gecko) Version/6.0 Mobile/10B329 Safari/8536.25"
24.45.40.236 - - [12/Aug/2013:07:32:44 -0400] "GET /js/jquery.js HTTP/1.1" 200 52656 "http://koskiresearch.com/" "Mozilla/5.0 (iPhone; CPU iPhone OS 6_1_3 like Mac OS X) AppleWebKit/536.26 (KHTML, like Gecko) Version/6.0 Mobile/10B329 Safari/8536.25"
24.45.40.236 - - [12/Aug/2013:07:32:45 -0400] "GET /images/t-headnav.jpg HTTP/1.1" 200 103319 "http://koskiresearch.com/" "Mozilla/5.0 (iPhone; CPU iPhone OS 6_1_3 like Mac OS X) AppleWebKit/536.26 (KHTML, like Gecko) Version/6.0 Mobile/10B329 Safari/8536.25"
24.45.40.236 - - [12/Aug/2013:08:45:21 -0400] "GET /contact_us.php HTTP/1.1" 200 4468 "http://www.koskiresearch.com/press.php" "Mozilla/5.0 (Macintosh; Intel Mac OS X 10_8_4) AppleWebKit/536.30.1 (KHTML, like Gecko) Version/6.0.5 Safari/536.30.1"
24.45.40.236 - - [12/Aug/2013:08:45:23 -0400] "GET /images/flashbox-contact-2011.jpg HTTP/1.1" 200 51479 "http://www.koskiresearch.com/contact_us.php" "Mozilla/5.0 (Macintosh; Intel Mac OS X 10_8_4) AppleWebKit/536.30.1 (KHTML, like Gecko) Version/6.0.5 Safari/536.30.1"
182.73.148.94 - - [12/Aug/2013:17:30:30 -0400] "GET /images/t-bottombg.jpg HTTP/1.1" 200 6043 "http://www.koskiresearch.com/css/koski3.css" "Mozilla/5.0 (Windows NT 5.1; rv:22.0) Gecko/20100101 Firefox/22.0"
182.73.148.94 - - [12/Aug/2013:17:39:47 -0400] "GET /images/flashbox-contact-2011.jpg HTTP/1.1" 200 51479 "http://www.koskiresearch.com/contact_us.php" "Mozilla/5.0 (Windows NT 5.1; rv:22.0) Gecko/20100101 Firefox/22.0"
208.43.225.85 - - [12/Aug/2013:16:15:21 -0400] "GET /robots.txt HTTP/1.1" 404 575 "-" "Mozilla/5.0 (compatible; SiteExplorer/1.0b; +http://siteexplorer.info/)"
182.73.148.94 - - [12/Aug/2013:17:30:24 -0400] "GET /css/koski3.css HTTP/1.1" 200 15641 "http://www.koskiresearch.com/" "Mozilla/5.0 (Windows NT 5.1; rv:22.0) Gecko/20100101 Firefox/22.0"
182.73.148.94 - - [12/Aug/2013:17:39:47 -0400] "GET /images/t-textarea-bg.jpg HTTP/1.1" 200 1895 "http://www.koskiresearch.com/css/koski3.css" "Mozilla/5.0 (Windows NT 5.1; rv:22.0) Gecko/20100101 Firefox/22.0"
66.249.75.139 - - [12/Aug/2013:14:30:17 -0400] "GET /contact_us.php HTTP/1.1" 200 4468 "-" "Mozilla/5.0 (compatible; Googlebot/2.1; +http://www.google.com/bot.html)"
208.88.172.124 - - [12/Aug/2013:21:27:14 -0400] "GET /images/t-leftslide.jpg HTTP/1.1" 200 653 "http://koskiresearch.com/" "Mozilla/5.0 (Windows NT 6.0) AppleWebKit/537.36 (KHTML, like Gecko) Chrome/28.0.1500.95 Safari/537.36"
173.199.116.27 - - [12/Aug/2013:03:43:27 -0400] "GET /press_archive.php?sort=date&dir=ASC HTTP/1.1" 200 28185 "-" "Mozilla/5.0 (compatible; AhrefsBot/4.0; +http://ahrefs.com/robot/)"
173.192.235.226 - - [12/Aug/2013:04:39:42 -0400] "GET /press_details_archive.php?id=78 HTTP/1.1" 200 6134 "-" "Mozilla/5.0 (compatible; SiteExplorer/1.0b; +http://siteexplorer.info/)"
173.192.235.226 - - [12/Aug/2013:04:40:34 -0400] "GET /press_details.php?id=125 HTTP/1.1" 200 23981 "-" "Mozilla/5.0 (compatible; SiteExplorer/1.0b; +http://siteexplorer.info/)"
76.254.4.230 - - [12/Aug/2013:10:25:56 -0400] "GET /research_services.php HTTP/1.1" 200 22867 "http://koskiresearch.com/" "Mozilla/5.0 (Macintosh; Intel Mac OS X 10_6_8) AppleWebKit/537.36 (KHTML, like Gecko) Chrome/28.0.1500.95 Safari/537.36"
76.254.4.230 - - [12/Aug/2013:10:25:59 -0400] "GET /favicon.ico HTTP/1.1" 404 575 "-" "Mozilla/5.0 (Macintosh; Intel Mac OS X 10_6_8) AppleWebKit/537.36 (KHTML, like Gecko) Chrome/28.0.1500.95 Safari/537.36"
69.28.149.29 - - [12/Aug/2013:16:12:18 -0400] "GET /images/t-input-bg.jpg HTTP/1.1" 200 1003 "http://www.koskiresearch.com/contact_us.php" "Mozilla/5.0 (compatible; MSIE 9.0; Windows NT 6.1; WOW64; Trident/5.0)"
208.43.225.85 - - [12/Aug/2013:16:16:04 -0400] "GET /press_details_archive.php?id=80 HTTP/1.1" 503 323 "-" "Mozilla/5.0 (compatible; SiteExplorer/1.0b; +http://siteexplorer.info/)"
182.73.148.94 - - [12/Aug/2013:17:30:31 -0400] "GET /images/t-headnav.jpg HTTP/1.1" 200 103319 "http://www.koskiresearch.com/css/koski3.css" "Mozilla/5.0 (Windows NT 5.1; rv:22.0) Gecko/20100101 Firefox/22.0"
173.192.235.226 - - [12/Aug/2013:04:38:09 -0400] "GET /robots.txt HTTP/1.1" 404 575 "-" "Mozilla/5.0 (compatible; SiteExplorer/1.0b; +http://siteexplorer.info/)"
173.192.235.226 - - [12/Aug/2013:04:39:21 -0400] "GET /press_details_archive.php?id=81 HTTP/1.1" 200 4720 "-" "Mozilla/5.0 (compatible; SiteExplorer/1.0b; +http://siteexplorer.info/)"
24.45.40.236 - - [12/Aug/2013:15:17:12 -0400] "GET /js/jquery.js HTTP/1.1" 200 52656 "http://www.koskiresearch.com/index.php" "Mozilla/5.0 (Macintosh; Intel Mac OS X 10_8_4) AppleWebKit/536.30.1 (KHTML, like Gecko) Version/6.0.5 Safari/536.30.1"
24.45.40.236 - - [12/Aug/2013:15:17:12 -0400] "GET /images/t-bottombg.jpg HTTP/1.1" 200 6043 "http://www.koskiresearch.com/index.php" "Mozilla/5.0 (Macintosh; Intel Mac OS X 10_8_4) AppleWebKit/536.30.1 (KHTML, like Gecko) Version/6.0.5 Safari/536.30.1"
24.45.40.236 - - [12/Aug/2013:15:17:12 -0400] "GET /images/t-learn-button.jpg HTTP/1.1" 200 16391 "http://www.koskiresearch.com/index.php" "Mozilla/5.0 (Macintosh; Intel Mac OS X 10_8_4) AppleWebKit/536.30.1 (KHTML, like Gecko) Version/6.0.5 Safari/536.30.1"
208.43.225.85 - - [12/Aug/2013:16:15:28 -0400] "GET /press_details_archive.php?id=98 HTTP/1.1" 200 5141 "-" "Mozilla/5.0 (compatible; SiteExplorer/1.0b; +http://siteexplorer.info/)"
75.43.8.198 - - [12/Aug/2013:17:17:32 -0400] "GET /js/flashdetect.js HTTP/1.1" 200 8539 "http://koskiresearch.com/" "Mozilla/5.0 (compatible; MSIE 10.0; Windows NT 6.1; Trident/6.0)"
75.43.8.198 - - [12/Aug/2013:17:17:32 -0400] "GET /images/t-headbg.jpg HTTP/1.1" 200 13375 "http://koskiresearch.com/" "Mozilla/5.0 (compatible; MSIE 10.0; Windows NT 6.1; Trident/6.0)"
75.43.8.198 - - [12/Aug/2013:17:17:33 -0400] "GET /images/t-headnav-2011.jpg HTTP/1.1" 200 56599 "http://koskiresearch.com/" "Mozilla/5.0 (compatible; MSIE 10.0; Windows NT 6.1; Trident/6.0)"
173.199.116.27 - - [12/Aug/2013:04:07:42 -0400] "GET /press_details_archive.php?id=60 HTTP/1.1" 200 4862 "-" "Mozilla/5.0 (compatible; AhrefsBot/4.0; +http://ahrefs.com/robot/)"
173.192.235.226 - - [12/Aug/2013:04:39:10 -0400] "GET /press_details_archive.php?id=83 HTTP/1.1" 200 4790 "-" "Mozilla/5.0 (compatible; SiteExplorer/1.0b; +http://siteexplorer.info/)"
157.55.33.80 - - [12/Aug/2013:08:05:40 -0400] "GET /robots.txt HTTP/1.1" 404 575 "-" "Mozilla/5.0 (compatible; bingbot/2.0; +http://www.bing.com/bingbot.htm)"
66.249.75.139 - - [12/Aug/2013:14:46:58 -0400] "GET /css/reset-fonts-grids.css HTTP/1.1" 200 5685 "http://www.koskiresearch.com/contact_us.php" "Mozilla/5.0 (compatible; Googlebot/2.1; +http://www.google.com/bot.html)"
66.249.75.165 - - [12/Aug/2013:15:29:15 -0400] "GET /css/reset-fonts-grids.css HTTP/1.1" 200 5685 "-" "Mozilla/5.0 (compatible; Googlebot/2.1; +http://www.google.com/bot.html)"
66.249.75.139 - - [12/Aug/2013:16:50:47 -0400] "GET /contact_us.php HTTP/1.1" 200 4468 "-" "Mozilla/5.0 (iPhone; U; CPU iPhone OS 4_1 like Mac OS X; en-us) AppleWebKit/532.9 (KHTML, like Gecko) Version/4.0.5 Mobile/8B117 Safari/6531.22.7 (compatible; Googlebot-Mobile/2.1; +http://www.google.com/bot.html)"
75.43.8.198 - - [12/Aug/2013:17:17:31 -0400] "GET / HTTP/1.1" 200 7213 "http://us.yhs4.search.yahoo.com/yhs/search;_ylt=A0oG7qbeUAlSXAUA1gIPxQt.;_ylc=X1MDMjExNDcwMDU1OQRfcgMyBGFvA2FvBGNzcmNwdmlkA3U3Nk5YVW9HN3Z4YWRWZmZUck5ULndTRFN5c0l4bElKVU13QUFIVVIEZnIyA3NidG4Ebl9ncHMDMQRvcmlnaW4Dc3JwBHBxc3RyA2tvc2tpIG1hcmtldGluZwRxdWVyeQNrb3NraSBtYXJrZXRpbmcEc2FvAzIEdG9TdHJpbmcDW29iamVjdCBPYmplY3Rd?p=koski%20marketing&fr2=sb-top&hspart=att&hsimp=yhs-att_001&type=att_lego_portal_home&type_param=att_lego_portal_home&pqstr=koski%20marketing" "Mozilla/5.0 (compatible; MSIE 10.0; Windows NT 6.1; Trident/6.0)"
75.43.8.198 - - [12/Aug/2013:17:17:32 -0400] "GET /css/reset-fonts-grids.css HTTP/1.1" 200 5685 "http://koskiresearch.com/" "Mozilla/5.0 (compatible; MSIE 10.0; Windows NT 6.1; Trident/6.0)"
75.43.8.198 - - [12/Aug/2013:17:17:32 -0400] "GET /images/t-bottombg.jpg HTTP/1.1" 200 6043 "http://koskiresearch.com/" "Mozilla/5.0 (compatible; MSIE 10.0; Windows NT 6.1; Trident/6.0)"
75.43.8.198 - - [12/Aug/2013:17:17:33 -0400] "GET /images/t-learn-button.jpg HTTP/1.1" 200 16391 "http://koskiresearch.com/" "Mozilla/5.0 (compatible; MSIE 10.0; Windows NT 6.1; Trident/6.0)"
69.28.149.29 - - [12/Aug/2013:16:12:18 -0400] "GET /images/button-submit-contact.jpg HTTP/1.1" 200 3020 "http://www.koskiresearch.com/contact_us.php" "Mozilla/5.0 (compatible; MSIE 9.0; Windows NT 6.1; WOW64; Trident/5.0)"
199.21.99.76 - - [12/Aug/2013:10:59:19 -0400] "GET /media/Koski_leadership_2011.pdf HTTP/1.1" 304 - "-" "Mozilla/5.0 (compatible; YandexBot/3.0; +http://yandex.com/bots)"
218.30.103.39 - - [12/Aug/2013:04:26:41 -0400] "GET / HTTP/1.1" 200 7213 "-" "Sogou web spider/4.0(+http://www.sogou.com/docs/help/webmasters.htm#07)"
173.192.235.226 - - [12/Aug/2013:04:38:32 -0400] "GET /press_details_archive.php?id=9 HTTP/1.1" 200 4897 "-" "Mozilla/5.0 (compatible; SiteExplorer/1.0b; +http://siteexplorer.info/)"
173.192.235.226 - - [12/Aug/2013:04:40:08 -0400] "GET /press_details_archive.php?id=74 HTTP/1.1" 200 4594 "-" "Mozilla/5.0 (compatible; SiteExplorer/1.0b; +http://siteexplorer.info/)"
24.45.40.236 - - [12/Aug/2013:07:41:33 -0400] "GET /images/case_study_links.png HTTP/1.1" 200 224300 "http://www.koskiresearch.com/our_approach.php" "Mozilla/5.0 (Macintosh; Intel Mac OS X 10_8_4) AppleWebKit/536.30.1 (KHTML, like Gecko) Version/6.0.5 Safari/536.30.1"
66.249.75.165 - - [12/Aug/2013:15:24:09 -0400] "GET / HTTP/1.1" 200 7213 "-" "Mozilla/5.0 (iPhone; U; CPU iPhone OS 4_1 like Mac OS X; en-us) AppleWebKit/532.9 (KHTML, like Gecko) Version/4.0.5 Mobile/8B117 Safari/6531.22.7 (compatible; Googlebot-Mobile/2.1; +http://www.google.com/bot.html)"
182.73.148.94 - - [12/Aug/2013:17:39:45 -0400] "GET /contact_us.php HTTP/1.1" 200 4468 "http://www.koskiresearch.com/contact_us.php" "Mozilla/5.0 (Windows NT 5.1; rv:22.0) Gecko/20100101 Firefox/22.0"
182.73.148.94 - - [12/Aug/2013:17:39:47 -0400] "GET /images/t-input-bg.jpg HTTP/1.1" 200 1003 "http://www.koskiresearch.com/css/koski3.css" "Mozilla/5.0 (Windows NT 5.1; rv:22.0) Gecko/20100101 Firefox/22.0"
208.88.172.124 - - [12/Aug/2013:21:27:14 -0400] "GET /images/t-headnav-2011.jpg HTTP/1.1" 200 56599 "http://koskiresearch.com/" "Mozilla/5.0 (Windows NT 6.0) AppleWebKit/537.36 (KHTML, like Gecko) Chrome/28.0.1500.95 Safari/537.36"
208.88.172.124 - - [12/Aug/2013:21:27:14 -0400] "GET /animation_3.swf HTTP/1.1" 200 64129 "http://koskiresearch.com/" "Mozilla/5.0 (Windows NT 6.0) AppleWebKit/537.36 (KHTML, like Gecko) Chrome/28.0.1500.95 Safari/537.36"
208.88.172.124 - - [12/Aug/2013:21:27:15 -0400] "GET /favicon.ico HTTP/1.1" 404 575 "-" "Mozilla/5.0 (Windows NT 6.0) AppleWebKit/537.36 (KHTML, like Gecko) Chrome/28.0.1500.95 Safari/537.36"
182.73.148.94 - - [12/Aug/2013:17:39:47 -0400] "GET /images/button-submit-contact.jpg HTTP/1.1" 200 3020 "http://www.koskiresearch.com/contact_us.php" "Mozilla/5.0 (Windows NT 5.1; rv:22.0) Gecko/20100101 Firefox/22.0"
24.45.40.236 - - [12/Aug/2013:07:30:24 -0400] "GET / HTTP/1.1" 200 7213 "-" "Mozilla/5.0 (Macintosh; Intel Mac OS X 10_8_4) AppleWebKit/536.30.1 (KHTML, like Gecko) Version/6.0.5 Safari/536.30.1"
24.45.40.236 - - [12/Aug/2013:07:30:27 -0400] "GET /animation_3.swf HTTP/1.1" 200 64129 "http://www.koskiresearch.com/" "Mozilla/5.0 (Macintosh; Intel Mac OS X 10_8_4) AppleWebKit/536.30.1 (KHTML, like Gecko) Version/6.0.5 Safari/536.30.1"
24.45.40.236 - - [12/Aug/2013:07:43:40 -0400] "GET /js/jquery.js HTTP/1.1" 304 - "http://www.koskiresearch.com/index.php" "Mozilla/5.0 (Macintosh; Intel Mac OS X 10_8_4) AppleWebKit/536.30.1 (KHTML, like Gecko) Version/6.0.5 Safari/536.30.1"
157.55.33.80 - - [12/Aug/2013:08:07:47 -0400] "GET / HTTP/1.1" 200 7213 "-" "Mozilla/5.0 (compatible; bingbot/2.0; +http://www.bing.com/bingbot.htm)"
69.28.149.29 - - [12/Aug/2013:16:12:18 -0400] "GET /images/t-textarea-bg.jpg HTTP/1.1" 200 1895 "http://www.koskiresearch.com/contact_us.php" "Mozilla/5.0 (compatible; MSIE 9.0; Windows NT 6.1; WOW64; Trident/5.0)"
50.0.121.54 - - [12/Aug/2013:17:00:38 -0400] "GET /research_services.php HTTP/1.1" 200 22867 "http://www.koskiresearch.com/index.php" "Mozilla/5.0 (Windows NT 6.1) AppleWebKit/537.36 (KHTML, like Gecko) Chrome/28.0.1500.95 Safari/537.36"
50.0.121.54 - - [12/Aug/2013:17:00:39 -0400] "GET /favicon.ico HTTP/1.1" 404 575 "-" "Mozilla/5.0 (Windows NT 6.1) AppleWebKit/537.36 (KHTML, like Gecko) Chrome/28.0.1500.95 Safari/537.36"
208.88.172.124 - - [12/Aug/2013:22:24:23 -0400] "GET /research_services.php HTTP/1.1" 500 - "http://koskiresearch.com/" "Mozilla/5.0 (Windows NT 6.0) AppleWebKit/537.36 (KHTML, like Gecko) Chrome/28.0.1500.95 Safari/537.36"
173.199.116.27 - - [12/Aug/2013:04:59:06 -0400] "GET /press_details_archive.php?id=112 HTTP/1.1" 200 4910 "-" "Mozilla/5.0 (compatible; AhrefsBot/4.0; +http://ahrefs.com/robot/)"
208.43.225.85 - - [12/Aug/2013:16:15:52 -0400] "GET /press_details_archive.php?id=93 HTTP/1.1" 200 4717 "-" "Mozilla/5.0 (compatible; SiteExplorer/1.0b; +http://siteexplorer.info/)"
24.45.40.236 - - [12/Aug/2013:07:41:33 -0400] "GET /images/case-studies_03.png HTTP/1.1" 200 4174 "http://www.koskiresearch.com/our_approach.php" "Mozilla/5.0 (Macintosh; Intel Mac OS X 10_8_4) AppleWebKit/536.30.1 (KHTML, like Gecko) Version/6.0.5 Safari/536.30.1"
123.125.71.28 - - [12/Aug/2013:01:55:34 -0400] "GET /robots.txt HTTP/1.1" 404 575 "-" "Mozilla/5.0 (compatible; Baiduspider/2.0; +http://www.baidu.com/search/spider.html)"
69.28.149.29 - - [12/Aug/2013:16:11:01 -0400] "GET /images/t-slide-press_08.jpg HTTP/1.1" 200 578 "http://www.koskiresearch.com/press.php" "Mozilla/5.0 (compatible; MSIE 9.0; Windows NT 6.1; WOW64; Trident/5.0)"
150.70.97.118 - - [12/Aug/2013:18:46:14 -0400] "GET /js/flashdetect.js HTTP/1.1" 200 8539 "-" "Mozilla/4.0 (compatible; MSIE 8.0; Windows NT 5.1; Trident/4.0)"
208.88.172.124 - - [12/Aug/2013:21:44:40 -0400] "GET /favicon.ico HTTP/1.1" 404 575 "-" "Mozilla/5.0 (Windows NT 6.0) AppleWebKit/537.36 (KHTML, like Gecko) Chrome/28.0.1500.95 Safari/537.36"
208.88.172.124 - - [12/Aug/2013:22:23:36 -0400] "GET /images/case-studies_03b.png HTTP/1.1" 200 6820 "http://koskiresearch.com/our_approach.php" "Mozilla/5.0 (Windows NT 6.0) AppleWebKit/537.36 (KHTML, like Gecko) Chrome/28.0.1500.95 Safari/537.36"
208.88.172.124 - - [12/Aug/2013:22:24:37 -0400] "GET /research_services.php HTTP/1.1" 200 22867 "http://koskiresearch.com/" "Mozilla/5.0 (Windows NT 6.0) AppleWebKit/537.36 (KHTML, like Gecko) Chrome/28.0.1500.95 Safari/537.36"
24.45.40.236 - - [12/Aug/2013:15:17:12 -0400] "GET /images/t-headbg.jpg HTTP/1.1" 200 13375 "http://www.koskiresearch.com/index.php" "Mozilla/5.0 (Macintosh; Intel Mac OS X 10_8_4) AppleWebKit/536.30.1 (KHTML, like Gecko) Version/6.0.5 Safari/536.30.1"
69.28.149.29 - - [12/Aug/2013:16:11:01 -0400] "GET /images/t-slide-press_03.jpg HTTP/1.1" 200 460 "http://www.koskiresearch.com/press.php" "Mozilla/5.0 (compatible; MSIE 9.0; Windows NT 6.1; WOW64; Trident/5.0)"
69.28.149.29 - - [12/Aug/2013:16:12:18 -0400] "GET /images/flashbox-contact-2011.jpg HTTP/1.1" 200 51479 "http://www.koskiresearch.com/contact_us.php" "Mozilla/5.0 (compatible; MSIE 9.0; Windows NT 6.1; WOW64; Trident/5.0)"
182.73.148.94 - - [12/Aug/2013:17:30:24 -0400] "GET /js/flashdetect.js HTTP/1.1" 200 8539 "http://www.koskiresearch.com/" "Mozilla/5.0 (Windows NT 5.1; rv:22.0) Gecko/20100101 Firefox/22.0"
66.249.75.139 - - [12/Aug/2013:12:19:56 -0400] "GET /press_details_archive.php?id=102 HTTP/1.1" 200 5157 "-" "DoCoMo/2.0 N905i(c100;TB;W24H16) (compatible; Googlebot-Mobile/2.1; +http://www.google.com/bot.html)"
173.192.235.226 - - [12/Aug/2013:04:38:44 -0400] "GET /press_details_archive.php?id=88 HTTP/1.1" 200 4623 "-" "Mozilla/5.0 (compatible; SiteExplorer/1.0b; +http://siteexplorer.info/)"
173.192.235.226 - - [12/Aug/2013:04:39:32 -0400] "GET /press_details_archive.php?id=8 HTTP/1.1" 200 4565 "-" "Mozilla/5.0 (compatible; SiteExplorer/1.0b; +http://siteexplorer.info/)"
76.254.4.230 - - [12/Aug/2013:10:25:50 -0400] "GET /js/jquery.js HTTP/1.1" 200 52656 "http://koskiresearch.com/" "Mozilla/5.0 (Macintosh; Intel Mac OS X 10_6_8) AppleWebKit/537.36 (KHTML, like Gecko) Chrome/28.0.1500.95 Safari/537.36"
76.254.4.230 - - [12/Aug/2013:10:25:51 -0400] "GET /images/t-headbg.jpg HTTP/1.1" 200 13375 "http://koskiresearch.com/" "Mozilla/5.0 (Macintosh; Intel Mac OS X 10_6_8) AppleWebKit/537.36 (KHTML, like Gecko) Chrome/28.0.1500.95 Safari/537.36"
76.254.4.230 - - [12/Aug/2013:10:25:51 -0400] "GET /images/t-learn-button.jpg HTTP/1.1" 200 16391 "http://koskiresearch.com/" "Mozilla/5.0 (Macintosh; Intel Mac OS X 10_6_8) AppleWebKit/537.36 (KHTML, like Gecko) Chrome/28.0.1500.95 Safari/537.36"
24.45.40.236 - - [12/Aug/2013:08:38:56 -0400] "GET /images/t-slide-press_08.jpg HTTP/1.1" 200 578 "http://www.koskiresearch.com/press.php" "Mozilla/5.0 (Macintosh; Intel Mac OS X 10_8_4) AppleWebKit/536.30.1 (KHTML, like Gecko) Version/6.0.5 Safari/536.30.1"
