66.249.75.139 - - [12/Aug/2013:15:24:05 -0400] "GET / HTTP/1.1" 200 7213 "-" "Mozilla/5.0 (iPhone; U; CPU iPhone OS 4_1 like Mac OS X; en-us) AppleWebKit/532.9 (KHTML, like Gecko) Version/4.0.5 Mobile/8B117 Safari/6531.22.7 (compatible; Googlebot-Mobile/2.1; +http://www.google.com/bot.html)"
69.28.149.29 - - [12/Aug/2013:16:10:49 -0400] "GET /css/koski3.css HTTP/1.1" 200 15641 "http://www.koskiresearch.com/" "Mozilla/5.0 (compatible; MSIE 9.0; Windows NT 6.1; WOW64; Trident/5.0)"
69.28.149.29 - - [12/Aug/2013:16:10:51 -0400] "GET /animation_3.swf HTTP/1.1" 200 64129 "http://www.koskiresearch.com/" "Mozilla/5.0 (compatible; MSIE 9.0; Windows NT 6.1; WOW64; Trident/5.0)"
208.88.172.124 - - [12/Aug/2013:22:23:33 -0400] "GET /our_approach.php HTTP/1.1" 200 23200 "http://koskiresearch.com/our_approach.php" "Mozilla/5.0 (Windows NT 6.0) AppleWebKit/537.36 (KHTML, like Gecko) Chrome/28.0.1500.95 Safari/537.36"
208.88.172.124 - - [12/Aug/2013:22:23:36 -0400] "GET /images/case_study_links.png HTTP/1.1" 200 224300 "http://koskiresearch.com/our_approach.php" "Mozilla/5.0 (Windows NT 6.0) AppleWebKit/537.36 (KHTML, like Gecko) Chrome/28.0.1500.95 Safari/537.36"
76.254.4.230 - - [12/Aug/2013:10:25:58 -0400] "GET /images/t-headnav.jpg HTTP/1.1" 206 28111 "http://koskiresearch.com/research_services.php" "Mozilla/5.0 (Macintosh; Intel Mac OS X 10_6_8) AppleWebKit/537.36 (KHTML, like Gecko) Chrome/28.0.1500.95 Safari/537.36"
76.254.4.230 - - [12/Aug/2013:10:25:59 -0400] "GET /images/t-learn-orange.jpg HTTP/1.1" 200 13935 "http://koskiresearch.com/research_services.php" "Mozilla/5.0 (Macintosh; Intel Mac OS X 10_6_8) AppleWebKit/537.36 (KHTML, like Gecko) Chrome/28.0.1500.95 Safari/537.36"
24.45.40.236 - - [12/Aug/2013:08:38:56 -0400] "GET /images/t-slide-press_06.jpg HTTP/1.1" 200 430 "http://www.koskiresearch.com/press.php" "Mozilla/5.0 (Macintosh; Intel Mac OS X 10_8_4) AppleWebKit/536.30.1 (KHTML, like Gecko) Version/6.0.5 Safari/536.30.1"
24.45.40.236 - - [12/Aug/2013:08:45:23 -0400] "GET /images/t-input-bg.jpg HTTP/1.1" 200 1003 "http://www.koskiresearch.com/contact_us.php" "Mozilla/5.0 (Macintosh; Intel Mac OS X 10_8_4) AppleWebKit/536.30.1 (KHTML, like Gecko) Version/6.0.5 Safari/536.30.1"
208.88.172.124 - - [12/Aug/2013:23:16:08 -0400] "GET /research_services.php HTTP/1.1" 200 22867 "http://koskiresearch.com/press.php" "Mozilla/5.0 (Windows NT 6.0) AppleWebKit/537.36 (KHTML, like Gecko) Chrome/28.0.1500.95 Safari/537.36"
208.88.172.124 - - [12/Aug/2013:23:16:09 -0400] "GET /favicon.ico HTTP/1.1" 404 575 "-" "Mozilla/5.0 (Windows NT 6.0) AppleWebKit/537.36 (KHTML, like Gecko) Chrome/28.0.1500.95 Safari/537.36"
182.73.148.94 - - [12/Aug/2013:17:30:24 -0400] "GET /js/jquery.js HTTP/1.1" 200 52656 "http://www.koskiresearch.com/" "Mozilla/5.0 (Windows NT 5.1; rv:22.0) Gecko/20100101 Firefox/22.0"
180.76.5.88 - - [12/Aug/2013:22:09:00 -0400] "GET /press_details_archive.php?id=83 HTTP/1.1" 200 4790 "-" "Mozilla/5.0 (compatible; Baiduspider/2.0; +http://www.baidu.com/search/spider.html)"
208.88.172.124 - - [12/Aug/2013:22:23:36 -0400] "GET /images/case-studies_03c.png HTTP/1.1" 200 6850 "http://koskiresearch.com/our_approach.php" "Mozilla/5.0 (Windows NT 6.0) AppleWebKit/537.36 (KHTML, like Gecko) Chrome/28.0.1500.95 Safari/537.36"
208.88.172.124 - - [12/Aug/2013:23:12:16 -0400] "GET /images/t-slide-press_03.jpg HTTP/1.1" 200 460 "http://koskiresearch.com/press.php" "Mozilla/5.0 (Windows NT 6.0) AppleWebKit/537.36 (KHTML, like Gecko) Chrome/28.0.1500.95 Safari/537.36"
208.88.172.124 - - [12/Aug/2013:23:12:16 -0400] "GET /favicon.ico HTTP/1.1" 404 575 "-" "Mozilla/5.0 (Windows NT 6.0) AppleWebKit/537.36 (KHTML, like Gecko) Chrome/28.0.1500.95 Safari/537.36"
24.45.40.236 - - [12/Aug/2013:08:45:23 -0400] "GET /images/button-submit-contact.jpg HTTP/1.1" 200 3020 "http://www.koskiresearch.com/contact_us.php" "Mozilla/5.0 (Macintosh; Intel Mac OS X 10_8_4) AppleWebKit/536.30.1 (KHTML, like Gecko) Version/6.0.5 Safari/536.30.1"
75.43.8.198 - - [12/Aug/2013:17:17:38 -0400] "GET /favicon.ico HTTP/1.1" 404 575 "-" "Mozilla/5.0 (compatible; MSIE 10.0; Windows NT 6.1; Trident/6.0)"
182.73.148.94 - - [12/Aug/2013:17:30:35 -0400] "GET /favicon.ico HTTP/1.1" 404 575 "-" "Mozilla/5.0 (Windows NT 5.1; rv:22.0) Gecko/20100101 Firefox/22.0"
151.138.13.244 - - [12/Aug/2013:19:34:01 -0400] "GET / HTTP/1.1" 200 7213 "-" "SuperPagesUrlVerifyBot/1.0"
66.249.75.139 - - [12/Aug/2013:14:46:57 -0400] "GET /css/koski3.css HTTP/1.1" 200 15641 "http://www.koskiresearch.com/contact_us.php" "Mozilla/5.0 (compatible; Googlebot/2.1; +http://www.google.com/bot.html)"
24.45.40.236 - - [12/Aug/2013:15:17:11 -0400] "GET /index.php HTTP/1.1" 200 7213 "-" "Mozilla/5.0 (Macintosh; Intel Mac OS X 10_8_4) AppleWebKit/536.30.1 (KHTML, like Gecko) Version/6.0.5 Safari/536.30.1"
24.45.40.236 - - [12/Aug/2013:15:17:12 -0400] "GET /images/t-headnav.jpg HTTP/1.1" 200 103319 "http://www.koskiresearch.com/index.php" "Mozilla/5.0 (Macintosh; Intel Mac OS X 10_8_4) AppleWebKit/536.30.1 (KHTML, like Gecko) Version/6.0.5 Safari/536.30.1"
157.55.33.80 - - [12/Aug/2013:20:28:33 -0400] "GET /robots.txt HTTP/1.1" 404 575 "-" "Mozilla/5.0 (compatible; bingbot/2.0; +http://www.bing.com/bingbot.htm)"
208.88.172.124 - - [12/Aug/2013:22:32:25 -0400] "GET /our_approach.php HTTP/1.1" 200 23200 "http://koskiresearch.com/research_services.php" "Mozilla/5.0 (Windows NT 6.0) AppleWebKit/537.36 (KHTML, like Gecko) Chrome/28.0.1500.95 Safari/537.36"
208.88.172.124 - - [12/Aug/2013:22:32:26 -0400] "GET /images/case_study_links.png HTTP/1.1" 206 1 "http://koskiresearch.com/our_approach.php" "Mozilla/5.0 (Windows NT 6.0) AppleWebKit/537.36 (KHTML, like Gecko) Chrome/28.0.1500.95 Safari/537.36"
208.88.172.124 - - [12/Aug/2013:22:32:26 -0400] "GET /images/case_study_links.png HTTP/1.1" 206 121616 "http://koskiresearch.com/our_approach.php" "Mozilla/5.0 (Windows NT 6.0) AppleWebKit/537.36 (KHTML, like Gecko) Chrome/28.0.1500.95 Safari/537.36"
208.88.172.124 - - [12/Aug/2013:22:32:26 -0400] "GET /favicon.ico HTTP/1.1" 404 575 "-" "Mozilla/5.0 (Windows NT 6.0) AppleWebKit/537.36 (KHTML, like Gecko) Chrome/28.0.1500.95 Safari/537.36"
24.45.40.236 - - [12/Aug/2013:07:51:20 -0400] "GET /research_services.php HTTP/1.1" 200 22867 "http://www.koskiresearch.com/our_approach.php" "Mozilla/5.0 (Macintosh; Intel Mac OS X 10_8_4) AppleWebKit/536.30.1 (KHTML, like Gecko) Version/6.0.5 Safari/536.30.1"
66.249.75.139 - - [12/Aug/2013:01:16:58 -0400] "GET /press_details_archive.php?id=74 HTTP/1.1" 200 4594 "-" "SAMSUNG-SGH-E250/1.0 Profile/MIDP-2.0 Configuration/CLDC-1.1 UP.Browser/6.2.3.3.c.1.101 (GUI) MMP/2.0 (compatible; Googlebot-Mobile/2.1; +http://www.google.com/bot.html)"
173.242.122.80 - - [12/Aug/2013:13:12:48 -0400] "GET /our_approach.php HTTP/1.0" 200 23200 "http://www.koskiresearch.com/our_approach.php" "Mozilla/5.0 (Windows NT 5.1) AppleWebKit/536.11 (KHTML, like Gecko) Chrome/20.0.1132.57 Safari/536.11"
24.45.40.236 - - [12/Aug/2013:07:50:17 -0400] "GET /our_approach.php HTTP/1.1" 200 23200 "http://www.koskiresearch.com/our_approach.php" "Mozilla/5.0 (Macintosh; Intel Mac OS X 10_8_4) AppleWebKit/536.30.1 (KHTML, like Gecko) Version/6.0.5 Safari/536.30.1"
69.28.149.29 - - [12/Aug/2013:16:10:48 -0400] "GET /css/reset-fonts-grids.css HTTP/1.1" 200 5685 "http://www.koskiresearch.com/" "Mozilla/5.0 (compatible; MSIE 9.0; Windows NT 6.1; WOW64; Trident/5.0)"
69.28.149.29 - - [12/Aug/2013:16:10:52 -0400] "GET /images/t-leftslide.jpg HTTP/1.1" 200 653 "http://www.koskiresearch.com/" "Mozilla/5.0 (compatible; MSIE 9.0; Windows NT 6.1; WOW64; Trident/5.0)"
69.28.149.29 - - [12/Aug/2013:16:10:52 -0400] "GET /images/t-learn-button.jpg HTTP/1.1" 200 16391 "http://www.koskiresearch.com/" "Mozilla/5.0 (compatible; MSIE 9.0; Windows NT 6.1; WOW64; Trident/5.0)"
182.73.148.94 - - [12/Aug/2013:17:30:30 -0400] "GET /images/t-learn-button.jpg HTTP/1.1" 200 16391 "http://www.koskiresearch.com/css/koski3.css" "Mozilla/5.0 (Windows NT 5.1; rv:22.0) Gecko/20100101 Firefox/22.0"
208.88.172.124 - - [12/Aug/2013:21:40:11 -0400] "GET /index.php HTTP/1.1" 503 323 "http://koskiresearch.com/" "Mozilla/5.0 (Windows NT 6.0) AppleWebKit/537.36 (KHTML, like Gecko) Chrome/28.0.1500.95 Safari/537.36"
208.88.172.124 - - [12/Aug/2013:21:46:32 -0400] "GET /contact_us.php HTTP/1.1" 503 323 "http://koskiresearch.com/" "Mozilla/5.0 (Windows NT 6.0) AppleWebKit/537.36 (KHTML, like Gecko) Chrome/28.0.1500.95 Safari/537.36"
208.88.172.124 - - [12/Aug/2013:22:24:19 -0400] "GET /our_approach.php HTTP/1.1" 503 323 "http://koskiresearch.com/" "Mozilla/5.0 (Windows NT 6.0) AppleWebKit/537.36 (KHTML, like Gecko) Chrome/28.0.1500.95 Safari/537.36"
150.70.75.36 - - [12/Aug/2013:18:48:57 -0400] "GET /js/flashdetect.js HTTP/1.0" 200 8539 "-" "Mozilla/4.0 (compatible; MSIE 6.0; Windows NT 5.1)"
173.199.116.27 - - [12/Aug/2013:02:07:51 -0400] "GET /press_details_archive.php?id=108 HTTP/1.1" 200 4664 "-" "Mozilla/5.0 (compatible; AhrefsBot/4.0; +http://ahrefs.com/robot/)"
198.24.213.2 - - [12/Aug/2013:18:44:38 -0400] "GET /css/koski3.css HTTP/1.1" 200 15641 "http://www.koskiresearch.com/" "Mozilla/5.0 (Windows NT 6.1; WOW64) AppleWebKit/537.36 (KHTML, like Gecko) Chrome/28.0.1500.95 Safari/537.36"
198.24.213.2 - - [12/Aug/2013:18:44:38 -0400] "GET /js/jquery.js HTTP/1.1" 200 52656 "http://www.koskiresearch.com/" "Mozilla/5.0 (Windows NT 6.1; WOW64) AppleWebKit/537.36 (KHTML, like Gecko) Chrome/28.0.1500.95 Safari/537.36"
198.24.213.2 - - [12/Aug/2013:18:44:38 -0400] "GET /images/t-int-bg.jpg HTTP/1.1" 200 528 "http://www.koskiresearch.com/" "Mozilla/5.0 (Windows NT 6.1; WOW64) AppleWebKit/537.36 (KHTML, like Gecko) Chrome/28.0.1500.95 Safari/537.36"
198.24.213.2 - - [12/Aug/2013:18:44:38 -0400] "GET /images/t-headnav.jpg HTTP/1.1" 200 103319 "http://www.koskiresearch.com/" "Mozilla/5.0 (Windows NT 6.1; WOW64) AppleWebKit/537.36 (KHTML, like Gecko) Chrome/28.0.1500.95 Safari/537.36"
198.24.213.2 - - [12/Aug/2013:18:44:38 -0400] "GET /images/t-learn-button.jpg HTTP/1.1" 200 16391 "http://www.koskiresearch.com/" "Mozilla/5.0 (Windows NT 6.1; WOW64) AppleWebKit/537.36 (KHTML, like Gecko) Chrome/28.0.1500.95 Safari/537.36"
198.24.213.2 - - [12/Aug/2013:18:44:39 -0400] "GET /favicon.ico HTTP/1.1" 404 575 "-" "Mozilla/5.0 (Windows NT 6.1; WOW64) AppleWebKit/537.36 (KHTML, like Gecko) Chrome/28.0.1500.95 Safari/537.36"
208.88.172.124 - - [12/Aug/2013:21:40:05 -0400] "GET /images/t-learn-orange.jpg HTTP/1.1" 200 13935 "http://koskiresearch.com/" "Mozilla/5.0 (Windows NT 6.0) AppleWebKit/537.36 (KHTML, like Gecko) Chrome/28.0.1500.95 Safari/537.36"
208.88.172.124 - - [12/Aug/2013:22:23:34 -0400] "GET /images/case-studies_06.png HTTP/1.1" 200 736 "http://koskiresearch.com/our_approach.php" "Mozilla/5.0 (Windows NT 6.0) AppleWebKit/537.36 (KHTML, like Gecko) Chrome/28.0.1500.95 Safari/537.36"
208.88.172.124 - - [12/Aug/2013:22:23:36 -0400] "GET /images/case-studies_bg.png HTTP/1.1" 200 162 "http://koskiresearch.com/our_approach.php" "Mozilla/5.0 (Windows NT 6.0) AppleWebKit/537.36 (KHTML, like Gecko) Chrome/28.0.1500.95 Safari/537.36"
24.45.40.236 - - [12/Aug/2013:07:43:40 -0400] "GET /js/flashdetect.js HTTP/1.1" 304 - "http://www.koskiresearch.com/index.php" "Mozilla/5.0 (Macintosh; Intel Mac OS X 10_8_4) AppleWebKit/536.30.1 (KHTML, like Gecko) Version/6.0.5 Safari/536.30.1"
69.28.149.29 - - [12/Aug/2013:16:10:47 -0400] "GET / HTTP/1.1" 200 7213 "-" "Mozilla/5.0 (compatible; MSIE 9.0; Windows NT 6.1; WOW64; Trident/5.0)"
69.28.149.29 - - [12/Aug/2013:16:10:49 -0400] "GET /js/jquery.js HTTP/1.1" 200 52656 "http://www.koskiresearch.com/" "Mozilla/5.0 (compatible; MSIE 9.0; Windows NT 6.1; WOW64; Trident/5.0)"
69.28.149.29 - - [12/Aug/2013:16:10:51 -0400] "GET /images/t-headbg.jpg HTTP/1.1" 200 13375 "http://www.koskiresearch.com/" "Mozilla/5.0 (compatible; MSIE 9.0; Windows NT 6.1; WOW64; Trident/5.0)"
69.28.149.29 - - [12/Aug/2013:16:11:01 -0400] "GET /images/t-headnav.jpg HTTP/1.1" 206 16531 "http://www.koskiresearch.com/press.php" "Mozilla/5.0 (compatible; MSIE 9.0; Windows NT 6.1; WOW64; Trident/5.0)"
69.28.149.29 - - [12/Aug/2013:16:12:12 -0400] "GET /contact_us.php HTTP/1.1" 200 4468 "http://www.koskiresearch.com/research_services.php" "Mozilla/5.0 (compatible; MSIE 9.0; Windows NT 6.1; WOW64; Trident/5.0)"
24.45.40.236 - - [12/Aug/2013:07:43:39 -0400] "GET /index.php HTTP/1.1" 200 7213 "http://www.koskiresearch.com/our_approach.php" "Mozilla/5.0 (Macintosh; Intel Mac OS X 10_8_4) AppleWebKit/536.30.1 (KHTML, like Gecko) Version/6.0.5 Safari/536.30.1"
24.45.40.236 - - [12/Aug/2013:07:43:40 -0400] "GET /css/reset-fonts-grids.css HTTP/1.1" 304 - "http://www.koskiresearch.com/index.php" "Mozilla/5.0 (Macintosh; Intel Mac OS X 10_8_4) AppleWebKit/536.30.1 (KHTML, like Gecko) Version/6.0.5 Safari/536.30.1"
24.45.40.236 - - [12/Aug/2013:07:51:21 -0400] "GET /images/flashbox-research-2011.jpg HTTP/1.1" 200 51989 "http://www.koskiresearch.com/research_services.php" "Mozilla/5.0 (Macintosh; Intel Mac OS X 10_8_4) AppleWebKit/536.30.1 (KHTML, like Gecko) Version/6.0.5 Safari/536.30.1"
24.45.40.236 - - [12/Aug/2013:07:53:02 -0400] "GET /our_approach.php HTTP/1.1" 200 23200 "http://www.koskiresearch.com/research_services.php" "Mozilla/5.0 (Macintosh; Intel Mac OS X 10_8_4) AppleWebKit/536.30.1 (KHTML, like Gecko) Version/6.0.5 Safari/536.30.1"
69.28.149.29 - - [12/Aug/2013:16:11:12 -0400] "GET /images/flashbox-research-2011.jpg HTTP/1.1" 200 51989 "http://www.koskiresearch.com/research_services.php" "Mozilla/5.0 (compatible; MSIE 9.0; Windows NT 6.1; WOW64; Trident/5.0)"
173.192.235.226 - - [12/Aug/2013:04:40:21 -0400] "GET /press_details_archive.php?id=68 HTTP/1.1" 200 4709 "-" "Mozilla/5.0 (compatible; SiteExplorer/1.0b; +http://siteexplorer.info/)"
173.192.235.226 - - [12/Aug/2013:04:39:37 -0400] "GET /press_details_archive.php?id=79 HTTP/1.1" 200 5064 "-" "Mozilla/5.0 (compatible; SiteExplorer/1.0b; +http://siteexplorer.info/)"
173.199.116.27 - - [12/Aug/2013:04:43:08 -0400] "GET /press_details_archive.php?id=35 HTTP/1.1" 200 4863 "-" "Mozilla/5.0 (compatible; AhrefsBot/4.0; +http://ahrefs.com/robot/)"
24.45.40.236 - - [12/Aug/2013:07:41:32 -0400] "GET /our_approach.php HTTP/1.1" 200 23200 "http://www.koskiresearch.com/index.php" "Mozilla/5.0 (Macintosh; Intel Mac OS X 10_8_4) AppleWebKit/536.30.1 (KHTML, like Gecko) Version/6.0.5 Safari/536.30.1"
24.45.40.236 - - [12/Aug/2013:07:41:33 -0400] "GET /images/case-studies_03b.png HTTP/1.1" 200 6820 "http://www.koskiresearch.com/our_approach.php" "Mozilla/5.0 (Macintosh; Intel Mac OS X 10_8_4) AppleWebKit/536.30.1 (KHTML, like Gecko) Version/6.0.5 Safari/536.30.1"
199.21.99.76 - - [12/Aug/2013:08:18:59 -0400] "GET /press_details.php?id=122 HTTP/1.1" 200 4777 "-" "Mozilla/5.0 (compatible; YandexBot/3.0; +http://yandex.com/bots)"
173.199.116.27 - - [12/Aug/2013:09:25:16 -0400] "GET /press_details_archive.php?id=13 HTTP/1.1" 200 4788 "-" "Mozilla/5.0 (compatible; AhrefsBot/4.0; +http://ahrefs.com/robot/)"
208.88.172.124 - - [12/Aug/2013:21:45:23 -0400] "GET /contact_us.php HTTP/1.1" 503 323 "http://koskiresearch.com/" "Mozilla/5.0 (Windows NT 6.0) AppleWebKit/537.36 (KHTML, like Gecko) Chrome/28.0.1500.95 Safari/537.36"
46.229.167.149 - - [12/Aug/2013:22:24:43 -0400] "GET / HTTP/1.1" 503 323 "-" "Mozilla/5.0 (X11; Linux x86_64; rv:2.2a1pre) Gecko/20110324 Firefox/4.2a1pre"
208.88.172.124 - - [12/Aug/2013:22:58:17 -0400] "GET /research_services.php HTTP/1.1" 200 22867 "http://koskiresearch.com/our_approach.php" "Mozilla/5.0 (Windows NT 6.0) AppleWebKit/537.36 (KHTML, like Gecko) Chrome/28.0.1500.95 Safari/537.36"
208.88.172.124 - - [12/Aug/2013:22:58:19 -0400] "GET /favicon.ico HTTP/1.1" 404 575 "-" "Mozilla/5.0 (Windows NT 6.0) AppleWebKit/537.36 (KHTML, like Gecko) Chrome/28.0.1500.95 Safari/537.36"
24.45.40.236 - - [12/Aug/2013:08:38:55 -0400] "GET /press.php HTTP/1.1" 200 5551 "http://www.koskiresearch.com/research_services.php" "Mozilla/5.0 (Macintosh; Intel Mac OS X 10_8_4) AppleWebKit/536.30.1 (KHTML, like Gecko) Version/6.0.5 Safari/536.30.1"
24.45.40.236 - - [12/Aug/2013:08:38:56 -0400] "GET /images/t-slide-press_03.jpg HTTP/1.1" 200 460 "http://www.koskiresearch.com/press.php" "Mozilla/5.0 (Macintosh; Intel Mac OS X 10_8_4) AppleWebKit/536.30.1 (KHTML, like Gecko) Version/6.0.5 Safari/536.30.1"
69.28.149.29 - - [12/Aug/2013:16:10:52 -0400] "GET /images/t-bottombg.jpg HTTP/1.1" 200 6043 "http://www.koskiresearch.com/" "Mozilla/5.0 (compatible; MSIE 9.0; Windows NT 6.1; WOW64; Trident/5.0)"
208.43.225.85 - - [12/Aug/2013:16:15:36 -0400] "GET /press_details_archive.php?id=96 HTTP/1.1" 200 4659 "-" "Mozilla/5.0 (compatible; SiteExplorer/1.0b; +http://siteexplorer.info/)"