0byt3m1n1
Path:
/
data
/
0
/
0
/
11
/
134
/
11786
/
meta
/
12073
/
logs
/
[
Home
]
File: x-access_log.2013-08-18
173.199.120.155 - - [18/Aug/2013:22:10:32 -0400] "GET /press_details_archive.php?id=67 HTTP/1.1" 200 4711 "-" "Mozilla/5.0 (compatible; AhrefsBot/4.0; +http://ahrefs.com/robot/)"
99.25.156.197 - - [18/Aug/2013:23:08:24 -0400] "GET /images/flashbox-approach-2011.jpg HTTP/1.1" 200 61275 "http://www.koskiresearch.com/our_approach.php" "Mozilla/5.0 (Macintosh; Intel Mac OS X 10_8_2) AppleWebKit/536.26.14 (KHTML, like Gecko) Version/6.0.1 Safari/536.26.14"
66.249.75.139 - - [18/Aug/2013:03:38:53 -0400] "GET /press_details_archive.php?id=106 HTTP/1.1" 200 5227 "-" "DoCoMo/2.0 N905i(c100;TB;W24H16) (compatible; Googlebot-Mobile/2.1; +http://www.google.com/bot.html)"
174.36.204.225 - - [18/Aug/2013:03:51:35 -0400] "GET /contact_us.php HTTP/1.1" 200 4468 "-" "Mozilla/5.0 (compatible; SiteExplorer/1.0b; +http://siteexplorer.info/)"
173.199.120.155 - - [18/Aug/2013:19:04:34 -0400] "GET /press_details_archive.php?id=114 HTTP/1.1" 503 323 "-" "Mozilla/5.0 (compatible; AhrefsBot/4.0; +http://ahrefs.com/robot/)"
173.199.120.155 - - [18/Aug/2013:14:50:00 -0400] "GET /press_details.php?id=121 HTTP/1.1" 503 323 "-" "Mozilla/5.0 (compatible; AhrefsBot/4.0; +http://ahrefs.com/robot/)"
157.55.34.176 - - [18/Aug/2013:15:03:51 -0400] "GET /robots.txt HTTP/1.1" 404 575 "-" "Mozilla/5.0 (compatible; bingbot/2.0; +http://www.bing.com/bingbot.htm)"
208.43.225.85 - - [18/Aug/2013:02:03:57 -0400] "GET /robots.txt HTTP/1.1" 404 575 "-" "Mozilla/5.0 (compatible; SiteExplorer/1.0b; +http://siteexplorer.info/)"
208.43.225.85 - - [18/Aug/2013:02:04:02 -0400] "GET /research_services.php HTTP/1.1" 200 22867 "-" "Mozilla/5.0 (compatible; SiteExplorer/1.0b; +http://siteexplorer.info/)"
66.249.75.165 - - [18/Aug/2013:12:04:19 -0400] "GET /robots.txt HTTP/1.1" 404 575 "-" "Mozilla/5.0 (compatible; Googlebot/2.1; +http://www.google.com/bot.html)"
206.55.188.49 - - [18/Aug/2013:19:08:44 -0400] "GET /js/jquery.js HTTP/1.1" 200 52656 "http://www.koskiresearch.com/our_approach.php" "Mozilla/5.0 (Macintosh; Intel Mac OS X 10_5_8) AppleWebKit/537.1 (KHTML, like Gecko) Chrome/21.0.1180.90 Safari/537.1"
206.55.188.49 - - [18/Aug/2013:19:08:47 -0400] "GET /images/t-headnav.jpg HTTP/1.1" 200 103319 "http://www.koskiresearch.com/our_approach.php" "Mozilla/5.0 (Macintosh; Intel Mac OS X 10_5_8) AppleWebKit/537.1 (KHTML, like Gecko) Chrome/21.0.1180.90 Safari/537.1"
99.25.156.197 - - [18/Aug/2013:23:08:22 -0400] "GET /our_approach.php HTTP/1.1" 200 23200 "http://www.koskiresearch.com/" "Mozilla/5.0 (Macintosh; Intel Mac OS X 10_8_2) AppleWebKit/536.26.14 (KHTML, like Gecko) Version/6.0.1 Safari/536.26.14"
99.25.156.197 - - [18/Aug/2013:23:08:24 -0400] "GET /images/case-studies_bg.png HTTP/1.1" 200 162 "http://www.koskiresearch.com/our_approach.php" "Mozilla/5.0 (Macintosh; Intel Mac OS X 10_8_2) AppleWebKit/536.26.14 (KHTML, like Gecko) Version/6.0.1 Safari/536.26.14"
99.25.156.197 - - [18/Aug/2013:23:08:24 -0400] "GET /images/case-studies_03c.png HTTP/1.1" 200 6850 "http://www.koskiresearch.com/our_approach.php" "Mozilla/5.0 (Macintosh; Intel Mac OS X 10_8_2) AppleWebKit/536.26.14 (KHTML, like Gecko) Version/6.0.1 Safari/536.26.14"
61.135.189.130 - - [18/Aug/2013:07:26:37 -0400] "GET /css/reset-fonts-grids.css HTTP/1.1" 200 5685 "-" "Mozilla/4.0 (compatible; MSIE 7.0; Windows NT 6.0; Trident/4.0)"
218.30.103.39 - - [18/Aug/2013:17:43:47 -0400] "GET /our_approach.php HTTP/1.1" 200 23200 "-" "Sogou web spider/4.0(+http://www.sogou.com/docs/help/webmasters.htm#07)"
8.28.16.254 - - [18/Aug/2013:06:36:48 -0400] "GET / HTTP/1.1" 200 7213 "-" "Mozilla/4.0 (compatible;)"
208.115.111.73 - - [18/Aug/2013:21:57:57 -0400] "GET /press_details_archive.php?id=76 HTTP/1.1" 200 4470 "-" "Mozilla/5.0 (compatible; Ezooms/1.0; ezooms.bot@gmail.com)"
123.151.148.155 - - [18/Aug/2013:04:43:35 -0400] "GET /css/reset-fonts-grids.css HTTP/1.1" 200 5685 "http://www.koskiresearch.com/" "Mozilla/5.0 (compatible; Sosospider/2.0; +http://help.soso.com/webspider.htm)"
180.76.6.15 - - [18/Aug/2013:14:19:32 -0400] "GET /robots.txt HTTP/1.1" 404 575 "-" "Mozilla/5.0 (Windows NT 5.1; rv:6.0.2) Gecko/20100101 Firefox/6.0.2"
66.249.75.139 - - [18/Aug/2013:16:14:05 -0400] "GET / HTTP/1.1" 200 7213 "-" "SAMSUNG-SGH-E250/1.0 Profile/MIDP-2.0 Configuration/CLDC-1.1 UP.Browser/6.2.3.3.c.1.101 (GUI) MMP/2.0 (compatible; Googlebot-Mobile/2.1; +http://www.google.com/bot.html)"
206.55.188.49 - - [18/Aug/2013:19:08:48 -0400] "GET /images/t-bottombg.jpg HTTP/1.1" 200 6043 "http://www.koskiresearch.com/our_approach.php" "Mozilla/5.0 (Macintosh; Intel Mac OS X 10_5_8) AppleWebKit/537.1 (KHTML, like Gecko) Chrome/21.0.1180.90 Safari/537.1"
206.55.188.49 - - [18/Aug/2013:19:08:48 -0400] "GET /images/t-leftslide.jpg HTTP/1.1" 200 653 "http://www.koskiresearch.com/our_approach.php" "Mozilla/5.0 (Macintosh; Intel Mac OS X 10_5_8) AppleWebKit/537.1 (KHTML, like Gecko) Chrome/21.0.1180.90 Safari/537.1"
206.55.188.49 - - [18/Aug/2013:19:08:48 -0400] "GET /images/case-studies_06.png HTTP/1.1" 200 736 "http://www.koskiresearch.com/our_approach.php" "Mozilla/5.0 (Macintosh; Intel Mac OS X 10_5_8) AppleWebKit/537.1 (KHTML, like Gecko) Chrome/21.0.1180.90 Safari/537.1"
206.55.188.49 - - [18/Aug/2013:19:08:48 -0400] "GET /images/case_study_links.png HTTP/1.1" 200 224300 "http://www.koskiresearch.com/our_approach.php" "Mozilla/5.0 (Macintosh; Intel Mac OS X 10_5_8) AppleWebKit/537.1 (KHTML, like Gecko) Chrome/21.0.1180.90 Safari/537.1"
99.25.156.197 - - [18/Aug/2013:23:08:08 -0400] "GET /favicon.ico HTTP/1.1" 404 575 "http://www.koskiresearch.com/" "Mozilla/5.0 (Macintosh; Intel Mac OS X 10_8_2) AppleWebKit/536.26.14 (KHTML, like Gecko) Version/6.0.1 Safari/536.26.14"
99.25.156.197 - - [18/Aug/2013:23:16:28 -0400] "GET /our_approach.php HTTP/1.1" 200 23200 "http://www.koskiresearch.com/index.php" "Mozilla/5.0 (Macintosh; Intel Mac OS X 10_8_2) AppleWebKit/536.26.14 (KHTML, like Gecko) Version/6.0.1 Safari/536.26.14"
66.249.75.139 - - [18/Aug/2013:01:42:39 -0400] "GET / HTTP/1.1" 200 7213 "-" "Mozilla/5.0 (iPhone; U; CPU iPhone OS 4_1 like Mac OS X; en-us) AppleWebKit/532.9 (KHTML, like Gecko) Version/4.0.5 Mobile/8B117 Safari/6531.22.7 (compatible; Googlebot-Mobile/2.1; +http://www.google.com/bot.html)"
157.55.34.176 - - [18/Aug/2013:15:05:28 -0400] "GET / HTTP/1.1" 200 7213 "-" "Mozilla/5.0 (compatible; bingbot/2.0; +http://www.bing.com/bingbot.htm)"
99.25.156.197 - - [18/Aug/2013:23:16:02 -0400] "GET / HTTP/1.1" 200 7213 "-" "Mozilla/5.0 (Macintosh; Intel Mac OS X 10_8_2) AppleWebKit/536.26.14 (KHTML, like Gecko) Version/6.0.1 Safari/536.26.14"
66.249.75.139 - - [18/Aug/2013:12:03:22 -0400] "GET /our_approach.php HTTP/1.1" 200 23200 "-" "Mozilla/5.0 (iPhone; U; CPU iPhone OS 4_1 like Mac OS X; en-us) AppleWebKit/532.9 (KHTML, like Gecko) Version/4.0.5 Mobile/8B117 Safari/6531.22.7 (compatible; Googlebot-Mobile/2.1; +http://www.google.com/bot.html)"
66.249.75.165 - - [18/Aug/2013:12:06:11 -0400] "GET /css/koski3.css HTTP/1.1" 200 15641 "-" "Mozilla/5.0 (compatible; Googlebot/2.1; +http://www.google.com/bot.html)"
66.249.75.165 - - [18/Aug/2013:12:06:11 -0400] "GET /css/reset-fonts-grids.css HTTP/1.1" 200 5685 "-" "Mozilla/5.0 (compatible; Googlebot/2.1; +http://www.google.com/bot.html)"
99.25.156.197 - - [18/Aug/2013:23:08:24 -0400] "GET /images/case-studies_06.png HTTP/1.1" 200 736 "http://www.koskiresearch.com/our_approach.php" "Mozilla/5.0 (Macintosh; Intel Mac OS X 10_8_2) AppleWebKit/536.26.14 (KHTML, like Gecko) Version/6.0.1 Safari/536.26.14"
218.30.103.39 - - [18/Aug/2013:07:05:56 -0400] "GET / HTTP/1.1" 200 7213 "-" "Sogou web spider/4.0(+http://www.sogou.com/docs/help/webmasters.htm#07)"
206.55.188.49 - - [18/Aug/2013:19:08:43 -0400] "GET /our_approach.php HTTP/1.1" 200 23200 "https://www.google.com/" "Mozilla/5.0 (Macintosh; Intel Mac OS X 10_5_8) AppleWebKit/537.1 (KHTML, like Gecko) Chrome/21.0.1180.90 Safari/537.1"
208.43.225.85 - - [18/Aug/2013:02:04:12 -0400] "GET /our_approach.php HTTP/1.1" 200 23200 "-" "Mozilla/5.0 (compatible; SiteExplorer/1.0b; +http://siteexplorer.info/)"
180.76.5.87 - - [18/Aug/2013:18:30:07 -0400] "GET / HTTP/1.1" 200 7213 "-" "Mozilla/5.0 (compatible; Baiduspider/2.0; +http://www.baidu.com/search/spider.html)"
180.76.5.88 - - [18/Aug/2013:21:51:40 -0400] "GET / HTTP/1.1" 200 7213 "-" "Mozilla/5.0 (compatible; Baiduspider/2.0; +http://www.baidu.com/search/spider.html)"
99.25.156.197 - - [18/Aug/2013:23:16:08 -0400] "GET /index.php HTTP/1.1" 200 7213 "http://www.koskiresearch.com/" "Mozilla/5.0 (Macintosh; Intel Mac OS X 10_8_2) AppleWebKit/536.26.14 (KHTML, like Gecko) Version/6.0.1 Safari/536.26.14"
208.115.111.73 - - [18/Aug/2013:20:56:33 -0400] "GET /robots.txt HTTP/1.1" 404 575 "-" "Mozilla/5.0 (compatible; Ezooms/1.0; ezooms.bot@gmail.com)"
174.36.204.225 - - [18/Aug/2013:03:51:15 -0400] "GET /press.php HTTP/1.1" 200 5551 "-" "Mozilla/5.0 (compatible; SiteExplorer/1.0b; +http://siteexplorer.info/)"
99.25.156.197 - - [18/Aug/2013:23:15:37 -0400] "GET /our_approach.php HTTP/1.1" 200 23200 "-" "Mozilla/5.0 (Macintosh; Intel Mac OS X 10_8_2) AppleWebKit/536.26.14 (KHTML, like Gecko) Version/6.0.1 Safari/536.26.14"
218.30.103.39 - - [18/Aug/2013:18:10:04 -0400] "GET /our_approach.php HTTP/1.1" 200 23200 "-" "Sogou web spider/4.0(+http://www.sogou.com/docs/help/webmasters.htm#07)"
206.55.188.49 - - [18/Aug/2013:19:08:44 -0400] "GET /css/koski3.css HTTP/1.1" 200 15641 "http://www.koskiresearch.com/our_approach.php" "Mozilla/5.0 (Macintosh; Intel Mac OS X 10_5_8) AppleWebKit/537.1 (KHTML, like Gecko) Chrome/21.0.1180.90 Safari/537.1"
208.115.111.73 - - [18/Aug/2013:21:57:53 -0400] "GET /press_details.php?id=108 HTTP/1.1" 200 4749 "-" "Mozilla/5.0 (compatible; Ezooms/1.0; ezooms.bot@gmail.com)"
66.249.75.165 - - [18/Aug/2013:12:04:19 -0400] "GET / HTTP/1.1" 200 7213 "-" "Mozilla/5.0 (iPhone; U; CPU iPhone OS 4_1 like Mac OS X; en-us) AppleWebKit/532.9 (KHTML, like Gecko) Version/4.0.5 Mobile/8B117 Safari/6531.22.7 (compatible; Googlebot-Mobile/2.1; +http://www.google.com/bot.html)"
206.55.188.49 - - [18/Aug/2013:19:08:47 -0400] "GET /images/t-int-bg.jpg HTTP/1.1" 200 528 "http://www.koskiresearch.com/our_approach.php" "Mozilla/5.0 (Macintosh; Intel Mac OS X 10_5_8) AppleWebKit/537.1 (KHTML, like Gecko) Chrome/21.0.1180.90 Safari/537.1"
206.55.188.49 - - [18/Aug/2013:19:08:49 -0400] "GET /images/case-studies_03.png HTTP/1.1" 200 4174 "http://www.koskiresearch.com/our_approach.php" "Mozilla/5.0 (Macintosh; Intel Mac OS X 10_5_8) AppleWebKit/537.1 (KHTML, like Gecko) Chrome/21.0.1180.90 Safari/537.1"
206.55.188.49 - - [18/Aug/2013:19:08:49 -0400] "GET /images/case-studies_03c.png HTTP/1.1" 200 6850 "http://www.koskiresearch.com/our_approach.php" "Mozilla/5.0 (Macintosh; Intel Mac OS X 10_5_8) AppleWebKit/537.1 (KHTML, like Gecko) Chrome/21.0.1180.90 Safari/537.1"
208.115.113.89 - - [18/Aug/2013:19:49:26 -0400] "GET /press_archive.php HTTP/1.1" 200 28183 "-" "Mozilla/5.0 (compatible; Ezooms/1.0; ezooms.bot@gmail.com)"
46.229.170.197 - - [18/Aug/2013:21:44:27 -0400] "GET / HTTP/1.1" 200 7213 "-" "Mozilla/5.0 (X11; U; Linux i686; pl-PL; rv:1.9.0.2) Gecko/2008092313 Ubuntu/9.25 (jaunty) Firefox/3.8"
99.25.156.197 - - [18/Aug/2013:23:08:05 -0400] "GET / HTTP/1.1" 200 7213 "http://www.google.com/url?sa=t&rct=j&q=&esrc=s&source=web&cd=1&ved=0CDAQFjAA&url=http%3A%2F%2Fwww.koskiresearch.com%2F&ei=D4wRUrL-AYma2AW50IHgCw&usg=AFQjCNG_xhptetiXuAzXXEBEGlNWgHpAng&sig2=QMx5LF2PSTpkoJUjatBPmw&bvm=bv.50768961,d.b2I" "Mozilla/5.0 (Macintosh; Intel Mac OS X 10_8_2) AppleWebKit/536.26.14 (KHTML, like Gecko) Version/6.0.1 Safari/536.26.14"
99.25.156.197 - - [18/Aug/2013:23:08:07 -0400] "GET /images/t-int-bg.jpg HTTP/1.1" 200 528 "http://www.koskiresearch.com/" "Mozilla/5.0 (Macintosh; Intel Mac OS X 10_8_2) AppleWebKit/536.26.14 (KHTML, like Gecko) Version/6.0.1 Safari/536.26.14"
174.36.204.225 - - [18/Aug/2013:03:51:20 -0400] "GET /our_approach.php HTTP/1.1" 500 - "-" "Mozilla/5.0 (compatible; SiteExplorer/1.0b; +http://siteexplorer.info/)"
66.249.75.139 - - [18/Aug/2013:09:11:13 -0400] "GET /robots.txt HTTP/1.1" 404 575 "-" "Mozilla/5.0 (compatible; Googlebot/2.1; +http://www.google.com/bot.html)"
206.55.188.49 - - [18/Aug/2013:19:08:47 -0400] "GET /images/t-headnav-2011.jpg HTTP/1.1" 200 56599 "http://www.koskiresearch.com/our_approach.php" "Mozilla/5.0 (Macintosh; Intel Mac OS X 10_5_8) AppleWebKit/537.1 (KHTML, like Gecko) Chrome/21.0.1180.90 Safari/537.1"
61.135.189.130 - - [18/Aug/2013:07:26:38 -0400] "GET /robots.txt HTTP/1.1" 404 575 "-" "Sogou web spider/4.0(+http://www.sogou.com/docs/help/webmasters.htm#07)"
66.249.75.139 - - [18/Aug/2013:08:08:57 -0400] "GET /press_archive.php?sort=date&dir=ASC HTTP/1.1" 200 28185 "-" "Mozilla/5.0 (iPhone; U; CPU iPhone OS 4_1 like Mac OS X; en-us) AppleWebKit/532.9 (KHTML, like Gecko) Version/4.0.5 Mobile/8B117 Safari/6531.22.7 (compatible; Googlebot-Mobile/2.1; +http://www.google.com/bot.html)"
208.115.111.73 - - [18/Aug/2013:17:47:18 -0400] "GET /press_details_archive.php?id=74 HTTP/1.1" 200 4594 "-" "Mozilla/5.0 (compatible; Ezooms/1.0; ezooms.bot@gmail.com)"
208.43.225.85 - - [18/Aug/2013:02:04:07 -0400] "GET /press.php HTTP/1.1" 200 5551 "-" "Mozilla/5.0 (compatible; SiteExplorer/1.0b; +http://siteexplorer.info/)"
173.199.120.155 - - [18/Aug/2013:17:32:31 -0400] "GET /press_details_archive.php?id=19 HTTP/1.1" 200 14295 "-" "Mozilla/5.0 (compatible; AhrefsBot/4.0; +http://ahrefs.com/robot/)"
173.199.120.155 - - [18/Aug/2013:18:48:17 -0400] "GET /index.php HTTP/1.1" 200 7213 "-" "Mozilla/5.0 (compatible; AhrefsBot/4.0; +http://ahrefs.com/robot/)"
208.115.113.89 - - [18/Aug/2013:23:43:58 -0400] "GET /robots.txt HTTP/1.1" 404 575 "-" "Mozilla/5.0 (compatible; Ezooms/1.0; ezooms.bot@gmail.com)"
173.199.120.155 - - [18/Aug/2013:19:17:18 -0400] "GET /press_archive.php?sort=date&dir=DESC HTTP/1.1" 200 28183 "-" "Mozilla/5.0 (compatible; AhrefsBot/4.0; +http://ahrefs.com/robot/)"
208.115.111.73 - - [18/Aug/2013:16:30:16 -0400] "GET /robots.txt HTTP/1.1" 404 575 "-" "Mozilla/5.0 (compatible; Ezooms/1.0; ezooms.bot@gmail.com)"
218.30.103.39 - - [18/Aug/2013:17:41:47 -0400] "GET /our_approach.php HTTP/1.1" 503 323 "-" "Sogou web spider/4.0(+http://www.sogou.com/docs/help/webmasters.htm#07)"
208.43.225.85 - - [18/Aug/2013:02:04:22 -0400] "GET /contact_us.php HTTP/1.1" 200 4468 "-" "Mozilla/5.0 (compatible; SiteExplorer/1.0b; +http://siteexplorer.info/)"
99.25.156.197 - - [18/Aug/2013:23:08:08 -0400] "GET /images/t-leftslide.jpg HTTP/1.1" 200 653 "http://www.koskiresearch.com/" "Mozilla/5.0 (Macintosh; Intel Mac OS X 10_8_2) AppleWebKit/536.26.14 (KHTML, like Gecko) Version/6.0.1 Safari/536.26.14"
99.25.156.197 - - [18/Aug/2013:23:08:08 -0400] "GET /animation_3.swf HTTP/1.1" 200 64129 "http://www.koskiresearch.com/" "Mozilla/5.0 (Macintosh; Intel Mac OS X 10_8_2) AppleWebKit/536.26.14 (KHTML, like Gecko) Version/6.0.1 Safari/536.26.14"
174.36.204.225 - - [18/Aug/2013:03:51:30 -0400] "GET /index.php HTTP/1.1" 200 7213 "-" "Mozilla/5.0 (compatible; SiteExplorer/1.0b; +http://siteexplorer.info/)"
66.249.75.139 - - [18/Aug/2013:11:35:28 -0400] "GET /press_details_archive.php?id=33 HTTP/1.1" 200 4544 "-" "Mozilla/5.0 (iPhone; U; CPU iPhone OS 4_1 like Mac OS X; en-us) AppleWebKit/532.9 (KHTML, like Gecko) Version/4.0.5 Mobile/8B117 Safari/6531.22.7 (compatible; Googlebot-Mobile/2.1; +http://www.google.com/bot.html)"
206.55.188.49 - - [18/Aug/2013:19:08:47 -0400] "GET /images/t-headbg.jpg HTTP/1.1" 200 13375 "http://www.koskiresearch.com/our_approach.php" "Mozilla/5.0 (Macintosh; Intel Mac OS X 10_5_8) AppleWebKit/537.1 (KHTML, like Gecko) Chrome/21.0.1180.90 Safari/537.1"
206.55.188.49 - - [18/Aug/2013:19:08:49 -0400] "GET /images/case-studies_bg.png HTTP/1.1" 200 162 "http://www.koskiresearch.com/our_approach.php" "Mozilla/5.0 (Macintosh; Intel Mac OS X 10_5_8) AppleWebKit/537.1 (KHTML, like Gecko) Chrome/21.0.1180.90 Safari/537.1"
206.55.188.49 - - [18/Aug/2013:19:08:49 -0400] "GET /images/case-studies_03b.png HTTP/1.1" 200 6820 "http://www.koskiresearch.com/our_approach.php" "Mozilla/5.0 (Macintosh; Intel Mac OS X 10_5_8) AppleWebKit/537.1 (KHTML, like Gecko) Chrome/21.0.1180.90 Safari/537.1"
66.249.75.139 - - [18/Aug/2013:03:39:16 -0400] "GET /press_details_archive.php?id=77 HTTP/1.1" 200 4607 "-" "SAMSUNG-SGH-E250/1.0 Profile/MIDP-2.0 Configuration/CLDC-1.1 UP.Browser/6.2.3.3.c.1.101 (GUI) MMP/2.0 (compatible; Googlebot-Mobile/2.1; +http://www.google.com/bot.html)"
208.115.113.89 - - [18/Aug/2013:19:49:58 -0400] "GET /press_details_archive.php?id=102 HTTP/1.1" 200 5157 "-" "Mozilla/5.0 (compatible; Ezooms/1.0; ezooms.bot@gmail.com)"
173.199.120.155 - - [18/Aug/2013:21:38:17 -0400] "GET /press_details_archive.php?id=119 HTTP/1.1" 200 4803 "-" "Mozilla/5.0 (compatible; AhrefsBot/4.0; +http://ahrefs.com/robot/)"
200.98.160.90 - - [18/Aug/2013:22:00:38 -0400] "GET /phppath/php HTTP/1.1" 404 575 "-" "libwww-perl/5.833"
173.199.120.155 - - [18/Aug/2013:18:24:13 -0400] "GET /?14001c00 HTTP/1.1" 200 7213 "-" "Mozilla/5.0 (compatible; AhrefsBot/4.0; +http://ahrefs.com/robot/)"
99.25.156.197 - - [18/Aug/2013:23:08:24 -0400] "GET /images/case-studies_03.png HTTP/1.1" 200 4174 "http://www.koskiresearch.com/our_approach.php" "Mozilla/5.0 (Macintosh; Intel Mac OS X 10_8_2) AppleWebKit/536.26.14 (KHTML, like Gecko) Version/6.0.1 Safari/536.26.14"
218.30.103.39 - - [18/Aug/2013:06:39:12 -0400] "GET / HTTP/1.1" 200 7213 "-" "Sogou web spider/4.0(+http://www.sogou.com/docs/help/webmasters.htm#07)"
99.25.156.197 - - [18/Aug/2013:23:08:06 -0400] "GET /js/jquery.js HTTP/1.1" 200 52656 "http://www.koskiresearch.com/" "Mozilla/5.0 (Macintosh; Intel Mac OS X 10_8_2) AppleWebKit/536.26.14 (KHTML, like Gecko) Version/6.0.1 Safari/536.26.14"
99.25.156.197 - - [18/Aug/2013:23:08:07 -0400] "GET /images/t-headbg.jpg HTTP/1.1" 200 13375 "http://www.koskiresearch.com/" "Mozilla/5.0 (Macintosh; Intel Mac OS X 10_8_2) AppleWebKit/536.26.14 (KHTML, like Gecko) Version/6.0.1 Safari/536.26.14"
99.25.156.197 - - [18/Aug/2013:23:08:06 -0400] "GET /js/flashdetect.js HTTP/1.1" 200 8539 "http://www.koskiresearch.com/" "Mozilla/5.0 (Macintosh; Intel Mac OS X 10_8_2) AppleWebKit/536.26.14 (KHTML, like Gecko) Version/6.0.1 Safari/536.26.14"
99.25.156.197 - - [18/Aug/2013:23:08:07 -0400] "GET /images/t-headnav-2011.jpg HTTP/1.1" 200 56599 "http://www.koskiresearch.com/" "Mozilla/5.0 (Macintosh; Intel Mac OS X 10_8_2) AppleWebKit/536.26.14 (KHTML, like Gecko) Version/6.0.1 Safari/536.26.14"
99.25.156.197 - - [18/Aug/2013:23:16:13 -0400] "GET /index.php HTTP/1.1" 200 7213 "http://www.koskiresearch.com/index.php" "Mozilla/5.0 (Macintosh; Intel Mac OS X 10_8_2) AppleWebKit/536.26.14 (KHTML, like Gecko) Version/6.0.1 Safari/536.26.14"
208.115.113.89 - - [18/Aug/2013:18:31:53 -0400] "GET /robots.txt HTTP/1.1" 404 575 "-" "Mozilla/5.0 (compatible; Ezooms/1.0; ezooms.bot@gmail.com)"
99.25.156.197 - - [18/Aug/2013:23:08:06 -0400] "GET /css/koski3.css HTTP/1.1" 200 15641 "http://www.koskiresearch.com/" "Mozilla/5.0 (Macintosh; Intel Mac OS X 10_8_2) AppleWebKit/536.26.14 (KHTML, like Gecko) Version/6.0.1 Safari/536.26.14"
99.25.156.197 - - [18/Aug/2013:23:08:07 -0400] "GET /images/t-headnav.jpg HTTP/1.1" 200 103319 "http://www.koskiresearch.com/" "Mozilla/5.0 (Macintosh; Intel Mac OS X 10_8_2) AppleWebKit/536.26.14 (KHTML, like Gecko) Version/6.0.1 Safari/536.26.14"
218.30.103.39 - - [18/Aug/2013:06:39:15 -0400] "GET /robots.txt HTTP/1.1" 404 575 "-" "Sogou web spider/4.0"
206.55.188.49 - - [18/Aug/2013:19:08:44 -0400] "GET /css/reset-fonts-grids.css HTTP/1.1" 200 5685 "http://www.koskiresearch.com/our_approach.php" "Mozilla/5.0 (Macintosh; Intel Mac OS X 10_5_8) AppleWebKit/537.1 (KHTML, like Gecko) Chrome/21.0.1180.90 Safari/537.1"
206.55.188.49 - - [18/Aug/2013:19:08:47 -0400] "GET /images/flashbox-approach-2011.jpg HTTP/1.1" 200 61275 "http://www.koskiresearch.com/our_approach.php" "Mozilla/5.0 (Macintosh; Intel Mac OS X 10_5_8) AppleWebKit/537.1 (KHTML, like Gecko) Chrome/21.0.1180.90 Safari/537.1"
99.25.156.197 - - [18/Aug/2013:23:08:28 -0400] "GET /images/case_study_links.png HTTP/1.1" 200 224300 "http://www.koskiresearch.com/our_approach.php" "Mozilla/5.0 (Macintosh; Intel Mac OS X 10_8_2) AppleWebKit/536.26.14 (KHTML, like Gecko) Version/6.0.1 Safari/536.26.14"
99.25.156.197 - - [18/Aug/2013:23:08:32 -0400] "GET /images/t-learn-orange.jpg HTTP/1.1" 200 13935 "http://www.koskiresearch.com/our_approach.php" "Mozilla/5.0 (Macintosh; Intel Mac OS X 10_8_2) AppleWebKit/536.26.14 (KHTML, like Gecko) Version/6.0.1 Safari/536.26.14"
99.25.156.197 - - [18/Aug/2013:23:08:06 -0400] "GET /css/reset-fonts-grids.css HTTP/1.1" 200 5685 "http://www.koskiresearch.com/" "Mozilla/5.0 (Macintosh; Intel Mac OS X 10_8_2) AppleWebKit/536.26.14 (KHTML, like Gecko) Version/6.0.1 Safari/536.26.14"
99.25.156.197 - - [18/Aug/2013:23:08:07 -0400] "GET /images/t-bottombg.jpg HTTP/1.1" 200 6043 "http://www.koskiresearch.com/" "Mozilla/5.0 (Macintosh; Intel Mac OS X 10_8_2) AppleWebKit/536.26.14 (KHTML, like Gecko) Version/6.0.1 Safari/536.26.14"
99.25.156.197 - - [18/Aug/2013:23:08:08 -0400] "GET /images/t-learn-button.jpg HTTP/1.1" 200 16391 "http://www.koskiresearch.com/" "Mozilla/5.0 (Macintosh; Intel Mac OS X 10_8_2) AppleWebKit/536.26.14 (KHTML, like Gecko) Version/6.0.1 Safari/536.26.14"
173.199.120.155 - - [18/Aug/2013:23:33:34 -0400] "GET /press_details_archive.php?id=88 HTTP/1.1" 200 4623 "-" "Mozilla/5.0 (compatible; AhrefsBot/4.0; +http://ahrefs.com/robot/)"
182.118.22.211 - - [18/Aug/2013:07:46:17 -0400] "GET /robots.txt HTTP/1.1" 404 575 "http://www.koskiresearch.com/robots.txt" "Mozilla/5.0 (Windows; U; Windows NT 5.1; zh-CN; rv:1.8.0.11) Firefox/1.5.0.11; 360Spider"
208.43.225.85 - - [18/Aug/2013:02:04:17 -0400] "GET /index.php HTTP/1.1" 200 7213 "-" "Mozilla/5.0 (compatible; SiteExplorer/1.0b; +http://siteexplorer.info/)"
180.76.5.160 - - [18/Aug/2013:15:17:16 -0400] "GET /robots.txt HTTP/1.1" 404 575 "-" "Mozilla/5.0 (Windows NT 5.1; rv:6.0.2) Gecko/20100101 Firefox/6.0.2"
66.249.75.139 - - [18/Aug/2013:09:32:33 -0400] "GET / HTTP/1.1" 503 323 "-" "SAMSUNG-SGH-E250/1.0 Profile/MIDP-2.0 Configuration/CLDC-1.1 UP.Browser/6.2.3.3.c.1.101 (GUI) MMP/2.0 (compatible; Googlebot-Mobile/2.1; +http://www.google.com/bot.html)"
99.25.156.197 - - [18/Aug/2013:23:08:24 -0400] "GET /images/case-studies_03b.png HTTP/1.1" 200 6820 "http://www.koskiresearch.com/our_approach.php" "Mozilla/5.0 (Macintosh; Intel Mac OS X 10_8_2) AppleWebKit/536.26.14 (KHTML, like Gecko) Version/6.0.1 Safari/536.26.14"