0byt3m1n1
Path:
/
data
/
0
/
0
/
110
/
19
/
110182
/
meta
/
111694
/
logs
/
[
Home
]
File: x-access_log.2013-08-18
65.36.241.77 - - [18/Aug/2013:16:12:10 -0400] "HEAD / HTTP/1.1" 200 - "-" "InternetSeer.com"
66.249.75.172 - - [18/Aug/2013:20:29:17 -0400] "GET / HTTP/1.1" 200 2462 "-" "Mozilla/5.0 (iPhone; U; CPU iPhone OS 4_1 like Mac OS X; en-us) AppleWebKit/532.9 (KHTML, like Gecko) Version/4.0.5 Mobile/8B117 Safari/6531.22.7 (compatible; Googlebot-Mobile/2.1; +http://www.google.com/bot.html)"
65.36.241.77 - - [18/Aug/2013:20:42:00 -0400] "HEAD / HTTP/1.1" 200 - "-" "InternetSeer.com"
91.207.9.226 - - [18/Aug/2013:02:38:09 -0400] "GET / HTTP/1.1" 200 2462 "http://internet-exe.com/" "Mozilla/4.0 (compatible; MSIE 6.0; Windows NT 5.0; APC; .NET CLR 1.0.3705; .NET CLR 1.1.4322; .NET CLR 2.0.50215; InfoPath.1)"
70.193.1.44 - - [18/Aug/2013:12:47:25 -0400] "GET /START16_LDIntro.swf HTTP/1.1" 200 3895821 "https://www.google.com/" "Mozilla/5.0 (iPhone; CPU iPhone OS 6_1_4 like Mac OS X) AppleWebKit/536.26 (KHTML, like Gecko) Version/6.0 Mobile/10B350 Safari/8536.25"
198.211.107.189 - - [18/Aug/2013:13:14:28 -0400] "GET / HTTP/1.1" 200 2462 "-" "Mozilla/5.0 (Windows NT 6.1; WOW64; rv:21.0) Gecko/20100101 Firefox/21.0"
157.55.33.50 - - [18/Aug/2013:07:46:11 -0400] "GET /robots.txt HTTP/1.1" 200 67 "-" "Mozilla/5.0 (compatible; bingbot/2.0; +http://www.bing.com/bingbot.htm)"
65.36.241.77 - - [18/Aug/2013:15:08:05 -0400] "HEAD / HTTP/1.1" 200 - "-" "InternetSeer.com"
65.36.241.77 - - [18/Aug/2013:22:59:50 -0400] "HEAD / HTTP/1.1" 200 - "-" "InternetSeer.com"
207.241.226.238 - - [18/Aug/2013:02:30:21 -0400] "GET /robots.txt HTTP/1.1" 200 67 "-" "ia_archiver(OS-Wayback)"
174.106.61.197 - - [18/Aug/2013:11:49:21 -0400] "GET /HouseMovieFSTR.swf HTTP/1.1" 200 1837883 "http://www.crawlspaceconcepts.com/START16_LDIntro.swf" "Mozilla/5.0 (Windows NT 6.1; WOW64; rv:23.0) Gecko/20100101 Firefox/23.0"
91.207.9.226 - - [18/Aug/2013:17:15:21 -0400] "GET / HTTP/1.1" 200 2462 "http://degustar.ru/" "Opera/9.00 (Windows NT 4.0; U; en)"
91.207.9.226 - - [18/Aug/2013:17:15:22 -0400] "GET / HTTP/1.1" 200 2462 "http://degustar.ru/" "Opera/9.00 (Windows NT 4.0; U; en)"
65.36.241.77 - - [18/Aug/2013:13:03:00 -0400] "HEAD / HTTP/1.1" 200 - "-" "InternetSeer.com"
195.242.218.133 - - [18/Aug/2013:17:21:51 -0400] "GET / HTTP/1.1" 200 2462 "http://gribnoybiz.ru/" "Mozilla/4.0 (compatible; MSIE 6.0; Windows NT 5.1; SV1; .NET CLR 1.1.4322)"
178.137.128.12 - - [18/Aug/2013:06:38:20 -0400] "GET / HTTP/1.1" 200 2462 "http://ra-da.su/" "Mozilla/4.0 (compatible; MSIE 4.01; Digital AlphaServer 1000A 4/233; Windows NT; Powered By 64-Bit Alpha Processor)"
65.36.241.77 - - [18/Aug/2013:08:48:12 -0400] "HEAD / HTTP/1.1" 200 - "-" "InternetSeer.com"
91.207.9.226 - - [18/Aug/2013:02:38:11 -0400] "GET / HTTP/1.1" 200 2462 "http://internet-exe.com/" "Mozilla/4.0 (compatible; MSIE 6.0; Windows NT 5.0; APC; .NET CLR 1.0.3705; .NET CLR 1.1.4322; .NET CLR 2.0.50215; InfoPath.1)"
70.193.1.44 - - [18/Aug/2013:12:47:30 -0400] "GET /START16_LDIntro.swf HTTP/1.1" 200 3895821 "https://www.google.com/" "Mozilla/5.0 (iPhone; CPU iPhone OS 6_1_4 like Mac OS X) AppleWebKit/536.26 (KHTML, like Gecko) Version/6.0 Mobile/10B350 Safari/8536.25"
195.242.218.133 - - [18/Aug/2013:17:21:51 -0400] "GET / HTTP/1.1" 200 2462 "http://gribnoybiz.ru/" "Mozilla/4.0 (compatible; MSIE 6.0; Windows NT 5.1; SV1; .NET CLR 1.1.4322)"
66.249.75.172 - - [18/Aug/2013:14:05:42 -0400] "GET /robots.txt HTTP/1.1" 200 67 "-" "Mozilla/5.0 (compatible; Googlebot/2.1; +http://www.google.com/bot.html)"
193.106.136.50 - - [18/Aug/2013:23:03:06 -0400] "GET / HTTP/1.1" 200 2462 "http://www.studia-silk.ru/" "Mozilla/4.0 (compatible; MSIE 6.0; Windows NT 5.1; en) Opera 9.0"
46.119.118.152 - - [18/Aug/2013:09:07:55 -0400] "GET / HTTP/1.1" 200 2462 "http://www.bravica.tw/ru/" "Mozilla/4.0 (compatible; MSIE 6.0; AOL 9.0; Windows NT 5.1)"
65.36.241.77 - - [18/Aug/2013:09:52:13 -0400] "HEAD / HTTP/1.1" 200 - "-" "InternetSeer.com"
208.80.194.127 - - [18/Aug/2013:12:46:59 -0400] "GET / HTTP/1.0" 200 2462 "-" "Mozilla/5.0 (X11; U; Linux x86_64; en-US) AppleWebKit/533.4 (KHTML, like Gecko) Chrome/5.0.375.53 Safari/533.4"
193.106.136.50 - - [18/Aug/2013:23:03:04 -0400] "GET / HTTP/1.1" 200 2462 "http://www.studia-silk.ru/" "Mozilla/4.0 (compatible; MSIE 6.0; Windows NT 5.1; en) Opera 9.0"
174.106.61.197 - - [18/Aug/2013:11:49:20 -0400] "GET / HTTP/1.1" 200 2462 "http://search.comcast.net/?cat=web&con=betac&q=crawl+space+concepts" "Mozilla/5.0 (Windows NT 6.1; WOW64; rv:23.0) Gecko/20100101 Firefox/23.0"
174.106.61.197 - - [18/Aug/2013:11:49:20 -0400] "GET /START16_LDIntro.swf HTTP/1.1" 200 3895821 "http://www.crawlspaceconcepts.com/" "Mozilla/5.0 (Windows NT 6.1; WOW64; rv:23.0) Gecko/20100101 Firefox/23.0"
174.106.61.197 - - [18/Aug/2013:11:49:29 -0400] "GET /favicon.ico HTTP/1.1" 404 575 "-" "Mozilla/5.0 (Windows NT 6.1; WOW64; rv:23.0) Gecko/20100101 Firefox/23.0"
174.106.61.197 - - [18/Aug/2013:11:49:30 -0400] "GET /favicon.ico HTTP/1.1" 404 575 "-" "Mozilla/5.0 (Windows NT 6.1; WOW64; rv:23.0) Gecko/20100101 Firefox/23.0"
65.184.192.193 - - [18/Aug/2013:16:41:48 -0400] "GET /favicon.ico HTTP/1.1" 404 575 "http://www.crawlspaceconcepts.com/" "Mozilla/5.0 (Macintosh; Intel Mac OS X 10_8_4) AppleWebKit/536.30.1 (KHTML, like Gecko) Version/6.0.5 Safari/536.30.1"
92.249.127.111 - - [18/Aug/2013:18:45:18 -0400] "GET / HTTP/1.1" 200 2462 "http://www.bravica.pro/ru/" "Mozilla/5.0 (compatible; news bot /2.1)"
46.119.118.152 - - [18/Aug/2013:09:07:59 -0400] "GET / HTTP/1.1" 200 2462 "http://www.bravica.tw/ru/" "Mozilla/4.0 (compatible; MSIE 6.0; AOL 9.0; Windows NT 5.1)"
174.106.61.197 - - [18/Aug/2013:12:03:56 -0400] "GET /favicon.ico HTTP/1.1" 404 575 "-" "Mozilla/5.0 (Windows NT 6.1; WOW64; rv:23.0) Gecko/20100101 Firefox/23.0"
174.106.61.197 - - [18/Aug/2013:12:03:56 -0400] "GET /HouseMovieFSTR.swf HTTP/1.1" 206 75747 "http://www.crawlspaceconcepts.com/START16_LDIntro.swf" "Mozilla/5.0 (Windows NT 6.1; WOW64; rv:23.0) Gecko/20100101 Firefox/23.0"
70.193.1.44 - - [18/Aug/2013:12:43:51 -0400] "GET / HTTP/1.1" 200 2462 "-" "Mozilla/5.0 (iPhone; CPU iPhone OS 6_1_4 like Mac OS X) AppleWebKit/536.26 (KHTML, like Gecko) Version/6.0 Mobile/10B350 Safari/8536.25"
65.184.192.193 - - [18/Aug/2013:16:41:48 -0400] "GET / HTTP/1.1" 200 2462 "http://www.google.com/url?sa=t&rct=j&q=crawl%20space%20wilmington%20nc&source=web&cd=1&ved=0CEcQFjAA&url=http%3A%2F%2Fwww.crawlspaceconcepts.com%2F&ei=YDARUr7tMIvyyAHCuoEw&usg=AFQjCNFMH-63mwIGP1jDACjY60LbwE3-vQ&bvm=bv.50768961,d.dmg" "Mozilla/5.0 (Macintosh; Intel Mac OS X 10_8_4) AppleWebKit/536.30.1 (KHTML, like Gecko) Version/6.0.5 Safari/536.30.1"
65.184.192.193 - - [18/Aug/2013:16:41:48 -0400] "GET /START16_LDIntro.swf HTTP/1.1" 200 3895821 "http://www.crawlspaceconcepts.com/" "Mozilla/5.0 (Macintosh; Intel Mac OS X 10_8_4) AppleWebKit/536.30.1 (KHTML, like Gecko) Version/6.0.5 Safari/536.30.1"
95.31.17.139 - - [18/Aug/2013:08:23:48 -0400] "GET /check_configuration.php HTTP/1.1" 404 575 "http://crawlspaceconcept.com/check_configuration.php" "Mozilla/4.0 (compatible; MSIE 6.0; Windows NT 5.1; SV1)"
46.119.118.152 - - [18/Aug/2013:09:07:55 -0400] "GET / HTTP/1.1" 200 2462 "http://cleaning-uborka.ru/" "Mozilla/4.0 (compatible; MSIE 6.0; AOL 9.0; Windows NT 5.1)"
65.36.241.77 - - [18/Aug/2013:04:18:05 -0400] "HEAD / HTTP/1.1" 200 - "-" "InternetSeer.com"
5.135.125.179 - - [18/Aug/2013:15:55:13 -0400] "GET / HTTP/1.1" 200 2462 "-" "Mozilla/5.0 (Windows NT 6.0; WOW64) AppleWebKit/535.7 (KHTML, like Gecko) Chrome/16.0.912.75 Safari/535.7"
157.55.33.50 - - [18/Aug/2013:21:40:41 -0400] "GET / HTTP/1.1" 304 - "-" "Mozilla/5.0 (compatible; bingbot/2.0; +http://www.bing.com/bingbot.htm)"
65.36.241.77 - - [18/Aug/2013:10:56:31 -0400] "HEAD / HTTP/1.1" 200 - "-" "InternetSeer.com"
65.36.241.77 - - [18/Aug/2013:06:40:46 -0400] "HEAD / HTTP/1.1" 200 - "-" "InternetSeer.com"
65.36.241.77 - - [18/Aug/2013:07:44:05 -0400] "HEAD / HTTP/1.1" 200 - "-" "InternetSeer.com"
65.36.241.77 - - [18/Aug/2013:14:06:28 -0400] "HEAD / HTTP/1.1" 200 - "-" "InternetSeer.com"
24.225.48.25 - - [18/Aug/2013:11:58:33 -0400] "GET /favicon.ico HTTP/1.1" 404 575 "http://www.crawlspaceconcepts.com/" "Mozilla/5.0 (Macintosh; Intel Mac OS X 10_7_5) AppleWebKit/536.30.1 (KHTML, like Gecko) Version/6.0.5 Safari/536.30.1"
65.36.241.77 - - [18/Aug/2013:05:31:32 -0400] "HEAD / HTTP/1.1" 200 - "-" "InternetSeer.com"
65.36.241.77 - - [18/Aug/2013:18:27:45 -0400] "HEAD / HTTP/1.1" 200 - "-" "InternetSeer.com"
46.119.118.152 - - [18/Aug/2013:09:07:59 -0400] "GET / HTTP/1.1" 200 2462 "http://www.bravica.tw/ru/" "Mozilla/4.0 (compatible; MSIE 6.0; AOL 9.0; Windows NT 5.1)"
24.225.48.25 - - [18/Aug/2013:11:58:33 -0400] "GET / HTTP/1.1" 200 2462 "http://www.google.com/url?sa=t&rct=j&q=crawlspace%20concepts&source=web&cd=1&ved=0CEwQFjAA&url=http%3A%2F%2Fwww.crawlspaceconcepts.com%2F&ei=I-8QUtqkFIS0yAHfiYEw&usg=AFQjCNFMH-63mwIGP1jDACjY60LbwE3-vQ&sig2=Mn2ugQktNUKDRicR2ZBaKw&bvm=bv.50768961,d.aWc" "Mozilla/5.0 (Macintosh; Intel Mac OS X 10_7_5) AppleWebKit/536.30.1 (KHTML, like Gecko) Version/6.0.5 Safari/536.30.1"
24.225.48.25 - - [18/Aug/2013:11:58:33 -0400] "GET /START16_LDIntro.swf HTTP/1.1" 200 3895821 "http://www.crawlspaceconcepts.com/" "Mozilla/5.0 (Macintosh; Intel Mac OS X 10_7_5) AppleWebKit/536.30.1 (KHTML, like Gecko) Version/6.0.5 Safari/536.30.1"
65.36.241.77 - - [18/Aug/2013:21:52:21 -0400] "HEAD / HTTP/1.1" 200 - "-" "InternetSeer.com"
91.207.9.226 - - [18/Aug/2013:17:15:21 -0400] "GET / HTTP/1.1" 200 2462 "http://degustar.ru/" "Opera/9.00 (Windows NT 4.0; U; en)"
46.119.118.152 - - [18/Aug/2013:09:07:56 -0400] "GET / HTTP/1.1" 200 2462 "http://cleaning-uborka.ru/" "Mozilla/4.0 (compatible; MSIE 6.0; AOL 9.0; Windows NT 5.1)"
65.36.241.77 - - [18/Aug/2013:03:06:41 -0400] "HEAD / HTTP/1.1" 200 - "-" "InternetSeer.com"
178.137.128.12 - - [18/Aug/2013:03:41:56 -0400] "GET / HTTP/1.1" 200 2462 "http://bidla.net/" "Mozilla/4.0 (compatible; MSIE 6.0; Windows NT 5.0; KTXN)"
178.137.128.12 - - [18/Aug/2013:03:41:56 -0400] "GET / HTTP/1.1" 200 2462 "http://bidla.net/" "Mozilla/4.0 (compatible; MSIE 6.0; Windows NT 5.0; KTXN)"
92.249.127.111 - - [18/Aug/2013:18:45:19 -0400] "GET / HTTP/1.1" 200 2462 "http://www.bravica.pro/ru/" "Mozilla/5.0 (compatible; news bot /2.1)"
65.36.241.77 - - [18/Aug/2013:17:20:07 -0400] "HEAD / HTTP/1.1" 200 - "-" "InternetSeer.com"
46.118.126.194 - - [18/Aug/2013:16:49:30 -0400] "GET / HTTP/1.1" 200 2462 "http://skupkaru.ru/" "Mozilla/4.0 (compatible; MSIE 6.0; Windows NT 5.1)"
193.106.136.50 - - [18/Aug/2013:23:03:05 -0400] "GET / HTTP/1.1" 200 2462 "http://www.studia-silk.ru/" "Mozilla/4.0 (compatible; MSIE 6.0; Windows NT 5.1; en) Opera 9.0"
157.55.33.50 - - [18/Aug/2013:21:39:41 -0400] "GET /robots.txt HTTP/1.1" 200 67 "-" "Mozilla/5.0 (compatible; bingbot/2.0; +http://www.bing.com/bingbot.htm)"
92.249.127.111 - - [18/Aug/2013:10:39:27 -0400] "GET / HTTP/1.1" 200 2462 "http://chydesa.mybb.ru/" "Mozilla/5.0 (compatible; news bot /2.1)"
157.55.33.50 - - [18/Aug/2013:07:47:08 -0400] "GET / HTTP/1.1" 200 2462 "-" "Mozilla/5.0 (compatible; bingbot/2.0; +http://www.bing.com/bingbot.htm)"
65.36.241.77 - - [18/Aug/2013:19:34:46 -0400] "HEAD / HTTP/1.1" 200 - "-" "InternetSeer.com"
208.54.64.200 - - [18/Aug/2013:20:41:03 -0400] "GET / HTTP/1.1" 200 2462 "http://www.google.com/search?client=ms-android-metropcs-us&hl=en&source=android-search-app&v=134000000&ei=JGkRUq7vLIbSyAGiqYAw&q=crawl+space+concepts&oq=crawlspace+consep&gs_l=mobile-gws-serp.1.0.0i13l2j0i13i30j0i13i10i30l2.18518.95097.0.99340.76.46.15.1.1.0.3530.11443.2-1j8j3j2j1j0j1j1.17.0....0...1c.1.25.mobile-gws-serp..44.32.12496.UdZDuEbNwwg" "Mozilla/5.0 (Linux; U; Android 2.3.6; en-us; SCH-R820 Build/GINGERBREAD) AppleWebKit/533.1 (KHTML, like Gecko) Version/4.0 Mobile Safari/533.1"
208.54.64.200 - - [18/Aug/2013:20:41:03 -0400] "GET /favicon.ico HTTP/1.1" 404 575 "http://www.crawlspaceconcepts.com/" "Mozilla/5.0 (Linux; U; Android 2.3.6; en-us; SCH-R820 Build/GINGERBREAD) AppleWebKit/533.1 (KHTML, like Gecko) Version/4.0 Mobile Safari/533.1"
195.242.218.133 - - [18/Aug/2013:17:21:54 -0400] "GET / HTTP/1.1" 200 2462 "http://gribnoybiz.ru/" "Mozilla/4.0 (compatible; MSIE 6.0; Windows NT 5.1; SV1; .NET CLR 1.1.4322)"
157.55.33.50 - - [18/Aug/2013:01:40:59 -0400] "GET /robots.txt HTTP/1.1" 200 67 "-" "Mozilla/5.0 (compatible; bingbot/2.0; +http://www.bing.com/bingbot.htm)"
46.118.126.194 - - [18/Aug/2013:16:49:28 -0400] "GET / HTTP/1.1" 200 2462 "http://skupkaru.ru/" "Mozilla/4.0 (compatible; MSIE 6.0; Windows NT 5.1)"
100.43.83.156 - - [18/Aug/2013:22:51:32 -0400] "GET /robots.txt HTTP/1.1" 200 67 "-" "Mozilla/5.0 (compatible; YandexBot/3.0; +http://yandex.com/bots)"
100.43.83.156 - - [18/Aug/2013:22:51:34 -0400] "GET / HTTP/1.1" 200 2462 "-" "Mozilla/5.0 (compatible; YandexBot/3.0; +http://yandex.com/bots)"
65.36.241.77 - - [18/Aug/2013:12:00:48 -0400] "HEAD / HTTP/1.1" 200 - "-" "InternetSeer.com"
70.193.1.44 - - [18/Aug/2013:12:43:30 -0400] "GET / HTTP/1.1" 200 2462 "http://www.google.com/search?site=&source=hp&ei=bPkQUtfGHdPl4AOP5oGoCw&q=crawl+space+concepts&oq=crawl+space+concepts&gs_l=mobile-gws-hp.1.0.0l2j0i22i30j0i22i10i30l2.3341.24937.0.31672.21.14.0.7.7.0.514.3798.0j4j6j1j0j3.14.0....0...1c.1.25.mobile-gws-hp..0.21.3896.Oyyr82jFs04" "Mozilla/5.0 (iPhone; CPU iPhone OS 6_1_4 like Mac OS X) AppleWebKit/536.26 (KHTML, like Gecko) Version/6.0 Mobile/10B350 Safari/8536.25"
65.184.192.193 - - [18/Aug/2013:16:41:48 -0400] "GET /HouseMovieFSTR.swf HTTP/1.1" 200 1837883 "http://www.crawlspaceconcepts.com/" "Mozilla/5.0 (Macintosh; Intel Mac OS X 10_8_4) AppleWebKit/536.30.1 (KHTML, like Gecko) Version/6.0.5 Safari/536.30.1"
178.137.128.12 - - [18/Aug/2013:06:38:21 -0400] "GET / HTTP/1.1" 200 2462 "http://ra-da.su/" "Mozilla/4.0 (compatible; MSIE 4.01; Digital AlphaServer 1000A 4/233; Windows NT; Powered By 64-Bit Alpha Processor)"
91.207.9.226 - - [18/Aug/2013:02:38:10 -0400] "GET / HTTP/1.1" 200 2462 "http://internet-exe.com/" "Mozilla/4.0 (compatible; MSIE 6.0; Windows NT 5.0; APC; .NET CLR 1.0.3705; .NET CLR 1.1.4322; .NET CLR 2.0.50215; InfoPath.1)"
24.225.48.25 - - [18/Aug/2013:11:58:33 -0400] "GET /HouseMovieFSTR.swf HTTP/1.1" 200 1837883 "http://www.crawlspaceconcepts.com/" "Mozilla/5.0 (Macintosh; Intel Mac OS X 10_7_5) AppleWebKit/536.30.1 (KHTML, like Gecko) Version/6.0.5 Safari/536.30.1"
178.137.128.12 - - [18/Aug/2013:06:38:20 -0400] "GET / HTTP/1.1" 200 2462 "http://ra-da.su/" "Mozilla/4.0 (compatible; MSIE 4.01; Digital AlphaServer 1000A 4/233; Windows NT; Powered By 64-Bit Alpha Processor)"
178.137.128.12 - - [18/Aug/2013:03:41:55 -0400] "GET / HTTP/1.1" 200 2462 "http://bidla.net/" "Mozilla/4.0 (compatible; MSIE 6.0; Windows NT 5.0; KTXN)"
46.119.118.152 - - [18/Aug/2013:09:07:56 -0400] "GET / HTTP/1.1" 200 2462 "http://cleaning-uborka.ru/" "Mozilla/4.0 (compatible; MSIE 6.0; AOL 9.0; Windows NT 5.1)"
92.249.127.111 - - [18/Aug/2013:10:39:26 -0400] "GET / HTTP/1.1" 200 2462 "http://chydesa.mybb.ru/" "Mozilla/5.0 (compatible; news bot /2.1)"
157.55.33.50 - - [18/Aug/2013:01:42:48 -0400] "GET / HTTP/1.1" 304 - "-" "Mozilla/5.0 (compatible; bingbot/2.0; +http://www.bing.com/bingbot.htm)"
66.249.75.172 - - [18/Aug/2013:15:53:58 -0400] "GET /START16_LDIntro.swf HTTP/1.1" 304 - "-" "Mozilla/5.0 (compatible; Googlebot/2.1; +http://www.google.com/bot.html)"
92.249.127.111 - - [18/Aug/2013:18:45:19 -0400] "GET / HTTP/1.1" 200 2462 "http://www.bravica.pro/ru/" "Mozilla/5.0 (compatible; news bot /2.1)"
65.36.241.77 - - [18/Aug/2013:00:52:42 -0400] "HEAD / HTTP/1.1" 200 - "-" "InternetSeer.com"
46.118.126.194 - - [18/Aug/2013:16:49:28 -0400] "GET / HTTP/1.1" 200 2462 "http://skupkaru.ru/" "Mozilla/4.0 (compatible; MSIE 6.0; Windows NT 5.1)"
65.36.241.77 - - [18/Aug/2013:01:58:40 -0400] "HEAD / HTTP/1.1" 200 - "-" "InternetSeer.com"
8.28.16.254 - - [18/Aug/2013:10:33:00 -0400] "GET / HTTP/1.1" 304 - "-" "Mozilla/4.0 (compatible;)"