0byt3m1n1
Path:
/
data
/
0
/
0
/
110
/
19
/
110182
/
meta
/
111694
/
logs
/
[
Home
]
File: x-access_log.2013-08-19
65.36.241.77 - - [19/Aug/2013:03:34:36 -0400] "HEAD / HTTP/1.1" 200 - "-" "InternetSeer.com"
157.55.33.50 - - [19/Aug/2013:06:23:18 -0400] "GET / HTTP/1.1" 200 2462 "-" "Mozilla/5.0 (compatible; bingbot/2.0; +http://www.bing.com/bingbot.htm)"
98.137.207.168 - - [19/Aug/2013:16:23:33 -0400] "GET /widgets/gen_303.1.gif HTTP/1.1" 200 75 "http://www.crawlspaceconcepts.com/contact.html" "Mozilla/5.0 (compatible; Yahoo! Slurp/3.0; http://help.yahoo.com/help/us/ysearch/slurp) NOT Firefox/3.5"
98.137.207.168 - - [19/Aug/2013:16:23:33 -0400] "GET /widgets/gen_313.1.gif HTTP/1.1" 200 1088 "http://www.crawlspaceconcepts.com/contact.html" "Mozilla/5.0 (compatible; Yahoo! Slurp/3.0; http://help.yahoo.com/help/us/ysearch/slurp) NOT Firefox/3.5"
98.137.207.168 - - [19/Aug/2013:16:23:33 -0400] "GET /widgets/gen_302.1.gif HTTP/1.1" 200 72 "http://www.crawlspaceconcepts.com/contact.html" "Mozilla/5.0 (compatible; Yahoo! Slurp/3.0; http://help.yahoo.com/help/us/ysearch/slurp) NOT Firefox/3.5"
98.137.207.151 - - [19/Aug/2013:20:37:55 -0400] "GET /widgets/gen_296.1.gif HTTP/1.1" 200 1928 "http://www.crawlspaceconcepts.com/gpage1.html" "Mozilla/5.0 (compatible; Yahoo! Slurp/3.0; http://help.yahoo.com/help/us/ysearch/slurp) NOT Firefox/3.5"
98.137.207.151 - - [19/Aug/2013:20:37:55 -0400] "GET /images/accent_process5.gif HTTP/1.1" 200 2336 "http://www.crawlspaceconcepts.com/gpage1.html" "Mozilla/5.0 (compatible; Yahoo! Slurp/3.0; http://help.yahoo.com/help/us/ysearch/slurp) NOT Firefox/3.5"
98.137.207.151 - - [19/Aug/2013:20:37:55 -0400] "GET /widgets/gen_309.1.gif HTTP/1.1" 200 1112 "http://www.crawlspaceconcepts.com/gpage1.html" "Mozilla/5.0 (compatible; Yahoo! Slurp/3.0; http://help.yahoo.com/help/us/ysearch/slurp) NOT Firefox/3.5"
98.137.207.151 - - [19/Aug/2013:20:37:55 -0400] "GET /widgets/gen_295.1.gif HTTP/1.1" 200 3552 "http://www.crawlspaceconcepts.com/gpage1.html" "Mozilla/5.0 (compatible; Yahoo! Slurp/3.0; http://help.yahoo.com/help/us/ysearch/slurp) NOT Firefox/3.5"
98.137.207.151 - - [19/Aug/2013:20:37:55 -0400] "GET /widgets/gen_302.1.gif HTTP/1.1" 200 72 "http://www.crawlspaceconcepts.com/gpage1.html" "Mozilla/5.0 (compatible; Yahoo! Slurp/3.0; http://help.yahoo.com/help/us/ysearch/slurp) NOT Firefox/3.5"
65.36.241.77 - - [19/Aug/2013:00:08:47 -0400] "HEAD / HTTP/1.1" 200 - "-" "InternetSeer.com"
66.153.179.9 - - [19/Aug/2013:00:19:47 -0400] "GET / HTTP/1.1" 200 2462 "-" "Mozilla/4.0 (compatible; MSIE 7.0; Windows NT 5.1; .NET CLR 2.0.50727; OfficeLiveConnector.1.3; OfficeLivePatch.0.0)"
50.163.58.92 - - [19/Aug/2013:13:31:46 -0400] "GET /favicon.ico HTTP/1.1" 404 575 "-" "Mozilla/5.0 (Windows NT 6.2; WOW64) AppleWebKit/537.36 (KHTML, like Gecko) Chrome/28.0.1500.95 Safari/537.36"
50.163.58.92 - - [19/Aug/2013:13:32:49 -0400] "GET /favicon.ico HTTP/1.1" 404 575 "-" "Mozilla/5.0 (Windows NT 6.2; WOW64) AppleWebKit/537.36 (KHTML, like Gecko) Chrome/28.0.1500.95 Safari/537.36"
220.181.51.218 - - [19/Aug/2013:15:02:48 -0400] "GET /START16_LDIntro.swf HTTP/1.0" 200 3895821 "-" "Mozilla/4.0 (compatible; MSIE 6.0; Windows NT 5.1; SV1)"
12.234.10.67 - - [19/Aug/2013:14:07:02 -0400] "GET /HouseMovieFSTR.swf HTTP/1.0" 200 1837883 "http://www.crawlspaceconcepts.com/START16_LDIntro.swf" "Mozilla/5.0 (Windows NT 5.1; rv:23.0) Gecko/20100101 Firefox/23.0"
65.36.241.77 - - [19/Aug/2013:05:46:06 -0400] "HEAD / HTTP/1.1" 200 - "-" "InternetSeer.com"
96.37.65.151 - - [19/Aug/2013:15:16:00 -0400] "GET / HTTP/1.1" 200 2462 "http://www.bing.com/search?q=crawl+space+concepts+&form=MSNH14&pc=msnHomeST&pq=crawl+space+concepts+&sc=7-21&sp=-1&qs=n&sk=&ghc=1" "Mozilla/4.0 (compatible; MSIE 8.0; Windows NT 5.1; Trident/4.0; .NET CLR 1.1.4322)"
96.37.65.151 - - [19/Aug/2013:15:16:01 -0400] "GET /START16_LDIntro.swf HTTP/1.1" 200 3895821 "http://crawlspaceconcepts.com/" "Mozilla/4.0 (compatible; MSIE 8.0; Windows NT 5.1; Trident/4.0; .NET CLR 1.1.4322)"
65.36.241.77 - - [19/Aug/2013:11:03:42 -0400] "HEAD / HTTP/1.1" 200 - "-" "InternetSeer.com"
107.45.196.131 - - [19/Aug/2013:11:27:00 -0400] "GET / HTTP/1.1" 200 2462 "http://www.google.com/m?hl=en&gl=us&client=ms-android-sprint-us&source=android-launcher-search&action=devloc&q=crawlspace+concepts" "Mozilla/5.0 (Linux; U; Android 2.3.5; en-us; Sprint APA9292KT Build/GRJ90) AppleWebKit/533.1 (KHTML, like Gecko) Version/4.0 Mobile Safari/533.1"
107.45.196.131 - - [19/Aug/2013:11:27:01 -0400] "GET /favicon.ico HTTP/1.1" 404 575 "http://www.crawlspaceconcepts.com/" "Mozilla/5.0 (Linux; U; Android 2.3.5; en-us; Sprint APA9292KT Build/GRJ90) AppleWebKit/533.1 (KHTML, like Gecko) Version/4.0 Mobile Safari/533.1"
107.45.196.131 - - [19/Aug/2013:11:27:02 -0400] "GET /START16_LDIntro.swf HTTP/1.1" 200 3895821 "http://www.crawlspaceconcepts.com/" "Mozilla/5.0 (Linux; U; Android 2.3.5; en-us; Sprint APA9292KT Build/GRJ90) AppleWebKit/533.1 (KHTML, like Gecko) Version/4.0 Mobile Safari/533.1"
65.36.241.77 - - [19/Aug/2013:22:44:07 -0400] "HEAD / HTTP/1.1" 200 - "-" "InternetSeer.com"
46.118.126.194 - - [19/Aug/2013:17:55:15 -0400] "GET / HTTP/1.1" 200 2462 "http://wmcbank.com/" "Mozilla/4.0 (compatible; MSIE 6.0; AOL 9.0; Windows NT 5.1)"
208.80.194.127 - - [19/Aug/2013:13:23:36 -0400] "GET / HTTP/1.0" 200 2462 "-" "Mozilla/5.0 (X11; Linux x86_64) AppleWebKit/534.30 (KHTML, like Gecko) Ubuntu/11.04 Chromium/12.0.742.112 Chrome/12.0.742.112 Safari/534.30"
91.207.9.226 - - [19/Aug/2013:13:03:03 -0400] "GET / HTTP/1.1" 200 2462 "http://www.triados.ru/" "Mozilla/4.0 (compatible; MSIE 6.0; Windows NT 5.0)"
100.43.83.156 - - [19/Aug/2013:10:59:36 -0400] "GET / HTTP/1.1" 200 2462 "-" "Mozilla/5.0 (compatible; YandexBot/3.0; +http://yandex.com/bots)"
50.163.58.92 - - [19/Aug/2013:13:25:45 -0400] "GET /START16_LDIntro.swf HTTP/1.1" 200 3895821 "http://www.crawlspaceconcepts.com/" "Mozilla/5.0 (Windows NT 6.2; WOW64) AppleWebKit/537.36 (KHTML, like Gecko) Chrome/28.0.1500.95 Safari/537.36"
98.137.207.151 - - [19/Aug/2013:20:37:55 -0400] "GET /gpage1.html HTTP/1.1" 200 15790 "-" "Mozilla/5.0 (compatible; Yahoo! Slurp/3.0; http://help.yahoo.com/help/us/ysearch/slurp) NOT Firefox/3.5"
98.137.207.151 - - [19/Aug/2013:20:37:55 -0400] "GET /widgets/gen_298.1.gif HTTP/1.1" 200 1173 "http://www.crawlspaceconcepts.com/gpage1.html" "Mozilla/5.0 (compatible; Yahoo! Slurp/3.0; http://help.yahoo.com/help/us/ysearch/slurp) NOT Firefox/3.5"
98.137.207.151 - - [19/Aug/2013:20:37:55 -0400] "GET /images/accent_process3.jpg HTTP/1.1" 200 8353 "http://www.crawlspaceconcepts.com/gpage1.html" "Mozilla/5.0 (compatible; Yahoo! Slurp/3.0; http://help.yahoo.com/help/us/ysearch/slurp) NOT Firefox/3.5"
98.137.207.151 - - [19/Aug/2013:20:37:55 -0400] "GET /widgets/gen_303.1.gif HTTP/1.1" 200 75 "http://www.crawlspaceconcepts.com/gpage1.html" "Mozilla/5.0 (compatible; Yahoo! Slurp/3.0; http://help.yahoo.com/help/us/ysearch/slurp) NOT Firefox/3.5"
98.137.207.151 - - [19/Aug/2013:20:37:55 -0400] "GET /widgets/gen_313.1.gif HTTP/1.1" 200 1088 "http://www.crawlspaceconcepts.com/gpage1.html" "Mozilla/5.0 (compatible; Yahoo! Slurp/3.0; http://help.yahoo.com/help/us/ysearch/slurp) NOT Firefox/3.5"
221.194.156.186 - - [19/Aug/2013:10:32:54 -0400] "GET / HTTP/1.0" 200 2462 "http://www.crawlspaceconcepts.com/" "Mozilla/4.0 (compatible; MSIE 8.0; Windows NT 5.1; Trident/4.0; .NET CLR 2.0.50727; .NET CLR 3.0.4506.2152; .NET CLR 3.5.30729)"
65.36.241.77 - - [19/Aug/2013:14:52:09 -0400] "HEAD / HTTP/1.1" 200 - "-" "InternetSeer.com"
50.163.58.92 - - [19/Aug/2013:13:25:45 -0400] "GET /favicon.ico HTTP/1.1" 404 575 "-" "Mozilla/5.0 (Windows NT 6.2; WOW64) AppleWebKit/537.36 (KHTML, like Gecko) Chrome/28.0.1500.95 Safari/537.36"
50.163.58.92 - - [19/Aug/2013:13:25:45 -0400] "GET /HouseMovieFSTR.swf HTTP/1.1" 200 1837883 "http://www.crawlspaceconcepts.com/" "Mozilla/5.0 (Windows NT 6.2; WOW64) AppleWebKit/537.36 (KHTML, like Gecko) Chrome/28.0.1500.95 Safari/537.36"
98.137.207.151 - - [19/Aug/2013:20:37:55 -0400] "GET /widgets/gen_293.1.gif HTTP/1.1" 200 4377 "http://www.crawlspaceconcepts.com/gpage1.html" "Mozilla/5.0 (compatible; Yahoo! Slurp/3.0; http://help.yahoo.com/help/us/ysearch/slurp) NOT Firefox/3.5"
98.137.207.151 - - [19/Aug/2013:20:37:55 -0400] "GET /widgets/gen_297.1.gif HTTP/1.1" 200 2108 "http://www.crawlspaceconcepts.com/gpage1.html" "Mozilla/5.0 (compatible; Yahoo! Slurp/3.0; http://help.yahoo.com/help/us/ysearch/slurp) NOT Firefox/3.5"
98.137.207.151 - - [19/Aug/2013:20:37:55 -0400] "GET /images/solution3.jpg HTTP/1.1" 200 6044 "http://www.crawlspaceconcepts.com/gpage1.html" "Mozilla/5.0 (compatible; Yahoo! Slurp/3.0; http://help.yahoo.com/help/us/ysearch/slurp) NOT Firefox/3.5"
98.137.207.151 - - [19/Aug/2013:20:37:55 -0400] "GET /widgets/gen_311.1.gif HTTP/1.1" 200 1020 "http://www.crawlspaceconcepts.com/gpage1.html" "Mozilla/5.0 (compatible; Yahoo! Slurp/3.0; http://help.yahoo.com/help/us/ysearch/slurp) NOT Firefox/3.5"
98.137.207.151 - - [19/Aug/2013:20:37:55 -0400] "GET /widgets/gen_301.1.gif HTTP/1.1" 200 82 "http://www.crawlspaceconcepts.com/gpage1.html" "Mozilla/5.0 (compatible; Yahoo! Slurp/3.0; http://help.yahoo.com/help/us/ysearch/slurp) NOT Firefox/3.5"
23.20.115.0 - - [19/Aug/2013:04:04:31 -0400] "GET / HTTP/1.1" 200 2462 "-" "Mozilla/5.0 (Windows NT 6.1; rv:20.0) Gecko/20100101 Firefox/20.0"
192.96.204.42 - - [19/Aug/2013:23:22:28 -0400] "GET / HTTP/1.1" 200 2462 "http://domainsigma.com/whois/crawlspaceconcepts.com" "Mozilla/4.0 (compatible; MSIE 5.5; Windows NT)"
89.211.58.140 - - [19/Aug/2013:07:01:49 -0400] "GET /HouseMovieFSTR.swf HTTP/1.1" 200 1837883 "http://www.crawlspaceconcepts.com/START16_LDIntro.swf" "Mozilla/5.0 (Macintosh; Intel Mac OS X 10.5; rv:16.0) Gecko/20100101 Firefox/16.0"
97.73.64.142 - - [19/Aug/2013:20:33:38 -0400] "GET /START16_LDIntro.swf HTTP/1.1" 200 3895821 "http://www.crawlspaceconcepts.com/" "Mozilla/5.0 (Linux; U; Android 4.1.2; en-us; DROID RAZR Build/9.8.2O-72_VZW-16) AppleWebKit/534.30 (KHTML, like Gecko) Version/4.0 Mobile Safari/534.30"
98.137.207.151 - - [19/Aug/2013:20:37:55 -0400] "GET /widgets/gen_294.1.gif HTTP/1.1" 200 8140 "http://www.crawlspaceconcepts.com/gpage1.html" "Mozilla/5.0 (compatible; Yahoo! Slurp/3.0; http://help.yahoo.com/help/us/ysearch/slurp) NOT Firefox/3.5"
98.137.207.151 - - [19/Aug/2013:20:37:55 -0400] "GET /widgets/gen_307.1.gif HTTP/1.1" 200 1072 "http://www.crawlspaceconcepts.com/gpage1.html" "Mozilla/5.0 (compatible; Yahoo! Slurp/3.0; http://help.yahoo.com/help/us/ysearch/slurp) NOT Firefox/3.5"
98.137.207.151 - - [19/Aug/2013:20:37:55 -0400] "GET /widgets/gen_300.1.gif HTTP/1.1" 200 77 "http://www.crawlspaceconcepts.com/gpage1.html" "Mozilla/5.0 (compatible; Yahoo! Slurp/3.0; http://help.yahoo.com/help/us/ysearch/slurp) NOT Firefox/3.5"
12.234.10.67 - - [19/Aug/2013:14:07:01 -0400] "GET / HTTP/1.0" 200 2462 "http://www.google.com/url?sa=t&rct=j&q=&esrc=s&source=web&cd=10&sqi=2&ved=0CIIBEBYwCQ&url=http%3A%2F%2Fwww.crawlspaceconcepts.com%2F&ei=Ll0SUpm3CobZ2wWQ8IDgAQ&usg=AFQjCNFMH-63mwIGP1jDACjY60LbwE3-vQ&sig2=6MoBojsaMIT6PIv2OYSCew" "Mozilla/5.0 (Windows NT 5.1; rv:23.0) Gecko/20100101 Firefox/23.0"
12.234.10.67 - - [19/Aug/2013:14:07:01 -0400] "GET /START16_LDIntro.swf HTTP/1.0" 200 3895821 "http://www.crawlspaceconcepts.com/" "Mozilla/5.0 (Windows NT 5.1; rv:23.0) Gecko/20100101 Firefox/23.0"
12.234.10.67 - - [19/Aug/2013:14:07:04 -0400] "GET /favicon.ico HTTP/1.0" 404 575 "-" "Mozilla/5.0 (Windows NT 5.1; rv:23.0) Gecko/20100101 Firefox/23.0"
68.60.177.171 - - [19/Aug/2013:13:10:06 -0400] "GET /HouseMovieFSTR.swf HTTP/1.1" 200 1837883 "http://www.crawlspaceconcepts.com/START16_LDIntro.swf" "Mozilla/5.0 (Windows NT 6.1; WOW64; rv:23.0) Gecko/20100101 Firefox/23.0"
100.43.83.156 - - [19/Aug/2013:00:53:01 -0400] "GET /robots.txt HTTP/1.1" 200 67 "-" "Mozilla/5.0 (compatible; YandexBot/3.0; +http://yandex.com/bots)"
66.249.75.149 - - [19/Aug/2013:21:13:22 -0400] "GET /robots.txt HTTP/1.1" 200 67 "-" "Mozilla/5.0 (compatible; Googlebot/2.1; +http://www.google.com/bot.html)"
66.249.75.149 - - [19/Aug/2013:21:13:22 -0400] "GET / HTTP/1.1" 200 2462 "-" "Mozilla/5.0 (iPhone; U; CPU iPhone OS 4_1 like Mac OS X; en-us) AppleWebKit/532.9 (KHTML, like Gecko) Version/4.0.5 Mobile/8B117 Safari/6531.22.7 (compatible; Googlebot-Mobile/2.1; +http://www.google.com/bot.html)"
46.119.118.152 - - [19/Aug/2013:12:16:36 -0400] "GET / HTTP/1.1" 200 2462 "http://murbook.com/" "Mozilla/4.0 (compatible; MSIE 6.0; AOL 9.0; Windows NT 5.1)"
192.96.204.42 - - [19/Aug/2013:23:22:28 -0400] "GET /robots.txt HTTP/1.1" 200 67 "http://domainsigma.com/whois/crawlspaceconcepts.com" "Mozilla/4.0 (compatible; MSIE 5.5; Windows NT)"
98.137.207.168 - - [19/Aug/2013:16:23:33 -0400] "GET /contact.html HTTP/1.1" 200 14094 "-" "Mozilla/5.0 (compatible; Yahoo! Slurp/3.0; http://help.yahoo.com/help/us/ysearch/slurp) NOT Firefox/3.5"
98.137.207.168 - - [19/Aug/2013:16:23:33 -0400] "GET /widgets/gen_293.1.gif HTTP/1.1" 200 4377 "http://www.crawlspaceconcepts.com/contact.html" "Mozilla/5.0 (compatible; Yahoo! Slurp/3.0; http://help.yahoo.com/help/us/ysearch/slurp) NOT Firefox/3.5"
98.137.207.168 - - [19/Aug/2013:16:23:33 -0400] "GET /widgets/gen_305.1.gif HTTP/1.1" 200 1029 "http://www.crawlspaceconcepts.com/contact.html" "Mozilla/5.0 (compatible; Yahoo! Slurp/3.0; http://help.yahoo.com/help/us/ysearch/slurp) NOT Firefox/3.5"
98.137.207.168 - - [19/Aug/2013:16:23:33 -0400] "GET /widgets/gen_298.1.gif HTTP/1.1" 200 1173 "http://www.crawlspaceconcepts.com/contact.html" "Mozilla/5.0 (compatible; Yahoo! Slurp/3.0; http://help.yahoo.com/help/us/ysearch/slurp) NOT Firefox/3.5"
98.137.207.168 - - [19/Aug/2013:16:23:33 -0400] "GET /widgets/spacer.gif HTTP/1.1" 200 51 "http://www.crawlspaceconcepts.com/contact.html" "Mozilla/5.0 (compatible; Yahoo! Slurp/3.0; http://help.yahoo.com/help/us/ysearch/slurp) NOT Firefox/3.5"
107.45.196.131 - - [19/Aug/2013:11:32:59 -0400] "GET /HouseMovieFSTR.swf HTTP/1.1" 200 1837883 "http://www.crawlspaceconcepts.com/START16_LDIntro.swf" "Mozilla/5.0 (Linux; U; Android 2.3.5; en-us; Sprint APA9292KT Build/GRJ90) AppleWebKit/533.1 (KHTML, like Gecko) Version/4.0 Mobile Safari/533.1"
65.36.241.77 - - [19/Aug/2013:09:51:45 -0400] "HEAD / HTTP/1.1" 200 - "-" "InternetSeer.com"
66.249.75.172 - - [19/Aug/2013:11:35:51 -0400] "GET /START16_LDIntro.swf HTTP/1.1" 200 3895821 "-" "Mozilla/5.0 (iPhone; U; CPU iPhone OS 4_1 like Mac OS X; en-us) AppleWebKit/532.9 (KHTML, like Gecko) Version/4.0.5 Mobile/8B117 Safari/6531.22.7 (compatible; Googlebot-Mobile/2.1; +http://www.google.com/bot.html)"
46.118.126.194 - - [19/Aug/2013:17:55:14 -0400] "GET / HTTP/1.1" 200 2462 "http://soptv.ru/" "Mozilla/4.0 (compatible; MSIE 6.0; AOL 9.0; Windows NT 5.1)"
91.207.9.226 - - [19/Aug/2013:13:02:45 -0400] "GET / HTTP/1.1" 200 2462 "http://moregirls.org/" "Opera/9.00 (Windows NT 4.0; U; en)"
209.119.172.130 - - [19/Aug/2013:13:59:04 -0400] "GET /HouseMovieFSTR.swf HTTP/1.1" 200 1837883 "http://www.crawlspaceconcepts.com/START16_LDIntro.swf" "Mozilla/5.0 (compatible; MSIE 9.0; Windows NT 6.1; WOW64; Trident/5.0)"
65.36.241.77 - - [19/Aug/2013:20:37:35 -0400] "HEAD / HTTP/1.1" 200 - "-" "InternetSeer.com"
46.118.126.194 - - [19/Aug/2013:17:55:14 -0400] "GET / HTTP/1.1" 200 2462 "http://wmcbank.com/" "Mozilla/4.0 (compatible; MSIE 6.0; AOL 9.0; Windows NT 5.1)"
65.36.241.77 - - [19/Aug/2013:19:04:25 -0400] "HEAD / HTTP/1.1" 200 - "-" "InternetSeer.com"
66.249.75.172 - - [19/Aug/2013:00:15:24 -0400] "GET /START16_LDIntro.swf HTTP/1.1" 304 - "-" "Mozilla/5.0 (compatible; Googlebot/2.1; +http://www.google.com/bot.html)"
101.226.169.218 - - [19/Aug/2013:22:29:43 -0400] "GET /robots.txt HTTP/1.1" 200 67 "http://crawlspaceconcepts.com/robots.txt" "Mozilla/4.0 (compatible; MSIE 8.0; Windows NT 6.1; Trident/4.0; SLCC2; .NET CLR 2.0.50727; .NET CLR 3.5.30729; .NET CLR 3.0.30729; Media Center PC 6.0; MDDR; .NET4.0C; .NET4.0E; .NET CLR 1.1.4322; Tablet PC 2.0); 360Spider"
157.55.33.50 - - [19/Aug/2013:06:21:59 -0400] "GET /robots.txt HTTP/1.1" 200 67 "-" "Mozilla/5.0 (compatible; bingbot/2.0; +http://www.bing.com/bingbot.htm)"
180.76.5.166 - - [19/Aug/2013:19:57:46 -0400] "GET / HTTP/1.1" 304 - "-" "Mozilla/5.0 (compatible; Baiduspider/2.0; +http://www.baidu.com/search/spider.html)"
65.36.241.77 - - [19/Aug/2013:01:19:17 -0400] "HEAD / HTTP/1.1" 200 - "-" "InternetSeer.com"
65.36.241.77 - - [19/Aug/2013:21:40:17 -0400] "HEAD / HTTP/1.1" 200 - "-" "InternetSeer.com"
50.163.58.92 - - [19/Aug/2013:13:25:29 -0400] "GET / HTTP/1.1" 200 2462 "https://www.google.com/" "Mozilla/5.0 (Windows NT 6.2; WOW64) AppleWebKit/537.36 (KHTML, like Gecko) Chrome/28.0.1500.95 Safari/537.36"
50.163.58.92 - - [19/Aug/2013:13:25:29 -0400] "GET /favicon.ico HTTP/1.1" 404 575 "-" "Mozilla/5.0 (Windows NT 6.2; WOW64) AppleWebKit/537.36 (KHTML, like Gecko) Chrome/28.0.1500.95 Safari/537.36"
107.45.196.131 - - [19/Aug/2013:11:32:48 -0400] "GET /START16_LDIntro.swf HTTP/1.1" 200 3895821 "http://www.crawlspaceconcepts.com/" "Mozilla/5.0 (Linux; U; Android 2.3.5; en-us; Sprint APA9292KT Build/GRJ90) AppleWebKit/533.1 (KHTML, like Gecko) Version/4.0 Mobile Safari/533.1"
96.37.65.151 - - [19/Aug/2013:15:16:01 -0400] "GET /HouseMovieFSTR.swf HTTP/1.1" 200 1837883 "http://crawlspaceconcepts.com/START16_LDIntro.swf" "Mozilla/4.0 (compatible; MSIE 8.0; Windows NT 5.1; Trident/4.0; .NET CLR 1.1.4322)"
96.37.65.151 - - [19/Aug/2013:15:16:02 -0400] "GET /favicon.ico HTTP/1.1" 404 575 "-" "Mozilla/4.0 (compatible; MSIE 8.0; Windows NT 5.1; Trident/4.0; .NET CLR 1.1.4322)"
46.119.118.152 - - [19/Aug/2013:17:41:26 -0400] "GET / HTTP/1.1" 200 2462 "http://ilya-muromec.ru/" "Mozilla/4.61 [en] (X11; U; ) - BrowseX (2.0.0 Windows)"
50.163.58.92 - - [19/Aug/2013:13:33:03 -0400] "GET /favicon.ico HTTP/1.1" 404 575 "-" "Mozilla/5.0 (Windows NT 6.2; WOW64) AppleWebKit/537.36 (KHTML, like Gecko) Chrome/28.0.1500.95 Safari/537.36"
98.137.207.168 - - [19/Aug/2013:16:23:33 -0400] "GET /widgets/gen_294.1.gif HTTP/1.1" 200 8140 "http://www.crawlspaceconcepts.com/contact.html" "Mozilla/5.0 (compatible; Yahoo! Slurp/3.0; http://help.yahoo.com/help/us/ysearch/slurp) NOT Firefox/3.5"
98.137.207.168 - - [19/Aug/2013:16:23:33 -0400] "GET /widgets/gen_301.1.gif HTTP/1.1" 200 82 "http://www.crawlspaceconcepts.com/contact.html" "Mozilla/5.0 (compatible; Yahoo! Slurp/3.0; http://help.yahoo.com/help/us/ysearch/slurp) NOT Firefox/3.5"
65.36.241.77 - - [19/Aug/2013:23:57:28 -0400] "HEAD / HTTP/1.1" 200 - "-" "InternetSeer.com"
91.207.9.226 - - [19/Aug/2013:13:02:45 -0400] "GET / HTTP/1.1" 200 2462 "http://moregirls.org/" "Opera/9.00 (Windows NT 4.0; U; en)"
91.207.9.226 - - [19/Aug/2013:13:03:03 -0400] "GET / HTTP/1.1" 200 2462 "http://www.triados.ru/" "Mozilla/4.0 (compatible; MSIE 6.0; Windows NT 5.0)"
66.249.75.172 - - [19/Aug/2013:08:55:35 -0400] "GET / HTTP/1.1" 200 2462 "-" "Mozilla/5.0 (compatible; Googlebot/2.1; +http://www.google.com/bot.html)"
50.163.58.92 - - [19/Aug/2013:13:31:34 -0400] "GET /favicon.ico HTTP/1.1" 404 575 "-" "Mozilla/5.0 (Windows NT 6.2; WOW64) AppleWebKit/537.36 (KHTML, like Gecko) Chrome/28.0.1500.95 Safari/537.36"
97.73.64.142 - - [19/Aug/2013:20:33:42 -0400] "GET /favicon.ico HTTP/1.1" 404 575 "http://www.crawlspaceconcepts.com/" "Mozilla/5.0 (Linux; U; Android 4.1.2; en-us; DROID RAZR Build/9.8.2O-72_VZW-16) AppleWebKit/534.30 (KHTML, like Gecko) Version/4.0 Mobile Safari/534.30"
91.207.9.226 - - [19/Aug/2013:13:03:02 -0400] "GET / HTTP/1.1" 200 2462 "http://www.triados.ru/" "Mozilla/4.0 (compatible; MSIE 6.0; Windows NT 5.0)"
68.60.177.171 - - [19/Aug/2013:13:10:05 -0400] "GET / HTTP/1.1" 200 2462 "http://www.google.com/url?sa=t&rct=j&q=&esrc=s&source=web&cd=1&ved=0CEgQFjAA&url=http%3A%2F%2Fwww.crawlspaceconcepts.com%2F&ei=ZVESUpDZIs-GyQGVj4Bo&usg=AFQjCNFMH-63mwIGP1jDACjY60LbwE3-vQ&bvm=bv.50768961,d.aWc" "Mozilla/5.0 (Windows NT 6.1; WOW64; rv:23.0) Gecko/20100101 Firefox/23.0"
68.60.177.171 - - [19/Aug/2013:13:10:05 -0400] "GET /START16_LDIntro.swf HTTP/1.1" 200 3895821 "http://www.crawlspaceconcepts.com/" "Mozilla/5.0 (Windows NT 6.1; WOW64; rv:23.0) Gecko/20100101 Firefox/23.0"
68.60.177.171 - - [19/Aug/2013:13:10:10 -0400] "GET /favicon.ico HTTP/1.1" 404 575 "-" "Mozilla/5.0 (Windows NT 6.1; WOW64; rv:23.0) Gecko/20100101 Firefox/23.0"
68.60.177.171 - - [19/Aug/2013:13:10:10 -0400] "GET /favicon.ico HTTP/1.1" 404 575 "-" "Mozilla/5.0 (Windows NT 6.1; WOW64; rv:23.0) Gecko/20100101 Firefox/23.0"
209.119.172.130 - - [19/Aug/2013:13:59:04 -0400] "GET /START16_LDIntro.swf HTTP/1.1" 200 3895821 "http://www.crawlspaceconcepts.com/" "Mozilla/5.0 (compatible; MSIE 9.0; Windows NT 6.1; WOW64; Trident/5.0)"
209.119.172.130 - - [19/Aug/2013:13:59:05 -0400] "GET /favicon.ico HTTP/1.1" 404 575 "-" "Mozilla/5.0 (compatible; MSIE 9.0; Windows NT 6.1; WOW64; Trident/5.0)"
89.211.58.141 - - [19/Aug/2013:07:01:47 -0400] "GET / HTTP/1.1" 200 2462 "http://www.google.com.qa/url?sa=t&rct=j&q=&esrc=s&source=web&cd=1&ved=0CCwQFjAA&url=http%3A%2F%2Fwww.crawlspaceconcepts.com%2F&ei=FfsRUoOFKoeFtAbP-YDoCA&usg=AFQjCNFMH-63mwIGP1jDACjY60LbwE3-vQ&sig2=aRKSR88B-Om0AbQGFSN42A&bvm=bv.50768961,d.Yms" "Mozilla/5.0 (Macintosh; Intel Mac OS X 10.5; rv:16.0) Gecko/20100101 Firefox/16.0"
89.211.58.141 - - [19/Aug/2013:07:01:47 -0400] "GET /START16_LDIntro.swf HTTP/1.1" 200 3895821 "http://www.crawlspaceconcepts.com/" "Mozilla/5.0 (Macintosh; Intel Mac OS X 10.5; rv:16.0) Gecko/20100101 Firefox/16.0"
65.36.241.77 - - [19/Aug/2013:08:46:56 -0400] "HEAD / HTTP/1.1" 200 - "-" "InternetSeer.com"
65.36.241.77 - - [19/Aug/2013:16:17:38 -0400] "HEAD / HTTP/1.1" 200 - "-" "InternetSeer.com"
89.211.58.141 - - [19/Aug/2013:07:01:54 -0400] "GET /favicon.ico HTTP/1.1" 404 575 "-" "Mozilla/5.0 (Macintosh; Intel Mac OS X 10.5; rv:16.0) Gecko/20100101 Firefox/16.0"
46.118.126.194 - - [19/Aug/2013:17:55:15 -0400] "GET / HTTP/1.1" 200 2462 "http://soptv.ru/" "Mozilla/4.0 (compatible; MSIE 6.0; AOL 9.0; Windows NT 5.1)"
209.119.172.130 - - [19/Aug/2013:13:58:58 -0400] "GET / HTTP/1.1" 200 2462 "http://www.bing.com/local/Details.aspx?lid=YN873x106444834" "Mozilla/5.0 (compatible; MSIE 9.0; Windows NT 6.1; WOW64; Trident/5.0)"
98.137.207.151 - - [19/Aug/2013:20:37:55 -0400] "GET /widgets/gen_299.1.gif HTTP/1.1" 200 1625 "http://www.crawlspaceconcepts.com/gpage1.html" "Mozilla/5.0 (compatible; Yahoo! Slurp/3.0; http://help.yahoo.com/help/us/ysearch/slurp) NOT Firefox/3.5"
98.137.207.151 - - [19/Aug/2013:20:37:55 -0400] "GET /widgets/gen_305.1.gif HTTP/1.1" 200 1029 "http://www.crawlspaceconcepts.com/gpage1.html" "Mozilla/5.0 (compatible; Yahoo! Slurp/3.0; http://help.yahoo.com/help/us/ysearch/slurp) NOT Firefox/3.5"
98.137.207.151 - - [19/Aug/2013:20:37:55 -0400] "GET /widgets/gen_315.1.gif HTTP/1.1" 200 982 "http://www.crawlspaceconcepts.com/gpage1.html" "Mozilla/5.0 (compatible; Yahoo! Slurp/3.0; http://help.yahoo.com/help/us/ysearch/slurp) NOT Firefox/3.5"
91.207.9.226 - - [19/Aug/2013:13:02:44 -0400] "GET / HTTP/1.1" 200 2462 "http://moregirls.org/" "Opera/9.00 (Windows NT 4.0; U; en)"
46.119.118.152 - - [19/Aug/2013:17:41:27 -0400] "GET / HTTP/1.1" 200 2462 "http://ilya-muromec.ru/" "Mozilla/4.61 [en] (X11; U; ) - BrowseX (2.0.0 Windows)"
65.36.241.77 - - [19/Aug/2013:04:40:23 -0400] "HEAD / HTTP/1.1" 200 - "-" "InternetSeer.com"
221.194.156.186 - - [19/Aug/2013:10:32:52 -0400] "GET /robots.txt HTTP/1.0" 200 67 "http://www.crawlspaceconcepts.com/robots.txt" "Mozilla/4.0 (compatible; MSIE 8.0; Windows NT 5.1; Trident/4.0; .NET CLR 2.0.50727; .NET CLR 3.0.4506.2152; .NET CLR 3.5.30729)"
46.119.118.152 - - [19/Aug/2013:12:16:36 -0400] "GET / HTTP/1.1" 200 2462 "http://murbook.com/" "Mozilla/4.0 (compatible; MSIE 6.0; AOL 9.0; Windows NT 5.1)"
98.137.207.168 - - [19/Aug/2013:16:23:33 -0400] "GET /widgets/gen_299.1.gif HTTP/1.1" 200 1625 "http://www.crawlspaceconcepts.com/contact.html" "Mozilla/5.0 (compatible; Yahoo! Slurp/3.0; http://help.yahoo.com/help/us/ysearch/slurp) NOT Firefox/3.5"
98.137.207.168 - - [19/Aug/2013:16:23:33 -0400] "GET /widgets/gen_307.1.gif HTTP/1.1" 200 1072 "http://www.crawlspaceconcepts.com/contact.html" "Mozilla/5.0 (compatible; Yahoo! Slurp/3.0; http://help.yahoo.com/help/us/ysearch/slurp) NOT Firefox/3.5"
98.137.207.168 - - [19/Aug/2013:16:23:33 -0400] "GET /widgets/gen_300.1.gif HTTP/1.1" 200 77 "http://www.crawlspaceconcepts.com/contact.html" "Mozilla/5.0 (compatible; Yahoo! Slurp/3.0; http://help.yahoo.com/help/us/ysearch/slurp) NOT Firefox/3.5"
65.36.241.77 - - [19/Aug/2013:17:39:49 -0400] "HEAD / HTTP/1.1" 200 - "-" "InternetSeer.com"
46.118.126.194 - - [19/Aug/2013:17:55:15 -0400] "GET / HTTP/1.1" 200 2462 "http://soptv.ru/" "Mozilla/4.0 (compatible; MSIE 6.0; AOL 9.0; Windows NT 5.1)"
66.249.75.149 - - [19/Aug/2013:21:27:51 -0400] "GET /START16_LDIntro.swf HTTP/1.1" 200 3895821 "-" "Mozilla/5.0 (iPhone; U; CPU iPhone OS 4_1 like Mac OS X; en-us) AppleWebKit/532.9 (KHTML, like Gecko) Version/4.0.5 Mobile/8B117 Safari/6531.22.7 (compatible; Googlebot-Mobile/2.1; +http://www.google.com/bot.html)"
100.43.83.156 - - [19/Aug/2013:10:59:17 -0400] "GET /robots.txt HTTP/1.1" 200 67 "-" "Mozilla/5.0 (compatible; YandexBot/3.0; +http://yandex.com/bots)"
100.43.83.156 - - [19/Aug/2013:10:59:20 -0400] "GET / HTTP/1.1" 200 2462 "-" "Mozilla/5.0 (compatible; YandexBot/3.0; +http://yandex.com/bots)"
65.36.241.77 - - [19/Aug/2013:12:18:29 -0400] "HEAD / HTTP/1.1" 200 - "-" "InternetSeer.com"
98.137.207.168 - - [19/Aug/2013:16:23:33 -0400] "GET /widgets/gen_296.1.gif HTTP/1.1" 200 1928 "http://www.crawlspaceconcepts.com/contact.html" "Mozilla/5.0 (compatible; Yahoo! Slurp/3.0; http://help.yahoo.com/help/us/ysearch/slurp) NOT Firefox/3.5"
98.137.207.168 - - [19/Aug/2013:16:23:33 -0400] "GET /widgets/gen_309.1.gif HTTP/1.1" 200 1112 "http://www.crawlspaceconcepts.com/contact.html" "Mozilla/5.0 (compatible; Yahoo! Slurp/3.0; http://help.yahoo.com/help/us/ysearch/slurp) NOT Firefox/3.5"
98.137.207.168 - - [19/Aug/2013:16:23:33 -0400] "GET /widgets/gen_315.1.gif HTTP/1.1" 200 982 "http://www.crawlspaceconcepts.com/contact.html" "Mozilla/5.0 (compatible; Yahoo! Slurp/3.0; http://help.yahoo.com/help/us/ysearch/slurp) NOT Firefox/3.5"
65.36.241.77 - - [19/Aug/2013:07:33:00 -0400] "HEAD / HTTP/1.1" 200 - "-" "InternetSeer.com"
120.59.72.87 - - [19/Aug/2013:18:24:34 -0400] "GET / HTTP/1.1" 200 2462 "-" "-"
100.43.83.156 - - [19/Aug/2013:10:59:20 -0400] "GET /robots.txt HTTP/1.1" 200 67 "-" "Mozilla/5.0 (compatible; YandexBot/3.0; +http://yandex.com/bots)"
100.43.83.156 - - [19/Aug/2013:10:59:22 -0400] "GET / HTTP/1.1" 200 2462 "-" "Mozilla/5.0 (compatible; YandexBot/3.0; +http://yandex.com/bots)"
107.45.196.131 - - [19/Aug/2013:11:27:17 -0400] "GET /HouseMovieFSTR.swf HTTP/1.1" 200 1837883 "http://www.crawlspaceconcepts.com/START16_LDIntro.swf" "Mozilla/5.0 (Linux; U; Android 2.3.5; en-us; Sprint APA9292KT Build/GRJ90) AppleWebKit/533.1 (KHTML, like Gecko) Version/4.0 Mobile Safari/533.1"
98.137.207.168 - - [19/Aug/2013:16:23:33 -0400] "GET /widgets/gen_297.1.gif HTTP/1.1" 200 2108 "http://www.crawlspaceconcepts.com/contact.html" "Mozilla/5.0 (compatible; Yahoo! Slurp/3.0; http://help.yahoo.com/help/us/ysearch/slurp) NOT Firefox/3.5"
98.137.207.168 - - [19/Aug/2013:16:23:33 -0400] "GET /widgets/gen_311.1.gif HTTP/1.1" 200 1020 "http://www.crawlspaceconcepts.com/contact.html" "Mozilla/5.0 (compatible; Yahoo! Slurp/3.0; http://help.yahoo.com/help/us/ysearch/slurp) NOT Firefox/3.5"
98.137.207.168 - - [19/Aug/2013:16:23:33 -0400] "GET /widgets/gen_295.1.gif HTTP/1.1" 200 3552 "http://www.crawlspaceconcepts.com/contact.html" "Mozilla/5.0 (compatible; Yahoo! Slurp/3.0; http://help.yahoo.com/help/us/ysearch/slurp) NOT Firefox/3.5"
46.118.126.194 - - [19/Aug/2013:17:55:16 -0400] "GET / HTTP/1.1" 200 2462 "http://wmcbank.com/" "Mozilla/4.0 (compatible; MSIE 6.0; AOL 9.0; Windows NT 5.1)"
97.73.64.142 - - [19/Aug/2013:20:33:38 -0400] "GET / HTTP/1.1" 200 2462 "-" "Mozilla/5.0 (Linux; U; Android 4.1.2; en-us; DROID RAZR Build/9.8.2O-72_VZW-16) AppleWebKit/534.30 (KHTML, like Gecko) Version/4.0 Mobile Safari/534.30"
98.137.207.151 - - [19/Aug/2013:20:37:55 -0400] "GET /images/accent_process2.jpg HTTP/1.1" 200 10347 "http://www.crawlspaceconcepts.com/gpage1.html" "Mozilla/5.0 (compatible; Yahoo! Slurp/3.0; http://help.yahoo.com/help/us/ysearch/slurp) NOT Firefox/3.5"
98.137.207.151 - - [19/Aug/2013:20:37:55 -0400] "GET /widgets/spacer.gif HTTP/1.1" 200 51 "http://www.crawlspaceconcepts.com/gpage1.html" "Mozilla/5.0 (compatible; Yahoo! Slurp/3.0; http://help.yahoo.com/help/us/ysearch/slurp) NOT Firefox/3.5"
192.96.204.42 - - [19/Aug/2013:23:22:28 -0400] "GET /favicon.ico HTTP/1.1" 404 575 "-" "Mozilla/4.0 (compatible; MSIE 5.5; Windows NT)"
208.54.64.235 - - [19/Aug/2013:15:48:24 -0400] "GET / HTTP/1.1" 200 2462 "http://www.google.com/search?hl=en&redir_esc=&client=ms-android-hms-tmobile-us&source=android-launcher-widget&v=141400000&qsubts=1376941641193&q=crawlspace+concepts" "Mozilla/5.0 (Linux; U; Android 4.0.4; en-us; SGH-T769 Build/IMM76D) AppleWebKit/534.30 (KHTML, like Gecko) Version/4.0 Mobile Safari/534.30"
208.54.64.235 - - [19/Aug/2013:15:48:26 -0400] "GET /favicon.ico HTTP/1.1" 404 575 "http://www.crawlspaceconcepts.com/" "Mozilla/5.0 (Linux; U; Android 4.0.4; en-us; SGH-T769 Build/IMM76D) AppleWebKit/534.30 (KHTML, like Gecko) Version/4.0 Mobile Safari/534.30"
192.96.204.42 - - [19/Aug/2013:23:22:28 -0400] "GET /domainsigma_removal_91e5823cc9ae67fd26ced38cdbe7e15e5f25dbb8.html HTTP/1.1" 404 575 "-" "Mozilla/4.0 (compatible; MSIE 5.5; Windows NT)"
192.96.204.42 - - [19/Aug/2013:23:22:28 -0400] "GET / HTTP/1.0" 200 2462 "-" "Mozilla/4.0 (compatible; MSIE 5.5; Windows NT)"
100.43.83.156 - - [19/Aug/2013:02:44:56 -0400] "GET / HTTP/1.1" 200 2462 "-" "Mozilla/5.0 (compatible; YandexBot/3.0; +http://yandex.com/bots)"
65.36.241.77 - - [19/Aug/2013:13:33:59 -0400] "HEAD / HTTP/1.1" 200 - "-" "InternetSeer.com"
5.10.83.48 - - [19/Aug/2013:11:40:38 -0400] "GET /robots.txt HTTP/1.1" 200 67 "-" "Mozilla/5.0 (compatible; AhrefsBot/5.0; +http://ahrefs.com/robot/)"
46.119.118.152 - - [19/Aug/2013:17:41:26 -0400] "GET / HTTP/1.1" 200 2462 "http://ilya-muromec.ru/" "Mozilla/4.61 [en] (X11; U; ) - BrowseX (2.0.0 Windows)"
46.119.118.152 - - [19/Aug/2013:12:16:37 -0400] "GET / HTTP/1.1" 200 2462 "http://murbook.com/" "Mozilla/4.0 (compatible; MSIE 6.0; AOL 9.0; Windows NT 5.1)"
65.36.241.77 - - [19/Aug/2013:02:26:03 -0400] "HEAD / HTTP/1.1" 200 - "-" "InternetSeer.com"
100.43.83.156 - - [19/Aug/2013:10:59:54 -0400] "GET / HTTP/1.1" 200 2462 "-" "Mozilla/5.0 (compatible; YandexBot/3.0; +http://yandex.com/bots)"