0byt3m1n1
Path:
/
data
/
0
/
0
/
111
/
53
/
111379
/
meta
/
112906
/
logs
/
[
Home
]
File: x-access_log.2013-08-11
157.55.34.24 - - [11/Aug/2013:21:02:22 -0400] "GET /robots.txt HTTP/1.1" 200 25 "-" "Mozilla/5.0 (compatible; bingbot/2.0; +http://www.bing.com/bingbot.htm)"
24.17.21.122 - - [11/Aug/2013:23:06:39 -0400] "GET /upgradeorreplacement.html HTTP/1.1" 200 22582 "http://www.lenriggs.com/allupcomingclasses.html" "Mozilla/5.0 (compatible; MSIE 10.0; Windows NT 6.2; WOW64; Trident/6.0)"
24.17.21.122 - - [11/Aug/2013:23:06:39 -0400] "GET /scripts/15custom.css HTTP/1.1" 200 804 "http://www.lenriggs.com/upgradeorreplacement.html" "Mozilla/5.0 (compatible; MSIE 10.0; Windows NT 6.2; WOW64; Trident/6.0)"
109.120.157.179 - - [11/Aug/2013:13:54:49 -0400] "GET / HTTP/1.1" 200 19142 "http://seofan.info/" "Mozilla/5.0 (compatible; Add Catalog/2.1;)"
71.222.63.16 - - [11/Aug/2013:10:53:16 -0400] "GET /scripts/ic_globals_published.js HTTP/1.1" 200 566 "http://www.lenriggs.com/" "Mozilla/5.0 (iPad; CPU OS 6_1 like Mac OS X) AppleWebKit/536.26 (KHTML, like Gecko) Version/6.0 Mobile/10B141 Safari/8536.25"
71.222.63.16 - - [11/Aug/2013:10:53:16 -0400] "GET /scripts/1custom.css HTTP/1.1" 200 2157 "http://www.lenriggs.com/" "Mozilla/5.0 (iPad; CPU OS 6_1 like Mac OS X) AppleWebKit/536.26 (KHTML, like Gecko) Version/6.0 Mobile/10B141 Safari/8536.25"
71.222.63.16 - - [11/Aug/2013:10:53:16 -0400] "GET /scripts/icwebsiteelement.css HTTP/1.1" 200 8132 "http://www.lenriggs.com/" "Mozilla/5.0 (iPad; CPU OS 6_1 like Mac OS X) AppleWebKit/536.26 (KHTML, like Gecko) Version/6.0 Mobile/10B141 Safari/8536.25"
71.222.63.16 - - [11/Aug/2013:10:53:19 -0400] "GET /images/502_3.jpg HTTP/1.1" 200 24910 "http://www.lenriggs.com/" "Mozilla/5.0 (iPad; CPU OS 6_1 like Mac OS X) AppleWebKit/536.26 (KHTML, like Gecko) Version/6.0 Mobile/10B141 Safari/8536.25"
71.222.63.16 - - [11/Aug/2013:10:53:20 -0400] "GET /scripts/print.css HTTP/1.1" 200 12355 "http://www.lenriggs.com/" "Mozilla/5.0 (iPad; CPU OS 6_1 like Mac OS X) AppleWebKit/536.26 (KHTML, like Gecko) Version/6.0 Mobile/10B141 Safari/8536.25"
71.222.42.218 - - [11/Aug/2013:02:16:09 -0400] "GET /scripts/ic_globals_published.js HTTP/1.1" 200 566 "http://www.lenriggs.com/" "Mozilla/5.0 (Windows NT 6.0; WOW64) AppleWebKit/537.36 (KHTML, like Gecko) Chrome/28.0.1500.95 Safari/537.36"
71.222.42.218 - - [11/Aug/2013:02:16:09 -0400] "GET /scripts/icwebsiteelement.css HTTP/1.1" 200 8132 "http://www.lenriggs.com/" "Mozilla/5.0 (Windows NT 6.0; WOW64) AppleWebKit/537.36 (KHTML, like Gecko) Chrome/28.0.1500.95 Safari/537.36"
71.222.42.218 - - [11/Aug/2013:02:16:09 -0400] "GET /images/6.jpg HTTP/1.1" 200 5849 "http://www.lenriggs.com/" "Mozilla/5.0 (Windows NT 6.0; WOW64) AppleWebKit/537.36 (KHTML, like Gecko) Chrome/28.0.1500.95 Safari/537.36"
206.188.38.230 - - [11/Aug/2013:17:10:57 -0400] "GET /scripts/ic_globals_published.js HTTP/1.1" 304 - "http://lenriggs.com/" "Mozilla/4.0 (compatible; MSIE 8.0; Windows NT 5.1; Trident/4.0; chromeframe/28.0.1500.95; .NET CLR 1.1.4322; .NET CLR 2.0.50727; .NET CLR 3.0.04506.30; .NET CLR 3.0.04506.648; .NET CLR 3.0.4506.2152; .NET CLR 3.5.30729; InfoPath.2; .NET4.0C; .NET4.0E; Zune 4.7)"
98.247.82.232 - - [11/Aug/2013:17:50:58 -0400] "GET / HTTP/1.1" 200 19142 "-" "Mozilla/4.0 (compatible; MSIE 8.0; Windows NT 6.1; WOW64; Trident/4.0; GTB7.5; SLCC2; .NET CLR 2.0.50727; .NET CLR 3.5.30729; .NET CLR 3.0.30729; Media Center PC 6.0; .NET4.0C)"
76.104.243.98 - - [11/Aug/2013:05:09:28 -0400] "GET /scripts/ic_globals_published.js HTTP/1.1" 200 566 "http://lenriggs.com/" "Mozilla/4.0 (compatible; MSIE 8.0; Windows NT 5.1; Trident/4.0; GTB7.5; BTRS100149; .NET4.0C; BOIE8;ENUSMSE)"
76.104.243.98 - - [11/Aug/2013:05:09:28 -0400] "GET /scripts/print.css HTTP/1.1" 200 12355 "http://lenriggs.com/" "Mozilla/4.0 (compatible; MSIE 8.0; Windows NT 5.1; Trident/4.0; GTB7.5; BTRS100149; .NET4.0C; BOIE8;ENUSMSE)"
76.104.243.98 - - [11/Aug/2013:05:09:29 -0400] "GET /images/ic_059_slogan_bg_wide.png HTTP/1.1" 200 543 "http://lenriggs.com/" "Mozilla/4.0 (compatible; MSIE 8.0; Windows NT 5.1; Trident/4.0; GTB7.5; BTRS100149; .NET4.0C; BOIE8;ENUSMSE)"
68.11.199.20 - - [11/Aug/2013:18:12:13 -0400] "GET /apple-touch-icon-precomposed.png HTTP/1.1" 404 575 "-" "Mozilla/5.0 (Linux; Android 4.0.4; BNTV600 Build/IMM76L) AppleWebKit/537.31 (KHTML, like Gecko) Chrome/26.0.1410.58 Safari/537.31"
68.11.199.20 - - [11/Aug/2013:18:12:13 -0400] "GET /apple-touch-icon.png HTTP/1.1" 404 575 "-" "Mozilla/5.0 (Linux; Android 4.0.4; BNTV600 Build/IMM76L) AppleWebKit/537.31 (KHTML, like Gecko) Chrome/26.0.1410.58 Safari/537.31"
24.113.164.173 - - [11/Aug/2013:18:02:24 -0400] "GET /scripts/ic_globals_published.js HTTP/1.1" 200 566 "http://www.lenriggs.com/" "Mozilla/5.0 (Windows NT 5.1) AppleWebKit/537.36 (KHTML, like Gecko) Chrome/27.0.1453.110 Safari/537.36"
24.113.164.173 - - [11/Aug/2013:18:02:25 -0400] "GET /images/6.jpg HTTP/1.1" 200 5849 "http://www.lenriggs.com/" "Mozilla/5.0 (Windows NT 5.1) AppleWebKit/537.36 (KHTML, like Gecko) Chrome/27.0.1453.110 Safari/537.36"
206.188.38.230 - - [11/Aug/2013:16:48:22 -0400] "GET /scripts/user.js HTTP/1.1" 304 - "http://lenriggs.com/" "Mozilla/4.0 (compatible; MSIE 8.0; Windows NT 5.1; Trident/4.0; chromeframe/28.0.1500.95; .NET CLR 1.1.4322; .NET CLR 2.0.50727; .NET CLR 3.0.04506.30; .NET CLR 3.0.04506.648; .NET CLR 3.0.4506.2152; .NET CLR 3.5.30729; InfoPath.2; .NET4.0C; .NET4.0E; Zune 4.7)"
69.164.171.170 - - [11/Aug/2013:17:34:22 -0400] "GET /scripts/template.css HTTP/1.1" 304 - "http://lenriggs.com/" "Mozilla/4.0 (compatible; MSIE 8.0; Windows NT 6.1; WOW64; Trident/4.0; GTB7.5; SLCC2; .NET CLR 2.0.50727; .NET CLR 3.5.30729; .NET CLR 3.0.30729; Media Center PC 6.0)"
69.164.171.170 - - [11/Aug/2013:17:34:22 -0400] "GET /images/ic_059_navtopper_bg.png HTTP/1.1" 304 - "http://lenriggs.com/" "Mozilla/4.0 (compatible; MSIE 8.0; Windows NT 6.1; WOW64; Trident/4.0; GTB7.5; SLCC2; .NET CLR 2.0.50727; .NET CLR 3.5.30729; .NET CLR 3.0.30729; Media Center PC 6.0)"
71.222.63.16 - - [11/Aug/2013:10:53:16 -0400] "GET /scripts/website.css HTTP/1.1" 200 1727 "http://www.lenriggs.com/" "Mozilla/5.0 (iPad; CPU OS 6_1 like Mac OS X) AppleWebKit/536.26 (KHTML, like Gecko) Version/6.0 Mobile/10B141 Safari/8536.25"
71.222.63.16 - - [11/Aug/2013:10:53:19 -0400] "GET /images/ic_059_title_bg_wide.png HTTP/1.1" 200 3851 "http://www.lenriggs.com/" "Mozilla/5.0 (iPad; CPU OS 6_1 like Mac OS X) AppleWebKit/536.26 (KHTML, like Gecko) Version/6.0 Mobile/10B141 Safari/8536.25"
12.10.76.2 - - [11/Aug/2013:22:58:21 -0400] "GET /scripts/icwebsiteelement.css HTTP/1.0" 200 8132 "http://lenriggs.com/" "Mozilla/5.0 (compatible; MSIE 9.10; Windows NT 6.1; WOW64; Trident/6.0; SiteKiosk 7.8 Build 332)"
81.169.139.145 - - [11/Aug/2013:12:32:18 -0400] "GET / HTTP/1.1" 200 19142 "-" "Mozilla/5.0 (Windows NT 6.1; WOW64) AppleWebKit/537.17 (KHTML, like Gecko) Chrome/24.0.1312.56 Safari/537.17"
24.18.48.248 - - [11/Aug/2013:14:26:30 -0400] "GET /scripts/user.js HTTP/1.1" 200 23762 "http://lenriggs.com/" "Mozilla/5.0 (compatible; MSIE 9.0; Windows NT 6.1; WOW64; Trident/5.0)"
157.55.34.24 - - [11/Aug/2013:21:02:22 -0400] "GET /robots.txt HTTP/1.1" 200 25 "-" "Mozilla/5.0 (compatible; bingbot/2.0; +http://www.bing.com/bingbot.htm)"
24.17.21.122 - - [11/Aug/2013:23:06:39 -0400] "GET /upgradeorreplacement.html HTTP/1.1" 200 22582 "http://www.lenriggs.com/allupcomingclasses.html" "Mozilla/5.0 (compatible; MSIE 10.0; Windows NT 6.2; WOW64; Trident/6.0)"
24.17.21.122 - - [11/Aug/2013:23:06:39 -0400] "GET /scripts/15custom.css HTTP/1.1" 200 804 "http://www.lenriggs.com/upgradeorreplacement.html" "Mozilla/5.0 (compatible; MSIE 10.0; Windows NT 6.2; WOW64; Trident/6.0)"
109.120.157.179 - - [11/Aug/2013:13:54:49 -0400] "GET / HTTP/1.1" 200 19142 "http://seofan.info/" "Mozilla/5.0 (compatible; Add Catalog/2.1;)"
71.222.63.16 - - [11/Aug/2013:10:53:16 -0400] "GET /scripts/ic_globals_published.js HTTP/1.1" 200 566 "http://www.lenriggs.com/" "Mozilla/5.0 (iPad; CPU OS 6_1 like Mac OS X) AppleWebKit/536.26 (KHTML, like Gecko) Version/6.0 Mobile/10B141 Safari/8536.25"
71.222.63.16 - - [11/Aug/2013:10:53:16 -0400] "GET /scripts/1custom.css HTTP/1.1" 200 2157 "http://www.lenriggs.com/" "Mozilla/5.0 (iPad; CPU OS 6_1 like Mac OS X) AppleWebKit/536.26 (KHTML, like Gecko) Version/6.0 Mobile/10B141 Safari/8536.25"
71.222.63.16 - - [11/Aug/2013:10:53:16 -0400] "GET /scripts/icwebsiteelement.css HTTP/1.1" 200 8132 "http://www.lenriggs.com/" "Mozilla/5.0 (iPad; CPU OS 6_1 like Mac OS X) AppleWebKit/536.26 (KHTML, like Gecko) Version/6.0 Mobile/10B141 Safari/8536.25"
71.222.63.16 - - [11/Aug/2013:10:53:19 -0400] "GET /images/502_3.jpg HTTP/1.1" 200 24910 "http://www.lenriggs.com/" "Mozilla/5.0 (iPad; CPU OS 6_1 like Mac OS X) AppleWebKit/536.26 (KHTML, like Gecko) Version/6.0 Mobile/10B141 Safari/8536.25"
71.222.63.16 - - [11/Aug/2013:10:53:20 -0400] "GET /scripts/print.css HTTP/1.1" 200 12355 "http://www.lenriggs.com/" "Mozilla/5.0 (iPad; CPU OS 6_1 like Mac OS X) AppleWebKit/536.26 (KHTML, like Gecko) Version/6.0 Mobile/10B141 Safari/8536.25"
71.222.42.218 - - [11/Aug/2013:02:16:09 -0400] "GET /scripts/ic_globals_published.js HTTP/1.1" 200 566 "http://www.lenriggs.com/" "Mozilla/5.0 (Windows NT 6.0; WOW64) AppleWebKit/537.36 (KHTML, like Gecko) Chrome/28.0.1500.95 Safari/537.36"
71.222.42.218 - - [11/Aug/2013:02:16:09 -0400] "GET /scripts/icwebsiteelement.css HTTP/1.1" 200 8132 "http://www.lenriggs.com/" "Mozilla/5.0 (Windows NT 6.0; WOW64) AppleWebKit/537.36 (KHTML, like Gecko) Chrome/28.0.1500.95 Safari/537.36"
71.222.42.218 - - [11/Aug/2013:02:16:09 -0400] "GET /images/6.jpg HTTP/1.1" 200 5849 "http://www.lenriggs.com/" "Mozilla/5.0 (Windows NT 6.0; WOW64) AppleWebKit/537.36 (KHTML, like Gecko) Chrome/28.0.1500.95 Safari/537.36"
206.188.38.230 - - [11/Aug/2013:17:10:57 -0400] "GET /scripts/ic_globals_published.js HTTP/1.1" 304 - "http://lenriggs.com/" "Mozilla/4.0 (compatible; MSIE 8.0; Windows NT 5.1; Trident/4.0; chromeframe/28.0.1500.95; .NET CLR 1.1.4322; .NET CLR 2.0.50727; .NET CLR 3.0.04506.30; .NET CLR 3.0.04506.648; .NET CLR 3.0.4506.2152; .NET CLR 3.5.30729; InfoPath.2; .NET4.0C; .NET4.0E; Zune 4.7)"
98.247.82.232 - - [11/Aug/2013:17:50:58 -0400] "GET / HTTP/1.1" 200 19142 "-" "Mozilla/4.0 (compatible; MSIE 8.0; Windows NT 6.1; WOW64; Trident/4.0; GTB7.5; SLCC2; .NET CLR 2.0.50727; .NET CLR 3.5.30729; .NET CLR 3.0.30729; Media Center PC 6.0; .NET4.0C)"
76.104.243.98 - - [11/Aug/2013:05:09:28 -0400] "GET /scripts/ic_globals_published.js HTTP/1.1" 200 566 "http://lenriggs.com/" "Mozilla/4.0 (compatible; MSIE 8.0; Windows NT 5.1; Trident/4.0; GTB7.5; BTRS100149; .NET4.0C; BOIE8;ENUSMSE)"
76.104.243.98 - - [11/Aug/2013:05:09:28 -0400] "GET /scripts/print.css HTTP/1.1" 200 12355 "http://lenriggs.com/" "Mozilla/4.0 (compatible; MSIE 8.0; Windows NT 5.1; Trident/4.0; GTB7.5; BTRS100149; .NET4.0C; BOIE8;ENUSMSE)"
76.104.243.98 - - [11/Aug/2013:05:09:29 -0400] "GET /images/ic_059_slogan_bg_wide.png HTTP/1.1" 200 543 "http://lenriggs.com/" "Mozilla/4.0 (compatible; MSIE 8.0; Windows NT 5.1; Trident/4.0; GTB7.5; BTRS100149; .NET4.0C; BOIE8;ENUSMSE)"
68.11.199.20 - - [11/Aug/2013:18:12:13 -0400] "GET /apple-touch-icon-precomposed.png HTTP/1.1" 404 575 "-" "Mozilla/5.0 (Linux; Android 4.0.4; BNTV600 Build/IMM76L) AppleWebKit/537.31 (KHTML, like Gecko) Chrome/26.0.1410.58 Safari/537.31"
68.11.199.20 - - [11/Aug/2013:18:12:13 -0400] "GET /apple-touch-icon.png HTTP/1.1" 404 575 "-" "Mozilla/5.0 (Linux; Android 4.0.4; BNTV600 Build/IMM76L) AppleWebKit/537.31 (KHTML, like Gecko) Chrome/26.0.1410.58 Safari/537.31"
24.113.164.173 - - [11/Aug/2013:18:02:24 -0400] "GET /scripts/ic_globals_published.js HTTP/1.1" 200 566 "http://www.lenriggs.com/" "Mozilla/5.0 (Windows NT 5.1) AppleWebKit/537.36 (KHTML, like Gecko) Chrome/27.0.1453.110 Safari/537.36"
24.113.164.173 - - [11/Aug/2013:18:02:25 -0400] "GET /images/6.jpg HTTP/1.1" 200 5849 "http://www.lenriggs.com/" "Mozilla/5.0 (Windows NT 5.1) AppleWebKit/537.36 (KHTML, like Gecko) Chrome/27.0.1453.110 Safari/537.36"
206.188.38.230 - - [11/Aug/2013:16:48:22 -0400] "GET /scripts/user.js HTTP/1.1" 304 - "http://lenriggs.com/" "Mozilla/4.0 (compatible; MSIE 8.0; Windows NT 5.1; Trident/4.0; chromeframe/28.0.1500.95; .NET CLR 1.1.4322; .NET CLR 2.0.50727; .NET CLR 3.0.04506.30; .NET CLR 3.0.04506.648; .NET CLR 3.0.4506.2152; .NET CLR 3.5.30729; InfoPath.2; .NET4.0C; .NET4.0E; Zune 4.7)"
69.164.171.170 - - [11/Aug/2013:17:34:22 -0400] "GET /scripts/template.css HTTP/1.1" 304 - "http://lenriggs.com/" "Mozilla/4.0 (compatible; MSIE 8.0; Windows NT 6.1; WOW64; Trident/4.0; GTB7.5; SLCC2; .NET CLR 2.0.50727; .NET CLR 3.5.30729; .NET CLR 3.0.30729; Media Center PC 6.0)"
69.164.171.170 - - [11/Aug/2013:17:34:22 -0400] "GET /images/ic_059_navtopper_bg.png HTTP/1.1" 304 - "http://lenriggs.com/" "Mozilla/4.0 (compatible; MSIE 8.0; Windows NT 6.1; WOW64; Trident/4.0; GTB7.5; SLCC2; .NET CLR 2.0.50727; .NET CLR 3.5.30729; .NET CLR 3.0.30729; Media Center PC 6.0)"
71.222.63.16 - - [11/Aug/2013:10:53:16 -0400] "GET /scripts/website.css HTTP/1.1" 200 1727 "http://www.lenriggs.com/" "Mozilla/5.0 (iPad; CPU OS 6_1 like Mac OS X) AppleWebKit/536.26 (KHTML, like Gecko) Version/6.0 Mobile/10B141 Safari/8536.25"
71.222.63.16 - - [11/Aug/2013:10:53:19 -0400] "GET /images/ic_059_title_bg_wide.png HTTP/1.1" 200 3851 "http://www.lenriggs.com/" "Mozilla/5.0 (iPad; CPU OS 6_1 like Mac OS X) AppleWebKit/536.26 (KHTML, like Gecko) Version/6.0 Mobile/10B141 Safari/8536.25"
12.10.76.2 - - [11/Aug/2013:22:58:21 -0400] "GET /scripts/icwebsiteelement.css HTTP/1.0" 200 8132 "http://lenriggs.com/" "Mozilla/5.0 (compatible; MSIE 9.10; Windows NT 6.1; WOW64; Trident/6.0; SiteKiosk 7.8 Build 332)"
81.169.139.145 - - [11/Aug/2013:12:32:18 -0400] "GET / HTTP/1.1" 200 19142 "-" "Mozilla/5.0 (Windows NT 6.1; WOW64) AppleWebKit/537.17 (KHTML, like Gecko) Chrome/24.0.1312.56 Safari/537.17"
24.18.48.248 - - [11/Aug/2013:14:26:30 -0400] "GET /scripts/user.js HTTP/1.1" 200 23762 "http://lenriggs.com/" "Mozilla/5.0 (compatible; MSIE 9.0; Windows NT 6.1; WOW64; Trident/5.0)"
157.55.34.24 - - [11/Aug/2013:07:58:54 -0400] "GET /robots.txt HTTP/1.1" 200 25 "-" "Mozilla/5.0 (compatible; bingbot/2.0; +http://www.bing.com/bingbot.htm)"
206.188.38.230 - - [11/Aug/2013:17:15:32 -0400] "GET / HTTP/1.1" 200 19142 "-" "Mozilla/4.0 (compatible; MSIE 8.0; Windows NT 5.1; Trident/4.0; chromeframe/28.0.1500.95; .NET CLR 1.1.4322; .NET CLR 2.0.50727; .NET CLR 3.0.04506.30; .NET CLR 3.0.04506.648; .NET CLR 3.0.4506.2152; .NET CLR 3.5.30729; InfoPath.2; .NET4.0C; .NET4.0E; Zune 4.7)"
206.188.38.230 - - [11/Aug/2013:17:15:32 -0400] "GET /scripts/print.css HTTP/1.1" 304 - "http://lenriggs.com/" "Mozilla/4.0 (compatible; MSIE 8.0; Windows NT 5.1; Trident/4.0; chromeframe/28.0.1500.95; .NET CLR 1.1.4322; .NET CLR 2.0.50727; .NET CLR 3.0.04506.30; .NET CLR 3.0.04506.648; .NET CLR 3.0.4506.2152; .NET CLR 3.5.30729; InfoPath.2; .NET4.0C; .NET4.0E; Zune 4.7)"
206.188.38.230 - - [11/Aug/2013:17:15:33 -0400] "GET /images/ic_059_slogan_bg_wide.png HTTP/1.1" 304 - "http://lenriggs.com/" "Mozilla/4.0 (compatible; MSIE 8.0; Windows NT 5.1; Trident/4.0; chromeframe/28.0.1500.95; .NET CLR 1.1.4322; .NET CLR 2.0.50727; .NET CLR 3.0.04506.30; .NET CLR 3.0.04506.648; .NET CLR 3.0.4506.2152; .NET CLR 3.5.30729; InfoPath.2; .NET4.0C; .NET4.0E; Zune 4.7)"
69.164.171.170 - - [11/Aug/2013:17:26:32 -0400] "GET /scripts/user.js HTTP/1.1" 200 23762 "http://lenriggs.com/" "Mozilla/4.0 (compatible; MSIE 8.0; Windows NT 6.1; WOW64; Trident/4.0; GTB7.5; SLCC2; .NET CLR 2.0.50727; .NET CLR 3.5.30729; .NET CLR 3.0.30729; Media Center PC 6.0)"
69.164.171.170 - - [11/Aug/2013:17:26:33 -0400] "GET /images/ic_059_slogan_bg_wide.png HTTP/1.1" 200 543 "http://lenriggs.com/" "Mozilla/4.0 (compatible; MSIE 8.0; Windows NT 6.1; WOW64; Trident/4.0; GTB7.5; SLCC2; .NET CLR 2.0.50727; .NET CLR 3.5.30729; .NET CLR 3.0.30729; Media Center PC 6.0)"
180.76.5.55 - - [11/Aug/2013:09:58:21 -0400] "GET / HTTP/1.1" 200 19142 "-" "Mozilla/5.0 (compatible; Baiduspider/2.0; +http://www.baidu.com/search/spider.html)"
157.55.32.52 - - [11/Aug/2013:10:32:56 -0400] "GET /robots.txt HTTP/1.1" 200 25 "-" "Mozilla/5.0 (compatible; bingbot/2.0; +http://www.bing.com/bingbot.htm)"
12.10.76.2 - - [11/Aug/2013:22:58:21 -0400] "GET /scripts/user.js HTTP/1.0" 200 23762 "http://lenriggs.com/" "Mozilla/5.0 (compatible; MSIE 9.10; Windows NT 6.1; WOW64; Trident/6.0; SiteKiosk 7.8 Build 332)"
70.199.131.10 - - [11/Aug/2013:06:02:36 -0400] "GET /scripts/photoalbum.js HTTP/1.1" 304 - "http://www.lenriggs.com/" "Mozilla/5.0 (Linux; U; Android 4.1.2; en-us; DROID BIONIC Build/9.8.2O-72_VZW-22) AppleWebKit/534.30 (KHTML, like Gecko) Version/4.0 Mobile Safari/534.30"
24.16.180.23 - - [11/Aug/2013:12:48:09 -0400] "GET /allupcomingclasses.html HTTP/1.1" 200 19142 "-" "Mozilla/5.0 (Macintosh; Intel Mac OS X 10_8_2) AppleWebKit/536.26.17 (KHTML, like Gecko) Version/6.0.2 Safari/536.26.17"
24.16.180.23 - - [11/Aug/2013:12:48:09 -0400] "GET /scripts/user.js HTTP/1.1" 200 23762 "http://www.lenriggs.com/allupcomingclasses.html" "Mozilla/5.0 (Macintosh; Intel Mac OS X 10_8_2) AppleWebKit/536.26.17 (KHTML, like Gecko) Version/6.0.2 Safari/536.26.17"
24.16.180.23 - - [11/Aug/2013:12:48:09 -0400] "GET /scripts/website.css HTTP/1.1" 200 1727 "http://www.lenriggs.com/allupcomingclasses.html" "Mozilla/5.0 (Macintosh; Intel Mac OS X 10_8_2) AppleWebKit/536.26.17 (KHTML, like Gecko) Version/6.0.2 Safari/536.26.17"
24.16.180.23 - - [11/Aug/2013:12:48:10 -0400] "GET /images/502_3.jpg HTTP/1.1" 200 24910 "http://www.lenriggs.com/allupcomingclasses.html" "Mozilla/5.0 (Macintosh; Intel Mac OS X 10_8_2) AppleWebKit/536.26.17 (KHTML, like Gecko) Version/6.0.2 Safari/536.26.17"
24.16.180.23 - - [11/Aug/2013:12:48:10 -0400] "GET /images/ic_059_title_bg_wide.png HTTP/1.1" 200 3851 "http://www.lenriggs.com/allupcomingclasses.html" "Mozilla/5.0 (Macintosh; Intel Mac OS X 10_8_2) AppleWebKit/536.26.17 (KHTML, like Gecko) Version/6.0.2 Safari/536.26.17"
24.16.180.23 - - [11/Aug/2013:12:48:10 -0400] "GET /scripts/print.css HTTP/1.1" 200 12355 "http://www.lenriggs.com/allupcomingclasses.html" "Mozilla/5.0 (Macintosh; Intel Mac OS X 10_8_2) AppleWebKit/536.26.17 (KHTML, like Gecko) Version/6.0.2 Safari/536.26.17"
76.104.243.98 - - [11/Aug/2013:10:38:59 -0400] "GET / HTTP/1.1" 200 19142 "-" "Mozilla/4.0 (compatible; MSIE 8.0; Windows NT 5.1; Trident/4.0; GTB7.5; BTRS100149; .NET4.0C; BOIE8;ENUSMSE)"
76.104.243.98 - - [11/Aug/2013:10:39:00 -0400] "GET /scripts/user.js HTTP/1.1" 200 23762 "http://lenriggs.com/" "Mozilla/4.0 (compatible; MSIE 8.0; Windows NT 5.1; Trident/4.0; GTB7.5; BTRS100149; .NET4.0C; BOIE8;ENUSMSE)"
76.104.243.98 - - [11/Aug/2013:10:39:01 -0400] "GET /images/ic_059_navtopper_bg.png HTTP/1.1" 200 1365 "http://lenriggs.com/" "Mozilla/4.0 (compatible; MSIE 8.0; Windows NT 5.1; Trident/4.0; GTB7.5; BTRS100149; .NET4.0C; BOIE8;ENUSMSE)"
206.188.38.230 - - [11/Aug/2013:17:10:57 -0400] "GET /scripts/photoalbum.js HTTP/1.1" 304 - "http://lenriggs.com/" "Mozilla/4.0 (compatible; MSIE 8.0; Windows NT 5.1; Trident/4.0; chromeframe/28.0.1500.95; .NET CLR 1.1.4322; .NET CLR 2.0.50727; .NET CLR 3.0.04506.30; .NET CLR 3.0.04506.648; .NET CLR 3.0.4506.2152; .NET CLR 3.5.30729; InfoPath.2; .NET4.0C; .NET4.0E; Zune 4.7)"
206.188.38.230 - - [11/Aug/2013:17:10:57 -0400] "GET /scripts/icwebsiteelement.css HTTP/1.1" 304 - "http://lenriggs.com/" "Mozilla/4.0 (compatible; MSIE 8.0; Windows NT 5.1; Trident/4.0; chromeframe/28.0.1500.95; .NET CLR 1.1.4322; .NET CLR 2.0.50727; .NET CLR 3.0.04506.30; .NET CLR 3.0.04506.648; .NET CLR 3.0.4506.2152; .NET CLR 3.5.30729; InfoPath.2; .NET4.0C; .NET4.0E; Zune 4.7)"
206.188.38.230 - - [11/Aug/2013:17:10:57 -0400] "GET /images/ic_059_title_bg_wide.png HTTP/1.1" 304 - "http://lenriggs.com/" "Mozilla/4.0 (compatible; MSIE 8.0; Windows NT 5.1; Trident/4.0; chromeframe/28.0.1500.95; .NET CLR 1.1.4322; .NET CLR 2.0.50727; .NET CLR 3.0.04506.30; .NET CLR 3.0.04506.648; .NET CLR 3.0.4506.2152; .NET CLR 3.5.30729; InfoPath.2; .NET4.0C; .NET4.0E; Zune 4.7)"
67.185.234.100 - - [11/Aug/2013:00:50:58 -0400] "GET /scripts/ic_globals_published.js HTTP/1.1" 200 566 "http://www.lenriggs.com/" "Mozilla/5.0 (Macintosh; Intel Mac OS X 10_6_8) AppleWebKit/534.59.8 (KHTML, like Gecko) Version/5.1.9 Safari/534.59.8"
67.185.234.100 - - [11/Aug/2013:00:50:59 -0400] "GET /images/6.jpg HTTP/1.1" 200 5849 "http://www.lenriggs.com/" "Mozilla/5.0 (Macintosh; Intel Mac OS X 10_6_8) AppleWebKit/534.59.8 (KHTML, like Gecko) Version/5.1.9 Safari/534.59.8"
24.113.164.173 - - [11/Aug/2013:21:49:57 -0400] "GET / HTTP/1.1" 200 19142 "http://www.google.com/url?sa=t&rct=j&q=www.lenriggs.com&source=web&cd=1&ved=0CCsQFjAA&url=http%3A%2F%2Fwww.lenriggs.com%2F&ei=PD8IUv-dNbGujAKxgoGQCQ&usg=AFQjCNEkxrknMe29N7cTpfy8FFRAybnBuw&bvm=bv.50500085,d.cGE" "Mozilla/5.0 (Windows NT 5.1) AppleWebKit/537.36 (KHTML, like Gecko) Chrome/28.0.1500.95 Safari/537.36"
24.113.164.173 - - [11/Aug/2013:21:49:57 -0400] "GET /scripts/1custom.css HTTP/1.1" 200 2157 "http://www.lenriggs.com/" "Mozilla/5.0 (Windows NT 5.1) AppleWebKit/537.36 (KHTML, like Gecko) Chrome/28.0.1500.95 Safari/537.36"
24.113.164.173 - - [11/Aug/2013:21:49:58 -0400] "GET /images/ic_059_slogan_bg_wide.png HTTP/1.1" 200 543 "http://www.lenriggs.com/" "Mozilla/5.0 (Windows NT 5.1) AppleWebKit/537.36 (KHTML, like Gecko) Chrome/28.0.1500.95 Safari/537.36"
70.199.131.10 - - [11/Aug/2013:06:02:35 -0400] "GET / HTTP/1.1" 304 - "-" "Mozilla/5.0 (Linux; U; Android 4.1.2; en-us; DROID BIONIC Build/9.8.2O-72_VZW-22) AppleWebKit/534.30 (KHTML, like Gecko) Version/4.0 Mobile Safari/534.30"
70.199.131.10 - - [11/Aug/2013:06:02:36 -0400] "GET /scripts/ic_globals_published.js HTTP/1.1" 304 - "http://www.lenriggs.com/" "Mozilla/5.0 (Linux; U; Android 4.1.2; en-us; DROID BIONIC Build/9.8.2O-72_VZW-22) AppleWebKit/534.30 (KHTML, like Gecko) Version/4.0 Mobile Safari/534.30"
70.199.131.10 - - [11/Aug/2013:06:02:36 -0400] "GET /scripts/icwebsiteelement.css HTTP/1.1" 304 - "http://www.lenriggs.com/" "Mozilla/5.0 (Linux; U; Android 4.1.2; en-us; DROID BIONIC Build/9.8.2O-72_VZW-22) AppleWebKit/534.30 (KHTML, like Gecko) Version/4.0 Mobile Safari/534.30"
70.199.131.10 - - [11/Aug/2013:06:02:36 -0400] "GET /images/ic_059_slogan_bg_wide.png HTTP/1.1" 304 - "http://www.lenriggs.com/" "Mozilla/5.0 (Linux; U; Android 4.1.2; en-us; DROID BIONIC Build/9.8.2O-72_VZW-22) AppleWebKit/534.30 (KHTML, like Gecko) Version/4.0 Mobile Safari/534.30"
70.199.131.10 - - [11/Aug/2013:06:02:36 -0400] "GET /scripts/print.css HTTP/1.1" 304 - "http://www.lenriggs.com/" "Mozilla/5.0 (Linux; U; Android 4.1.2; en-us; DROID BIONIC Build/9.8.2O-72_VZW-22) AppleWebKit/534.30 (KHTML, like Gecko) Version/4.0 Mobile Safari/534.30"
157.55.32.52 - - [11/Aug/2013:07:16:45 -0400] "GET / HTTP/1.1" 200 19142 "-" "Mozilla/5.0 (compatible; bingbot/2.0; +http://www.bing.com/bingbot.htm)"
76.104.243.98 - - [11/Aug/2013:05:09:34 -0400] "GET /favicon.ico HTTP/1.1" 404 575 "-" "Mozilla/4.0 (compatible; MSIE 8.0; Windows NT 5.1; Trident/4.0; GTB7.5; BTRS100149; .NET4.0C; BOIE8;ENUSMSE)"
68.186.77.219 - - [11/Aug/2013:12:34:35 -0400] "GET /favicon.ico HTTP/1.1" 404 575 "-" "Mozilla/5.0 (Windows NT 6.1; WOW64) AppleWebKit/537.36 (KHTML, like Gecko) Chrome/28.0.1500.95 Safari/537.36"
68.11.199.20 - - [11/Aug/2013:18:11:46 -0400] "GET / HTTP/1.1" 200 19142 "https://www.google.com/" "Mozilla/5.0 (Linux; Android 4.0.4; BNTV600 Build/IMM76L) AppleWebKit/537.31 (KHTML, like Gecko) Chrome/26.0.1410.58 Safari/537.31"
68.11.199.20 - - [11/Aug/2013:18:11:46 -0400] "GET /scripts/ic_globals_published.js HTTP/1.1" 200 566 "http://www.lenriggs.com/" "Mozilla/5.0 (Linux; Android 4.0.4; BNTV600 Build/IMM76L) AppleWebKit/537.31 (KHTML, like Gecko) Chrome/26.0.1410.58 Safari/537.31"
68.11.199.20 - - [11/Aug/2013:18:11:46 -0400] "GET /scripts/1custom.css HTTP/1.1" 200 2157 "http://www.lenriggs.com/" "Mozilla/5.0 (Linux; Android 4.0.4; BNTV600 Build/IMM76L) AppleWebKit/537.31 (KHTML, like Gecko) Chrome/26.0.1410.58 Safari/537.31"
8.35.201.52 - - [11/Aug/2013:18:30:52 -0400] "GET /favicon.ico HTTP/1.1" 404 575 "-" "AppEngine-Google; (+http://code.google.com/appengine; appid: s~getfavicon27)"
8.35.201.52 - - [11/Aug/2013:18:30:52 -0400] "GET / HTTP/1.1" 200 19142 "-" "AppEngine-Google; (+http://code.google.com/appengine; appid: s~getfavicon27)"
71.231.36.218 - - [11/Aug/2013:19:38:49 -0400] "GET /scripts/print.css HTTP/1.1" 200 12355 "http://www.lenriggs.com/" "Mozilla/5.0 (Macintosh; Intel Mac OS X 10.6; rv:22.0) Gecko/20100101 Firefox/22.0"
71.231.36.218 - - [11/Aug/2013:19:38:50 -0400] "GET /images/6.jpg HTTP/1.1" 200 5849 "http://www.lenriggs.com/scripts/website.css" "Mozilla/5.0 (Macintosh; Intel Mac OS X 10.6; rv:22.0) Gecko/20100101 Firefox/22.0"
71.32.80.189 - - [11/Aug/2013:20:10:58 -0400] "GET /scripts/1custom.css HTTP/1.1" 200 2157 "http://www.lenriggs.com/" "Mozilla/5.0 (Windows NT 6.0; WOW64) AppleWebKit/537.36 (KHTML, like Gecko) Chrome/28.0.1500.95 Safari/537.36"
71.32.80.189 - - [11/Aug/2013:20:10:59 -0400] "GET /images/ic_059_navtopper_bg.png HTTP/1.1" 200 1365 "http://www.lenriggs.com/" "Mozilla/5.0 (Windows NT 6.0; WOW64) AppleWebKit/537.36 (KHTML, like Gecko) Chrome/28.0.1500.95 Safari/537.36"
71.32.80.189 - - [11/Aug/2013:20:15:34 -0400] "GET /favicon.ico HTTP/1.1" 404 575 "-" "Mozilla/5.0 (Windows NT 6.0; WOW64) AppleWebKit/537.36 (KHTML, like Gecko) Chrome/28.0.1500.95 Safari/537.36"
174.31.240.113 - - [11/Aug/2013:00:17:14 -0400] "GET /allupcomingclasses.html HTTP/1.1" 200 19142 "http://www.lenriggs.com/seattleareaclasses.html" "Mozilla/5.0 (Windows NT 5.1; rv:22.0) Gecko/20100101 Firefox/22.0"
76.104.243.98 - - [11/Aug/2013:01:28:34 -0400] "GET /scripts/ic_globals_published.js HTTP/1.1" 200 566 "http://lenriggs.com/" "Mozilla/4.0 (compatible; MSIE 8.0; Windows NT 5.1; Trident/4.0; GTB7.5; BTRS100149; .NET4.0C; BOIE8;ENUSMSE)"
76.104.243.98 - - [11/Aug/2013:01:28:35 -0400] "GET /scripts/photoalbum.js HTTP/1.1" 200 62481 "http://lenriggs.com/" "Mozilla/4.0 (compatible; MSIE 8.0; Windows NT 5.1; Trident/4.0; GTB7.5; BTRS100149; .NET4.0C; BOIE8;ENUSMSE)"
76.104.243.98 - - [11/Aug/2013:01:28:36 -0400] "GET /favicon.ico HTTP/1.1" 404 575 "-" "Mozilla/4.0 (compatible; MSIE 8.0; Windows NT 5.1; Trident/4.0; GTB7.5; BTRS100149; .NET4.0C; BOIE8;ENUSMSE)"