96.39.146.233 - - [13/Aug/2013:02:29:01 -0400] "GET /scripts/ic_globals_published.js HTTP/1.1" 200 566 "http://www.lenriggs.com/upgradeorreplacement.html" "Mozilla/5.0 (Linux; U; Android 2.3.6; en-us; T-Mobile myTouch Q Build/HuaweiU8730) AppleWebKit/533.1 (KHTML, like Gecko) Version/4.0 Mobile Safari/533.1"
96.39.146.233 - - [13/Aug/2013:02:29:02 -0400] "GET /scripts/template.css HTTP/1.1" 200 12058 "http://www.lenriggs.com/upgradeorreplacement.html" "Mozilla/5.0 (Linux; U; Android 2.3.6; en-us; T-Mobile myTouch Q Build/HuaweiU8730) AppleWebKit/533.1 (KHTML, like Gecko) Version/4.0 Mobile Safari/533.1"
96.39.146.233 - - [13/Aug/2013:02:29:02 -0400] "GET /scripts/website.css HTTP/1.1" 200 1727 "http://www.lenriggs.com/upgradeorreplacement.html" "Mozilla/5.0 (Linux; U; Android 2.3.6; en-us; T-Mobile myTouch Q Build/HuaweiU8730) AppleWebKit/533.1 (KHTML, like Gecko) Version/4.0 Mobile Safari/533.1"
96.39.146.233 - - [13/Aug/2013:02:29:02 -0400] "GET /scripts/print.css HTTP/1.1" 200 12355 "http://www.lenriggs.com/upgradeorreplacement.html" "Mozilla/5.0 (Linux; U; Android 2.3.6; en-us; T-Mobile myTouch Q Build/HuaweiU8730) AppleWebKit/533.1 (KHTML, like Gecko) Version/4.0 Mobile Safari/533.1"
96.39.146.233 - - [13/Aug/2013:02:29:01 -0400] "GET /scripts/photoalbum.js HTTP/1.1" 200 62481 "http://www.lenriggs.com/upgradeorreplacement.html" "Mozilla/5.0 (Linux; U; Android 2.3.6; en-us; T-Mobile myTouch Q Build/HuaweiU8730) AppleWebKit/533.1 (KHTML, like Gecko) Version/4.0 Mobile Safari/533.1"
66.249.75.18 - - [13/Aug/2013:06:15:18 -0400] "GET /seattleareaclasses.html HTTP/1.1" 200 8085 "-" "SAMSUNG-SGH-E250/1.0 Profile/MIDP-2.0 Configuration/CLDC-1.1 UP.Browser/6.2.3.3.c.1.101 (GUI) MMP/2.0 (compatible; Googlebot-Mobile/2.1; +http://www.google.com/bot.html)"
76.104.221.177 - - [13/Aug/2013:16:09:11 -0400] "GET /favicon.ico HTTP/1.1" 404 575 "-" "Dolphin http client/10.0.1(230) (Android)"
173.160.134.9 - - [13/Aug/2013:16:46:31 -0400] "GET /scripts/print.css HTTP/1.1" 200 12355 "http://www.lenriggs.com/" "Mozilla/5.0 (compatible; MSIE 9.0; Windows NT 6.1; Win64; x64; Trident/5.0)"
173.160.134.9 - - [13/Aug/2013:16:46:35 -0400] "GET /images/ic_059_navtopper_bg.png HTTP/1.1" 200 1365 "http://www.lenriggs.com/" "Mozilla/5.0 (compatible; MSIE 9.0; Windows NT 6.1; Win64; x64; Trident/5.0)"
173.160.134.9 - - [13/Aug/2013:16:46:38 -0400] "GET /favicon.ico HTTP/1.1" 404 575 "-" "Mozilla/5.0 (compatible; MSIE 9.0; Windows NT 6.1; Win64; x64; Trident/5.0)"
67.185.226.177 - - [13/Aug/2013:19:32:06 -0400] "GET /images/6.jpg HTTP/1.1" 200 5849 "http://www.lenriggs.com/" "Mozilla/5.0 (Windows NT 6.0) AppleWebKit/537.36 (KHTML, like Gecko) Chrome/28.0.1500.95 Safari/537.36"
24.16.129.44 - - [13/Aug/2013:19:48:40 -0400] "GET /scripts/1custom.css HTTP/1.1" 200 2157 "http://www.lenriggs.com/" "Mozilla/5.0 (Windows NT 6.2; WOW64) AppleWebKit/537.36 (KHTML, like Gecko) Chrome/28.0.1500.95 Safari/537.36"
24.16.129.44 - - [13/Aug/2013:19:48:40 -0400] "GET /images/502_3.jpg HTTP/1.1" 200 24910 "http://www.lenriggs.com/" "Mozilla/5.0 (Windows NT 6.2; WOW64) AppleWebKit/537.36 (KHTML, like Gecko) Chrome/28.0.1500.95 Safari/537.36"
24.16.129.44 - - [13/Aug/2013:19:48:42 -0400] "GET /images/ic_059_navtopper_bg.png HTTP/1.1" 200 1365 "http://www.lenriggs.com/" "Mozilla/5.0 (Windows NT 6.2; WOW64) AppleWebKit/537.36 (KHTML, like Gecko) Chrome/28.0.1500.95 Safari/537.36"
46.119.118.152 - - [13/Aug/2013:20:10:15 -0400] "GET / HTTP/1.1" 200 19142 "http://remont-fridge-tv.ru/" "Mozilla/3.0 (x86 [en] Windows NT 5.1; Sun)"
50.135.58.139 - - [13/Aug/2013:14:02:52 -0400] "GET /scripts/photoalbum.js HTTP/1.1" 200 62481 "http://lenriggs.com/" "Mozilla/5.0 (X11; CrOS i686 4100.86.0) AppleWebKit/537.36 (KHTML, like Gecko) Chrome/28.0.1500.95 Safari/537.36"
50.135.58.139 - - [13/Aug/2013:14:02:54 -0400] "GET /scripts/print.css HTTP/1.1" 200 12355 "http://lenriggs.com/" "Mozilla/5.0 (X11; CrOS i686 4100.86.0) AppleWebKit/537.36 (KHTML, like Gecko) Chrome/28.0.1500.95 Safari/537.36"
157.56.93.72 - - [13/Aug/2013:21:49:25 -0400] "GET /scripts/1custom.css HTTP/1.1" 200 2157 "-" "Mozilla/5.0 (compatible; bingbot/2.0; +http://www.bing.com/bingbot.htm)"
66.249.72.18 - - [13/Aug/2013:22:05:28 -0400] "GET /eblog/c.php?r=303771 HTTP/1.1" 200 2053 "-" "Googlebot-Image/1.0"
66.243.234.240 - - [13/Aug/2013:22:13:35 -0400] "GET /scripts/user.js HTTP/1.1" 200 23762 "http://lenriggs.com/" "Mozilla/5.0 (Windows NT 6.0; rv:22.0) Gecko/20100101 Firefox/22.0"
66.243.234.240 - - [13/Aug/2013:22:13:35 -0400] "GET /images/502_3.jpg HTTP/1.1" 200 24910 "http://lenriggs.com/" "Mozilla/5.0 (Windows NT 6.0; rv:22.0) Gecko/20100101 Firefox/22.0"
63.226.218.79 - - [13/Aug/2013:22:44:42 -0400] "GET /scripts/photoalbum.js HTTP/1.1" 304 - "http://www.lenriggs.com/" "Mozilla/5.0 (compatible; MSIE 10.0; Windows NT 6.1; WOW64; Trident/6.0)"
63.226.218.79 - - [13/Aug/2013:22:44:44 -0400] "GET /images/ic_059_slogan_bg_wide.png HTTP/1.1" 200 543 "http://www.lenriggs.com/" "Mozilla/5.0 (compatible; MSIE 10.0; Windows NT 6.1; WOW64; Trident/6.0)"
66.87.113.10 - - [13/Aug/2013:23:10:20 -0400] "GET /scripts/website.css HTTP/1.1" 304 - "http://www.lenriggs.com/" "Mozilla/5.0 (iPhone; CPU iPhone OS 6_1_4 like Mac OS X) AppleWebKit/536.26 (KHTML, like Gecko) Version/6.0 Mobile/10B350 Safari/8536.25"
66.87.113.10 - - [13/Aug/2013:23:10:21 -0400] "GET /images/ic_059_slogan_bg_wide.png HTTP/1.1" 304 - "http://www.lenriggs.com/" "Mozilla/5.0 (iPhone; CPU iPhone OS 6_1_4 like Mac OS X) AppleWebKit/536.26 (KHTML, like Gecko) Version/6.0 Mobile/10B350 Safari/8536.25"
76.178.155.232 - - [13/Aug/2013:12:03:23 -0400] "GET /scripts/website.css HTTP/1.1" 200 1727 "http://www.lenriggs.com/" "Mozilla/5.0 (Windows NT 6.1; WOW64) AppleWebKit/537.36 (KHTML, like Gecko) Chrome/28.0.1500.72 Safari/537.36"
76.178.155.232 - - [13/Aug/2013:12:03:23 -0400] "GET /scripts/photoalbum.js HTTP/1.1" 200 62481 "http://www.lenriggs.com/" "Mozilla/5.0 (Windows NT 6.1; WOW64) AppleWebKit/537.36 (KHTML, like Gecko) Chrome/28.0.1500.72 Safari/537.36"
50.54.161.253 - - [13/Aug/2013:12:35:47 -0400] "GET /scripts/website.css HTTP/1.1" 200 1727 "http://lenriggs.com/" "Mozilla/5.0 (Macintosh; Intel Mac OS X 10_6_8) AppleWebKit/537.36 (KHTML, like Gecko) Chrome/28.0.1500.95 Safari/537.36"
50.54.161.253 - - [13/Aug/2013:12:35:50 -0400] "GET /images/ic_059_title_bg_wide.png HTTP/1.1" 200 3851 "http://lenriggs.com/" "Mozilla/5.0 (Macintosh; Intel Mac OS X 10_6_8) AppleWebKit/537.36 (KHTML, like Gecko) Chrome/28.0.1500.95 Safari/537.36"
123.125.71.27 - - [13/Aug/2013:13:27:44 -0400] "GET /images/502_3.jpg HTTP/1.1" 200 24910 "-" "Baiduspider-image+(+http://www.baidu.com/search/spider.htm)"
218.30.103.33 - - [13/Aug/2013:05:37:00 -0400] "GET / HTTP/1.1" 304 - "-" "Sogou web spider/4.0(+http://www.sogou.com/docs/help/webmasters.htm#07)"
24.18.193.48 - - [13/Aug/2013:11:27:03 -0400] "GET /scripts/photoalbum.js HTTP/1.1" 200 62481 "http://www.lenriggs.com/newonlineclasses.html" "Mozilla/5.0 (compatible; MSIE 10.0; Windows NT 6.1; WOW64; Trident/6.0)"
24.18.193.48 - - [13/Aug/2013:11:27:04 -0400] "GET /images/ic_059_navtopper_bg.png HTTP/1.1" 200 1365 "http://www.lenriggs.com/newonlineclasses.html" "Mozilla/5.0 (compatible; MSIE 10.0; Windows NT 6.1; WOW64; Trident/6.0)"
71.213.247.253 - - [13/Aug/2013:15:12:27 -0400] "GET / HTTP/1.1" 200 19142 "http://www.liq.wa.gov/publications/licensing/mast-lists/MAST_provider_list_512013.pdf" "Mozilla/5.0 (Windows NT 6.1; WOW64) AppleWebKit/537.36 (KHTML, like Gecko) Chrome/27.0.1453.94 Safari/537.36"
71.213.247.253 - - [13/Aug/2013:15:12:28 -0400] "GET /scripts/ic_globals_published.js HTTP/1.1" 200 566 "http://www.lenriggs.com/" "Mozilla/5.0 (Windows NT 6.1; WOW64) AppleWebKit/537.36 (KHTML, like Gecko) Chrome/27.0.1453.94 Safari/537.36"
71.213.247.253 - - [13/Aug/2013:15:12:28 -0400] "GET /scripts/photoalbum.js HTTP/1.1" 200 62481 "http://www.lenriggs.com/" "Mozilla/5.0 (Windows NT 6.1; WOW64) AppleWebKit/537.36 (KHTML, like Gecko) Chrome/27.0.1453.94 Safari/537.36"
71.213.247.253 - - [13/Aug/2013:15:12:30 -0400] "GET /images/502_3.jpg HTTP/1.1" 200 24910 "http://www.lenriggs.com/" "Mozilla/5.0 (Windows NT 6.1; WOW64) AppleWebKit/537.36 (KHTML, like Gecko) Chrome/27.0.1453.94 Safari/537.36"
71.213.247.253 - - [13/Aug/2013:15:12:32 -0400] "GET /images/ic_059_navtopper_bg.png HTTP/1.1" 200 1365 "http://www.lenriggs.com/" "Mozilla/5.0 (Windows NT 6.1; WOW64) AppleWebKit/537.36 (KHTML, like Gecko) Chrome/27.0.1453.94 Safari/537.36"
198.239.178.118 - - [13/Aug/2013:16:11:26 -0400] "GET /scripts/user.js HTTP/1.1" 200 23762 "http://www.lenriggs.com/newonlineclasses.html" "Mozilla/4.0 (compatible; MSIE 8.0; Windows NT 6.1; WOW64; Trident/4.0; SLCC2; .NET CLR 2.0.50727; .NET CLR 3.5.30729; .NET CLR 3.0.30729; Media Center PC 6.0; InfoPath.3)"
198.239.178.118 - - [13/Aug/2013:16:11:26 -0400] "GET /images/ic_059_navtopper_bg.png HTTP/1.1" 200 1365 "http://www.lenriggs.com/newonlineclasses.html" "Mozilla/4.0 (compatible; MSIE 8.0; Windows NT 6.1; WOW64; Trident/4.0; SLCC2; .NET CLR 2.0.50727; .NET CLR 3.5.30729; .NET CLR 3.0.30729; Media Center PC 6.0; InfoPath.3)"
173.160.134.9 - - [13/Aug/2013:16:46:31 -0400] "GET /scripts/icwebsiteelement.css HTTP/1.1" 200 8132 "http://www.lenriggs.com/" "Mozilla/5.0 (compatible; MSIE 9.0; Windows NT 6.1; Win64; x64; Trident/5.0)"
173.160.134.9 - - [13/Aug/2013:16:46:31 -0400] "GET /images/502_3.jpg HTTP/1.1" 200 24910 "http://www.lenriggs.com/" "Mozilla/5.0 (compatible; MSIE 9.0; Windows NT 6.1; Win64; x64; Trident/5.0)"
67.185.226.177 - - [13/Aug/2013:19:32:01 -0400] "GET /scripts/website.css HTTP/1.1" 200 1727 "http://www.lenriggs.com/" "Mozilla/5.0 (Windows NT 6.0) AppleWebKit/537.36 (KHTML, like Gecko) Chrome/28.0.1500.95 Safari/537.36"
198.239.178.118 - - [13/Aug/2013:18:14:29 -0400] "GET /tacomapuyallupclasses.html HTTP/1.1" 200 8085 "http://www.lenriggs.com/" "Mozilla/4.0 (compatible; MSIE 8.0; Windows NT 6.1; WOW64; Trident/4.0; SLCC2; .NET CLR 2.0.50727; .NET CLR 3.5.30729; .NET CLR 3.0.30729; Media Center PC 6.0)"
198.239.178.118 - - [13/Aug/2013:18:14:30 -0400] "GET /scripts/7custom.css HTTP/1.1" 200 804 "http://www.lenriggs.com/tacomapuyallupclasses.html" "Mozilla/4.0 (compatible; MSIE 8.0; Windows NT 6.1; WOW64; Trident/4.0; SLCC2; .NET CLR 2.0.50727; .NET CLR 3.5.30729; .NET CLR 3.0.30729; Media Center PC 6.0)"
198.239.178.118 - - [13/Aug/2013:18:14:30 -0400] "GET /favicon.ico HTTP/1.1" 404 575 "-" "Mozilla/4.0 (compatible; MSIE 8.0; Windows NT 6.1; WOW64; Trident/4.0; SLCC2; .NET CLR 2.0.50727; .NET CLR 3.5.30729; .NET CLR 3.0.30729; Media Center PC 6.0)"
63.226.218.79 - - [13/Aug/2013:22:43:10 -0400] "GET /scripts/user.js HTTP/1.1" 200 23762 "http://www.lenriggs.com/home.html" "Mozilla/5.0 (compatible; MSIE 10.0; Windows NT 6.1; WOW64; Trident/6.0)"
76.104.221.177 - - [13/Aug/2013:23:34:58 -0400] "GET /apple-touch-icon.png HTTP/1.1" 404 575 "-" "Dolphin http client/10.0.1(230) (Android)"
73.105.125.88 - - [13/Aug/2013:23:57:46 -0400] "GET /seattleareaclasses.html HTTP/1.1" 200 8085 "http://www.lenriggs.com/allupcomingclasses.html" "Mozilla/5.0 (iPad; CPU OS 6_1_3 like Mac OS X) AppleWebKit/536.26 (KHTML, like Gecko) CriOS/28.0.1500.16 Mobile/10B329 Safari/8536.25"
73.105.125.88 - - [13/Aug/2013:23:57:46 -0400] "GET /scripts/2custom.css HTTP/1.1" 200 804 "http://www.lenriggs.com/seattleareaclasses.html" "Mozilla/5.0 (iPad; CPU OS 6_1_3 like Mac OS X) AppleWebKit/536.26 (KHTML, like Gecko) CriOS/28.0.1500.16 Mobile/10B329 Safari/8536.25"
73.105.125.88 - - [13/Aug/2013:23:57:46 -0400] "GET /favicon.ico HTTP/1.1" 404 575 "-" "Mozilla/5.0 (iPad; CPU OS 6_1_3 like Mac OS X) AppleWebKit/536.26 (KHTML, like Gecko) CriOS/28.0.1500.16 Mobile/10B329 Safari/8536.25"
66.249.75.18 - - [13/Aug/2013:05:37:04 -0400] "GET /classschedule.html HTTP/1.1" 304 - "-" "Mozilla/5.0 (iPhone; U; CPU iPhone OS 4_1 like Mac OS X; en-us) AppleWebKit/532.9 (KHTML, like Gecko) Version/4.0.5 Mobile/8B117 Safari/6531.22.7 (compatible; Googlebot-Mobile/2.1; +http://www.google.com/bot.html)"
50.34.22.66 - - [13/Aug/2013:00:44:30 -0400] "GET /scripts/ic_globals_published.js HTTP/1.1" 200 566 "http://www.lenriggs.com/" "Mozilla/5.0 (compatible; MSIE 10.0; Windows NT 6.1; WOW64; Trident/6.0)"
50.34.22.66 - - [13/Aug/2013:00:44:30 -0400] "GET /scripts/print.css HTTP/1.1" 200 12355 "http://www.lenriggs.com/" "Mozilla/5.0 (compatible; MSIE 10.0; Windows NT 6.1; WOW64; Trident/6.0)"
208.54.32.149 - - [13/Aug/2013:01:14:21 -0400] "GET /images/ic_059_navtopper_bg.png HTTP/1.1" 200 1365 "http://www.lenriggs.com/" "Mozilla/5.0 (Linux; U; Android 2.3.6; en-us; T-Mobile myTouch Q Build/HuaweiU8730) AppleWebKit/533.1 (KHTML, like Gecko) Version/4.0 Mobile Safari/533.1"
208.54.32.149 - - [13/Aug/2013:01:14:22 -0400] "GET /images/ic_059_title_bg_wide.png HTTP/1.1" 200 3851 "http://www.lenriggs.com/" "Mozilla/5.0 (Linux; U; Android 2.3.6; en-us; T-Mobile myTouch Q Build/HuaweiU8730) AppleWebKit/533.1 (KHTML, like Gecko) Version/4.0 Mobile Safari/533.1"
208.54.32.149 - - [13/Aug/2013:01:14:22 -0400] "GET /images/ic_059_slogan_bg.png HTTP/1.1" 200 467 "http://www.lenriggs.com/" "Mozilla/5.0 (Linux; U; Android 2.3.6; en-us; T-Mobile myTouch Q Build/HuaweiU8730) AppleWebKit/533.1 (KHTML, like Gecko) Version/4.0 Mobile Safari/533.1"
208.54.32.149 - - [13/Aug/2013:01:14:22 -0400] "GET /images/ic_059_slogan_bg_wide.png HTTP/1.1" 200 543 "http://www.lenriggs.com/" "Mozilla/5.0 (Linux; U; Android 2.3.6; en-us; T-Mobile myTouch Q Build/HuaweiU8730) AppleWebKit/533.1 (KHTML, like Gecko) Version/4.0 Mobile Safari/533.1"
157.55.34.24 - - [13/Aug/2013:01:35:03 -0400] "GET /scripts/print.css HTTP/1.1" 200 12355 "-" "Mozilla/5.0 (compatible; bingbot/2.0; +http://www.bing.com/bingbot.htm)"
96.39.146.233 - - [13/Aug/2013:02:29:01 -0400] "GET /scripts/user.js HTTP/1.1" 200 23762 "http://www.lenriggs.com/upgradeorreplacement.html" "Mozilla/5.0 (Linux; U; Android 2.3.6; en-us; T-Mobile myTouch Q Build/HuaweiU8730) AppleWebKit/533.1 (KHTML, like Gecko) Version/4.0 Mobile Safari/533.1"
96.39.146.233 - - [13/Aug/2013:02:29:02 -0400] "GET /images/6.jpg HTTP/1.1" 200 5849 "http://www.lenriggs.com/upgradeorreplacement.html" "Mozilla/5.0 (Linux; U; Android 2.3.6; en-us; T-Mobile myTouch Q Build/HuaweiU8730) AppleWebKit/533.1 (KHTML, like Gecko) Version/4.0 Mobile Safari/533.1"
96.39.146.233 - - [13/Aug/2013:02:29:03 -0400] "GET /images/ic_059_slogan_bg_wide.png HTTP/1.1" 200 543 "http://www.lenriggs.com/upgradeorreplacement.html" "Mozilla/5.0 (Linux; U; Android 2.3.6; en-us; T-Mobile myTouch Q Build/HuaweiU8730) AppleWebKit/533.1 (KHTML, like Gecko) Version/4.0 Mobile Safari/533.1"
96.39.146.233 - - [13/Aug/2013:02:29:04 -0400] "GET /favicon.ico HTTP/1.1" 404 575 "http://www.lenriggs.com/upgradeorreplacement.html" "Mozilla/5.0 (Linux; U; Android 2.3.6; en-us; T-Mobile myTouch Q Build/HuaweiU8730) AppleWebKit/533.1 (KHTML, like Gecko) Version/4.0 Mobile Safari/533.1"
207.114.155.129 - - [13/Aug/2013:11:23:28 -0400] "GET / HTTP/1.1" 200 19142 "-" "Mozilla/5.0 (compatible; MSIE 10.0; Windows NT 6.1; WOW64; Trident/6.0)"
207.114.155.129 - - [13/Aug/2013:11:23:28 -0400] "GET /scripts/1custom.css HTTP/1.1" 200 2157 "http://www.lenriggs.com/" "Mozilla/5.0 (compatible; MSIE 10.0; Windows NT 6.1; WOW64; Trident/6.0)"
207.114.155.129 - - [13/Aug/2013:11:23:30 -0400] "GET /images/ic_059_navtopper_bg.png HTTP/1.1" 200 1365 "http://www.lenriggs.com/" "Mozilla/5.0 (compatible; MSIE 10.0; Windows NT 6.1; WOW64; Trident/6.0)"
71.213.247.253 - - [13/Aug/2013:15:12:28 -0400] "GET /scripts/template.css HTTP/1.1" 200 12058 "http://www.lenriggs.com/" "Mozilla/5.0 (Windows NT 6.1; WOW64) AppleWebKit/537.36 (KHTML, like Gecko) Chrome/27.0.1453.94 Safari/537.36"
76.104.221.177 - - [13/Aug/2013:17:49:39 -0400] "GET /favicon.ico HTTP/1.1" 404 575 "-" "Dolphin http client/10.0.1(230) (Android)"
76.178.155.232 - - [13/Aug/2013:12:03:32 -0400] "GET /images/502_3.jpg HTTP/1.1" 200 24910 "http://www.lenriggs.com/" "Mozilla/5.0 (Windows NT 6.1; WOW64) AppleWebKit/537.36 (KHTML, like Gecko) Chrome/28.0.1500.72 Safari/537.36"
157.56.93.72 - - [13/Aug/2013:12:30:14 -0400] "GET / HTTP/1.1" 200 19142 "-" "Mozilla/5.0 (compatible; bingbot/2.0; +http://www.bing.com/bingbot.htm)"
69.165.162.79 - - [13/Aug/2013:12:48:29 -0400] "GET / HTTP/1.1" 200 19142 "-" "Mozilla/4.0 (compatible; MSIE 6.0; Windows NT 5.1; .NET CLR 1.1.4322)"
220.181.108.119 - - [13/Aug/2013:18:12:20 -0400] "GET / HTTP/1.1" 200 19142 "-" "Mozilla/5.0 (compatible; Baiduspider/2.0; +http://www.baidu.com/search/spider.html)"
220.181.108.120 - - [13/Aug/2013:18:15:44 -0400] "GET /scripts/user.js HTTP/1.1" 200 23762 "http://lenriggs.com/upgradeorreplacement.html" "Mozilla/5.0 (X11; U; Linux x86_64; en-US; rv:1.9) Gecko Minefield/3.0"
67.170.3.229 - - [13/Aug/2013:19:36:10 -0400] "GET /allupcomingclasses.html HTTP/1.1" 200 19142 "http://www.lenriggs.com/" "Mozilla/5.0 (Windows NT 6.1; WOW64) AppleWebKit/537.36 (KHTML, like Gecko) Chrome/28.0.1500.95 Safari/537.36"
67.170.3.229 - - [13/Aug/2013:19:36:11 -0400] "GET /favicon.ico HTTP/1.1" 404 575 "-" "Mozilla/5.0 (Windows NT 6.1; WOW64) AppleWebKit/537.36 (KHTML, like Gecko) Chrome/28.0.1500.95 Safari/537.36"
24.17.227.9 - - [13/Aug/2013:20:07:31 -0400] "GET /scripts/ic_globals_published.js HTTP/1.1" 200 566 "http://lenriggs.com/" "Mozilla/5.0 (iPhone; CPU iPhone OS 6_1_3 like Mac OS X) AppleWebKit/536.26 (KHTML, like Gecko) Version/6.0 Mobile/10B329 Safari/8536.25"
24.17.227.9 - - [13/Aug/2013:20:07:32 -0400] "GET /images/6.jpg HTTP/1.1" 200 5849 "http://lenriggs.com/" "Mozilla/5.0 (iPhone; CPU iPhone OS 6_1_3 like Mac OS X) AppleWebKit/536.26 (KHTML, like Gecko) Version/6.0 Mobile/10B329 Safari/8536.25"
157.55.34.24 - - [13/Aug/2013:09:55:42 -0400] "GET /scripts/print.css HTTP/1.1" 200 12355 "-" "Mozilla/5.0 (compatible; bingbot/2.0; +http://www.bing.com/bingbot.htm)"
199.30.24.145 - - [13/Aug/2013:10:51:20 -0400] "GET /images/ic_059_title_bg_wide.png HTTP/1.1" 200 3851 "http://lenriggs.com/" "Mozilla/5.0 (Windows NT 6.1; WOW64) AppleWebKit/534+ (KHTML, like Gecko) BingPreview/1.0b"
46.118.126.194 - - [13/Aug/2013:11:04:44 -0400] "GET / HTTP/1.1" 200 19142 "http://fastxak.com/" "Mozilla/4.0 (compatible; MSIE 6.0; Windows NT 5.1; KKman2.0)"
206.188.38.230 - - [13/Aug/2013:11:31:24 -0400] "GET /images/ic_059_navtopper_bg.png HTTP/1.1" 304 - "-" "Mozilla/4.0 (compatible;)"
157.55.34.24 - - [13/Aug/2013:11:51:32 -0400] "GET /scripts/print.css HTTP/1.1" 200 12355 "-" "Mozilla/5.0 (compatible; bingbot/2.0; +http://www.bing.com/bingbot.htm)"
204.195.2.176 - - [13/Aug/2013:21:16:43 -0400] "GET /scripts/ic_globals_published.js HTTP/1.1" 200 566 "http://lenriggs.com/" "Mozilla/5.0 (Macintosh; Intel Mac OS X 10_6_8) AppleWebKit/534.57.2 (KHTML, like Gecko) Version/5.1.7 Safari/534.57.2"
204.195.2.176 - - [13/Aug/2013:21:16:44 -0400] "GET /scripts/1custom.css HTTP/1.1" 200 2157 "http://lenriggs.com/" "Mozilla/5.0 (Macintosh; Intel Mac OS X 10_6_8) AppleWebKit/534.57.2 (KHTML, like Gecko) Version/5.1.7 Safari/534.57.2"
204.195.2.176 - - [13/Aug/2013:21:16:44 -0400] "GET /images/ic_059_title_bg_wide.png HTTP/1.1" 200 3851 "http://lenriggs.com/" "Mozilla/5.0 (Macintosh; Intel Mac OS X 10_6_8) AppleWebKit/534.57.2 (KHTML, like Gecko) Version/5.1.7 Safari/534.57.2"
204.195.2.176 - - [13/Aug/2013:21:16:46 -0400] "GET /scripts/print.css HTTP/1.1" 200 12355 "http://lenriggs.com/" "Mozilla/5.0 (Macintosh; Intel Mac OS X 10_6_8) AppleWebKit/534.57.2 (KHTML, like Gecko) Version/5.1.7 Safari/534.57.2"
204.195.2.176 - - [13/Aug/2013:21:16:47 -0400] "GET /favicon.ico HTTP/1.1" 404 575 "http://lenriggs.com/" "Mozilla/5.0 (Macintosh; Intel Mac OS X 10_6_8) AppleWebKit/534.57.2 (KHTML, like Gecko) Version/5.1.7 Safari/534.57.2"
63.226.218.79 - - [13/Aug/2013:22:43:10 -0400] "GET /scripts/template.css HTTP/1.1" 200 12058 "http://www.lenriggs.com/home.html" "Mozilla/5.0 (compatible; MSIE 10.0; Windows NT 6.1; WOW64; Trident/6.0)"
73.105.125.88 - - [13/Aug/2013:23:57:51 -0400] "GET /apple-touch-icon-precomposed.png HTTP/1.1" 404 575 "-" "Mozilla/5.0 (iPad; CPU OS 6_1_3 like Mac OS X) AppleWebKit/536.26 (KHTML, like Gecko) CriOS/28.0.1500.16 Mobile/10B329 Safari/8536.25"
199.30.25.33 - - [13/Aug/2013:12:51:29 -0400] "GET /images/ic_059_slogan_bg_wide.png HTTP/1.1" 200 543 "http://www.lenriggs.com/classinfo.html" "Mozilla/5.0 (Windows NT 6.1; WOW64) AppleWebKit/534+ (KHTML, like Gecko) BingPreview/1.0b"
69.165.162.79 - - [13/Aug/2013:12:51:55 -0400] "GET /vancouverkelsoclasses.html HTTP/1.1" 200 8085 "-" "Mozilla/4.0 (compatible; MSIE 6.0; Windows NT 5.1; .NET CLR 1.1.4322)"
69.165.162.79 - - [13/Aug/2013:12:53:04 -0400] "GET /seattleareaclasses.html HTTP/1.1" 200 8085 "-" "Mozilla/4.0 (compatible; MSIE 6.0; Windows NT 5.1; .NET CLR 1.1.4322)"
76.22.42.77 - - [13/Aug/2013:14:13:59 -0400] "GET /scripts/website.css HTTP/1.1" 200 1727 "http://www.lenriggs.com/" "Mozilla/5.0 (Windows NT 6.1) AppleWebKit/537.36 (KHTML, like Gecko) Chrome/28.0.1500.95 Safari/537.36"
76.22.42.77 - - [13/Aug/2013:14:13:59 -0400] "GET /scripts/photoalbum.js HTTP/1.1" 200 62481 "http://www.lenriggs.com/" "Mozilla/5.0 (Windows NT 6.1) AppleWebKit/537.36 (KHTML, like Gecko) Chrome/28.0.1500.95 Safari/537.36"
76.22.42.77 - - [13/Aug/2013:14:14:01 -0400] "GET /images/502_3.jpg HTTP/1.1" 200 24910 "http://www.lenriggs.com/" "Mozilla/5.0 (Windows NT 6.1) AppleWebKit/537.36 (KHTML, like Gecko) Chrome/28.0.1500.95 Safari/537.36"
76.22.42.77 - - [13/Aug/2013:14:14:03 -0400] "GET /favicon.ico HTTP/1.1" 404 575 "-" "Mozilla/5.0 (Windows NT 6.1) AppleWebKit/537.36 (KHTML, like Gecko) Chrome/28.0.1500.95 Safari/537.36"
208.54.32.175 - - [13/Aug/2013:14:37:29 -0400] "GET /scripts/user.js HTTP/1.1" 200 23762 "http://www.lenriggs.com/" "Mozilla/5.0 (Windows NT 6.1; WOW64; rv:23.0) Gecko/20100101 Firefox/23.0"
68.185.36.211 - - [13/Aug/2013:00:12:46 -0400] "GET /scripts/template.css HTTP/1.1" 304 - "http://www.lenriggs.com/newonlineclasses.html" "Mozilla/5.0 (Windows NT 6.2; WOW64) AppleWebKit/537.36 (KHTML, like Gecko) Chrome/28.0.1500.95 Safari/537.36"
68.185.36.211 - - [13/Aug/2013:00:12:46 -0400] "GET /scripts/photoalbum.js HTTP/1.1" 304 - "http://www.lenriggs.com/newonlineclasses.html" "Mozilla/5.0 (Windows NT 6.2; WOW64) AppleWebKit/537.36 (KHTML, like Gecko) Chrome/28.0.1500.95 Safari/537.36"
68.185.36.211 - - [13/Aug/2013:00:12:46 -0400] "GET /scripts/print.css HTTP/1.1" 304 - "http://www.lenriggs.com/newonlineclasses.html" "Mozilla/5.0 (Windows NT 6.2; WOW64) AppleWebKit/537.36 (KHTML, like Gecko) Chrome/28.0.1500.95 Safari/537.36"
107.22.76.201 - - [13/Aug/2013:03:54:03 -0400] "GET / HTTP/1.1" 200 19142 "-" "User-Agent: Mozilla/5.0 (Windows NT 6.1; WOW64) AppleWebKit/537.31 (KHTML, like Gecko) Chrome/26.0.1410.64 Safari/537.31"
173.197.183.188 - - [13/Aug/2013:15:53:04 -0400] "GET /scripts/1custom.css HTTP/1.1" 200 2157 "http://www.lenriggs.com/" "Mozilla/5.0 (Windows NT 6.1; WOW64) AppleWebKit/537.36 (KHTML, like Gecko) Chrome/28.0.1500.95 Safari/537.36"
173.197.183.188 - - [13/Aug/2013:15:53:05 -0400] "GET /images/6.jpg HTTP/1.1" 200 5849 "http://www.lenriggs.com/" "Mozilla/5.0 (Windows NT 6.1; WOW64) AppleWebKit/537.36 (KHTML, like Gecko) Chrome/28.0.1500.95 Safari/537.36"
69.165.162.79 - - [13/Aug/2013:12:51:19 -0400] "GET / HTTP/1.1" 200 19142 "-" "Mozilla/4.0 (compatible; MSIE 6.0; Windows NT 5.1; .NET CLR 1.1.4322)"
66.87.113.10 - - [13/Aug/2013:19:13:02 -0400] "GET / HTTP/1.1" 304 - "-" "Mozilla/5.0 (iPhone; CPU iPhone OS 6_1_4 like Mac OS X) AppleWebKit/536.26 (KHTML, like Gecko) Version/6.0 Mobile/10B350 Safari/8536.25"
66.87.113.10 - - [13/Aug/2013:19:13:02 -0400] "GET /scripts/ic_globals_published.js HTTP/1.1" 304 - "http://www.lenriggs.com/" "Mozilla/5.0 (iPhone; CPU iPhone OS 6_1_4 like Mac OS X) AppleWebKit/536.26 (KHTML, like Gecko) Version/6.0 Mobile/10B350 Safari/8536.25"
66.87.113.10 - - [13/Aug/2013:19:13:03 -0400] "GET /scripts/icwebsiteelement.css HTTP/1.1" 304 - "http://www.lenriggs.com/" "Mozilla/5.0 (iPhone; CPU iPhone OS 6_1_4 like Mac OS X) AppleWebKit/536.26 (KHTML, like Gecko) Version/6.0 Mobile/10B350 Safari/8536.25"
66.87.113.10 - - [13/Aug/2013:19:13:05 -0400] "GET /images/ic_059_navtopper_bg.png HTTP/1.1" 304 - "http://www.lenriggs.com/" "Mozilla/5.0 (iPhone; CPU iPhone OS 6_1_4 like Mac OS X) AppleWebKit/536.26 (KHTML, like Gecko) Version/6.0 Mobile/10B350 Safari/8536.25"
66.87.113.10 - - [13/Aug/2013:19:13:06 -0400] "GET /scripts/print.css HTTP/1.1" 304 - "http://www.lenriggs.com/" "Mozilla/5.0 (iPhone; CPU iPhone OS 6_1_4 like Mac OS X) AppleWebKit/536.26 (KHTML, like Gecko) Version/6.0 Mobile/10B350 Safari/8536.25"
67.185.226.177 - - [13/Aug/2013:19:32:00 -0400] "GET /scripts/ic_globals_published.js HTTP/1.1" 200 566 "http://www.lenriggs.com/" "Mozilla/5.0 (Windows NT 6.0) AppleWebKit/537.36 (KHTML, like Gecko) Chrome/28.0.1500.95 Safari/537.36"
67.185.226.177 - - [13/Aug/2013:19:32:01 -0400] "GET /scripts/user.js HTTP/1.1" 200 23762 "http://www.lenriggs.com/" "Mozilla/5.0 (Windows NT 6.0) AppleWebKit/537.36 (KHTML, like Gecko) Chrome/28.0.1500.95 Safari/537.36"
24.16.129.44 - - [13/Aug/2013:19:49:05 -0400] "GET /favicon.ico HTTP/1.1" 404 575 "-" "Mozilla/5.0 (Windows NT 6.2; WOW64) AppleWebKit/537.36 (KHTML, like Gecko) Chrome/28.0.1500.95 Safari/537.36"
157.55.34.24 - - [13/Aug/2013:11:49:38 -0400] "GET /classinfo.html HTTP/1.1" 200 11973 "-" "Mozilla/5.0 (compatible; bingbot/2.0; +http://www.bing.com/bingbot.htm)"
71.221.205.99 - - [13/Aug/2013:16:23:11 -0400] "GET /images/ic_059_navtopper_bg.png HTTP/1.1" 200 1365 "http://www.lenriggs.com/" "Mozilla/5.0 (iPhone; CPU iPhone OS 6_1_3 like Mac OS X) AppleWebKit/536.26 (KHTML, like Gecko) Version/6.0 Mobile/10B329 Safari/8536.25"
76.104.221.177 - - [13/Aug/2013:21:14:38 -0400] "GET /favicon.ico HTTP/1.1" 404 575 "-" "Dolphin http client/10.0.1(230) (Android)"
157.56.93.72 - - [13/Aug/2013:21:49:26 -0400] "GET /scripts/template.css HTTP/1.1" 200 12058 "-" "Mozilla/5.0 (compatible; bingbot/2.0; +http://www.bing.com/bingbot.htm)"
66.243.234.240 - - [13/Aug/2013:22:13:35 -0400] "GET /scripts/website.css HTTP/1.1" 200 1727 "http://lenriggs.com/" "Mozilla/5.0 (Windows NT 6.0; rv:22.0) Gecko/20100101 Firefox/22.0"
66.243.234.240 - - [13/Aug/2013:22:13:35 -0400] "GET /scripts/icwebsiteelement.css HTTP/1.1" 200 8132 "http://lenriggs.com/" "Mozilla/5.0 (Windows NT 6.0; rv:22.0) Gecko/20100101 Firefox/22.0"
66.243.234.240 - - [13/Aug/2013:22:13:35 -0400] "GET /images/ic_059_slogan_bg_wide.png HTTP/1.1" 200 543 "http://lenriggs.com/scripts/template.css" "Mozilla/5.0 (Windows NT 6.0; rv:22.0) Gecko/20100101 Firefox/22.0"
76.178.155.232 - - [13/Aug/2013:12:03:32 -0400] "GET /images/ic_059_slogan_bg_wide.png HTTP/1.1" 200 543 "http://www.lenriggs.com/" "Mozilla/5.0 (Windows NT 6.1; WOW64) AppleWebKit/537.36 (KHTML, like Gecko) Chrome/28.0.1500.72 Safari/537.36"
199.30.25.33 - - [13/Aug/2013:12:51:29 -0400] "GET /scripts/ic_globals_published.js HTTP/1.1" 200 566 "http://www.lenriggs.com/classinfo.html" "Mozilla/5.0 (Windows NT 6.1; WOW64) AppleWebKit/534+ (KHTML, like Gecko) BingPreview/1.0b"
199.30.25.33 - - [13/Aug/2013:12:51:29 -0400] "GET /images/ic_059_navtopper_bg.png HTTP/1.1" 200 1365 "http://www.lenriggs.com/classinfo.html" "Mozilla/5.0 (Windows NT 6.1; WOW64) AppleWebKit/534+ (KHTML, like Gecko) BingPreview/1.0b"
69.165.162.79 - - [13/Aug/2013:12:52:31 -0400] "GET /lynnwoodeverettareaclasses.html HTTP/1.1" 200 8085 "-" "Mozilla/4.0 (compatible; MSIE 6.0; Windows NT 5.1; .NET CLR 1.1.4322)"
208.54.32.149 - - [13/Aug/2013:01:14:12 -0400] "GET /scripts/ic_globals_published.js HTTP/1.1" 200 566 "http://www.lenriggs.com/" "Mozilla/5.0 (Linux; U; Android 2.3.6; en-us; T-Mobile myTouch Q Build/HuaweiU8730) AppleWebKit/533.1 (KHTML, like Gecko) Version/4.0 Mobile Safari/533.1"
208.54.32.149 - - [13/Aug/2013:01:14:13 -0400] "GET /scripts/1custom.css HTTP/1.1" 200 2157 "http://www.lenriggs.com/" "Mozilla/5.0 (Linux; U; Android 2.3.6; en-us; T-Mobile myTouch Q Build/HuaweiU8730) AppleWebKit/533.1 (KHTML, like Gecko) Version/4.0 Mobile Safari/533.1"
208.54.32.149 - - [13/Aug/2013:01:14:13 -0400] "GET /scripts/icwebsiteelement.css HTTP/1.1" 200 8132 "http://www.lenriggs.com/" "Mozilla/5.0 (Linux; U; Android 2.3.6; en-us; T-Mobile myTouch Q Build/HuaweiU8730) AppleWebKit/533.1 (KHTML, like Gecko) Version/4.0 Mobile Safari/533.1"
157.55.34.24 - - [13/Aug/2013:11:01:08 -0400] "GET /classschedule/classinformation.html HTTP/1.1" 304 - "-" "Mozilla/5.0 (compatible; bingbot/2.0; +http://www.bing.com/bingbot.htm)"
54.242.231.146 - - [13/Aug/2013:15:58:15 -0400] "GET / HTTP/1.1" 200 19142 "-" "Ruby"
198.1.37.160 - - [13/Aug/2013:16:48:55 -0400] "GET /scripts/1custom.css HTTP/1.1" 200 2157 "http://www.lenriggs.com/" "Mozilla/5.0 (compatible; MSIE 9.0; Windows NT 6.1; WOW64; Trident/5.0)"
198.1.37.160 - - [13/Aug/2013:16:48:55 -0400] "GET /images/502_3.jpg HTTP/1.1" 200 24910 "http://www.lenriggs.com/" "Mozilla/5.0 (compatible; MSIE 9.0; Windows NT 6.1; WOW64; Trident/5.0)"
198.1.37.160 - - [13/Aug/2013:16:48:57 -0400] "GET /images/6.jpg HTTP/1.1" 200 5849 "http://www.lenriggs.com/" "Mozilla/5.0 (compatible; MSIE 9.0; Windows NT 6.1; WOW64; Trident/5.0)"
220.181.108.107 - - [13/Aug/2013:18:15:46 -0400] "GET /scripts/photoalbum.js HTTP/1.1" 200 62481 "http://lenriggs.com/upgradeorreplacement.html" "Mozilla/5.0 (X11; U; Linux x86_64; en-US; rv:1.9) Gecko Minefield/3.0"
65.40.224.145 - - [13/Aug/2013:19:22:52 -0400] "GET /allupcomingclasses.html HTTP/1.1" 200 19142 "http://www.lenriggs.com/" "Mozilla/4.0 (compatible; MSIE 7.0; Windows NT 6.1; WOW64; Trident/6.0; SLCC2; .NET CLR 2.0.50727; .NET CLR 3.5.30729; .NET CLR 3.0.30729; Media Center PC 6.0; .NET4.0C; .NET4.0E)"
67.185.226.177 - - [13/Aug/2013:19:32:38 -0400] "GET /scripts/9custom.css HTTP/1.1" 200 804 "http://www.lenriggs.com/spokaneclasses.html" "Mozilla/5.0 (Windows NT 6.0) AppleWebKit/537.36 (KHTML, like Gecko) Chrome/28.0.1500.95 Safari/537.36"
67.185.226.177 - - [13/Aug/2013:19:32:38 -0400] "GET /favicon.ico HTTP/1.1" 404 575 "-" "Mozilla/5.0 (Windows NT 6.0) AppleWebKit/537.36 (KHTML, like Gecko) Chrome/28.0.1500.95 Safari/537.36"
207.114.155.129 - - [13/Aug/2013:11:23:28 -0400] "GET /scripts/user.js HTTP/1.1" 200 23762 "http://www.lenriggs.com/" "Mozilla/5.0 (compatible; MSIE 10.0; Windows NT 6.1; WOW64; Trident/6.0)"
71.221.205.99 - - [13/Aug/2013:16:23:11 -0400] "GET /images/502_3.jpg HTTP/1.1" 200 24910 "http://www.lenriggs.com/" "Mozilla/5.0 (iPhone; CPU iPhone OS 6_1_3 like Mac OS X) AppleWebKit/536.26 (KHTML, like Gecko) Version/6.0 Mobile/10B329 Safari/8536.25"
71.221.205.99 - - [13/Aug/2013:16:23:11 -0400] "GET /images/ic_059_title_bg_wide.png HTTP/1.1" 200 3851 "http://www.lenriggs.com/" "Mozilla/5.0 (iPhone; CPU iPhone OS 6_1_3 like Mac OS X) AppleWebKit/536.26 (KHTML, like Gecko) Version/6.0 Mobile/10B329 Safari/8536.25"
71.221.205.99 - - [13/Aug/2013:16:23:11 -0400] "GET /scripts/print.css HTTP/1.1" 200 12355 "http://www.lenriggs.com/" "Mozilla/5.0 (iPhone; CPU iPhone OS 6_1_3 like Mac OS X) AppleWebKit/536.26 (KHTML, like Gecko) Version/6.0 Mobile/10B329 Safari/8536.25"
76.104.221.177 - - [13/Aug/2013:17:49:39 -0400] "GET /apple-touch-icon.png HTTP/1.1" 404 575 "-" "Dolphin http client/10.0.1(230) (Android)"
76.104.221.177 - - [13/Aug/2013:17:49:39 -0400] "GET /apple-touch-icon.png HTTP/1.1" 404 575 "-" "Dolphin http client/10.0.1(230) (Android)"
50.46.242.104 - - [13/Aug/2013:12:22:57 -0400] "GET /scripts/website.css HTTP/1.1" 200 1727 "http://lenriggs.com/" "Mozilla/5.0 (Macintosh; Intel Mac OS X 10_8_4) AppleWebKit/536.30.1 (KHTML, like Gecko) Version/6.0.5 Safari/536.30.1"
50.46.242.104 - - [13/Aug/2013:12:22:58 -0400] "GET /images/ic_059_slogan_bg_wide.png HTTP/1.1" 200 543 "http://lenriggs.com/" "Mozilla/5.0 (Macintosh; Intel Mac OS X 10_8_4) AppleWebKit/536.30.1 (KHTML, like Gecko) Version/6.0.5 Safari/536.30.1"
69.165.162.79 - - [13/Aug/2013:12:50:36 -0400] "GET /olympiacentraliaclasses.html HTTP/1.1" 200 8085 "-" "Mozilla/4.0 (compatible; MSIE 6.0; Windows NT 5.1; .NET CLR 1.1.4322)"
69.165.162.79 - - [13/Aug/2013:12:52:53 -0400] "GET /moseslakewenatcheeareaclasses.html HTTP/1.1" 200 8086 "-" "Mozilla/4.0 (compatible; MSIE 6.0; Windows NT 5.1; .NET CLR 1.1.4322)"
66.249.75.18 - - [13/Aug/2013:13:53:49 -0400] "GET /classschedule.html HTTP/1.1" 304 - "-" "Mozilla/5.0 (compatible; Googlebot/2.1; +http://www.google.com/bot.html)"
107.61.217.162 - - [13/Aug/2013:00:49:42 -0400] "GET / HTTP/1.1" 200 19142 "-" "Mozilla/4.0 (compatible; MSIE 8.0; Windows NT 5.1; Trident/4.0; InfoPath.3; AskTbFWV5/5.15.25.44892)"
107.61.217.162 - - [13/Aug/2013:00:49:43 -0400] "GET /scripts/photoalbum.js HTTP/1.1" 200 62481 "http://www.lenriggs.com/" "Mozilla/4.0 (compatible; MSIE 8.0; Windows NT 5.1; Trident/4.0; InfoPath.3; AskTbFWV5/5.15.25.44892)"
107.61.217.162 - - [13/Aug/2013:00:49:43 -0400] "GET /scripts/website.css HTTP/1.1" 200 1727 "http://www.lenriggs.com/" "Mozilla/4.0 (compatible; MSIE 8.0; Windows NT 5.1; Trident/4.0; InfoPath.3; AskTbFWV5/5.15.25.44892)"
107.61.217.162 - - [13/Aug/2013:00:49:44 -0400] "GET /scripts/1custom.css HTTP/1.1" 200 2157 "http://www.lenriggs.com/" "Mozilla/4.0 (compatible; MSIE 8.0; Windows NT 5.1; Trident/4.0; InfoPath.3; AskTbFWV5/5.15.25.44892)"
107.61.217.162 - - [13/Aug/2013:00:49:44 -0400] "GET /scripts/icwebsiteelement.css HTTP/1.1" 200 8132 "http://www.lenriggs.com/" "Mozilla/4.0 (compatible; MSIE 8.0; Windows NT 5.1; Trident/4.0; InfoPath.3; AskTbFWV5/5.15.25.44892)"
107.61.217.162 - - [13/Aug/2013:00:49:44 -0400] "GET /images/6.jpg HTTP/1.1" 200 5849 "http://www.lenriggs.com/" "Mozilla/4.0 (compatible; MSIE 8.0; Windows NT 5.1; Trident/4.0; InfoPath.3; AskTbFWV5/5.15.25.44892)"
107.61.217.162 - - [13/Aug/2013:00:49:45 -0400] "GET /images/ic_059_slogan_bg_wide.png HTTP/1.1" 200 543 "http://www.lenriggs.com/" "Mozilla/4.0 (compatible; MSIE 8.0; Windows NT 5.1; Trident/4.0; InfoPath.3; AskTbFWV5/5.15.25.44892)"
107.61.217.162 - - [13/Aug/2013:00:49:46 -0400] "GET /favicon.ico HTTP/1.1" 404 575 "-" "Mozilla/4.0 (compatible; MSIE 8.0; Windows NT 5.1; Trident/4.0; InfoPath.3; AskTbFWV5/5.15.25.44892)"
67.170.3.229 - - [13/Aug/2013:19:36:36 -0400] "GET /bellinghamburlingtonareaclasses.html HTTP/1.1" 200 8085 "http://www.lenriggs.com/allupcomingclasses.html" "Mozilla/5.0 (Windows NT 6.1; WOW64) AppleWebKit/537.36 (KHTML, like Gecko) Chrome/28.0.1500.95 Safari/537.36"
67.170.3.229 - - [13/Aug/2013:19:36:36 -0400] "GET /scripts/5custom.css HTTP/1.1" 200 804 "http://www.lenriggs.com/bellinghamburlingtonareaclasses.html" "Mozilla/5.0 (Windows NT 6.1; WOW64) AppleWebKit/537.36 (KHTML, like Gecko) Chrome/28.0.1500.95 Safari/537.36"
67.170.3.229 - - [13/Aug/2013:19:36:36 -0400] "GET /favicon.ico HTTP/1.1" 404 575 "-" "Mozilla/5.0 (Windows NT 6.1; WOW64) AppleWebKit/537.36 (KHTML, like Gecko) Chrome/28.0.1500.95 Safari/537.36"
24.16.129.44 - - [13/Aug/2013:19:49:08 -0400] "GET /favicon.ico HTTP/1.1" 404 575 "-" "Mozilla/5.0 (Windows NT 6.2; WOW64) AppleWebKit/537.36 (KHTML, like Gecko) Chrome/28.0.1500.95 Safari/537.36"
174.21.32.210 - - [13/Aug/2013:21:04:54 -0400] "GET /scripts/template.css HTTP/1.1" 200 12058 "http://www.lenriggs.com/" "Mozilla/5.0 (compatible; MSIE 10.0; Windows NT 6.1; WOW64; Trident/6.0)"
71.213.247.253 - - [13/Aug/2013:15:12:33 -0400] "GET /images/ic_059_slogan_bg_wide.png HTTP/1.1" 200 543 "http://www.lenriggs.com/" "Mozilla/5.0 (Windows NT 6.1; WOW64) AppleWebKit/537.36 (KHTML, like Gecko) Chrome/27.0.1453.94 Safari/537.36"
50.54.161.253 - - [13/Aug/2013:16:59:30 -0400] "GET /scripts/photoalbum.js HTTP/1.1" 200 62481 "http://lenriggs.com/" "Mozilla/5.0 (Macintosh; Intel Mac OS X 10_6_8) AppleWebKit/537.36 (KHTML, like Gecko) Chrome/28.0.1500.95 Safari/537.36"
50.54.161.253 - - [13/Aug/2013:16:59:33 -0400] "GET /images/502_3.jpg HTTP/1.1" 200 24910 "http://lenriggs.com/" "Mozilla/5.0 (Macintosh; Intel Mac OS X 10_6_8) AppleWebKit/537.36 (KHTML, like Gecko) Chrome/28.0.1500.95 Safari/537.36"
50.54.161.253 - - [13/Aug/2013:16:59:35 -0400] "GET /favicon.ico HTTP/1.1" 404 575 "-" "Mozilla/5.0 (Macintosh; Intel Mac OS X 10_6_8) AppleWebKit/537.36 (KHTML, like Gecko) Chrome/28.0.1500.95 Safari/537.36"
173.160.134.9 - - [13/Aug/2013:17:35:16 -0400] "GET / HTTP/1.1" 200 19142 "http://www.google.com/url?sa=t&rct=j&q=lenn%20riggs%20liquour%20class&source=web&cd=1&ved=0CDkQFjAA&url=http%3A%2F%2Fwww.lenriggs.com%2F&ei=gaYKUq6-FomRiQKTyoHgAg&usg=AFQjCNEkxrknMe29N7cTpfy8FFRAybnBuw&bvm=bv.50723672,d.cGE" "Mozilla/5.0 (compatible; MSIE 9.0; Windows NT 6.1; Win64; x64; Trident/5.0)"
199.30.25.33 - - [13/Aug/2013:12:51:29 -0400] "GET /scripts/user.js HTTP/1.1" 200 23762 "http://www.lenriggs.com/classinfo.html" "Mozilla/5.0 (Windows NT 6.1; WOW64) AppleWebKit/534+ (KHTML, like Gecko) BingPreview/1.0b"
199.30.25.33 - - [13/Aug/2013:12:51:29 -0400] "GET /images/6.jpg HTTP/1.1" 200 5849 "http://www.lenriggs.com/classinfo.html" "Mozilla/5.0 (Windows NT 6.1; WOW64) AppleWebKit/534+ (KHTML, like Gecko) BingPreview/1.0b"
208.54.32.149 - - [13/Aug/2013:01:14:36 -0400] "GET /upgradeorreplacement.html HTTP/1.1" 200 22582 "http://www.lenriggs.com/" "Mozilla/5.0 (Linux; U; Android 2.3.6; en-us; T-Mobile myTouch Q Build/HuaweiU8730) AppleWebKit/533.1 (KHTML, like Gecko) Version/4.0 Mobile Safari/533.1"
66.249.75.18 - - [13/Aug/2013:02:25:38 -0400] "GET /scripts/39custom.css HTTP/1.1" 200 804 "-" "Mozilla/5.0 (compatible; Googlebot/2.1; +http://www.google.com/bot.html)"
46.119.118.152 - - [13/Aug/2013:20:10:13 -0400] "GET / HTTP/1.1" 200 19142 "http://remont-fridge-tv.ru/" "Mozilla/3.0 (x86 [en] Windows NT 5.1; Sun)"
123.125.71.88 - - [13/Aug/2013:22:32:31 -0400] "GET / HTTP/1.1" 200 19142 "-" "Mozilla/5.0 (Linux;u;Android 2.3.7;zh-cn;) AppleWebKit/533.1 (KHTML,like Gecko) Version/4.0 Mobile Safari/533.1 (compatible; +http://www.baidu.com/search/spider.html)"
63.226.218.79 - - [13/Aug/2013:22:47:54 -0400] "GET /seattleareaclasses.html HTTP/1.1" 200 8085 "http://www.lenriggs.com/" "Mozilla/5.0 (compatible; MSIE 10.0; Windows NT 6.1; WOW64; Trident/6.0)"
66.87.113.10 - - [13/Aug/2013:23:10:20 -0400] "GET /scripts/1custom.css HTTP/1.1" 304 - "http://www.lenriggs.com/" "Mozilla/5.0 (iPhone; CPU iPhone OS 6_1_4 like Mac OS X) AppleWebKit/536.26 (KHTML, like Gecko) Version/6.0 Mobile/10B350 Safari/8536.25"
66.87.113.10 - - [13/Aug/2013:23:10:20 -0400] "GET /scripts/template.css HTTP/1.1" 304 - "http://www.lenriggs.com/" "Mozilla/5.0 (iPhone; CPU iPhone OS 6_1_4 like Mac OS X) AppleWebKit/536.26 (KHTML, like Gecko) Version/6.0 Mobile/10B350 Safari/8536.25"
76.104.221.177 - - [13/Aug/2013:23:34:58 -0400] "GET /favicon.ico HTTP/1.1" 404 575 "-" "Dolphin http client/10.0.1(230) (Android)"
69.165.162.79 - - [13/Aug/2013:12:52:11 -0400] "GET /bellevuekirklandareaclasses.html HTTP/1.1" 200 8085 "-" "Mozilla/4.0 (compatible; MSIE 6.0; Windows NT 5.1; .NET CLR 1.1.4322)"
123.151.41.83 - - [13/Aug/2013:09:19:24 -0400] "GET /robots.txt HTTP/1.1" 200 25 "http://www.lenriggs.com/" "Mozilla/5.0 (compatible; MSIE 8.0; Windows NT 6.1)"
71.221.205.99 - - [13/Aug/2013:16:23:07 -0400] "GET /scripts/ic_globals_published.js HTTP/1.1" 200 566 "http://www.lenriggs.com/" "Mozilla/5.0 (iPhone; CPU iPhone OS 6_1_3 like Mac OS X) AppleWebKit/536.26 (KHTML, like Gecko) Version/6.0 Mobile/10B329 Safari/8536.25"
71.221.205.99 - - [13/Aug/2013:16:23:07 -0400] "GET /scripts/1custom.css HTTP/1.1" 200 2157 "http://www.lenriggs.com/" "Mozilla/5.0 (iPhone; CPU iPhone OS 6_1_3 like Mac OS X) AppleWebKit/536.26 (KHTML, like Gecko) Version/6.0 Mobile/10B329 Safari/8536.25"
71.221.205.99 - - [13/Aug/2013:16:23:07 -0400] "GET /scripts/icwebsiteelement.css HTTP/1.1" 200 8132 "http://www.lenriggs.com/" "Mozilla/5.0 (iPhone; CPU iPhone OS 6_1_3 like Mac OS X) AppleWebKit/536.26 (KHTML, like Gecko) Version/6.0 Mobile/10B329 Safari/8536.25"
71.221.205.99 - - [13/Aug/2013:16:23:22 -0400] "GET /spokaneclasses.html HTTP/1.1" 200 8085 "http://www.lenriggs.com/" "Mozilla/5.0 (iPhone; CPU iPhone OS 6_1_3 like Mac OS X) AppleWebKit/536.26 (KHTML, like Gecko) Version/6.0 Mobile/10B329 Safari/8536.25"
71.221.205.99 - - [13/Aug/2013:16:23:24 -0400] "GET /scripts/9custom.css HTTP/1.1" 200 804 "http://www.lenriggs.com/spokaneclasses.html" "Mozilla/5.0 (iPhone; CPU iPhone OS 6_1_3 like Mac OS X) AppleWebKit/536.26 (KHTML, like Gecko) Version/6.0 Mobile/10B329 Safari/8536.25"
173.160.134.9 - - [13/Aug/2013:17:35:16 -0400] "GET /scripts/user.js HTTP/1.1" 200 23762 "http://www.lenriggs.com/" "Mozilla/5.0 (compatible; MSIE 9.0; Windows NT 6.1; Win64; x64; Trident/5.0)"
76.104.221.177 - - [13/Aug/2013:02:00:43 -0400] "GET /favicon.ico HTTP/1.1" 404 575 "-" "Dolphin http client/10.0.1(230) (Android)"
96.39.146.233 - - [13/Aug/2013:02:29:01 -0400] "GET /upgradeorreplacement.html HTTP/1.1" 200 22582 "-" "Mozilla/5.0 (Linux; U; Android 2.3.6; en-us; T-Mobile myTouch Q Build/HuaweiU8730) AppleWebKit/533.1 (KHTML, like Gecko) Version/4.0 Mobile Safari/533.1"
96.39.146.233 - - [13/Aug/2013:02:29:02 -0400] "GET /scripts/15custom.css HTTP/1.1" 200 804 "http://www.lenriggs.com/upgradeorreplacement.html" "Mozilla/5.0 (Linux; U; Android 2.3.6; en-us; T-Mobile myTouch Q Build/HuaweiU8730) AppleWebKit/533.1 (KHTML, like Gecko) Version/4.0 Mobile Safari/533.1"
96.39.146.233 - - [13/Aug/2013:02:29:02 -0400] "GET /scripts/icwebsiteelement.css HTTP/1.1" 200 8132 "http://www.lenriggs.com/upgradeorreplacement.html" "Mozilla/5.0 (Linux; U; Android 2.3.6; en-us; T-Mobile myTouch Q Build/HuaweiU8730) AppleWebKit/533.1 (KHTML, like Gecko) Version/4.0 Mobile Safari/533.1"
96.39.146.233 - - [13/Aug/2013:02:29:02 -0400] "GET /images/ic_059_navtopper_bg.png HTTP/1.1" 200 1365 "http://www.lenriggs.com/upgradeorreplacement.html" "Mozilla/5.0 (Linux; U; Android 2.3.6; en-us; T-Mobile myTouch Q Build/HuaweiU8730) AppleWebKit/533.1 (KHTML, like Gecko) Version/4.0 Mobile Safari/533.1"
96.39.146.233 - - [13/Aug/2013:02:29:03 -0400] "GET /images/ic_059_title_bg.png HTTP/1.1" 200 3634 "http://www.lenriggs.com/upgradeorreplacement.html" "Mozilla/5.0 (Linux; U; Android 2.3.6; en-us; T-Mobile myTouch Q Build/HuaweiU8730) AppleWebKit/533.1 (KHTML, like Gecko) Version/4.0 Mobile Safari/533.1"
96.39.146.233 - - [13/Aug/2013:02:29:03 -0400] "GET /images/ic_059_title_bg_wide.png HTTP/1.1" 200 3851 "http://www.lenriggs.com/upgradeorreplacement.html" "Mozilla/5.0 (Linux; U; Android 2.3.6; en-us; T-Mobile myTouch Q Build/HuaweiU8730) AppleWebKit/533.1 (KHTML, like Gecko) Version/4.0 Mobile Safari/533.1"
96.39.146.233 - - [13/Aug/2013:02:29:03 -0400] "GET /images/ic_059_slogan_bg.png HTTP/1.1" 200 467 "http://www.lenriggs.com/upgradeorreplacement.html" "Mozilla/5.0 (Linux; U; Android 2.3.6; en-us; T-Mobile myTouch Q Build/HuaweiU8730) AppleWebKit/533.1 (KHTML, like Gecko) Version/4.0 Mobile Safari/533.1"
174.21.32.210 - - [13/Aug/2013:21:04:54 -0400] "GET / HTTP/1.1" 200 19142 "http://www.google.com/url?sa=t&rct=j&q=alcohol%20permit%20in%20washington%20state&source=web&cd=9&ved=0CHQQFjAI&url=http%3A%2F%2Fwww.lenriggs.com%2F&ei=eNcKUs-NHYauyAHI2oCAAw&usg=AFQjCNEkxrknMe29N7cTpfy8FFRAybnBuw" "Mozilla/5.0 (compatible; MSIE 10.0; Windows NT 6.1; WOW64; Trident/6.0)"
63.226.218.79 - - [13/Aug/2013:22:44:42 -0400] "GET /scripts/website.css HTTP/1.1" 304 - "http://www.lenriggs.com/" "Mozilla/5.0 (compatible; MSIE 10.0; Windows NT 6.1; WOW64; Trident/6.0)"
46.119.118.152 - - [13/Aug/2013:22:56:29 -0400] "GET / HTTP/1.1" 200 19142 "http://www.bravica.info/ru/" "Mozilla/3.0 (x86 [en] Windows NT 5.1; Sun)"
66.87.113.10 - - [13/Aug/2013:23:10:21 -0400] "GET /images/ic_059_title_bg_wide.png HTTP/1.1" 304 - "http://www.lenriggs.com/" "Mozilla/5.0 (iPhone; CPU iPhone OS 6_1_4 like Mac OS X) AppleWebKit/536.26 (KHTML, like Gecko) Version/6.0 Mobile/10B350 Safari/8536.25"
46.229.170.197 - - [13/Aug/2013:15:52:55 -0400] "GET / HTTP/1.1" 200 19142 "-" "Mozilla/5.0 (X11; U; Linux i686; it-IT; rv:1.9.0.2) Gecko/2008092313 Ubuntu/9.25 (jaunty) Firefox/3.8"
76.104.221.177 - - [13/Aug/2013:16:09:11 -0400] "GET /apple-touch-icon.png HTTP/1.1" 404 575 "-" "Dolphin http client/10.0.1(230) (Android)"
76.104.221.177 - - [13/Aug/2013:16:09:13 -0400] "GET /apple-touch-icon.png HTTP/1.1" 404 575 "-" "Dolphin http client/10.0.1(230) (Android)"
91.207.9.226 - - [13/Aug/2013:12:39:47 -0400] "GET / HTTP/1.1" 200 19142 "http://degustar.ru/" "Mozilla/4.0 (compatible; MSIE 6.0; Windows NT 5.0; .NET CLR 1.0.3705; .NET CLR 1.1.4322)"
208.54.32.175 - - [13/Aug/2013:14:37:28 -0400] "GET /scripts/ic_globals_published.js HTTP/1.1" 200 566 "http://www.lenriggs.com/" "Mozilla/5.0 (Windows NT 6.1; WOW64; rv:23.0) Gecko/20100101 Firefox/23.0"
208.54.32.175 - - [13/Aug/2013:14:37:32 -0400] "GET /scripts/template.css HTTP/1.1" 200 12058 "http://www.lenriggs.com/" "Mozilla/5.0 (Windows NT 6.1; WOW64; rv:23.0) Gecko/20100101 Firefox/23.0"
208.54.32.175 - - [13/Aug/2013:14:37:32 -0400] "GET /images/ic_059_title_bg_wide.png HTTP/1.1" 200 3851 "http://www.lenriggs.com/scripts/template.css" "Mozilla/5.0 (Windows NT 6.1; WOW64; rv:23.0) Gecko/20100101 Firefox/23.0"
50.34.22.66 - - [13/Aug/2013:00:44:36 -0400] "GET /favicon.ico HTTP/1.1" 404 575 "-" "Mozilla/5.0 (compatible; MSIE 10.0; Windows NT 6.1; Win64; x64; Trident/6.0)"
91.207.9.226 - - [13/Aug/2013:00:55:02 -0400] "GET / HTTP/1.1" 200 19142 "http://basicuse.net/" "Mozilla/4.0 (compatible; MSIE 6.0; Windows NT 5.1)"
208.54.32.149 - - [13/Aug/2013:01:14:11 -0400] "GET / HTTP/1.1" 200 19142 "http://www.google.com/search?hl=en&redir_esc=&client=ms-android-hms-tmobile-us&source=android-browser-type&v=133247963&qsubts=1376370818732&action=devloc&q=where+in+tri+cities+do+i+get+a+alcoholic+linces&v=133247963" "Mozilla/5.0 (Linux; U; Android 2.3.6; en-us; T-Mobile myTouch Q Build/HuaweiU8730) AppleWebKit/533.1 (KHTML, like Gecko) Version/4.0 Mobile Safari/533.1"
208.54.32.149 - - [13/Aug/2013:01:14:13 -0400] "GET /scripts/template.css HTTP/1.1" 200 12058 "http://www.lenriggs.com/" "Mozilla/5.0 (Linux; U; Android 2.3.6; en-us; T-Mobile myTouch Q Build/HuaweiU8730) AppleWebKit/533.1 (KHTML, like Gecko) Version/4.0 Mobile Safari/533.1"
208.54.32.149 - - [13/Aug/2013:01:14:13 -0400] "GET /scripts/website.css HTTP/1.1" 200 1727 "http://www.lenriggs.com/" "Mozilla/5.0 (Linux; U; Android 2.3.6; en-us; T-Mobile myTouch Q Build/HuaweiU8730) AppleWebKit/533.1 (KHTML, like Gecko) Version/4.0 Mobile Safari/533.1"
208.54.32.149 - - [13/Aug/2013:01:14:13 -0400] "GET /scripts/print.css HTTP/1.1" 200 12355 "http://www.lenriggs.com/" "Mozilla/5.0 (Linux; U; Android 2.3.6; en-us; T-Mobile myTouch Q Build/HuaweiU8730) AppleWebKit/533.1 (KHTML, like Gecko) Version/4.0 Mobile Safari/533.1"
208.54.32.149 - - [13/Aug/2013:01:14:40 -0400] "GET /allupcomingclasses.html HTTP/1.1" 200 19142 "http://www.lenriggs.com/upgradeorreplacement.html" "Mozilla/5.0 (Linux; U; Android 2.3.6; en-us; T-Mobile myTouch Q Build/HuaweiU8730) AppleWebKit/533.1 (KHTML, like Gecko) Version/4.0 Mobile Safari/533.1"
157.55.34.24 - - [13/Aug/2013:01:28:20 -0400] "GET /robots.txt HTTP/1.1" 200 25 "-" "Mozilla/5.0 (compatible; bingbot/2.0; +http://www.bing.com/bingbot.htm)"
24.18.193.48 - - [13/Aug/2013:11:27:03 -0400] "GET /newonlineclasses.html HTTP/1.1" 200 11516 "http://www.ask.com/web?q=len+riggs&search=&qsrc=364&o=0&l=dir" "Mozilla/5.0 (compatible; MSIE 10.0; Windows NT 6.1; WOW64; Trident/6.0)"
24.18.193.48 - - [13/Aug/2013:11:27:03 -0400] "GET /scripts/user.js HTTP/1.1" 200 23762 "http://www.lenriggs.com/newonlineclasses.html" "Mozilla/5.0 (compatible; MSIE 10.0; Windows NT 6.1; WOW64; Trident/6.0)"
24.18.193.48 - - [13/Aug/2013:11:27:03 -0400] "GET /scripts/print.css HTTP/1.1" 200 12355 "http://www.lenriggs.com/newonlineclasses.html" "Mozilla/5.0 (compatible; MSIE 10.0; Windows NT 6.1; WOW64; Trident/6.0)"
24.18.193.48 - - [13/Aug/2013:11:27:04 -0400] "GET /images/ic_059_title_bg_wide.png HTTP/1.1" 200 3851 "http://www.lenriggs.com/newonlineclasses.html" "Mozilla/5.0 (compatible; MSIE 10.0; Windows NT 6.1; WOW64; Trident/6.0)"
193.106.136.58 - - [13/Aug/2013:03:47:53 -0400] "GET / HTTP/1.1" 200 19142 "http://planetakino.com/" "Mozilla/4.0 (compatible; MSIE 6.0; Windows NT 5.1; FREE; .NET CLR 1.1.4322)"
69.165.162.79 - - [13/Aug/2013:12:51:30 -0400] "GET /spokaneclasses.html HTTP/1.1" 200 8085 "-" "Mozilla/4.0 (compatible; MSIE 6.0; Windows NT 5.1; .NET CLR 1.1.4322)"
76.104.185.46 - - [13/Aug/2013:13:32:26 -0400] "GET / HTTP/1.1" 304 - "-" "Mozilla/4.0 (compatible; MSIE 8.0; Windows NT 5.1; Trident/4.0; GTB7.5; .NET CLR 1.1.4322; .NET CLR 2.0.50727; .NET CLR 3.0.4506.2152; .NET CLR 3.5.30729; .NET4.0C; AskTbASI/5.15.12.33066; yie8)"
76.104.185.46 - - [13/Aug/2013:13:32:27 -0400] "GET /scripts/ic_globals_published.js HTTP/1.1" 304 - "http://www.lenriggs.com/" "Mozilla/4.0 (compatible; MSIE 8.0; Windows NT 5.1; Trident/4.0; GTB7.5; .NET CLR 1.1.4322; .NET CLR 2.0.50727; .NET CLR 3.0.4506.2152; .NET CLR 3.5.30729; .NET4.0C; AskTbASI/5.15.12.33066; yie8)"
76.104.185.46 - - [13/Aug/2013:13:32:27 -0400] "GET /scripts/user.js HTTP/1.1" 304 - "http://www.lenriggs.com/" "Mozilla/4.0 (compatible; MSIE 8.0; Windows NT 5.1; Trident/4.0; GTB7.5; .NET CLR 1.1.4322; .NET CLR 2.0.50727; .NET CLR 3.0.4506.2152; .NET CLR 3.5.30729; .NET4.0C; AskTbASI/5.15.12.33066; yie8)"
76.104.185.46 - - [13/Aug/2013:13:32:27 -0400] "GET /scripts/template.css HTTP/1.1" 304 - "http://www.lenriggs.com/" "Mozilla/4.0 (compatible; MSIE 8.0; Windows NT 5.1; Trident/4.0; GTB7.5; .NET CLR 1.1.4322; .NET CLR 2.0.50727; .NET CLR 3.0.4506.2152; .NET CLR 3.5.30729; .NET4.0C; AskTbASI/5.15.12.33066; yie8)"
198.239.178.118 - - [13/Aug/2013:13:34:04 -0400] "GET /scripts/website.css HTTP/1.1" 200 1727 "http://www.lenriggs.com/" "Mozilla/4.0 (compatible; MSIE 8.0; Windows NT 6.1; WOW64; Trident/4.0; SLCC2; .NET CLR 2.0.50727; .NET CLR 3.5.30729; .NET CLR 3.0.30729; Media Center PC 6.0)"
