198.239.178.118 - - [13/Aug/2013:13:34:04 -0400] "GET /scripts/1custom.css HTTP/1.1" 200 2157 "http://www.lenriggs.com/" "Mozilla/4.0 (compatible; MSIE 8.0; Windows NT 6.1; WOW64; Trident/4.0; SLCC2; .NET CLR 2.0.50727; .NET CLR 3.5.30729; .NET CLR 3.0.30729; Media Center PC 6.0)"
198.239.178.118 - - [13/Aug/2013:13:34:06 -0400] "GET /images/ic_059_slogan_bg_wide.png HTTP/1.1" 200 543 "http://www.lenriggs.com/" "Mozilla/4.0 (compatible; MSIE 8.0; Windows NT 6.1; WOW64; Trident/4.0; SLCC2; .NET CLR 2.0.50727; .NET CLR 3.5.30729; .NET CLR 3.0.30729; Media Center PC 6.0)"
76.22.42.77 - - [13/Aug/2013:14:13:59 -0400] "GET /scripts/ic_globals_published.js HTTP/1.1" 200 566 "http://www.lenriggs.com/" "Mozilla/5.0 (Windows NT 6.1) AppleWebKit/537.36 (KHTML, like Gecko) Chrome/28.0.1500.95 Safari/537.36"
76.22.42.77 - - [13/Aug/2013:14:13:59 -0400] "GET /scripts/icwebsiteelement.css HTTP/1.1" 200 8132 "http://www.lenriggs.com/" "Mozilla/5.0 (Windows NT 6.1) AppleWebKit/537.36 (KHTML, like Gecko) Chrome/28.0.1500.95 Safari/537.36"
76.22.42.77 - - [13/Aug/2013:14:14:01 -0400] "GET /images/ic_059_title_bg_wide.png HTTP/1.1" 200 3851 "http://www.lenriggs.com/" "Mozilla/5.0 (Windows NT 6.1) AppleWebKit/537.36 (KHTML, like Gecko) Chrome/28.0.1500.95 Safari/537.36"
67.170.3.229 - - [13/Aug/2013:19:37:52 -0400] "GET /favicon.ico HTTP/1.1" 404 575 "-" "Mozilla/5.0 (Windows NT 6.1; WOW64) AppleWebKit/537.36 (KHTML, like Gecko) Chrome/28.0.1500.95 Safari/537.36"
67.170.3.229 - - [13/Aug/2013:19:37:55 -0400] "GET /bremertonkitsappennislaareaclasses.html HTTP/1.1" 200 8086 "http://www.lenriggs.com/olympiacentraliaclasses.html" "Mozilla/5.0 (Windows NT 6.1; WOW64) AppleWebKit/537.36 (KHTML, like Gecko) Chrome/28.0.1500.95 Safari/537.36"
67.170.3.229 - - [13/Aug/2013:19:37:55 -0400] "GET /scripts/10custom.css HTTP/1.1" 200 804 "http://www.lenriggs.com/bremertonkitsappennislaareaclasses.html" "Mozilla/5.0 (Windows NT 6.1; WOW64) AppleWebKit/537.36 (KHTML, like Gecko) Chrome/28.0.1500.95 Safari/537.36"
67.170.3.229 - - [13/Aug/2013:19:37:55 -0400] "GET /favicon.ico HTTP/1.1" 404 575 "-" "Mozilla/5.0 (Windows NT 6.1; WOW64) AppleWebKit/537.36 (KHTML, like Gecko) Chrome/28.0.1500.95 Safari/537.36"
67.170.3.229 - - [13/Aug/2013:19:38:07 -0400] "GET /favicon.ico HTTP/1.1" 404 575 "-" "Mozilla/5.0 (Windows NT 6.1; WOW64) AppleWebKit/537.36 (KHTML, like Gecko) Chrome/28.0.1500.95 Safari/537.36"
67.170.3.229 - - [13/Aug/2013:19:38:10 -0400] "GET /vancouverkelsoclasses.html HTTP/1.1" 200 8085 "http://www.lenriggs.com/bellinghamburlingtonareaclasses.html" "Mozilla/5.0 (Windows NT 6.1; WOW64) AppleWebKit/537.36 (KHTML, like Gecko) Chrome/28.0.1500.95 Safari/537.36"
67.170.3.229 - - [13/Aug/2013:19:38:10 -0400] "GET /scripts/6custom.css HTTP/1.1" 200 804 "http://www.lenriggs.com/vancouverkelsoclasses.html" "Mozilla/5.0 (Windows NT 6.1; WOW64) AppleWebKit/537.36 (KHTML, like Gecko) Chrome/28.0.1500.95 Safari/537.36"
67.170.3.229 - - [13/Aug/2013:19:38:10 -0400] "GET /favicon.ico HTTP/1.1" 404 575 "-" "Mozilla/5.0 (Windows NT 6.1; WOW64) AppleWebKit/537.36 (KHTML, like Gecko) Chrome/28.0.1500.95 Safari/537.36"
67.170.3.229 - - [13/Aug/2013:19:38:13 -0400] "GET /spokaneclasses.html HTTP/1.1" 200 8085 "http://www.lenriggs.com/vancouverkelsoclasses.html" "Mozilla/5.0 (Windows NT 6.1; WOW64) AppleWebKit/537.36 (KHTML, like Gecko) Chrome/28.0.1500.95 Safari/537.36"
67.170.3.229 - - [13/Aug/2013:19:38:14 -0400] "GET /scripts/9custom.css HTTP/1.1" 200 804 "http://www.lenriggs.com/spokaneclasses.html" "Mozilla/5.0 (Windows NT 6.1; WOW64) AppleWebKit/537.36 (KHTML, like Gecko) Chrome/28.0.1500.95 Safari/537.36"
67.170.3.229 - - [13/Aug/2013:19:38:14 -0400] "GET /favicon.ico HTTP/1.1" 404 575 "-" "Mozilla/5.0 (Windows NT 6.1; WOW64) AppleWebKit/537.36 (KHTML, like Gecko) Chrome/28.0.1500.95 Safari/537.36"
67.170.3.229 - - [13/Aug/2013:19:38:17 -0400] "GET /tricitiesyakimaareaclasses.html HTTP/1.1" 200 8086 "http://www.lenriggs.com/spokaneclasses.html" "Mozilla/5.0 (Windows NT 6.1; WOW64) AppleWebKit/537.36 (KHTML, like Gecko) Chrome/28.0.1500.95 Safari/537.36"
67.170.3.229 - - [13/Aug/2013:19:38:17 -0400] "GET /scripts/11custom.css HTTP/1.1" 200 804 "http://www.lenriggs.com/tricitiesyakimaareaclasses.html" "Mozilla/5.0 (Windows NT 6.1; WOW64) AppleWebKit/537.36 (KHTML, like Gecko) Chrome/28.0.1500.95 Safari/537.36"
67.170.3.229 - - [13/Aug/2013:19:38:18 -0400] "GET /favicon.ico HTTP/1.1" 404 575 "-" "Mozilla/5.0 (Windows NT 6.1; WOW64) AppleWebKit/537.36 (KHTML, like Gecko) Chrome/28.0.1500.95 Safari/537.36"
167.187.100.202 - - [13/Aug/2013:06:12:51 -0400] "GET /scripts/website.css HTTP/1.1" 304 - "-" "Mozilla/4.0 (compatible;)"
66.249.75.18 - - [13/Aug/2013:02:22:23 -0400] "GET /newonlineclasses.html HTTP/1.1" 200 11516 "-" "Mozilla/5.0 (compatible; Googlebot/2.1; +http://www.google.com/bot.html)"
71.221.205.99 - - [13/Aug/2013:16:23:07 -0400] "GET /scripts/photoalbum.js HTTP/1.1" 200 62481 "http://www.lenriggs.com/" "Mozilla/5.0 (iPhone; CPU iPhone OS 6_1_3 like Mac OS X) AppleWebKit/536.26 (KHTML, like Gecko) Version/6.0 Mobile/10B329 Safari/8536.25"
173.160.134.9 - - [13/Aug/2013:17:35:21 -0400] "GET /images/ic_059_navtopper_bg.png HTTP/1.1" 200 1365 "http://www.lenriggs.com/" "Mozilla/5.0 (compatible; MSIE 9.0; Windows NT 6.1; Win64; x64; Trident/5.0)"
167.187.100.202 - - [13/Aug/2013:08:55:02 -0400] "GET /scripts/ic_globals_published.js HTTP/1.1" 304 - "-" "Mozilla/4.0 (compatible;)"
157.56.93.72 - - [13/Aug/2013:11:51:20 -0400] "GET /scripts/template.css HTTP/1.1" 200 12058 "-" "Mozilla/5.0 (compatible; bingbot/2.0; +http://www.bing.com/bingbot.htm)"
76.104.221.177 - - [13/Aug/2013:16:09:06 -0400] "GET /apple-touch-icon.png HTTP/1.1" 404 575 "-" "Dolphin http client/10.0.1(230) (Android)"
67.161.82.99 - - [13/Aug/2013:16:37:04 -0400] "GET /scripts/website.css HTTP/1.1" 200 1727 "http://www.lenriggs.com/" "Mozilla/5.0 (compatible; MSIE 10.0; Windows NT 6.1; WOW64; Trident/6.0)"
67.161.82.99 - - [13/Aug/2013:16:37:04 -0400] "GET /scripts/icwebsiteelement.css HTTP/1.1" 200 8132 "http://www.lenriggs.com/" "Mozilla/5.0 (compatible; MSIE 10.0; Windows NT 6.1; WOW64; Trident/6.0)"
67.161.82.99 - - [13/Aug/2013:16:37:04 -0400] "GET /images/ic_059_title_bg_wide.png HTTP/1.1" 200 3851 "http://www.lenriggs.com/" "Mozilla/5.0 (compatible; MSIE 10.0; Windows NT 6.1; WOW64; Trident/6.0)"
50.54.161.253 - - [13/Aug/2013:12:35:47 -0400] "GET /scripts/user.js HTTP/1.1" 200 23762 "http://lenriggs.com/" "Mozilla/5.0 (Macintosh; Intel Mac OS X 10_6_8) AppleWebKit/537.36 (KHTML, like Gecko) Chrome/28.0.1500.95 Safari/537.36"
50.54.161.253 - - [13/Aug/2013:12:35:50 -0400] "GET /images/ic_059_navtopper_bg.png HTTP/1.1" 200 1365 "http://lenriggs.com/" "Mozilla/5.0 (Macintosh; Intel Mac OS X 10_6_8) AppleWebKit/537.36 (KHTML, like Gecko) Chrome/28.0.1500.95 Safari/537.36"
76.22.42.77 - - [13/Aug/2013:14:15:07 -0400] "GET /scripts/13custom.css HTTP/1.1" 200 804 "http://www.lenriggs.com/kentauburnrentonareaclasses.html" "Mozilla/5.0 (Windows NT 6.1) AppleWebKit/537.36 (KHTML, like Gecko) Chrome/28.0.1500.95 Safari/537.36"
76.22.42.77 - - [13/Aug/2013:14:15:07 -0400] "GET /favicon.ico HTTP/1.1" 404 575 "-" "Mozilla/5.0 (Windows NT 6.1) AppleWebKit/537.36 (KHTML, like Gecko) Chrome/28.0.1500.95 Safari/537.36"
208.54.32.175 - - [13/Aug/2013:14:37:30 -0400] "GET /scripts/website.css HTTP/1.1" 200 1727 "http://www.lenriggs.com/" "Mozilla/5.0 (Windows NT 6.1; WOW64; rv:23.0) Gecko/20100101 Firefox/23.0"
67.170.3.229 - - [13/Aug/2013:19:36:03 -0400] "GET /scripts/website.css HTTP/1.1" 200 1727 "http://www.lenriggs.com/" "Mozilla/5.0 (Windows NT 6.1; WOW64) AppleWebKit/537.36 (KHTML, like Gecko) Chrome/28.0.1500.95 Safari/537.36"
67.170.3.229 - - [13/Aug/2013:19:36:03 -0400] "GET /images/502_3.jpg HTTP/1.1" 200 24910 "http://www.lenriggs.com/" "Mozilla/5.0 (Windows NT 6.1; WOW64) AppleWebKit/537.36 (KHTML, like Gecko) Chrome/28.0.1500.95 Safari/537.36"
67.170.3.229 - - [13/Aug/2013:19:36:05 -0400] "GET /images/ic_059_navtopper_bg.png HTTP/1.1" 200 1365 "http://www.lenriggs.com/" "Mozilla/5.0 (Windows NT 6.1; WOW64) AppleWebKit/537.36 (KHTML, like Gecko) Chrome/28.0.1500.95 Safari/537.36"
76.104.221.177 - - [13/Aug/2013:23:14:11 -0400] "GET /apple-touch-icon.png HTTP/1.1" 404 575 "-" "Dolphin http client/10.0.1(230) (Android)"
76.104.221.177 - - [13/Aug/2013:23:37:05 -0400] "GET /favicon.ico HTTP/1.1" 404 575 "-" "Dolphin http client/10.0.1(230) (Android)"
173.197.183.188 - - [13/Aug/2013:15:53:04 -0400] "GET /scripts/user.js HTTP/1.1" 200 23762 "http://www.lenriggs.com/" "Mozilla/5.0 (Windows NT 6.1; WOW64) AppleWebKit/537.36 (KHTML, like Gecko) Chrome/28.0.1500.95 Safari/537.36"
173.197.183.188 - - [13/Aug/2013:15:53:05 -0400] "GET /scripts/print.css HTTP/1.1" 200 12355 "http://www.lenriggs.com/" "Mozilla/5.0 (Windows NT 6.1; WOW64) AppleWebKit/537.36 (KHTML, like Gecko) Chrome/28.0.1500.95 Safari/537.36"
173.197.183.188 - - [13/Aug/2013:15:53:06 -0400] "GET /favicon.ico HTTP/1.1" 404 575 "-" "Mozilla/5.0 (Windows NT 6.1; WOW64) AppleWebKit/537.36 (KHTML, like Gecko) Chrome/28.0.1500.95 Safari/537.36"
208.54.32.175 - - [13/Aug/2013:14:37:32 -0400] "GET /images/ic_059_navtopper_bg.png HTTP/1.1" 200 1365 "http://www.lenriggs.com/scripts/template.css" "Mozilla/5.0 (Windows NT 6.1; WOW64; rv:23.0) Gecko/20100101 Firefox/23.0"
157.56.93.72 - - [13/Aug/2013:01:07:01 -0400] "GET /robots.txt HTTP/1.1" 200 25 "-" "Mozilla/5.0 (compatible; bingbot/2.0; +http://www.bing.com/bingbot.htm)"
157.56.93.72 - - [13/Aug/2013:01:35:42 -0400] "GET /scripts/icwebsiteelement.css HTTP/1.1" 200 8132 "-" "Mozilla/5.0 (compatible; bingbot/2.0; +http://www.bing.com/bingbot.htm)"
76.104.221.177 - - [13/Aug/2013:01:58:23 -0400] "GET /favicon.ico HTTP/1.1" 404 575 "-" "Dolphin http client/10.0.1(230) (Android)"
66.249.75.18 - - [13/Aug/2013:09:09:27 -0400] "GET /whydowedothis/meetthefounder.html HTTP/1.1" 304 - "-" "Mozilla/5.0 (iPhone; U; CPU iPhone OS 4_1 like Mac OS X; en-us) AppleWebKit/532.9 (KHTML, like Gecko) Version/4.0.5 Mobile/8B117 Safari/6531.22.7 (compatible; Googlebot-Mobile/2.1; +http://www.google.com/bot.html)"
206.188.38.230 - - [13/Aug/2013:10:44:05 -0400] "GET /images/6.jpg HTTP/1.1" 304 - "-" "Mozilla/4.0 (compatible;)"
157.55.34.24 - - [13/Aug/2013:10:49:12 -0400] "GET /robots.txt HTTP/1.1" 200 25 "-" "Mozilla/5.0 (compatible; bingbot/2.0; +http://www.bing.com/bingbot.htm)"
207.114.155.129 - - [13/Aug/2013:11:23:28 -0400] "GET /scripts/template.css HTTP/1.1" 200 12058 "http://www.lenriggs.com/" "Mozilla/5.0 (compatible; MSIE 10.0; Windows NT 6.1; WOW64; Trident/6.0)"
207.114.155.129 - - [13/Aug/2013:11:23:30 -0400] "GET /images/ic_059_title_bg_wide.png HTTP/1.1" 200 3851 "http://www.lenriggs.com/" "Mozilla/5.0 (compatible; MSIE 10.0; Windows NT 6.1; WOW64; Trident/6.0)"
24.17.227.9 - - [13/Aug/2013:20:07:31 -0400] "GET /scripts/user.js HTTP/1.1" 200 23762 "http://lenriggs.com/" "Mozilla/5.0 (iPhone; CPU iPhone OS 6_1_3 like Mac OS X) AppleWebKit/536.26 (KHTML, like Gecko) Version/6.0 Mobile/10B329 Safari/8536.25"
24.17.227.9 - - [13/Aug/2013:20:07:32 -0400] "GET /images/ic_059_title_bg_wide.png HTTP/1.1" 200 3851 "http://lenriggs.com/" "Mozilla/5.0 (iPhone; CPU iPhone OS 6_1_3 like Mac OS X) AppleWebKit/536.26 (KHTML, like Gecko) Version/6.0 Mobile/10B329 Safari/8536.25"
174.21.32.210 - - [13/Aug/2013:21:05:51 -0400] "GET /scripts/7custom.css HTTP/1.1" 200 804 "http://www.lenriggs.com/tacomapuyallupclasses.html" "Mozilla/5.0 (compatible; MSIE 10.0; Windows NT 6.1; WOW64; Trident/6.0)"
76.104.221.177 - - [13/Aug/2013:21:28:57 -0400] "GET /apple-touch-icon.png HTTP/1.1" 404 575 "-" "Dolphin http client/10.0.1(230) (Android)"
76.104.221.177 - - [13/Aug/2013:21:28:58 -0400] "GET /apple-touch-icon.png HTTP/1.1" 404 575 "-" "Dolphin http client/10.0.1(230) (Android)"
73.105.125.88 - - [13/Aug/2013:23:56:46 -0400] "GET /scripts/ic_globals_published.js HTTP/1.1" 200 566 "http://www.lenriggs.com/" "Mozilla/5.0 (iPad; CPU OS 6_1_3 like Mac OS X) AppleWebKit/536.26 (KHTML, like Gecko) CriOS/28.0.1500.16 Mobile/10B329 Safari/8536.25"
73.105.125.88 - - [13/Aug/2013:23:56:46 -0400] "GET /scripts/1custom.css HTTP/1.1" 200 2157 "http://www.lenriggs.com/" "Mozilla/5.0 (iPad; CPU OS 6_1_3 like Mac OS X) AppleWebKit/536.26 (KHTML, like Gecko) CriOS/28.0.1500.16 Mobile/10B329 Safari/8536.25"
73.105.125.88 - - [13/Aug/2013:23:56:47 -0400] "GET /images/502_3.jpg HTTP/1.1" 200 24910 "http://www.lenriggs.com/" "Mozilla/5.0 (iPad; CPU OS 6_1_3 like Mac OS X) AppleWebKit/536.26 (KHTML, like Gecko) CriOS/28.0.1500.16 Mobile/10B329 Safari/8536.25"
73.105.125.88 - - [13/Aug/2013:23:56:47 -0400] "GET /images/6.jpg HTTP/1.1" 200 5849 "http://www.lenriggs.com/" "Mozilla/5.0 (iPad; CPU OS 6_1_3 like Mac OS X) AppleWebKit/536.26 (KHTML, like Gecko) CriOS/28.0.1500.16 Mobile/10B329 Safari/8536.25"
73.105.125.88 - - [13/Aug/2013:23:56:48 -0400] "GET /apple-touch-icon-precomposed.png HTTP/1.1" 404 575 "-" "Mozilla/5.0 (iPad; CPU OS 6_1_3 like Mac OS X) AppleWebKit/536.26 (KHTML, like Gecko) CriOS/28.0.1500.16 Mobile/10B329 Safari/8536.25"
73.105.125.88 - - [13/Aug/2013:23:57:17 -0400] "GET /apple-touch-icon-precomposed.png HTTP/1.1" 404 575 "-" "Mozilla/5.0 (iPad; CPU OS 6_1_3 like Mac OS X) AppleWebKit/536.26 (KHTML, like Gecko) CriOS/28.0.1500.16 Mobile/10B329 Safari/8536.25"
69.165.162.79 - - [13/Aug/2013:12:49:57 -0400] "GET /spokaneclasses.html HTTP/1.1" 200 8085 "-" "Mozilla/4.0 (compatible; MSIE 6.0; Windows NT 5.1; .NET CLR 1.1.4322)"
199.30.25.33 - - [13/Aug/2013:12:51:29 -0400] "GET /scripts/15custom.css HTTP/1.1" 200 804 "http://www.lenriggs.com/classinfo.html" "Mozilla/5.0 (Windows NT 6.1; WOW64) AppleWebKit/534+ (KHTML, like Gecko) BingPreview/1.0b"
199.30.25.33 - - [13/Aug/2013:12:51:29 -0400] "GET /images/ic_059_title_bg_wide.png HTTP/1.1" 200 3851 "http://www.lenriggs.com/classinfo.html" "Mozilla/5.0 (Windows NT 6.1; WOW64) AppleWebKit/534+ (KHTML, like Gecko) BingPreview/1.0b"
198.239.178.118 - - [13/Aug/2013:13:34:04 -0400] "GET / HTTP/1.1" 200 19142 "-" "Mozilla/4.0 (compatible; MSIE 8.0; Windows NT 6.1; WOW64; Trident/4.0; SLCC2; .NET CLR 2.0.50727; .NET CLR 3.5.30729; .NET CLR 3.0.30729; Media Center PC 6.0)"
198.239.178.118 - - [13/Aug/2013:13:34:04 -0400] "GET /scripts/ic_globals_published.js HTTP/1.1" 200 566 "http://www.lenriggs.com/" "Mozilla/4.0 (compatible; MSIE 8.0; Windows NT 6.1; WOW64; Trident/4.0; SLCC2; .NET CLR 2.0.50727; .NET CLR 3.5.30729; .NET CLR 3.0.30729; Media Center PC 6.0)"
198.239.178.118 - - [13/Aug/2013:13:34:04 -0400] "GET /scripts/user.js HTTP/1.1" 200 23762 "http://www.lenriggs.com/" "Mozilla/4.0 (compatible; MSIE 8.0; Windows NT 6.1; WOW64; Trident/4.0; SLCC2; .NET CLR 2.0.50727; .NET CLR 3.5.30729; .NET CLR 3.0.30729; Media Center PC 6.0)"
198.239.178.118 - - [13/Aug/2013:13:34:06 -0400] "GET /images/502_3.jpg HTTP/1.1" 200 24910 "http://www.lenriggs.com/" "Mozilla/4.0 (compatible; MSIE 8.0; Windows NT 6.1; WOW64; Trident/4.0; SLCC2; .NET CLR 2.0.50727; .NET CLR 3.5.30729; .NET CLR 3.0.30729; Media Center PC 6.0)"
198.239.178.118 - - [13/Aug/2013:13:34:07 -0400] "GET /favicon.ico HTTP/1.1" 404 575 "-" "Mozilla/4.0 (compatible; MSIE 8.0; Windows NT 6.1; WOW64; Trident/4.0; SLCC2; .NET CLR 2.0.50727; .NET CLR 3.5.30729; .NET CLR 3.0.30729; Media Center PC 6.0)"
68.185.36.211 - - [13/Aug/2013:00:12:46 -0400] "GET /scripts/icwebsiteelement.css HTTP/1.1" 304 - "http://www.lenriggs.com/newonlineclasses.html" "Mozilla/5.0 (Windows NT 6.2; WOW64) AppleWebKit/537.36 (KHTML, like Gecko) Chrome/28.0.1500.95 Safari/537.36"
68.185.36.211 - - [13/Aug/2013:00:12:46 -0400] "GET /scripts/user.js HTTP/1.1" 304 - "http://www.lenriggs.com/newonlineclasses.html" "Mozilla/5.0 (Windows NT 6.2; WOW64) AppleWebKit/537.36 (KHTML, like Gecko) Chrome/28.0.1500.95 Safari/537.36"
68.185.36.211 - - [13/Aug/2013:00:12:46 -0400] "GET /images/6.jpg HTTP/1.1" 304 - "http://www.lenriggs.com/newonlineclasses.html" "Mozilla/5.0 (Windows NT 6.2; WOW64) AppleWebKit/537.36 (KHTML, like Gecko) Chrome/28.0.1500.95 Safari/537.36"
68.185.36.211 - - [13/Aug/2013:00:12:46 -0400] "GET /images/ic_059_title_bg_wide.png HTTP/1.1" 304 - "http://www.lenriggs.com/newonlineclasses.html" "Mozilla/5.0 (Windows NT 6.2; WOW64) AppleWebKit/537.36 (KHTML, like Gecko) Chrome/28.0.1500.95 Safari/537.36"
208.54.32.149 - - [13/Aug/2013:01:14:13 -0400] "GET /scripts/user.js HTTP/1.1" 200 23762 "http://www.lenriggs.com/" "Mozilla/5.0 (Linux; U; Android 2.3.6; en-us; T-Mobile myTouch Q Build/HuaweiU8730) AppleWebKit/533.1 (KHTML, like Gecko) Version/4.0 Mobile Safari/533.1"
173.197.183.188 - - [13/Aug/2013:15:53:04 -0400] "GET /scripts/website.css HTTP/1.1" 200 1727 "http://www.lenriggs.com/" "Mozilla/5.0 (Windows NT 6.1; WOW64) AppleWebKit/537.36 (KHTML, like Gecko) Chrome/28.0.1500.95 Safari/537.36"
173.197.183.188 - - [13/Aug/2013:15:53:05 -0400] "GET /images/ic_059_title_bg_wide.png HTTP/1.1" 200 3851 "http://www.lenriggs.com/" "Mozilla/5.0 (Windows NT 6.1; WOW64) AppleWebKit/537.36 (KHTML, like Gecko) Chrome/28.0.1500.95 Safari/537.36"
76.104.221.177 - - [13/Aug/2013:16:09:13 -0400] "GET /favicon.ico HTTP/1.1" 404 575 "-" "Dolphin http client/10.0.1(230) (Android)"
67.161.82.99 - - [13/Aug/2013:16:37:03 -0400] "GET / HTTP/1.1" 200 19142 "-" "Mozilla/5.0 (compatible; MSIE 10.0; Windows NT 6.1; WOW64; Trident/6.0)"
67.161.82.99 - - [13/Aug/2013:16:37:04 -0400] "GET /scripts/template.css HTTP/1.1" 200 12058 "http://www.lenriggs.com/" "Mozilla/5.0 (compatible; MSIE 10.0; Windows NT 6.1; WOW64; Trident/6.0)"
67.161.82.99 - - [13/Aug/2013:16:37:04 -0400] "GET /images/ic_059_slogan_bg_wide.png HTTP/1.1" 200 543 "http://www.lenriggs.com/" "Mozilla/5.0 (compatible; MSIE 10.0; Windows NT 6.1; WOW64; Trident/6.0)"
173.160.134.9 - - [13/Aug/2013:17:35:16 -0400] "GET /scripts/website.css HTTP/1.1" 200 1727 "http://www.lenriggs.com/" "Mozilla/5.0 (compatible; MSIE 9.0; Windows NT 6.1; Win64; x64; Trident/5.0)"
173.160.134.9 - - [13/Aug/2013:17:35:16 -0400] "GET /scripts/1custom.css HTTP/1.1" 200 2157 "http://www.lenriggs.com/" "Mozilla/5.0 (compatible; MSIE 9.0; Windows NT 6.1; Win64; x64; Trident/5.0)"
173.160.134.9 - - [13/Aug/2013:17:35:17 -0400] "GET /images/502_3.jpg HTTP/1.1" 200 24910 "http://www.lenriggs.com/" "Mozilla/5.0 (compatible; MSIE 9.0; Windows NT 6.1; Win64; x64; Trident/5.0)"
67.170.3.229 - - [13/Aug/2013:19:36:54 -0400] "GET /seattleareaclasses.html HTTP/1.1" 200 8085 "http://www.lenriggs.com/bellinghamburlingtonareaclasses.html" "Mozilla/5.0 (Windows NT 6.1; WOW64) AppleWebKit/537.36 (KHTML, like Gecko) Chrome/28.0.1500.95 Safari/537.36"
67.170.3.229 - - [13/Aug/2013:19:36:56 -0400] "GET /favicon.ico HTTP/1.1" 404 575 "-" "Mozilla/5.0 (Windows NT 6.1; WOW64) AppleWebKit/537.36 (KHTML, like Gecko) Chrome/28.0.1500.95 Safari/537.36"
67.170.3.229 - - [13/Aug/2013:19:36:59 -0400] "GET /favicon.ico HTTP/1.1" 404 575 "-" "Mozilla/5.0 (Windows NT 6.1; WOW64) AppleWebKit/537.36 (KHTML, like Gecko) Chrome/28.0.1500.95 Safari/537.36"
24.16.129.44 - - [13/Aug/2013:19:48:39 -0400] "GET / HTTP/1.1" 200 19142 "https://www.google.com/" "Mozilla/5.0 (Windows NT 6.2; WOW64) AppleWebKit/537.36 (KHTML, like Gecko) Chrome/28.0.1500.95 Safari/537.36"
24.16.129.44 - - [13/Aug/2013:19:48:40 -0400] "GET /scripts/website.css HTTP/1.1" 200 1727 "http://www.lenriggs.com/" "Mozilla/5.0 (Windows NT 6.2; WOW64) AppleWebKit/537.36 (KHTML, like Gecko) Chrome/28.0.1500.95 Safari/537.36"
24.16.129.44 - - [13/Aug/2013:19:48:40 -0400] "GET /scripts/icwebsiteelement.css HTTP/1.1" 200 8132 "http://www.lenriggs.com/" "Mozilla/5.0 (Windows NT 6.2; WOW64) AppleWebKit/537.36 (KHTML, like Gecko) Chrome/28.0.1500.95 Safari/537.36"
24.16.129.44 - - [13/Aug/2013:19:48:42 -0400] "GET /images/ic_059_slogan_bg_wide.png HTTP/1.1" 200 543 "http://www.lenriggs.com/" "Mozilla/5.0 (Windows NT 6.2; WOW64) AppleWebKit/537.36 (KHTML, like Gecko) Chrome/28.0.1500.95 Safari/537.36"
157.56.93.72 - - [13/Aug/2013:11:51:11 -0400] "GET /scripts/template.css HTTP/1.1" 200 12058 "-" "Mozilla/5.0 (compatible; bingbot/2.0; +http://www.bing.com/bingbot.htm)"
206.188.38.230 - - [13/Aug/2013:11:53:44 -0400] "GET /images/ic_059_slogan_bg_wide.png HTTP/1.1" 304 - "-" "Mozilla/4.0 (compatible;)"
208.54.32.149 - - [13/Aug/2013:01:14:38 -0400] "GET /scripts/15custom.css HTTP/1.1" 200 804 "http://www.lenriggs.com/upgradeorreplacement.html" "Mozilla/5.0 (Linux; U; Android 2.3.6; en-us; T-Mobile myTouch Q Build/HuaweiU8730) AppleWebKit/533.1 (KHTML, like Gecko) Version/4.0 Mobile Safari/533.1"
157.56.93.72 - - [13/Aug/2013:01:35:45 -0400] "GET /scripts/template.css HTTP/1.1" 200 12058 "-" "Mozilla/5.0 (compatible; bingbot/2.0; +http://www.bing.com/bingbot.htm)"
66.87.112.246 - - [13/Aug/2013:02:49:08 -0400] "GET /scripts/icwebsiteelement.css HTTP/1.1" 304 - "http://www.lenriggs.com/" "Mozilla/5.0 (iPhone; CPU iPhone OS 6_1_4 like Mac OS X) AppleWebKit/536.26 (KHTML, like Gecko) Version/6.0 Mobile/10B350 Safari/8536.25"
66.87.112.246 - - [13/Aug/2013:02:49:08 -0400] "GET /scripts/website.css HTTP/1.1" 304 - "http://www.lenriggs.com/" "Mozilla/5.0 (iPhone; CPU iPhone OS 6_1_4 like Mac OS X) AppleWebKit/536.26 (KHTML, like Gecko) Version/6.0 Mobile/10B350 Safari/8536.25"
66.87.112.246 - - [13/Aug/2013:02:49:08 -0400] "GET /scripts/ic_globals_published.js HTTP/1.1" 304 - "http://www.lenriggs.com/" "Mozilla/5.0 (iPhone; CPU iPhone OS 6_1_4 like Mac OS X) AppleWebKit/536.26 (KHTML, like Gecko) Version/6.0 Mobile/10B350 Safari/8536.25"
66.87.112.246 - - [13/Aug/2013:02:49:08 -0400] "GET /images/ic_059_slogan_bg_wide.png HTTP/1.1" 304 - "http://www.lenriggs.com/" "Mozilla/5.0 (iPhone; CPU iPhone OS 6_1_4 like Mac OS X) AppleWebKit/536.26 (KHTML, like Gecko) Version/6.0 Mobile/10B350 Safari/8536.25"
198.239.178.118 - - [13/Aug/2013:16:11:26 -0400] "GET /scripts/template.css HTTP/1.1" 200 12058 "http://www.lenriggs.com/newonlineclasses.html" "Mozilla/4.0 (compatible; MSIE 8.0; Windows NT 6.1; WOW64; Trident/4.0; SLCC2; .NET CLR 2.0.50727; .NET CLR 3.5.30729; .NET CLR 3.0.30729; Media Center PC 6.0; InfoPath.3)"
198.239.178.118 - - [13/Aug/2013:16:11:26 -0400] "GET /images/ic_059_slogan_bg_wide.png HTTP/1.1" 200 543 "http://www.lenriggs.com/newonlineclasses.html" "Mozilla/4.0 (compatible; MSIE 8.0; Windows NT 6.1; WOW64; Trident/4.0; SLCC2; .NET CLR 2.0.50727; .NET CLR 3.5.30729; .NET CLR 3.0.30729; Media Center PC 6.0; InfoPath.3)"
66.249.72.18 - - [13/Aug/2013:21:00:17 -0400] "GET /spokaneclasses.html HTTP/1.1" 200 8085 "-" "SAMSUNG-SGH-E250/1.0 Profile/MIDP-2.0 Configuration/CLDC-1.1 UP.Browser/6.2.3.3.c.1.101 (GUI) MMP/2.0 (compatible; Googlebot-Mobile/2.1; +http://www.google.com/bot.html)"
50.46.242.104 - - [13/Aug/2013:12:22:57 -0400] "GET /scripts/ic_globals_published.js HTTP/1.1" 200 566 "http://lenriggs.com/" "Mozilla/5.0 (Macintosh; Intel Mac OS X 10_8_4) AppleWebKit/536.30.1 (KHTML, like Gecko) Version/6.0.5 Safari/536.30.1"
69.165.162.79 - - [13/Aug/2013:12:49:06 -0400] "GET /bremertonkitsappennislaareaclasses.html HTTP/1.1" 200 8086 "-" "Mozilla/4.0 (compatible; MSIE 6.0; Windows NT 5.1; .NET CLR 1.1.4322)"
66.249.75.194 - - [13/Aug/2013:06:02:59 -0400] "GET /scripts/website.css HTTP/1.1" 200 1727 "-" "Mozilla/5.0 (compatible; Googlebot/2.1; +http://www.google.com/bot.html)"
66.249.75.194 - - [13/Aug/2013:06:03:01 -0400] "GET /scripts/1custom.css HTTP/1.1" 200 2157 "-" "Mozilla/5.0 (compatible; Googlebot/2.1; +http://www.google.com/bot.html)"
66.249.75.18 - - [13/Aug/2013:07:37:55 -0400] "GET /home.html HTTP/1.1" 304 - "-" "Mozilla/5.0 (compatible; Googlebot/2.1; +http://www.google.com/bot.html)"
76.104.221.177 - - [13/Aug/2013:19:04:58 -0400] "GET /favicon.ico HTTP/1.1" 404 575 "-" "Dolphin http client/10.0.1(230) (Android)"
67.170.3.229 - - [13/Aug/2013:19:36:03 -0400] "GET /scripts/user.js HTTP/1.1" 200 23762 "http://www.lenriggs.com/" "Mozilla/5.0 (Windows NT 6.1; WOW64) AppleWebKit/537.36 (KHTML, like Gecko) Chrome/28.0.1500.95 Safari/537.36"
67.170.3.229 - - [13/Aug/2013:19:36:05 -0400] "GET /scripts/print.css HTTP/1.1" 200 12355 "http://www.lenriggs.com/" "Mozilla/5.0 (Windows NT 6.1; WOW64) AppleWebKit/537.36 (KHTML, like Gecko) Chrome/28.0.1500.95 Safari/537.36"
66.249.72.18 - - [13/Aug/2013:22:47:22 -0400] "GET /scripts/user.js HTTP/1.1" 200 23762 "-" "Mozilla/5.0 (compatible; Googlebot/2.1; +http://www.google.com/bot.html)"
76.178.155.232 - - [13/Aug/2013:12:03:32 -0400] "GET /images/6.jpg HTTP/1.1" 200 5849 "http://www.lenriggs.com/" "Mozilla/5.0 (Windows NT 6.1; WOW64) AppleWebKit/537.36 (KHTML, like Gecko) Chrome/28.0.1500.72 Safari/537.36"
76.178.155.232 - - [13/Aug/2013:12:03:33 -0400] "GET /favicon.ico HTTP/1.1" 404 575 "-" "Mozilla/5.0 (Windows NT 6.1; WOW64) AppleWebKit/537.36 (KHTML, like Gecko) Chrome/28.0.1500.72 Safari/537.36"
69.165.162.79 - - [13/Aug/2013:12:52:29 -0400] "GET /lynnwoodeverettareaclasses.html HTTP/1.1" 200 8085 "-" "Mozilla/4.0 (compatible; MSIE 6.0; Windows NT 5.1; .NET CLR 1.1.4322)"
50.135.58.139 - - [13/Aug/2013:14:02:51 -0400] "GET / HTTP/1.1" 200 19142 "-" "Mozilla/5.0 (X11; CrOS i686 4100.86.0) AppleWebKit/537.36 (KHTML, like Gecko) Chrome/28.0.1500.95 Safari/537.36"
50.135.58.139 - - [13/Aug/2013:14:02:51 -0400] "GET /scripts/ic_globals_published.js HTTP/1.1" 200 566 "http://lenriggs.com/" "Mozilla/5.0 (X11; CrOS i686 4100.86.0) AppleWebKit/537.36 (KHTML, like Gecko) Chrome/28.0.1500.95 Safari/537.36"
50.135.58.139 - - [13/Aug/2013:14:02:52 -0400] "GET /scripts/template.css HTTP/1.1" 200 12058 "http://lenriggs.com/" "Mozilla/5.0 (X11; CrOS i686 4100.86.0) AppleWebKit/537.36 (KHTML, like Gecko) Chrome/28.0.1500.95 Safari/537.36"
50.135.58.139 - - [13/Aug/2013:14:02:52 -0400] "GET /scripts/1custom.css HTTP/1.1" 200 2157 "http://lenriggs.com/" "Mozilla/5.0 (X11; CrOS i686 4100.86.0) AppleWebKit/537.36 (KHTML, like Gecko) Chrome/28.0.1500.95 Safari/537.36"
50.135.58.139 - - [13/Aug/2013:14:02:54 -0400] "GET /images/ic_059_title_bg_wide.png HTTP/1.1" 200 3851 "http://lenriggs.com/" "Mozilla/5.0 (X11; CrOS i686 4100.86.0) AppleWebKit/537.36 (KHTML, like Gecko) Chrome/28.0.1500.95 Safari/537.36"
50.135.58.139 - - [13/Aug/2013:14:02:54 -0400] "GET /images/ic_059_slogan_bg_wide.png HTTP/1.1" 200 543 "http://lenriggs.com/" "Mozilla/5.0 (X11; CrOS i686 4100.86.0) AppleWebKit/537.36 (KHTML, like Gecko) Chrome/28.0.1500.95 Safari/537.36"
157.55.34.24 - - [13/Aug/2013:05:22:49 -0400] "GET /upgradeorreplacement.html HTTP/1.1" 200 22582 "-" "Mozilla/5.0 (compatible; bingbot/2.0; +http://www.bing.com/bingbot.htm)"
68.185.36.211 - - [13/Aug/2013:00:12:46 -0400] "GET /scripts/39custom.css HTTP/1.1" 304 - "http://www.lenriggs.com/newonlineclasses.html" "Mozilla/5.0 (Windows NT 6.2; WOW64) AppleWebKit/537.36 (KHTML, like Gecko) Chrome/28.0.1500.95 Safari/537.36"
68.185.36.211 - - [13/Aug/2013:00:12:46 -0400] "GET /images/ic_059_slogan_bg_wide.png HTTP/1.1" 304 - "http://www.lenriggs.com/newonlineclasses.html" "Mozilla/5.0 (Windows NT 6.2; WOW64) AppleWebKit/537.36 (KHTML, like Gecko) Chrome/28.0.1500.95 Safari/537.36"
66.87.112.246 - - [13/Aug/2013:02:49:08 -0400] "GET /scripts/template.css HTTP/1.1" 304 - "http://www.lenriggs.com/" "Mozilla/5.0 (iPhone; CPU iPhone OS 6_1_4 like Mac OS X) AppleWebKit/536.26 (KHTML, like Gecko) Version/6.0 Mobile/10B350 Safari/8536.25"
66.87.112.246 - - [13/Aug/2013:02:49:08 -0400] "GET /images/6.jpg HTTP/1.1" 304 - "http://www.lenriggs.com/" "Mozilla/5.0 (iPhone; CPU iPhone OS 6_1_4 like Mac OS X) AppleWebKit/536.26 (KHTML, like Gecko) Version/6.0 Mobile/10B350 Safari/8536.25"
157.56.93.72 - - [13/Aug/2013:09:45:38 -0400] "GET /robots.txt HTTP/1.1" 200 25 "-" "Mozilla/5.0 (compatible; bingbot/2.0; +http://www.bing.com/bingbot.htm)"
157.55.34.24 - - [13/Aug/2013:09:51:04 -0400] "GET /scripts/website.css HTTP/1.1" 200 1727 "-" "Mozilla/5.0 (compatible; bingbot/2.0; +http://www.bing.com/bingbot.htm)"
199.30.24.145 - - [13/Aug/2013:10:51:19 -0400] "GET /scripts/ic_globals_published.js HTTP/1.1" 200 566 "http://lenriggs.com/" "Mozilla/5.0 (Windows NT 6.1; WOW64) AppleWebKit/534+ (KHTML, like Gecko) BingPreview/1.0b"
199.30.24.145 - - [13/Aug/2013:10:51:20 -0400] "GET /images/ic_059_navtopper_bg.png HTTP/1.1" 200 1365 "http://lenriggs.com/" "Mozilla/5.0 (Windows NT 6.1; WOW64) AppleWebKit/534+ (KHTML, like Gecko) BingPreview/1.0b"
71.213.247.253 - - [13/Aug/2013:15:12:28 -0400] "GET /scripts/1custom.css HTTP/1.1" 200 2157 "http://www.lenriggs.com/" "Mozilla/5.0 (Windows NT 6.1; WOW64) AppleWebKit/537.36 (KHTML, like Gecko) Chrome/27.0.1453.94 Safari/537.36"
198.239.178.118 - - [13/Aug/2013:16:11:48 -0400] "GET /spokaneclasses.html HTTP/1.1" 200 8085 "http://www.lenriggs.com/newonlineclasses.html" "Mozilla/4.0 (compatible; MSIE 8.0; Windows NT 6.1; WOW64; Trident/4.0; SLCC2; .NET CLR 2.0.50727; .NET CLR 3.5.30729; .NET CLR 3.0.30729; Media Center PC 6.0; InfoPath.3)"
198.239.178.118 - - [13/Aug/2013:16:11:49 -0400] "GET /scripts/9custom.css HTTP/1.1" 200 804 "http://www.lenriggs.com/spokaneclasses.html" "Mozilla/4.0 (compatible; MSIE 8.0; Windows NT 6.1; WOW64; Trident/4.0; SLCC2; .NET CLR 2.0.50727; .NET CLR 3.5.30729; .NET CLR 3.0.30729; Media Center PC 6.0; InfoPath.3)"
198.239.178.118 - - [13/Aug/2013:16:11:49 -0400] "GET /favicon.ico HTTP/1.1" 404 575 "-" "Mozilla/4.0 (compatible; MSIE 8.0; Windows NT 6.1; WOW64; Trident/4.0; SLCC2; .NET CLR 2.0.50727; .NET CLR 3.5.30729; .NET CLR 3.0.30729; Media Center PC 6.0; InfoPath.3)"
71.221.205.99 - - [13/Aug/2013:16:23:07 -0400] "GET /scripts/website.css HTTP/1.1" 200 1727 "http://www.lenriggs.com/" "Mozilla/5.0 (iPhone; CPU iPhone OS 6_1_3 like Mac OS X) AppleWebKit/536.26 (KHTML, like Gecko) Version/6.0 Mobile/10B329 Safari/8536.25"
198.1.37.160 - - [13/Aug/2013:16:49:29 -0400] "GET /allupcomingclasses.html HTTP/1.1" 200 19142 "http://www.lenriggs.com/spokaneclasses.html" "Mozilla/5.0 (compatible; MSIE 9.0; Windows NT 6.1; WOW64; Trident/5.0)"
50.54.161.253 - - [13/Aug/2013:16:59:30 -0400] "GET /scripts/user.js HTTP/1.1" 200 23762 "http://lenriggs.com/" "Mozilla/5.0 (Macintosh; Intel Mac OS X 10_6_8) AppleWebKit/537.36 (KHTML, like Gecko) Chrome/28.0.1500.95 Safari/537.36"
50.54.161.253 - - [13/Aug/2013:16:59:30 -0400] "GET /scripts/1custom.css HTTP/1.1" 200 2157 "http://lenriggs.com/" "Mozilla/5.0 (Macintosh; Intel Mac OS X 10_6_8) AppleWebKit/537.36 (KHTML, like Gecko) Chrome/28.0.1500.95 Safari/537.36"
50.54.161.253 - - [13/Aug/2013:16:59:33 -0400] "GET /images/6.jpg HTTP/1.1" 200 5849 "http://lenriggs.com/" "Mozilla/5.0 (Macintosh; Intel Mac OS X 10_6_8) AppleWebKit/537.36 (KHTML, like Gecko) Chrome/28.0.1500.95 Safari/537.36"
50.54.161.253 - - [13/Aug/2013:16:59:33 -0400] "GET /images/ic_059_slogan_bg_wide.png HTTP/1.1" 200 543 "http://lenriggs.com/" "Mozilla/5.0 (Macintosh; Intel Mac OS X 10_6_8) AppleWebKit/537.36 (KHTML, like Gecko) Chrome/28.0.1500.95 Safari/537.36"
67.183.30.201 - - [13/Aug/2013:18:05:13 -0400] "GET /scripts/1custom.css HTTP/1.1" 200 2157 "http://www.lenriggs.com/" "Mozilla/5.0 (Windows NT 6.1; WOW64) AppleWebKit/537.36 (KHTML, like Gecko) Chrome/28.0.1500.95 Safari/537.36"
67.183.30.201 - - [13/Aug/2013:18:05:14 -0400] "GET /scripts/print.css HTTP/1.1" 200 12355 "http://www.lenriggs.com/" "Mozilla/5.0 (Windows NT 6.1; WOW64) AppleWebKit/537.36 (KHTML, like Gecko) Chrome/28.0.1500.95 Safari/537.36"
67.183.30.201 - - [13/Aug/2013:18:05:14 -0400] "GET /images/ic_059_navtopper_bg.png HTTP/1.1" 200 1365 "http://www.lenriggs.com/" "Mozilla/5.0 (Windows NT 6.1; WOW64) AppleWebKit/537.36 (KHTML, like Gecko) Chrome/28.0.1500.95 Safari/537.36"
67.185.226.177 - - [13/Aug/2013:19:32:06 -0400] "GET /images/ic_059_navtopper_bg.png HTTP/1.1" 200 1365 "http://www.lenriggs.com/" "Mozilla/5.0 (Windows NT 6.0) AppleWebKit/537.36 (KHTML, like Gecko) Chrome/28.0.1500.95 Safari/537.36"
67.170.3.229 - - [13/Aug/2013:19:36:03 -0400] "GET /scripts/ic_globals_published.js HTTP/1.1" 200 566 "http://www.lenriggs.com/" "Mozilla/5.0 (Windows NT 6.1; WOW64) AppleWebKit/537.36 (KHTML, like Gecko) Chrome/28.0.1500.95 Safari/537.36"
67.170.3.229 - - [13/Aug/2013:19:36:03 -0400] "GET /scripts/icwebsiteelement.css HTTP/1.1" 200 8132 "http://www.lenriggs.com/" "Mozilla/5.0 (Windows NT 6.1; WOW64) AppleWebKit/537.36 (KHTML, like Gecko) Chrome/28.0.1500.95 Safari/537.36"
67.170.3.229 - - [13/Aug/2013:19:36:05 -0400] "GET /images/6.jpg HTTP/1.1" 200 5849 "http://www.lenriggs.com/" "Mozilla/5.0 (Windows NT 6.1; WOW64) AppleWebKit/537.36 (KHTML, like Gecko) Chrome/28.0.1500.95 Safari/537.36"
67.170.3.229 - - [13/Aug/2013:19:36:06 -0400] "GET /favicon.ico HTTP/1.1" 404 575 "-" "Mozilla/5.0 (Windows NT 6.1; WOW64) AppleWebKit/537.36 (KHTML, like Gecko) Chrome/28.0.1500.95 Safari/537.36"
67.170.3.229 - - [13/Aug/2013:19:36:54 -0400] "GET /scripts/2custom.css HTTP/1.1" 200 804 "http://www.lenriggs.com/seattleareaclasses.html" "Mozilla/5.0 (Windows NT 6.1; WOW64) AppleWebKit/537.36 (KHTML, like Gecko) Chrome/28.0.1500.95 Safari/537.36"
67.170.3.229 - - [13/Aug/2013:19:38:21 -0400] "GET /moseslakewenatcheeareaclasses.html HTTP/1.1" 200 8086 "http://www.lenriggs.com/tricitiesyakimaareaclasses.html" "Mozilla/5.0 (Windows NT 6.1; WOW64) AppleWebKit/537.36 (KHTML, like Gecko) Chrome/28.0.1500.95 Safari/537.36"
67.170.3.229 - - [13/Aug/2013:19:38:22 -0400] "GET /scripts/12custom.css HTTP/1.1" 200 804 "http://www.lenriggs.com/moseslakewenatcheeareaclasses.html" "Mozilla/5.0 (Windows NT 6.1; WOW64) AppleWebKit/537.36 (KHTML, like Gecko) Chrome/28.0.1500.95 Safari/537.36"
67.170.3.229 - - [13/Aug/2013:19:38:22 -0400] "GET /favicon.ico HTTP/1.1" 404 575 "-" "Mozilla/5.0 (Windows NT 6.1; WOW64) AppleWebKit/537.36 (KHTML, like Gecko) Chrome/28.0.1500.95 Safari/537.36"
198.239.178.118 - - [13/Aug/2013:18:14:22 -0400] "GET /images/502_3.jpg HTTP/1.1" 200 24910 "http://www.lenriggs.com/" "Mozilla/4.0 (compatible; MSIE 8.0; Windows NT 6.1; WOW64; Trident/4.0; SLCC2; .NET CLR 2.0.50727; .NET CLR 3.5.30729; .NET CLR 3.0.30729; Media Center PC 6.0)"
198.239.178.118 - - [13/Aug/2013:18:14:24 -0400] "GET /favicon.ico HTTP/1.1" 404 575 "-" "Mozilla/4.0 (compatible; MSIE 8.0; Windows NT 6.1; WOW64; Trident/4.0; SLCC2; .NET CLR 2.0.50727; .NET CLR 3.5.30729; .NET CLR 3.0.30729; Media Center PC 6.0)"
76.104.221.177 - - [13/Aug/2013:19:04:58 -0400] "GET /favicon.ico HTTP/1.1" 404 575 "-" "Dolphin http client/10.0.1(230) (Android)"
180.76.5.193 - - [13/Aug/2013:12:20:44 -0400] "GET /upgradeorreplacement.html HTTP/1.1" 200 22582 "-" "Mozilla/5.0 (compatible; Baiduspider/2.0; +http://www.baidu.com/search/spider.html)"
157.56.92.159 - - [13/Aug/2013:13:46:07 -0400] "GET /tricitiesyakimaareaclasses.html HTTP/1.1" 304 - "-" "Mozilla/5.0 (compatible; bingbot/2.0; +http://www.bing.com/bingbot.htm)"
66.249.75.194 - - [13/Aug/2013:06:02:59 -0400] "GET /robots.txt HTTP/1.1" 200 25 "-" "Mozilla/5.0 (compatible; Googlebot/2.1; +http://www.google.com/bot.html)"
66.249.75.194 - - [13/Aug/2013:06:02:59 -0400] "GET /scripts/print.css HTTP/1.1" 200 12355 "-" "Mozilla/5.0 (compatible; Googlebot/2.1; +http://www.google.com/bot.html)"
204.195.2.176 - - [13/Aug/2013:21:16:43 -0400] "GET /scripts/photoalbum.js HTTP/1.1" 200 62481 "http://lenriggs.com/" "Mozilla/5.0 (Macintosh; Intel Mac OS X 10_6_8) AppleWebKit/534.57.2 (KHTML, like Gecko) Version/5.1.7 Safari/534.57.2"
204.195.2.176 - - [13/Aug/2013:21:16:44 -0400] "GET /images/6.jpg HTTP/1.1" 200 5849 "http://lenriggs.com/" "Mozilla/5.0 (Macintosh; Intel Mac OS X 10_6_8) AppleWebKit/534.57.2 (KHTML, like Gecko) Version/5.1.7 Safari/534.57.2"
76.178.155.232 - - [13/Aug/2013:12:03:23 -0400] "GET /scripts/template.css HTTP/1.1" 200 12058 "http://www.lenriggs.com/" "Mozilla/5.0 (Windows NT 6.1; WOW64) AppleWebKit/537.36 (KHTML, like Gecko) Chrome/28.0.1500.72 Safari/537.36"
199.30.24.115 - - [13/Aug/2013:12:51:33 -0400] "GET /scripts/7custom.css HTTP/1.1" 200 804 "http://www.lenriggs.com/tacomapuyallupclasses.html" "Mozilla/5.0 (Windows NT 6.1; WOW64) AppleWebKit/534+ (KHTML, like Gecko) BingPreview/1.0b"
71.221.205.99 - - [13/Aug/2013:16:23:06 -0400] "GET / HTTP/1.1" 200 19142 "http://liq.wa.gov/publications/licensing/mast-lists/MAST-Provider-List.pdf" "Mozilla/5.0 (iPhone; CPU iPhone OS 6_1_3 like Mac OS X) AppleWebKit/536.26 (KHTML, like Gecko) Version/6.0 Mobile/10B329 Safari/8536.25"
50.54.161.253 - - [13/Aug/2013:16:59:30 -0400] "GET / HTTP/1.1" 200 19142 "-" "Mozilla/5.0 (Macintosh; Intel Mac OS X 10_6_8) AppleWebKit/537.36 (KHTML, like Gecko) Chrome/28.0.1500.95 Safari/537.36"
50.54.161.253 - - [13/Aug/2013:16:59:30 -0400] "GET /scripts/ic_globals_published.js HTTP/1.1" 200 566 "http://lenriggs.com/" "Mozilla/5.0 (Macintosh; Intel Mac OS X 10_6_8) AppleWebKit/537.36 (KHTML, like Gecko) Chrome/28.0.1500.95 Safari/537.36"
50.54.161.253 - - [13/Aug/2013:16:59:30 -0400] "GET /scripts/icwebsiteelement.css HTTP/1.1" 200 8132 "http://lenriggs.com/" "Mozilla/5.0 (Macintosh; Intel Mac OS X 10_6_8) AppleWebKit/537.36 (KHTML, like Gecko) Chrome/28.0.1500.95 Safari/537.36"
50.54.161.253 - - [13/Aug/2013:16:59:33 -0400] "GET /images/ic_059_title_bg_wide.png HTTP/1.1" 200 3851 "http://lenriggs.com/" "Mozilla/5.0 (Macintosh; Intel Mac OS X 10_6_8) AppleWebKit/537.36 (KHTML, like Gecko) Chrome/28.0.1500.95 Safari/537.36"
174.21.32.210 - - [13/Aug/2013:21:04:56 -0400] "GET /scripts/user.js HTTP/1.1" 200 23762 "http://www.lenriggs.com/" "Mozilla/5.0 (compatible; MSIE 10.0; Windows NT 6.1; WOW64; Trident/6.0)"
174.21.32.210 - - [13/Aug/2013:21:04:57 -0400] "GET /images/ic_059_slogan_bg_wide.png HTTP/1.1" 200 543 "http://www.lenriggs.com/" "Mozilla/5.0 (compatible; MSIE 10.0; Windows NT 6.1; WOW64; Trident/6.0)"
204.195.2.176 - - [13/Aug/2013:21:16:43 -0400] "GET /scripts/website.css HTTP/1.1" 200 1727 "http://lenriggs.com/" "Mozilla/5.0 (Macintosh; Intel Mac OS X 10_6_8) AppleWebKit/534.57.2 (KHTML, like Gecko) Version/5.1.7 Safari/534.57.2"
204.195.2.176 - - [13/Aug/2013:21:16:44 -0400] "GET /scripts/icwebsiteelement.css HTTP/1.1" 200 8132 "http://lenriggs.com/" "Mozilla/5.0 (Macintosh; Intel Mac OS X 10_6_8) AppleWebKit/534.57.2 (KHTML, like Gecko) Version/5.1.7 Safari/534.57.2"
204.195.2.176 - - [13/Aug/2013:21:16:44 -0400] "GET /images/ic_059_navtopper_bg.png HTTP/1.1" 200 1365 "http://lenriggs.com/" "Mozilla/5.0 (Macintosh; Intel Mac OS X 10_6_8) AppleWebKit/534.57.2 (KHTML, like Gecko) Version/5.1.7 Safari/534.57.2"
157.56.93.72 - - [13/Aug/2013:23:00:17 -0400] "GET /printourposter.html HTTP/1.1" 304 - "-" "Mozilla/5.0 (compatible; bingbot/2.0; +http://www.bing.com/bingbot.htm)"
66.249.75.18 - - [13/Aug/2013:00:18:13 -0400] "GET /scripts/website.css HTTP/1.1" 200 1727 "-" "Mozilla/5.0 (compatible; Googlebot/2.1; +http://www.google.com/bot.html)"
67.183.30.201 - - [13/Aug/2013:18:05:13 -0400] "GET / HTTP/1.1" 200 19142 "https://www.google.com/" "Mozilla/5.0 (Windows NT 6.1; WOW64) AppleWebKit/537.36 (KHTML, like Gecko) Chrome/28.0.1500.95 Safari/537.36"
67.183.30.201 - - [13/Aug/2013:18:05:13 -0400] "GET /scripts/ic_globals_published.js HTTP/1.1" 304 - "http://www.lenriggs.com/" "Mozilla/5.0 (Windows NT 6.1; WOW64) AppleWebKit/537.36 (KHTML, like Gecko) Chrome/28.0.1500.95 Safari/537.36"
67.183.30.201 - - [13/Aug/2013:18:05:13 -0400] "GET /scripts/icwebsiteelement.css HTTP/1.1" 200 8132 "http://www.lenriggs.com/" "Mozilla/5.0 (Windows NT 6.1; WOW64) AppleWebKit/537.36 (KHTML, like Gecko) Chrome/28.0.1500.95 Safari/537.36"
24.17.227.9 - - [13/Aug/2013:20:07:31 -0400] "GET / HTTP/1.1" 200 19142 "-" "Mozilla/5.0 (iPhone; CPU iPhone OS 6_1_3 like Mac OS X) AppleWebKit/536.26 (KHTML, like Gecko) Version/6.0 Mobile/10B329 Safari/8536.25"
24.17.227.9 - - [13/Aug/2013:20:07:31 -0400] "GET /scripts/1custom.css HTTP/1.1" 200 2157 "http://lenriggs.com/" "Mozilla/5.0 (iPhone; CPU iPhone OS 6_1_3 like Mac OS X) AppleWebKit/536.26 (KHTML, like Gecko) Version/6.0 Mobile/10B329 Safari/8536.25"
24.17.227.9 - - [13/Aug/2013:20:07:31 -0400] "GET /scripts/icwebsiteelement.css HTTP/1.1" 200 8132 "http://lenriggs.com/" "Mozilla/5.0 (iPhone; CPU iPhone OS 6_1_3 like Mac OS X) AppleWebKit/536.26 (KHTML, like Gecko) Version/6.0 Mobile/10B329 Safari/8536.25"
24.17.227.9 - - [13/Aug/2013:20:07:32 -0400] "GET /images/ic_059_navtopper_bg.png HTTP/1.1" 200 1365 "http://lenriggs.com/" "Mozilla/5.0 (iPhone; CPU iPhone OS 6_1_3 like Mac OS X) AppleWebKit/536.26 (KHTML, like Gecko) Version/6.0 Mobile/10B329 Safari/8536.25"
24.17.227.9 - - [13/Aug/2013:20:07:33 -0400] "GET /scripts/print.css HTTP/1.1" 200 12355 "http://lenriggs.com/" "Mozilla/5.0 (iPhone; CPU iPhone OS 6_1_3 like Mac OS X) AppleWebKit/536.26 (KHTML, like Gecko) Version/6.0 Mobile/10B329 Safari/8536.25"
123.151.41.84 - - [13/Aug/2013:09:19:31 -0400] "GET /robots.txt HTTP/1.1" 200 25 "http://lenriggs.com/" "Mozilla/5.0 (compatible; MSIE 8.0; Windows NT 6.1)"
157.56.93.72 - - [13/Aug/2013:10:04:22 -0400] "GET /scripts/template.css HTTP/1.1" 200 12058 "-" "Mozilla/5.0 (compatible; bingbot/2.0; +http://www.bing.com/bingbot.htm)"
157.56.93.72 - - [13/Aug/2013:10:04:24 -0400] "GET /scripts/1custom.css HTTP/1.1" 200 2157 "-" "Mozilla/5.0 (compatible; bingbot/2.0; +http://www.bing.com/bingbot.htm)"
207.114.155.129 - - [13/Aug/2013:11:23:28 -0400] "GET /scripts/website.css HTTP/1.1" 200 1727 "http://www.lenriggs.com/" "Mozilla/5.0 (compatible; MSIE 10.0; Windows NT 6.1; WOW64; Trident/6.0)"
207.114.155.129 - - [13/Aug/2013:11:23:28 -0400] "GET /scripts/icwebsiteelement.css HTTP/1.1" 200 8132 "http://www.lenriggs.com/" "Mozilla/5.0 (compatible; MSIE 10.0; Windows NT 6.1; WOW64; Trident/6.0)"
207.114.155.129 - - [13/Aug/2013:11:23:29 -0400] "GET /images/502_3.jpg HTTP/1.1" 200 24910 "http://www.lenriggs.com/" "Mozilla/5.0 (compatible; MSIE 10.0; Windows NT 6.1; WOW64; Trident/6.0)"
24.18.193.48 - - [13/Aug/2013:11:27:03 -0400] "GET /scripts/website.css HTTP/1.1" 200 1727 "http://www.lenriggs.com/newonlineclasses.html" "Mozilla/5.0 (compatible; MSIE 10.0; Windows NT 6.1; WOW64; Trident/6.0)"
157.56.92.159 - - [13/Aug/2013:11:49:50 -0400] "GET /tacomapuyallupclasses.html HTTP/1.1" 200 8085 "-" "Mozilla/5.0 (compatible; bingbot/2.0; +http://www.bing.com/bingbot.htm)"
198.239.178.118 - - [13/Aug/2013:16:11:26 -0400] "GET /scripts/photoalbum.js HTTP/1.1" 200 62481 "http://www.lenriggs.com/newonlineclasses.html" "Mozilla/4.0 (compatible; MSIE 8.0; Windows NT 6.1; WOW64; Trident/4.0; SLCC2; .NET CLR 2.0.50727; .NET CLR 3.5.30729; .NET CLR 3.0.30729; Media Center PC 6.0; InfoPath.3)"
198.239.178.118 - - [13/Aug/2013:16:11:26 -0400] "GET /images/6.jpg HTTP/1.1" 200 5849 "http://www.lenriggs.com/newonlineclasses.html" "Mozilla/4.0 (compatible; MSIE 8.0; Windows NT 6.1; WOW64; Trident/4.0; SLCC2; .NET CLR 2.0.50727; .NET CLR 3.5.30729; .NET CLR 3.0.30729; Media Center PC 6.0; InfoPath.3)"
71.221.205.99 - - [13/Aug/2013:16:23:11 -0400] "GET /images/6.jpg HTTP/1.1" 200 5849 "http://www.lenriggs.com/" "Mozilla/5.0 (iPhone; CPU iPhone OS 6_1_3 like Mac OS X) AppleWebKit/536.26 (KHTML, like Gecko) Version/6.0 Mobile/10B329 Safari/8536.25"
157.55.34.24 - - [13/Aug/2013:01:31:32 -0400] "GET /bellinghamburlingtonareaclasses.html HTTP/1.1" 200 8085 "-" "Mozilla/5.0 (compatible; bingbot/2.0; +http://www.bing.com/bingbot.htm)"
65.40.224.145 - - [13/Aug/2013:19:22:24 -0400] "GET /scripts/user.js HTTP/1.1" 200 23762 "http://www.lenriggs.com/" "Mozilla/4.0 (compatible; MSIE 7.0; Windows NT 6.1; WOW64; Trident/6.0; SLCC2; .NET CLR 2.0.50727; .NET CLR 3.5.30729; .NET CLR 3.0.30729; Media Center PC 6.0; .NET4.0C; .NET4.0E)"
65.40.224.145 - - [13/Aug/2013:19:22:26 -0400] "GET /images/6.jpg HTTP/1.1" 200 5849 "http://www.lenriggs.com/" "Mozilla/4.0 (compatible; MSIE 7.0; Windows NT 6.1; WOW64; Trident/6.0; SLCC2; .NET CLR 2.0.50727; .NET CLR 3.5.30729; .NET CLR 3.0.30729; Media Center PC 6.0; .NET4.0C; .NET4.0E)"
67.185.226.177 - - [13/Aug/2013:19:32:06 -0400] "GET /scripts/print.css HTTP/1.1" 200 12355 "http://www.lenriggs.com/" "Mozilla/5.0 (Windows NT 6.0) AppleWebKit/537.36 (KHTML, like Gecko) Chrome/28.0.1500.95 Safari/537.36"
76.178.155.232 - - [13/Aug/2013:12:03:32 -0400] "GET /images/ic_059_navtopper_bg.png HTTP/1.1" 200 1365 "http://www.lenriggs.com/" "Mozilla/5.0 (Windows NT 6.1; WOW64) AppleWebKit/537.36 (KHTML, like Gecko) Chrome/28.0.1500.72 Safari/537.36"
50.46.242.104 - - [13/Aug/2013:12:22:56 -0400] "GET / HTTP/1.1" 200 19142 "-" "Mozilla/5.0 (Macintosh; Intel Mac OS X 10_8_4) AppleWebKit/536.30.1 (KHTML, like Gecko) Version/6.0.5 Safari/536.30.1"
50.46.242.104 - - [13/Aug/2013:12:22:57 -0400] "GET /scripts/user.js HTTP/1.1" 200 23762 "http://lenriggs.com/" "Mozilla/5.0 (Macintosh; Intel Mac OS X 10_8_4) AppleWebKit/536.30.1 (KHTML, like Gecko) Version/6.0.5 Safari/536.30.1"
50.46.242.104 - - [13/Aug/2013:12:22:58 -0400] "GET /images/6.jpg HTTP/1.1" 200 5849 "http://lenriggs.com/" "Mozilla/5.0 (Macintosh; Intel Mac OS X 10_8_4) AppleWebKit/536.30.1 (KHTML, like Gecko) Version/6.0.5 Safari/536.30.1"
50.46.242.104 - - [13/Aug/2013:12:22:58 -0400] "GET /scripts/print.css HTTP/1.1" 200 12355 "http://lenriggs.com/" "Mozilla/5.0 (Macintosh; Intel Mac OS X 10_8_4) AppleWebKit/536.30.1 (KHTML, like Gecko) Version/6.0.5 Safari/536.30.1"
76.104.185.46 - - [13/Aug/2013:13:32:32 -0400] "GET /images/ic_059_slogan_bg_wide.png HTTP/1.1" 304 - "http://www.lenriggs.com/" "Mozilla/4.0 (compatible; MSIE 8.0; Windows NT 5.1; Trident/4.0; GTB7.5; .NET CLR 1.1.4322; .NET CLR 2.0.50727; .NET CLR 3.0.4506.2152; .NET CLR 3.5.30729; .NET4.0C; AskTbASI/5.15.12.33066; yie8)"
100.43.83.156 - - [13/Aug/2013:13:33:56 -0400] "GET / HTTP/1.1" 200 19142 "-" "Mozilla/5.0 (compatible; YandexBot/3.0; +http://yandex.com/bots)"
198.239.178.118 - - [13/Aug/2013:13:34:04 -0400] "GET /scripts/photoalbum.js HTTP/1.1" 200 62481 "http://www.lenriggs.com/" "Mozilla/4.0 (compatible; MSIE 8.0; Windows NT 6.1; WOW64; Trident/4.0; SLCC2; .NET CLR 2.0.50727; .NET CLR 3.5.30729; .NET CLR 3.0.30729; Media Center PC 6.0)"
198.239.178.118 - - [13/Aug/2013:13:34:06 -0400] "GET /images/ic_059_navtopper_bg.png HTTP/1.1" 200 1365 "http://www.lenriggs.com/" "Mozilla/4.0 (compatible; MSIE 8.0; Windows NT 6.1; WOW64; Trident/4.0; SLCC2; .NET CLR 2.0.50727; .NET CLR 3.5.30729; .NET CLR 3.0.30729; Media Center PC 6.0)"
174.21.32.210 - - [13/Aug/2013:21:04:54 -0400] "GET /scripts/website.css HTTP/1.1" 200 1727 "http://www.lenriggs.com/" "Mozilla/5.0 (compatible; MSIE 10.0; Windows NT 6.1; WOW64; Trident/6.0)"
174.21.32.210 - - [13/Aug/2013:21:04:54 -0400] "GET /scripts/1custom.css HTTP/1.1" 200 2157 "http://www.lenriggs.com/" "Mozilla/5.0 (compatible; MSIE 10.0; Windows NT 6.1; WOW64; Trident/6.0)"
174.21.32.210 - - [13/Aug/2013:21:04:54 -0400] "GET /images/502_3.jpg HTTP/1.1" 200 24910 "http://www.lenriggs.com/" "Mozilla/5.0 (compatible; MSIE 10.0; Windows NT 6.1; WOW64; Trident/6.0)"
174.21.32.210 - - [13/Aug/2013:21:04:57 -0400] "GET /images/6.jpg HTTP/1.1" 200 5849 "http://www.lenriggs.com/" "Mozilla/5.0 (compatible; MSIE 10.0; Windows NT 6.1; WOW64; Trident/6.0)"
63.226.218.79 - - [13/Aug/2013:22:44:08 -0400] "GET /home.html HTTP/1.1" 304 - "http://webhelper.centurylink.com/index_results.php?querybox=LenoRiggs.com&clear=1&qs=06oENya4ZGMyoC9QzaVIwYKzpWo7ijsC65ltEbKckynzYMZWDJwJhwMUwdg5wuepMtryaWw580UcrxbRj9Ta1pajTnwZYFN3B9BHHLkOY2YH9qGWLG_FDmEkyIeygrJ2bwZBa2S0weLfzZgFNzK3Sgbbo_wuxRDu1SvKnTtqOg6SwdS6G7Yuv1Eye0h9i01F_Pq1jZrd6x2WJvUEE_OCUOthI1SU8M_Cl-DdFbzEfy7IvPdKwy61z0T8DiX-NzgKm12CNVFOSqoO4-7oxOJcppymFpU_fihpVW0sRI_SDnOtWa3xnbPQyEP69ug9VGpeh7GxeE3uETepq4l15dygJ618od3X3g-d-x0y42lq0.%2CYT0zO2s9NDA7aD1jNDc5OTcyZmM0MmE0MWQx" "Mozilla/5.0 (compatible; MSIE 9.0; Windows NT 6.1; WOW64; Trident/6.0)"
46.119.118.152 - - [13/Aug/2013:22:56:30 -0400] "GET / HTTP/1.1" 200 19142 "http://www.bravica.info/ru/" "Mozilla/3.0 (x86 [en] Windows NT 5.1; Sun)"
66.87.113.10 - - [13/Aug/2013:19:13:04 -0400] "GET /scripts/website.css HTTP/1.1" 304 - "http://www.lenriggs.com/" "Mozilla/5.0 (iPhone; CPU iPhone OS 6_1_4 like Mac OS X) AppleWebKit/536.26 (KHTML, like Gecko) Version/6.0 Mobile/10B350 Safari/8536.25"
66.87.113.10 - - [13/Aug/2013:19:13:04 -0400] "GET /scripts/1custom.css HTTP/1.1" 304 - "http://www.lenriggs.com/" "Mozilla/5.0 (iPhone; CPU iPhone OS 6_1_4 like Mac OS X) AppleWebKit/536.26 (KHTML, like Gecko) Version/6.0 Mobile/10B350 Safari/8536.25"
67.185.226.177 - - [13/Aug/2013:19:32:01 -0400] "GET /scripts/icwebsiteelement.css HTTP/1.1" 200 8132 "http://www.lenriggs.com/" "Mozilla/5.0 (Windows NT 6.0) AppleWebKit/537.36 (KHTML, like Gecko) Chrome/28.0.1500.95 Safari/537.36"
24.17.227.9 - - [13/Aug/2013:20:07:31 -0400] "GET /scripts/photoalbum.js HTTP/1.1" 200 62481 "http://lenriggs.com/" "Mozilla/5.0 (iPhone; CPU iPhone OS 6_1_3 like Mac OS X) AppleWebKit/536.26 (KHTML, like Gecko) Version/6.0 Mobile/10B329 Safari/8536.25"
24.17.227.9 - - [13/Aug/2013:20:07:32 -0400] "GET /images/502_3.jpg HTTP/1.1" 200 24910 "http://lenriggs.com/" "Mozilla/5.0 (iPhone; CPU iPhone OS 6_1_3 like Mac OS X) AppleWebKit/536.26 (KHTML, like Gecko) Version/6.0 Mobile/10B329 Safari/8536.25"
157.55.34.24 - - [13/Aug/2013:01:35:02 -0400] "GET /scripts/website.css HTTP/1.1" 200 1727 "-" "Mozilla/5.0 (compatible; bingbot/2.0; +http://www.bing.com/bingbot.htm)"
66.87.112.246 - - [13/Aug/2013:02:49:09 -0400] "GET /images/ic_059_title_bg_wide.png HTTP/1.1" 304 - "http://www.lenriggs.com/" "Mozilla/5.0 (iPhone; CPU iPhone OS 6_1_4 like Mac OS X) AppleWebKit/536.26 (KHTML, like Gecko) Version/6.0 Mobile/10B350 Safari/8536.25"
76.178.155.232 - - [13/Aug/2013:12:03:23 -0400] "GET /scripts/user.js HTTP/1.1" 200 23762 "http://www.lenriggs.com/" "Mozilla/5.0 (Windows NT 6.1; WOW64) AppleWebKit/537.36 (KHTML, like Gecko) Chrome/28.0.1500.72 Safari/537.36"
50.46.242.104 - - [13/Aug/2013:12:22:57 -0400] "GET /scripts/1custom.css HTTP/1.1" 200 2157 "http://lenriggs.com/" "Mozilla/5.0 (Macintosh; Intel Mac OS X 10_8_4) AppleWebKit/536.30.1 (KHTML, like Gecko) Version/6.0.5 Safari/536.30.1"
50.46.242.104 - - [13/Aug/2013:12:22:57 -0400] "GET /scripts/photoalbum.js HTTP/1.1" 200 62481 "http://lenriggs.com/" "Mozilla/5.0 (Macintosh; Intel Mac OS X 10_8_4) AppleWebKit/536.30.1 (KHTML, like Gecko) Version/6.0.5 Safari/536.30.1"
