0byt3m1n1
Path:
/
data
/
0
/
0
/
111
/
53
/
111379
/
meta
/
112906
/
logs
/
[
Home
]
File: x-access_log.2013-08-13
173.197.183.188 - - [13/Aug/2013:15:53:04 -0400] "GET /scripts/ic_globals_published.js HTTP/1.1" 200 566 "http://www.lenriggs.com/" "Mozilla/5.0 (Windows NT 6.1; WOW64) AppleWebKit/537.36 (KHTML, like Gecko) Chrome/28.0.1500.95 Safari/537.36"
173.197.183.188 - - [13/Aug/2013:15:53:05 -0400] "GET /images/ic_059_slogan_bg_wide.png HTTP/1.1" 200 543 "http://www.lenriggs.com/" "Mozilla/5.0 (Windows NT 6.1; WOW64) AppleWebKit/537.36 (KHTML, like Gecko) Chrome/28.0.1500.95 Safari/537.36"
198.1.37.160 - - [13/Aug/2013:16:49:17 -0400] "GET /spokaneclasses.html HTTP/1.1" 200 8085 "http://www.lenriggs.com/" "Mozilla/5.0 (compatible; MSIE 9.0; Windows NT 6.1; WOW64; Trident/5.0)"
198.1.37.160 - - [13/Aug/2013:16:49:17 -0400] "GET /scripts/9custom.css HTTP/1.1" 200 804 "http://www.lenriggs.com/spokaneclasses.html" "Mozilla/5.0 (compatible; MSIE 9.0; Windows NT 6.1; WOW64; Trident/5.0)"
198.1.37.160 - - [13/Aug/2013:16:49:18 -0400] "GET /favicon.ico HTTP/1.1" 404 575 "-" "Mozilla/5.0 (compatible; MSIE 9.0; Windows NT 6.1; WOW64; Trident/5.0)"
157.56.93.72 - - [13/Aug/2013:10:04:23 -0400] "GET /scripts/photoalbum.js HTTP/1.1" 200 62481 "-" "Mozilla/5.0 (compatible; bingbot/2.0; +http://www.bing.com/bingbot.htm)"
46.118.126.194 - - [13/Aug/2013:11:04:48 -0400] "GET / HTTP/1.1" 200 19142 "http://fastxak.com/" "Mozilla/4.0 (compatible; MSIE 6.0; Windows NT 5.1; KKman2.0)"
67.185.226.177 - - [13/Aug/2013:19:32:00 -0400] "GET /scripts/template.css HTTP/1.1" 200 12058 "http://www.lenriggs.com/" "Mozilla/5.0 (Windows NT 6.0) AppleWebKit/537.36 (KHTML, like Gecko) Chrome/28.0.1500.95 Safari/537.36"
67.170.3.229 - - [13/Aug/2013:19:37:59 -0400] "GET /kentauburnrentonareaclasses.html HTTP/1.1" 200 8086 "http://www.lenriggs.com/bremertonkitsappennislaareaclasses.html" "Mozilla/5.0 (Windows NT 6.1; WOW64) AppleWebKit/537.36 (KHTML, like Gecko) Chrome/28.0.1500.95 Safari/537.36"
67.170.3.229 - - [13/Aug/2013:19:37:59 -0400] "GET /scripts/13custom.css HTTP/1.1" 200 804 "http://www.lenriggs.com/kentauburnrentonareaclasses.html" "Mozilla/5.0 (Windows NT 6.1; WOW64) AppleWebKit/537.36 (KHTML, like Gecko) Chrome/28.0.1500.95 Safari/537.36"
67.170.3.229 - - [13/Aug/2013:19:37:59 -0400] "GET /favicon.ico HTTP/1.1" 404 575 "-" "Mozilla/5.0 (Windows NT 6.1; WOW64) AppleWebKit/537.36 (KHTML, like Gecko) Chrome/28.0.1500.95 Safari/537.36"
67.170.3.229 - - [13/Aug/2013:19:38:01 -0400] "GET /lynnwoodeverettareaclasses.html HTTP/1.1" 200 8085 "http://www.lenriggs.com/kentauburnrentonareaclasses.html" "Mozilla/5.0 (Windows NT 6.1; WOW64) AppleWebKit/537.36 (KHTML, like Gecko) Chrome/28.0.1500.95 Safari/537.36"
67.170.3.229 - - [13/Aug/2013:19:38:01 -0400] "GET /scripts/3custom.css HTTP/1.1" 200 804 "http://www.lenriggs.com/lynnwoodeverettareaclasses.html" "Mozilla/5.0 (Windows NT 6.1; WOW64) AppleWebKit/537.36 (KHTML, like Gecko) Chrome/28.0.1500.95 Safari/537.36"
67.170.3.229 - - [13/Aug/2013:19:38:01 -0400] "GET /favicon.ico HTTP/1.1" 404 575 "-" "Mozilla/5.0 (Windows NT 6.1; WOW64) AppleWebKit/537.36 (KHTML, like Gecko) Chrome/28.0.1500.95 Safari/537.36"
67.170.3.229 - - [13/Aug/2013:19:38:03 -0400] "GET /bellevuekirklandareaclasses.html HTTP/1.1" 200 8085 "http://www.lenriggs.com/lynnwoodeverettareaclasses.html" "Mozilla/5.0 (Windows NT 6.1; WOW64) AppleWebKit/537.36 (KHTML, like Gecko) Chrome/28.0.1500.95 Safari/537.36"
67.170.3.229 - - [13/Aug/2013:19:38:03 -0400] "GET /scripts/4custom.css HTTP/1.1" 200 804 "http://www.lenriggs.com/bellevuekirklandareaclasses.html" "Mozilla/5.0 (Windows NT 6.1; WOW64) AppleWebKit/537.36 (KHTML, like Gecko) Chrome/28.0.1500.95 Safari/537.36"
67.170.3.229 - - [13/Aug/2013:19:38:04 -0400] "GET /favicon.ico HTTP/1.1" 404 575 "-" "Mozilla/5.0 (Windows NT 6.1; WOW64) AppleWebKit/537.36 (KHTML, like Gecko) Chrome/28.0.1500.95 Safari/537.36"
204.195.2.176 - - [13/Aug/2013:21:16:43 -0400] "GET / HTTP/1.1" 200 19142 "-" "Mozilla/5.0 (Macintosh; Intel Mac OS X 10_6_8) AppleWebKit/534.57.2 (KHTML, like Gecko) Version/5.1.7 Safari/534.57.2"
157.55.32.116 - - [13/Aug/2013:21:28:06 -0400] "GET /win10000.html HTTP/1.1" 304 - "-" "Mozilla/5.0 (compatible; bingbot/2.0; +http://www.bing.com/bingbot.htm)"
157.55.32.107 - - [13/Aug/2013:21:48:45 -0400] "GET /scripts/user.js HTTP/1.1" 200 23762 "-" "Mozilla/5.0 (compatible; bingbot/2.0; +http://www.bing.com/bingbot.htm)"
66.243.234.240 - - [13/Aug/2013:22:13:35 -0400] "GET /scripts/template.css HTTP/1.1" 200 12058 "http://lenriggs.com/" "Mozilla/5.0 (Windows NT 6.0; rv:22.0) Gecko/20100101 Firefox/22.0"
66.243.234.240 - - [13/Aug/2013:22:13:35 -0400] "GET /images/ic_059_title_bg_wide.png HTTP/1.1" 200 3851 "http://lenriggs.com/scripts/template.css" "Mozilla/5.0 (Windows NT 6.0; rv:22.0) Gecko/20100101 Firefox/22.0"
66.249.72.18 - - [13/Aug/2013:22:40:11 -0400] "GET / HTTP/1.1" 200 19142 "-" "Mozilla/5.0 (iPhone; U; CPU iPhone OS 4_1 like Mac OS X; en-us) AppleWebKit/532.9 (KHTML, like Gecko) Version/4.0.5 Mobile/8B117 Safari/6531.22.7 (compatible; Googlebot-Mobile/2.1; +http://www.google.com/bot.html)"
66.249.72.18 - - [13/Aug/2013:22:47:31 -0400] "GET /scripts/template.css HTTP/1.1" 200 12058 "-" "Mozilla/5.0 (compatible; Googlebot/2.1; +http://www.google.com/bot.html)"
157.56.93.154 - - [13/Aug/2013:22:59:39 -0400] "GET /lynnwoodeverettareaclasses.html HTTP/1.1" 304 - "-" "Mozilla/5.0 (compatible; bingbot/2.0; +http://www.bing.com/bingbot.htm)"
66.249.75.18 - - [13/Aug/2013:00:07:14 -0400] "GET / HTTP/1.1" 200 19142 "-" "Mozilla/5.0 (iPhone; U; CPU iPhone OS 4_1 like Mac OS X; en-us) AppleWebKit/532.9 (KHTML, like Gecko) Version/4.0.5 Mobile/8B117 Safari/6531.22.7 (compatible; Googlebot-Mobile/2.1; +http://www.google.com/bot.html)"
208.54.32.149 - - [13/Aug/2013:01:14:21 -0400] "GET /images/6.jpg HTTP/1.1" 200 5849 "http://www.lenriggs.com/" "Mozilla/5.0 (Linux; U; Android 2.3.6; en-us; T-Mobile myTouch Q Build/HuaweiU8730) AppleWebKit/533.1 (KHTML, like Gecko) Version/4.0 Mobile Safari/533.1"
66.249.75.18 - - [13/Aug/2013:00:18:13 -0400] "GET /scripts/icwebsiteelement.css HTTP/1.1" 200 8132 "-" "Mozilla/5.0 (compatible; Googlebot/2.1; +http://www.google.com/bot.html)"
157.56.93.72 - - [13/Aug/2013:09:50:01 -0400] "GET / HTTP/1.1" 200 19142 "-" "Mozilla/5.0 (compatible; bingbot/2.0; +http://www.bing.com/bingbot.htm)"
157.56.93.72 - - [13/Aug/2013:10:02:22 -0400] "GET /scripts/icwebsiteelement.css HTTP/1.1" 200 8132 "-" "Mozilla/5.0 (compatible; bingbot/2.0; +http://www.bing.com/bingbot.htm)"
199.30.24.145 - - [13/Aug/2013:10:51:19 -0400] "GET /scripts/user.js HTTP/1.1" 200 23762 "http://lenriggs.com/" "Mozilla/5.0 (Windows NT 6.1; WOW64) AppleWebKit/534+ (KHTML, like Gecko) BingPreview/1.0b"
199.30.24.145 - - [13/Aug/2013:10:51:20 -0400] "GET /images/6.jpg HTTP/1.1" 200 5849 "http://lenriggs.com/" "Mozilla/5.0 (Windows NT 6.1; WOW64) AppleWebKit/534+ (KHTML, like Gecko) BingPreview/1.0b"
206.253.226.23 - - [13/Aug/2013:22:06:14 -0400] "GET / HTTP/1.1" 200 19142 "-" "Mozilla/5.0 (compatible; oBot/2.3.1; +http://filterdb.iss.net/crawler/)"
199.30.25.65 - - [13/Aug/2013:22:49:25 -0400] "GET /images/6.jpg HTTP/1.1" 200 5849 "http://www.lenriggs.com/allupcomingclasses.html" "Mozilla/5.0 (Windows NT 6.1; WOW64) AppleWebKit/534+ (KHTML, like Gecko) BingPreview/1.0b"
73.105.125.88 - - [13/Aug/2013:23:56:45 -0400] "GET / HTTP/1.1" 200 19142 "http://www.liq.wa.gov/publications/licensing/mast-lists/MAST_provider_list_512013.pdf" "Mozilla/5.0 (iPad; CPU OS 6_1_3 like Mac OS X) AppleWebKit/536.26 (KHTML, like Gecko) CriOS/28.0.1500.16 Mobile/10B329 Safari/8536.25"
73.105.125.88 - - [13/Aug/2013:23:56:46 -0400] "GET /scripts/user.js HTTP/1.1" 200 23762 "http://www.lenriggs.com/" "Mozilla/5.0 (iPad; CPU OS 6_1_3 like Mac OS X) AppleWebKit/536.26 (KHTML, like Gecko) CriOS/28.0.1500.16 Mobile/10B329 Safari/8536.25"
73.105.125.88 - - [13/Aug/2013:23:57:55 -0400] "GET /spokaneclasses.html HTTP/1.1" 200 8085 "http://www.lenriggs.com/tacomapuyallupclasses.html" "Mozilla/5.0 (iPad; CPU OS 6_1_3 like Mac OS X) AppleWebKit/536.26 (KHTML, like Gecko) CriOS/28.0.1500.16 Mobile/10B329 Safari/8536.25"
73.105.125.88 - - [13/Aug/2013:23:57:55 -0400] "GET /scripts/9custom.css HTTP/1.1" 200 804 "http://www.lenriggs.com/spokaneclasses.html" "Mozilla/5.0 (iPad; CPU OS 6_1_3 like Mac OS X) AppleWebKit/536.26 (KHTML, like Gecko) CriOS/28.0.1500.16 Mobile/10B329 Safari/8536.25"
73.105.125.88 - - [13/Aug/2013:23:57:55 -0400] "GET /favicon.ico HTTP/1.1" 404 575 "-" "Mozilla/5.0 (iPad; CPU OS 6_1_3 like Mac OS X) AppleWebKit/536.26 (KHTML, like Gecko) CriOS/28.0.1500.16 Mobile/10B329 Safari/8536.25"
220.181.108.84 - - [13/Aug/2013:18:15:44 -0400] "GET /scripts/ic_globals_published.js HTTP/1.1" 200 566 "http://lenriggs.com/upgradeorreplacement.html" "Mozilla/5.0 (X11; U; Linux x86_64; en-US; rv:1.9) Gecko Minefield/3.0"
66.87.113.10 - - [13/Aug/2013:19:13:03 -0400] "GET /scripts/photoalbum.js HTTP/1.1" 304 - "http://www.lenriggs.com/" "Mozilla/5.0 (iPhone; CPU iPhone OS 6_1_4 like Mac OS X) AppleWebKit/536.26 (KHTML, like Gecko) Version/6.0 Mobile/10B350 Safari/8536.25"
66.87.113.10 - - [13/Aug/2013:19:13:04 -0400] "GET /scripts/template.css HTTP/1.1" 304 - "http://www.lenriggs.com/" "Mozilla/5.0 (iPhone; CPU iPhone OS 6_1_4 like Mac OS X) AppleWebKit/536.26 (KHTML, like Gecko) Version/6.0 Mobile/10B350 Safari/8536.25"
66.87.113.10 - - [13/Aug/2013:19:13:06 -0400] "GET /images/ic_059_slogan_bg_wide.png HTTP/1.1" 304 - "http://www.lenriggs.com/" "Mozilla/5.0 (iPhone; CPU iPhone OS 6_1_4 like Mac OS X) AppleWebKit/536.26 (KHTML, like Gecko) Version/6.0 Mobile/10B350 Safari/8536.25"
66.87.113.10 - - [13/Aug/2013:19:13:06 -0400] "GET /images/ic_059_title_bg_wide.png HTTP/1.1" 304 - "http://www.lenriggs.com/" "Mozilla/5.0 (iPhone; CPU iPhone OS 6_1_4 like Mac OS X) AppleWebKit/536.26 (KHTML, like Gecko) Version/6.0 Mobile/10B350 Safari/8536.25"
67.185.226.177 - - [13/Aug/2013:19:32:06 -0400] "GET /images/502_3.jpg HTTP/1.1" 200 24910 "http://www.lenriggs.com/" "Mozilla/5.0 (Windows NT 6.0) AppleWebKit/537.36 (KHTML, like Gecko) Chrome/28.0.1500.95 Safari/537.36"
67.185.226.177 - - [13/Aug/2013:19:32:07 -0400] "GET /favicon.ico HTTP/1.1" 404 575 "-" "Mozilla/5.0 (Windows NT 6.0) AppleWebKit/537.36 (KHTML, like Gecko) Chrome/28.0.1500.95 Safari/537.36"
69.165.162.79 - - [13/Aug/2013:12:48:47 -0400] "GET /tricitiesyakimaareaclasses.html HTTP/1.1" 200 8086 "-" "Mozilla/4.0 (compatible; MSIE 6.0; Windows NT 5.1; .NET CLR 1.1.4322)"
173.160.134.9 - - [13/Aug/2013:16:46:31 -0400] "GET / HTTP/1.1" 200 19142 "http://www.google.com/url?sa=t&rct=j&q=len%20riggs%20liqour%20class&source=web&cd=1&ved=0CDkQFjAA&url=http%3A%2F%2Fwww.lenriggs.com%2F&ei=IZsKUvnJK-i8igKe_IHgAQ&usg=AFQjCNEkxrknMe29N7cTpfy8FFRAybnBuw&bvm=bv.50723672,d.cGE" "Mozilla/5.0 (compatible; MSIE 9.0; Windows NT 6.1; Win64; x64; Trident/5.0)"
173.160.134.9 - - [13/Aug/2013:16:46:31 -0400] "GET /scripts/website.css HTTP/1.1" 200 1727 "http://www.lenriggs.com/" "Mozilla/5.0 (compatible; MSIE 9.0; Windows NT 6.1; Win64; x64; Trident/5.0)"
173.160.134.9 - - [13/Aug/2013:16:46:31 -0400] "GET /scripts/1custom.css HTTP/1.1" 200 2157 "http://www.lenriggs.com/" "Mozilla/5.0 (compatible; MSIE 9.0; Windows NT 6.1; Win64; x64; Trident/5.0)"
24.17.227.9 - - [13/Aug/2013:20:07:31 -0400] "GET /scripts/template.css HTTP/1.1" 200 12058 "http://lenriggs.com/" "Mozilla/5.0 (iPhone; CPU iPhone OS 6_1_3 like Mac OS X) AppleWebKit/536.26 (KHTML, like Gecko) Version/6.0 Mobile/10B329 Safari/8536.25"
24.17.227.9 - - [13/Aug/2013:20:07:32 -0400] "GET /images/ic_059_slogan_bg_wide.png HTTP/1.1" 200 543 "http://lenriggs.com/" "Mozilla/5.0 (iPhone; CPU iPhone OS 6_1_3 like Mac OS X) AppleWebKit/536.26 (KHTML, like Gecko) Version/6.0 Mobile/10B329 Safari/8536.25"
91.207.9.226 - - [13/Aug/2013:00:55:03 -0400] "GET / HTTP/1.1" 200 19142 "http://basicuse.net/" "Mozilla/4.0 (compatible; MSIE 6.0; Windows NT 5.1)"
76.104.221.177 - - [13/Aug/2013:02:00:43 -0400] "GET /apple-touch-icon.png HTTP/1.1" 404 575 "-" "Dolphin http client/10.0.1(230) (Android)"
66.87.112.246 - - [13/Aug/2013:02:49:05 -0400] "GET / HTTP/1.1" 304 - "-" "Mozilla/5.0 (iPhone; CPU iPhone OS 6_1_4 like Mac OS X) AppleWebKit/536.26 (KHTML, like Gecko) Version/6.0 Mobile/10B350 Safari/8536.25"
66.87.112.246 - - [13/Aug/2013:02:49:08 -0400] "GET /scripts/user.js HTTP/1.1" 304 - "http://www.lenriggs.com/" "Mozilla/5.0 (iPhone; CPU iPhone OS 6_1_4 like Mac OS X) AppleWebKit/536.26 (KHTML, like Gecko) Version/6.0 Mobile/10B350 Safari/8536.25"
66.87.112.246 - - [13/Aug/2013:02:49:08 -0400] "GET /scripts/photoalbum.js HTTP/1.1" 304 - "http://www.lenriggs.com/" "Mozilla/5.0 (iPhone; CPU iPhone OS 6_1_4 like Mac OS X) AppleWebKit/536.26 (KHTML, like Gecko) Version/6.0 Mobile/10B350 Safari/8536.25"
66.87.112.246 - - [13/Aug/2013:02:49:08 -0400] "GET /scripts/1custom.css HTTP/1.1" 304 - "http://www.lenriggs.com/" "Mozilla/5.0 (iPhone; CPU iPhone OS 6_1_4 like Mac OS X) AppleWebKit/536.26 (KHTML, like Gecko) Version/6.0 Mobile/10B350 Safari/8536.25"
66.87.112.246 - - [13/Aug/2013:02:49:08 -0400] "GET /images/ic_059_navtopper_bg.png HTTP/1.1" 304 - "http://www.lenriggs.com/" "Mozilla/5.0 (iPhone; CPU iPhone OS 6_1_4 like Mac OS X) AppleWebKit/536.26 (KHTML, like Gecko) Version/6.0 Mobile/10B350 Safari/8536.25"
66.87.112.246 - - [13/Aug/2013:02:49:10 -0400] "GET /scripts/print.css HTTP/1.1" 304 - "http://www.lenriggs.com/" "Mozilla/5.0 (iPhone; CPU iPhone OS 6_1_4 like Mac OS X) AppleWebKit/536.26 (KHTML, like Gecko) Version/6.0 Mobile/10B350 Safari/8536.25"
46.119.118.152 - - [13/Aug/2013:22:56:29 -0400] "GET / HTTP/1.1" 200 19142 "http://www.bravica.info/ru/" "Mozilla/3.0 (x86 [en] Windows NT 5.1; Sun)"
73.105.125.88 - - [13/Aug/2013:23:57:50 -0400] "GET /tacomapuyallupclasses.html HTTP/1.1" 200 8085 "http://www.lenriggs.com/seattleareaclasses.html" "Mozilla/5.0 (iPad; CPU OS 6_1_3 like Mac OS X) AppleWebKit/536.26 (KHTML, like Gecko) CriOS/28.0.1500.16 Mobile/10B329 Safari/8536.25"
73.105.125.88 - - [13/Aug/2013:23:57:50 -0400] "GET /scripts/7custom.css HTTP/1.1" 200 804 "http://www.lenriggs.com/tacomapuyallupclasses.html" "Mozilla/5.0 (iPad; CPU OS 6_1_3 like Mac OS X) AppleWebKit/536.26 (KHTML, like Gecko) CriOS/28.0.1500.16 Mobile/10B329 Safari/8536.25"
73.105.125.88 - - [13/Aug/2013:23:57:51 -0400] "GET /favicon.ico HTTP/1.1" 404 575 "-" "Mozilla/5.0 (iPad; CPU OS 6_1_3 like Mac OS X) AppleWebKit/536.26 (KHTML, like Gecko) CriOS/28.0.1500.16 Mobile/10B329 Safari/8536.25"
69.165.162.79 - - [13/Aug/2013:12:48:56 -0400] "GET /lynnwoodeverettareaclasses.html HTTP/1.1" 200 8085 "-" "Mozilla/4.0 (compatible; MSIE 6.0; Windows NT 5.1; .NET CLR 1.1.4322)"
69.165.162.79 - - [13/Aug/2013:12:50:24 -0400] "GET /moseslakewenatcheeareaclasses.html HTTP/1.1" 200 8086 "-" "Mozilla/4.0 (compatible; MSIE 6.0; Windows NT 5.1; .NET CLR 1.1.4322)"
198.1.37.160 - - [13/Aug/2013:16:48:55 -0400] "GET /scripts/user.js HTTP/1.1" 200 23762 "http://www.lenriggs.com/" "Mozilla/5.0 (compatible; MSIE 9.0; Windows NT 6.1; WOW64; Trident/5.0)"
198.1.37.160 - - [13/Aug/2013:16:48:57 -0400] "GET /images/ic_059_title_bg_wide.png HTTP/1.1" 200 3851 "http://www.lenriggs.com/" "Mozilla/5.0 (compatible; MSIE 9.0; Windows NT 6.1; WOW64; Trident/5.0)"
69.165.162.79 - - [13/Aug/2013:12:49:31 -0400] "GET /kentauburnrentonareaclasses.html HTTP/1.1" 200 8086 "-" "Mozilla/4.0 (compatible; MSIE 6.0; Windows NT 5.1; .NET CLR 1.1.4322)"
69.165.162.79 - - [13/Aug/2013:12:51:18 -0400] "GET / HTTP/1.1" 200 19142 "-" "Mozilla/4.0 (compatible; MSIE 6.0; Windows NT 5.1; .NET CLR 1.1.4322)"
67.185.226.177 - - [13/Aug/2013:19:32:49 -0400] "GET /favicon.ico HTTP/1.1" 404 575 "-" "Mozilla/5.0 (Windows NT 6.0) AppleWebKit/537.36 (KHTML, like Gecko) Chrome/28.0.1500.95 Safari/537.36"
67.185.226.177 - - [13/Aug/2013:19:32:52 -0400] "GET /allupcomingclasses.html HTTP/1.1" 200 19142 "http://www.lenriggs.com/spokaneclasses.html" "Mozilla/5.0 (Windows NT 6.0) AppleWebKit/537.36 (KHTML, like Gecko) Chrome/28.0.1500.95 Safari/537.36"
67.185.226.177 - - [13/Aug/2013:19:32:54 -0400] "GET /favicon.ico HTTP/1.1" 404 575 "-" "Mozilla/5.0 (Windows NT 6.0) AppleWebKit/537.36 (KHTML, like Gecko) Chrome/28.0.1500.95 Safari/537.36"
67.170.3.229 - - [13/Aug/2013:19:37:45 -0400] "GET /tacomapuyallupclasses.html HTTP/1.1" 200 8085 "http://www.lenriggs.com/allupcomingclasses.html" "Mozilla/5.0 (Windows NT 6.1; WOW64) AppleWebKit/537.36 (KHTML, like Gecko) Chrome/28.0.1500.95 Safari/537.36"
67.170.3.229 - - [13/Aug/2013:19:37:45 -0400] "GET /scripts/7custom.css HTTP/1.1" 200 804 "http://www.lenriggs.com/tacomapuyallupclasses.html" "Mozilla/5.0 (Windows NT 6.1; WOW64) AppleWebKit/537.36 (KHTML, like Gecko) Chrome/28.0.1500.95 Safari/537.36"
67.170.3.229 - - [13/Aug/2013:19:37:45 -0400] "GET /favicon.ico HTTP/1.1" 404 575 "-" "Mozilla/5.0 (Windows NT 6.1; WOW64) AppleWebKit/537.36 (KHTML, like Gecko) Chrome/28.0.1500.95 Safari/537.36"
67.170.3.229 - - [13/Aug/2013:19:37:48 -0400] "GET /olympiacentraliaclasses.html HTTP/1.1" 200 8085 "http://www.lenriggs.com/tacomapuyallupclasses.html" "Mozilla/5.0 (Windows NT 6.1; WOW64) AppleWebKit/537.36 (KHTML, like Gecko) Chrome/28.0.1500.95 Safari/537.36"
24.18.193.48 - - [13/Aug/2013:11:27:03 -0400] "GET /scripts/ic_globals_published.js HTTP/1.1" 200 566 "http://www.lenriggs.com/newonlineclasses.html" "Mozilla/5.0 (compatible; MSIE 10.0; Windows NT 6.1; WOW64; Trident/6.0)"
24.18.193.48 - - [13/Aug/2013:11:27:03 -0400] "GET /scripts/39custom.css HTTP/1.1" 200 804 "http://www.lenriggs.com/newonlineclasses.html" "Mozilla/5.0 (compatible; MSIE 10.0; Windows NT 6.1; WOW64; Trident/6.0)"
24.18.193.48 - - [13/Aug/2013:11:27:03 -0400] "GET /scripts/icwebsiteelement.css HTTP/1.1" 200 8132 "http://www.lenriggs.com/newonlineclasses.html" "Mozilla/5.0 (compatible; MSIE 10.0; Windows NT 6.1; WOW64; Trident/6.0)"
24.18.193.48 - - [13/Aug/2013:11:27:04 -0400] "GET /images/6.jpg HTTP/1.1" 200 5849 "http://www.lenriggs.com/newonlineclasses.html" "Mozilla/5.0 (compatible; MSIE 10.0; Windows NT 6.1; WOW64; Trident/6.0)"
71.213.247.253 - - [13/Aug/2013:15:12:33 -0400] "GET /images/ic_059_title_bg_wide.png HTTP/1.1" 200 3851 "http://www.lenriggs.com/" "Mozilla/5.0 (Windows NT 6.1; WOW64) AppleWebKit/537.36 (KHTML, like Gecko) Chrome/27.0.1453.94 Safari/537.36"
206.188.38.230 - - [13/Aug/2013:07:14:30 -0400] "GET /images/ic_059_title_bg_wide.png HTTP/1.1" 304 - "-" "Mozilla/4.0 (compatible;)"
174.21.32.210 - - [13/Aug/2013:21:04:54 -0400] "GET /scripts/ic_globals_published.js HTTP/1.1" 200 566 "http://www.lenriggs.com/" "Mozilla/5.0 (compatible; MSIE 10.0; Windows NT 6.1; WOW64; Trident/6.0)"
174.21.32.210 - - [13/Aug/2013:21:04:54 -0400] "GET /scripts/print.css HTTP/1.1" 200 12355 "http://www.lenriggs.com/" "Mozilla/5.0 (compatible; MSIE 10.0; Windows NT 6.1; WOW64; Trident/6.0)"
174.21.32.210 - - [13/Aug/2013:21:04:54 -0400] "GET /scripts/icwebsiteelement.css HTTP/1.1" 200 8132 "http://www.lenriggs.com/" "Mozilla/5.0 (compatible; MSIE 10.0; Windows NT 6.1; WOW64; Trident/6.0)"
174.21.32.210 - - [13/Aug/2013:21:04:57 -0400] "GET /images/ic_059_navtopper_bg.png HTTP/1.1" 200 1365 "http://www.lenriggs.com/" "Mozilla/5.0 (compatible; MSIE 10.0; Windows NT 6.1; WOW64; Trident/6.0)"
157.55.32.116 - - [13/Aug/2013:21:27:41 -0400] "GET /robots.txt HTTP/1.1" 200 25 "-" "Mozilla/5.0 (compatible; bingbot/2.0; +http://www.bing.com/bingbot.htm)"
63.226.218.79 - - [13/Aug/2013:22:44:16 -0400] "GET /home.html HTTP/1.1" 304 - "http://webhelper.centurylink.com/index_results.php?querybox=LenoRiggs.com&clear=1&qs=06oENya4ZGMyoC9QzaVIwYKzpWo7ijsC65ltEbKckynzYMZWDJwJhwMUwdg5wuepMtryaWw580UcrxbRj9Ta1pajTnwZYFN3B9BHHLkOY2YH9qGWLG_FDmEkyIeygrJ2bwZBa2S0weLfzZgFNzK3Sgbbo_wuxRDu1SvKnTtqOg6SwdS6G7Yuv1Eye0h9i01F_Pq1jZrd6x2WJvUEE_OCUOthI1SU8M_Cl-DdFbzEfy7IvPdKwy61z0T8DiX-NzgKm12CNVFOSqoO4-7oxOJcppymFpU_fihpVW0sRI_SDnOtWa3xnbPQyEP69ug9VGpeh7GxeE3uETepq4l15dygJ618od3X3g-d-x0y42lq0.%2CYT0zO2s9NDA7aD1jNDc5OTcyZmM0MmE0MWQx" "Mozilla/5.0 (compatible; MSIE 9.0; Windows NT 6.1; WOW64; Trident/6.0)"
63.226.218.79 - - [13/Aug/2013:22:44:42 -0400] "GET /scripts/user.js HTTP/1.1" 304 - "http://www.lenriggs.com/" "Mozilla/5.0 (compatible; MSIE 10.0; Windows NT 6.1; WOW64; Trident/6.0)"
63.226.218.79 - - [13/Aug/2013:22:44:42 -0400] "GET /scripts/icwebsiteelement.css HTTP/1.1" 304 - "http://www.lenriggs.com/" "Mozilla/5.0 (compatible; MSIE 10.0; Windows NT 6.1; WOW64; Trident/6.0)"
63.226.218.79 - - [13/Aug/2013:22:44:44 -0400] "GET /images/6.jpg HTTP/1.1" 200 5849 "http://www.lenriggs.com/" "Mozilla/5.0 (compatible; MSIE 10.0; Windows NT 6.1; WOW64; Trident/6.0)"
73.105.125.88 - - [13/Aug/2013:23:57:46 -0400] "GET /apple-touch-icon-precomposed.png HTTP/1.1" 404 575 "-" "Mozilla/5.0 (iPad; CPU OS 6_1_3 like Mac OS X) AppleWebKit/536.26 (KHTML, like Gecko) CriOS/28.0.1500.16 Mobile/10B329 Safari/8536.25"
68.185.36.211 - - [13/Aug/2013:00:12:46 -0400] "GET /scripts/ic_globals_published.js HTTP/1.1" 304 - "http://www.lenriggs.com/newonlineclasses.html" "Mozilla/5.0 (Windows NT 6.2; WOW64) AppleWebKit/537.36 (KHTML, like Gecko) Chrome/28.0.1500.95 Safari/537.36"
68.185.36.211 - - [13/Aug/2013:00:12:46 -0400] "GET /images/ic_059_navtopper_bg.png HTTP/1.1" 304 - "http://www.lenriggs.com/newonlineclasses.html" "Mozilla/5.0 (Windows NT 6.2; WOW64) AppleWebKit/537.36 (KHTML, like Gecko) Chrome/28.0.1500.95 Safari/537.36"
50.34.22.66 - - [13/Aug/2013:00:44:30 -0400] "GET /scripts/user.js HTTP/1.1" 200 23762 "http://www.lenriggs.com/" "Mozilla/5.0 (compatible; MSIE 10.0; Windows NT 6.1; WOW64; Trident/6.0)"
107.61.217.162 - - [13/Aug/2013:00:49:43 -0400] "GET /scripts/ic_globals_published.js HTTP/1.1" 200 566 "http://www.lenriggs.com/" "Mozilla/4.0 (compatible; MSIE 8.0; Windows NT 5.1; Trident/4.0; InfoPath.3; AskTbFWV5/5.15.25.44892)"
107.61.217.162 - - [13/Aug/2013:00:49:43 -0400] "GET /scripts/user.js HTTP/1.1" 200 23762 "http://www.lenriggs.com/" "Mozilla/4.0 (compatible; MSIE 8.0; Windows NT 5.1; Trident/4.0; InfoPath.3; AskTbFWV5/5.15.25.44892)"
107.61.217.162 - - [13/Aug/2013:00:49:43 -0400] "GET /scripts/template.css HTTP/1.1" 200 12058 "http://www.lenriggs.com/" "Mozilla/4.0 (compatible; MSIE 8.0; Windows NT 5.1; Trident/4.0; InfoPath.3; AskTbFWV5/5.15.25.44892)"
107.61.217.162 - - [13/Aug/2013:00:49:44 -0400] "GET /scripts/print.css HTTP/1.1" 200 12355 "http://www.lenriggs.com/" "Mozilla/4.0 (compatible; MSIE 8.0; Windows NT 5.1; Trident/4.0; InfoPath.3; AskTbFWV5/5.15.25.44892)"
107.61.217.162 - - [13/Aug/2013:00:49:44 -0400] "GET /images/ic_059_navtopper_bg.png HTTP/1.1" 200 1365 "http://www.lenriggs.com/" "Mozilla/4.0 (compatible; MSIE 8.0; Windows NT 5.1; Trident/4.0; InfoPath.3; AskTbFWV5/5.15.25.44892)"
107.61.217.162 - - [13/Aug/2013:00:49:44 -0400] "GET /images/ic_059_title_bg_wide.png HTTP/1.1" 200 3851 "http://www.lenriggs.com/" "Mozilla/4.0 (compatible; MSIE 8.0; Windows NT 5.1; Trident/4.0; InfoPath.3; AskTbFWV5/5.15.25.44892)"
107.61.217.162 - - [13/Aug/2013:00:49:45 -0400] "GET /images/502_3.jpg HTTP/1.1" 200 24910 "http://www.lenriggs.com/" "Mozilla/4.0 (compatible; MSIE 8.0; Windows NT 5.1; Trident/4.0; InfoPath.3; AskTbFWV5/5.15.25.44892)"
65.40.224.145 - - [13/Aug/2013:19:22:24 -0400] "GET /scripts/1custom.css HTTP/1.1" 200 2157 "http://www.lenriggs.com/" "Mozilla/4.0 (compatible; MSIE 7.0; Windows NT 6.1; WOW64; Trident/6.0; SLCC2; .NET CLR 2.0.50727; .NET CLR 3.5.30729; .NET CLR 3.0.30729; Media Center PC 6.0; .NET4.0C; .NET4.0E)"
65.40.224.145 - - [13/Aug/2013:19:22:24 -0400] "GET /scripts/icwebsiteelement.css HTTP/1.1" 200 8132 "http://www.lenriggs.com/" "Mozilla/4.0 (compatible; MSIE 7.0; Windows NT 6.1; WOW64; Trident/6.0; SLCC2; .NET CLR 2.0.50727; .NET CLR 3.5.30729; .NET CLR 3.0.30729; Media Center PC 6.0; .NET4.0C; .NET4.0E)"
66.249.75.18 - - [13/Aug/2013:11:57:05 -0400] "GET /whydowedothis/meetthefounder.html HTTP/1.1" 304 - "-" "Mozilla/5.0 (compatible; Googlebot/2.1; +http://www.google.com/bot.html)"
69.165.162.79 - - [13/Aug/2013:12:51:28 -0400] "GET /spokaneclasses.html HTTP/1.1" 200 8085 "-" "Mozilla/4.0 (compatible; MSIE 6.0; Windows NT 5.1; .NET CLR 1.1.4322)"
100.43.83.156 - - [13/Aug/2013:13:33:32 -0400] "GET /robots.txt HTTP/1.1" 200 25 "-" "Mozilla/5.0 (compatible; YandexBot/3.0; +http://yandex.com/bots)"
100.43.83.156 - - [13/Aug/2013:13:33:33 -0400] "GET /robots.txt HTTP/1.1" 200 25 "-" "Mozilla/5.0 (compatible; YandexBot/3.0; +http://yandex.com/bots)"
100.43.83.156 - - [13/Aug/2013:13:33:34 -0400] "GET / HTTP/1.1" 200 19142 "-" "Mozilla/5.0 (compatible; YandexBot/3.0; +http://yandex.com/bots)"
76.22.42.77 - - [13/Aug/2013:14:13:58 -0400] "GET / HTTP/1.1" 200 19142 "http://www.liq.wa.gov/publications/licensing/mast-lists/MAST_provider_list_512013.pdf" "Mozilla/5.0 (Windows NT 6.1) AppleWebKit/537.36 (KHTML, like Gecko) Chrome/28.0.1500.95 Safari/537.36"
76.22.42.77 - - [13/Aug/2013:14:13:59 -0400] "GET /scripts/1custom.css HTTP/1.1" 200 2157 "http://www.lenriggs.com/" "Mozilla/5.0 (Windows NT 6.1) AppleWebKit/537.36 (KHTML, like Gecko) Chrome/28.0.1500.95 Safari/537.36"
76.22.42.77 - - [13/Aug/2013:14:14:01 -0400] "GET /scripts/print.css HTTP/1.1" 200 12355 "http://www.lenriggs.com/" "Mozilla/5.0 (Windows NT 6.1) AppleWebKit/537.36 (KHTML, like Gecko) Chrome/28.0.1500.95 Safari/537.36"
76.22.42.77 - - [13/Aug/2013:14:14:01 -0400] "GET /images/ic_059_slogan_bg_wide.png HTTP/1.1" 200 543 "http://www.lenriggs.com/" "Mozilla/5.0 (Windows NT 6.1) AppleWebKit/537.36 (KHTML, like Gecko) Chrome/28.0.1500.95 Safari/537.36"
208.54.32.175 - - [13/Aug/2013:14:37:24 -0400] "GET / HTTP/1.1" 200 19142 "http://www.liq.wa.gov/publications/licensing/mast-lists/MAST_provider_list_512013.pdf" "Mozilla/5.0 (Windows NT 6.1; WOW64; rv:23.0) Gecko/20100101 Firefox/23.0"
198.1.37.160 - - [13/Aug/2013:16:48:55 -0400] "GET /scripts/template.css HTTP/1.1" 200 12058 "http://www.lenriggs.com/" "Mozilla/5.0 (compatible; MSIE 9.0; Windows NT 6.1; WOW64; Trident/5.0)"
198.1.37.160 - - [13/Aug/2013:16:48:57 -0400] "GET /images/ic_059_navtopper_bg.png HTTP/1.1" 200 1365 "http://www.lenriggs.com/" "Mozilla/5.0 (compatible; MSIE 9.0; Windows NT 6.1; WOW64; Trident/5.0)"
63.226.218.79 - - [13/Aug/2013:22:43:56 -0400] "GET /favicon.ico HTTP/1.1" 404 575 "-" "Mozilla/5.0 (compatible; MSIE 10.0; Windows NT 6.1; Win64; x64; Trident/6.0)"
73.105.125.88 - - [13/Aug/2013:23:57:55 -0400] "GET /apple-touch-icon-precomposed.png HTTP/1.1" 404 575 "-" "Mozilla/5.0 (iPad; CPU OS 6_1_3 like Mac OS X) AppleWebKit/536.26 (KHTML, like Gecko) CriOS/28.0.1500.16 Mobile/10B329 Safari/8536.25"
76.104.185.46 - - [13/Aug/2013:13:32:31 -0400] "GET /scripts/print.css HTTP/1.1" 304 - "http://www.lenriggs.com/" "Mozilla/4.0 (compatible; MSIE 8.0; Windows NT 5.1; Trident/4.0; GTB7.5; .NET CLR 1.1.4322; .NET CLR 2.0.50727; .NET CLR 3.0.4506.2152; .NET CLR 3.5.30729; .NET4.0C; AskTbASI/5.15.12.33066; yie8)"
76.104.185.46 - - [13/Aug/2013:13:32:32 -0400] "GET /images/ic_059_navtopper_bg.png HTTP/1.1" 304 - "http://www.lenriggs.com/" "Mozilla/4.0 (compatible; MSIE 8.0; Windows NT 5.1; Trident/4.0; GTB7.5; .NET CLR 1.1.4322; .NET CLR 2.0.50727; .NET CLR 3.0.4506.2152; .NET CLR 3.5.30729; .NET4.0C; AskTbASI/5.15.12.33066; yie8)"
76.104.185.46 - - [13/Aug/2013:13:32:32 -0400] "GET /images/502_3.jpg HTTP/1.1" 304 - "http://www.lenriggs.com/" "Mozilla/4.0 (compatible; MSIE 8.0; Windows NT 5.1; Trident/4.0; GTB7.5; .NET CLR 1.1.4322; .NET CLR 2.0.50727; .NET CLR 3.0.4506.2152; .NET CLR 3.5.30729; .NET4.0C; AskTbASI/5.15.12.33066; yie8)"
67.183.30.201 - - [13/Aug/2013:18:05:13 -0400] "GET /scripts/website.css HTTP/1.1" 200 1727 "http://www.lenriggs.com/" "Mozilla/5.0 (Windows NT 6.1; WOW64) AppleWebKit/537.36 (KHTML, like Gecko) Chrome/28.0.1500.95 Safari/537.36"
67.183.30.201 - - [13/Aug/2013:18:05:14 -0400] "GET /images/ic_059_slogan_bg_wide.png HTTP/1.1" 200 543 "http://www.lenriggs.com/" "Mozilla/5.0 (Windows NT 6.1; WOW64) AppleWebKit/537.36 (KHTML, like Gecko) Chrome/28.0.1500.95 Safari/537.36"
67.170.3.229 - - [13/Aug/2013:19:36:03 -0400] "GET /scripts/1custom.css HTTP/1.1" 200 2157 "http://www.lenriggs.com/" "Mozilla/5.0 (Windows NT 6.1; WOW64) AppleWebKit/537.36 (KHTML, like Gecko) Chrome/28.0.1500.95 Safari/537.36"
67.170.3.229 - - [13/Aug/2013:19:36:05 -0400] "GET /images/ic_059_slogan_bg_wide.png HTTP/1.1" 200 543 "http://www.lenriggs.com/" "Mozilla/5.0 (Windows NT 6.1; WOW64) AppleWebKit/537.36 (KHTML, like Gecko) Chrome/28.0.1500.95 Safari/537.36"
67.170.3.229 - - [13/Aug/2013:19:37:49 -0400] "GET /scripts/8custom.css HTTP/1.1" 200 804 "http://www.lenriggs.com/olympiacentraliaclasses.html" "Mozilla/5.0 (Windows NT 6.1; WOW64) AppleWebKit/537.36 (KHTML, like Gecko) Chrome/28.0.1500.95 Safari/537.36"
76.104.221.177 - - [13/Aug/2013:23:37:05 -0400] "GET /apple-touch-icon.png HTTP/1.1" 404 575 "-" "Dolphin http client/10.0.1(230) (Android)"
157.56.92.159 - - [13/Aug/2013:11:49:54 -0400] "GET /blog.php HTTP/1.1" 503 323 "-" "Mozilla/5.0 (compatible; bingbot/2.0; +http://www.bing.com/bingbot.htm)"
67.161.82.99 - - [13/Aug/2013:16:37:04 -0400] "GET /scripts/user.js HTTP/1.1" 200 23762 "http://www.lenriggs.com/" "Mozilla/5.0 (compatible; MSIE 10.0; Windows NT 6.1; WOW64; Trident/6.0)"
67.161.82.99 - - [13/Aug/2013:16:37:04 -0400] "GET /scripts/1custom.css HTTP/1.1" 200 2157 "http://www.lenriggs.com/" "Mozilla/5.0 (compatible; MSIE 10.0; Windows NT 6.1; WOW64; Trident/6.0)"
67.161.82.99 - - [13/Aug/2013:16:37:04 -0400] "GET /images/502_3.jpg HTTP/1.1" 200 24910 "http://www.lenriggs.com/" "Mozilla/5.0 (compatible; MSIE 10.0; Windows NT 6.1; WOW64; Trident/6.0)"
157.55.34.24 - - [13/Aug/2013:17:43:37 -0400] "GET /onlinecourse.html HTTP/1.1" 304 - "-" "Mozilla/5.0 (compatible; bingbot/2.0; +http://www.bing.com/bingbot.htm)"
67.170.3.229 - - [13/Aug/2013:19:36:03 -0400] "GET / HTTP/1.1" 200 19142 "https://www.google.com/" "Mozilla/5.0 (Windows NT 6.1; WOW64) AppleWebKit/537.36 (KHTML, like Gecko) Chrome/28.0.1500.95 Safari/537.36"
67.170.3.229 - - [13/Aug/2013:19:36:03 -0400] "GET /scripts/photoalbum.js HTTP/1.1" 200 62481 "http://www.lenriggs.com/" "Mozilla/5.0 (Windows NT 6.1; WOW64) AppleWebKit/537.36 (KHTML, like Gecko) Chrome/28.0.1500.95 Safari/537.36"
67.170.3.229 - - [13/Aug/2013:19:36:05 -0400] "GET /images/ic_059_title_bg_wide.png HTTP/1.1" 200 3851 "http://www.lenriggs.com/" "Mozilla/5.0 (Windows NT 6.1; WOW64) AppleWebKit/537.36 (KHTML, like Gecko) Chrome/28.0.1500.95 Safari/537.36"
46.119.118.152 - - [13/Aug/2013:20:10:16 -0400] "GET / HTTP/1.1" 200 19142 "http://remont-fridge-tv.ru/" "Mozilla/3.0 (x86 [en] Windows NT 5.1; Sun)"
66.249.75.18 - - [13/Aug/2013:13:09:00 -0400] "GET /tricitieswallawalla.html HTTP/1.1" 304 - "-" "Mozilla/5.0 (compatible; Googlebot/2.1; +http://www.google.com/bot.html)"
157.56.92.159 - - [13/Aug/2013:03:31:54 -0400] "GET /robots.txt HTTP/1.1" 200 25 "-" "Mozilla/5.0 (compatible; bingbot/2.0; +http://www.bing.com/bingbot.htm)"
71.213.247.253 - - [13/Aug/2013:15:12:28 -0400] "GET /scripts/user.js HTTP/1.1" 200 23762 "http://www.lenriggs.com/" "Mozilla/5.0 (Windows NT 6.1; WOW64) AppleWebKit/537.36 (KHTML, like Gecko) Chrome/27.0.1453.94 Safari/537.36"
71.213.247.253 - - [13/Aug/2013:15:12:30 -0400] "GET /scripts/print.css HTTP/1.1" 200 12355 "http://www.lenriggs.com/" "Mozilla/5.0 (Windows NT 6.1; WOW64) AppleWebKit/537.36 (KHTML, like Gecko) Chrome/27.0.1453.94 Safari/537.36"
71.213.247.253 - - [13/Aug/2013:15:12:32 -0400] "GET /images/6.jpg HTTP/1.1" 200 5849 "http://www.lenriggs.com/" "Mozilla/5.0 (Windows NT 6.1; WOW64) AppleWebKit/537.36 (KHTML, like Gecko) Chrome/27.0.1453.94 Safari/537.36"
198.239.178.118 - - [13/Aug/2013:16:11:25 -0400] "GET /newonlineclasses.html HTTP/1.1" 200 11516 "-" "Mozilla/4.0 (compatible; MSIE 8.0; Windows NT 6.1; WOW64; Trident/4.0; SLCC2; .NET CLR 2.0.50727; .NET CLR 3.5.30729; .NET CLR 3.0.30729; Media Center PC 6.0; InfoPath.3)"
198.239.178.118 - - [13/Aug/2013:16:11:25 -0400] "GET /scripts/ic_globals_published.js HTTP/1.1" 200 566 "http://www.lenriggs.com/newonlineclasses.html" "Mozilla/4.0 (compatible; MSIE 8.0; Windows NT 6.1; WOW64; Trident/4.0; SLCC2; .NET CLR 2.0.50727; .NET CLR 3.5.30729; .NET CLR 3.0.30729; Media Center PC 6.0; InfoPath.3)"
198.239.178.118 - - [13/Aug/2013:16:11:26 -0400] "GET /scripts/print.css HTTP/1.1" 200 12355 "http://www.lenriggs.com/newonlineclasses.html" "Mozilla/4.0 (compatible; MSIE 8.0; Windows NT 6.1; WOW64; Trident/4.0; SLCC2; .NET CLR 2.0.50727; .NET CLR 3.5.30729; .NET CLR 3.0.30729; Media Center PC 6.0; InfoPath.3)"
173.160.134.9 - - [13/Aug/2013:17:35:16 -0400] "GET /scripts/template.css HTTP/1.1" 200 12058 "http://www.lenriggs.com/" "Mozilla/5.0 (compatible; MSIE 9.0; Windows NT 6.1; Win64; x64; Trident/5.0)"
173.160.134.9 - - [13/Aug/2013:17:35:16 -0400] "GET /scripts/icwebsiteelement.css HTTP/1.1" 200 8132 "http://www.lenriggs.com/" "Mozilla/5.0 (compatible; MSIE 9.0; Windows NT 6.1; Win64; x64; Trident/5.0)"
208.54.32.149 - - [13/Aug/2013:01:14:21 -0400] "GET /images/ic_059_title_bg.png HTTP/1.1" 200 3634 "http://www.lenriggs.com/" "Mozilla/5.0 (Linux; U; Android 2.3.6; en-us; T-Mobile myTouch Q Build/HuaweiU8730) AppleWebKit/533.1 (KHTML, like Gecko) Version/4.0 Mobile Safari/533.1"
208.54.32.149 - - [13/Aug/2013:01:14:22 -0400] "GET /images/502_3.jpg HTTP/1.1" 200 24910 "http://www.lenriggs.com/" "Mozilla/5.0 (Linux; U; Android 2.3.6; en-us; T-Mobile myTouch Q Build/HuaweiU8730) AppleWebKit/533.1 (KHTML, like Gecko) Version/4.0 Mobile Safari/533.1"
157.56.93.72 - - [13/Aug/2013:02:36:23 -0400] "GET /scripts/photoalbum.js HTTP/1.1" 200 62481 "-" "Mozilla/5.0 (compatible; bingbot/2.0; +http://www.bing.com/bingbot.htm)"
65.40.224.145 - - [13/Aug/2013:19:22:24 -0400] "GET /scripts/print.css HTTP/1.1" 200 12355 "http://www.lenriggs.com/" "Mozilla/4.0 (compatible; MSIE 7.0; Windows NT 6.1; WOW64; Trident/6.0; SLCC2; .NET CLR 2.0.50727; .NET CLR 3.5.30729; .NET CLR 3.0.30729; Media Center PC 6.0; .NET4.0C; .NET4.0E)"
24.16.129.44 - - [13/Aug/2013:19:48:40 -0400] "GET /scripts/ic_globals_published.js HTTP/1.1" 200 566 "http://www.lenriggs.com/" "Mozilla/5.0 (Windows NT 6.2; WOW64) AppleWebKit/537.36 (KHTML, like Gecko) Chrome/28.0.1500.95 Safari/537.36"
24.16.129.44 - - [13/Aug/2013:19:48:40 -0400] "GET /scripts/photoalbum.js HTTP/1.1" 200 62481 "http://www.lenriggs.com/" "Mozilla/5.0 (Windows NT 6.2; WOW64) AppleWebKit/537.36 (KHTML, like Gecko) Chrome/28.0.1500.95 Safari/537.36"
24.16.129.44 - - [13/Aug/2013:19:48:42 -0400] "GET /scripts/print.css HTTP/1.1" 200 12355 "http://www.lenriggs.com/" "Mozilla/5.0 (Windows NT 6.2; WOW64) AppleWebKit/537.36 (KHTML, like Gecko) Chrome/28.0.1500.95 Safari/537.36"
24.16.129.44 - - [13/Aug/2013:19:48:42 -0400] "GET /favicon.ico HTTP/1.1" 404 575 "-" "Mozilla/5.0 (Windows NT 6.2; WOW64) AppleWebKit/537.36 (KHTML, like Gecko) Chrome/28.0.1500.95 Safari/537.36"
24.16.129.44 - - [13/Aug/2013:19:48:43 -0400] "GET /favicon.ico HTTP/1.1" 404 575 "-" "Mozilla/5.0 (Windows NT 6.2; WOW64) AppleWebKit/537.36 (KHTML, like Gecko) Chrome/28.0.1500.95 Safari/537.36"
66.243.234.240 - - [13/Aug/2013:22:13:35 -0400] "GET / HTTP/1.1" 200 19142 "http://search.yahoo.com/search;_ylt=ApztCv48x3nuQcw0V1yaAcqbvZx4?p=servers+permit+wa&toggle=1&cop=mss&ei=UTF-8&fr=yfp-t-900" "Mozilla/5.0 (Windows NT 6.0; rv:22.0) Gecko/20100101 Firefox/22.0"
66.243.234.240 - - [13/Aug/2013:22:13:35 -0400] "GET /scripts/print.css HTTP/1.1" 200 12355 "http://lenriggs.com/" "Mozilla/5.0 (Windows NT 6.0; rv:22.0) Gecko/20100101 Firefox/22.0"
66.243.234.240 - - [13/Aug/2013:22:13:35 -0400] "GET /images/6.jpg HTTP/1.1" 200 5849 "http://lenriggs.com/scripts/website.css" "Mozilla/5.0 (Windows NT 6.0; rv:22.0) Gecko/20100101 Firefox/22.0"
63.226.218.79 - - [13/Aug/2013:22:43:10 -0400] "GET /scripts/photoalbum.js HTTP/1.1" 200 62481 "http://www.lenriggs.com/home.html" "Mozilla/5.0 (compatible; MSIE 10.0; Windows NT 6.1; WOW64; Trident/6.0)"
63.226.218.79 - - [13/Aug/2013:22:43:11 -0400] "GET /images/ic_059_title_bg_wide.png HTTP/1.1" 200 3851 "http://www.lenriggs.com/home.html" "Mozilla/5.0 (compatible; MSIE 10.0; Windows NT 6.1; WOW64; Trident/6.0)"
66.87.113.10 - - [13/Aug/2013:23:10:19 -0400] "GET / HTTP/1.1" 304 - "-" "Mozilla/5.0 (iPhone; CPU iPhone OS 6_1_4 like Mac OS X) AppleWebKit/536.26 (KHTML, like Gecko) Version/6.0 Mobile/10B350 Safari/8536.25"
66.87.113.10 - - [13/Aug/2013:23:10:19 -0400] "GET /scripts/ic_globals_published.js HTTP/1.1" 304 - "http://www.lenriggs.com/" "Mozilla/5.0 (iPhone; CPU iPhone OS 6_1_4 like Mac OS X) AppleWebKit/536.26 (KHTML, like Gecko) Version/6.0 Mobile/10B350 Safari/8536.25"
66.87.113.10 - - [13/Aug/2013:23:10:20 -0400] "GET /scripts/icwebsiteelement.css HTTP/1.1" 304 - "http://www.lenriggs.com/" "Mozilla/5.0 (iPhone; CPU iPhone OS 6_1_4 like Mac OS X) AppleWebKit/536.26 (KHTML, like Gecko) Version/6.0 Mobile/10B350 Safari/8536.25"
66.87.113.10 - - [13/Aug/2013:23:10:21 -0400] "GET /images/ic_059_navtopper_bg.png HTTP/1.1" 304 - "http://www.lenriggs.com/" "Mozilla/5.0 (iPhone; CPU iPhone OS 6_1_4 like Mac OS X) AppleWebKit/536.26 (KHTML, like Gecko) Version/6.0 Mobile/10B350 Safari/8536.25"
66.87.113.10 - - [13/Aug/2013:23:10:21 -0400] "GET /scripts/print.css HTTP/1.1" 304 - "http://www.lenriggs.com/" "Mozilla/5.0 (iPhone; CPU iPhone OS 6_1_4 like Mac OS X) AppleWebKit/536.26 (KHTML, like Gecko) Version/6.0 Mobile/10B350 Safari/8536.25"
50.46.242.104 - - [13/Aug/2013:12:22:58 -0400] "GET /favicon.ico HTTP/1.1" 404 575 "http://lenriggs.com/" "Mozilla/5.0 (Macintosh; Intel Mac OS X 10_8_4) AppleWebKit/536.30.1 (KHTML, like Gecko) Version/6.0.5 Safari/536.30.1"
50.135.58.139 - - [13/Aug/2013:14:02:52 -0400] "GET /scripts/website.css HTTP/1.1" 200 1727 "http://lenriggs.com/" "Mozilla/5.0 (X11; CrOS i686 4100.86.0) AppleWebKit/537.36 (KHTML, like Gecko) Chrome/28.0.1500.95 Safari/537.36"
50.135.58.139 - - [13/Aug/2013:14:02:54 -0400] "GET /images/6.jpg HTTP/1.1" 200 5849 "http://lenriggs.com/" "Mozilla/5.0 (X11; CrOS i686 4100.86.0) AppleWebKit/537.36 (KHTML, like Gecko) Chrome/28.0.1500.95 Safari/537.36"
76.22.42.77 - - [13/Aug/2013:14:15:03 -0400] "GET /scripts/7custom.css HTTP/1.1" 200 804 "http://www.lenriggs.com/tacomapuyallupclasses.html" "Mozilla/5.0 (Windows NT 6.1) AppleWebKit/537.36 (KHTML, like Gecko) Chrome/28.0.1500.95 Safari/537.36"
76.22.42.77 - - [13/Aug/2013:14:15:03 -0400] "GET /favicon.ico HTTP/1.1" 404 575 "-" "Mozilla/5.0 (Windows NT 6.1) AppleWebKit/537.36 (KHTML, like Gecko) Chrome/28.0.1500.95 Safari/537.36"
76.22.42.77 - - [13/Aug/2013:14:15:04 -0400] "GET /favicon.ico HTTP/1.1" 404 575 "-" "Mozilla/5.0 (Windows NT 6.1) AppleWebKit/537.36 (KHTML, like Gecko) Chrome/28.0.1500.95 Safari/537.36"
76.22.42.77 - - [13/Aug/2013:14:15:05 -0400] "GET /bremertonkitsappennislaareaclasses.html HTTP/1.1" 200 8086 "http://www.lenriggs.com/tacomapuyallupclasses.html" "Mozilla/5.0 (Windows NT 6.1) AppleWebKit/537.36 (KHTML, like Gecko) Chrome/28.0.1500.95 Safari/537.36"
76.22.42.77 - - [13/Aug/2013:14:15:05 -0400] "GET /scripts/10custom.css HTTP/1.1" 200 804 "http://www.lenriggs.com/bremertonkitsappennislaareaclasses.html" "Mozilla/5.0 (Windows NT 6.1) AppleWebKit/537.36 (KHTML, like Gecko) Chrome/28.0.1500.95 Safari/537.36"
76.22.42.77 - - [13/Aug/2013:14:15:05 -0400] "GET /favicon.ico HTTP/1.1" 404 575 "-" "Mozilla/5.0 (Windows NT 6.1) AppleWebKit/537.36 (KHTML, like Gecko) Chrome/28.0.1500.95 Safari/537.36"
76.22.42.77 - - [13/Aug/2013:14:15:07 -0400] "GET /kentauburnrentonareaclasses.html HTTP/1.1" 200 8086 "http://www.lenriggs.com/bremertonkitsappennislaareaclasses.html" "Mozilla/5.0 (Windows NT 6.1) AppleWebKit/537.36 (KHTML, like Gecko) Chrome/28.0.1500.95 Safari/537.36"
157.55.34.24 - - [13/Aug/2013:14:54:20 -0400] "GET /robots.txt HTTP/1.1" 200 25 "-" "Mozilla/5.0 (compatible; bingbot/2.0; +http://www.bing.com/bingbot.htm)"
198.239.178.118 - - [13/Aug/2013:16:11:26 -0400] "GET /scripts/website.css HTTP/1.1" 200 1727 "http://www.lenriggs.com/newonlineclasses.html" "Mozilla/4.0 (compatible; MSIE 8.0; Windows NT 6.1; WOW64; Trident/4.0; SLCC2; .NET CLR 2.0.50727; .NET CLR 3.5.30729; .NET CLR 3.0.30729; Media Center PC 6.0; InfoPath.3)"
198.239.178.118 - - [13/Aug/2013:16:11:26 -0400] "GET /scripts/icwebsiteelement.css HTTP/1.1" 200 8132 "http://www.lenriggs.com/newonlineclasses.html" "Mozilla/4.0 (compatible; MSIE 8.0; Windows NT 6.1; WOW64; Trident/4.0; SLCC2; .NET CLR 2.0.50727; .NET CLR 3.5.30729; .NET CLR 3.0.30729; Media Center PC 6.0; InfoPath.3)"
198.239.178.118 - - [13/Aug/2013:16:11:26 -0400] "GET /images/ic_059_title_bg_wide.png HTTP/1.1" 200 3851 "http://www.lenriggs.com/newonlineclasses.html" "Mozilla/4.0 (compatible; MSIE 8.0; Windows NT 6.1; WOW64; Trident/4.0; SLCC2; .NET CLR 2.0.50727; .NET CLR 3.5.30729; .NET CLR 3.0.30729; Media Center PC 6.0; InfoPath.3)"
198.239.178.118 - - [13/Aug/2013:16:11:28 -0400] "GET /favicon.ico HTTP/1.1" 404 575 "-" "Mozilla/4.0 (compatible; MSIE 8.0; Windows NT 6.1; WOW64; Trident/4.0; SLCC2; .NET CLR 2.0.50727; .NET CLR 3.5.30729; .NET CLR 3.0.30729; Media Center PC 6.0; InfoPath.3)"
198.239.178.118 - - [13/Aug/2013:16:12:06 -0400] "GET /bellevuekirklandareaclasses.html HTTP/1.1" 200 8085 "http://www.lenriggs.com/spokaneclasses.html" "Mozilla/4.0 (compatible; MSIE 8.0; Windows NT 6.1; WOW64; Trident/4.0; SLCC2; .NET CLR 2.0.50727; .NET CLR 3.5.30729; .NET CLR 3.0.30729; Media Center PC 6.0; InfoPath.3)"
198.239.178.118 - - [13/Aug/2013:16:12:06 -0400] "GET /scripts/4custom.css HTTP/1.1" 200 804 "http://www.lenriggs.com/bellevuekirklandareaclasses.html" "Mozilla/4.0 (compatible; MSIE 8.0; Windows NT 6.1; WOW64; Trident/4.0; SLCC2; .NET CLR 2.0.50727; .NET CLR 3.5.30729; .NET CLR 3.0.30729; Media Center PC 6.0; InfoPath.3)"
67.161.82.99 - - [13/Aug/2013:16:37:04 -0400] "GET /scripts/ic_globals_published.js HTTP/1.1" 200 566 "http://www.lenriggs.com/" "Mozilla/5.0 (compatible; MSIE 10.0; Windows NT 6.1; WOW64; Trident/6.0)"
67.161.82.99 - - [13/Aug/2013:16:37:04 -0400] "GET /scripts/photoalbum.js HTTP/1.1" 200 62481 "http://www.lenriggs.com/" "Mozilla/5.0 (compatible; MSIE 10.0; Windows NT 6.1; WOW64; Trident/6.0)"
67.161.82.99 - - [13/Aug/2013:16:37:04 -0400] "GET /images/ic_059_navtopper_bg.png HTTP/1.1" 200 1365 "http://www.lenriggs.com/" "Mozilla/5.0 (compatible; MSIE 10.0; Windows NT 6.1; WOW64; Trident/6.0)"
198.1.37.160 - - [13/Aug/2013:16:48:55 -0400] "GET / HTTP/1.1" 200 19142 "http://www.ask.com/web?l=sem&ifr=1&qsrc=999&ad=semA&an=google_s&q=tipps%20classes%20in%20spokane%20wa&siteid=15604&o=15604&ar_uid=5DDD846F-4AFB-4525-86C1-9156B7270381&click_id=3A4021EC-D677-4FB9-8EC5-E28D259958BA" "Mozilla/5.0 (compatible; MSIE 9.0; Windows NT 6.1; WOW64; Trident/5.0)"
174.21.32.210 - - [13/Aug/2013:21:05:51 -0400] "GET /tacomapuyallupclasses.html HTTP/1.1" 200 8085 "http://www.lenriggs.com/" "Mozilla/5.0 (compatible; MSIE 10.0; Windows NT 6.1; WOW64; Trident/6.0)"
63.226.218.79 - - [13/Aug/2013:22:43:10 -0400] "GET /scripts/website.css HTTP/1.1" 200 1727 "http://www.lenriggs.com/home.html" "Mozilla/5.0 (compatible; MSIE 10.0; Windows NT 6.1; WOW64; Trident/6.0)"
63.226.218.79 - - [13/Aug/2013:22:43:10 -0400] "GET /scripts/icwebsiteelement.css HTTP/1.1" 200 8132 "http://www.lenriggs.com/home.html" "Mozilla/5.0 (compatible; MSIE 10.0; Windows NT 6.1; WOW64; Trident/6.0)"
157.56.92.159 - - [13/Aug/2013:12:02:17 -0400] "GET /blog.php HTTP/1.0" 200 8725 "-" "Mozilla/5.0 (compatible; bingbot/2.0; +http://www.bing.com/bingbot.htm)"
76.178.155.232 - - [13/Aug/2013:12:03:23 -0400] "GET / HTTP/1.1" 200 19142 "-" "Mozilla/5.0 (Windows NT 6.1; WOW64) AppleWebKit/537.36 (KHTML, like Gecko) Chrome/28.0.1500.72 Safari/537.36"
76.178.155.232 - - [13/Aug/2013:12:03:23 -0400] "GET /scripts/ic_globals_published.js HTTP/1.1" 200 566 "http://www.lenriggs.com/" "Mozilla/5.0 (Windows NT 6.1; WOW64) AppleWebKit/537.36 (KHTML, like Gecko) Chrome/28.0.1500.72 Safari/537.36"
50.46.242.104 - - [13/Aug/2013:12:22:57 -0400] "GET /scripts/icwebsiteelement.css HTTP/1.1" 200 8132 "http://lenriggs.com/" "Mozilla/5.0 (Macintosh; Intel Mac OS X 10_8_4) AppleWebKit/536.30.1 (KHTML, like Gecko) Version/6.0.5 Safari/536.30.1"
50.46.242.104 - - [13/Aug/2013:12:22:58 -0400] "GET /images/ic_059_navtopper_bg.png HTTP/1.1" 200 1365 "http://lenriggs.com/" "Mozilla/5.0 (Macintosh; Intel Mac OS X 10_8_4) AppleWebKit/536.30.1 (KHTML, like Gecko) Version/6.0.5 Safari/536.30.1"
50.54.161.253 - - [13/Aug/2013:12:35:48 -0400] "GET /scripts/icwebsiteelement.css HTTP/1.1" 200 8132 "http://lenriggs.com/" "Mozilla/5.0 (Macintosh; Intel Mac OS X 10_6_8) AppleWebKit/537.36 (KHTML, like Gecko) Chrome/28.0.1500.95 Safari/537.36"
50.54.161.253 - - [13/Aug/2013:12:35:50 -0400] "GET /scripts/print.css HTTP/1.1" 200 12355 "http://lenriggs.com/" "Mozilla/5.0 (Macintosh; Intel Mac OS X 10_6_8) AppleWebKit/537.36 (KHTML, like Gecko) Chrome/28.0.1500.95 Safari/537.36"
50.54.161.253 - - [13/Aug/2013:12:35:50 -0400] "GET /favicon.ico HTTP/1.1" 404 575 "-" "Mozilla/5.0 (Macintosh; Intel Mac OS X 10_6_8) AppleWebKit/537.36 (KHTML, like Gecko) Chrome/28.0.1500.95 Safari/537.36"
76.104.185.46 - - [13/Aug/2013:13:32:27 -0400] "GET /scripts/photoalbum.js HTTP/1.1" 200 62481 "http://www.lenriggs.com/" "Mozilla/4.0 (compatible; MSIE 8.0; Windows NT 5.1; Trident/4.0; GTB7.5; .NET CLR 1.1.4322; .NET CLR 2.0.50727; .NET CLR 3.0.4506.2152; .NET CLR 3.5.30729; .NET4.0C; AskTbASI/5.15.12.33066; yie8)"
76.104.185.46 - - [13/Aug/2013:13:32:27 -0400] "GET /scripts/icwebsiteelement.css HTTP/1.1" 304 - "http://www.lenriggs.com/" "Mozilla/4.0 (compatible; MSIE 8.0; Windows NT 5.1; Trident/4.0; GTB7.5; .NET CLR 1.1.4322; .NET CLR 2.0.50727; .NET CLR 3.0.4506.2152; .NET CLR 3.5.30729; .NET4.0C; AskTbASI/5.15.12.33066; yie8)"
50.34.22.66 - - [13/Aug/2013:00:44:30 -0400] "GET /scripts/website.css HTTP/1.1" 200 1727 "http://www.lenriggs.com/" "Mozilla/5.0 (compatible; MSIE 10.0; Windows NT 6.1; WOW64; Trident/6.0)"
50.34.22.66 - - [13/Aug/2013:00:44:30 -0400] "GET /scripts/icwebsiteelement.css HTTP/1.1" 200 8132 "http://www.lenriggs.com/" "Mozilla/5.0 (compatible; MSIE 10.0; Windows NT 6.1; WOW64; Trident/6.0)"
50.34.22.66 - - [13/Aug/2013:00:44:32 -0400] "GET /images/ic_059_title_bg_wide.png HTTP/1.1" 200 3851 "http://www.lenriggs.com/" "Mozilla/5.0 (compatible; MSIE 10.0; Windows NT 6.1; WOW64; Trident/6.0)"
206.188.38.230 - - [13/Aug/2013:10:27:37 -0400] "GET /scripts/1custom.css HTTP/1.1" 304 - "-" "Mozilla/4.0 (compatible;)"
157.55.34.24 - - [13/Aug/2013:17:30:32 -0400] "GET /robots.txt HTTP/1.1" 200 25 "-" "Mozilla/5.0 (compatible; bingbot/2.0; +http://www.bing.com/bingbot.htm)"
198.239.178.118 - - [13/Aug/2013:18:14:19 -0400] "GET /scripts/icwebsiteelement.css HTTP/1.1" 200 8132 "http://www.lenriggs.com/" "Mozilla/4.0 (compatible; MSIE 8.0; Windows NT 6.1; WOW64; Trident/4.0; SLCC2; .NET CLR 2.0.50727; .NET CLR 3.5.30729; .NET CLR 3.0.30729; Media Center PC 6.0)"
198.239.178.118 - - [13/Aug/2013:18:14:20 -0400] "GET /scripts/print.css HTTP/1.1" 200 12355 "http://www.lenriggs.com/" "Mozilla/4.0 (compatible; MSIE 8.0; Windows NT 6.1; WOW64; Trident/4.0; SLCC2; .NET CLR 2.0.50727; .NET CLR 3.5.30729; .NET CLR 3.0.30729; Media Center PC 6.0)"
198.239.178.118 - - [13/Aug/2013:18:14:22 -0400] "GET /scripts/template.css HTTP/1.1" 200 12058 "http://www.lenriggs.com/" "Mozilla/4.0 (compatible; MSIE 8.0; Windows NT 6.1; WOW64; Trident/4.0; SLCC2; .NET CLR 2.0.50727; .NET CLR 3.5.30729; .NET CLR 3.0.30729; Media Center PC 6.0)"
198.239.178.118 - - [13/Aug/2013:18:14:22 -0400] "GET /images/6.jpg HTTP/1.1" 200 5849 "http://www.lenriggs.com/" "Mozilla/4.0 (compatible; MSIE 8.0; Windows NT 6.1; WOW64; Trident/4.0; SLCC2; .NET CLR 2.0.50727; .NET CLR 3.5.30729; .NET CLR 3.0.30729; Media Center PC 6.0)"
67.185.226.177 - - [13/Aug/2013:19:32:00 -0400] "GET /scripts/1custom.css HTTP/1.1" 200 2157 "http://www.lenriggs.com/" "Mozilla/5.0 (Windows NT 6.0) AppleWebKit/537.36 (KHTML, like Gecko) Chrome/28.0.1500.95 Safari/537.36"
24.17.227.9 - - [13/Aug/2013:20:07:31 -0400] "GET /scripts/website.css HTTP/1.1" 200 1727 "http://lenriggs.com/" "Mozilla/5.0 (iPhone; CPU iPhone OS 6_1_3 like Mac OS X) AppleWebKit/536.26 (KHTML, like Gecko) Version/6.0 Mobile/10B329 Safari/8536.25"
157.55.34.24 - - [13/Aug/2013:11:51:30 -0400] "GET /scripts/print.css HTTP/1.1" 200 12355 "-" "Mozilla/5.0 (compatible; bingbot/2.0; +http://www.bing.com/bingbot.htm)"
174.21.32.210 - - [13/Aug/2013:21:06:05 -0400] "GET /tacomapuyallupclasses.html HTTP/1.1" 304 - "http://www.lenriggs.com/tacomapuyallupclasses.html" "Mozilla/5.0 (compatible; MSIE 10.0; Windows NT 6.1; WOW64; Trident/6.0)"
198.239.178.118 - - [13/Aug/2013:13:34:04 -0400] "GET /scripts/template.css HTTP/1.1" 200 12058 "http://www.lenriggs.com/" "Mozilla/4.0 (compatible; MSIE 8.0; Windows NT 6.1; WOW64; Trident/4.0; SLCC2; .NET CLR 2.0.50727; .NET CLR 3.5.30729; .NET CLR 3.0.30729; Media Center PC 6.0)"
198.239.178.118 - - [13/Aug/2013:13:34:06 -0400] "GET /images/6.jpg HTTP/1.1" 200 5849 "http://www.lenriggs.com/" "Mozilla/4.0 (compatible; MSIE 8.0; Windows NT 6.1; WOW64; Trident/4.0; SLCC2; .NET CLR 2.0.50727; .NET CLR 3.5.30729; .NET CLR 3.0.30729; Media Center PC 6.0)"
198.1.37.160 - - [13/Aug/2013:16:48:55 -0400] "GET /scripts/ic_globals_published.js HTTP/1.1" 200 566 "http://www.lenriggs.com/" "Mozilla/5.0 (compatible; MSIE 9.0; Windows NT 6.1; WOW64; Trident/5.0)"
198.1.37.160 - - [13/Aug/2013:16:48:55 -0400] "GET /scripts/print.css HTTP/1.1" 200 12355 "http://www.lenriggs.com/" "Mozilla/5.0 (compatible; MSIE 9.0; Windows NT 6.1; WOW64; Trident/5.0)"
198.1.37.160 - - [13/Aug/2013:16:48:57 -0400] "GET /favicon.ico HTTP/1.1" 404 575 "-" "Mozilla/5.0 (compatible; MSIE 9.0; Windows NT 6.1; WOW64; Trident/5.0)"
208.54.32.149 - - [13/Aug/2013:01:14:13 -0400] "GET /scripts/photoalbum.js HTTP/1.1" 200 62481 "http://www.lenriggs.com/" "Mozilla/5.0 (Linux; U; Android 2.3.6; en-us; T-Mobile myTouch Q Build/HuaweiU8730) AppleWebKit/533.1 (KHTML, like Gecko) Version/4.0 Mobile Safari/533.1"
