0byt3m1n1
Path:
/
data
/
0
/
0
/
111
/
53
/
111379
/
meta
/
112906
/
logs
/
[
Home
]
File: x-access_log.2013-08-17
157.56.93.72 - - [17/Aug/2013:03:32:50 -0400] "GET /scripts/8custom.css HTTP/1.1" 200 804 "-" "Mozilla/5.0 (compatible; bingbot/2.0; +http://www.bing.com/bingbot.htm)"
71.221.205.99 - - [17/Aug/2013:12:36:00 -0400] "GET /scripts/website.css HTTP/1.1" 200 2395 "http://www.lenriggs.com/" "Mozilla/5.0 (Macintosh; Intel Mac OS X 10_6_8) AppleWebKit/534.59.8 (KHTML, like Gecko) Version/5.1.9 Safari/534.59.8"
71.221.205.99 - - [17/Aug/2013:12:36:00 -0400] "GET /scripts/icwebsiteelement.css HTTP/1.1" 200 8132 "http://www.lenriggs.com/" "Mozilla/5.0 (Macintosh; Intel Mac OS X 10_6_8) AppleWebKit/534.59.8 (KHTML, like Gecko) Version/5.1.9 Safari/534.59.8"
71.221.205.99 - - [17/Aug/2013:12:36:01 -0400] "GET /images/dropshadow_sides_png_wide.png HTTP/1.1" 200 11205 "http://www.lenriggs.com/" "Mozilla/5.0 (Macintosh; Intel Mac OS X 10_6_8) AppleWebKit/534.59.8 (KHTML, like Gecko) Version/5.1.9 Safari/534.59.8"
166.147.88.22 - - [17/Aug/2013:14:02:34 -0400] "GET /scripts/icwebsiteelement.css HTTP/1.1" 200 8132 "http://www.lenriggs.com/" "Mozilla/5.0 (iPhone; CPU iPhone OS 5_1_1 like Mac OS X) AppleWebKit/534.46 (KHTML, like Gecko) Version/5.1 Mobile/9B206 Safari/7534.48.3"
24.22.200.130 - - [17/Aug/2013:14:17:35 -0400] "GET /scripts/user.js HTTP/1.1" 200 23762 "http://www.lenriggs.com/" "Mozilla/5.0 (Windows NT 6.2; WOW64) AppleWebKit/537.36 (KHTML, like Gecko) Chrome/28.0.1500.95 Safari/537.36"
24.22.200.130 - - [17/Aug/2013:14:17:36 -0400] "GET /images/dropshadow_sides_png_wide.png HTTP/1.1" 200 11205 "http://www.lenriggs.com/" "Mozilla/5.0 (Windows NT 6.2; WOW64) AppleWebKit/537.36 (KHTML, like Gecko) Chrome/28.0.1500.95 Safari/537.36"
50.135.30.138 - - [17/Aug/2013:21:42:29 -0400] "GET /scripts/photoalbum.js HTTP/1.1" 200 62481 "http://www.lenriggs.com/" "Mozilla/5.0 (Macintosh; U; Intel Mac OS X 10_4_11; en) AppleWebKit/533.19.4 (KHTML, like Gecko) Version/4.1.3 Safari/533.19.4"
50.135.30.138 - - [17/Aug/2013:21:42:30 -0400] "GET /images/accent_png.png HTTP/1.1" 200 3544 "http://www.lenriggs.com/" "Mozilla/5.0 (Macintosh; U; Intel Mac OS X 10_4_11; en) AppleWebKit/533.19.4 (KHTML, like Gecko) Version/4.1.3 Safari/533.19.4"
218.30.103.33 - - [17/Aug/2013:23:05:54 -0400] "GET /robots.txt HTTP/1.1" 200 25 "-" "Sogou web spider/4.0"
46.118.126.194 - - [17/Aug/2013:09:15:45 -0400] "GET / HTTP/1.1" 200 13290 "http://videosoc.ru/" "Mozilla/3.0 (x86 [en] Windows NT 5.1; Sun)"
46.118.126.194 - - [17/Aug/2013:09:16:15 -0400] "GET / HTTP/1.1" 200 13290 "http://vashkupe.ru/" "Mozilla/4.0 (compatible; MSIE 5.5; Windows 95; BCD2000)"
184.78.159.107 - - [17/Aug/2013:17:47:31 -0400] "GET /newtestimonials.html HTTP/1.1" 200 15359 "https://www.google.com/" "Mozilla/5.0 (Macintosh; Intel Mac OS X 10_8_4) AppleWebKit/537.36 (KHTML, like Gecko) Chrome/28.0.1500.95 Safari/537.36"
50.135.51.219 - - [17/Aug/2013:18:01:32 -0400] "GET /newonlineclasses.html HTTP/1.1" 200 11516 "https://www.google.com/" "Mozilla/5.0 (Linux; U; Android 4.1.1; en-us; SAMSUNG-SGH-I747 Build/JRO03L) AppleWebKit/534.30 (KHTML, like Gecko) Version/4.0 Mobile Safari/534.30"
50.135.51.219 - - [17/Aug/2013:18:01:32 -0400] "GET /scripts/ic_globals_published.js HTTP/1.1" 200 566 "http://www.lenriggs.com/newonlineclasses.html" "Mozilla/5.0 (Linux; U; Android 4.1.1; en-us; SAMSUNG-SGH-I747 Build/JRO03L) AppleWebKit/534.30 (KHTML, like Gecko) Version/4.0 Mobile Safari/534.30"
50.135.51.219 - - [17/Aug/2013:18:01:33 -0400] "GET /scripts/website.css HTTP/1.1" 200 2395 "http://www.lenriggs.com/newonlineclasses.html" "Mozilla/5.0 (Linux; U; Android 4.1.1; en-us; SAMSUNG-SGH-I747 Build/JRO03L) AppleWebKit/534.30 (KHTML, like Gecko) Version/4.0 Mobile Safari/534.30"
76.22.12.46 - - [17/Aug/2013:18:30:00 -0400] "GET /scripts/template.css HTTP/1.1" 200 8633 "http://www.lenriggs.com/newonlineclasses.html" "Mozilla/5.0 (compatible; MSIE 10.0; Windows NT 6.2; WOW64; Trident/6.0; Touch; MASMJS)"
100.43.83.156 - - [17/Aug/2013:15:14:49 -0400] "GET /whydowedothis/meetthefounder.html HTTP/1.1" 200 11670 "-" "Mozilla/5.0 (compatible; YandexBot/3.0; +http://yandex.com/bots)"
184.78.159.107 - - [17/Aug/2013:17:45:16 -0400] "GET / HTTP/1.1" 200 13290 "https://www.google.com/" "Mozilla/5.0 (Macintosh; Intel Mac OS X 10_8_4) AppleWebKit/537.36 (KHTML, like Gecko) Chrome/28.0.1500.95 Safari/537.36"
184.78.159.107 - - [17/Aug/2013:17:45:16 -0400] "GET /scripts/photoalbum.js HTTP/1.1" 200 62481 "http://www.lenriggs.com/" "Mozilla/5.0 (Macintosh; Intel Mac OS X 10_8_4) AppleWebKit/537.36 (KHTML, like Gecko) Chrome/28.0.1500.95 Safari/537.36"
184.78.159.107 - - [17/Aug/2013:17:45:19 -0400] "GET /scripts/print.css HTTP/1.1" 200 9876 "http://www.lenriggs.com/" "Mozilla/5.0 (Macintosh; Intel Mac OS X 10_8_4) AppleWebKit/537.36 (KHTML, like Gecko) Chrome/28.0.1500.95 Safari/537.36"
46.118.126.194 - - [17/Aug/2013:09:16:14 -0400] "GET / HTTP/1.1" 200 13290 "http://www.auto-loker.ru/" "Mozilla/4.0 (compatible; MSIE 5.5; Windows NT 5.0)"
50.135.30.138 - - [17/Aug/2013:21:42:29 -0400] "GET /scripts/ic_globals_published.js HTTP/1.1" 200 566 "http://www.lenriggs.com/" "Mozilla/5.0 (Macintosh; U; Intel Mac OS X 10_4_11; en) AppleWebKit/533.19.4 (KHTML, like Gecko) Version/4.1.3 Safari/533.19.4"
50.135.30.138 - - [17/Aug/2013:21:42:29 -0400] "GET /scripts/print.css HTTP/1.1" 200 9876 "http://www.lenriggs.com/" "Mozilla/5.0 (Macintosh; U; Intel Mac OS X 10_4_11; en) AppleWebKit/533.19.4 (KHTML, like Gecko) Version/4.1.3 Safari/533.19.4"
50.135.30.138 - - [17/Aug/2013:21:42:30 -0400] "GET /images/dropshadow_sides_png_wide.png HTTP/1.1" 200 11205 "http://www.lenriggs.com/" "Mozilla/5.0 (Macintosh; U; Intel Mac OS X 10_4_11; en) AppleWebKit/533.19.4 (KHTML, like Gecko) Version/4.1.3 Safari/533.19.4"
50.135.30.138 - - [17/Aug/2013:21:42:30 -0400] "GET /images/dropshadow_bottom_png_wide.png HTTP/1.1" 200 3108 "http://www.lenriggs.com/" "Mozilla/5.0 (Macintosh; U; Intel Mac OS X 10_4_11; en) AppleWebKit/533.19.4 (KHTML, like Gecko) Version/4.1.3 Safari/533.19.4"
70.210.129.128 - - [17/Aug/2013:22:15:40 -0400] "GET /scripts/1custom.css HTTP/1.1" 200 1750 "http://www.lenriggs.com/" "Mozilla/5.0 (X11; Linux x86_64) AppleWebKit/534.24 (KHTML, like Gecko) Chrome/11.0.696.34 Safari/534.24"
157.55.32.76 - - [17/Aug/2013:18:03:43 -0400] "GET / HTTP/1.1" 200 13290 "-" "Mozilla/5.0 (compatible; bingbot/2.0; +http://www.bing.com/bingbot.htm)"
76.22.12.46 - - [17/Aug/2013:18:30:09 -0400] "GET /scripts/2custom.css HTTP/1.1" 200 804 "http://www.lenriggs.com/seattleareaclasses.html" "Mozilla/5.0 (compatible; MSIE 10.0; Windows NT 6.2; WOW64; Trident/6.0; Touch; MASMJS)"
157.56.93.72 - - [17/Aug/2013:03:32:51 -0400] "GET /allupcomingclasses.html HTTP/1.1" 200 19142 "-" "Mozilla/5.0 (compatible; bingbot/2.0; +http://www.bing.com/bingbot.htm)"
67.183.212.55 - - [17/Aug/2013:10:37:35 -0400] "GET /scripts/user.js HTTP/1.1" 304 - "http://lenriggs.com/" "Mozilla/4.0 (compatible; MSIE 8.0; Windows NT 6.1; WOW64; Trident/4.0; GTB7.5; SLCC2; .NET CLR 2.0.50727; .NET CLR 3.5.30729; .NET CLR 3.0.30729; Media Center PC 6.0; .NET4.0C)"
71.222.33.201 - - [17/Aug/2013:12:20:48 -0400] "GET /onlinecourse.html HTTP/1.1" 200 13474 "http://www.lenriggs.com/" "Mozilla/5.0 (compatible; MSIE 10.0; Windows NT 6.1; Trident/6.0)"
46.119.118.152 - - [17/Aug/2013:06:13:45 -0400] "GET / HTTP/1.1" 200 13290 "http://master-remont-tehniki.ru/" "Mozilla/3.0 (x86 [en] Windows NT 5.1; Sun)"
180.76.5.162 - - [17/Aug/2013:08:07:57 -0400] "GET /wseaburientukwila.html HTTP/1.1" 304 - "-" "Mozilla/5.0 (compatible; Baiduspider/2.0; +http://www.baidu.com/search/spider.html)"
66.249.75.18 - - [17/Aug/2013:01:43:09 -0400] "GET /scripts/template.css HTTP/1.1" 200 8633 "-" "Mozilla/5.0 (compatible; Googlebot/2.1; +http://www.google.com/bot.html)"
50.135.51.219 - - [17/Aug/2013:18:01:32 -0400] "GET /scripts/user.js HTTP/1.1" 200 23762 "http://www.lenriggs.com/newonlineclasses.html" "Mozilla/5.0 (Linux; U; Android 4.1.1; en-us; SAMSUNG-SGH-I747 Build/JRO03L) AppleWebKit/534.30 (KHTML, like Gecko) Version/4.0 Mobile Safari/534.30"
76.22.12.46 - - [17/Aug/2013:18:30:00 -0400] "GET /scripts/39custom.css HTTP/1.1" 200 1141 "http://www.lenriggs.com/newonlineclasses.html" "Mozilla/5.0 (compatible; MSIE 10.0; Windows NT 6.2; WOW64; Trident/6.0; Touch; MASMJS)"
178.33.203.157 - - [17/Aug/2013:19:34:27 -0400] "GET /blog.php?s=hello-world HTTP/1.1" 200 6162 "-" "Mozilla/4.0 (compatible; MSIE 6.0; Windows NT 5.1; SV1; Mozilla/4.0 (compatible; MSIE 6.0; Windows NT 5.1; SV1) ; .NET CLR 2.0.50727 ; .NET CLR 4.0.30319)"
67.183.203.245 - - [17/Aug/2013:14:40:21 -0400] "GET /scripts/website.css HTTP/1.1" 200 2395 "http://lenriggs.com/" "Mozilla/5.0 (Windows NT 6.2; WOW64) AppleWebKit/537.36 (KHTML, like Gecko) Chrome/28.0.1500.95 Safari/537.36"
67.183.203.245 - - [17/Aug/2013:14:40:23 -0400] "GET /images/dropshadow_bottom_png_wide.png HTTP/1.1" 200 3108 "http://lenriggs.com/" "Mozilla/5.0 (Windows NT 6.2; WOW64) AppleWebKit/537.36 (KHTML, like Gecko) Chrome/28.0.1500.95 Safari/537.36"
167.187.100.202 - - [17/Aug/2013:19:14:59 -0400] "GET /scripts/icwebsiteelement.css HTTP/1.1" 200 8132 "-" "Mozilla/4.0 (compatible;)"
70.210.129.128 - - [17/Aug/2013:22:15:40 -0400] "GET /scripts/icwebsiteelement.css HTTP/1.1" 200 8132 "http://www.lenriggs.com/" "Mozilla/5.0 (X11; Linux x86_64) AppleWebKit/534.24 (KHTML, like Gecko) Chrome/11.0.696.34 Safari/534.24"
70.210.129.128 - - [17/Aug/2013:22:15:41 -0400] "GET /images/dropshadow_bottom_png_wide.png HTTP/1.1" 200 3108 "http://www.lenriggs.com/" "Mozilla/5.0 (X11; Linux x86_64) AppleWebKit/534.24 (KHTML, like Gecko) Chrome/11.0.696.34 Safari/534.24"
74.209.52.95 - - [17/Aug/2013:00:33:39 -0400] "GET / HTTP/1.1" 200 13290 "-" "Mozilla/4.0 (compatible; MSIE 8.0; Windows NT 5.1; Trident/4.0; .NET CLR 2.0.50727; .NET CLR 3.0.4506.2152; .NET CLR 3.5.30729; FunWebProducts; .NET4.0C; .NET4.0E; yie8)"
74.209.52.95 - - [17/Aug/2013:00:33:42 -0400] "GET /scripts/ic_globals_published.js HTTP/1.1" 200 566 "http://www.lenriggs.com/" "Mozilla/4.0 (compatible; MSIE 8.0; Windows NT 5.1; Trident/4.0; .NET CLR 2.0.50727; .NET CLR 3.0.4506.2152; .NET CLR 3.5.30729; FunWebProducts; .NET4.0C; .NET4.0E; yie8)"
96.46.16.226 - - [17/Aug/2013:01:37:10 -0400] "GET /scripts/photoalbum.js HTTP/1.1" 200 62481 "http://www.lenriggs.com/" "Mozilla/5.0 (Windows NT 6.1; WOW64; rv:23.0) Gecko/20100101 Firefox/23.0"
96.46.16.226 - - [17/Aug/2013:01:37:11 -0400] "GET /images/dropshadow_sides_png_wide.png HTTP/1.1" 200 11205 "http://www.lenriggs.com/scripts/template.css" "Mozilla/5.0 (Windows NT 6.1; WOW64; rv:23.0) Gecko/20100101 Firefox/23.0"
96.46.16.226 - - [17/Aug/2013:01:37:11 -0400] "GET /images/dropshadow_bottom_png_wide.png HTTP/1.1" 200 3108 "http://www.lenriggs.com/scripts/template.css" "Mozilla/5.0 (Windows NT 6.1; WOW64; rv:23.0) Gecko/20100101 Firefox/23.0"
96.46.16.226 - - [17/Aug/2013:01:37:12 -0400] "GET /favicon.ico HTTP/1.1" 404 575 "-" "Mozilla/5.0 (Windows NT 6.1; WOW64; rv:23.0) Gecko/20100101 Firefox/23.0"
96.46.16.226 - - [17/Aug/2013:01:37:12 -0400] "GET /favicon.ico HTTP/1.1" 404 575 "-" "Mozilla/5.0 (Windows NT 6.1; WOW64; rv:23.0) Gecko/20100101 Firefox/23.0"
61.135.249.218 - - [17/Aug/2013:08:52:46 -0400] "GET / HTTP/1.1" 200 13290 "-" "Mozilla/5.0 (compatible; YoudaoBot/1.0; http://www.youdao.com/help/webmaster/spider/; )"
67.183.212.55 - - [17/Aug/2013:10:37:35 -0400] "GET /scripts/website.css HTTP/1.1" 304 - "http://lenriggs.com/" "Mozilla/4.0 (compatible; MSIE 8.0; Windows NT 6.1; WOW64; Trident/4.0; GTB7.5; SLCC2; .NET CLR 2.0.50727; .NET CLR 3.5.30729; .NET CLR 3.0.30729; Media Center PC 6.0; .NET4.0C)"
157.55.32.81 - - [17/Aug/2013:03:32:23 -0400] "GET /scripts/ic_globals_published.js HTTP/1.1" 200 566 "-" "Mozilla/5.0 (compatible; bingbot/2.0; +http://www.bing.com/bingbot.htm)"
167.187.100.202 - - [17/Aug/2013:16:24:27 -0400] "GET /images/ic_059_navtopper_bg.png HTTP/1.1" 304 - "-" "Mozilla/4.0 (compatible;)"
199.30.26.220 - - [17/Aug/2013:10:40:07 -0400] "GET /robots.txt HTTP/1.1" 200 25 "-" "msnbot/2.0b (+http://search.msn.com/msnbot.htm)"
157.55.32.76 - - [17/Aug/2013:16:36:34 -0400] "GET /scripts/photoalbum.js HTTP/1.1" 200 62481 "-" "Mozilla/5.0 (compatible; bingbot/2.0; +http://www.bing.com/bingbot.htm)"
74.209.52.95 - - [17/Aug/2013:00:33:43 -0400] "GET /scripts/website.css HTTP/1.1" 200 2395 "http://www.lenriggs.com/" "Mozilla/4.0 (compatible; MSIE 8.0; Windows NT 5.1; Trident/4.0; .NET CLR 2.0.50727; .NET CLR 3.0.4506.2152; .NET CLR 3.5.30729; FunWebProducts; .NET4.0C; .NET4.0E; yie8)"
70.210.129.128 - - [17/Aug/2013:22:15:40 -0400] "GET /scripts/user.js HTTP/1.1" 200 23762 "http://www.lenriggs.com/" "Mozilla/5.0 (X11; Linux x86_64) AppleWebKit/534.24 (KHTML, like Gecko) Chrome/11.0.696.34 Safari/534.24"
70.210.129.128 - - [17/Aug/2013:22:15:41 -0400] "GET /images/accent_png.png HTTP/1.1" 200 3544 "http://www.lenriggs.com/" "Mozilla/5.0 (X11; Linux x86_64) AppleWebKit/534.24 (KHTML, like Gecko) Chrome/11.0.696.34 Safari/534.24"
67.170.24.114 - - [17/Aug/2013:03:30:03 -0400] "GET / HTTP/1.1" 200 13290 "-" "Mozilla/5.0 (compatible; MSIE 9.0; Windows NT 6.1; Win64; x64; Trident/5.0; NP06)"
67.170.24.114 - - [17/Aug/2013:03:30:03 -0400] "GET /scripts/icwebsiteelement.css HTTP/1.1" 200 8132 "http://lenriggs.com/" "Mozilla/5.0 (compatible; MSIE 9.0; Windows NT 6.1; Win64; x64; Trident/5.0; NP06)"
67.170.24.114 - - [17/Aug/2013:03:30:04 -0400] "GET /images/accent_png.png HTTP/1.1" 200 3544 "http://lenriggs.com/" "Mozilla/5.0 (compatible; MSIE 9.0; Windows NT 6.1; Win64; x64; Trident/5.0; NP06)"
76.104.221.177 - - [17/Aug/2013:18:31:20 -0400] "GET /apple-touch-icon.png HTTP/1.1" 404 575 "-" "Dolphin http client/10.0.1(230) (Android)"
74.209.52.95 - - [17/Aug/2013:00:51:59 -0400] "GET /images/dropshadow_sides_png_wide.png HTTP/1.1" 304 - "http://www.lenriggs.com/" "Mozilla/4.0 (compatible; MSIE 8.0; Windows NT 5.1; Trident/4.0; .NET CLR 2.0.50727; .NET CLR 3.0.4506.2152; .NET CLR 3.5.30729; FunWebProducts; .NET4.0C; .NET4.0E; yie8)"
74.209.52.95 - - [17/Aug/2013:00:52:00 -0400] "GET /images/pattern_png.png HTTP/1.1" 304 - "http://www.lenriggs.com/" "Mozilla/4.0 (compatible; MSIE 8.0; Windows NT 5.1; Trident/4.0; .NET CLR 2.0.50727; .NET CLR 3.0.4506.2152; .NET CLR 3.5.30729; FunWebProducts; .NET4.0C; .NET4.0E; yie8)"
96.46.16.226 - - [17/Aug/2013:01:37:10 -0400] "GET / HTTP/1.1" 200 13290 "http://www.liq.wa.gov/publications/licensing/mast-lists/MAST_provider_list_512013.pdf" "Mozilla/5.0 (Windows NT 6.1; WOW64; rv:23.0) Gecko/20100101 Firefox/23.0"
96.46.16.226 - - [17/Aug/2013:01:37:10 -0400] "GET /scripts/ic_globals_published.js HTTP/1.1" 200 566 "http://www.lenriggs.com/" "Mozilla/5.0 (Windows NT 6.1; WOW64; rv:23.0) Gecko/20100101 Firefox/23.0"
96.46.16.226 - - [17/Aug/2013:01:37:10 -0400] "GET /scripts/1custom.css HTTP/1.1" 200 1750 "http://www.lenriggs.com/" "Mozilla/5.0 (Windows NT 6.1; WOW64; rv:23.0) Gecko/20100101 Firefox/23.0"
96.46.16.226 - - [17/Aug/2013:01:37:11 -0400] "GET /images/accent_png.png HTTP/1.1" 200 3544 "http://www.lenriggs.com/scripts/template.css" "Mozilla/5.0 (Windows NT 6.1; WOW64; rv:23.0) Gecko/20100101 Firefox/23.0"
66.249.75.18 - - [17/Aug/2013:01:43:10 -0400] "GET /scripts/website.css HTTP/1.1" 200 2395 "-" "Mozilla/5.0 (compatible; Googlebot/2.1; +http://www.google.com/bot.html)"
66.249.75.18 - - [17/Aug/2013:02:34:23 -0400] "GET /aboutus/meetthefounder.html HTTP/1.1" 200 11318 "-" "Mozilla/5.0 (compatible; Googlebot/2.1; +http://www.google.com/bot.html)"
91.207.9.226 - - [17/Aug/2013:04:03:16 -0400] "GET / HTTP/1.1" 200 13290 "http://hdseven.ru/" "Mozilla/4.0 (compatible; MSIE 6.0; Windows NT 5.1)"
98.119.210.59 - - [17/Aug/2013:18:43:50 -0400] "GET / HTTP/1.1" 200 13290 "-" "Mozilla/4.0 (compatible; MSIE 8.0; Windows NT 5.1; Trident/4.0; .NET CLR 1.1.4322; .NET CLR 2.0.50727; .NET CLR 3.0.4506.2152; .NET CLR 3.5.30729; .NET4.0C)"
66.249.75.18 - - [17/Aug/2013:21:41:57 -0400] "GET / HTTP/1.1" 200 13290 "-" "Mozilla/5.0 (iPhone; U; CPU iPhone OS 4_1 like Mac OS X; en-us) AppleWebKit/532.9 (KHTML, like Gecko) Version/4.0.5 Mobile/8B117 Safari/6531.22.7 (compatible; Googlebot-Mobile/2.1; +http://www.google.com/bot.html)"
46.118.126.194 - - [17/Aug/2013:09:16:18 -0400] "GET / HTTP/1.1" 200 13290 "http://www.auto-loker.ru/" "Mozilla/4.0 (compatible; MSIE 5.5; Windows NT 5.0)"
157.55.34.24 - - [17/Aug/2013:12:43:04 -0400] "GET /scripts/6custom.css HTTP/1.1" 200 804 "-" "Mozilla/5.0 (compatible; bingbot/2.0; +http://www.bing.com/bingbot.htm)"
67.183.203.245 - - [17/Aug/2013:14:40:21 -0400] "GET / HTTP/1.1" 200 13290 "-" "Mozilla/5.0 (Windows NT 6.2; WOW64) AppleWebKit/537.36 (KHTML, like Gecko) Chrome/28.0.1500.95 Safari/537.36"
67.183.203.245 - - [17/Aug/2013:14:40:21 -0400] "GET /scripts/ic_globals_published.js HTTP/1.1" 200 566 "http://lenriggs.com/" "Mozilla/5.0 (Windows NT 6.2; WOW64) AppleWebKit/537.36 (KHTML, like Gecko) Chrome/28.0.1500.95 Safari/537.36"
67.183.203.245 - - [17/Aug/2013:14:40:21 -0400] "GET /scripts/template.css HTTP/1.1" 200 8633 "http://lenriggs.com/" "Mozilla/5.0 (Windows NT 6.2; WOW64) AppleWebKit/537.36 (KHTML, like Gecko) Chrome/28.0.1500.95 Safari/537.36"
131.253.24.42 - - [17/Aug/2013:15:34:12 -0400] "GET /scripts/website.css HTTP/1.1" 200 2395 "http://www.lenriggs.com/wseaburientukwila.html" "Mozilla/4.0 (compatible; MSIE 7.0; Windows NT 5.1; SV1; .NET CLR 1.1.4325; .NET CLR 2.0.40607; .NET CLR 3.0.04506.648)"
24.19.36.59 - - [17/Aug/2013:16:47:19 -0400] "GET /images/pattern_png.png HTTP/1.1" 200 4554 "http://www.lenriggs.com/allupcomingclasses.html" "Mozilla/5.0 (Macintosh; Intel Mac OS X 10_5_8) AppleWebKit/534.50.2 (KHTML, like Gecko) Version/5.0.6 Safari/533.22.3"
64.246.178.34 - - [17/Aug/2013:01:11:16 -0400] "GET /robots.txt HTTP/1.0" 200 25 "-" "Mozilla/5.0 (Windows; U; Windows NT 5.1; en; rv:1.9.0.13) Gecko/2009073022 Firefox/3.5.2 (.NET CLR 3.5.30729) SurveyBot/2.3 (DomainTools)"
166.147.88.22 - - [17/Aug/2013:14:02:33 -0400] "GET / HTTP/1.1" 200 13290 "http://www.google.com/search?site=&source=hp&ei=l7oPUvWxMKG2yAHwt4DYAg&q=lenn+riggs+alcohol&oq=lenn+riggs&gs_l=mobile-gws-hp.1.1.0j0i22i30j0i22i10i30j0i22i30l2.15118.19805.0.20992.11.10.0.1.1.0.522.2868.2-3j2j2j1.8.0....0...1c.1.25.mobile-gws-hp..2.9.2956.vjqHXW2_KOs" "Mozilla/5.0 (iPhone; CPU iPhone OS 5_1_1 like Mac OS X) AppleWebKit/534.46 (KHTML, like Gecko) Version/5.1 Mobile/9B206 Safari/7534.48.3"
166.147.88.22 - - [17/Aug/2013:14:02:34 -0400] "GET /scripts/website.css HTTP/1.1" 200 2395 "http://www.lenriggs.com/" "Mozilla/5.0 (iPhone; CPU iPhone OS 5_1_1 like Mac OS X) AppleWebKit/534.46 (KHTML, like Gecko) Version/5.1 Mobile/9B206 Safari/7534.48.3"
166.147.88.22 - - [17/Aug/2013:14:02:34 -0400] "GET /scripts/user.js HTTP/1.1" 200 23762 "http://www.lenriggs.com/" "Mozilla/5.0 (iPhone; CPU iPhone OS 5_1_1 like Mac OS X) AppleWebKit/534.46 (KHTML, like Gecko) Version/5.1 Mobile/9B206 Safari/7534.48.3"
166.147.88.22 - - [17/Aug/2013:14:02:34 -0400] "GET /images/dropshadow_sides_png_wide.png HTTP/1.1" 200 11205 "http://www.lenriggs.com/" "Mozilla/5.0 (iPhone; CPU iPhone OS 5_1_1 like Mac OS X) AppleWebKit/534.46 (KHTML, like Gecko) Version/5.1 Mobile/9B206 Safari/7534.48.3"
166.147.88.22 - - [17/Aug/2013:14:02:35 -0400] "GET /images/dropshadow_bottom_png_wide.png HTTP/1.1" 200 3108 "http://www.lenriggs.com/" "Mozilla/5.0 (iPhone; CPU iPhone OS 5_1_1 like Mac OS X) AppleWebKit/534.46 (KHTML, like Gecko) Version/5.1 Mobile/9B206 Safari/7534.48.3"
166.147.88.22 - - [17/Aug/2013:14:02:35 -0400] "GET /scripts/print.css HTTP/1.1" 200 9876 "http://www.lenriggs.com/" "Mozilla/5.0 (iPhone; CPU iPhone OS 5_1_1 like Mac OS X) AppleWebKit/534.46 (KHTML, like Gecko) Version/5.1 Mobile/9B206 Safari/7534.48.3"
67.170.108.244 - - [17/Aug/2013:15:05:45 -0400] "GET /scripts/user.js HTTP/1.1" 200 23762 "http://www.lenriggs.com/" "Mozilla/5.0 (Macintosh; Intel Mac OS X 10_7_5) AppleWebKit/537.36 (KHTML, like Gecko) Chrome/28.0.1500.95 Safari/537.36"
67.170.108.244 - - [17/Aug/2013:15:05:45 -0400] "GET /images/dropshadow_sides_png_wide.png HTTP/1.1" 200 11205 "http://www.lenriggs.com/" "Mozilla/5.0 (Macintosh; Intel Mac OS X 10_7_5) AppleWebKit/537.36 (KHTML, like Gecko) Chrome/28.0.1500.95 Safari/537.36"
50.135.51.219 - - [17/Aug/2013:18:01:33 -0400] "GET /scripts/template.css HTTP/1.1" 200 8633 "http://www.lenriggs.com/newonlineclasses.html" "Mozilla/5.0 (Linux; U; Android 4.1.1; en-us; SAMSUNG-SGH-I747 Build/JRO03L) AppleWebKit/534.30 (KHTML, like Gecko) Version/4.0 Mobile Safari/534.30"
167.187.100.202 - - [17/Aug/2013:12:09:11 -0400] "GET /images/ic_059_slogan_bg_wide.png HTTP/1.1" 304 - "-" "Mozilla/4.0 (compatible;)"
24.22.200.130 - - [17/Aug/2013:14:17:35 -0400] "GET /scripts/1custom.css HTTP/1.1" 200 1750 "http://www.lenriggs.com/" "Mozilla/5.0 (Windows NT 6.2; WOW64) AppleWebKit/537.36 (KHTML, like Gecko) Chrome/28.0.1500.95 Safari/537.36"
24.22.200.130 - - [17/Aug/2013:14:17:36 -0400] "GET /images/accent_png.png HTTP/1.1" 200 3544 "http://www.lenriggs.com/" "Mozilla/5.0 (Windows NT 6.2; WOW64) AppleWebKit/537.36 (KHTML, like Gecko) Chrome/28.0.1500.95 Safari/537.36"
74.209.52.95 - - [17/Aug/2013:00:51:55 -0400] "GET / HTTP/1.1" 304 - "-" "Mozilla/4.0 (compatible; MSIE 8.0; Windows NT 5.1; Trident/4.0; .NET CLR 2.0.50727; .NET CLR 3.0.4506.2152; .NET CLR 3.5.30729; FunWebProducts; .NET4.0C; .NET4.0E; yie8)"
74.209.52.95 - - [17/Aug/2013:00:51:56 -0400] "GET /scripts/ic_globals_published.js HTTP/1.1" 304 - "http://www.lenriggs.com/" "Mozilla/4.0 (compatible; MSIE 8.0; Windows NT 5.1; Trident/4.0; .NET CLR 2.0.50727; .NET CLR 3.0.4506.2152; .NET CLR 3.5.30729; FunWebProducts; .NET4.0C; .NET4.0E; yie8)"
74.209.52.95 - - [17/Aug/2013:00:51:56 -0400] "GET /scripts/website.css HTTP/1.1" 304 - "http://www.lenriggs.com/" "Mozilla/4.0 (compatible; MSIE 8.0; Windows NT 5.1; Trident/4.0; .NET CLR 2.0.50727; .NET CLR 3.0.4506.2152; .NET CLR 3.5.30729; FunWebProducts; .NET4.0C; .NET4.0E; yie8)"
74.209.52.95 - - [17/Aug/2013:00:51:57 -0400] "GET /scripts/icwebsiteelement.css HTTP/1.1" 304 - "http://www.lenriggs.com/" "Mozilla/4.0 (compatible; MSIE 8.0; Windows NT 5.1; Trident/4.0; .NET CLR 2.0.50727; .NET CLR 3.0.4506.2152; .NET CLR 3.5.30729; FunWebProducts; .NET4.0C; .NET4.0E; yie8)"
96.46.16.226 - - [17/Aug/2013:01:37:10 -0400] "GET /scripts/print.css HTTP/1.1" 200 9876 "http://www.lenriggs.com/" "Mozilla/5.0 (Windows NT 6.1; WOW64; rv:23.0) Gecko/20100101 Firefox/23.0"
67.183.212.55 - - [17/Aug/2013:10:37:35 -0400] "GET /scripts/photoalbum.js HTTP/1.1" 304 - "http://lenriggs.com/" "Mozilla/4.0 (compatible; MSIE 8.0; Windows NT 6.1; WOW64; Trident/4.0; GTB7.5; SLCC2; .NET CLR 2.0.50727; .NET CLR 3.5.30729; .NET CLR 3.0.30729; Media Center PC 6.0; .NET4.0C)"
67.183.212.55 - - [17/Aug/2013:10:37:35 -0400] "GET /images/dropshadow_sides_png_wide.png HTTP/1.1" 304 - "http://lenriggs.com/" "Mozilla/4.0 (compatible; MSIE 8.0; Windows NT 6.1; WOW64; Trident/4.0; GTB7.5; SLCC2; .NET CLR 2.0.50727; .NET CLR 3.5.30729; .NET CLR 3.0.30729; Media Center PC 6.0; .NET4.0C)"
24.19.36.59 - - [17/Aug/2013:16:47:19 -0400] "GET /scripts/ic_globals_published.js HTTP/1.1" 200 566 "http://www.lenriggs.com/allupcomingclasses.html" "Mozilla/5.0 (Macintosh; Intel Mac OS X 10_5_8) AppleWebKit/534.50.2 (KHTML, like Gecko) Version/5.0.6 Safari/533.22.3"
24.19.36.59 - - [17/Aug/2013:16:47:19 -0400] "GET /images/502_3.jpg HTTP/1.1" 200 24910 "http://www.lenriggs.com/allupcomingclasses.html" "Mozilla/5.0 (Macintosh; Intel Mac OS X 10_5_8) AppleWebKit/534.50.2 (KHTML, like Gecko) Version/5.0.6 Safari/533.22.3"
67.170.108.244 - - [17/Aug/2013:15:05:45 -0400] "GET /scripts/ic_globals_published.js HTTP/1.1" 200 566 "http://www.lenriggs.com/" "Mozilla/5.0 (Macintosh; Intel Mac OS X 10_7_5) AppleWebKit/537.36 (KHTML, like Gecko) Chrome/28.0.1500.95 Safari/537.36"
67.170.108.244 - - [17/Aug/2013:15:05:45 -0400] "GET /scripts/1custom.css HTTP/1.1" 200 1750 "http://www.lenriggs.com/" "Mozilla/5.0 (Macintosh; Intel Mac OS X 10_7_5) AppleWebKit/537.36 (KHTML, like Gecko) Chrome/28.0.1500.95 Safari/537.36"
70.210.129.128 - - [17/Aug/2013:22:15:40 -0400] "GET /scripts/ic_globals_published.js HTTP/1.1" 200 566 "http://www.lenriggs.com/" "Mozilla/5.0 (X11; Linux x86_64) AppleWebKit/534.24 (KHTML, like Gecko) Chrome/11.0.696.34 Safari/534.24"
100.43.83.156 - - [17/Aug/2013:13:21:03 -0400] "GET /printourposter.html HTTP/1.1" 200 8463 "-" "Mozilla/5.0 (compatible; YandexBot/3.0; +http://yandex.com/bots)"