67.183.212.55 - - [19/Aug/2013:17:53:41 -0400] "GET /images/photoalbum/button_photoSpeed4.jpg HTTP/1.1" 200 506 "http://lenriggs.com/win10000.html" "Mozilla/4.0 (compatible; MSIE 7.0; Windows NT 6.1; WOW64; Trident/6.0; SLCC2; .NET CLR 2.0.50727; .NET CLR 3.5.30729; .NET CLR 3.0.30729; Media Center PC 6.0; .NET4.0C; BRI/2; AskTB5.2)"
67.183.212.55 - - [19/Aug/2013:17:53:41 -0400] "GET /images/445_Brian_at_Big_Daddys.jpg HTTP/1.1" 200 37210 "http://lenriggs.com/win10000.html" "Mozilla/4.0 (compatible; MSIE 7.0; Windows NT 6.1; WOW64; Trident/6.0; SLCC2; .NET CLR 2.0.50727; .NET CLR 3.5.30729; .NET CLR 3.0.30729; Media Center PC 6.0; .NET4.0C; BRI/2; AskTB5.2)"
76.178.191.22 - - [19/Aug/2013:18:10:48 -0400] "GET / HTTP/1.1" 200 17576 "-" "Mozilla/5.0 (Windows NT 6.1; WOW64) AppleWebKit/537.36 (KHTML, like Gecko) Chrome/28.0.1500.95 Safari/537.36"
76.178.191.22 - - [19/Aug/2013:18:10:49 -0400] "GET /scripts/ic_globals_published.js HTTP/1.1" 200 566 "http://www.lenriggs.com/" "Mozilla/5.0 (Windows NT 6.1; WOW64) AppleWebKit/537.36 (KHTML, like Gecko) Chrome/28.0.1500.95 Safari/537.36"
76.178.191.22 - - [19/Aug/2013:18:10:50 -0400] "GET /scripts/photoalbum.js HTTP/1.1" 200 62481 "http://www.lenriggs.com/" "Mozilla/5.0 (Windows NT 6.1; WOW64) AppleWebKit/537.36 (KHTML, like Gecko) Chrome/28.0.1500.95 Safari/537.36"
76.178.191.22 - - [19/Aug/2013:18:10:50 -0400] "GET /scripts/website.css HTTP/1.1" 200 2501 "http://www.lenriggs.com/" "Mozilla/5.0 (Windows NT 6.1; WOW64) AppleWebKit/537.36 (KHTML, like Gecko) Chrome/28.0.1500.95 Safari/537.36"
76.178.191.22 - - [19/Aug/2013:18:10:50 -0400] "GET /scripts/1custom.css HTTP/1.1" 200 2088 "http://www.lenriggs.com/" "Mozilla/5.0 (Windows NT 6.1; WOW64) AppleWebKit/537.36 (KHTML, like Gecko) Chrome/28.0.1500.95 Safari/537.36"
76.178.191.22 - - [19/Aug/2013:18:10:50 -0400] "GET /images/ic_061_navtopper_bg_wide.png HTTP/1.1" 200 208 "http://www.lenriggs.com/" "Mozilla/5.0 (Windows NT 6.1; WOW64) AppleWebKit/537.36 (KHTML, like Gecko) Chrome/28.0.1500.95 Safari/537.36"
76.178.191.22 - - [19/Aug/2013:18:10:50 -0400] "GET /images/ic_061_headercontent_bg_wide.png HTTP/1.1" 200 1298 "http://www.lenriggs.com/" "Mozilla/5.0 (Windows NT 6.1; WOW64) AppleWebKit/537.36 (KHTML, like Gecko) Chrome/28.0.1500.95 Safari/537.36"
157.55.34.24 - - [19/Aug/2013:18:26:23 -0400] "GET /newtestimonials.html HTTP/1.1" 200 15359 "-" "Mozilla/5.0 (compatible; bingbot/2.0; +http://www.bing.com/bingbot.htm)"
206.214.52.136 - - [19/Aug/2013:18:36:01 -0400] "GET / HTTP/1.1" 200 17576 "http://www.liq.wa.gov/publications/licensing/mast-lists/MAST_provider_list_512013.pdf" "Mozilla/5.0 (iPad; CPU OS 6_1_3 like Mac OS X) AppleWebKit/536.26 (KHTML, like Gecko) Version/6.0 Mobile/10B329 Safari/8536.25"
206.214.52.136 - - [19/Aug/2013:18:36:01 -0400] "GET /scripts/user.js HTTP/1.1" 200 23762 "http://www.lenriggs.com/" "Mozilla/5.0 (iPad; CPU OS 6_1_3 like Mac OS X) AppleWebKit/536.26 (KHTML, like Gecko) Version/6.0 Mobile/10B329 Safari/8536.25"
206.214.52.136 - - [19/Aug/2013:18:36:02 -0400] "GET /images/ic_061_body_bg.gif HTTP/1.1" 200 404 "http://www.lenriggs.com/" "Mozilla/5.0 (iPad; CPU OS 6_1_3 like Mac OS X) AppleWebKit/536.26 (KHTML, like Gecko) Version/6.0 Mobile/10B329 Safari/8536.25"
206.214.52.136 - - [19/Aug/2013:18:36:02 -0400] "GET /images/ic_061_headernav_bg.png HTTP/1.1" 200 3340 "http://www.lenriggs.com/" "Mozilla/5.0 (iPad; CPU OS 6_1_3 like Mac OS X) AppleWebKit/536.26 (KHTML, like Gecko) Version/6.0 Mobile/10B329 Safari/8536.25"
206.214.52.136 - - [19/Aug/2013:18:36:02 -0400] "GET /images/ic_061_docwrapper_bg_wide.gif HTTP/1.1" 200 328 "http://www.lenriggs.com/" "Mozilla/5.0 (iPad; CPU OS 6_1_3 like Mac OS X) AppleWebKit/536.26 (KHTML, like Gecko) Version/6.0 Mobile/10B329 Safari/8536.25"
206.214.52.136 - - [19/Aug/2013:18:36:03 -0400] "GET /scripts/print.css HTTP/1.1" 200 - "http://www.lenriggs.com/" "Mozilla/5.0 (iPad; CPU OS 6_1_3 like Mac OS X) AppleWebKit/536.26 (KHTML, like Gecko) Version/6.0 Mobile/10B329 Safari/8536.25"
50.47.60.210 - - [19/Aug/2013:18:47:17 -0400] "GET /onlinecourse.html HTTP/1.1" 200 17850 "http://www.lenriggs.com/" "Mozilla/4.0 (compatible; MSIE 8.0; Windows NT 5.1; Trident/4.0; .NET CLR 2.0.50727; .NET CLR 3.0.4506.2152; .NET CLR 3.5.30729; OfficeLiveConnector.1.5; OfficeLivePatch.1.3; BRI/2)"
71.80.194.64 - - [19/Aug/2013:19:03:42 -0400] "GET /scripts/icwebsiteelement.css HTTP/1.1" 200 8132 "http://www.lenriggs.com/" "Mozilla/5.0 (Windows NT 6.0) AppleWebKit/537.36 (KHTML, like Gecko) Chrome/28.0.1500.95 Safari/537.36"
71.80.194.64 - - [19/Aug/2013:19:03:42 -0400] "GET /images/ic_061_body_bg.gif HTTP/1.1" 200 404 "http://www.lenriggs.com/" "Mozilla/5.0 (Windows NT 6.0) AppleWebKit/537.36 (KHTML, like Gecko) Chrome/28.0.1500.95 Safari/537.36"
71.80.194.64 - - [19/Aug/2013:19:03:42 -0400] "GET /images/ic_061_container_bg_wide.gif HTTP/1.1" 200 278 "http://www.lenriggs.com/" "Mozilla/5.0 (Windows NT 6.0) AppleWebKit/537.36 (KHTML, like Gecko) Chrome/28.0.1500.95 Safari/537.36"
71.80.194.64 - - [19/Aug/2013:19:03:42 -0400] "GET /images/ic_061_title_bg_wide.png HTTP/1.1" 200 3326 "http://www.lenriggs.com/" "Mozilla/5.0 (Windows NT 6.0) AppleWebKit/537.36 (KHTML, like Gecko) Chrome/28.0.1500.95 Safari/537.36"
67.183.212.55 - - [19/Aug/2013:20:47:55 -0400] "GET /blog.html HTTP/1.1" 200 12829 "http://www.lenriggs.com/home.html" "Mozilla/4.0 (compatible; MSIE 8.0; Windows NT 6.1; WOW64; Trident/4.0; GTB7.5; SLCC2; .NET CLR 2.0.50727; .NET CLR 3.5.30729; .NET CLR 3.0.30729; Media Center PC 6.0; .NET4.0C)"
54.226.133.2 - - [19/Aug/2013:00:15:27 -0400] "GET / HTTP/1.1" 200 13290 "-" "Mozilla/5.0 (Windows; U; Windows NT 6.0; en-US; rv:1.9.2.3) Gecko/20100401 Firefox/3.6.3 GTB6 (.NET CLR 3.5.30729)"
74.125.186.1 - - [19/Aug/2013:02:42:12 -0400] "GET /scripts/ic_globals_published.js HTTP/1.1" 200 566 "http://lenriggs.com/" "Mozilla/5.0 (Linux; Android 4.2.2; Galaxy Nexus Build/JDQ39) AppleWebKit/537.36 (KHTML, like Gecko) Chrome/29.0.1547.55 Mobile Safari/537.36"
67.183.212.55 - - [19/Aug/2013:21:23:43 -0400] "GET /scripts/print.css HTTP/1.1" 304 - "http://www.lenriggs.com/" "Mozilla/4.0 (compatible; MSIE 8.0; Windows NT 6.1; WOW64; Trident/4.0; GTB7.5; SLCC2; .NET CLR 2.0.50727; .NET CLR 3.5.30729; .NET CLR 3.0.30729; Media Center PC 6.0; .NET4.0C)"
67.183.212.55 - - [19/Aug/2013:21:23:46 -0400] "GET /images/ic_061_navtopper_bg_wide.png HTTP/1.1" 304 - "http://www.lenriggs.com/" "Mozilla/4.0 (compatible; MSIE 8.0; Windows NT 6.1; WOW64; Trident/4.0; GTB7.5; SLCC2; .NET CLR 2.0.50727; .NET CLR 3.5.30729; .NET CLR 3.0.30729; Media Center PC 6.0; .NET4.0C)"
67.183.247.128 - - [19/Aug/2013:22:32:14 -0400] "GET /scripts/photoalbum.js HTTP/1.1" 200 62481 "http://www.lenriggs.com/" "Mozilla/5.0 (Macintosh; Intel Mac OS X 10_6_8) AppleWebKit/537.36 (KHTML, like Gecko) Chrome/28.0.1500.95 Safari/537.36"
67.183.247.128 - - [19/Aug/2013:22:32:15 -0400] "GET /scripts/print.css HTTP/1.1" 200 - "http://www.lenriggs.com/" "Mozilla/5.0 (Macintosh; Intel Mac OS X 10_6_8) AppleWebKit/537.36 (KHTML, like Gecko) Chrome/28.0.1500.95 Safari/537.36"
67.183.247.128 - - [19/Aug/2013:22:32:15 -0400] "GET /images/ic_061_headernav_bg.png HTTP/1.1" 200 3340 "http://www.lenriggs.com/" "Mozilla/5.0 (Macintosh; Intel Mac OS X 10_6_8) AppleWebKit/537.36 (KHTML, like Gecko) Chrome/28.0.1500.95 Safari/537.36"
50.125.181.22 - - [19/Aug/2013:22:46:15 -0400] "GET /scripts/1custom.css HTTP/1.1" 200 2088 "http://www.lenriggs.com/" "Mozilla/5.0 (Windows NT 6.1; WOW64) AppleWebKit/537.36 (KHTML, like Gecko) Chrome/28.0.1500.95 Safari/537.36"
50.125.181.22 - - [19/Aug/2013:22:46:17 -0400] "GET /images/Alcohol_Pic.jpg HTTP/1.1" 200 6016 "http://www.lenriggs.com/" "Mozilla/5.0 (Windows NT 6.1; WOW64) AppleWebKit/537.36 (KHTML, like Gecko) Chrome/28.0.1500.95 Safari/537.36"
64.188.158.57 - - [19/Aug/2013:22:46:21 -0400] "GET /home.html HTTP/1.1" 200 17576 "-" "Mozilla/5.0 (Linux; U; en-us; KFOT Build/IML74K) AppleWebKit/535.19 (KHTML, like Gecko) Silk/3.4 Safari/535.19 Silk-Accelerated=true"
64.188.158.57 - - [19/Aug/2013:22:46:21 -0400] "GET /scripts/ic_globals_published.js HTTP/1.1" 200 566 "http://www.lenriggs.com/home.html" "Mozilla/5.0 (Linux; U; en-us; KFOT Build/IML74K) AppleWebKit/535.19 (KHTML, like Gecko) Silk/3.4 Safari/535.19 Silk-Accelerated=true"
64.188.158.57 - - [19/Aug/2013:22:46:21 -0400] "GET /scripts/icwebsiteelement.css HTTP/1.1" 200 8132 "http://www.lenriggs.com/home.html" "Mozilla/5.0 (Linux; U; en-us; KFOT Build/IML74K) AppleWebKit/535.19 (KHTML, like Gecko) Silk/3.4 Safari/535.19 Silk-Accelerated=true"
64.188.158.57 - - [19/Aug/2013:22:46:22 -0400] "GET /images/ic_061_topmargin_r2_wide.gif HTTP/1.1" 200 274 "http://www.lenriggs.com/home.html" "Mozilla/5.0 (Linux; U; en-us; KFOT Build/IML74K) AppleWebKit/535.19 (KHTML, like Gecko) Silk/3.4 Safari/535.19 Silk-Accelerated=true"
208.54.32.229 - - [19/Aug/2013:15:11:00 -0400] "GET /scripts/15custom.css HTTP/1.1" 200 805 "http://www.lenriggs.com/classschedule.html" "Mozilla/5.0 (Linux; U; Android 2.3.4; en-us; T-Mobile G2 Build/GRJ22) AppleWebKit/533.1 (KHTML, like Gecko) Version/4.0 Mobile Safari/533.1"
71.83.229.101 - - [19/Aug/2013:16:36:40 -0400] "GET /scripts/website.css HTTP/1.1" 200 2395 "http://www.lenriggs.com/" "Mozilla/5.0 (Macintosh; Intel Mac OS X 10_8_2) AppleWebKit/537.36 (KHTML, like Gecko) Chrome/27.0.1453.110 Safari/537.36"
71.83.229.101 - - [19/Aug/2013:16:36:41 -0400] "GET /images/dropshadow_bottom_png_wide.png HTTP/1.1" 200 3108 "http://www.lenriggs.com/" "Mozilla/5.0 (Macintosh; Intel Mac OS X 10_8_2) AppleWebKit/537.36 (KHTML, like Gecko) Chrome/27.0.1453.110 Safari/537.36"
71.83.229.101 - - [19/Aug/2013:16:36:41 -0400] "GET /favicon.ico HTTP/1.1" 404 575 "-" "Mozilla/5.0 (Macintosh; Intel Mac OS X 10_8_2) AppleWebKit/537.36 (KHTML, like Gecko) Chrome/27.0.1453.110 Safari/537.36"
209.142.187.148 - - [19/Aug/2013:16:44:40 -0400] "GET /aboutus/whydowedothis.html HTTP/1.1" 200 13511 "http://www.lenriggs.com/testimonials.html" "Mozilla/5.0 (compatible; MSIE 9.0; Windows NT 6.1; WOW64; Trident/5.0)"
50.123.76.55 - - [19/Aug/2013:16:48:25 -0400] "GET / HTTP/1.1" 200 13290 "http://search.mywebsearch.com/mywebsearch/GGmain.jhtml?p2=^YK^xdm003^S02465^us&si=CN3b4J_6s7ICFQfhQgod5UAAlA&ptb=1686127B-5D1D-46A3-9A8F-21FF2DE781A3&ind=2013072701&st=bar&n=77fd0d3d&searchfor=len+riggs" "Mozilla/5.0 (compatible; MSIE 10.0; Windows NT 6.1; Trident/6.0)"
50.123.76.55 - - [19/Aug/2013:16:48:26 -0400] "GET /scripts/1custom.css HTTP/1.1" 200 1750 "http://www.lenriggs.com/" "Mozilla/5.0 (compatible; MSIE 10.0; Windows NT 6.1; Trident/6.0)"
50.123.76.55 - - [19/Aug/2013:16:48:29 -0400] "GET /images/pattern_png.png HTTP/1.1" 200 4554 "http://www.lenriggs.com/" "Mozilla/5.0 (compatible; MSIE 10.0; Windows NT 6.1; Trident/6.0)"
50.123.76.55 - - [19/Aug/2013:16:48:29 -0400] "GET /images/dropshadow_bottom_png_wide.png HTTP/1.1" 200 3108 "http://www.lenriggs.com/" "Mozilla/5.0 (compatible; MSIE 10.0; Windows NT 6.1; Trident/6.0)"
50.123.76.55 - - [19/Aug/2013:16:48:30 -0400] "GET /favicon.ico HTTP/1.1" 404 575 "-" "Mozilla/5.0 (compatible; MSIE 10.0; Windows NT 6.1; Trident/6.0)"
98.143.120.9 - - [19/Aug/2013:17:09:37 -0400] "GET /scripts/print.css HTTP/1.1" 200 - "http://www.lenriggs.com/" "Mozilla/5.0 (compatible; MSIE 10.0; Windows NT 6.1; Trident/6.0)"
98.143.120.9 - - [19/Aug/2013:17:09:37 -0400] "GET /scripts/icwebsiteelement.css HTTP/1.1" 200 8132 "http://www.lenriggs.com/" "Mozilla/5.0 (compatible; MSIE 10.0; Windows NT 6.1; Trident/6.0)"
98.143.120.9 - - [19/Aug/2013:17:09:38 -0400] "GET /images/ic_061_navtopper_bg_wide.png HTTP/1.1" 200 208 "http://www.lenriggs.com/" "Mozilla/5.0 (compatible; MSIE 10.0; Windows NT 6.1; Trident/6.0)"
98.143.120.9 - - [19/Aug/2013:17:09:39 -0400] "GET /images/ic_061_navcontainer_bg.gif HTTP/1.1" 200 115 "http://www.lenriggs.com/" "Mozilla/5.0 (compatible; MSIE 10.0; Windows NT 6.1; Trident/6.0)"
67.183.212.55 - - [19/Aug/2013:17:23:08 -0400] "POST /blog.php HTTP/1.1" 200 12970 "http://lenriggs.com/blog.php" "Mozilla/4.0 (compatible; MSIE 7.0; Windows NT 6.1; WOW64; Trident/6.0; SLCC2; .NET CLR 2.0.50727; .NET CLR 3.5.30729; .NET CLR 3.0.30729; Media Center PC 6.0; .NET4.0C; BRI/2; AskTB5.2)"
208.115.113.82 - - [19/Aug/2013:17:35:32 -0400] "GET /robots.txt HTTP/1.1" 200 25 "-" "Mozilla/5.0 (compatible; Ezooms/1.0; ezooms.bot@gmail.com)"
208.38.209.6 - - [19/Aug/2013:21:57:58 -0400] "GET /scripts/photoalbum.js HTTP/1.1" 304 - "http://www.lenriggs.com/" "Mozilla/5.0 (Macintosh; Intel Mac OS X 10_6_8) AppleWebKit/534.57.2 (KHTML, like Gecko) Version/5.1.7 Safari/534.57.2"
64.188.158.57 - - [19/Aug/2013:22:46:21 -0400] "GET /scripts/user.js HTTP/1.1" 200 23762 "http://www.lenriggs.com/home.html" "Mozilla/5.0 (Linux; U; en-us; KFOT Build/IML74K) AppleWebKit/535.19 (KHTML, like Gecko) Silk/3.4 Safari/535.19 Silk-Accelerated=true"
64.188.158.57 - - [19/Aug/2013:22:46:22 -0400] "GET /images/ic_061_navtopper_bg_wide.png HTTP/1.1" 200 208 "http://www.lenriggs.com/home.html" "Mozilla/5.0 (Linux; U; en-us; KFOT Build/IML74K) AppleWebKit/535.19 (KHTML, like Gecko) Silk/3.4 Safari/535.19 Silk-Accelerated=true"
64.188.158.57 - - [19/Aug/2013:22:46:22 -0400] "GET /images/ic_061_navcontainer_bg.gif HTTP/1.1" 200 115 "http://www.lenriggs.com/home.html" "Mozilla/5.0 (Linux; U; en-us; KFOT Build/IML74K) AppleWebKit/535.19 (KHTML, like Gecko) Silk/3.4 Safari/535.19 Silk-Accelerated=true"
157.55.34.24 - - [19/Aug/2013:00:29:08 -0400] "GET /robots.txt HTTP/1.1" 200 25 "-" "Mozilla/5.0 (compatible; bingbot/2.0; +http://www.bing.com/bingbot.htm)"
74.125.187.129 - - [19/Aug/2013:02:42:12 -0400] "GET /scripts/ic_globals_published.js HTTP/1.1" 200 566 "http://lenriggs.com/" "Mozilla/5.0 (Linux; Android 4.2.2; Galaxy Nexus Build/JDQ39) AppleWebKit/537.36 (KHTML, like Gecko) Chrome/29.0.1547.55 Mobile Safari/537.36"
74.125.187.129 - - [19/Aug/2013:02:42:13 -0400] "GET /images/pattern_png.png HTTP/1.1" 200 4554 "http://lenriggs.com/" "Mozilla/5.0 (Linux; Android 4.2.2; Galaxy Nexus Build/JDQ39) AppleWebKit/537.36 (KHTML, like Gecko) Chrome/29.0.1547.55 Mobile Safari/537.36"
65.122.125.226 - - [19/Aug/2013:13:03:21 -0400] "GET /scripts/website.css HTTP/1.1" 200 2395 "http://www.lenriggs.com/" "Mozilla/4.0 (compatible; MSIE 8.0; Windows NT 5.1; Trident/4.0; .NET4.0C; .NET CLR 2.0.50727; .NET CLR 3.0.4506.2152; .NET CLR 3.5.30729; .NET4.0E)"
65.122.125.226 - - [19/Aug/2013:13:03:22 -0400] "GET /images/pattern_png.png HTTP/1.1" 200 4554 "http://www.lenriggs.com/" "Mozilla/4.0 (compatible; MSIE 8.0; Windows NT 5.1; Trident/4.0; .NET4.0C; .NET CLR 2.0.50727; .NET CLR 3.0.4506.2152; .NET CLR 3.5.30729; .NET4.0E)"
71.213.245.49 - - [19/Aug/2013:13:57:20 -0400] "GET / HTTP/1.1" 200 13290 "http://www.google.com/url?sa=t&rct=j&q=&esrc=s&source=web&cd=9&ved=0CFMQFjAI&url=http%3A%2F%2Fwww.lenriggs.com%2F&ei=YlwSUtipDOPayAHs_oEw&usg=AFQjCNEkxrknMe29N7cTpfy8FFRAybnBuw&bvm=bv.50768961,d.aWc" "Mozilla/5.0 (Windows NT 6.1; rv:23.0) Gecko/20100101 Firefox/23.0"
71.213.245.49 - - [19/Aug/2013:13:57:23 -0400] "GET /scripts/ic_globals_published.js HTTP/1.1" 200 566 "http://www.lenriggs.com/" "Mozilla/5.0 (Windows NT 6.1; rv:23.0) Gecko/20100101 Firefox/23.0"
71.213.245.49 - - [19/Aug/2013:13:57:23 -0400] "GET /scripts/user.js HTTP/1.1" 200 23762 "http://www.lenriggs.com/" "Mozilla/5.0 (Windows NT 6.1; rv:23.0) Gecko/20100101 Firefox/23.0"
157.55.34.24 - - [19/Aug/2013:18:26:17 -0400] "GET /moseslakewenatcheeareaclasses.html HTTP/1.1" 200 8086 "-" "Mozilla/5.0 (compatible; bingbot/2.0; +http://www.bing.com/bingbot.htm)"
50.135.180.62 - - [19/Aug/2013:19:42:14 -0400] "GET /favicon.ico HTTP/1.1" 404 575 "-" "Mozilla/5.0 (compatible; MSIE 9.0; Windows NT 6.1; WOW64; Trident/5.0)"
192.182.137.211 - - [19/Aug/2013:19:46:58 -0400] "GET /scripts/template.css HTTP/1.1" 200 15971 "http://www.lenriggs.com/" "Mozilla/5.0 (Windows NT 6.1; WOW64) AppleWebKit/537.36 (KHTML, like Gecko) Chrome/28.0.1500.72 Safari/537.36"
66.209.91.164 - - [19/Aug/2013:20:02:17 -0400] "GET /classschedule.html HTTP/1.1" 200 12832 "http://www.lenriggs.com/" "Mozilla/4.0 (compatible; MSIE 8.0; Windows NT 6.1; WOW64; Trident/4.0; SLCC2; .NET CLR 2.0.50727; .NET CLR 3.5.30729; .NET CLR 3.0.30729; Media Center PC 6.0; .NET4.0C; .NET4.0E)"
67.183.212.55 - - [19/Aug/2013:20:51:49 -0400] "GET /scripts/photoalbum.js HTTP/1.1" 304 - "http://www.lenriggs.com/aboutus/meetthefounder.html" "Mozilla/4.0 (compatible; MSIE 8.0; Windows NT 6.1; WOW64; Trident/4.0; GTB7.5; SLCC2; .NET CLR 2.0.50727; .NET CLR 3.5.30729; .NET CLR 3.0.30729; Media Center PC 6.0; .NET4.0C)"
67.183.212.55 - - [19/Aug/2013:20:51:49 -0400] "GET /images/ic_061_topmargin_r2_wide.gif HTTP/1.1" 304 - "http://www.lenriggs.com/aboutus/meetthefounder.html" "Mozilla/4.0 (compatible; MSIE 8.0; Windows NT 6.1; WOW64; Trident/4.0; GTB7.5; SLCC2; .NET CLR 2.0.50727; .NET CLR 3.5.30729; .NET CLR 3.0.30729; Media Center PC 6.0; .NET4.0C)"
67.183.212.55 - - [19/Aug/2013:20:51:50 -0400] "GET /images/ic_061_docwrapper_bg_wide.gif HTTP/1.1" 304 - "http://www.lenriggs.com/aboutus/meetthefounder.html" "Mozilla/4.0 (compatible; MSIE 8.0; Windows NT 6.1; WOW64; Trident/4.0; GTB7.5; SLCC2; .NET CLR 2.0.50727; .NET CLR 3.5.30729; .NET CLR 3.0.30729; Media Center PC 6.0; .NET4.0C)"
76.104.221.177 - - [19/Aug/2013:04:21:18 -0400] "GET /favicon.ico HTTP/1.1" 404 575 "-" "Dolphin http client/10.0.1(230) (Android)"
67.139.108.194 - - [19/Aug/2013:16:14:41 -0400] "GET /scripts/website.css HTTP/1.1" 200 2395 "http://www.lenriggs.com/" "Mozilla/4.0 (compatible; MSIE 8.0; Windows NT 5.1; Trident/4.0; .NET CLR 1.1.4322; .NET CLR 2.0.50727; .NET CLR 3.0.04506.30; .NET CLR 3.0.04506.648; .NET CLR 3.0.4506.2152; .NET CLR 3.5.30729; MS-RTC LM 8; MS-RTC LM 8)"
67.139.108.194 - - [19/Aug/2013:16:14:42 -0400] "GET /images/accent_png.png HTTP/1.1" 200 3544 "http://www.lenriggs.com/" "Mozilla/4.0 (compatible; MSIE 8.0; Windows NT 5.1; Trident/4.0; .NET CLR 1.1.4322; .NET CLR 2.0.50727; .NET CLR 3.0.04506.30; .NET CLR 3.0.04506.648; .NET CLR 3.0.4506.2152; .NET CLR 3.5.30729; MS-RTC LM 8; MS-RTC LM 8)"
184.78.196.250 - - [19/Aug/2013:16:58:50 -0400] "GET /scripts/template.css HTTP/1.1" 200 8633 "http://www.lenriggs.com/" "Mozilla/5.0 (iPad; CPU OS 6_1_3 like Mac OS X) AppleWebKit/536.26 (KHTML, like Gecko) Version/6.0 Mobile/10B329 Safari/8536.25"
97.90.66.111 - - [19/Aug/2013:18:31:35 -0400] "GET /scripts/template.css HTTP/1.1" 200 15971 "http://www.lenriggs.com/" "Mozilla/5.0 (Windows NT 6.1; WOW64) AppleWebKit/537.36 (KHTML, like Gecko) Chrome/28.0.1500.95 Safari/537.36"
97.90.66.111 - - [19/Aug/2013:18:31:38 -0400] "GET /images/ic_061_container_bg_wide.gif HTTP/1.1" 200 278 "http://www.lenriggs.com/" "Mozilla/5.0 (Windows NT 6.1; WOW64) AppleWebKit/537.36 (KHTML, like Gecko) Chrome/28.0.1500.95 Safari/537.36"
97.90.66.111 - - [19/Aug/2013:18:31:38 -0400] "GET /images/ic_061_headercontent_bg_wide.png HTTP/1.1" 200 1298 "http://www.lenriggs.com/" "Mozilla/5.0 (Windows NT 6.1; WOW64) AppleWebKit/537.36 (KHTML, like Gecko) Chrome/28.0.1500.95 Safari/537.36"
50.135.180.62 - - [19/Aug/2013:19:42:10 -0400] "GET /scripts/user.js HTTP/1.1" 200 23762 "http://www.lenriggs.com/" "Mozilla/5.0 (compatible; MSIE 9.0; Windows NT 6.1; WOW64; Trident/5.0)"
50.135.180.62 - - [19/Aug/2013:19:42:13 -0400] "GET /images/ic_061_navtopper_bg_wide.png HTTP/1.1" 200 208 "http://www.lenriggs.com/" "Mozilla/5.0 (compatible; MSIE 9.0; Windows NT 6.1; WOW64; Trident/5.0)"
50.135.180.62 - - [19/Aug/2013:19:42:13 -0400] "GET /images/ic_061_title_bg_wide.png HTTP/1.1" 200 3326 "http://www.lenriggs.com/" "Mozilla/5.0 (compatible; MSIE 9.0; Windows NT 6.1; WOW64; Trident/5.0)"
67.183.212.55 - - [19/Aug/2013:20:44:12 -0400] "GET /scripts/print.css HTTP/1.1" 200 - "http://www.lenriggs.com/" "Mozilla/4.0 (compatible; MSIE 8.0; Windows NT 6.1; WOW64; Trident/4.0; GTB7.5; SLCC2; .NET CLR 2.0.50727; .NET CLR 3.5.30729; .NET CLR 3.0.30729; Media Center PC 6.0; .NET4.0C)"
67.183.212.55 - - [19/Aug/2013:20:44:14 -0400] "GET /images/ic_061_container_bg_wide.gif HTTP/1.1" 200 278 "http://www.lenriggs.com/" "Mozilla/4.0 (compatible; MSIE 8.0; Windows NT 6.1; WOW64; Trident/4.0; GTB7.5; SLCC2; .NET CLR 2.0.50727; .NET CLR 3.5.30729; .NET CLR 3.0.30729; Media Center PC 6.0; .NET4.0C)"
67.183.212.55 - - [19/Aug/2013:20:44:14 -0400] "GET /images/ic_061_navbutton_bg.gif HTTP/1.1" 200 692 "http://www.lenriggs.com/" "Mozilla/4.0 (compatible; MSIE 8.0; Windows NT 6.1; WOW64; Trident/4.0; GTB7.5; SLCC2; .NET CLR 2.0.50727; .NET CLR 3.5.30729; .NET CLR 3.0.30729; Media Center PC 6.0; .NET4.0C)"
67.183.212.55 - - [19/Aug/2013:21:23:43 -0400] "GET /scripts/user.js HTTP/1.1" 304 - "http://www.lenriggs.com/" "Mozilla/4.0 (compatible; MSIE 8.0; Windows NT 6.1; WOW64; Trident/4.0; GTB7.5; SLCC2; .NET CLR 2.0.50727; .NET CLR 3.5.30729; .NET CLR 3.0.30729; Media Center PC 6.0; .NET4.0C)"
67.183.212.55 - - [19/Aug/2013:21:23:46 -0400] "GET /images/ic_061_container_bg_wide.gif HTTP/1.1" 304 - "http://www.lenriggs.com/" "Mozilla/4.0 (compatible; MSIE 8.0; Windows NT 6.1; WOW64; Trident/4.0; GTB7.5; SLCC2; .NET CLR 2.0.50727; .NET CLR 3.5.30729; .NET CLR 3.0.30729; Media Center PC 6.0; .NET4.0C)"
67.183.212.55 - - [19/Aug/2013:21:23:46 -0400] "GET /images/ic_061_navcontainer_bg.gif HTTP/1.1" 304 - "http://www.lenriggs.com/" "Mozilla/4.0 (compatible; MSIE 8.0; Windows NT 6.1; WOW64; Trident/4.0; GTB7.5; SLCC2; .NET CLR 2.0.50727; .NET CLR 3.5.30729; .NET CLR 3.0.30729; Media Center PC 6.0; .NET4.0C)"
208.38.209.6 - - [19/Aug/2013:21:30:21 -0400] "GET /scripts/website.css HTTP/1.1" 200 2501 "http://www.lenriggs.com/" "Mozilla/5.0 (Macintosh; Intel Mac OS X 10_6_8) AppleWebKit/534.57.2 (KHTML, like Gecko) Version/5.1.7 Safari/534.57.2"
208.38.209.6 - - [19/Aug/2013:21:30:22 -0400] "GET /images/ic_061_topmargin_r2_wide.gif HTTP/1.1" 200 274 "http://www.lenriggs.com/" "Mozilla/5.0 (Macintosh; Intel Mac OS X 10_6_8) AppleWebKit/534.57.2 (KHTML, like Gecko) Version/5.1.7 Safari/534.57.2"
208.38.209.6 - - [19/Aug/2013:21:57:58 -0400] "GET /scripts/template.css HTTP/1.1" 304 - "http://www.lenriggs.com/" "Mozilla/5.0 (Macintosh; Intel Mac OS X 10_6_8) AppleWebKit/534.57.2 (KHTML, like Gecko) Version/5.1.7 Safari/534.57.2"
208.38.209.6 - - [19/Aug/2013:21:57:58 -0400] "GET /scripts/icwebsiteelement.css HTTP/1.1" 304 - "http://www.lenriggs.com/" "Mozilla/5.0 (Macintosh; Intel Mac OS X 10_6_8) AppleWebKit/534.57.2 (KHTML, like Gecko) Version/5.1.7 Safari/534.57.2"
173.202.211.2 - - [19/Aug/2013:00:05:57 -0400] "GET /scripts/user.js HTTP/1.1" 200 23762 "http://www.lenriggs.com/" "Mozilla/5.0 (compatible; MSIE 10.0; Windows NT 6.2; WOW64; Trident/6.0)"
173.202.211.2 - - [19/Aug/2013:00:05:58 -0400] "GET /images/pattern_png.png HTTP/1.1" 200 4554 "http://www.lenriggs.com/" "Mozilla/5.0 (compatible; MSIE 10.0; Windows NT 6.2; WOW64; Trident/6.0)"
92.249.127.111 - - [19/Aug/2013:01:49:07 -0400] "GET / HTTP/1.1" 200 13290 "http://www.bravica.im/ru/" "Mozilla/5.0 (compatible; news bot /2.1)"
66.194.84.132 - - [19/Aug/2013:13:18:48 -0400] "GET /scripts/ic_globals_published.js HTTP/1.1" 304 - "http://www.lenriggs.com/onlinecourse.html" "Mozilla/4.0 (compatible; MSIE 8.0; Windows NT 5.1; Trident/4.0; .NET CLR 2.0.50727; .NET CLR 3.0.4506.2152; .NET CLR 3.5.30729; .NET4.0C; .NET4.0E; InfoPath.1; InfoPath.3)"
66.194.84.132 - - [19/Aug/2013:13:18:48 -0400] "GET /images/pattern_png.png HTTP/1.1" 304 - "http://www.lenriggs.com/onlinecourse.html" "Mozilla/4.0 (compatible; MSIE 8.0; Windows NT 5.1; Trident/4.0; .NET CLR 2.0.50727; .NET CLR 3.0.4506.2152; .NET CLR 3.5.30729; .NET4.0C; .NET4.0E; InfoPath.1; InfoPath.3)"
76.2.3.26 - - [19/Aug/2013:15:11:05 -0400] "GET /scripts/website.css HTTP/1.1" 200 2395 "http://lenriggs.com/" "Mozilla/5.0 (Macintosh; Intel Mac OS X 10_8_4) AppleWebKit/536.30.1 (KHTML, like Gecko) Version/6.0.5 Safari/536.30.1"
76.2.3.26 - - [19/Aug/2013:15:11:05 -0400] "GET /images/dropshadow_sides_png_wide.png HTTP/1.1" 200 11205 "http://lenriggs.com/" "Mozilla/5.0 (Macintosh; Intel Mac OS X 10_8_4) AppleWebKit/536.30.1 (KHTML, like Gecko) Version/6.0.5 Safari/536.30.1"
76.2.3.26 - - [19/Aug/2013:15:11:06 -0400] "GET /scripts/print.css HTTP/1.1" 200 9876 "http://lenriggs.com/" "Mozilla/5.0 (Macintosh; Intel Mac OS X 10_8_4) AppleWebKit/536.30.1 (KHTML, like Gecko) Version/6.0.5 Safari/536.30.1"
209.142.187.148 - - [19/Aug/2013:16:45:18 -0400] "GET /images/7-15-2013_Online_Marketing_Poster.pdf HTTP/1.1" 200 371804 "http://www.lenriggs.com/printourposter.html" "Mozilla/5.0 (compatible; MSIE 9.0; Windows NT 6.1; WOW64; Trident/5.0)"
67.183.212.55 - - [19/Aug/2013:17:09:38 -0400] "GET /scripts/photoalbum.js HTTP/1.1" 200 62481 "http://lenriggs.com/" "Mozilla/4.0 (compatible; MSIE 7.0; Windows NT 6.1; WOW64; Trident/6.0; SLCC2; .NET CLR 2.0.50727; .NET CLR 3.5.30729; .NET CLR 3.0.30729; Media Center PC 6.0; .NET4.0C; BRI/2; AskTB5.2)"
67.183.212.55 - - [19/Aug/2013:17:09:39 -0400] "GET /images/ic_061_headernav_bg.png HTTP/1.1" 200 3340 "http://lenriggs.com/" "Mozilla/4.0 (compatible; MSIE 7.0; Windows NT 6.1; WOW64; Trident/6.0; SLCC2; .NET CLR 2.0.50727; .NET CLR 3.5.30729; .NET CLR 3.0.30729; Media Center PC 6.0; .NET4.0C; BRI/2; AskTB5.2)"
67.183.212.55 - - [19/Aug/2013:17:09:39 -0400] "GET /images/ic_061_title_bg_wide.png HTTP/1.1" 200 3326 "http://lenriggs.com/" "Mozilla/4.0 (compatible; MSIE 7.0; Windows NT 6.1; WOW64; Trident/6.0; SLCC2; .NET CLR 2.0.50727; .NET CLR 3.5.30729; .NET CLR 3.0.30729; Media Center PC 6.0; .NET4.0C; BRI/2; AskTB5.2)"
67.183.212.55 - - [19/Aug/2013:17:10:13 -0400] "GET /home.html HTTP/1.1" 200 17575 "http://lenriggs.com/" "Mozilla/4.0 (compatible; MSIE 7.0; Windows NT 6.1; WOW64; Trident/6.0; SLCC2; .NET CLR 2.0.50727; .NET CLR 3.5.30729; .NET CLR 3.0.30729; Media Center PC 6.0; .NET4.0C; BRI/2; AskTB5.2)"
67.183.212.55 - - [19/Aug/2013:17:10:16 -0400] "GET /onlinecourse.html HTTP/1.1" 200 16941 "http://lenriggs.com/home.html" "Mozilla/4.0 (compatible; MSIE 7.0; Windows NT 6.1; WOW64; Trident/6.0; SLCC2; .NET CLR 2.0.50727; .NET CLR 3.5.30729; .NET CLR 3.0.30729; Media Center PC 6.0; .NET4.0C; BRI/2; AskTB5.2)"
67.183.212.55 - - [19/Aug/2013:17:10:16 -0400] "GET /scripts/39custom.css HTTP/1.1" 200 1141 "http://lenriggs.com/onlinecourse.html" "Mozilla/4.0 (compatible; MSIE 7.0; Windows NT 6.1; WOW64; Trident/6.0; SLCC2; .NET CLR 2.0.50727; .NET CLR 3.5.30729; .NET CLR 3.0.30729; Media Center PC 6.0; .NET4.0C; BRI/2; AskTB5.2)"
67.183.212.55 - - [19/Aug/2013:17:23:26 -0400] "POST /blog.php HTTP/1.1" 200 12875 "http://lenriggs.com/blog.php" "Mozilla/4.0 (compatible; MSIE 7.0; Windows NT 6.1; WOW64; Trident/6.0; SLCC2; .NET CLR 2.0.50727; .NET CLR 3.5.30729; .NET CLR 3.0.30729; Media Center PC 6.0; .NET4.0C; BRI/2; AskTB5.2)"
97.90.66.111 - - [19/Aug/2013:18:31:35 -0400] "GET /scripts/website.css HTTP/1.1" 200 2501 "http://www.lenriggs.com/" "Mozilla/5.0 (Windows NT 6.1; WOW64) AppleWebKit/537.36 (KHTML, like Gecko) Chrome/28.0.1500.95 Safari/537.36"
97.90.66.111 - - [19/Aug/2013:18:31:38 -0400] "GET /images/Alcohol_Pic.jpg HTTP/1.1" 200 6016 "http://www.lenriggs.com/" "Mozilla/5.0 (Windows NT 6.1; WOW64) AppleWebKit/537.36 (KHTML, like Gecko) Chrome/28.0.1500.95 Safari/537.36"
97.90.66.111 - - [19/Aug/2013:18:31:38 -0400] "GET /images/ic_061_docwrapper_bg_wide.gif HTTP/1.1" 200 328 "http://www.lenriggs.com/" "Mozilla/5.0 (Windows NT 6.1; WOW64) AppleWebKit/537.36 (KHTML, like Gecko) Chrome/28.0.1500.95 Safari/537.36"
97.90.66.111 - - [19/Aug/2013:18:31:40 -0400] "GET /favicon.ico HTTP/1.1" 404 575 "-" "Mozilla/5.0 (Windows NT 6.1; WOW64) AppleWebKit/537.36 (KHTML, like Gecko) Chrome/28.0.1500.95 Safari/537.36"
206.214.52.136 - - [19/Aug/2013:18:36:17 -0400] "GET /scripts/45custom.css HTTP/1.1" 200 1141 "http://www.lenriggs.com/classschedule/classinformation.html" "Mozilla/5.0 (iPad; CPU OS 6_1_3 like Mac OS X) AppleWebKit/536.26 (KHTML, like Gecko) Version/6.0 Mobile/10B329 Safari/8536.25"
206.214.52.136 - - [19/Aug/2013:18:36:43 -0400] "GET /classschedule.html HTTP/1.1" 200 12832 "http://www.lenriggs.com/classschedule/classinformation.html" "Mozilla/5.0 (iPad; CPU OS 6_1_3 like Mac OS X) AppleWebKit/536.26 (KHTML, like Gecko) Version/6.0 Mobile/10B329 Safari/8536.25"
206.214.52.136 - - [19/Aug/2013:18:36:43 -0400] "GET /scripts/15custom.css HTTP/1.1" 200 1142 "http://www.lenriggs.com/classschedule.html" "Mozilla/5.0 (iPad; CPU OS 6_1_3 like Mac OS X) AppleWebKit/536.26 (KHTML, like Gecko) Version/6.0 Mobile/10B329 Safari/8536.25"
12.171.46.121 - - [19/Aug/2013:19:00:09 -0400] "GET /scripts/website.css HTTP/1.0" 200 2501 "http://www.lenriggs.com/" "Mozilla/4.0 (compatible; MSIE 7.0; Windows NT 6.1; Trident/5.0; SLCC2; .NET CLR 2.0.50727; .NET CLR 3.5.30729; .NET CLR 3.0.30729; Media Center PC 6.0; .NET4.0C)"
12.171.46.121 - - [19/Aug/2013:19:00:09 -0400] "GET /scripts/icwebsiteelement.css HTTP/1.0" 200 8132 "http://www.lenriggs.com/" "Mozilla/4.0 (compatible; MSIE 7.0; Windows NT 6.1; Trident/5.0; SLCC2; .NET CLR 2.0.50727; .NET CLR 3.5.30729; .NET CLR 3.0.30729; Media Center PC 6.0; .NET4.0C)"
12.171.46.121 - - [19/Aug/2013:19:00:10 -0400] "GET /images/ic_061_headernav_bg.png HTTP/1.0" 200 3340 "http://www.lenriggs.com/" "Mozilla/4.0 (compatible; MSIE 7.0; Windows NT 6.1; Trident/5.0; SLCC2; .NET CLR 2.0.50727; .NET CLR 3.5.30729; .NET CLR 3.0.30729; Media Center PC 6.0; .NET4.0C)"
71.80.194.64 - - [19/Aug/2013:19:03:38 -0400] "GET /scripts/website.css HTTP/1.1" 200 2501 "http://www.lenriggs.com/" "Mozilla/5.0 (Windows NT 6.0) AppleWebKit/537.36 (KHTML, like Gecko) Chrome/28.0.1500.95 Safari/537.36"
192.182.137.211 - - [19/Aug/2013:19:46:56 -0400] "GET / HTTP/1.1" 200 17576 "http://www.liq.wa.gov/publications/licensing/mast-lists/MAST_provider_list_512013.pdf" "Mozilla/5.0 (Windows NT 6.1; WOW64) AppleWebKit/537.36 (KHTML, like Gecko) Chrome/28.0.1500.72 Safari/537.36"
192.182.137.211 - - [19/Aug/2013:19:46:58 -0400] "GET /scripts/user.js HTTP/1.1" 200 23762 "http://www.lenriggs.com/" "Mozilla/5.0 (Windows NT 6.1; WOW64) AppleWebKit/537.36 (KHTML, like Gecko) Chrome/28.0.1500.72 Safari/537.36"
66.209.91.164 - - [19/Aug/2013:20:02:36 -0400] "GET /images/Alcohol_Pic.jpg HTTP/1.1" 200 6016 "http://www.lenriggs.com/classschedule.html" "Mozilla/4.0 (compatible; MSIE 8.0; Windows NT 6.1; WOW64; Trident/4.0; SLCC2; .NET CLR 2.0.50727; .NET CLR 3.5.30729; .NET CLR 3.0.30729; Media Center PC 6.0; .NET4.0C; .NET4.0E)"
150.70.97.113 - - [19/Aug/2013:20:03:09 -0400] "GET /scripts/ic_globals_published.js HTTP/1.1" 200 566 "-" "Mozilla/4.0 (compatible; MSIE 8.0; Windows NT 5.1; Trident/4.0)"
67.183.212.55 - - [19/Aug/2013:20:50:20 -0400] "GET /scripts/14custom.css HTTP/1.1" 200 1816 "http://www.lenriggs.com/testimonials.html" "Mozilla/4.0 (compatible; MSIE 8.0; Windows NT 6.1; WOW64; Trident/4.0; GTB7.5; SLCC2; .NET CLR 2.0.50727; .NET CLR 3.5.30729; .NET CLR 3.0.30729; Media Center PC 6.0; .NET4.0C)"
67.183.212.55 - - [19/Aug/2013:20:50:20 -0400] "GET /images/ic_061_headercontent_bg_wide.png HTTP/1.1" 304 - "http://www.lenriggs.com/testimonials.html" "Mozilla/4.0 (compatible; MSIE 8.0; Windows NT 6.1; WOW64; Trident/4.0; GTB7.5; SLCC2; .NET CLR 2.0.50727; .NET CLR 3.5.30729; .NET CLR 3.0.30729; Media Center PC 6.0; .NET4.0C)"
67.183.212.55 - - [19/Aug/2013:20:50:40 -0400] "GET /images/photoalbum/button_photoSpeed1_ON.jpg HTTP/1.1" 200 476 "http://www.lenriggs.com/win10000.html" "Mozilla/4.0 (compatible; MSIE 8.0; Windows NT 6.1; WOW64; Trident/4.0; GTB7.5; SLCC2; .NET CLR 2.0.50727; .NET CLR 3.5.30729; .NET CLR 3.0.30729; Media Center PC 6.0; .NET4.0C)"
67.183.212.55 - - [19/Aug/2013:20:50:40 -0400] "GET /images/360_Brian_at_Big_Daddys.jpg HTTP/1.1" 200 25161 "http://www.lenriggs.com/win10000.html" "Mozilla/4.0 (compatible; MSIE 8.0; Windows NT 6.1; WOW64; Trident/4.0; GTB7.5; SLCC2; .NET CLR 2.0.50727; .NET CLR 3.5.30729; .NET CLR 3.0.30729; Media Center PC 6.0; .NET4.0C)"
67.183.212.55 - - [19/Aug/2013:20:50:41 -0400] "GET /images/257_Lauren.jpg HTTP/1.1" 200 13702 "http://www.lenriggs.com/win10000.html" "Mozilla/4.0 (compatible; MSIE 8.0; Windows NT 6.1; WOW64; Trident/4.0; GTB7.5; SLCC2; .NET CLR 2.0.50727; .NET CLR 3.5.30729; .NET CLR 3.0.30729; Media Center PC 6.0; .NET4.0C)"
67.183.212.55 - - [19/Aug/2013:20:50:41 -0400] "GET /images/165_Theresa.jpg HTTP/1.1" 200 10367 "http://www.lenriggs.com/win10000.html" "Mozilla/4.0 (compatible; MSIE 8.0; Windows NT 6.1; WOW64; Trident/4.0; GTB7.5; SLCC2; .NET CLR 2.0.50727; .NET CLR 3.5.30729; .NET CLR 3.0.30729; Media Center PC 6.0; .NET4.0C)"
67.183.212.55 - - [19/Aug/2013:20:50:41 -0400] "GET /images/89_Brian_at_Big_Daddys.jpg HTTP/1.1" 200 2869 "http://www.lenriggs.com/win10000.html" "Mozilla/4.0 (compatible; MSIE 8.0; Windows NT 6.1; WOW64; Trident/4.0; GTB7.5; SLCC2; .NET CLR 2.0.50727; .NET CLR 3.5.30729; .NET CLR 3.0.30729; Media Center PC 6.0; .NET4.0C)"
67.183.212.55 - - [19/Aug/2013:20:50:41 -0400] "GET /images/119_Marissa.jpg HTTP/1.1" 200 3240 "http://www.lenriggs.com/win10000.html" "Mozilla/4.0 (compatible; MSIE 8.0; Windows NT 6.1; WOW64; Trident/4.0; GTB7.5; SLCC2; .NET CLR 2.0.50727; .NET CLR 3.5.30729; .NET CLR 3.0.30729; Media Center PC 6.0; .NET4.0C)"
67.183.212.55 - - [19/Aug/2013:20:50:41 -0400] "GET /images/81_Dorienn.jpg HTTP/1.1" 200 2946 "http://www.lenriggs.com/win10000.html" "Mozilla/4.0 (compatible; MSIE 8.0; Windows NT 6.1; WOW64; Trident/4.0; GTB7.5; SLCC2; .NET CLR 2.0.50727; .NET CLR 3.5.30729; .NET CLR 3.0.30729; Media Center PC 6.0; .NET4.0C)"
67.183.212.55 - - [19/Aug/2013:20:50:41 -0400] "GET /images/86_Lauren.jpg HTTP/1.1" 200 2540 "http://www.lenriggs.com/win10000.html" "Mozilla/4.0 (compatible; MSIE 8.0; Windows NT 6.1; WOW64; Trident/4.0; GTB7.5; SLCC2; .NET CLR 2.0.50727; .NET CLR 3.5.30729; .NET CLR 3.0.30729; Media Center PC 6.0; .NET4.0C)"
67.183.212.55 - - [19/Aug/2013:20:50:41 -0400] "GET /images/79_Mary.jpg HTTP/1.1" 200 3089 "http://www.lenriggs.com/win10000.html" "Mozilla/4.0 (compatible; MSIE 8.0; Windows NT 6.1; WOW64; Trident/4.0; GTB7.5; SLCC2; .NET CLR 2.0.50727; .NET CLR 3.5.30729; .NET CLR 3.0.30729; Media Center PC 6.0; .NET4.0C)"
67.183.212.55 - - [19/Aug/2013:20:50:41 -0400] "GET /images/photoalbum/photo_controlBG.jpg HTTP/1.1" 200 336 "http://www.lenriggs.com/win10000.html" "Mozilla/4.0 (compatible; MSIE 8.0; Windows NT 6.1; WOW64; Trident/4.0; GTB7.5; SLCC2; .NET CLR 2.0.50727; .NET CLR 3.5.30729; .NET CLR 3.0.30729; Media Center PC 6.0; .NET4.0C)"
208.38.209.6 - - [19/Aug/2013:21:57:57 -0400] "GET / HTTP/1.1" 304 - "-" "Mozilla/5.0 (Macintosh; Intel Mac OS X 10_6_8) AppleWebKit/534.57.2 (KHTML, like Gecko) Version/5.1.7 Safari/534.57.2"
76.104.221.177 - - [19/Aug/2013:04:21:18 -0400] "GET /apple-touch-icon.png HTTP/1.1" 404 575 "-" "Dolphin http client/10.0.1(230) (Android)"
65.122.125.226 - - [19/Aug/2013:13:03:21 -0400] "GET /scripts/1custom.css HTTP/1.1" 200 1750 "http://www.lenriggs.com/" "Mozilla/4.0 (compatible; MSIE 8.0; Windows NT 5.1; Trident/4.0; .NET4.0C; .NET CLR 2.0.50727; .NET CLR 3.0.4506.2152; .NET CLR 3.5.30729; .NET4.0E)"
65.122.125.226 - - [19/Aug/2013:13:03:22 -0400] "GET /images/dropshadow_sides_png_wide.png HTTP/1.1" 200 11205 "http://www.lenriggs.com/" "Mozilla/4.0 (compatible; MSIE 8.0; Windows NT 5.1; Trident/4.0; .NET4.0C; .NET CLR 2.0.50727; .NET CLR 3.0.4506.2152; .NET CLR 3.5.30729; .NET4.0E)"
66.194.84.132 - - [19/Aug/2013:13:18:48 -0400] "GET /onlinecourse.html HTTP/1.1" 200 13474 "http://www.lenriggs.com/classschedule.html" "Mozilla/4.0 (compatible; MSIE 8.0; Windows NT 5.1; Trident/4.0; .NET CLR 2.0.50727; .NET CLR 3.0.4506.2152; .NET CLR 3.5.30729; .NET4.0C; .NET4.0E; InfoPath.1; InfoPath.3)"
66.194.84.132 - - [19/Aug/2013:13:18:48 -0400] "GET /scripts/website.css HTTP/1.1" 304 - "http://www.lenriggs.com/onlinecourse.html" "Mozilla/4.0 (compatible; MSIE 8.0; Windows NT 5.1; Trident/4.0; .NET CLR 2.0.50727; .NET CLR 3.0.4506.2152; .NET CLR 3.5.30729; .NET4.0C; .NET4.0E; InfoPath.1; InfoPath.3)"
66.194.84.132 - - [19/Aug/2013:13:18:48 -0400] "GET /images/dropshadow_bottom_png_wide.png HTTP/1.1" 304 - "http://www.lenriggs.com/onlinecourse.html" "Mozilla/4.0 (compatible; MSIE 8.0; Windows NT 5.1; Trident/4.0; .NET CLR 2.0.50727; .NET CLR 3.0.4506.2152; .NET CLR 3.5.30729; .NET4.0C; .NET4.0E; InfoPath.1; InfoPath.3)"
166.147.88.27 - - [19/Aug/2013:14:46:51 -0400] "GET / HTTP/1.1" 200 13290 "http://www.google.com/url?sa=t&rct=j&q=washington%20state%20class%2012%20alcohol%20permit%20&source=web&cd=4&ved=0CFgQFjAD&url=http%3A%2F%2Fwww.lenriggs.com%2F&ei=MWcSUuq9O6nwyQHBmoA4&usg=AFQjCNEkxrknMe29N7cTpfy8FFRAybnBuw" "Mozilla/5.0 (Windows NT 6.1; WOW64; rv:23.0) Gecko/20100101 Firefox/23.0"
166.147.88.27 - - [19/Aug/2013:14:46:51 -0400] "GET /scripts/ic_globals_published.js HTTP/1.1" 200 566 "http://www.lenriggs.com/" "Mozilla/5.0 (Windows NT 6.1; WOW64; rv:23.0) Gecko/20100101 Firefox/23.0"
166.147.88.27 - - [19/Aug/2013:14:46:52 -0400] "GET /scripts/user.js HTTP/1.1" 200 23762 "http://www.lenriggs.com/" "Mozilla/5.0 (Windows NT 6.1; WOW64; rv:23.0) Gecko/20100101 Firefox/23.0"
166.147.88.27 - - [19/Aug/2013:14:46:52 -0400] "GET /scripts/photoalbum.js HTTP/1.1" 200 62481 "http://www.lenriggs.com/" "Mozilla/5.0 (Windows NT 6.1; WOW64; rv:23.0) Gecko/20100101 Firefox/23.0"
173.202.211.2 - - [19/Aug/2013:00:05:57 -0400] "GET /scripts/ic_globals_published.js HTTP/1.1" 200 566 "http://www.lenriggs.com/" "Mozilla/5.0 (compatible; MSIE 10.0; Windows NT 6.2; WOW64; Trident/6.0)"
173.202.211.2 - - [19/Aug/2013:00:05:57 -0400] "GET /scripts/print.css HTTP/1.1" 200 9876 "http://www.lenriggs.com/" "Mozilla/5.0 (compatible; MSIE 10.0; Windows NT 6.2; WOW64; Trident/6.0)"
173.202.211.2 - - [19/Aug/2013:00:06:46 -0400] "GET /scripts/15custom.css HTTP/1.1" 200 805 "http://www.lenriggs.com/classschedule.html" "Mozilla/5.0 (compatible; MSIE 10.0; Windows NT 6.2; WOW64; Trident/6.0)"
64.188.158.57 - - [19/Aug/2013:01:36:56 -0400] "GET /scripts/1custom.css HTTP/1.1" 200 1750 "http://www.lenriggs.com/home.html" "Mozilla/5.0 (Linux; U; en-us; KFOT Build/IML74K) AppleWebKit/535.19 (KHTML, like Gecko) Silk/3.4 Safari/535.19 Silk-Accelerated=true"
66.249.75.194 - - [19/Aug/2013:02:46:09 -0400] "GET /robots.txt HTTP/1.1" 200 25 "-" "Mozilla/5.0 (compatible; Googlebot/2.1; +http://www.google.com/bot.html)"
66.249.75.194 - - [19/Aug/2013:02:46:09 -0400] "GET / HTTP/1.1" 200 13290 "-" "Mozilla/5.0 (compatible; Googlebot/2.1; +http://www.google.com/bot.html)"
66.249.75.194 - - [19/Aug/2013:02:52:34 -0400] "GET /scripts/icwebsiteelement.css HTTP/1.1" 200 8132 "-" "Mozilla/5.0 (compatible; Googlebot/2.1; +http://www.google.com/bot.html)"
66.249.75.194 - - [19/Aug/2013:02:52:40 -0400] "GET /scripts/1custom.css HTTP/1.1" 200 1750 "-" "Mozilla/5.0 (compatible; Googlebot/2.1; +http://www.google.com/bot.html)"
199.30.25.2 - - [19/Aug/2013:15:57:44 -0400] "GET /scripts/photoalbum.js HTTP/1.1" 200 62481 "http://www.lenriggs.com/home.html" "Mozilla/5.0 (Windows NT 6.1; WOW64) AppleWebKit/534+ (KHTML, like Gecko) BingPreview/1.0b"
199.30.25.2 - - [19/Aug/2013:15:57:45 -0400] "GET /images/dropshadow_sides_png_wide.png HTTP/1.1" 200 11205 "http://www.lenriggs.com/home.html" "Mozilla/5.0 (Windows NT 6.1; WOW64) AppleWebKit/534+ (KHTML, like Gecko) BingPreview/1.0b"
199.30.25.2 - - [19/Aug/2013:15:57:46 -0400] "GET /images/dropshadow_bottom_png_wide.png HTTP/1.1" 200 3108 "http://www.lenriggs.com/home.html" "Mozilla/5.0 (Windows NT 6.1; WOW64) AppleWebKit/534+ (KHTML, like Gecko) BingPreview/1.0b"
209.142.187.148 - - [19/Aug/2013:16:43:33 -0400] "GET /scripts/photoalbum.js HTTP/1.1" 200 62481 "http://www.lenriggs.com/" "Mozilla/5.0 (compatible; MSIE 9.0; Windows NT 6.1; WOW64; Trident/5.0)"
209.142.187.148 - - [19/Aug/2013:16:43:34 -0400] "GET /favicon.ico HTTP/1.1" 404 575 "-" "Mozilla/5.0 (compatible; MSIE 9.0; Windows NT 6.1; WOW64; Trident/5.0)"
50.123.76.55 - - [19/Aug/2013:16:49:16 -0400] "GET /scripts/15custom.css HTTP/1.1" 200 805 "http://www.lenriggs.com/classschedule.html" "Mozilla/5.0 (compatible; MSIE 10.0; Windows NT 6.1; Trident/6.0)"
184.78.196.250 - - [19/Aug/2013:16:58:48 -0400] "GET /scripts/website.css HTTP/1.1" 200 2395 "http://www.lenriggs.com/" "Mozilla/5.0 (iPad; CPU OS 6_1_3 like Mac OS X) AppleWebKit/536.26 (KHTML, like Gecko) Version/6.0 Mobile/10B329 Safari/8536.25"
67.183.212.55 - - [19/Aug/2013:17:18:49 -0400] "GET / HTTP/1.1" 200 17575 "-" "Mozilla/4.0 (compatible; MSIE 7.0; Windows NT 6.1; WOW64; Trident/6.0; SLCC2; .NET CLR 2.0.50727; .NET CLR 3.5.30729; .NET CLR 3.0.30729; Media Center PC 6.0; .NET4.0C; BRI/2; AskTB5.2)"
67.183.212.55 - - [19/Aug/2013:17:18:52 -0400] "GET /blog.php HTTP/1.1" 200 9304 "http://lenriggs.com/" "Mozilla/4.0 (compatible; MSIE 7.0; Windows NT 6.1; WOW64; Trident/6.0; SLCC2; .NET CLR 2.0.50727; .NET CLR 3.5.30729; .NET CLR 3.0.30729; Media Center PC 6.0; .NET4.0C; BRI/2; AskTB5.2)"
67.183.212.55 - - [19/Aug/2013:17:18:53 -0400] "GET /scripts/40custom.css HTTP/1.1" 200 804 "http://lenriggs.com/blog.php" "Mozilla/4.0 (compatible; MSIE 7.0; Windows NT 6.1; WOW64; Trident/6.0; SLCC2; .NET CLR 2.0.50727; .NET CLR 3.5.30729; .NET CLR 3.0.30729; Media Center PC 6.0; .NET4.0C; BRI/2; AskTB5.2)"
67.183.212.55 - - [19/Aug/2013:17:18:55 -0400] "GET /blog.php HTTP/1.1" 200 9304 "http://lenriggs.com/blog.php" "Mozilla/4.0 (compatible; MSIE 7.0; Windows NT 6.1; WOW64; Trident/6.0; SLCC2; .NET CLR 2.0.50727; .NET CLR 3.5.30729; .NET CLR 3.0.30729; Media Center PC 6.0; .NET4.0C; BRI/2; AskTB5.2)"
67.183.212.55 - - [19/Aug/2013:17:18:56 -0400] "GET /blog.php HTTP/1.1" 200 9304 "http://lenriggs.com/blog.php" "Mozilla/4.0 (compatible; MSIE 7.0; Windows NT 6.1; WOW64; Trident/6.0; SLCC2; .NET CLR 2.0.50727; .NET CLR 3.5.30729; .NET CLR 3.0.30729; Media Center PC 6.0; .NET4.0C; BRI/2; AskTB5.2)"
67.183.212.55 - - [19/Aug/2013:17:50:30 -0400] "GET / HTTP/1.1" 200 17575 "-" "Mozilla/4.0 (compatible; MSIE 7.0; Windows NT 6.1; WOW64; Trident/6.0; SLCC2; .NET CLR 2.0.50727; .NET CLR 3.5.30729; .NET CLR 3.0.30729; Media Center PC 6.0; .NET4.0C; BRI/2; AskTB5.2)"
67.183.212.55 - - [19/Aug/2013:17:50:32 -0400] "GET /blog.php HTTP/1.1" 200 12122 "http://lenriggs.com/" "Mozilla/4.0 (compatible; MSIE 7.0; Windows NT 6.1; WOW64; Trident/6.0; SLCC2; .NET CLR 2.0.50727; .NET CLR 3.5.30729; .NET CLR 3.0.30729; Media Center PC 6.0; .NET4.0C; BRI/2; AskTB5.2)"
67.183.212.55 - - [19/Aug/2013:17:50:35 -0400] "GET /blog.php HTTP/1.1" 200 12122 "http://lenriggs.com/blog.php" "Mozilla/4.0 (compatible; MSIE 7.0; Windows NT 6.1; WOW64; Trident/6.0; SLCC2; .NET CLR 2.0.50727; .NET CLR 3.5.30729; .NET CLR 3.0.30729; Media Center PC 6.0; .NET4.0C; BRI/2; AskTB5.2)"
157.55.34.24 - - [19/Aug/2013:18:27:32 -0400] "GET /testimonials.html HTTP/1.0" 200 35290 "-" "Mozilla/5.0 (compatible; bingbot/2.0; +http://www.bing.com/bingbot.htm)"
206.214.52.136 - - [19/Aug/2013:18:36:02 -0400] "GET /scripts/photoalbum.js HTTP/1.1" 200 62481 "http://www.lenriggs.com/" "Mozilla/5.0 (iPad; CPU OS 6_1_3 like Mac OS X) AppleWebKit/536.26 (KHTML, like Gecko) Version/6.0 Mobile/10B329 Safari/8536.25"
206.214.52.136 - - [19/Aug/2013:18:36:02 -0400] "GET /images/ic_061_navtopper_bg_wide.png HTTP/1.1" 200 208 "http://www.lenriggs.com/" "Mozilla/5.0 (iPad; CPU OS 6_1_3 like Mac OS X) AppleWebKit/536.26 (KHTML, like Gecko) Version/6.0 Mobile/10B329 Safari/8536.25"
206.214.52.136 - - [19/Aug/2013:18:36:02 -0400] "GET /images/ic_061_title_bg_wide.png HTTP/1.1" 200 3326 "http://www.lenriggs.com/" "Mozilla/5.0 (iPad; CPU OS 6_1_3 like Mac OS X) AppleWebKit/536.26 (KHTML, like Gecko) Version/6.0 Mobile/10B329 Safari/8536.25"
50.47.60.210 - - [19/Aug/2013:18:47:15 -0400] "GET /onlinecourse.html HTTP/1.1" 200 17850 "http://www.lenriggs.com/" "Mozilla/4.0 (compatible; MSIE 8.0; Windows NT 5.1; Trident/4.0; .NET CLR 2.0.50727; .NET CLR 3.0.4506.2152; .NET CLR 3.5.30729; OfficeLiveConnector.1.5; OfficeLivePatch.1.3; BRI/2)"
50.135.180.62 - - [19/Aug/2013:19:42:10 -0400] "GET / HTTP/1.1" 200 17576 "-" "Mozilla/5.0 (compatible; MSIE 9.0; Windows NT 6.1; WOW64; Trident/5.0)"
50.135.180.62 - - [19/Aug/2013:19:42:11 -0400] "GET /scripts/print.css HTTP/1.1" 200 - "http://www.lenriggs.com/" "Mozilla/5.0 (compatible; MSIE 9.0; Windows NT 6.1; WOW64; Trident/5.0)"
50.135.180.62 - - [19/Aug/2013:19:42:13 -0400] "GET /images/ic_061_container_bg_wide.gif HTTP/1.1" 200 278 "http://www.lenriggs.com/" "Mozilla/5.0 (compatible; MSIE 9.0; Windows NT 6.1; WOW64; Trident/5.0)"
50.135.180.62 - - [19/Aug/2013:19:42:13 -0400] "GET /images/ic_061_navcontainer_bg.gif HTTP/1.1" 200 115 "http://www.lenriggs.com/" "Mozilla/5.0 (compatible; MSIE 9.0; Windows NT 6.1; WOW64; Trident/5.0)"
67.183.212.55 - - [19/Aug/2013:20:44:12 -0400] "GET /scripts/user.js HTTP/1.1" 200 23762 "http://www.lenriggs.com/" "Mozilla/4.0 (compatible; MSIE 8.0; Windows NT 6.1; WOW64; Trident/4.0; GTB7.5; SLCC2; .NET CLR 2.0.50727; .NET CLR 3.5.30729; .NET CLR 3.0.30729; Media Center PC 6.0; .NET4.0C)"
67.183.212.55 - - [19/Aug/2013:20:44:14 -0400] "GET /images/ic_061_headercontent_bg_wide.png HTTP/1.1" 200 1298 "http://www.lenriggs.com/" "Mozilla/4.0 (compatible; MSIE 8.0; Windows NT 6.1; WOW64; Trident/4.0; GTB7.5; SLCC2; .NET CLR 2.0.50727; .NET CLR 3.5.30729; .NET CLR 3.0.30729; Media Center PC 6.0; .NET4.0C)"
69.166.47.114 - - [19/Aug/2013:13:36:22 -0400] "GET / HTTP/1.1" 200 13290 "http://www.google.com/url?sa=t&rct=j&q=len%20riggs%20alcohol%20server%20training&source=web&cd=1&ved=0CEQQFjAA&url=http%3A%2F%2Fwww.lenriggs.com%2F&ei=klcSUufBA4aZjALQnIF4&usg=AFQjCNEkxrknMe29N7cTpfy8FFRAybnBuw&bvm=bv.50952593,d.cGE" "Mozilla/5.0 (Macintosh; Intel Mac OS X 10_7_5) AppleWebKit/536.30.1 (KHTML, like Gecko) Version/6.0.5 Safari/536.30.1"
69.166.47.114 - - [19/Aug/2013:13:36:22 -0400] "GET /scripts/user.js HTTP/1.1" 200 23762 "http://www.lenriggs.com/" "Mozilla/5.0 (Macintosh; Intel Mac OS X 10_7_5) AppleWebKit/536.30.1 (KHTML, like Gecko) Version/6.0.5 Safari/536.30.1"
69.166.47.114 - - [19/Aug/2013:13:36:23 -0400] "GET /images/dropshadow_bottom_png_wide.png HTTP/1.1" 200 3108 "http://www.lenriggs.com/" "Mozilla/5.0 (Macintosh; Intel Mac OS X 10_7_5) AppleWebKit/536.30.1 (KHTML, like Gecko) Version/6.0.5 Safari/536.30.1"
69.166.47.114 - - [19/Aug/2013:13:36:23 -0400] "GET /scripts/print.css HTTP/1.1" 200 9876 "http://www.lenriggs.com/" "Mozilla/5.0 (Macintosh; Intel Mac OS X 10_7_5) AppleWebKit/536.30.1 (KHTML, like Gecko) Version/6.0.5 Safari/536.30.1"
91.207.9.226 - - [19/Aug/2013:22:05:47 -0400] "GET / HTTP/1.1" 200 17576 "http://moregirls.org/" "Mozilla/4.0 (compatible; MSIE 6.0; Windows NT 5.0; .NET CLR 1.0.3705; .NET CLR 1.1.4322)"
208.38.209.6 - - [19/Aug/2013:21:57:58 -0400] "GET /scripts/ic_globals_published.js HTTP/1.1" 304 - "http://www.lenriggs.com/" "Mozilla/5.0 (Macintosh; Intel Mac OS X 10_6_8) AppleWebKit/534.57.2 (KHTML, like Gecko) Version/5.1.7 Safari/534.57.2"
76.104.221.177 - - [19/Aug/2013:23:45:11 -0400] "GET /favicon.ico HTTP/1.1" 404 575 "-" "Dolphin http client/10.0.1(230) (Android)"
76.2.3.26 - - [19/Aug/2013:15:11:02 -0400] "GET / HTTP/1.1" 200 13290 "-" "Mozilla/5.0 (Macintosh; Intel Mac OS X 10_8_4) AppleWebKit/536.30.1 (KHTML, like Gecko) Version/6.0.5 Safari/536.30.1"
76.2.3.26 - - [19/Aug/2013:15:11:02 -0400] "GET /scripts/user.js HTTP/1.1" 200 23762 "http://lenriggs.com/" "Mozilla/5.0 (Macintosh; Intel Mac OS X 10_8_4) AppleWebKit/536.30.1 (KHTML, like Gecko) Version/6.0.5 Safari/536.30.1"
71.83.229.101 - - [19/Aug/2013:16:36:40 -0400] "GET / HTTP/1.1" 200 13290 "-" "Mozilla/5.0 (Macintosh; Intel Mac OS X 10_8_2) AppleWebKit/537.36 (KHTML, like Gecko) Chrome/27.0.1453.110 Safari/537.36"
71.83.229.101 - - [19/Aug/2013:16:36:40 -0400] "GET /scripts/user.js HTTP/1.1" 200 23762 "http://www.lenriggs.com/" "Mozilla/5.0 (Macintosh; Intel Mac OS X 10_8_2) AppleWebKit/537.36 (KHTML, like Gecko) Chrome/27.0.1453.110 Safari/537.36"
71.83.229.101 - - [19/Aug/2013:16:36:41 -0400] "GET /images/pattern_png.png HTTP/1.1" 200 4554 "http://www.lenriggs.com/" "Mozilla/5.0 (Macintosh; Intel Mac OS X 10_8_2) AppleWebKit/537.36 (KHTML, like Gecko) Chrome/27.0.1453.110 Safari/537.36"
67.183.212.55 - - [19/Aug/2013:17:19:29 -0400] "GET / HTTP/1.1" 200 17575 "-" "Mozilla/4.0 (compatible; MSIE 7.0; Windows NT 6.1; WOW64; Trident/6.0; SLCC2; .NET CLR 2.0.50727; .NET CLR 3.5.30729; .NET CLR 3.0.30729; Media Center PC 6.0; .NET4.0C; BRI/2; AskTB5.2)"
67.183.212.55 - - [19/Aug/2013:17:19:30 -0400] "GET /blog.php HTTP/1.1" 200 11678 "http://lenriggs.com/" "Mozilla/4.0 (compatible; MSIE 7.0; Windows NT 6.1; WOW64; Trident/6.0; SLCC2; .NET CLR 2.0.50727; .NET CLR 3.5.30729; .NET CLR 3.0.30729; Media Center PC 6.0; .NET4.0C; BRI/2; AskTB5.2)"
67.183.212.55 - - [19/Aug/2013:17:19:31 -0400] "GET /eblog/wordpress.css HTTP/1.1" 200 3043 "http://lenriggs.com/blog.php" "Mozilla/4.0 (compatible; MSIE 7.0; Windows NT 6.1; WOW64; Trident/6.0; SLCC2; .NET CLR 2.0.50727; .NET CLR 3.5.30729; .NET CLR 3.0.30729; Media Center PC 6.0; .NET4.0C; BRI/2; AskTB5.2)"
67.183.212.55 - - [19/Aug/2013:17:25:19 -0400] "POST /blog.php HTTP/1.1" 200 12969 "http://lenriggs.com/blog.php?a=li" "Mozilla/4.0 (compatible; MSIE 7.0; Windows NT 6.1; WOW64; Trident/6.0; SLCC2; .NET CLR 2.0.50727; .NET CLR 3.5.30729; .NET CLR 3.0.30729; Media Center PC 6.0; .NET4.0C; BRI/2; AskTB5.2)"
193.106.136.50 - - [19/Aug/2013:04:55:51 -0400] "GET / HTTP/1.1" 200 13290 "http://www.polimin.ru/" "Mozilla/4.0 (compatible; MSIE 5.5; Windows NT 4.0)"
76.178.191.22 - - [19/Aug/2013:18:10:49 -0400] "GET /scripts/user.js HTTP/1.1" 200 23762 "http://www.lenriggs.com/" "Mozilla/5.0 (Windows NT 6.1; WOW64) AppleWebKit/537.36 (KHTML, like Gecko) Chrome/28.0.1500.95 Safari/537.36"
76.178.191.22 - - [19/Aug/2013:18:10:50 -0400] "GET /scripts/icwebsiteelement.css HTTP/1.1" 200 8132 "http://www.lenriggs.com/" "Mozilla/5.0 (Windows NT 6.1; WOW64) AppleWebKit/537.36 (KHTML, like Gecko) Chrome/28.0.1500.95 Safari/537.36"
