66.194.84.132 - - [19/Aug/2013:12:08:22 -0400] "GET /onlinecourse.html HTTP/1.1" 200 13474 "http://lenriggs.com/" "Mozilla/5.0 (compatible; MSIE 9.0; Windows NT 6.1; WOW64; Trident/5.0)"
71.227.200.136 - - [19/Aug/2013:11:16:30 -0400] "GET /scripts/icwebsiteelement.css HTTP/1.1" 200 8132 "http://lenriggs.com/" "Mozilla/5.0 (Windows NT 6.1) AppleWebKit/537.36 (KHTML, like Gecko) Chrome/28.0.1500.95 Safari/537.36"
71.227.200.136 - - [19/Aug/2013:11:16:33 -0400] "GET /images/pattern_png.png HTTP/1.1" 200 4554 "http://lenriggs.com/" "Mozilla/5.0 (Windows NT 6.1) AppleWebKit/537.36 (KHTML, like Gecko) Chrome/28.0.1500.95 Safari/537.36"
71.227.200.136 - - [19/Aug/2013:11:16:33 -0400] "GET /images/dropshadow_bottom_png_wide.png HTTP/1.1" 200 3108 "http://lenriggs.com/" "Mozilla/5.0 (Windows NT 6.1) AppleWebKit/537.36 (KHTML, like Gecko) Chrome/28.0.1500.95 Safari/537.36"
91.207.9.226 - - [19/Aug/2013:22:05:47 -0400] "GET / HTTP/1.1" 200 17576 "http://www.triados.ru/" "Mozilla/4.0 (compatible; MSIE 6.0; Windows NT 5.1; SV1; FunWebProducts; .NET CLR 1.1.4322; PeoplePal 6.2)"
157.55.34.24 - - [19/Aug/2013:00:30:41 -0400] "GET /bremertonkitsappennislaareaclasses.html HTTP/1.1" 304 - "-" "Mozilla/5.0 (compatible; bingbot/2.0; +http://www.bing.com/bingbot.htm)"
74.125.187.129 - - [19/Aug/2013:02:42:11 -0400] "GET / HTTP/1.1" 200 13290 "-" "Mozilla/5.0 (Linux; Android 4.2.2; Galaxy Nexus Build/JDQ39) AppleWebKit/537.36 (KHTML, like Gecko) Chrome/29.0.1547.55 Mobile Safari/537.36"
74.125.187.129 - - [19/Aug/2013:02:42:12 -0400] "GET /scripts/template.css HTTP/1.1" 200 8633 "http://lenriggs.com/" "Mozilla/5.0 (Linux; Android 4.2.2; Galaxy Nexus Build/JDQ39) AppleWebKit/537.36 (KHTML, like Gecko) Chrome/29.0.1547.55 Mobile Safari/537.36"
74.125.187.129 - - [19/Aug/2013:02:42:12 -0400] "GET /scripts/template.css HTTP/1.1" 200 8633 "http://lenriggs.com/" "Mozilla/5.0 (Linux; Android 4.2.2; Galaxy Nexus Build/JDQ39) AppleWebKit/537.36 (KHTML, like Gecko) Chrome/29.0.1547.55 Mobile Safari/537.36"
74.125.187.129 - - [19/Aug/2013:02:42:12 -0400] "GET /scripts/website.css HTTP/1.1" 200 2395 "http://lenriggs.com/" "Mozilla/5.0 (Linux; Android 4.2.2; Galaxy Nexus Build/JDQ39) AppleWebKit/537.36 (KHTML, like Gecko) Chrome/29.0.1547.55 Mobile Safari/537.36"
74.125.187.129 - - [19/Aug/2013:02:42:12 -0400] "GET /scripts/user.js HTTP/1.1" 200 23762 "http://lenriggs.com/" "Mozilla/5.0 (Linux; Android 4.2.2; Galaxy Nexus Build/JDQ39) AppleWebKit/537.36 (KHTML, like Gecko) Chrome/29.0.1547.55 Mobile Safari/537.36"
74.125.187.129 - - [19/Aug/2013:02:42:13 -0400] "GET /scripts/print.css HTTP/1.1" 200 9876 "http://lenriggs.com/" "Mozilla/5.0 (Linux; Android 4.2.2; Galaxy Nexus Build/JDQ39) AppleWebKit/537.36 (KHTML, like Gecko) Chrome/29.0.1547.55 Mobile Safari/537.36"
74.125.187.129 - - [19/Aug/2013:02:42:13 -0400] "GET /scripts/print.css HTTP/1.1" 200 9876 "http://lenriggs.com/" "Mozilla/5.0 (Linux; Android 4.2.2; Galaxy Nexus Build/JDQ39) AppleWebKit/537.36 (KHTML, like Gecko) Chrome/29.0.1547.55 Mobile Safari/537.36"
74.125.187.129 - - [19/Aug/2013:02:42:14 -0400] "GET /images/dropshadow_bottom_png_wide.png HTTP/1.1" 200 3108 "http://lenriggs.com/" "Mozilla/5.0 (Linux; Android 4.2.2; Galaxy Nexus Build/JDQ39) AppleWebKit/537.36 (KHTML, like Gecko) Chrome/29.0.1547.55 Mobile Safari/537.36"
74.125.187.129 - - [19/Aug/2013:02:42:14 -0400] "GET /images/dropshadow_bottom_png_wide.png HTTP/1.1" 200 3108 "http://lenriggs.com/" "Mozilla/5.0 (Linux; Android 4.2.2; Galaxy Nexus Build/JDQ39) AppleWebKit/537.36 (KHTML, like Gecko) Chrome/29.0.1547.55 Mobile Safari/537.36"
76.2.3.26 - - [19/Aug/2013:15:12:13 -0400] "GET /scripts/39custom.css HTTP/1.1" 200 1141 "http://lenriggs.com/onlinecourse.html" "Mozilla/5.0 (Macintosh; Intel Mac OS X 10_8_4) AppleWebKit/536.30.1 (KHTML, like Gecko) Version/6.0.5 Safari/536.30.1"
71.83.229.101 - - [19/Aug/2013:16:36:40 -0400] "GET /scripts/template.css HTTP/1.1" 200 8633 "http://www.lenriggs.com/" "Mozilla/5.0 (Macintosh; Intel Mac OS X 10_8_2) AppleWebKit/537.36 (KHTML, like Gecko) Chrome/27.0.1453.110 Safari/537.36"
71.83.229.101 - - [19/Aug/2013:16:36:41 -0400] "GET /images/accent_png.png HTTP/1.1" 200 3544 "http://www.lenriggs.com/" "Mozilla/5.0 (Macintosh; Intel Mac OS X 10_8_2) AppleWebKit/537.36 (KHTML, like Gecko) Chrome/27.0.1453.110 Safari/537.36"
50.123.76.55 - - [19/Aug/2013:16:48:26 -0400] "GET /scripts/website.css HTTP/1.1" 200 2395 "http://www.lenriggs.com/" "Mozilla/5.0 (compatible; MSIE 10.0; Windows NT 6.1; Trident/6.0)"
50.123.76.55 - - [19/Aug/2013:16:48:26 -0400] "GET /scripts/print.css HTTP/1.1" 200 9876 "http://www.lenriggs.com/" "Mozilla/5.0 (compatible; MSIE 10.0; Windows NT 6.1; Trident/6.0)"
67.183.212.55 - - [19/Aug/2013:17:19:01 -0400] "GET /blog.php HTTP/1.1" 200 9304 "http://lenriggs.com/" "Mozilla/4.0 (compatible; MSIE 7.0; Windows NT 6.1; WOW64; Trident/6.0; SLCC2; .NET CLR 2.0.50727; .NET CLR 3.5.30729; .NET CLR 3.0.30729; Media Center PC 6.0; .NET4.0C; BRI/2; AskTB5.2)"
67.183.212.55 - - [19/Aug/2013:17:23:29 -0400] "POST /blog.php HTTP/1.1" 200 12875 "http://lenriggs.com/blog.php" "Mozilla/4.0 (compatible; MSIE 7.0; Windows NT 6.1; WOW64; Trident/6.0; SLCC2; .NET CLR 2.0.50727; .NET CLR 3.5.30729; .NET CLR 3.0.30729; Media Center PC 6.0; .NET4.0C; BRI/2; AskTB5.2)"
67.183.212.55 - - [19/Aug/2013:17:23:31 -0400] "GET /eblog/c.php?r=234554 HTTP/1.1" 200 2143 "http://lenriggs.com/blog.php" "Mozilla/4.0 (compatible; MSIE 7.0; Windows NT 6.1; WOW64; Trident/6.0; SLCC2; .NET CLR 2.0.50727; .NET CLR 3.5.30729; .NET CLR 3.0.30729; Media Center PC 6.0; .NET4.0C; BRI/2; AskTB5.2)"
67.183.212.55 - - [19/Aug/2013:17:25:32 -0400] "GET /eblog/c.php?r=867950 HTTP/1.1" 200 2188 "http://lenriggs.com/blog.php" "Mozilla/4.0 (compatible; MSIE 7.0; Windows NT 6.1; WOW64; Trident/6.0; SLCC2; .NET CLR 2.0.50727; .NET CLR 3.5.30729; .NET CLR 3.0.30729; Media Center PC 6.0; .NET4.0C; BRI/2; AskTB5.2)"
67.183.212.55 - - [19/Aug/2013:17:27:01 -0400] "GET /eblog/tiny_mce/plugins/media/css/content.css HTTP/1.1" 200 524 "http://lenriggs.com/blog.php?s=hello-world&a=ep" "Mozilla/4.0 (compatible; MSIE 7.0; Windows NT 6.1; WOW64; Trident/6.0; SLCC2; .NET CLR 2.0.50727; .NET CLR 3.5.30729; .NET CLR 3.0.30729; Media Center PC 6.0; .NET4.0C; BRI/2; AskTB5.2)"
97.90.66.111 - - [19/Aug/2013:18:32:26 -0400] "GET /favicon.ico HTTP/1.1" 404 575 "-" "Mozilla/5.0 (Windows NT 6.1; WOW64) AppleWebKit/537.36 (KHTML, like Gecko) Chrome/28.0.1500.95 Safari/537.36"
97.90.66.111 - - [19/Aug/2013:18:32:26 -0400] "GET /favicon.ico HTTP/1.1" 404 575 "-" "Mozilla/5.0 (Windows NT 6.1; WOW64) AppleWebKit/537.36 (KHTML, like Gecko) Chrome/28.0.1500.95 Safari/537.36"
66.209.91.164 - - [19/Aug/2013:20:02:50 -0400] "GET /favicon.ico HTTP/1.1" 404 575 "-" "Mozilla/4.0 (compatible; MSIE 8.0; Windows NT 6.1; WOW64; Trident/4.0; SLCC2; .NET CLR 2.0.50727; .NET CLR 3.5.30729; .NET CLR 3.0.30729; Media Center PC 6.0; .NET4.0C; .NET4.0E)"
67.183.247.128 - - [19/Aug/2013:22:32:14 -0400] "GET /scripts/icwebsiteelement.css HTTP/1.1" 200 8132 "http://www.lenriggs.com/" "Mozilla/5.0 (Macintosh; Intel Mac OS X 10_6_8) AppleWebKit/537.36 (KHTML, like Gecko) Chrome/28.0.1500.95 Safari/537.36"
67.183.247.128 - - [19/Aug/2013:22:32:15 -0400] "GET /images/ic_061_container_bg_wide.gif HTTP/1.1" 200 278 "http://www.lenriggs.com/" "Mozilla/5.0 (Macintosh; Intel Mac OS X 10_6_8) AppleWebKit/537.36 (KHTML, like Gecko) Chrome/28.0.1500.95 Safari/537.36"
67.183.247.128 - - [19/Aug/2013:22:32:15 -0400] "GET /images/ic_061_headercontent_bg_wide.png HTTP/1.1" 200 1298 "http://www.lenriggs.com/" "Mozilla/5.0 (Macintosh; Intel Mac OS X 10_6_8) AppleWebKit/537.36 (KHTML, like Gecko) Chrome/28.0.1500.95 Safari/537.36"
64.188.158.57 - - [19/Aug/2013:22:46:21 -0400] "GET /scripts/template.css HTTP/1.1" 200 15971 "http://www.lenriggs.com/home.html" "Mozilla/5.0 (Linux; U; en-us; KFOT Build/IML74K) AppleWebKit/535.19 (KHTML, like Gecko) Silk/3.4 Safari/535.19 Silk-Accelerated=true"
64.188.158.57 - - [19/Aug/2013:22:46:22 -0400] "GET /images/ic_061_container_bg_wide.gif HTTP/1.1" 200 278 "http://www.lenriggs.com/home.html" "Mozilla/5.0 (Linux; U; en-us; KFOT Build/IML74K) AppleWebKit/535.19 (KHTML, like Gecko) Silk/3.4 Safari/535.19 Silk-Accelerated=true"
64.188.158.57 - - [19/Aug/2013:22:46:22 -0400] "GET /images/ic_061_title_bg_wide.png HTTP/1.1" 200 3326 "http://www.lenriggs.com/home.html" "Mozilla/5.0 (Linux; U; en-us; KFOT Build/IML74K) AppleWebKit/535.19 (KHTML, like Gecko) Silk/3.4 Safari/535.19 Silk-Accelerated=true"
71.227.200.136 - - [19/Aug/2013:11:16:30 -0400] "GET /scripts/website.css HTTP/1.1" 200 2395 "http://lenriggs.com/" "Mozilla/5.0 (Windows NT 6.1) AppleWebKit/537.36 (KHTML, like Gecko) Chrome/28.0.1500.95 Safari/537.36"
71.227.200.136 - - [19/Aug/2013:11:16:31 -0400] "GET /scripts/user.js HTTP/1.1" 200 23762 "http://lenriggs.com/" "Mozilla/5.0 (Windows NT 6.1) AppleWebKit/537.36 (KHTML, like Gecko) Chrome/28.0.1500.95 Safari/537.36"
71.227.200.136 - - [19/Aug/2013:11:16:33 -0400] "GET /images/dropshadow_sides_png_wide.png HTTP/1.1" 200 11205 "http://lenriggs.com/" "Mozilla/5.0 (Windows NT 6.1) AppleWebKit/537.36 (KHTML, like Gecko) Chrome/28.0.1500.95 Safari/537.36"
71.227.200.136 - - [19/Aug/2013:11:16:34 -0400] "GET /favicon.ico HTTP/1.1" 404 575 "-" "Mozilla/5.0 (Windows NT 6.1) AppleWebKit/537.36 (KHTML, like Gecko) Chrome/28.0.1500.95 Safari/537.36"
66.194.84.132 - - [19/Aug/2013:12:08:20 -0400] "GET /scripts/template.css HTTP/1.1" 200 8633 "http://lenriggs.com/" "Mozilla/5.0 (compatible; MSIE 9.0; Windows NT 6.1; WOW64; Trident/5.0)"
66.194.84.132 - - [19/Aug/2013:12:08:20 -0400] "GET /images/accent_png.png HTTP/1.1" 200 3544 "http://lenriggs.com/" "Mozilla/5.0 (compatible; MSIE 9.0; Windows NT 6.1; WOW64; Trident/5.0)"
66.194.84.132 - - [19/Aug/2013:13:03:51 -0400] "GET / HTTP/1.1" 200 13290 "http://www.google.com/url?sa=t&rct=j&q=&esrc=s&frm=1&source=web&cd=1&ved=0CEUQFjAA&url=http%3A%2F%2Fwww.lenriggs.com%2F&ei=808SUsaJNuXEyQHFy4BQ&usg=AFQjCNEkxrknMe29N7cTpfy8FFRAybnBuw&sig2=g0L-8UG54uOa_Lp3eRryTw&bvm=bv.50768961,d.aWc" "Mozilla/4.0 (compatible; MSIE 8.0; Windows NT 5.1; Trident/4.0; .NET CLR 2.0.50727; .NET CLR 3.0.4506.2152; .NET CLR 3.5.30729; .NET4.0C; .NET4.0E; InfoPath.1; InfoPath.3)"
66.194.84.132 - - [19/Aug/2013:13:03:51 -0400] "GET /scripts/1custom.css HTTP/1.1" 200 1750 "http://www.lenriggs.com/" "Mozilla/4.0 (compatible; MSIE 8.0; Windows NT 5.1; Trident/4.0; .NET CLR 2.0.50727; .NET CLR 3.0.4506.2152; .NET CLR 3.5.30729; .NET4.0C; .NET4.0E; InfoPath.1; InfoPath.3)"
66.194.84.132 - - [19/Aug/2013:13:03:51 -0400] "GET /images/dropshadow_sides_png_wide.png HTTP/1.1" 200 11205 "http://www.lenriggs.com/" "Mozilla/4.0 (compatible; MSIE 8.0; Windows NT 5.1; Trident/4.0; .NET CLR 2.0.50727; .NET CLR 3.0.4506.2152; .NET CLR 3.5.30729; .NET4.0C; .NET4.0E; InfoPath.1; InfoPath.3)"
166.147.88.27 - - [19/Aug/2013:14:46:56 -0400] "GET /images/dropshadow_sides_png_wide.png HTTP/1.1" 200 11205 "http://www.lenriggs.com/scripts/template.css" "Mozilla/5.0 (Windows NT 6.1; WOW64; rv:23.0) Gecko/20100101 Firefox/23.0"
166.147.88.27 - - [19/Aug/2013:14:46:58 -0400] "GET /images/dropshadow_bottom_png_wide.png HTTP/1.1" 200 3108 "http://www.lenriggs.com/scripts/template.css" "Mozilla/5.0 (Windows NT 6.1; WOW64; rv:23.0) Gecko/20100101 Firefox/23.0"
166.147.88.27 - - [19/Aug/2013:14:48:47 -0400] "GET /scripts/45custom.css HTTP/1.1" 200 804 "http://www.lenriggs.com/classschedule/classinformation.html" "Mozilla/5.0 (Windows NT 6.1; WOW64; rv:23.0) Gecko/20100101 Firefox/23.0"
66.194.84.132 - - [19/Aug/2013:12:08:20 -0400] "GET /scripts/website.css HTTP/1.1" 200 2395 "http://lenriggs.com/" "Mozilla/5.0 (compatible; MSIE 9.0; Windows NT 6.1; WOW64; Trident/5.0)"
66.194.84.132 - - [19/Aug/2013:12:08:20 -0400] "GET /scripts/1custom.css HTTP/1.1" 200 1750 "http://lenriggs.com/" "Mozilla/5.0 (compatible; MSIE 9.0; Windows NT 6.1; WOW64; Trident/5.0)"
66.194.84.132 - - [19/Aug/2013:12:08:20 -0400] "GET /images/pattern_png.png HTTP/1.1" 200 4554 "http://lenriggs.com/" "Mozilla/5.0 (compatible; MSIE 9.0; Windows NT 6.1; WOW64; Trident/5.0)"
208.54.32.229 - - [19/Aug/2013:15:10:59 -0400] "GET /classschedule.html HTTP/1.1" 200 8781 "http://www.lenriggs.com/" "Mozilla/5.0 (Linux; U; Android 2.3.4; en-us; T-Mobile G2 Build/GRJ22) AppleWebKit/533.1 (KHTML, like Gecko) Version/4.0 Mobile Safari/533.1"
208.54.32.229 - - [19/Aug/2013:15:11:01 -0400] "GET /favicon.ico HTTP/1.1" 404 575 "http://www.lenriggs.com/classschedule.html" "Mozilla/5.0 (Linux; U; Android 2.3.4; en-us; T-Mobile G2 Build/GRJ22) AppleWebKit/533.1 (KHTML, like Gecko) Version/4.0 Mobile Safari/533.1"
76.2.3.26 - - [19/Aug/2013:15:11:06 -0400] "GET /images/pattern_png.png HTTP/1.1" 200 4554 "http://lenriggs.com/" "Mozilla/5.0 (Macintosh; Intel Mac OS X 10_8_4) AppleWebKit/536.30.1 (KHTML, like Gecko) Version/6.0.5 Safari/536.30.1"
71.83.229.101 - - [19/Aug/2013:16:36:40 -0400] "GET /scripts/icwebsiteelement.css HTTP/1.1" 200 8132 "http://www.lenriggs.com/" "Mozilla/5.0 (Macintosh; Intel Mac OS X 10_8_2) AppleWebKit/537.36 (KHTML, like Gecko) Chrome/27.0.1453.110 Safari/537.36"
71.83.229.101 - - [19/Aug/2013:16:36:41 -0400] "GET /images/dropshadow_sides_png_wide.png HTTP/1.1" 200 11205 "http://www.lenriggs.com/" "Mozilla/5.0 (Macintosh; Intel Mac OS X 10_8_2) AppleWebKit/537.36 (KHTML, like Gecko) Chrome/27.0.1453.110 Safari/537.36"
71.83.229.101 - - [19/Aug/2013:16:36:56 -0400] "GET /onlinecourse.html HTTP/1.1" 200 13474 "http://www.lenriggs.com/" "Mozilla/5.0 (Macintosh; Intel Mac OS X 10_8_2) AppleWebKit/537.36 (KHTML, like Gecko) Chrome/27.0.1453.110 Safari/537.36"
71.83.229.101 - - [19/Aug/2013:16:36:57 -0400] "GET /scripts/39custom.css HTTP/1.1" 200 1141 "http://www.lenriggs.com/onlinecourse.html" "Mozilla/5.0 (Macintosh; Intel Mac OS X 10_8_2) AppleWebKit/537.36 (KHTML, like Gecko) Chrome/27.0.1453.110 Safari/537.36"
71.83.229.101 - - [19/Aug/2013:16:36:57 -0400] "GET /favicon.ico HTTP/1.1" 404 575 "-" "Mozilla/5.0 (Macintosh; Intel Mac OS X 10_8_2) AppleWebKit/537.36 (KHTML, like Gecko) Chrome/27.0.1453.110 Safari/537.36"
98.143.120.9 - - [19/Aug/2013:17:09:37 -0400] "GET /scripts/template.css HTTP/1.1" 200 15971 "http://www.lenriggs.com/" "Mozilla/5.0 (compatible; MSIE 10.0; Windows NT 6.1; Trident/6.0)"
98.143.120.9 - - [19/Aug/2013:17:09:38 -0400] "GET /images/ic_061_topmargin_r2_wide.gif HTTP/1.1" 200 274 "http://www.lenriggs.com/" "Mozilla/5.0 (compatible; MSIE 10.0; Windows NT 6.1; Trident/6.0)"
98.143.120.9 - - [19/Aug/2013:17:09:39 -0400] "GET /images/ic_061_navbutton_bg.gif HTTP/1.1" 200 692 "http://www.lenriggs.com/" "Mozilla/5.0 (compatible; MSIE 10.0; Windows NT 6.1; Trident/6.0)"
98.143.120.9 - - [19/Aug/2013:17:09:39 -0400] "GET /images/ic_061_docwrapper_bg_wide.gif HTTP/1.1" 200 328 "http://www.lenriggs.com/" "Mozilla/5.0 (compatible; MSIE 10.0; Windows NT 6.1; Trident/6.0)"
67.183.212.55 - - [19/Aug/2013:17:23:09 -0400] "GET /eblog/c.php?r=539487 HTTP/1.1" 200 2192 "http://lenriggs.com/blog.php" "Mozilla/4.0 (compatible; MSIE 7.0; Windows NT 6.1; WOW64; Trident/6.0; SLCC2; .NET CLR 2.0.50727; .NET CLR 3.5.30729; .NET CLR 3.0.30729; Media Center PC 6.0; .NET4.0C; BRI/2; AskTB5.2)"
67.183.212.55 - - [19/Aug/2013:17:25:31 -0400] "POST /blog.php HTTP/1.1" 200 12970 "http://lenriggs.com/blog.php" "Mozilla/4.0 (compatible; MSIE 7.0; Windows NT 6.1; WOW64; Trident/6.0; SLCC2; .NET CLR 2.0.50727; .NET CLR 3.5.30729; .NET CLR 3.0.30729; Media Center PC 6.0; .NET4.0C; BRI/2; AskTB5.2)"
173.202.211.2 - - [19/Aug/2013:00:06:45 -0400] "GET /classschedule.html HTTP/1.1" 200 8781 "http://www.lenriggs.com/" "Mozilla/5.0 (compatible; MSIE 10.0; Windows NT 6.2; WOW64; Trident/6.0)"
157.55.35.42 - - [19/Aug/2013:06:34:37 -0400] "GET /robots.txt HTTP/1.1" 200 25 "-" "Mozilla/5.0 (compatible; bingbot/2.0; +http://www.bing.com/bingbot.htm)"
71.80.194.64 - - [19/Aug/2013:19:03:42 -0400] "GET /images/Alcohol_Pic.jpg HTTP/1.1" 200 6016 "http://www.lenriggs.com/" "Mozilla/5.0 (Windows NT 6.0) AppleWebKit/537.36 (KHTML, like Gecko) Chrome/28.0.1500.95 Safari/537.36"
50.135.180.62 - - [19/Aug/2013:19:42:48 -0400] "GET /favicon.ico HTTP/1.1" 404 575 "-" "Mozilla/5.0 (compatible; MSIE 9.0; Windows NT 6.1; WOW64; Trident/5.0)"
66.209.91.164 - - [19/Aug/2013:20:01:53 -0400] "GET /scripts/website.css HTTP/1.1" 200 2501 "http://www.lenriggs.com/" "Mozilla/4.0 (compatible; MSIE 8.0; Windows NT 6.1; WOW64; Trident/4.0; SLCC2; .NET CLR 2.0.50727; .NET CLR 3.5.30729; .NET CLR 3.0.30729; Media Center PC 6.0; .NET4.0C; .NET4.0E)"
66.249.75.18 - - [19/Aug/2013:16:24:21 -0400] "GET /blog.php HTTP/1.1" 200 6162 "-" "Mozilla/5.0 (iPhone; U; CPU iPhone OS 4_1 like Mac OS X; en-us) AppleWebKit/532.9 (KHTML, like Gecko) Version/4.0.5 Mobile/8B117 Safari/6531.22.7 (compatible; Googlebot-Mobile/2.1; +http://www.google.com/bot.html)"
50.123.76.55 - - [19/Aug/2013:16:49:15 -0400] "GET /classschedule.html HTTP/1.1" 200 8781 "http://www.lenriggs.com/home.html" "Mozilla/5.0 (compatible; MSIE 10.0; Windows NT 6.1; Trident/6.0)"
67.183.212.55 - - [19/Aug/2013:17:09:38 -0400] "GET /scripts/template.css HTTP/1.1" 200 15971 "http://lenriggs.com/" "Mozilla/4.0 (compatible; MSIE 7.0; Windows NT 6.1; WOW64; Trident/6.0; SLCC2; .NET CLR 2.0.50727; .NET CLR 3.5.30729; .NET CLR 3.0.30729; Media Center PC 6.0; .NET4.0C; BRI/2; AskTB5.2)"
67.183.212.55 - - [19/Aug/2013:17:09:39 -0400] "GET /images/ic_061_navtopper_bg_wide.png HTTP/1.1" 200 208 "http://lenriggs.com/" "Mozilla/4.0 (compatible; MSIE 7.0; Windows NT 6.1; WOW64; Trident/6.0; SLCC2; .NET CLR 2.0.50727; .NET CLR 3.5.30729; .NET CLR 3.0.30729; Media Center PC 6.0; .NET4.0C; BRI/2; AskTB5.2)"
67.183.212.55 - - [19/Aug/2013:17:09:39 -0400] "GET /images/Alcohol_Pic.jpg HTTP/1.1" 200 6016 "http://lenriggs.com/" "Mozilla/4.0 (compatible; MSIE 7.0; Windows NT 6.1; WOW64; Trident/6.0; SLCC2; .NET CLR 2.0.50727; .NET CLR 3.5.30729; .NET CLR 3.0.30729; Media Center PC 6.0; .NET4.0C; BRI/2; AskTB5.2)"
67.183.212.55 - - [19/Aug/2013:17:26:38 -0400] "GET /blog.php?s=hello-world&a=ep HTTP/1.1" 200 13737 "http://lenriggs.com/blog.php" "Mozilla/4.0 (compatible; MSIE 7.0; Windows NT 6.1; WOW64; Trident/6.0; SLCC2; .NET CLR 2.0.50727; .NET CLR 3.5.30729; .NET CLR 3.0.30729; Media Center PC 6.0; .NET4.0C; BRI/2; AskTB5.2)"
67.183.212.55 - - [19/Aug/2013:17:26:59 -0400] "GET /eblog/tiny_mce/tiny_mce_gzip.js HTTP/1.1" 200 2928 "http://lenriggs.com/blog.php?s=hello-world&a=ep" "Mozilla/4.0 (compatible; MSIE 7.0; Windows NT 6.1; WOW64; Trident/6.0; SLCC2; .NET CLR 2.0.50727; .NET CLR 3.5.30729; .NET CLR 3.0.30729; Media Center PC 6.0; .NET4.0C; BRI/2; AskTB5.2)"
67.183.212.55 - - [19/Aug/2013:17:26:59 -0400] "GET /eblog/tiny_mce/tiny_mce_gzip.php?js=true&diskcache=true&core=true&suffix=&themes=simple%2Cadvanced&plugins=style%2Clayer%2Ctable%2Csave%2Cadvhr%2Cadvimage%2Cadvlink%2Cemotions%2Ciespell%2Cinsertdatetime%2Cpreview%2Cmedia%2Csearchreplace%2Cprint%2Ccontextmenu%2Cpaste%2Cdirectionality%2Cfullscreen%2Cnoneditable%2Cvisualchars%2Cnonbreaking%2Cxhtmlxtras&languages=en HTTP/1.1" 200 69931 "http://lenriggs.com/blog.php?s=hello-world&a=ep" "Mozilla/4.0 (compatible; MSIE 7.0; Windows NT 6.1; WOW64; Trident/6.0; SLCC2; .NET CLR 2.0.50727; .NET CLR 3.5.30729; .NET CLR 3.0.30729; Media Center PC 6.0; .NET4.0C; BRI/2; AskTB5.2)"
67.183.212.55 - - [19/Aug/2013:17:27:01 -0400] "GET /eblog/tiny_mce/plugins/inlinepopups/editor_plugin.js HTTP/1.1" 200 11302 "http://lenriggs.com/blog.php?s=hello-world&a=ep" "Mozilla/4.0 (compatible; MSIE 7.0; Windows NT 6.1; WOW64; Trident/6.0; SLCC2; .NET CLR 2.0.50727; .NET CLR 3.5.30729; .NET CLR 3.0.30729; Media Center PC 6.0; .NET4.0C; BRI/2; AskTB5.2)"
67.183.212.55 - - [19/Aug/2013:17:27:01 -0400] "GET /eblog/tiny_mce/themes/advanced/skins/default/ui.css HTTP/1.1" 200 15497 "http://lenriggs.com/blog.php?s=hello-world&a=ep" "Mozilla/4.0 (compatible; MSIE 7.0; Windows NT 6.1; WOW64; Trident/6.0; SLCC2; .NET CLR 2.0.50727; .NET CLR 3.5.30729; .NET CLR 3.0.30729; Media Center PC 6.0; .NET4.0C; BRI/2; AskTB5.2)"
67.183.212.55 - - [19/Aug/2013:17:27:01 -0400] "GET /eblog/tiny_mce/themes/advanced/skins/default/content.css HTTP/1.1" 200 1275 "http://lenriggs.com/blog.php?s=hello-world&a=ep" "Mozilla/4.0 (compatible; MSIE 7.0; Windows NT 6.1; WOW64; Trident/6.0; SLCC2; .NET CLR 2.0.50727; .NET CLR 3.5.30729; .NET CLR 3.0.30729; Media Center PC 6.0; .NET4.0C; BRI/2; AskTB5.2)"
76.178.191.22 - - [19/Aug/2013:18:13:31 -0400] "GET /scripts/website.css HTTP/1.1" 304 - "http://www.lenriggs.com/" "Mozilla/5.0 (Windows NT 6.1; WOW64) AppleWebKit/537.36 (KHTML, like Gecko) Chrome/28.0.1500.95 Safari/537.36"
206.214.52.136 - - [19/Aug/2013:18:36:02 -0400] "GET /scripts/website.css HTTP/1.1" 200 2501 "http://www.lenriggs.com/" "Mozilla/5.0 (iPad; CPU OS 6_1_3 like Mac OS X) AppleWebKit/536.26 (KHTML, like Gecko) Version/6.0 Mobile/10B329 Safari/8536.25"
206.214.52.136 - - [19/Aug/2013:18:36:02 -0400] "GET /scripts/icwebsiteelement.css HTTP/1.1" 200 8132 "http://www.lenriggs.com/" "Mozilla/5.0 (iPad; CPU OS 6_1_3 like Mac OS X) AppleWebKit/536.26 (KHTML, like Gecko) Version/6.0 Mobile/10B329 Safari/8536.25"
206.214.52.136 - - [19/Aug/2013:18:36:02 -0400] "GET /images/Alcohol_Pic.jpg HTTP/1.1" 200 6016 "http://www.lenriggs.com/" "Mozilla/5.0 (iPad; CPU OS 6_1_3 like Mac OS X) AppleWebKit/536.26 (KHTML, like Gecko) Version/6.0 Mobile/10B329 Safari/8536.25"
206.214.52.136 - - [19/Aug/2013:18:36:02 -0400] "GET /images/ic_061_navcontainer_bg.gif HTTP/1.1" 200 115 "http://www.lenriggs.com/" "Mozilla/5.0 (iPad; CPU OS 6_1_3 like Mac OS X) AppleWebKit/536.26 (KHTML, like Gecko) Version/6.0 Mobile/10B329 Safari/8536.25"
192.182.137.211 - - [19/Aug/2013:19:47:02 -0400] "GET /images/ic_061_navtopper_bg_wide.png HTTP/1.1" 200 208 "http://www.lenriggs.com/" "Mozilla/5.0 (Windows NT 6.1; WOW64) AppleWebKit/537.36 (KHTML, like Gecko) Chrome/28.0.1500.72 Safari/537.36"
67.183.212.55 - - [19/Aug/2013:20:44:12 -0400] "GET / HTTP/1.1" 200 17576 "http://www.google.com/url?sa=t&rct=j&q=len%20riggs&source=web&cd=1&ved=0CDkQFjAA&url=http%3A%2F%2Fwww.lenriggs.com%2F&ei=irsSUoaUErKMigLf4oHIBQ&usg=AFQjCNEkxrknMe29N7cTpfy8FFRAybnBuw" "Mozilla/4.0 (compatible; MSIE 8.0; Windows NT 6.1; WOW64; Trident/4.0; GTB7.5; SLCC2; .NET CLR 2.0.50727; .NET CLR 3.5.30729; .NET CLR 3.0.30729; Media Center PC 6.0; .NET4.0C)"
67.183.212.55 - - [19/Aug/2013:20:44:12 -0400] "GET /scripts/photoalbum.js HTTP/1.1" 200 62481 "http://www.lenriggs.com/" "Mozilla/4.0 (compatible; MSIE 8.0; Windows NT 6.1; WOW64; Trident/4.0; GTB7.5; SLCC2; .NET CLR 2.0.50727; .NET CLR 3.5.30729; .NET CLR 3.0.30729; Media Center PC 6.0; .NET4.0C)"
67.183.212.55 - - [19/Aug/2013:20:44:12 -0400] "GET /scripts/icwebsiteelement.css HTTP/1.1" 200 8132 "http://www.lenriggs.com/" "Mozilla/4.0 (compatible; MSIE 8.0; Windows NT 6.1; WOW64; Trident/4.0; GTB7.5; SLCC2; .NET CLR 2.0.50727; .NET CLR 3.5.30729; .NET CLR 3.0.30729; Media Center PC 6.0; .NET4.0C)"
67.183.212.55 - - [19/Aug/2013:20:44:14 -0400] "GET /images/ic_061_title_bg_wide.png HTTP/1.1" 200 3326 "http://www.lenriggs.com/" "Mozilla/4.0 (compatible; MSIE 8.0; Windows NT 6.1; WOW64; Trident/4.0; GTB7.5; SLCC2; .NET CLR 2.0.50727; .NET CLR 3.5.30729; .NET CLR 3.0.30729; Media Center PC 6.0; .NET4.0C)"
67.183.212.55 - - [19/Aug/2013:20:44:14 -0400] "GET /images/ic_061_headernav_bg.png HTTP/1.1" 200 3340 "http://www.lenriggs.com/" "Mozilla/4.0 (compatible; MSIE 8.0; Windows NT 6.1; WOW64; Trident/4.0; GTB7.5; SLCC2; .NET CLR 2.0.50727; .NET CLR 3.5.30729; .NET CLR 3.0.30729; Media Center PC 6.0; .NET4.0C)"
151.138.13.244 - - [19/Aug/2013:04:55:58 -0400] "GET / HTTP/1.1" 206 13290 "-" "SuperPagesUrlVerifyBot/1.0"
24.19.20.141 - - [19/Aug/2013:10:54:38 -0400] "GET /scripts/print.css HTTP/1.1" 200 9876 "http://lenriggs.com/allupcomingclasses.html" "Mozilla/5.0 (Windows NT 6.1; WOW64; rv:23.0) Gecko/20100101 Firefox/23.0"
69.166.47.114 - - [19/Aug/2013:13:36:35 -0400] "GET /onlinecourse.html HTTP/1.1" 200 13474 "http://www.lenriggs.com/" "Mozilla/5.0 (Macintosh; Intel Mac OS X 10_7_5) AppleWebKit/536.30.1 (KHTML, like Gecko) Version/6.0.5 Safari/536.30.1"
69.166.47.114 - - [19/Aug/2013:13:36:36 -0400] "GET /scripts/39custom.css HTTP/1.1" 200 1141 "http://www.lenriggs.com/onlinecourse.html" "Mozilla/5.0 (Macintosh; Intel Mac OS X 10_7_5) AppleWebKit/536.30.1 (KHTML, like Gecko) Version/6.0.5 Safari/536.30.1"
70.90.179.13 - - [19/Aug/2013:14:55:32 -0400] "GET /scripts/photoalbum.js HTTP/1.1" 200 62481 "http://www.lenriggs.com/" "Mozilla/5.0 (Windows NT 6.1; rv:22.0) Gecko/20100101 Firefox/22.0"
70.90.179.13 - - [19/Aug/2013:14:55:33 -0400] "GET /images/dropshadow_sides_png_wide.png HTTP/1.1" 200 11205 "http://www.lenriggs.com/scripts/template.css" "Mozilla/5.0 (Windows NT 6.1; rv:22.0) Gecko/20100101 Firefox/22.0"
70.90.179.13 - - [19/Aug/2013:14:55:33 -0400] "GET /images/dropshadow_bottom_png_wide.png HTTP/1.1" 200 3108 "http://www.lenriggs.com/scripts/template.css" "Mozilla/5.0 (Windows NT 6.1; rv:22.0) Gecko/20100101 Firefox/22.0"
70.90.179.13 - - [19/Aug/2013:14:55:34 -0400] "GET /favicon.ico HTTP/1.1" 404 575 "-" "Mozilla/5.0 (Windows NT 6.1; rv:22.0) Gecko/20100101 Firefox/22.0"
157.55.35.42 - - [19/Aug/2013:22:49:09 -0400] "GET /robots.txt HTTP/1.1" 200 25 "-" "Mozilla/5.0 (compatible; bingbot/2.0; +http://www.bing.com/bingbot.htm)"
157.55.35.42 - - [19/Aug/2013:22:49:46 -0400] "GET / HTTP/1.1" 200 17576 "-" "Mozilla/5.0 (compatible; bingbot/2.0; +http://www.bing.com/bingbot.htm)"
173.202.211.2 - - [19/Aug/2013:00:06:02 -0400] "GET /favicon.ico HTTP/1.1" 404 575 "-" "Mozilla/5.0 (compatible; MSIE 10.0; Windows NT 6.2; Win64; x64; Trident/6.0)"
76.2.3.26 - - [19/Aug/2013:15:12:23 -0400] "GET /classschedule/classinformation.html HTTP/1.1" 200 13342 "http://lenriggs.com/onlinecourse.html" "Mozilla/5.0 (Macintosh; Intel Mac OS X 10_8_4) AppleWebKit/536.30.1 (KHTML, like Gecko) Version/6.0.5 Safari/536.30.1"
67.183.212.55 - - [19/Aug/2013:17:09:38 -0400] "GET / HTTP/1.1" 200 17575 "-" "Mozilla/4.0 (compatible; MSIE 7.0; Windows NT 6.1; WOW64; Trident/6.0; SLCC2; .NET CLR 2.0.50727; .NET CLR 3.5.30729; .NET CLR 3.0.30729; Media Center PC 6.0; .NET4.0C; BRI/2; AskTB5.2)"
67.183.212.55 - - [19/Aug/2013:17:09:38 -0400] "GET /scripts/1custom.css HTTP/1.1" 200 2088 "http://lenriggs.com/" "Mozilla/4.0 (compatible; MSIE 7.0; Windows NT 6.1; WOW64; Trident/6.0; SLCC2; .NET CLR 2.0.50727; .NET CLR 3.5.30729; .NET CLR 3.0.30729; Media Center PC 6.0; .NET4.0C; BRI/2; AskTB5.2)"
67.183.212.55 - - [19/Aug/2013:17:09:39 -0400] "GET /images/ic_061_body_bg.gif HTTP/1.1" 200 404 "http://lenriggs.com/" "Mozilla/4.0 (compatible; MSIE 7.0; Windows NT 6.1; WOW64; Trident/6.0; SLCC2; .NET CLR 2.0.50727; .NET CLR 3.5.30729; .NET CLR 3.0.30729; Media Center PC 6.0; .NET4.0C; BRI/2; AskTB5.2)"
67.183.212.55 - - [19/Aug/2013:17:09:39 -0400] "GET /images/ic_061_navcontainer_bg.gif HTTP/1.1" 200 115 "http://lenriggs.com/" "Mozilla/4.0 (compatible; MSIE 7.0; Windows NT 6.1; WOW64; Trident/6.0; SLCC2; .NET CLR 2.0.50727; .NET CLR 3.5.30729; .NET CLR 3.0.30729; Media Center PC 6.0; .NET4.0C; BRI/2; AskTB5.2)"
67.183.212.55 - - [19/Aug/2013:17:09:39 -0400] "GET /images/ic_061_docwrapper_bg_wide.gif HTTP/1.1" 200 328 "http://lenriggs.com/" "Mozilla/4.0 (compatible; MSIE 7.0; Windows NT 6.1; WOW64; Trident/6.0; SLCC2; .NET CLR 2.0.50727; .NET CLR 3.5.30729; .NET CLR 3.0.30729; Media Center PC 6.0; .NET4.0C; BRI/2; AskTB5.2)"
64.188.158.57 - - [19/Aug/2013:01:36:56 -0400] "GET /scripts/template.css HTTP/1.1" 200 8633 "http://www.lenriggs.com/home.html" "Mozilla/5.0 (Linux; U; en-us; KFOT Build/IML74K) AppleWebKit/535.19 (KHTML, like Gecko) Silk/3.4 Safari/535.19 Silk-Accelerated=true"
64.188.158.57 - - [19/Aug/2013:01:36:56 -0400] "GET /images/accent_png.png HTTP/1.1" 200 3544 "http://www.lenriggs.com/home.html" "Mozilla/5.0 (Linux; U; en-us; KFOT Build/IML74K) AppleWebKit/535.19 (KHTML, like Gecko) Silk/3.4 Safari/535.19 Silk-Accelerated=true"
65.122.125.226 - - [19/Aug/2013:13:03:21 -0400] "GET /scripts/photoalbum.js HTTP/1.1" 200 62481 "http://www.lenriggs.com/" "Mozilla/4.0 (compatible; MSIE 8.0; Windows NT 5.1; Trident/4.0; .NET4.0C; .NET CLR 2.0.50727; .NET CLR 3.0.4506.2152; .NET CLR 3.5.30729; .NET4.0E)"
66.194.84.132 - - [19/Aug/2013:13:03:51 -0400] "GET /scripts/ic_globals_published.js HTTP/1.1" 200 566 "http://www.lenriggs.com/" "Mozilla/4.0 (compatible; MSIE 8.0; Windows NT 5.1; Trident/4.0; .NET CLR 2.0.50727; .NET CLR 3.0.4506.2152; .NET CLR 3.5.30729; .NET4.0C; .NET4.0E; InfoPath.1; InfoPath.3)"
66.194.84.132 - - [19/Aug/2013:13:03:51 -0400] "GET /scripts/print.css HTTP/1.1" 200 9876 "http://www.lenriggs.com/" "Mozilla/4.0 (compatible; MSIE 8.0; Windows NT 5.1; Trident/4.0; .NET CLR 2.0.50727; .NET CLR 3.0.4506.2152; .NET CLR 3.5.30729; .NET4.0C; .NET4.0E; InfoPath.1; InfoPath.3)"
66.194.84.132 - - [19/Aug/2013:13:03:51 -0400] "GET /images/accent_png.png HTTP/1.1" 200 3544 "http://www.lenriggs.com/" "Mozilla/4.0 (compatible; MSIE 8.0; Windows NT 5.1; Trident/4.0; .NET CLR 2.0.50727; .NET CLR 3.0.4506.2152; .NET CLR 3.5.30729; .NET4.0C; .NET4.0E; InfoPath.1; InfoPath.3)"
66.194.84.132 - - [19/Aug/2013:13:18:48 -0400] "GET /scripts/user.js HTTP/1.1" 304 - "http://www.lenriggs.com/onlinecourse.html" "Mozilla/4.0 (compatible; MSIE 8.0; Windows NT 5.1; Trident/4.0; .NET CLR 2.0.50727; .NET CLR 3.0.4506.2152; .NET CLR 3.5.30729; .NET4.0C; .NET4.0E; InfoPath.1; InfoPath.3)"
66.194.84.132 - - [19/Aug/2013:13:18:48 -0400] "GET /scripts/39custom.css HTTP/1.1" 200 1141 "http://www.lenriggs.com/onlinecourse.html" "Mozilla/4.0 (compatible; MSIE 8.0; Windows NT 5.1; Trident/4.0; .NET CLR 2.0.50727; .NET CLR 3.0.4506.2152; .NET CLR 3.5.30729; .NET4.0C; .NET4.0E; InfoPath.1; InfoPath.3)"
157.55.34.24 - - [19/Aug/2013:14:57:41 -0400] "GET /scripts/website.css HTTP/1.1" 200 2395 "-" "Mozilla/5.0 (compatible; bingbot/2.0; +http://www.bing.com/bingbot.htm)"
12.171.46.121 - - [19/Aug/2013:19:00:09 -0400] "GET /scripts/template.css HTTP/1.0" 200 15971 "http://www.lenriggs.com/" "Mozilla/4.0 (compatible; MSIE 7.0; Windows NT 6.1; Trident/5.0; SLCC2; .NET CLR 2.0.50727; .NET CLR 3.5.30729; .NET CLR 3.0.30729; Media Center PC 6.0; .NET4.0C)"
12.171.46.121 - - [19/Aug/2013:19:00:10 -0400] "GET /images/ic_061_headercontent_bg_wide.png HTTP/1.0" 200 1298 "http://www.lenriggs.com/" "Mozilla/4.0 (compatible; MSIE 7.0; Windows NT 6.1; Trident/5.0; SLCC2; .NET CLR 2.0.50727; .NET CLR 3.5.30729; .NET CLR 3.0.30729; Media Center PC 6.0; .NET4.0C)"
12.171.46.121 - - [19/Aug/2013:19:00:10 -0400] "GET /images/ic_061_navcontainer_bg.gif HTTP/1.0" 200 115 "http://www.lenriggs.com/" "Mozilla/4.0 (compatible; MSIE 7.0; Windows NT 6.1; Trident/5.0; SLCC2; .NET CLR 2.0.50727; .NET CLR 3.5.30729; .NET CLR 3.0.30729; Media Center PC 6.0; .NET4.0C)"
12.171.46.121 - - [19/Aug/2013:19:00:10 -0400] "GET /favicon.ico HTTP/1.0" 404 575 "-" "Mozilla/4.0 (compatible; MSIE 7.0; Windows NT 6.1; Trident/5.0; SLCC2; .NET CLR 2.0.50727; .NET CLR 3.5.30729; .NET CLR 3.0.30729; Media Center PC 6.0; .NET4.0C)"
192.182.137.211 - - [19/Aug/2013:19:47:06 -0400] "GET /favicon.ico HTTP/1.1" 404 575 "-" "Mozilla/5.0 (Windows NT 6.1; WOW64) AppleWebKit/537.36 (KHTML, like Gecko) Chrome/28.0.1500.72 Safari/537.36"
91.207.9.226 - - [19/Aug/2013:22:05:48 -0400] "GET / HTTP/1.1" 200 17576 "http://moregirls.org/" "Mozilla/4.0 (compatible; MSIE 6.0; Windows NT 5.0; .NET CLR 1.0.3705; .NET CLR 1.1.4322)"
64.81.160.213 - - [19/Aug/2013:22:05:54 -0400] "GET /scripts/ic_globals_published.js HTTP/1.1" 200 566 "http://www.lenriggs.com/" "Mozilla/5.0 (iPad; CPU OS 5_1_1 like Mac OS X) AppleWebKit/534.46 (KHTML, like Gecko) Version/5.1 Mobile/9B206 Safari/7534.48.3"
64.81.160.213 - - [19/Aug/2013:22:05:55 -0400] "GET /images/ic_061_container_bg_wide.gif HTTP/1.1" 200 278 "http://www.lenriggs.com/" "Mozilla/5.0 (iPad; CPU OS 5_1_1 like Mac OS X) AppleWebKit/534.46 (KHTML, like Gecko) Version/5.1 Mobile/9B206 Safari/7534.48.3"
64.81.160.213 - - [19/Aug/2013:22:05:55 -0400] "GET /images/ic_061_title_bg_wide.png HTTP/1.1" 200 3326 "http://www.lenriggs.com/" "Mozilla/5.0 (iPad; CPU OS 5_1_1 like Mac OS X) AppleWebKit/534.46 (KHTML, like Gecko) Version/5.1 Mobile/9B206 Safari/7534.48.3"
206.188.38.230 - - [19/Aug/2013:13:21:30 -0400] "GET /images/6.jpg HTTP/1.1" 304 - "-" "Mozilla/4.0 (compatible;)"
206.188.38.230 - - [19/Aug/2013:14:31:08 -0400] "GET /images/ic_059_slogan_bg_wide.png HTTP/1.1" 304 - "-" "Mozilla/4.0 (compatible;)"
166.147.88.27 - - [19/Aug/2013:14:46:52 -0400] "GET /scripts/template.css HTTP/1.1" 200 8633 "http://www.lenriggs.com/" "Mozilla/5.0 (Windows NT 6.1; WOW64; rv:23.0) Gecko/20100101 Firefox/23.0"
166.147.88.27 - - [19/Aug/2013:14:46:53 -0400] "GET /scripts/1custom.css HTTP/1.1" 200 1750 "http://www.lenriggs.com/" "Mozilla/5.0 (Windows NT 6.1; WOW64; rv:23.0) Gecko/20100101 Firefox/23.0"
166.147.88.27 - - [19/Aug/2013:14:46:53 -0400] "GET /scripts/icwebsiteelement.css HTTP/1.1" 200 8132 "http://www.lenriggs.com/" "Mozilla/5.0 (Windows NT 6.1; WOW64; rv:23.0) Gecko/20100101 Firefox/23.0"
66.225.14.190 - - [19/Aug/2013:15:20:04 -0400] "GET /scripts/user.js HTTP/1.1" 200 23762 "http://www.lenriggs.com/" "Mozilla/4.0 (compatible; MSIE 8.0; Windows NT 5.1; Trident/4.0; chromeframe/28.0.1500.95; .NET4.0C; .NET4.0E; .NET CLR 1.1.4322; InfoPath.3; .NET CLR 2.0.50727; .NET CLR 3.0.4506.2152; .NET CLR 3.5.30729)"
66.225.14.190 - - [19/Aug/2013:15:20:06 -0400] "GET /images/dropshadow_bottom_png_wide.png HTTP/1.1" 200 3108 "http://www.lenriggs.com/" "Mozilla/4.0 (compatible; MSIE 8.0; Windows NT 5.1; Trident/4.0; chromeframe/28.0.1500.95; .NET4.0C; .NET4.0E; .NET CLR 1.1.4322; InfoPath.3; .NET CLR 2.0.50727; .NET CLR 3.0.4506.2152; .NET CLR 3.5.30729)"
157.55.35.42 - - [19/Aug/2013:15:52:41 -0400] "GET / HTTP/1.1" 200 13290 "-" "Mozilla/5.0 (compatible; bingbot/2.0; +http://www.bing.com/bingbot.htm)"
67.183.212.55 - - [19/Aug/2013:17:53:41 -0400] "GET /images/photoalbum/button_photoPause.jpg HTTP/1.1" 200 605 "http://lenriggs.com/win10000.html" "Mozilla/4.0 (compatible; MSIE 7.0; Windows NT 6.1; WOW64; Trident/6.0; SLCC2; .NET CLR 2.0.50727; .NET CLR 3.5.30729; .NET CLR 3.0.30729; Media Center PC 6.0; .NET4.0C; BRI/2; AskTB5.2)"
67.183.212.55 - - [19/Aug/2013:17:53:41 -0400] "GET /images/photoalbum/button_photoSpeed3_ON.jpg HTTP/1.1" 200 587 "http://lenriggs.com/win10000.html" "Mozilla/4.0 (compatible; MSIE 7.0; Windows NT 6.1; WOW64; Trident/6.0; SLCC2; .NET CLR 2.0.50727; .NET CLR 3.5.30729; .NET CLR 3.0.30729; Media Center PC 6.0; .NET4.0C; BRI/2; AskTB5.2)"
67.183.212.55 - - [19/Aug/2013:17:53:41 -0400] "GET /images/360_Brian_at_Big_Daddys.jpg HTTP/1.1" 200 25161 "http://lenriggs.com/win10000.html" "Mozilla/4.0 (compatible; MSIE 7.0; Windows NT 6.1; WOW64; Trident/6.0; SLCC2; .NET CLR 2.0.50727; .NET CLR 3.5.30729; .NET CLR 3.0.30729; Media Center PC 6.0; .NET4.0C; BRI/2; AskTB5.2)"
67.183.212.55 - - [19/Aug/2013:17:53:42 -0400] "GET /images/257_Lauren.jpg HTTP/1.1" 200 13702 "http://lenriggs.com/win10000.html" "Mozilla/4.0 (compatible; MSIE 7.0; Windows NT 6.1; WOW64; Trident/6.0; SLCC2; .NET CLR 2.0.50727; .NET CLR 3.5.30729; .NET CLR 3.0.30729; Media Center PC 6.0; .NET4.0C; BRI/2; AskTB5.2)"
67.183.212.55 - - [19/Aug/2013:17:53:42 -0400] "GET /images/360_Mike.McSorley.McSology.New.Delhi_1_.jpg HTTP/1.1" 200 33744 "http://lenriggs.com/win10000.html" "Mozilla/4.0 (compatible; MSIE 7.0; Windows NT 6.1; WOW64; Trident/6.0; SLCC2; .NET CLR 2.0.50727; .NET CLR 3.5.30729; .NET CLR 3.0.30729; Media Center PC 6.0; .NET4.0C; BRI/2; AskTB5.2)"
67.183.212.55 - - [19/Aug/2013:17:53:42 -0400] "GET /images/119_Carol.jpg HTTP/1.1" 200 4370 "http://lenriggs.com/win10000.html" "Mozilla/4.0 (compatible; MSIE 7.0; Windows NT 6.1; WOW64; Trident/6.0; SLCC2; .NET CLR 2.0.50727; .NET CLR 3.5.30729; .NET CLR 3.0.30729; Media Center PC 6.0; .NET4.0C; BRI/2; AskTB5.2)"
67.183.212.55 - - [19/Aug/2013:17:53:42 -0400] "GET /images/83_ash12.jpg HTTP/1.1" 200 2662 "http://lenriggs.com/win10000.html" "Mozilla/4.0 (compatible; MSIE 7.0; Windows NT 6.1; WOW64; Trident/6.0; SLCC2; .NET CLR 2.0.50727; .NET CLR 3.5.30729; .NET CLR 3.0.30729; Media Center PC 6.0; .NET4.0C; BRI/2; AskTB5.2)"
67.183.212.55 - - [19/Aug/2013:17:53:42 -0400] "GET /images/photoalbum/photo_controlBG.jpg HTTP/1.1" 200 336 "http://lenriggs.com/win10000.html" "Mozilla/4.0 (compatible; MSIE 7.0; Windows NT 6.1; WOW64; Trident/6.0; SLCC2; .NET CLR 2.0.50727; .NET CLR 3.5.30729; .NET CLR 3.0.30729; Media Center PC 6.0; .NET4.0C; BRI/2; AskTB5.2)"
67.183.212.55 - - [19/Aug/2013:17:53:44 -0400] "GET /blog.html HTTP/1.1" 304 - "http://lenriggs.com/win10000.html" "Mozilla/4.0 (compatible; MSIE 7.0; Windows NT 6.1; WOW64; Trident/6.0; SLCC2; .NET CLR 2.0.50727; .NET CLR 3.5.30729; .NET CLR 3.0.30729; Media Center PC 6.0; .NET4.0C; BRI/2; AskTB5.2)"
76.178.191.22 - - [19/Aug/2013:18:10:50 -0400] "GET /images/ic_061_topmargin_r2_wide.gif HTTP/1.1" 200 274 "http://www.lenriggs.com/" "Mozilla/5.0 (Windows NT 6.1; WOW64) AppleWebKit/537.36 (KHTML, like Gecko) Chrome/28.0.1500.95 Safari/537.36"
76.178.191.22 - - [19/Aug/2013:18:10:50 -0400] "GET /images/ic_061_title_bg_wide.png HTTP/1.1" 200 3326 "http://www.lenriggs.com/" "Mozilla/5.0 (Windows NT 6.1; WOW64) AppleWebKit/537.36 (KHTML, like Gecko) Chrome/28.0.1500.95 Safari/537.36"
157.55.34.24 - - [19/Aug/2013:18:26:11 -0400] "GET /newonlineclasses.html HTTP/1.1" 200 11516 "-" "Mozilla/5.0 (compatible; bingbot/2.0; +http://www.bing.com/bingbot.htm)"
157.55.34.24 - - [19/Aug/2013:18:26:18 -0400] "GET /bellinghamburlingtonareaclasses.html HTTP/1.1" 200 8085 "-" "Mozilla/5.0 (compatible; bingbot/2.0; +http://www.bing.com/bingbot.htm)"
208.115.113.82 - - [19/Aug/2013:18:37:04 -0400] "GET /tricitieswallawalla.html HTTP/1.1" 200 12390 "-" "Mozilla/5.0 (compatible; Ezooms/1.0; ezooms.bot@gmail.com)"
66.209.91.164 - - [19/Aug/2013:20:01:53 -0400] "GET /scripts/template.css HTTP/1.1" 200 15971 "http://www.lenriggs.com/" "Mozilla/4.0 (compatible; MSIE 8.0; Windows NT 6.1; WOW64; Trident/4.0; SLCC2; .NET CLR 2.0.50727; .NET CLR 3.5.30729; .NET CLR 3.0.30729; Media Center PC 6.0; .NET4.0C; .NET4.0E)"
66.209.91.164 - - [19/Aug/2013:20:02:10 -0400] "GET /images/ic_061_topmargin_r2_wide.gif HTTP/1.1" 200 274 "http://www.lenriggs.com/" "Mozilla/4.0 (compatible; MSIE 8.0; Windows NT 6.1; WOW64; Trident/4.0; SLCC2; .NET CLR 2.0.50727; .NET CLR 3.5.30729; .NET CLR 3.0.30729; Media Center PC 6.0; .NET4.0C; .NET4.0E)"
67.183.212.55 - - [19/Aug/2013:20:47:09 -0400] "GET /scripts/39custom.css HTTP/1.1" 200 1478 "http://www.lenriggs.com/onlinecourse.html" "Mozilla/4.0 (compatible; MSIE 8.0; Windows NT 6.1; WOW64; Trident/4.0; GTB7.5; SLCC2; .NET CLR 2.0.50727; .NET CLR 3.5.30729; .NET CLR 3.0.30729; Media Center PC 6.0; .NET4.0C)"
67.183.212.55 - - [19/Aug/2013:20:47:56 -0400] "GET /scripts/40custom.css HTTP/1.1" 200 1142 "http://www.lenriggs.com/blog.html" "Mozilla/4.0 (compatible; MSIE 8.0; Windows NT 6.1; WOW64; Trident/4.0; GTB7.5; SLCC2; .NET CLR 2.0.50727; .NET CLR 3.5.30729; .NET CLR 3.0.30729; Media Center PC 6.0; .NET4.0C)"
67.183.212.55 - - [19/Aug/2013:20:50:40 -0400] "GET /scripts/41custom.css HTTP/1.1" 200 2151 "http://www.lenriggs.com/win10000.html" "Mozilla/4.0 (compatible; MSIE 8.0; Windows NT 6.1; WOW64; Trident/4.0; GTB7.5; SLCC2; .NET CLR 2.0.50727; .NET CLR 3.5.30729; .NET CLR 3.0.30729; Media Center PC 6.0; .NET4.0C)"
67.183.212.55 - - [19/Aug/2013:20:50:40 -0400] "GET /images/photoalbum/button_photoPlay.jpg HTTP/1.1" 200 613 "http://www.lenriggs.com/win10000.html" "Mozilla/4.0 (compatible; MSIE 8.0; Windows NT 6.1; WOW64; Trident/4.0; GTB7.5; SLCC2; .NET CLR 2.0.50727; .NET CLR 3.5.30729; .NET CLR 3.0.30729; Media Center PC 6.0; .NET4.0C)"
67.183.212.55 - - [19/Aug/2013:20:50:40 -0400] "GET /images/photoalbum/button_photoSpeed2_ON.jpg HTTP/1.1" 200 492 "http://www.lenriggs.com/win10000.html" "Mozilla/4.0 (compatible; MSIE 8.0; Windows NT 6.1; WOW64; Trident/4.0; GTB7.5; SLCC2; .NET CLR 2.0.50727; .NET CLR 3.5.30729; .NET CLR 3.0.30729; Media Center PC 6.0; .NET4.0C)"
67.183.212.55 - - [19/Aug/2013:20:50:40 -0400] "GET /images/photoalbum/button_photoSpeed5.jpg HTTP/1.1" 200 502 "http://www.lenriggs.com/win10000.html" "Mozilla/4.0 (compatible; MSIE 8.0; Windows NT 6.1; WOW64; Trident/4.0; GTB7.5; SLCC2; .NET CLR 2.0.50727; .NET CLR 3.5.30729; .NET CLR 3.0.30729; Media Center PC 6.0; .NET4.0C)"
67.183.212.55 - - [19/Aug/2013:20:50:40 -0400] "GET /images/338_AD1.jpg HTTP/1.1" 200 22616 "http://www.lenriggs.com/win10000.html" "Mozilla/4.0 (compatible; MSIE 8.0; Windows NT 6.1; WOW64; Trident/4.0; GTB7.5; SLCC2; .NET CLR 2.0.50727; .NET CLR 3.5.30729; .NET CLR 3.0.30729; Media Center PC 6.0; .NET4.0C)"
67.183.212.55 - - [19/Aug/2013:20:50:41 -0400] "GET /images/480_Kym.jpg HTTP/1.1" 200 26685 "http://www.lenriggs.com/win10000.html" "Mozilla/4.0 (compatible; MSIE 8.0; Windows NT 6.1; WOW64; Trident/4.0; GTB7.5; SLCC2; .NET CLR 2.0.50727; .NET CLR 3.5.30729; .NET CLR 3.0.30729; Media Center PC 6.0; .NET4.0C)"
193.106.136.50 - - [19/Aug/2013:04:55:52 -0400] "GET / HTTP/1.1" 200 13290 "http://www.polimin.ru/" "Mozilla/4.0 (compatible; MSIE 5.5; Windows NT 4.0)"
76.104.221.177 - - [19/Aug/2013:04:26:59 -0400] "GET /apple-touch-icon.png HTTP/1.1" 404 575 "-" "Dolphin http client/10.0.1(230) (Android)"
206.214.52.136 - - [19/Aug/2013:18:36:02 -0400] "GET /scripts/template.css HTTP/1.1" 200 15971 "http://www.lenriggs.com/" "Mozilla/5.0 (iPad; CPU OS 6_1_3 like Mac OS X) AppleWebKit/536.26 (KHTML, like Gecko) Version/6.0 Mobile/10B329 Safari/8536.25"
206.214.52.136 - - [19/Aug/2013:18:36:02 -0400] "GET /images/ic_061_topmargin_r2_wide.gif HTTP/1.1" 200 274 "http://www.lenriggs.com/" "Mozilla/5.0 (iPad; CPU OS 6_1_3 like Mac OS X) AppleWebKit/536.26 (KHTML, like Gecko) Version/6.0 Mobile/10B329 Safari/8536.25"
206.214.52.136 - - [19/Aug/2013:18:36:02 -0400] "GET /images/ic_061_navbutton_bg.gif HTTP/1.1" 200 692 "http://www.lenriggs.com/" "Mozilla/5.0 (iPad; CPU OS 6_1_3 like Mac OS X) AppleWebKit/536.26 (KHTML, like Gecko) Version/6.0 Mobile/10B329 Safari/8536.25"
12.171.46.121 - - [19/Aug/2013:19:00:20 -0400] "GET /scripts/15custom.css HTTP/1.0" 200 1142 "http://www.lenriggs.com/classschedule.html" "Mozilla/4.0 (compatible; MSIE 7.0; Windows NT 6.1; Trident/5.0; SLCC2; .NET CLR 2.0.50727; .NET CLR 3.5.30729; .NET CLR 3.0.30729; Media Center PC 6.0; .NET4.0C)"
192.182.137.211 - - [19/Aug/2013:19:46:58 -0400] "GET /scripts/website.css HTTP/1.1" 200 2501 "http://www.lenriggs.com/" "Mozilla/5.0 (Windows NT 6.1; WOW64) AppleWebKit/537.36 (KHTML, like Gecko) Chrome/28.0.1500.72 Safari/537.36"
192.182.137.211 - - [19/Aug/2013:19:46:58 -0400] "GET /scripts/photoalbum.js HTTP/1.1" 200 62481 "http://www.lenriggs.com/" "Mozilla/5.0 (Windows NT 6.1; WOW64) AppleWebKit/537.36 (KHTML, like Gecko) Chrome/28.0.1500.72 Safari/537.36"
66.209.91.164 - - [19/Aug/2013:20:02:26 -0400] "GET /scripts/website.css HTTP/1.1" 200 2501 "http://www.lenriggs.com/classschedule.html" "Mozilla/4.0 (compatible; MSIE 8.0; Windows NT 6.1; WOW64; Trident/4.0; SLCC2; .NET CLR 2.0.50727; .NET CLR 3.5.30729; .NET CLR 3.0.30729; Media Center PC 6.0; .NET4.0C; .NET4.0E)"
208.115.113.92 - - [19/Aug/2013:15:40:05 -0400] "GET /robots.txt HTTP/1.1" 200 25 "-" "Mozilla/5.0 (compatible; Ezooms/1.0; ezooms.bot@gmail.com)"
67.183.212.55 - - [19/Aug/2013:17:23:18 -0400] "POST /blog.php HTTP/1.1" 200 12969 "http://lenriggs.com/blog.php" "Mozilla/4.0 (compatible; MSIE 7.0; Windows NT 6.1; WOW64; Trident/6.0; SLCC2; .NET CLR 2.0.50727; .NET CLR 3.5.30729; .NET CLR 3.0.30729; Media Center PC 6.0; .NET4.0C; BRI/2; AskTB5.2)"
67.183.212.55 - - [19/Aug/2013:17:53:38 -0400] "GET / HTTP/1.1" 200 17576 "-" "Mozilla/4.0 (compatible; MSIE 7.0; Windows NT 6.1; WOW64; Trident/6.0; SLCC2; .NET CLR 2.0.50727; .NET CLR 3.5.30729; .NET CLR 3.0.30729; Media Center PC 6.0; .NET4.0C; BRI/2; AskTB5.2)"
67.183.212.55 - - [19/Aug/2013:17:53:40 -0400] "GET /blog.html HTTP/1.1" 200 12569 "http://lenriggs.com/" "Mozilla/4.0 (compatible; MSIE 7.0; Windows NT 6.1; WOW64; Trident/6.0; SLCC2; .NET CLR 2.0.50727; .NET CLR 3.5.30729; .NET CLR 3.0.30729; Media Center PC 6.0; .NET4.0C; BRI/2; AskTB5.2)"
67.183.212.55 - - [19/Aug/2013:17:53:41 -0400] "GET /win10000.html HTTP/1.1" 200 22071 "http://lenriggs.com/blog.html" "Mozilla/4.0 (compatible; MSIE 7.0; Windows NT 6.1; WOW64; Trident/6.0; SLCC2; .NET CLR 2.0.50727; .NET CLR 3.5.30729; .NET CLR 3.0.30729; Media Center PC 6.0; .NET4.0C; BRI/2; AskTB5.2)"
67.183.212.55 - - [19/Aug/2013:17:53:41 -0400] "GET /scripts/41custom.css HTTP/1.1" 200 2151 "http://lenriggs.com/win10000.html" "Mozilla/4.0 (compatible; MSIE 7.0; Windows NT 6.1; WOW64; Trident/6.0; SLCC2; .NET CLR 2.0.50727; .NET CLR 3.5.30729; .NET CLR 3.0.30729; Media Center PC 6.0; .NET4.0C; BRI/2; AskTB5.2)"
67.183.212.55 - - [19/Aug/2013:17:53:41 -0400] "GET /images/photoalbum/button_photoNext.jpg HTTP/1.1" 200 662 "http://lenriggs.com/win10000.html" "Mozilla/4.0 (compatible; MSIE 7.0; Windows NT 6.1; WOW64; Trident/6.0; SLCC2; .NET CLR 2.0.50727; .NET CLR 3.5.30729; .NET CLR 3.0.30729; Media Center PC 6.0; .NET4.0C; BRI/2; AskTB5.2)"
67.183.212.55 - - [19/Aug/2013:17:53:41 -0400] "GET /images/photoalbum/button_photoLast.jpg HTTP/1.1" 200 637 "http://lenriggs.com/win10000.html" "Mozilla/4.0 (compatible; MSIE 7.0; Windows NT 6.1; WOW64; Trident/6.0; SLCC2; .NET CLR 2.0.50727; .NET CLR 3.5.30729; .NET CLR 3.0.30729; Media Center PC 6.0; .NET4.0C; BRI/2; AskTB5.2)"
67.183.212.55 - - [19/Aug/2013:17:53:41 -0400] "GET /images/480_Marissa.jpg HTTP/1.1" 200 27584 "http://lenriggs.com/win10000.html" "Mozilla/4.0 (compatible; MSIE 7.0; Windows NT 6.1; WOW64; Trident/6.0; SLCC2; .NET CLR 2.0.50727; .NET CLR 3.5.30729; .NET CLR 3.0.30729; Media Center PC 6.0; .NET4.0C; BRI/2; AskTB5.2)"
67.183.212.55 - - [19/Aug/2013:17:53:41 -0400] "GET /images/275_Dorienn.jpg HTTP/1.1" 200 19314 "http://lenriggs.com/win10000.html" "Mozilla/4.0 (compatible; MSIE 7.0; Windows NT 6.1; WOW64; Trident/6.0; SLCC2; .NET CLR 2.0.50727; .NET CLR 3.5.30729; .NET CLR 3.0.30729; Media Center PC 6.0; .NET4.0C; BRI/2; AskTB5.2)"
67.183.212.55 - - [19/Aug/2013:17:53:42 -0400] "GET /images/359_Krystal.jpeg HTTP/1.1" 200 15706 "http://lenriggs.com/win10000.html" "Mozilla/4.0 (compatible; MSIE 7.0; Windows NT 6.1; WOW64; Trident/6.0; SLCC2; .NET CLR 2.0.50727; .NET CLR 3.5.30729; .NET CLR 3.0.30729; Media Center PC 6.0; .NET4.0C; BRI/2; AskTB5.2)"
67.183.212.55 - - [19/Aug/2013:17:53:42 -0400] "GET /images/335_ash12.jpg HTTP/1.1" 200 20731 "http://lenriggs.com/win10000.html" "Mozilla/4.0 (compatible; MSIE 7.0; Windows NT 6.1; WOW64; Trident/6.0; SLCC2; .NET CLR 2.0.50727; .NET CLR 3.5.30729; .NET CLR 3.0.30729; Media Center PC 6.0; .NET4.0C; BRI/2; AskTB5.2)"
67.183.212.55 - - [19/Aug/2013:17:53:42 -0400] "GET /images/89_Brian_at_Big_Daddys.jpg HTTP/1.1" 200 2869 "http://lenriggs.com/win10000.html" "Mozilla/4.0 (compatible; MSIE 7.0; Windows NT 6.1; WOW64; Trident/6.0; SLCC2; .NET CLR 2.0.50727; .NET CLR 3.5.30729; .NET CLR 3.0.30729; Media Center PC 6.0; .NET4.0C; BRI/2; AskTB5.2)"
67.183.212.55 - - [19/Aug/2013:17:53:42 -0400] "GET /images/83_AD1.jpg HTTP/1.1" 200 2603 "http://lenriggs.com/win10000.html" "Mozilla/4.0 (compatible; MSIE 7.0; Windows NT 6.1; WOW64; Trident/6.0; SLCC2; .NET CLR 2.0.50727; .NET CLR 3.5.30729; .NET CLR 3.0.30729; Media Center PC 6.0; .NET4.0C; BRI/2; AskTB5.2)"
67.183.212.55 - - [19/Aug/2013:17:53:42 -0400] "GET /images/86_Lauren.jpg HTTP/1.1" 200 2540 "http://lenriggs.com/win10000.html" "Mozilla/4.0 (compatible; MSIE 7.0; Windows NT 6.1; WOW64; Trident/6.0; SLCC2; .NET CLR 2.0.50727; .NET CLR 3.5.30729; .NET CLR 3.0.30729; Media Center PC 6.0; .NET4.0C; BRI/2; AskTB5.2)"
67.183.212.55 - - [19/Aug/2013:17:53:42 -0400] "GET /images/445_Brian_at_Big_Daddys.jpg HTTP/1.1" 200 37210 "http://lenriggs.com/win10000.html" "Mozilla/4.0 (compatible; MSIE 7.0; Windows NT 6.1; WOW64; Trident/6.0; SLCC2; .NET CLR 2.0.50727; .NET CLR 3.5.30729; .NET CLR 3.0.30729; Media Center PC 6.0; .NET4.0C; BRI/2; AskTB5.2)"
157.55.35.42 - - [19/Aug/2013:06:35:15 -0400] "GET / HTTP/1.1" 200 13290 "-" "Mozilla/5.0 (compatible; bingbot/2.0; +http://www.bing.com/bingbot.htm)"
66.194.84.132 - - [19/Aug/2013:12:08:19 -0400] "GET / HTTP/1.1" 200 13290 "-" "Mozilla/5.0 (compatible; MSIE 9.0; Windows NT 6.1; WOW64; Trident/5.0)"
66.194.84.132 - - [19/Aug/2013:12:08:22 -0400] "GET /scripts/39custom.css HTTP/1.1" 200 1141 "http://lenriggs.com/onlinecourse.html" "Mozilla/5.0 (compatible; MSIE 9.0; Windows NT 6.1; WOW64; Trident/5.0)"
174.31.185.206 - - [19/Aug/2013:12:54:45 -0400] "GET /images/pattern_png.png HTTP/1.1" 200 4554 "http://www.lenriggs.com/scripts/template.css" "Mozilla/5.0 (Windows NT 6.1; WOW64; rv:23.0) Gecko/20100101 Firefox/23.0"
71.213.245.49 - - [19/Aug/2013:13:57:44 -0400] "GET /onlinecourse.html HTTP/1.1" 200 13474 "http://www.lenriggs.com/home.html" "Mozilla/5.0 (Windows NT 6.1; rv:23.0) Gecko/20100101 Firefox/23.0"
166.147.88.27 - - [19/Aug/2013:14:47:47 -0400] "GET /images/165_Theresa.jpg HTTP/1.1" 200 10367 "http://www.lenriggs.com/win10000.html" "Mozilla/5.0 (Windows NT 6.1; WOW64; rv:23.0) Gecko/20100101 Firefox/23.0"
166.147.88.27 - - [19/Aug/2013:14:47:48 -0400] "GET /images/85_Brian_at_Big_Daddys.jpg HTTP/1.1" 200 2654 "http://www.lenriggs.com/win10000.html" "Mozilla/5.0 (Windows NT 6.1; WOW64; rv:23.0) Gecko/20100101 Firefox/23.0"
166.147.88.27 - - [19/Aug/2013:14:47:48 -0400] "GET /images/85_Benjamin.jpg HTTP/1.1" 200 2569 "http://www.lenriggs.com/win10000.html" "Mozilla/5.0 (Windows NT 6.1; WOW64; rv:23.0) Gecko/20100101 Firefox/23.0"
70.90.179.13 - - [19/Aug/2013:14:55:32 -0400] "GET /scripts/website.css HTTP/1.1" 200 2395 "http://www.lenriggs.com/" "Mozilla/5.0 (Windows NT 6.1; rv:22.0) Gecko/20100101 Firefox/22.0"
70.90.179.13 - - [19/Aug/2013:14:55:33 -0400] "GET /scripts/icwebsiteelement.css HTTP/1.1" 200 8132 "http://www.lenriggs.com/" "Mozilla/5.0 (Windows NT 6.1; rv:22.0) Gecko/20100101 Firefox/22.0"
