0byt3m1n1
Path:
/
data
/
0
/
0
/
111
/
53
/
111379
/
meta
/
112906
/
logs
/
[
Home
]
File: x-access_log.2013-08-19
64.188.158.57 - - [19/Aug/2013:01:36:56 -0400] "GET /scripts/website.css HTTP/1.1" 200 2395 "http://www.lenriggs.com/home.html" "Mozilla/5.0 (Linux; U; en-us; KFOT Build/IML74K) AppleWebKit/535.19 (KHTML, like Gecko) Silk/3.4 Safari/535.19 Silk-Accelerated=true"
166.147.88.27 - - [19/Aug/2013:14:48:43 -0400] "GET /classschedule/classinformation.html HTTP/1.1" 200 13342 "http://www.lenriggs.com/win10000.html" "Mozilla/5.0 (Windows NT 6.1; WOW64; rv:23.0) Gecko/20100101 Firefox/23.0"
97.90.66.111 - - [19/Aug/2013:18:31:34 -0400] "GET / HTTP/1.1" 200 17576 "http://liq.wa.gov/publications/licensing/mast-lists/MAST_provider_list_512013.pdf" "Mozilla/5.0 (Windows NT 6.1; WOW64) AppleWebKit/537.36 (KHTML, like Gecko) Chrome/28.0.1500.95 Safari/537.36"
97.90.66.111 - - [19/Aug/2013:18:31:35 -0400] "GET /scripts/1custom.css HTTP/1.1" 200 2088 "http://www.lenriggs.com/" "Mozilla/5.0 (Windows NT 6.1; WOW64) AppleWebKit/537.36 (KHTML, like Gecko) Chrome/28.0.1500.95 Safari/537.36"
97.90.66.111 - - [19/Aug/2013:18:31:38 -0400] "GET /images/ic_061_topmargin_r2_wide.gif HTTP/1.1" 200 274 "http://www.lenriggs.com/" "Mozilla/5.0 (Windows NT 6.1; WOW64) AppleWebKit/537.36 (KHTML, like Gecko) Chrome/28.0.1500.95 Safari/537.36"
97.90.66.111 - - [19/Aug/2013:18:31:38 -0400] "GET /images/ic_061_navbutton_bg.gif HTTP/1.1" 200 692 "http://www.lenriggs.com/" "Mozilla/5.0 (Windows NT 6.1; WOW64) AppleWebKit/537.36 (KHTML, like Gecko) Chrome/28.0.1500.95 Safari/537.36"
12.171.46.121 - - [19/Aug/2013:19:00:25 -0400] "GET /scripts/45custom.css HTTP/1.0" 200 1141 "http://www.lenriggs.com/classschedule/classinformation.html" "Mozilla/4.0 (compatible; MSIE 7.0; Windows NT 6.1; Trident/5.0; SLCC2; .NET CLR 2.0.50727; .NET CLR 3.5.30729; .NET CLR 3.0.30729; Media Center PC 6.0; .NET4.0C)"
71.80.194.64 - - [19/Aug/2013:19:03:38 -0400] "GET /scripts/1custom.css HTTP/1.1" 200 2088 "http://www.lenriggs.com/" "Mozilla/5.0 (Windows NT 6.0) AppleWebKit/537.36 (KHTML, like Gecko) Chrome/28.0.1500.95 Safari/537.36"
66.249.75.18 - - [19/Aug/2013:20:08:56 -0400] "GET /spokaneclasses.html HTTP/1.1" 304 - "-" "Mozilla/5.0 (iPhone; U; CPU iPhone OS 4_1 like Mac OS X; en-us) AppleWebKit/532.9 (KHTML, like Gecko) Version/4.0.5 Mobile/8B117 Safari/6531.22.7 (compatible; Googlebot-Mobile/2.1; +http://www.google.com/bot.html)"
67.183.212.55 - - [19/Aug/2013:20:44:12 -0400] "GET /scripts/website.css HTTP/1.1" 200 2501 "http://www.lenriggs.com/" "Mozilla/4.0 (compatible; MSIE 8.0; Windows NT 6.1; WOW64; Trident/4.0; GTB7.5; SLCC2; .NET CLR 2.0.50727; .NET CLR 3.5.30729; .NET CLR 3.0.30729; Media Center PC 6.0; .NET4.0C)"
67.183.212.55 - - [19/Aug/2013:20:44:14 -0400] "GET /images/ic_061_topmargin_r2_wide.gif HTTP/1.1" 200 274 "http://www.lenriggs.com/" "Mozilla/4.0 (compatible; MSIE 8.0; Windows NT 6.1; WOW64; Trident/4.0; GTB7.5; SLCC2; .NET CLR 2.0.50727; .NET CLR 3.5.30729; .NET CLR 3.0.30729; Media Center PC 6.0; .NET4.0C)"
5.10.83.73 - - [19/Aug/2013:05:58:28 -0400] "GET /robots.txt HTTP/1.1" 200 25 "-" "Mozilla/5.0 (compatible; AhrefsBot/5.0; +http://ahrefs.com/robot/)"
195.242.218.133 - - [19/Aug/2013:11:25:13 -0400] "GET / HTTP/1.1" 200 13290 "http://valdaidom.ru/" "Mozilla/4.0 (compatible; MSIE 6.0; Windows NT 5.1; MRA 4.6 (build 01425))"
157.55.35.42 - - [19/Aug/2013:15:04:01 -0400] "GET /scripts/template.css HTTP/1.1" 200 8633 "-" "Mozilla/5.0 (compatible; bingbot/2.0; +http://www.bing.com/bingbot.htm)"
76.2.3.26 - - [19/Aug/2013:15:11:02 -0400] "GET /scripts/template.css HTTP/1.1" 200 8633 "http://lenriggs.com/" "Mozilla/5.0 (Macintosh; Intel Mac OS X 10_8_4) AppleWebKit/536.30.1 (KHTML, like Gecko) Version/6.0.5 Safari/536.30.1"
157.55.35.42 - - [19/Aug/2013:15:52:05 -0400] "GET /robots.txt HTTP/1.1" 200 25 "-" "Mozilla/5.0 (compatible; bingbot/2.0; +http://www.bing.com/bingbot.htm)"
67.139.108.194 - - [19/Aug/2013:16:14:41 -0400] "GET /scripts/print.css HTTP/1.1" 200 9876 "http://www.lenriggs.com/" "Mozilla/4.0 (compatible; MSIE 8.0; Windows NT 5.1; Trident/4.0; .NET CLR 1.1.4322; .NET CLR 2.0.50727; .NET CLR 3.0.04506.30; .NET CLR 3.0.04506.648; .NET CLR 3.0.4506.2152; .NET CLR 3.5.30729; MS-RTC LM 8; MS-RTC LM 8)"
67.183.212.55 - - [19/Aug/2013:17:09:39 -0400] "GET /favicon.ico HTTP/1.1" 404 575 "-" "Mozilla/4.0 (compatible; MSIE 7.0; Windows NT 6.1; Win64; x64; Trident/6.0; .NET CLR 2.0.50727; SLCC2; .NET CLR 3.5.30729; .NET CLR 3.0.30729; Media Center PC 6.0; .NET4.0C; AskTB5.2)"
66.249.75.18 - - [19/Aug/2013:18:30:01 -0400] "GET /aboutus.html HTTP/1.1" 200 14136 "-" "Mozilla/5.0 (iPhone; U; CPU iPhone OS 4_1 like Mac OS X; en-us) AppleWebKit/532.9 (KHTML, like Gecko) Version/4.0.5 Mobile/8B117 Safari/6531.22.7 (compatible; Googlebot-Mobile/2.1; +http://www.google.com/bot.html)"
66.209.91.164 - - [19/Aug/2013:20:02:14 -0400] "GET /images/ic_061_body_bg.gif HTTP/1.1" 200 404 "http://www.lenriggs.com/" "Mozilla/4.0 (compatible; MSIE 8.0; Windows NT 6.1; WOW64; Trident/4.0; SLCC2; .NET CLR 2.0.50727; .NET CLR 3.5.30729; .NET CLR 3.0.30729; Media Center PC 6.0; .NET4.0C; .NET4.0E)"
66.209.91.164 - - [19/Aug/2013:20:02:14 -0400] "GET /images/ic_061_title_bg_wide.png HTTP/1.1" 200 3326 "http://www.lenriggs.com/" "Mozilla/4.0 (compatible; MSIE 8.0; Windows NT 6.1; WOW64; Trident/4.0; SLCC2; .NET CLR 2.0.50727; .NET CLR 3.5.30729; .NET CLR 3.0.30729; Media Center PC 6.0; .NET4.0C; .NET4.0E)"
66.209.91.164 - - [19/Aug/2013:20:03:47 -0400] "GET /scripts/39custom.css HTTP/1.1" 200 1478 "http://www.lenriggs.com/onlinecourse.html" "Mozilla/4.0 (compatible; MSIE 8.0; Windows NT 6.1; WOW64; Trident/4.0; SLCC2; .NET CLR 2.0.50727; .NET CLR 3.5.30729; .NET CLR 3.0.30729; Media Center PC 6.0; .NET4.0C; .NET4.0E)"
24.18.28.6 - - [19/Aug/2013:01:52:17 -0400] "GET /scripts/template.css HTTP/1.1" 200 8633 "http://www.lenriggs.com/" "Mozilla/5.0 (compatible; MSIE 10.0; Windows NT 6.1; WOW64; Trident/6.0)"
24.18.28.6 - - [19/Aug/2013:01:52:17 -0400] "GET /scripts/icwebsiteelement.css HTTP/1.1" 200 8132 "http://www.lenriggs.com/" "Mozilla/5.0 (compatible; MSIE 10.0; Windows NT 6.1; WOW64; Trident/6.0)"
66.249.75.194 - - [19/Aug/2013:02:52:32 -0400] "GET /scripts/print.css HTTP/1.1" 200 9876 "-" "Mozilla/5.0 (compatible; Googlebot/2.1; +http://www.google.com/bot.html)"
209.142.187.148 - - [19/Aug/2013:16:44:47 -0400] "GET /scripts/47custom.css HTTP/1.1" 200 804 "http://www.lenriggs.com/aboutus.html" "Mozilla/5.0 (compatible; MSIE 9.0; Windows NT 6.1; WOW64; Trident/5.0)"
98.143.120.9 - - [19/Aug/2013:17:09:36 -0400] "GET /scripts/ic_globals_published.js HTTP/1.1" 200 566 "http://www.lenriggs.com/" "Mozilla/5.0 (compatible; MSIE 10.0; Windows NT 6.1; Trident/6.0)"
98.143.120.9 - - [19/Aug/2013:17:09:37 -0400] "GET /scripts/user.js HTTP/1.1" 200 23762 "http://www.lenriggs.com/" "Mozilla/5.0 (compatible; MSIE 10.0; Windows NT 6.1; Trident/6.0)"
98.143.120.9 - - [19/Aug/2013:17:09:38 -0400] "GET /images/ic_061_container_bg_wide.gif HTTP/1.1" 200 278 "http://www.lenriggs.com/" "Mozilla/5.0 (compatible; MSIE 10.0; Windows NT 6.1; Trident/6.0)"
98.143.120.9 - - [19/Aug/2013:17:09:39 -0400] "GET /images/ic_061_title_bg_wide.png HTTP/1.1" 200 3326 "http://www.lenriggs.com/" "Mozilla/5.0 (compatible; MSIE 10.0; Windows NT 6.1; Trident/6.0)"
208.38.209.6 - - [19/Aug/2013:21:58:02 -0400] "GET /scripts/website.css HTTP/1.1" 304 - "http://www.lenriggs.com/" "Mozilla/5.0 (Macintosh; Intel Mac OS X 10_6_8) AppleWebKit/534.57.2 (KHTML, like Gecko) Version/5.1.7 Safari/534.57.2"
46.118.126.194 - - [19/Aug/2013:04:17:30 -0400] "GET / HTTP/1.1" 200 13290 "http://spplq.ru/" "Mozilla/4.0 (compatible; MSIE 6.0; Windows NT 5.1; FREE; .NET CLR 1.1.4322)"
66.194.84.132 - - [19/Aug/2013:13:18:48 -0400] "GET /scripts/photoalbum.js HTTP/1.1" 304 - "http://www.lenriggs.com/onlinecourse.html" "Mozilla/4.0 (compatible; MSIE 8.0; Windows NT 5.1; Trident/4.0; .NET CLR 2.0.50727; .NET CLR 3.0.4506.2152; .NET CLR 3.5.30729; .NET4.0C; .NET4.0E; InfoPath.1; InfoPath.3)"
66.194.84.132 - - [19/Aug/2013:13:18:48 -0400] "GET /scripts/print.css HTTP/1.1" 304 - "http://www.lenriggs.com/onlinecourse.html" "Mozilla/4.0 (compatible; MSIE 8.0; Windows NT 5.1; Trident/4.0; .NET CLR 2.0.50727; .NET CLR 3.0.4506.2152; .NET CLR 3.5.30729; .NET4.0C; .NET4.0E; InfoPath.1; InfoPath.3)"
24.18.28.6 - - [19/Aug/2013:01:52:17 -0400] "GET /scripts/ic_globals_published.js HTTP/1.1" 200 566 "http://www.lenriggs.com/" "Mozilla/5.0 (compatible; MSIE 10.0; Windows NT 6.1; WOW64; Trident/6.0)"
24.18.28.6 - - [19/Aug/2013:01:52:17 -0400] "GET /scripts/print.css HTTP/1.1" 200 9876 "http://www.lenriggs.com/" "Mozilla/5.0 (compatible; MSIE 10.0; Windows NT 6.1; WOW64; Trident/6.0)"
67.139.108.194 - - [19/Aug/2013:16:14:41 -0400] "GET /scripts/template.css HTTP/1.1" 200 8633 "http://www.lenriggs.com/" "Mozilla/4.0 (compatible; MSIE 8.0; Windows NT 5.1; Trident/4.0; .NET CLR 1.1.4322; .NET CLR 2.0.50727; .NET CLR 3.0.04506.30; .NET CLR 3.0.04506.648; .NET CLR 3.0.4506.2152; .NET CLR 3.5.30729; MS-RTC LM 8; MS-RTC LM 8)"
67.139.108.194 - - [19/Aug/2013:16:14:42 -0400] "GET /favicon.ico HTTP/1.1" 404 575 "-" "Mozilla/4.0 (compatible; MSIE 8.0; Windows NT 5.1; Trident/4.0; .NET CLR 1.1.4322; .NET CLR 2.0.50727; .NET CLR 3.0.04506.30; .NET CLR 3.0.04506.648; .NET CLR 3.0.4506.2152; .NET CLR 3.5.30729; MS-RTC LM 8; MS-RTC LM 8)"
209.142.187.148 - - [19/Aug/2013:16:45:14 -0400] "GET /scripts/46custom.css HTTP/1.1" 200 805 "http://www.lenriggs.com/printourposter.html" "Mozilla/5.0 (compatible; MSIE 9.0; Windows NT 6.1; WOW64; Trident/5.0)"
209.142.187.148 - - [19/Aug/2013:16:45:14 -0400] "GET /images/doc_pdf.gif HTTP/1.1" 200 1002 "http://www.lenriggs.com/printourposter.html" "Mozilla/5.0 (compatible; MSIE 9.0; Windows NT 6.1; WOW64; Trident/5.0)"
67.183.212.55 - - [19/Aug/2013:17:09:38 -0400] "GET /scripts/user.js HTTP/1.1" 200 23762 "http://lenriggs.com/" "Mozilla/4.0 (compatible; MSIE 7.0; Windows NT 6.1; WOW64; Trident/6.0; SLCC2; .NET CLR 2.0.50727; .NET CLR 3.5.30729; .NET CLR 3.0.30729; Media Center PC 6.0; .NET4.0C; BRI/2; AskTB5.2)"
67.183.212.55 - - [19/Aug/2013:17:09:39 -0400] "GET /images/ic_061_topmargin_r2_wide.gif HTTP/1.1" 200 274 "http://lenriggs.com/" "Mozilla/4.0 (compatible; MSIE 7.0; Windows NT 6.1; WOW64; Trident/6.0; SLCC2; .NET CLR 2.0.50727; .NET CLR 3.5.30729; .NET CLR 3.0.30729; Media Center PC 6.0; .NET4.0C; BRI/2; AskTB5.2)"
67.183.212.55 - - [19/Aug/2013:17:22:00 -0400] "GET /eblog/c.php?r=718574 HTTP/1.1" 200 2161 "http://lenriggs.com/blog.php" "Mozilla/4.0 (compatible; MSIE 7.0; Windows NT 6.1; WOW64; Trident/6.0; SLCC2; .NET CLR 2.0.50727; .NET CLR 3.5.30729; .NET CLR 3.0.30729; Media Center PC 6.0; .NET4.0C; BRI/2; AskTB5.2)"
67.183.212.55 - - [19/Aug/2013:17:53:41 -0400] "GET /images/480_Kym.jpg HTTP/1.1" 200 26685 "http://lenriggs.com/win10000.html" "Mozilla/4.0 (compatible; MSIE 7.0; Windows NT 6.1; WOW64; Trident/6.0; SLCC2; .NET CLR 2.0.50727; .NET CLR 3.5.30729; .NET CLR 3.0.30729; Media Center PC 6.0; .NET4.0C; BRI/2; AskTB5.2)"
67.183.212.55 - - [19/Aug/2013:17:53:42 -0400] "GET /images/119_Marissa.jpg HTTP/1.1" 200 3240 "http://lenriggs.com/win10000.html" "Mozilla/4.0 (compatible; MSIE 7.0; Windows NT 6.1; WOW64; Trident/6.0; SLCC2; .NET CLR 2.0.50727; .NET CLR 3.5.30729; .NET CLR 3.0.30729; Media Center PC 6.0; .NET4.0C; BRI/2; AskTB5.2)"
67.183.212.55 - - [19/Aug/2013:17:53:42 -0400] "GET /images/89_Krystal.jpeg HTTP/1.1" 200 2757 "http://lenriggs.com/win10000.html" "Mozilla/4.0 (compatible; MSIE 7.0; Windows NT 6.1; WOW64; Trident/6.0; SLCC2; .NET CLR 2.0.50727; .NET CLR 3.5.30729; .NET CLR 3.0.30729; Media Center PC 6.0; .NET4.0C; BRI/2; AskTB5.2)"
67.183.212.55 - - [19/Aug/2013:17:53:42 -0400] "GET /images/89_Mike.McSorley.McSology.New.Delhi_1_.jpg HTTP/1.1" 200 3900 "http://lenriggs.com/win10000.html" "Mozilla/4.0 (compatible; MSIE 7.0; Windows NT 6.1; WOW64; Trident/6.0; SLCC2; .NET CLR 2.0.50727; .NET CLR 3.5.30729; .NET CLR 3.0.30729; Media Center PC 6.0; .NET4.0C; BRI/2; AskTB5.2)"
27.154.188.176 - - [19/Aug/2013:18:48:42 -0400] "GET /join.php HTTP/1.1" 404 575 "http://www.lenriggs.com/" "Mozilla/4.0 (compatible; MSIE 6.0; Windows NT 5.1; SV1;)"
66.209.91.164 - - [19/Aug/2013:20:02:10 -0400] "GET /images/ic_061_navtopper_bg_wide.png HTTP/1.1" 200 208 "http://www.lenriggs.com/" "Mozilla/4.0 (compatible; MSIE 8.0; Windows NT 6.1; WOW64; Trident/4.0; SLCC2; .NET CLR 2.0.50727; .NET CLR 3.5.30729; .NET CLR 3.0.30729; Media Center PC 6.0; .NET4.0C; .NET4.0E)"
66.209.91.164 - - [19/Aug/2013:20:02:15 -0400] "GET /images/ic_061_navcontainer_bg.gif HTTP/1.1" 200 115 "http://www.lenriggs.com/" "Mozilla/4.0 (compatible; MSIE 8.0; Windows NT 6.1; WOW64; Trident/4.0; SLCC2; .NET CLR 2.0.50727; .NET CLR 3.5.30729; .NET CLR 3.0.30729; Media Center PC 6.0; .NET4.0C; .NET4.0E)"
66.209.91.164 - - [19/Aug/2013:20:02:26 -0400] "GET /scripts/15custom.css HTTP/1.1" 200 1142 "http://www.lenriggs.com/classschedule.html" "Mozilla/4.0 (compatible; MSIE 8.0; Windows NT 6.1; WOW64; Trident/4.0; SLCC2; .NET CLR 2.0.50727; .NET CLR 3.5.30729; .NET CLR 3.0.30729; Media Center PC 6.0; .NET4.0C; .NET4.0E)"
67.183.212.55 - - [19/Aug/2013:21:23:43 -0400] "GET /scripts/website.css HTTP/1.1" 304 - "http://www.lenriggs.com/" "Mozilla/4.0 (compatible; MSIE 8.0; Windows NT 6.1; WOW64; Trident/4.0; GTB7.5; SLCC2; .NET CLR 2.0.50727; .NET CLR 3.5.30729; .NET CLR 3.0.30729; Media Center PC 6.0; .NET4.0C)"
67.183.212.55 - - [19/Aug/2013:21:23:46 -0400] "GET /images/ic_061_headernav_bg.png HTTP/1.1" 304 - "http://www.lenriggs.com/" "Mozilla/4.0 (compatible; MSIE 8.0; Windows NT 6.1; WOW64; Trident/4.0; GTB7.5; SLCC2; .NET CLR 2.0.50727; .NET CLR 3.5.30729; .NET CLR 3.0.30729; Media Center PC 6.0; .NET4.0C)"
67.183.212.55 - - [19/Aug/2013:21:23:46 -0400] "GET /images/ic_061_docwrapper_bg_wide.gif HTTP/1.1" 304 - "http://www.lenriggs.com/" "Mozilla/4.0 (compatible; MSIE 8.0; Windows NT 6.1; WOW64; Trident/4.0; GTB7.5; SLCC2; .NET CLR 2.0.50727; .NET CLR 3.5.30729; .NET CLR 3.0.30729; Media Center PC 6.0; .NET4.0C)"
208.38.209.6 - - [19/Aug/2013:21:30:20 -0400] "GET / HTTP/1.1" 200 17576 "-" "Mozilla/5.0 (Macintosh; Intel Mac OS X 10_6_8) AppleWebKit/534.57.2 (KHTML, like Gecko) Version/5.1.7 Safari/534.57.2"
208.38.209.6 - - [19/Aug/2013:21:30:21 -0400] "GET /scripts/template.css HTTP/1.1" 200 15971 "http://www.lenriggs.com/" "Mozilla/5.0 (Macintosh; Intel Mac OS X 10_6_8) AppleWebKit/534.57.2 (KHTML, like Gecko) Version/5.1.7 Safari/534.57.2"
208.38.209.6 - - [19/Aug/2013:21:30:21 -0400] "GET /scripts/1custom.css HTTP/1.1" 200 2088 "http://www.lenriggs.com/" "Mozilla/5.0 (Macintosh; Intel Mac OS X 10_6_8) AppleWebKit/534.57.2 (KHTML, like Gecko) Version/5.1.7 Safari/534.57.2"
208.38.209.6 - - [19/Aug/2013:21:30:21 -0400] "GET /scripts/icwebsiteelement.css HTTP/1.1" 200 8132 "http://www.lenriggs.com/" "Mozilla/5.0 (Macintosh; Intel Mac OS X 10_6_8) AppleWebKit/534.57.2 (KHTML, like Gecko) Version/5.1.7 Safari/534.57.2"
208.38.209.6 - - [19/Aug/2013:21:30:22 -0400] "GET /images/ic_061_navtopper_bg_wide.png HTTP/1.1" 200 208 "http://www.lenriggs.com/" "Mozilla/5.0 (Macintosh; Intel Mac OS X 10_6_8) AppleWebKit/534.57.2 (KHTML, like Gecko) Version/5.1.7 Safari/534.57.2"
208.38.209.6 - - [19/Aug/2013:21:30:22 -0400] "GET /images/ic_061_body_bg.gif HTTP/1.1" 200 404 "http://www.lenriggs.com/" "Mozilla/5.0 (Macintosh; Intel Mac OS X 10_6_8) AppleWebKit/534.57.2 (KHTML, like Gecko) Version/5.1.7 Safari/534.57.2"
208.38.209.6 - - [19/Aug/2013:21:30:22 -0400] "GET /images/ic_061_headercontent_bg_wide.png HTTP/1.1" 200 1298 "http://www.lenriggs.com/" "Mozilla/5.0 (Macintosh; Intel Mac OS X 10_6_8) AppleWebKit/534.57.2 (KHTML, like Gecko) Version/5.1.7 Safari/534.57.2"
208.38.209.6 - - [19/Aug/2013:21:30:22 -0400] "GET /images/ic_061_navbutton_bg.gif HTTP/1.1" 200 692 "http://www.lenriggs.com/" "Mozilla/5.0 (Macintosh; Intel Mac OS X 10_6_8) AppleWebKit/534.57.2 (KHTML, like Gecko) Version/5.1.7 Safari/534.57.2"
208.38.209.6 - - [19/Aug/2013:21:30:22 -0400] "GET /scripts/print.css HTTP/1.1" 200 - "http://www.lenriggs.com/" "Mozilla/5.0 (Macintosh; Intel Mac OS X 10_6_8) AppleWebKit/534.57.2 (KHTML, like Gecko) Version/5.1.7 Safari/534.57.2"
50.125.181.22 - - [19/Aug/2013:22:46:15 -0400] "GET /scripts/icwebsiteelement.css HTTP/1.1" 200 8132 "http://www.lenriggs.com/" "Mozilla/5.0 (Windows NT 6.1; WOW64) AppleWebKit/537.36 (KHTML, like Gecko) Chrome/28.0.1500.95 Safari/537.36"
50.125.181.22 - - [19/Aug/2013:22:46:17 -0400] "GET /images/ic_061_container_bg_wide.gif HTTP/1.1" 200 278 "http://www.lenriggs.com/" "Mozilla/5.0 (Windows NT 6.1; WOW64) AppleWebKit/537.36 (KHTML, like Gecko) Chrome/28.0.1500.95 Safari/537.36"
50.125.181.22 - - [19/Aug/2013:22:46:17 -0400] "GET /images/ic_061_navcontainer_bg.gif HTTP/1.1" 200 115 "http://www.lenriggs.com/" "Mozilla/5.0 (Windows NT 6.1; WOW64) AppleWebKit/537.36 (KHTML, like Gecko) Chrome/28.0.1500.95 Safari/537.36"
180.76.5.197 - - [19/Aug/2013:11:39:31 -0400] "GET /scripts/17custom.css HTTP/1.1" 200 805 "-" "Mozilla/5.0 (compatible; Baiduspider/2.0; +http://www.baidu.com/search/spider.html)"
174.31.185.206 - - [19/Aug/2013:12:54:38 -0400] "GET /scripts/user.js HTTP/1.1" 200 23762 "http://www.lenriggs.com/" "Mozilla/5.0 (Windows NT 6.1; WOW64; rv:23.0) Gecko/20100101 Firefox/23.0"
69.166.47.114 - - [19/Aug/2013:13:36:22 -0400] "GET /scripts/website.css HTTP/1.1" 200 2395 "http://www.lenriggs.com/" "Mozilla/5.0 (Macintosh; Intel Mac OS X 10_7_5) AppleWebKit/536.30.1 (KHTML, like Gecko) Version/6.0.5 Safari/536.30.1"
69.166.47.114 - - [19/Aug/2013:13:36:22 -0400] "GET /scripts/photoalbum.js HTTP/1.1" 200 62481 "http://www.lenriggs.com/" "Mozilla/5.0 (Macintosh; Intel Mac OS X 10_7_5) AppleWebKit/536.30.1 (KHTML, like Gecko) Version/6.0.5 Safari/536.30.1"
69.166.47.114 - - [19/Aug/2013:13:36:23 -0400] "GET /images/dropshadow_sides_png_wide.png HTTP/1.1" 200 11205 "http://www.lenriggs.com/" "Mozilla/5.0 (Macintosh; Intel Mac OS X 10_7_5) AppleWebKit/536.30.1 (KHTML, like Gecko) Version/6.0.5 Safari/536.30.1"
67.51.61.22 - - [19/Aug/2013:14:03:47 -0400] "GET /scripts/user.js HTTP/1.1" 200 23762 "http://www.lenriggs.com/" "Mozilla/5.0 (Macintosh; Intel Mac OS X 10_5_8) AppleWebKit/534.50.2 (KHTML, like Gecko) Version/5.0.6 Safari/533.22.3"
166.147.88.27 - - [19/Aug/2013:14:47:47 -0400] "GET /images/319_Mary.jpg HTTP/1.1" 200 23894 "http://www.lenriggs.com/win10000.html" "Mozilla/5.0 (Windows NT 6.1; WOW64; rv:23.0) Gecko/20100101 Firefox/23.0"
166.147.88.27 - - [19/Aug/2013:14:47:47 -0400] "GET /images/360_Mike.McSorley.McSology.New.Delhi_1_.jpg HTTP/1.1" 200 33744 "http://www.lenriggs.com/win10000.html" "Mozilla/5.0 (Windows NT 6.1; WOW64; rv:23.0) Gecko/20100101 Firefox/23.0"
166.147.88.27 - - [19/Aug/2013:14:47:49 -0400] "GET /images/114_Marissa.jpg HTTP/1.1" 200 3127 "http://www.lenriggs.com/win10000.html" "Mozilla/5.0 (Windows NT 6.1; WOW64; rv:23.0) Gecko/20100101 Firefox/23.0"
66.225.14.190 - - [19/Aug/2013:15:20:27 -0400] "GET /home.html HTTP/1.1" 200 13290 "http://www.lenriggs.com/" "Mozilla/4.0 (compatible; MSIE 8.0; Windows NT 5.1; Trident/4.0; chromeframe/28.0.1500.95; .NET4.0C; .NET4.0E; .NET CLR 1.1.4322; InfoPath.3; .NET CLR 2.0.50727; .NET CLR 3.0.4506.2152; .NET CLR 3.5.30729)"
66.225.14.190 - - [19/Aug/2013:15:20:28 -0400] "GET /favicon.ico HTTP/1.1" 404 575 "-" "Mozilla/4.0 (compatible; MSIE 8.0; Windows NT 5.1; Trident/4.0; chromeframe/28.0.1500.95; .NET4.0C; .NET4.0E; .NET CLR 1.1.4322; InfoPath.3; .NET CLR 2.0.50727; .NET CLR 3.0.4506.2152; .NET CLR 3.5.30729)"
209.142.187.148 - - [19/Aug/2013:16:43:33 -0400] "GET /scripts/user.js HTTP/1.1" 200 23762 "http://www.lenriggs.com/" "Mozilla/5.0 (compatible; MSIE 9.0; Windows NT 6.1; WOW64; Trident/5.0)"
67.183.247.128 - - [19/Aug/2013:22:32:14 -0400] "GET /scripts/ic_globals_published.js HTTP/1.1" 200 566 "http://www.lenriggs.com/" "Mozilla/5.0 (Macintosh; Intel Mac OS X 10_6_8) AppleWebKit/537.36 (KHTML, like Gecko) Chrome/28.0.1500.95 Safari/537.36"
67.183.247.128 - - [19/Aug/2013:22:32:14 -0400] "GET /scripts/1custom.css HTTP/1.1" 200 2088 "http://www.lenriggs.com/" "Mozilla/5.0 (Macintosh; Intel Mac OS X 10_6_8) AppleWebKit/537.36 (KHTML, like Gecko) Chrome/28.0.1500.95 Safari/537.36"
67.183.247.128 - - [19/Aug/2013:22:32:15 -0400] "GET /images/ic_061_navtopper_bg_wide.png HTTP/1.1" 200 208 "http://www.lenriggs.com/" "Mozilla/5.0 (Macintosh; Intel Mac OS X 10_6_8) AppleWebKit/537.36 (KHTML, like Gecko) Chrome/28.0.1500.95 Safari/537.36"
67.183.247.128 - - [19/Aug/2013:22:32:15 -0400] "GET /images/ic_061_navbutton_bg.gif HTTP/1.1" 200 692 "http://www.lenriggs.com/" "Mozilla/5.0 (Macintosh; Intel Mac OS X 10_6_8) AppleWebKit/537.36 (KHTML, like Gecko) Chrome/28.0.1500.95 Safari/537.36"
67.183.247.128 - - [19/Aug/2013:22:32:16 -0400] "GET /images/ic_061_docwrapper_bg_wide.gif HTTP/1.1" 200 328 "http://www.lenriggs.com/" "Mozilla/5.0 (Macintosh; Intel Mac OS X 10_6_8) AppleWebKit/537.36 (KHTML, like Gecko) Chrome/28.0.1500.95 Safari/537.36"
67.183.247.128 - - [19/Aug/2013:22:32:17 -0400] "GET /favicon.ico HTTP/1.1" 404 575 "-" "Mozilla/5.0 (Macintosh; Intel Mac OS X 10_6_8) AppleWebKit/537.36 (KHTML, like Gecko) Chrome/28.0.1500.95 Safari/537.36"
66.209.91.164 - - [19/Aug/2013:20:02:10 -0400] "GET /images/ic_061_container_bg_wide.gif HTTP/1.1" 200 278 "http://www.lenriggs.com/" "Mozilla/4.0 (compatible; MSIE 8.0; Windows NT 6.1; WOW64; Trident/4.0; SLCC2; .NET CLR 2.0.50727; .NET CLR 3.5.30729; .NET CLR 3.0.30729; Media Center PC 6.0; .NET4.0C; .NET4.0E)"
66.209.91.164 - - [19/Aug/2013:20:02:36 -0400] "GET /images/ic_061_title_bg_wide.png HTTP/1.1" 200 3326 "http://www.lenriggs.com/classschedule.html" "Mozilla/4.0 (compatible; MSIE 8.0; Windows NT 6.1; WOW64; Trident/4.0; SLCC2; .NET CLR 2.0.50727; .NET CLR 3.5.30729; .NET CLR 3.0.30729; Media Center PC 6.0; .NET4.0C; .NET4.0E)"
67.183.212.55 - - [19/Aug/2013:20:50:20 -0400] "GET /scripts/user.js HTTP/1.1" 304 - "http://www.lenriggs.com/testimonials.html" "Mozilla/4.0 (compatible; MSIE 8.0; Windows NT 6.1; WOW64; Trident/4.0; GTB7.5; SLCC2; .NET CLR 2.0.50727; .NET CLR 3.5.30729; .NET CLR 3.0.30729; Media Center PC 6.0; .NET4.0C)"
67.183.212.55 - - [19/Aug/2013:20:50:20 -0400] "GET /images/ic_061_topmargin_r2_wide.gif HTTP/1.1" 304 - "http://www.lenriggs.com/testimonials.html" "Mozilla/4.0 (compatible; MSIE 8.0; Windows NT 6.1; WOW64; Trident/4.0; GTB7.5; SLCC2; .NET CLR 2.0.50727; .NET CLR 3.5.30729; .NET CLR 3.0.30729; Media Center PC 6.0; .NET4.0C)"
76.104.221.177 - - [19/Aug/2013:04:21:18 -0400] "GET /apple-touch-icon.png HTTP/1.1" 404 575 "-" "Dolphin http client/10.0.1(230) (Android)"
76.2.3.26 - - [19/Aug/2013:15:11:05 -0400] "GET /scripts/1custom.css HTTP/1.1" 200 1750 "http://lenriggs.com/" "Mozilla/5.0 (Macintosh; Intel Mac OS X 10_8_4) AppleWebKit/536.30.1 (KHTML, like Gecko) Version/6.0.5 Safari/536.30.1"
76.2.3.26 - - [19/Aug/2013:15:11:05 -0400] "GET /images/dropshadow_bottom_png_wide.png HTTP/1.1" 200 3108 "http://lenriggs.com/" "Mozilla/5.0 (Macintosh; Intel Mac OS X 10_8_4) AppleWebKit/536.30.1 (KHTML, like Gecko) Version/6.0.5 Safari/536.30.1"
66.225.14.190 - - [19/Aug/2013:15:20:04 -0400] "GET / HTTP/1.1" 200 13290 "http://www.google.com/url?sa=t&rct=j&q=len%20riggs&source=web&cd=1&ved=0CDkQFjAA&url=http%3A%2F%2Fwww.lenriggs.com%2F&ei=328SUrSYGIiVjAKOr4Fw&usg=AFQjCNEkxrknMe29N7cTpfy8FFRAybnBuw&bvm=bv.50952593,d.cGE" "Mozilla/4.0 (compatible; MSIE 8.0; Windows NT 5.1; Trident/4.0; chromeframe/28.0.1500.95; .NET4.0C; .NET4.0E; .NET CLR 1.1.4322; InfoPath.3; .NET CLR 2.0.50727; .NET CLR 3.0.4506.2152; .NET CLR 3.5.30729)"
66.225.14.190 - - [19/Aug/2013:15:20:04 -0400] "GET /scripts/print.css HTTP/1.1" 200 9876 "http://www.lenriggs.com/" "Mozilla/4.0 (compatible; MSIE 8.0; Windows NT 5.1; Trident/4.0; chromeframe/28.0.1500.95; .NET4.0C; .NET4.0E; .NET CLR 1.1.4322; InfoPath.3; .NET CLR 2.0.50727; .NET CLR 3.0.4506.2152; .NET CLR 3.5.30729)"
209.142.187.148 - - [19/Aug/2013:16:44:26 -0400] "GET /scripts/17custom.css HTTP/1.1" 200 805 "http://www.lenriggs.com/upgradeorreplacement.html" "Mozilla/5.0 (compatible; MSIE 9.0; Windows NT 6.1; WOW64; Trident/5.0)"
209.142.187.148 - - [19/Aug/2013:16:44:28 -0400] "GET /testimonials.html HTTP/1.1" 200 31239 "http://www.lenriggs.com/upgradeorreplacement.html" "Mozilla/5.0 (compatible; MSIE 9.0; Windows NT 6.1; WOW64; Trident/5.0)"
50.123.76.55 - - [19/Aug/2013:16:49:42 -0400] "GET /scripts/45custom.css HTTP/1.1" 200 804 "http://www.lenriggs.com/classschedule/classinformation.html" "Mozilla/5.0 (compatible; MSIE 10.0; Windows NT 6.1; Trident/6.0)"
66.194.84.132 - - [19/Aug/2013:12:08:20 -0400] "GET /scripts/ic_globals_published.js HTTP/1.1" 200 566 "http://lenriggs.com/" "Mozilla/5.0 (compatible; MSIE 9.0; Windows NT 6.1; WOW64; Trident/5.0)"
66.194.84.132 - - [19/Aug/2013:12:08:20 -0400] "GET /scripts/user.js HTTP/1.1" 200 23762 "http://lenriggs.com/" "Mozilla/5.0 (compatible; MSIE 9.0; Windows NT 6.1; WOW64; Trident/5.0)"
66.194.84.132 - - [19/Aug/2013:12:08:20 -0400] "GET /scripts/print.css HTTP/1.1" 200 9876 "http://lenriggs.com/" "Mozilla/5.0 (compatible; MSIE 9.0; Windows NT 6.1; WOW64; Trident/5.0)"
66.194.84.132 - - [19/Aug/2013:12:08:20 -0400] "GET /scripts/icwebsiteelement.css HTTP/1.1" 200 8132 "http://lenriggs.com/" "Mozilla/5.0 (compatible; MSIE 9.0; Windows NT 6.1; WOW64; Trident/5.0)"
66.194.84.132 - - [19/Aug/2013:12:08:20 -0400] "GET /images/dropshadow_sides_png_wide.png HTTP/1.1" 200 11205 "http://lenriggs.com/" "Mozilla/5.0 (compatible; MSIE 9.0; Windows NT 6.1; WOW64; Trident/5.0)"
66.194.84.132 - - [19/Aug/2013:12:08:20 -0400] "GET /images/dropshadow_bottom_png_wide.png HTTP/1.1" 200 3108 "http://lenriggs.com/" "Mozilla/5.0 (compatible; MSIE 9.0; Windows NT 6.1; WOW64; Trident/5.0)"
174.31.185.206 - - [19/Aug/2013:12:54:38 -0400] "GET / HTTP/1.1" 200 13290 "http://www.google.com/url?sa=t&rct=j&q=&esrc=s&source=web&cd=1&ved=0CC4QFjAA&url=http%3A%2F%2Fwww.lenriggs.com%2F&ei=y00SUsqmEqrqiwK6zYGABA&usg=AFQjCNEkxrknMe29N7cTpfy8FFRAybnBuw&sig2=VBoBnhIq-E-uX4txs_C1Ug&bvm=bv.50952593,d.cGE" "Mozilla/5.0 (Windows NT 6.1; WOW64; rv:23.0) Gecko/20100101 Firefox/23.0"
174.31.185.206 - - [19/Aug/2013:12:54:38 -0400] "GET /scripts/print.css HTTP/1.1" 200 9876 "http://www.lenriggs.com/" "Mozilla/5.0 (Windows NT 6.1; WOW64; rv:23.0) Gecko/20100101 Firefox/23.0"
174.31.185.206 - - [19/Aug/2013:12:54:38 -0400] "GET /scripts/icwebsiteelement.css HTTP/1.1" 200 8132 "http://www.lenriggs.com/" "Mozilla/5.0 (Windows NT 6.1; WOW64; rv:23.0) Gecko/20100101 Firefox/23.0"
67.183.212.55 - - [19/Aug/2013:20:47:15 -0400] "GET /home.html HTTP/1.1" 200 17576 "http://www.lenriggs.com/onlinecourse.html" "Mozilla/4.0 (compatible; MSIE 8.0; Windows NT 6.1; WOW64; Trident/4.0; GTB7.5; SLCC2; .NET CLR 2.0.50727; .NET CLR 3.5.30729; .NET CLR 3.0.30729; Media Center PC 6.0; .NET4.0C)"
67.183.212.55 - - [19/Aug/2013:20:51:49 -0400] "GET /scripts/user.js HTTP/1.1" 304 - "http://www.lenriggs.com/aboutus/meetthefounder.html" "Mozilla/4.0 (compatible; MSIE 8.0; Windows NT 6.1; WOW64; Trident/4.0; GTB7.5; SLCC2; .NET CLR 2.0.50727; .NET CLR 3.5.30729; .NET CLR 3.0.30729; Media Center PC 6.0; .NET4.0C)"
67.183.212.55 - - [19/Aug/2013:20:51:49 -0400] "GET /images/Alcohol_Pic.jpg HTTP/1.1" 304 - "http://www.lenriggs.com/aboutus/meetthefounder.html" "Mozilla/4.0 (compatible; MSIE 8.0; Windows NT 6.1; WOW64; Trident/4.0; GTB7.5; SLCC2; .NET CLR 2.0.50727; .NET CLR 3.5.30729; .NET CLR 3.0.30729; Media Center PC 6.0; .NET4.0C)"
92.249.127.111 - - [19/Aug/2013:01:49:06 -0400] "GET / HTTP/1.1" 200 13290 "http://www.bravica.im/ru/" "Mozilla/5.0 (compatible; news bot /2.1)"
208.115.113.82 - - [19/Aug/2013:21:39:35 -0400] "GET /robots.txt HTTP/1.1" 200 25 "-" "Mozilla/5.0 (compatible; Ezooms/1.0; ezooms.bot@gmail.com)"
50.125.181.22 - - [19/Aug/2013:22:46:15 -0400] "GET / HTTP/1.1" 200 17576 "http://www.liq.wa.gov/publications/licensing/mast-lists/MAST_provider_list_512013.pdf" "Mozilla/5.0 (Windows NT 6.1; WOW64) AppleWebKit/537.36 (KHTML, like Gecko) Chrome/28.0.1500.95 Safari/537.36"
50.125.181.22 - - [19/Aug/2013:22:46:15 -0400] "GET /scripts/template.css HTTP/1.1" 200 15971 "http://www.lenriggs.com/" "Mozilla/5.0 (Windows NT 6.1; WOW64) AppleWebKit/537.36 (KHTML, like Gecko) Chrome/28.0.1500.95 Safari/537.36"
50.125.181.22 - - [19/Aug/2013:22:46:17 -0400] "GET /images/ic_061_body_bg.gif HTTP/1.1" 200 404 "http://www.lenriggs.com/" "Mozilla/5.0 (Windows NT 6.1; WOW64) AppleWebKit/537.36 (KHTML, like Gecko) Chrome/28.0.1500.95 Safari/537.36"
50.125.181.22 - - [19/Aug/2013:22:46:17 -0400] "GET /images/ic_061_headercontent_bg_wide.png HTTP/1.1" 200 1298 "http://www.lenriggs.com/" "Mozilla/5.0 (Windows NT 6.1; WOW64) AppleWebKit/537.36 (KHTML, like Gecko) Chrome/28.0.1500.95 Safari/537.36"
50.125.181.22 - - [19/Aug/2013:22:46:17 -0400] "GET /images/ic_061_docwrapper_bg_wide.gif HTTP/1.1" 200 328 "http://www.lenriggs.com/" "Mozilla/5.0 (Windows NT 6.1; WOW64) AppleWebKit/537.36 (KHTML, like Gecko) Chrome/28.0.1500.95 Safari/537.36"
74.125.186.1 - - [19/Aug/2013:02:42:12 -0400] "GET / HTTP/1.1" 200 13290 "-" "Mozilla/5.0 (Linux; Android 4.2.2; Galaxy Nexus Build/JDQ39) AppleWebKit/537.36 (KHTML, like Gecko) Chrome/29.0.1547.55 Mobile Safari/537.36"
74.125.186.1 - - [19/Aug/2013:02:42:12 -0400] "GET /scripts/photoalbum.js HTTP/1.1" 200 62481 "http://lenriggs.com/" "Mozilla/5.0 (Linux; Android 4.2.2; Galaxy Nexus Build/JDQ39) AppleWebKit/537.36 (KHTML, like Gecko) Chrome/29.0.1547.55 Mobile Safari/537.36"
74.125.186.1 - - [19/Aug/2013:02:42:12 -0400] "GET /scripts/photoalbum.js HTTP/1.1" 200 62481 "http://lenriggs.com/" "Mozilla/5.0 (Linux; Android 4.2.2; Galaxy Nexus Build/JDQ39) AppleWebKit/537.36 (KHTML, like Gecko) Chrome/29.0.1547.55 Mobile Safari/537.36"
74.125.186.1 - - [19/Aug/2013:02:42:13 -0400] "GET /images/dropshadow_sides_png_wide.png HTTP/1.1" 200 11205 "http://lenriggs.com/" "Mozilla/5.0 (Linux; Android 4.2.2; Galaxy Nexus Build/JDQ39) AppleWebKit/537.36 (KHTML, like Gecko) Chrome/29.0.1547.55 Mobile Safari/537.36"
88.208.232.222 - - [19/Aug/2013:19:29:55 -0400] "GET /home.html HTTP/1.0" 200 17576 "http://www.lenriggs.com/" "PHPCrawl"
66.209.91.164 - - [19/Aug/2013:20:02:55 -0400] "GET /scripts/45custom.css HTTP/1.1" 200 1141 "http://www.lenriggs.com/classschedule/classinformation.html" "Mozilla/4.0 (compatible; MSIE 8.0; Windows NT 6.1; WOW64; Trident/4.0; SLCC2; .NET CLR 2.0.50727; .NET CLR 3.5.30729; .NET CLR 3.0.30729; Media Center PC 6.0; .NET4.0C; .NET4.0E)"
150.70.75.36 - - [19/Aug/2013:20:04:15 -0400] "GET /scripts/ic_globals_published.js HTTP/1.0" 200 566 "-" "Mozilla/4.0 (compatible; MSIE 6.0; Windows NT 5.1)"
65.122.125.226 - - [19/Aug/2013:13:03:21 -0400] "GET /scripts/ic_globals_published.js HTTP/1.1" 200 566 "http://www.lenriggs.com/" "Mozilla/4.0 (compatible; MSIE 8.0; Windows NT 5.1; Trident/4.0; .NET4.0C; .NET CLR 2.0.50727; .NET CLR 3.0.4506.2152; .NET CLR 3.5.30729; .NET4.0E)"
65.122.125.226 - - [19/Aug/2013:13:03:22 -0400] "GET /scripts/icwebsiteelement.css HTTP/1.1" 200 8132 "http://www.lenriggs.com/" "Mozilla/4.0 (compatible; MSIE 8.0; Windows NT 5.1; Trident/4.0; .NET4.0C; .NET CLR 2.0.50727; .NET CLR 3.0.4506.2152; .NET CLR 3.5.30729; .NET4.0E)"
65.122.125.226 - - [19/Aug/2013:13:03:23 -0400] "GET /favicon.ico HTTP/1.1" 404 575 "-" "Mozilla/4.0 (compatible; MSIE 8.0; Windows NT 5.1; Trident/4.0; .NET4.0C; .NET CLR 2.0.50727; .NET CLR 3.0.4506.2152; .NET CLR 3.5.30729; .NET4.0E)"
67.51.61.22 - - [19/Aug/2013:14:03:47 -0400] "GET /scripts/ic_globals_published.js HTTP/1.1" 200 566 "http://www.lenriggs.com/" "Mozilla/5.0 (Macintosh; Intel Mac OS X 10_5_8) AppleWebKit/534.50.2 (KHTML, like Gecko) Version/5.0.6 Safari/533.22.3"
67.51.61.22 - - [19/Aug/2013:14:03:47 -0400] "GET /scripts/website.css HTTP/1.1" 200 2395 "http://www.lenriggs.com/" "Mozilla/5.0 (Macintosh; Intel Mac OS X 10_5_8) AppleWebKit/534.50.2 (KHTML, like Gecko) Version/5.0.6 Safari/533.22.3"
67.51.61.22 - - [19/Aug/2013:14:03:47 -0400] "GET /scripts/icwebsiteelement.css HTTP/1.1" 200 8132 "http://www.lenriggs.com/" "Mozilla/5.0 (Macintosh; Intel Mac OS X 10_5_8) AppleWebKit/534.50.2 (KHTML, like Gecko) Version/5.0.6 Safari/533.22.3"
67.51.61.22 - - [19/Aug/2013:14:03:48 -0400] "GET /images/dropshadow_sides_png_wide.png HTTP/1.1" 200 11205 "http://www.lenriggs.com/" "Mozilla/5.0 (Macintosh; Intel Mac OS X 10_5_8) AppleWebKit/534.50.2 (KHTML, like Gecko) Version/5.0.6 Safari/533.22.3"
208.38.209.6 - - [19/Aug/2013:21:57:58 -0400] "GET /scripts/user.js HTTP/1.1" 304 - "http://www.lenriggs.com/" "Mozilla/5.0 (Macintosh; Intel Mac OS X 10_6_8) AppleWebKit/534.57.2 (KHTML, like Gecko) Version/5.1.7 Safari/534.57.2"
91.207.9.226 - - [19/Aug/2013:22:05:46 -0400] "GET / HTTP/1.1" 200 17576 "http://www.triados.ru/" "Mozilla/4.0 (compatible; MSIE 6.0; Windows NT 5.1; SV1; FunWebProducts; .NET CLR 1.1.4322; PeoplePal 6.2)"
64.81.160.213 - - [19/Aug/2013:22:05:54 -0400] "GET /scripts/website.css HTTP/1.1" 200 2501 "http://www.lenriggs.com/" "Mozilla/5.0 (iPad; CPU OS 5_1_1 like Mac OS X) AppleWebKit/534.46 (KHTML, like Gecko) Version/5.1 Mobile/9B206 Safari/7534.48.3"
64.81.160.213 - - [19/Aug/2013:22:05:55 -0400] "GET /images/Alcohol_Pic.jpg HTTP/1.1" 200 6016 "http://www.lenriggs.com/" "Mozilla/5.0 (iPad; CPU OS 5_1_1 like Mac OS X) AppleWebKit/534.46 (KHTML, like Gecko) Version/5.1 Mobile/9B206 Safari/7534.48.3"
76.104.221.177 - - [19/Aug/2013:23:45:11 -0400] "GET /apple-touch-icon.png HTTP/1.1" 404 575 "-" "Dolphin http client/10.0.1(230) (Android)"
76.104.221.177 - - [19/Aug/2013:23:45:11 -0400] "GET /apple-touch-icon.png HTTP/1.1" 404 575 "-" "Dolphin http client/10.0.1(230) (Android)"
209.142.187.148 - - [19/Aug/2013:16:45:06 -0400] "GET /home.html HTTP/1.1" 304 - "http://www.lenriggs.com/home.html" "Mozilla/5.0 (compatible; MSIE 9.0; Windows NT 6.1; WOW64; Trident/5.0)"
67.183.212.55 - - [19/Aug/2013:17:10:20 -0400] "GET /scripts/14custom.css HTTP/1.1" 200 1479 "http://lenriggs.com/testimonials.html" "Mozilla/4.0 (compatible; MSIE 7.0; Windows NT 6.1; WOW64; Trident/6.0; SLCC2; .NET CLR 2.0.50727; .NET CLR 3.5.30729; .NET CLR 3.0.30729; Media Center PC 6.0; .NET4.0C; BRI/2; AskTB5.2)"
193.106.136.50 - - [19/Aug/2013:04:55:52 -0400] "GET / HTTP/1.1" 200 13290 "http://www.polimin.ru/" "Mozilla/4.0 (compatible; MSIE 5.5; Windows NT 4.0)"
173.202.211.2 - - [19/Aug/2013:00:05:57 -0400] "GET /scripts/photoalbum.js HTTP/1.1" 200 62481 "http://www.lenriggs.com/" "Mozilla/5.0 (compatible; MSIE 10.0; Windows NT 6.2; WOW64; Trident/6.0)"
173.202.211.2 - - [19/Aug/2013:00:05:58 -0400] "GET /images/dropshadow_sides_png_wide.png HTTP/1.1" 200 11205 "http://www.lenriggs.com/" "Mozilla/5.0 (compatible; MSIE 10.0; Windows NT 6.2; WOW64; Trident/6.0)"
173.202.211.2 - - [19/Aug/2013:00:06:01 -0400] "GET /images/dropshadow_bottom_png_wide.png HTTP/1.1" 200 3108 "http://www.lenriggs.com/" "Mozilla/5.0 (compatible; MSIE 10.0; Windows NT 6.2; WOW64; Trident/6.0)"
24.18.28.6 - - [19/Aug/2013:01:52:20 -0400] "GET /favicon.ico HTTP/1.1" 404 575 "-" "Mozilla/5.0 (compatible; MSIE 10.0; Windows NT 6.1; Win64; x64; Trident/6.0)"
66.249.75.18 - - [19/Aug/2013:10:57:55 -0400] "GET /scripts/website.css HTTP/1.1" 200 2395 "-" "Mozilla/5.0 (compatible; Googlebot/2.1; +http://www.google.com/bot.html)"
208.54.32.229 - - [19/Aug/2013:15:10:43 -0400] "GET /scripts/user.js HTTP/1.1" 200 23762 "http://www.lenriggs.com/" "Mozilla/5.0 (Linux; U; Android 2.3.4; en-us; T-Mobile G2 Build/GRJ22) AppleWebKit/533.1 (KHTML, like Gecko) Version/4.0 Mobile Safari/533.1"
208.54.32.229 - - [19/Aug/2013:15:10:44 -0400] "GET /images/pattern_png.png HTTP/1.1" 200 4554 "http://www.lenriggs.com/" "Mozilla/5.0 (Linux; U; Android 2.3.4; en-us; T-Mobile G2 Build/GRJ22) AppleWebKit/533.1 (KHTML, like Gecko) Version/4.0 Mobile Safari/533.1"
208.54.32.229 - - [19/Aug/2013:15:10:46 -0400] "GET /images/dropshadow_bottom_png.png HTTP/1.1" 200 3114 "http://www.lenriggs.com/" "Mozilla/5.0 (Linux; U; Android 2.3.4; en-us; T-Mobile G2 Build/GRJ22) AppleWebKit/533.1 (KHTML, like Gecko) Version/4.0 Mobile Safari/533.1"
98.143.120.9 - - [19/Aug/2013:17:09:36 -0400] "GET / HTTP/1.1" 200 17575 "-" "Mozilla/5.0 (compatible; MSIE 10.0; Windows NT 6.1; Trident/6.0)"
98.143.120.9 - - [19/Aug/2013:17:09:38 -0400] "GET /images/ic_061_headernav_bg.png HTTP/1.1" 200 3340 "http://www.lenriggs.com/" "Mozilla/5.0 (compatible; MSIE 10.0; Windows NT 6.1; Trident/6.0)"
5.10.83.73 - - [19/Aug/2013:05:58:28 -0400] "GET /robots.txt HTTP/1.1" 200 25 "-" "Mozilla/5.0 (compatible; AhrefsBot/5.0; +http://ahrefs.com/robot/)"
97.90.66.111 - - [19/Aug/2013:18:32:37 -0400] "GET /favicon.ico HTTP/1.1" 404 575 "-" "Mozilla/5.0 (Windows NT 6.1; WOW64) AppleWebKit/537.36 (KHTML, like Gecko) Chrome/28.0.1500.95 Safari/537.36"
97.90.66.111 - - [19/Aug/2013:18:32:37 -0400] "GET /favicon.ico HTTP/1.1" 404 575 "-" "Mozilla/5.0 (Windows NT 6.1; WOW64) AppleWebKit/537.36 (KHTML, like Gecko) Chrome/28.0.1500.95 Safari/537.36"
71.80.194.64 - - [19/Aug/2013:19:03:42 -0400] "GET /images/ic_061_headercontent_bg_wide.png HTTP/1.1" 200 1298 "http://www.lenriggs.com/" "Mozilla/5.0 (Windows NT 6.0) AppleWebKit/537.36 (KHTML, like Gecko) Chrome/28.0.1500.95 Safari/537.36"
66.209.91.164 - - [19/Aug/2013:20:02:41 -0400] "GET /images/ic_061_navbutton_bg.gif HTTP/1.1" 200 692 "http://www.lenriggs.com/classschedule.html" "Mozilla/4.0 (compatible; MSIE 8.0; Windows NT 6.1; WOW64; Trident/4.0; SLCC2; .NET CLR 2.0.50727; .NET CLR 3.5.30729; .NET CLR 3.0.30729; Media Center PC 6.0; .NET4.0C; .NET4.0E)"
67.183.212.55 - - [19/Aug/2013:20:51:49 -0400] "GET /aboutus/meetthefounder.html HTTP/1.1" 200 15615 "http://www.lenriggs.com/printourposter.html" "Mozilla/4.0 (compatible; MSIE 8.0; Windows NT 6.1; WOW64; Trident/4.0; GTB7.5; SLCC2; .NET CLR 2.0.50727; .NET CLR 3.5.30729; .NET CLR 3.0.30729; Media Center PC 6.0; .NET4.0C)"
67.183.212.55 - - [19/Aug/2013:20:51:49 -0400] "GET /scripts/icwebsiteelement.css HTTP/1.1" 304 - "http://www.lenriggs.com/aboutus/meetthefounder.html" "Mozilla/4.0 (compatible; MSIE 8.0; Windows NT 6.1; WOW64; Trident/4.0; GTB7.5; SLCC2; .NET CLR 2.0.50727; .NET CLR 3.5.30729; .NET CLR 3.0.30729; Media Center PC 6.0; .NET4.0C)"
67.183.212.55 - - [19/Aug/2013:20:51:49 -0400] "GET /images/ic_061_title_bg_wide.png HTTP/1.1" 304 - "http://www.lenriggs.com/aboutus/meetthefounder.html" "Mozilla/4.0 (compatible; MSIE 8.0; Windows NT 6.1; WOW64; Trident/4.0; GTB7.5; SLCC2; .NET CLR 2.0.50727; .NET CLR 3.5.30729; .NET CLR 3.0.30729; Media Center PC 6.0; .NET4.0C)"
67.183.212.55 - - [19/Aug/2013:21:23:43 -0400] "GET /scripts/1custom.css HTTP/1.1" 304 - "http://www.lenriggs.com/" "Mozilla/4.0 (compatible; MSIE 8.0; Windows NT 6.1; WOW64; Trident/4.0; GTB7.5; SLCC2; .NET CLR 2.0.50727; .NET CLR 3.5.30729; .NET CLR 3.0.30729; Media Center PC 6.0; .NET4.0C)"
67.183.212.55 - - [19/Aug/2013:21:23:46 -0400] "GET /images/ic_061_headercontent_bg_wide.png HTTP/1.1" 304 - "http://www.lenriggs.com/" "Mozilla/4.0 (compatible; MSIE 8.0; Windows NT 6.1; WOW64; Trident/4.0; GTB7.5; SLCC2; .NET CLR 2.0.50727; .NET CLR 3.5.30729; .NET CLR 3.0.30729; Media Center PC 6.0; .NET4.0C)"
67.183.212.55 - - [19/Aug/2013:21:23:43 -0400] "GET /scripts/template.css HTTP/1.1" 304 - "http://www.lenriggs.com/" "Mozilla/4.0 (compatible; MSIE 8.0; Windows NT 6.1; WOW64; Trident/4.0; GTB7.5; SLCC2; .NET CLR 2.0.50727; .NET CLR 3.5.30729; .NET CLR 3.0.30729; Media Center PC 6.0; .NET4.0C)"
67.183.212.55 - - [19/Aug/2013:21:23:46 -0400] "GET /images/ic_061_topmargin_r2_wide.gif HTTP/1.1" 304 - "http://www.lenriggs.com/" "Mozilla/4.0 (compatible; MSIE 8.0; Windows NT 6.1; WOW64; Trident/4.0; GTB7.5; SLCC2; .NET CLR 2.0.50727; .NET CLR 3.5.30729; .NET CLR 3.0.30729; Media Center PC 6.0; .NET4.0C)"
50.125.181.22 - - [19/Aug/2013:22:46:15 -0400] "GET /scripts/website.css HTTP/1.1" 200 2501 "http://www.lenriggs.com/" "Mozilla/5.0 (Windows NT 6.1; WOW64) AppleWebKit/537.36 (KHTML, like Gecko) Chrome/28.0.1500.95 Safari/537.36"
50.125.181.22 - - [19/Aug/2013:22:46:15 -0400] "GET /scripts/photoalbum.js HTTP/1.1" 200 62481 "http://www.lenriggs.com/" "Mozilla/5.0 (Windows NT 6.1; WOW64) AppleWebKit/537.36 (KHTML, like Gecko) Chrome/28.0.1500.95 Safari/537.36"
50.125.181.22 - - [19/Aug/2013:22:46:17 -0400] "GET /images/ic_061_navtopper_bg_wide.png HTTP/1.1" 200 208 "http://www.lenriggs.com/" "Mozilla/5.0 (Windows NT 6.1; WOW64) AppleWebKit/537.36 (KHTML, like Gecko) Chrome/28.0.1500.95 Safari/537.36"
50.125.181.22 - - [19/Aug/2013:22:46:17 -0400] "GET /images/ic_061_title_bg_wide.png HTTP/1.1" 200 3326 "http://www.lenriggs.com/" "Mozilla/5.0 (Windows NT 6.1; WOW64) AppleWebKit/537.36 (KHTML, like Gecko) Chrome/28.0.1500.95 Safari/537.36"
71.213.245.49 - - [19/Aug/2013:13:57:23 -0400] "GET /scripts/template.css HTTP/1.1" 200 8633 "http://www.lenriggs.com/" "Mozilla/5.0 (Windows NT 6.1; rv:23.0) Gecko/20100101 Firefox/23.0"
71.213.245.49 - - [19/Aug/2013:13:57:27 -0400] "GET /images/pattern_png.png HTTP/1.1" 200 4554 "http://www.lenriggs.com/scripts/template.css" "Mozilla/5.0 (Windows NT 6.1; rv:23.0) Gecko/20100101 Firefox/23.0"
71.213.245.49 - - [19/Aug/2013:13:57:27 -0400] "GET /images/dropshadow_bottom_png_wide.png HTTP/1.1" 200 3108 "http://www.lenriggs.com/scripts/template.css" "Mozilla/5.0 (Windows NT 6.1; rv:23.0) Gecko/20100101 Firefox/23.0"
167.187.100.202 - - [19/Aug/2013:14:08:58 -0400] "GET /scripts/photoalbum.js HTTP/1.1" 304 - "-" "Mozilla/4.0 (compatible;)"
71.227.200.136 - - [19/Aug/2013:11:16:30 -0400] "GET /scripts/1custom.css HTTP/1.1" 200 1750 "http://lenriggs.com/" "Mozilla/5.0 (Windows NT 6.1) AppleWebKit/537.36 (KHTML, like Gecko) Chrome/28.0.1500.95 Safari/537.36"
71.227.200.136 - - [19/Aug/2013:11:16:31 -0400] "GET /scripts/photoalbum.js HTTP/1.1" 200 62481 "http://lenriggs.com/" "Mozilla/5.0 (Windows NT 6.1) AppleWebKit/537.36 (KHTML, like Gecko) Chrome/28.0.1500.95 Safari/537.36"
71.227.200.136 - - [19/Aug/2013:11:16:33 -0400] "GET /scripts/print.css HTTP/1.1" 200 9876 "http://lenriggs.com/" "Mozilla/5.0 (Windows NT 6.1) AppleWebKit/537.36 (KHTML, like Gecko) Chrome/28.0.1500.95 Safari/537.36"
208.54.32.229 - - [19/Aug/2013:15:10:43 -0400] "GET /scripts/photoalbum.js HTTP/1.1" 200 62481 "http://www.lenriggs.com/" "Mozilla/5.0 (Linux; U; Android 2.3.4; en-us; T-Mobile G2 Build/GRJ22) AppleWebKit/533.1 (KHTML, like Gecko) Version/4.0 Mobile Safari/533.1"
66.225.14.190 - - [19/Aug/2013:15:20:04 -0400] "GET /scripts/website.css HTTP/1.1" 200 2395 "http://www.lenriggs.com/" "Mozilla/4.0 (compatible; MSIE 8.0; Windows NT 5.1; Trident/4.0; chromeframe/28.0.1500.95; .NET4.0C; .NET4.0E; .NET CLR 1.1.4322; InfoPath.3; .NET CLR 2.0.50727; .NET CLR 3.0.4506.2152; .NET CLR 3.5.30729)"
66.225.14.190 - - [19/Aug/2013:15:20:04 -0400] "GET /scripts/icwebsiteelement.css HTTP/1.1" 200 8132 "http://www.lenriggs.com/" "Mozilla/4.0 (compatible; MSIE 8.0; Windows NT 5.1; Trident/4.0; chromeframe/28.0.1500.95; .NET4.0C; .NET4.0E; .NET CLR 1.1.4322; InfoPath.3; .NET CLR 2.0.50727; .NET CLR 3.0.4506.2152; .NET CLR 3.5.30729)"
66.225.14.190 - - [19/Aug/2013:15:20:06 -0400] "GET /images/accent_png.png HTTP/1.1" 200 3544 "http://www.lenriggs.com/" "Mozilla/4.0 (compatible; MSIE 8.0; Windows NT 5.1; Trident/4.0; chromeframe/28.0.1500.95; .NET4.0C; .NET4.0E; .NET CLR 1.1.4322; InfoPath.3; .NET CLR 2.0.50727; .NET CLR 3.0.4506.2152; .NET CLR 3.5.30729)"
167.187.100.202 - - [19/Aug/2013:17:31:11 -0400] "GET /scripts/template.css HTTP/1.1" 200 15971 "-" "Mozilla/4.0 (compatible;)"
76.178.191.22 - - [19/Aug/2013:18:13:31 -0400] "GET /scripts/icwebsiteelement.css HTTP/1.1" 304 - "http://www.lenriggs.com/" "Mozilla/5.0 (Windows NT 6.1; WOW64) AppleWebKit/537.36 (KHTML, like Gecko) Chrome/28.0.1500.95 Safari/537.36"
66.209.91.164 - - [19/Aug/2013:20:02:36 -0400] "GET /images/ic_061_headernav_bg.png HTTP/1.1" 200 3340 "http://www.lenriggs.com/classschedule.html" "Mozilla/4.0 (compatible; MSIE 8.0; Windows NT 6.1; WOW64; Trident/4.0; SLCC2; .NET CLR 2.0.50727; .NET CLR 3.5.30729; .NET CLR 3.0.30729; Media Center PC 6.0; .NET4.0C; .NET4.0E)"
67.183.212.55 - - [19/Aug/2013:20:50:54 -0400] "GET /scripts/46custom.css HTTP/1.1" 200 1142 "http://www.lenriggs.com/printourposter.html" "Mozilla/4.0 (compatible; MSIE 8.0; Windows NT 6.1; WOW64; Trident/4.0; GTB7.5; SLCC2; .NET CLR 2.0.50727; .NET CLR 3.5.30729; .NET CLR 3.0.30729; Media Center PC 6.0; .NET4.0C)"
167.187.100.202 - - [19/Aug/2013:20:55:13 -0400] "GET /scripts/1custom.css HTTP/1.1" 200 2088 "-" "Mozilla/4.0 (compatible;)"
76.2.3.26 - - [19/Aug/2013:15:11:02 -0400] "GET /scripts/icwebsiteelement.css HTTP/1.1" 200 8132 "http://lenriggs.com/" "Mozilla/5.0 (Macintosh; Intel Mac OS X 10_8_4) AppleWebKit/536.30.1 (KHTML, like Gecko) Version/6.0.5 Safari/536.30.1"
76.2.3.26 - - [19/Aug/2013:15:12:23 -0400] "GET /scripts/45custom.css HTTP/1.1" 200 804 "http://lenriggs.com/classschedule/classinformation.html" "Mozilla/5.0 (Macintosh; Intel Mac OS X 10_8_4) AppleWebKit/536.30.1 (KHTML, like Gecko) Version/6.0.5 Safari/536.30.1"
71.83.229.101 - - [19/Aug/2013:16:36:40 -0400] "GET /scripts/ic_globals_published.js HTTP/1.1" 200 566 "http://www.lenriggs.com/" "Mozilla/5.0 (Macintosh; Intel Mac OS X 10_8_2) AppleWebKit/537.36 (KHTML, like Gecko) Chrome/27.0.1453.110 Safari/537.36"
71.83.229.101 - - [19/Aug/2013:16:36:40 -0400] "GET /scripts/1custom.css HTTP/1.1" 200 1750 "http://www.lenriggs.com/" "Mozilla/5.0 (Macintosh; Intel Mac OS X 10_8_2) AppleWebKit/537.36 (KHTML, like Gecko) Chrome/27.0.1453.110 Safari/537.36"
209.142.187.148 - - [19/Aug/2013:16:44:14 -0400] "GET /home.html HTTP/1.1" 200 13290 "http://www.lenriggs.com/onlinecourse.html" "Mozilla/5.0 (compatible; MSIE 9.0; Windows NT 6.1; WOW64; Trident/5.0)"
12.171.46.121 - - [19/Aug/2013:19:00:25 -0400] "GET /classschedule/classinformation.html HTTP/1.0" 200 17414 "http://www.lenriggs.com/classschedule.html" "Mozilla/4.0 (compatible; MSIE 7.0; Windows NT 6.1; Trident/5.0; SLCC2; .NET CLR 2.0.50727; .NET CLR 3.5.30729; .NET CLR 3.0.30729; Media Center PC 6.0; .NET4.0C)"
192.182.137.211 - - [19/Aug/2013:19:46:58 -0400] "GET /scripts/ic_globals_published.js HTTP/1.1" 200 566 "http://www.lenriggs.com/" "Mozilla/5.0 (Windows NT 6.1; WOW64) AppleWebKit/537.36 (KHTML, like Gecko) Chrome/28.0.1500.72 Safari/537.36"
192.182.137.211 - - [19/Aug/2013:19:47:02 -0400] "GET /images/ic_061_headernav_bg.png HTTP/1.1" 200 3340 "http://www.lenriggs.com/" "Mozilla/5.0 (Windows NT 6.1; WOW64) AppleWebKit/537.36 (KHTML, like Gecko) Chrome/28.0.1500.72 Safari/537.36"
66.209.91.164 - - [19/Aug/2013:20:02:10 -0400] "GET /images/ic_061_headercontent_bg_wide.png HTTP/1.1" 200 1298 "http://www.lenriggs.com/" "Mozilla/4.0 (compatible; MSIE 8.0; Windows NT 6.1; WOW64; Trident/4.0; SLCC2; .NET CLR 2.0.50727; .NET CLR 3.5.30729; .NET CLR 3.0.30729; Media Center PC 6.0; .NET4.0C; .NET4.0E)"
67.183.212.55 - - [19/Aug/2013:20:50:53 -0400] "GET /printourposter.html HTTP/1.1" 200 12514 "http://www.lenriggs.com/win10000.html" "Mozilla/4.0 (compatible; MSIE 8.0; Windows NT 6.1; WOW64; Trident/4.0; GTB7.5; SLCC2; .NET CLR 2.0.50727; .NET CLR 3.5.30729; .NET CLR 3.0.30729; Media Center PC 6.0; .NET4.0C)"
67.183.212.55 - - [19/Aug/2013:20:50:54 -0400] "GET /images/doc_pdf.gif HTTP/1.1" 200 1002 "http://www.lenriggs.com/printourposter.html" "Mozilla/4.0 (compatible; MSIE 8.0; Windows NT 6.1; WOW64; Trident/4.0; GTB7.5; SLCC2; .NET CLR 2.0.50727; .NET CLR 3.5.30729; .NET CLR 3.0.30729; Media Center PC 6.0; .NET4.0C)"
67.183.212.55 - - [19/Aug/2013:20:50:56 -0400] "GET /images/7-15-2013_Online_Marketing_Poster.pdf HTTP/1.1" 200 371804 "http://www.lenriggs.com/printourposter.html" "Mozilla/4.0 (compatible; MSIE 8.0; Windows NT 6.1; WOW64; Trident/4.0; GTB7.5; SLCC2; .NET CLR 2.0.50727; .NET CLR 3.5.30729; .NET CLR 3.0.30729; Media Center PC 6.0; .NET4.0C)"
67.183.212.55 - - [19/Aug/2013:20:51:49 -0400] "GET /scripts/43custom.css HTTP/1.1" 200 1767 "http://www.lenriggs.com/aboutus/meetthefounder.html" "Mozilla/4.0 (compatible; MSIE 8.0; Windows NT 6.1; WOW64; Trident/4.0; GTB7.5; SLCC2; .NET CLR 2.0.50727; .NET CLR 3.5.30729; .NET CLR 3.0.30729; Media Center PC 6.0; .NET4.0C)"
67.183.212.55 - - [19/Aug/2013:20:51:49 -0400] "GET /images/ic_061_headercontent_bg_wide.png HTTP/1.1" 304 - "http://www.lenriggs.com/aboutus/meetthefounder.html" "Mozilla/4.0 (compatible; MSIE 8.0; Windows NT 6.1; WOW64; Trident/4.0; GTB7.5; SLCC2; .NET CLR 2.0.50727; .NET CLR 3.5.30729; .NET CLR 3.0.30729; Media Center PC 6.0; .NET4.0C)"
74.125.187.129 - - [19/Aug/2013:02:42:12 -0400] "GET /scripts/website.css HTTP/1.1" 200 2395 "http://lenriggs.com/" "Mozilla/5.0 (Linux; Android 4.2.2; Galaxy Nexus Build/JDQ39) AppleWebKit/537.36 (KHTML, like Gecko) Chrome/29.0.1547.55 Mobile Safari/537.36"
74.125.187.129 - - [19/Aug/2013:02:42:12 -0400] "GET /scripts/1custom.css HTTP/1.1" 200 1750 "http://lenriggs.com/" "Mozilla/5.0 (Linux; Android 4.2.2; Galaxy Nexus Build/JDQ39) AppleWebKit/537.36 (KHTML, like Gecko) Chrome/29.0.1547.55 Mobile Safari/537.36"
74.125.187.129 - - [19/Aug/2013:02:42:13 -0400] "GET /images/dropshadow_sides_png_wide.png HTTP/1.1" 200 11205 "http://lenriggs.com/" "Mozilla/5.0 (Linux; Android 4.2.2; Galaxy Nexus Build/JDQ39) AppleWebKit/537.36 (KHTML, like Gecko) Chrome/29.0.1547.55 Mobile Safari/537.36"
74.125.187.129 - - [19/Aug/2013:02:42:13 -0400] "GET /images/accent_png.png HTTP/1.1" 200 3544 "http://lenriggs.com/" "Mozilla/5.0 (Linux; Android 4.2.2; Galaxy Nexus Build/JDQ39) AppleWebKit/537.36 (KHTML, like Gecko) Chrome/29.0.1547.55 Mobile Safari/537.36"
100.43.83.156 - - [19/Aug/2013:12:01:32 -0400] "GET / HTTP/1.1" 200 13290 "-" "Mozilla/5.0 (compatible; YandexBot/3.0; +http://yandex.com/bots)"
66.194.84.132 - - [19/Aug/2013:12:08:20 -0400] "GET /scripts/photoalbum.js HTTP/1.1" 200 62481 "http://lenriggs.com/" "Mozilla/5.0 (compatible; MSIE 9.0; Windows NT 6.1; WOW64; Trident/5.0)"
