157.55.34.24 - - [19/Aug/2013:14:57:40 -0400] "GET /scripts/print.css HTTP/1.1" 200 9876 "-" "Mozilla/5.0 (compatible; bingbot/2.0; +http://www.bing.com/bingbot.htm)"
24.19.20.141 - - [19/Aug/2013:10:54:38 -0400] "GET /scripts/template.css HTTP/1.1" 200 8633 "http://lenriggs.com/allupcomingclasses.html" "Mozilla/5.0 (Windows NT 6.1; WOW64; rv:23.0) Gecko/20100101 Firefox/23.0"
24.18.28.6 - - [19/Aug/2013:01:52:35 -0400] "GET /favicon.ico HTTP/1.1" 404 575 "-" "Mozilla/5.0 (compatible; MSIE 10.0; Windows NT 6.1; Win64; x64; Trident/6.0)"
208.38.209.6 - - [19/Aug/2013:21:30:21 -0400] "GET /scripts/ic_globals_published.js HTTP/1.1" 200 566 "http://www.lenriggs.com/" "Mozilla/5.0 (Macintosh; Intel Mac OS X 10_6_8) AppleWebKit/534.57.2 (KHTML, like Gecko) Version/5.1.7 Safari/534.57.2"
208.38.209.6 - - [19/Aug/2013:21:30:22 -0400] "GET /images/ic_061_headernav_bg.png HTTP/1.1" 200 3340 "http://www.lenriggs.com/" "Mozilla/5.0 (Macintosh; Intel Mac OS X 10_6_8) AppleWebKit/534.57.2 (KHTML, like Gecko) Version/5.1.7 Safari/534.57.2"
50.125.181.22 - - [19/Aug/2013:22:46:22 -0400] "GET /favicon.ico HTTP/1.1" 404 575 "-" "Mozilla/5.0 (Windows NT 6.1; WOW64) AppleWebKit/537.36 (KHTML, like Gecko) Chrome/28.0.1500.95 Safari/537.36"
76.2.3.26 - - [19/Aug/2013:15:11:06 -0400] "GET /images/accent_png.png HTTP/1.1" 200 3544 "http://lenriggs.com/" "Mozilla/5.0 (Macintosh; Intel Mac OS X 10_8_4) AppleWebKit/536.30.1 (KHTML, like Gecko) Version/6.0.5 Safari/536.30.1"
50.123.76.55 - - [19/Aug/2013:16:48:28 -0400] "GET /scripts/user.js HTTP/1.1" 200 23762 "http://www.lenriggs.com/" "Mozilla/5.0 (compatible; MSIE 10.0; Windows NT 6.1; Trident/6.0)"
50.123.76.55 - - [19/Aug/2013:16:48:29 -0400] "GET /images/dropshadow_sides_png_wide.png HTTP/1.1" 200 11205 "http://www.lenriggs.com/" "Mozilla/5.0 (compatible; MSIE 10.0; Windows NT 6.1; Trident/6.0)"
50.123.76.55 - - [19/Aug/2013:16:48:29 -0400] "GET /images/accent_png.png HTTP/1.1" 200 3544 "http://www.lenriggs.com/" "Mozilla/5.0 (compatible; MSIE 10.0; Windows NT 6.1; Trident/6.0)"
12.171.46.121 - - [19/Aug/2013:19:00:20 -0400] "GET /classschedule.html HTTP/1.0" 200 12832 "http://www.lenriggs.com/" "Mozilla/4.0 (compatible; MSIE 7.0; Windows NT 6.1; Trident/5.0; SLCC2; .NET CLR 2.0.50727; .NET CLR 3.5.30729; .NET CLR 3.0.30729; Media Center PC 6.0; .NET4.0C)"
50.135.180.62 - - [19/Aug/2013:19:42:10 -0400] "GET /scripts/website.css HTTP/1.1" 200 2501 "http://www.lenriggs.com/" "Mozilla/5.0 (compatible; MSIE 9.0; Windows NT 6.1; WOW64; Trident/5.0)"
50.135.180.62 - - [19/Aug/2013:19:42:13 -0400] "GET /images/ic_061_body_bg.gif HTTP/1.1" 200 404 "http://www.lenriggs.com/" "Mozilla/5.0 (compatible; MSIE 9.0; Windows NT 6.1; WOW64; Trident/5.0)"
50.135.180.62 - - [19/Aug/2013:19:42:13 -0400] "GET /images/Alcohol_Pic.jpg HTTP/1.1" 200 6016 "http://www.lenriggs.com/" "Mozilla/5.0 (compatible; MSIE 9.0; Windows NT 6.1; WOW64; Trident/5.0)"
192.182.137.211 - - [19/Aug/2013:19:47:02 -0400] "GET /images/ic_061_container_bg_wide.gif HTTP/1.1" 200 278 "http://www.lenriggs.com/" "Mozilla/5.0 (Windows NT 6.1; WOW64) AppleWebKit/537.36 (KHTML, like Gecko) Chrome/28.0.1500.72 Safari/537.36"
66.209.91.164 - - [19/Aug/2013:20:02:55 -0400] "GET /classschedule/classinformation.html HTTP/1.1" 200 17414 "http://www.lenriggs.com/classschedule.html" "Mozilla/4.0 (compatible; MSIE 8.0; Windows NT 6.1; WOW64; Trident/4.0; SLCC2; .NET CLR 2.0.50727; .NET CLR 3.5.30729; .NET CLR 3.0.30729; Media Center PC 6.0; .NET4.0C; .NET4.0E)"
66.209.91.164 - - [19/Aug/2013:20:02:56 -0400] "GET /images/ic_061_docwrapper_bg_wide.gif HTTP/1.1" 200 328 "http://www.lenriggs.com/classschedule/classinformation.html" "Mozilla/4.0 (compatible; MSIE 8.0; Windows NT 6.1; WOW64; Trident/4.0; SLCC2; .NET CLR 2.0.50727; .NET CLR 3.5.30729; .NET CLR 3.0.30729; Media Center PC 6.0; .NET4.0C; .NET4.0E)"
67.183.212.55 - - [19/Aug/2013:20:50:20 -0400] "GET /testimonials.html HTTP/1.1" 200 35290 "http://www.lenriggs.com/blog.html" "Mozilla/4.0 (compatible; MSIE 8.0; Windows NT 6.1; WOW64; Trident/4.0; GTB7.5; SLCC2; .NET CLR 2.0.50727; .NET CLR 3.5.30729; .NET CLR 3.0.30729; Media Center PC 6.0; .NET4.0C)"
67.183.212.55 - - [19/Aug/2013:20:50:20 -0400] "GET /images/Alcohol_Pic.jpg HTTP/1.1" 304 - "http://www.lenriggs.com/testimonials.html" "Mozilla/4.0 (compatible; MSIE 8.0; Windows NT 6.1; WOW64; Trident/4.0; GTB7.5; SLCC2; .NET CLR 2.0.50727; .NET CLR 3.5.30729; .NET CLR 3.0.30729; Media Center PC 6.0; .NET4.0C)"
67.183.212.55 - - [19/Aug/2013:20:50:45 -0400] "GET /images/photoalbum/detail_close.jpg HTTP/1.1" 200 1095 "http://www.lenriggs.com/win10000.html" "Mozilla/4.0 (compatible; MSIE 8.0; Windows NT 6.1; WOW64; Trident/4.0; GTB7.5; SLCC2; .NET CLR 2.0.50727; .NET CLR 3.5.30729; .NET CLR 3.0.30729; Media Center PC 6.0; .NET4.0C)"
46.118.126.194 - - [19/Aug/2013:04:17:29 -0400] "GET / HTTP/1.1" 200 13290 "http://spplq.ru/" "Mozilla/4.0 (compatible; MSIE 6.0; Windows NT 5.1; FREE; .NET CLR 1.1.4322)"
100.43.83.156 - - [19/Aug/2013:12:01:15 -0400] "GET /robots.txt HTTP/1.1" 200 25 "-" "Mozilla/5.0 (compatible; YandexBot/3.0; +http://yandex.com/bots)"
100.43.83.156 - - [19/Aug/2013:12:01:18 -0400] "GET / HTTP/1.1" 200 13290 "-" "Mozilla/5.0 (compatible; YandexBot/3.0; +http://yandex.com/bots)"
67.183.212.55 - - [19/Aug/2013:21:23:42 -0400] "GET / HTTP/1.1" 304 - "-" "Mozilla/4.0 (compatible; MSIE 8.0; Windows NT 6.1; WOW64; Trident/4.0; GTB7.5; SLCC2; .NET CLR 2.0.50727; .NET CLR 3.5.30729; .NET CLR 3.0.30729; Media Center PC 6.0; .NET4.0C)"
67.183.212.55 - - [19/Aug/2013:21:23:43 -0400] "GET /scripts/ic_globals_published.js HTTP/1.1" 304 - "http://www.lenriggs.com/" "Mozilla/4.0 (compatible; MSIE 8.0; Windows NT 6.1; WOW64; Trident/4.0; GTB7.5; SLCC2; .NET CLR 2.0.50727; .NET CLR 3.5.30729; .NET CLR 3.0.30729; Media Center PC 6.0; .NET4.0C)"
67.183.212.55 - - [19/Aug/2013:21:23:46 -0400] "GET /images/ic_061_body_bg.gif HTTP/1.1" 304 - "http://www.lenriggs.com/" "Mozilla/4.0 (compatible; MSIE 8.0; Windows NT 6.1; WOW64; Trident/4.0; GTB7.5; SLCC2; .NET CLR 2.0.50727; .NET CLR 3.5.30729; .NET CLR 3.0.30729; Media Center PC 6.0; .NET4.0C)"
67.183.212.55 - - [19/Aug/2013:21:23:46 -0400] "GET /images/ic_061_navbutton_bg.gif HTTP/1.1" 304 - "http://www.lenriggs.com/" "Mozilla/4.0 (compatible; MSIE 8.0; Windows NT 6.1; WOW64; Trident/4.0; GTB7.5; SLCC2; .NET CLR 2.0.50727; .NET CLR 3.5.30729; .NET CLR 3.0.30729; Media Center PC 6.0; .NET4.0C)"
64.81.160.213 - - [19/Aug/2013:22:05:54 -0400] "GET /scripts/photoalbum.js HTTP/1.1" 200 62481 "http://www.lenriggs.com/" "Mozilla/5.0 (iPad; CPU OS 5_1_1 like Mac OS X) AppleWebKit/534.46 (KHTML, like Gecko) Version/5.1 Mobile/9B206 Safari/7534.48.3"
64.81.160.213 - - [19/Aug/2013:22:05:55 -0400] "GET /images/ic_061_topmargin_r2_wide.gif HTTP/1.1" 200 274 "http://www.lenriggs.com/" "Mozilla/5.0 (iPad; CPU OS 5_1_1 like Mac OS X) AppleWebKit/534.46 (KHTML, like Gecko) Version/5.1 Mobile/9B206 Safari/7534.48.3"
206.165.250.240 - - [19/Aug/2013:22:06:01 -0400] "GET / HTTP/1.1" 200 17576 "-" "AddThis.com robot tech.support@clearspring.com"
206.165.250.240 - - [19/Aug/2013:22:06:01 -0400] "GET /home.html HTTP/1.1" 200 17576 "-" "AddThis.com robot tech.support@clearspring.com"
206.165.250.240 - - [19/Aug/2013:22:06:01 -0400] "GET /classschedule.html HTTP/1.1" 200 12832 "-" "AddThis.com robot tech.support@clearspring.com"
173.202.211.2 - - [19/Aug/2013:00:05:56 -0400] "GET / HTTP/1.1" 200 13290 "-" "Mozilla/5.0 (compatible; MSIE 10.0; Windows NT 6.2; WOW64; Trident/6.0)"
173.202.211.2 - - [19/Aug/2013:00:05:57 -0400] "GET /scripts/1custom.css HTTP/1.1" 200 1750 "http://www.lenriggs.com/" "Mozilla/5.0 (compatible; MSIE 10.0; Windows NT 6.2; WOW64; Trident/6.0)"
208.54.32.229 - - [19/Aug/2013:15:10:43 -0400] "GET /scripts/ic_globals_published.js HTTP/1.1" 200 566 "http://www.lenriggs.com/" "Mozilla/5.0 (Linux; U; Android 2.3.4; en-us; T-Mobile G2 Build/GRJ22) AppleWebKit/533.1 (KHTML, like Gecko) Version/4.0 Mobile Safari/533.1"
208.54.32.229 - - [19/Aug/2013:15:10:44 -0400] "GET /images/dropshadow_sides_png.png HTTP/1.1" 200 9969 "http://www.lenriggs.com/" "Mozilla/5.0 (Linux; U; Android 2.3.4; en-us; T-Mobile G2 Build/GRJ22) AppleWebKit/533.1 (KHTML, like Gecko) Version/4.0 Mobile Safari/533.1"
208.54.32.229 - - [19/Aug/2013:15:10:44 -0400] "GET /images/dropshadow_sides_png_wide.png HTTP/1.1" 200 11205 "http://www.lenriggs.com/" "Mozilla/5.0 (Linux; U; Android 2.3.4; en-us; T-Mobile G2 Build/GRJ22) AppleWebKit/533.1 (KHTML, like Gecko) Version/4.0 Mobile Safari/533.1"
208.54.32.229 - - [19/Aug/2013:15:10:46 -0400] "GET /images/dropshadow_bottom_png_wide.png HTTP/1.1" 200 3108 "http://www.lenriggs.com/" "Mozilla/5.0 (Linux; U; Android 2.3.4; en-us; T-Mobile G2 Build/GRJ22) AppleWebKit/533.1 (KHTML, like Gecko) Version/4.0 Mobile Safari/533.1"
199.30.25.2 - - [19/Aug/2013:15:57:46 -0400] "GET /images/accent_png.png HTTP/1.1" 200 3544 "http://www.lenriggs.com/home.html" "Mozilla/5.0 (Windows NT 6.1; WOW64) AppleWebKit/534+ (KHTML, like Gecko) BingPreview/1.0b"
184.78.196.250 - - [19/Aug/2013:16:58:48 -0400] "GET /scripts/user.js HTTP/1.1" 200 23762 "http://www.lenriggs.com/" "Mozilla/5.0 (iPad; CPU OS 6_1_3 like Mac OS X) AppleWebKit/536.26 (KHTML, like Gecko) Version/6.0 Mobile/10B329 Safari/8536.25"
184.78.196.250 - - [19/Aug/2013:16:58:51 -0400] "GET /images/accent_png.png HTTP/1.1" 200 3544 "http://www.lenriggs.com/" "Mozilla/5.0 (iPad; CPU OS 6_1_3 like Mac OS X) AppleWebKit/536.26 (KHTML, like Gecko) Version/6.0 Mobile/10B329 Safari/8536.25"
98.143.120.9 - - [19/Aug/2013:17:09:37 -0400] "GET /scripts/photoalbum.js HTTP/1.1" 200 62481 "http://www.lenriggs.com/" "Mozilla/5.0 (compatible; MSIE 10.0; Windows NT 6.1; Trident/6.0)"
67.183.212.55 - - [19/Aug/2013:17:09:38 -0400] "GET /scripts/ic_globals_published.js HTTP/1.1" 200 566 "http://lenriggs.com/" "Mozilla/4.0 (compatible; MSIE 7.0; Windows NT 6.1; WOW64; Trident/6.0; SLCC2; .NET CLR 2.0.50727; .NET CLR 3.5.30729; .NET CLR 3.0.30729; Media Center PC 6.0; .NET4.0C; BRI/2; AskTB5.2)"
67.183.212.55 - - [19/Aug/2013:17:09:38 -0400] "GET /scripts/print.css HTTP/1.1" 200 - "http://lenriggs.com/" "Mozilla/4.0 (compatible; MSIE 7.0; Windows NT 6.1; WOW64; Trident/6.0; SLCC2; .NET CLR 2.0.50727; .NET CLR 3.5.30729; .NET CLR 3.0.30729; Media Center PC 6.0; .NET4.0C; BRI/2; AskTB5.2)"
98.143.120.9 - - [19/Aug/2013:17:09:38 -0400] "GET /images/ic_061_body_bg.gif HTTP/1.1" 200 404 "http://www.lenriggs.com/" "Mozilla/5.0 (compatible; MSIE 10.0; Windows NT 6.1; Trident/6.0)"
67.183.212.55 - - [19/Aug/2013:17:09:38 -0400] "GET /scripts/icwebsiteelement.css HTTP/1.1" 200 8132 "http://lenriggs.com/" "Mozilla/4.0 (compatible; MSIE 7.0; Windows NT 6.1; WOW64; Trident/6.0; SLCC2; .NET CLR 2.0.50727; .NET CLR 3.5.30729; .NET CLR 3.0.30729; Media Center PC 6.0; .NET4.0C; BRI/2; AskTB5.2)"
98.143.120.9 - - [19/Aug/2013:17:09:39 -0400] "GET /images/ic_061_headercontent_bg_wide.png HTTP/1.1" 200 1298 "http://www.lenriggs.com/" "Mozilla/5.0 (compatible; MSIE 10.0; Windows NT 6.1; Trident/6.0)"
67.183.212.55 - - [19/Aug/2013:17:09:39 -0400] "GET /images/ic_061_container_bg_wide.gif HTTP/1.1" 200 278 "http://lenriggs.com/" "Mozilla/4.0 (compatible; MSIE 7.0; Windows NT 6.1; WOW64; Trident/6.0; SLCC2; .NET CLR 2.0.50727; .NET CLR 3.5.30729; .NET CLR 3.0.30729; Media Center PC 6.0; .NET4.0C; BRI/2; AskTB5.2)"
67.183.212.55 - - [19/Aug/2013:17:10:25 -0400] "GET /printourposter.html HTTP/1.1" 200 11605 "http://lenriggs.com/testimonials.html" "Mozilla/4.0 (compatible; MSIE 7.0; Windows NT 6.1; WOW64; Trident/6.0; SLCC2; .NET CLR 2.0.50727; .NET CLR 3.5.30729; .NET CLR 3.0.30729; Media Center PC 6.0; .NET4.0C; BRI/2; AskTB5.2)"
67.183.212.55 - - [19/Aug/2013:17:10:26 -0400] "GET /scripts/15custom.css HTTP/1.1" 200 805 "http://lenriggs.com/classschedule.html" "Mozilla/4.0 (compatible; MSIE 7.0; Windows NT 6.1; WOW64; Trident/6.0; SLCC2; .NET CLR 2.0.50727; .NET CLR 3.5.30729; .NET CLR 3.0.30729; Media Center PC 6.0; .NET4.0C; BRI/2; AskTB5.2)"
67.183.212.55 - - [19/Aug/2013:17:10:29 -0400] "GET /scripts/45custom.css HTTP/1.1" 200 804 "http://lenriggs.com/classschedule/classinformation.html" "Mozilla/4.0 (compatible; MSIE 7.0; Windows NT 6.1; WOW64; Trident/6.0; SLCC2; .NET CLR 2.0.50727; .NET CLR 3.5.30729; .NET CLR 3.0.30729; Media Center PC 6.0; .NET4.0C; BRI/2; AskTB5.2)"
67.183.212.55 - - [19/Aug/2013:17:53:41 -0400] "GET /images/photoalbum/detail_close.jpg HTTP/1.1" 200 1095 "http://lenriggs.com/win10000.html" "Mozilla/4.0 (compatible; MSIE 7.0; Windows NT 6.1; WOW64; Trident/6.0; SLCC2; .NET CLR 2.0.50727; .NET CLR 3.5.30729; .NET CLR 3.0.30729; Media Center PC 6.0; .NET4.0C; BRI/2; AskTB5.2)"
67.183.212.55 - - [19/Aug/2013:17:53:41 -0400] "GET /images/photoalbum/button_photoSpeed5.jpg HTTP/1.1" 200 502 "http://lenriggs.com/win10000.html" "Mozilla/4.0 (compatible; MSIE 7.0; Windows NT 6.1; WOW64; Trident/6.0; SLCC2; .NET CLR 2.0.50727; .NET CLR 3.5.30729; .NET CLR 3.0.30729; Media Center PC 6.0; .NET4.0C; BRI/2; AskTB5.2)"
67.183.212.55 - - [19/Aug/2013:17:53:41 -0400] "GET /images/89_Brian_at_Big_Daddys.jpg HTTP/1.1" 200 2869 "http://lenriggs.com/win10000.html" "Mozilla/4.0 (compatible; MSIE 7.0; Windows NT 6.1; WOW64; Trident/6.0; SLCC2; .NET CLR 2.0.50727; .NET CLR 3.5.30729; .NET CLR 3.0.30729; Media Center PC 6.0; .NET4.0C; BRI/2; AskTB5.2)"
66.194.84.132 - - [19/Aug/2013:13:03:51 -0400] "GET /scripts/website.css HTTP/1.1" 200 2395 "http://www.lenriggs.com/" "Mozilla/4.0 (compatible; MSIE 8.0; Windows NT 5.1; Trident/4.0; .NET CLR 2.0.50727; .NET CLR 3.0.4506.2152; .NET CLR 3.5.30729; .NET4.0C; .NET4.0E; InfoPath.1; InfoPath.3)"
66.194.84.132 - - [19/Aug/2013:13:03:51 -0400] "GET /scripts/icwebsiteelement.css HTTP/1.1" 200 8132 "http://www.lenriggs.com/" "Mozilla/4.0 (compatible; MSIE 8.0; Windows NT 5.1; Trident/4.0; .NET CLR 2.0.50727; .NET CLR 3.0.4506.2152; .NET CLR 3.5.30729; .NET4.0C; .NET4.0E; InfoPath.1; InfoPath.3)"
66.194.84.132 - - [19/Aug/2013:13:03:52 -0400] "GET /favicon.ico HTTP/1.1" 404 575 "-" "Mozilla/4.0 (compatible; MSIE 8.0; Windows NT 5.1; Trident/4.0; .NET CLR 2.0.50727; .NET CLR 3.0.4506.2152; .NET CLR 3.5.30729; .NET4.0C; .NET4.0E; InfoPath.1; InfoPath.3)"
166.147.88.27 - - [19/Aug/2013:14:46:56 -0400] "GET /images/accent_png.png HTTP/1.1" 200 3544 "http://www.lenriggs.com/scripts/template.css" "Mozilla/5.0 (Windows NT 6.1; WOW64; rv:23.0) Gecko/20100101 Firefox/23.0"
97.90.66.111 - - [19/Aug/2013:18:31:35 -0400] "GET /scripts/photoalbum.js HTTP/1.1" 200 62481 "http://www.lenriggs.com/" "Mozilla/5.0 (Windows NT 6.1; WOW64) AppleWebKit/537.36 (KHTML, like Gecko) Chrome/28.0.1500.95 Safari/537.36"
97.90.66.111 - - [19/Aug/2013:18:31:38 -0400] "GET /images/ic_061_body_bg.gif HTTP/1.1" 200 404 "http://www.lenriggs.com/" "Mozilla/5.0 (Windows NT 6.1; WOW64) AppleWebKit/537.36 (KHTML, like Gecko) Chrome/28.0.1500.95 Safari/537.36"
97.90.66.111 - - [19/Aug/2013:18:31:38 -0400] "GET /images/ic_061_navcontainer_bg.gif HTTP/1.1" 200 115 "http://www.lenriggs.com/" "Mozilla/5.0 (Windows NT 6.1; WOW64) AppleWebKit/537.36 (KHTML, like Gecko) Chrome/28.0.1500.95 Safari/537.36"
206.214.52.136 - - [19/Aug/2013:18:36:17 -0400] "GET /classschedule/classinformation.html HTTP/1.1" 200 17414 "http://www.lenriggs.com/" "Mozilla/5.0 (iPad; CPU OS 6_1_3 like Mac OS X) AppleWebKit/536.26 (KHTML, like Gecko) Version/6.0 Mobile/10B329 Safari/8536.25"
66.209.91.164 - - [19/Aug/2013:20:01:59 -0400] "GET /scripts/photoalbum.js HTTP/1.1" 200 62481 "http://www.lenriggs.com/" "Mozilla/4.0 (compatible; MSIE 8.0; Windows NT 6.1; WOW64; Trident/4.0; SLCC2; .NET CLR 2.0.50727; .NET CLR 3.5.30729; .NET CLR 3.0.30729; Media Center PC 6.0; .NET4.0C; .NET4.0E)"
67.183.212.55 - - [19/Aug/2013:20:50:20 -0400] "GET /scripts/ic_globals_published.js HTTP/1.1" 304 - "http://www.lenriggs.com/testimonials.html" "Mozilla/4.0 (compatible; MSIE 8.0; Windows NT 6.1; WOW64; Trident/4.0; GTB7.5; SLCC2; .NET CLR 2.0.50727; .NET CLR 3.5.30729; .NET CLR 3.0.30729; Media Center PC 6.0; .NET4.0C)"
67.183.212.55 - - [19/Aug/2013:20:50:20 -0400] "GET /images/ic_061_body_bg.gif HTTP/1.1" 304 - "http://www.lenriggs.com/testimonials.html" "Mozilla/4.0 (compatible; MSIE 8.0; Windows NT 6.1; WOW64; Trident/4.0; GTB7.5; SLCC2; .NET CLR 2.0.50727; .NET CLR 3.5.30729; .NET CLR 3.0.30729; Media Center PC 6.0; .NET4.0C)"
67.183.212.55 - - [19/Aug/2013:20:50:20 -0400] "GET /images/ic_061_navbutton_bg.gif HTTP/1.1" 304 - "http://www.lenriggs.com/testimonials.html" "Mozilla/4.0 (compatible; MSIE 8.0; Windows NT 6.1; WOW64; Trident/4.0; GTB7.5; SLCC2; .NET CLR 2.0.50727; .NET CLR 3.5.30729; .NET CLR 3.0.30729; Media Center PC 6.0; .NET4.0C)"
67.183.212.55 - - [19/Aug/2013:20:51:49 -0400] "GET /scripts/website.css HTTP/1.1" 304 - "http://www.lenriggs.com/aboutus/meetthefounder.html" "Mozilla/4.0 (compatible; MSIE 8.0; Windows NT 6.1; WOW64; Trident/4.0; GTB7.5; SLCC2; .NET CLR 2.0.50727; .NET CLR 3.5.30729; .NET CLR 3.0.30729; Media Center PC 6.0; .NET4.0C)"
67.183.212.55 - - [19/Aug/2013:20:51:49 -0400] "GET /images/ic_061_container_bg_wide.gif HTTP/1.1" 304 - "http://www.lenriggs.com/aboutus/meetthefounder.html" "Mozilla/4.0 (compatible; MSIE 8.0; Windows NT 6.1; WOW64; Trident/4.0; GTB7.5; SLCC2; .NET CLR 2.0.50727; .NET CLR 3.5.30729; .NET CLR 3.0.30729; Media Center PC 6.0; .NET4.0C)"
67.183.212.55 - - [19/Aug/2013:20:51:49 -0400] "GET /images/ic_061_navcontainer_bg.gif HTTP/1.1" 304 - "http://www.lenriggs.com/aboutus/meetthefounder.html" "Mozilla/4.0 (compatible; MSIE 8.0; Windows NT 6.1; WOW64; Trident/4.0; GTB7.5; SLCC2; .NET CLR 2.0.50727; .NET CLR 3.5.30729; .NET CLR 3.0.30729; Media Center PC 6.0; .NET4.0C)"
67.183.212.55 - - [19/Aug/2013:20:52:09 -0400] "GET /home.html HTTP/1.1" 304 - "http://www.lenriggs.com/aboutus/meetthefounder.html" "Mozilla/4.0 (compatible; MSIE 8.0; Windows NT 6.1; WOW64; Trident/4.0; GTB7.5; SLCC2; .NET CLR 2.0.50727; .NET CLR 3.5.30729; .NET CLR 3.0.30729; Media Center PC 6.0; .NET4.0C)"
67.183.212.55 - - [19/Aug/2013:20:52:09 -0400] "GET /scripts/1custom.css HTTP/1.1" 304 - "http://www.lenriggs.com/home.html" "Mozilla/4.0 (compatible; MSIE 8.0; Windows NT 6.1; WOW64; Trident/4.0; GTB7.5; SLCC2; .NET CLR 2.0.50727; .NET CLR 3.5.30729; .NET CLR 3.0.30729; Media Center PC 6.0; .NET4.0C)"
24.18.28.6 - - [19/Aug/2013:01:52:17 -0400] "GET / HTTP/1.1" 200 13290 "-" "Mozilla/5.0 (compatible; MSIE 10.0; Windows NT 6.1; WOW64; Trident/6.0)"
24.18.28.6 - - [19/Aug/2013:01:52:18 -0400] "GET /images/dropshadow_sides_png_wide.png HTTP/1.1" 200 11205 "http://www.lenriggs.com/" "Mozilla/5.0 (compatible; MSIE 10.0; Windows NT 6.1; WOW64; Trident/6.0)"
24.18.28.6 - - [19/Aug/2013:01:52:33 -0400] "GET /onlinecourse.html HTTP/1.1" 200 13474 "http://www.lenriggs.com/" "Mozilla/5.0 (compatible; MSIE 10.0; Windows NT 6.1; WOW64; Trident/6.0)"
199.30.25.2 - - [19/Aug/2013:15:57:44 -0400] "GET /scripts/icwebsiteelement.css HTTP/1.1" 200 8132 "http://www.lenriggs.com/home.html" "Mozilla/5.0 (Windows NT 6.1; WOW64) AppleWebKit/534+ (KHTML, like Gecko) BingPreview/1.0b"
199.30.25.2 - - [19/Aug/2013:15:57:45 -0400] "GET /images/pattern_png.png HTTP/1.1" 200 4554 "http://www.lenriggs.com/home.html" "Mozilla/5.0 (Windows NT 6.1; WOW64) AppleWebKit/534+ (KHTML, like Gecko) BingPreview/1.0b"
71.83.229.101 - - [19/Aug/2013:16:36:40 -0400] "GET /scripts/photoalbum.js HTTP/1.1" 200 62481 "http://www.lenriggs.com/" "Mozilla/5.0 (Macintosh; Intel Mac OS X 10_8_2) AppleWebKit/537.36 (KHTML, like Gecko) Chrome/27.0.1453.110 Safari/537.36"
71.83.229.101 - - [19/Aug/2013:16:36:41 -0400] "GET /scripts/print.css HTTP/1.1" 200 9876 "http://www.lenriggs.com/" "Mozilla/5.0 (Macintosh; Intel Mac OS X 10_8_2) AppleWebKit/537.36 (KHTML, like Gecko) Chrome/27.0.1453.110 Safari/537.36"
64.188.158.57 - - [19/Aug/2013:01:36:56 -0400] "GET /scripts/photoalbum.js HTTP/1.1" 200 62481 "http://www.lenriggs.com/home.html" "Mozilla/5.0 (Linux; U; en-us; KFOT Build/IML74K) AppleWebKit/535.19 (KHTML, like Gecko) Silk/3.4 Safari/535.19 Silk-Accelerated=true"
64.188.158.57 - - [19/Aug/2013:01:36:56 -0400] "GET /images/dropshadow_sides_png_wide.png HTTP/1.1" 200 11205 "http://www.lenriggs.com/home.html" "Mozilla/5.0 (Linux; U; en-us; KFOT Build/IML74K) AppleWebKit/535.19 (KHTML, like Gecko) Silk/3.4 Safari/535.19 Silk-Accelerated=true"
76.178.191.22 - - [19/Aug/2013:18:13:34 -0400] "GET /scripts/photoalbum.js HTTP/1.1" 304 - "http://www.lenriggs.com/" "Mozilla/5.0 (Windows NT 6.1; WOW64) AppleWebKit/537.36 (KHTML, like Gecko) Chrome/28.0.1500.95 Safari/537.36"
76.178.191.22 - - [19/Aug/2013:18:13:35 -0400] "GET /favicon.ico HTTP/1.1" 404 575 "-" "Mozilla/5.0 (Windows NT 6.1; WOW64) AppleWebKit/537.36 (KHTML, like Gecko) Chrome/28.0.1500.95 Safari/537.36"
157.55.35.42 - - [19/Aug/2013:18:25:52 -0400] "GET / HTTP/1.1" 200 17576 "-" "Mozilla/5.0 (compatible; bingbot/2.0; +http://www.bing.com/bingbot.htm)"
157.55.35.42 - - [19/Aug/2013:18:25:56 -0400] "GET / HTTP/1.1" 200 17576 "-" "Mozilla/5.0 (compatible; bingbot/2.0; +http://www.bing.com/bingbot.htm)"
71.80.194.64 - - [19/Aug/2013:19:03:38 -0400] "GET /scripts/photoalbum.js HTTP/1.1" 200 62481 "http://www.lenriggs.com/" "Mozilla/5.0 (Windows NT 6.0) AppleWebKit/537.36 (KHTML, like Gecko) Chrome/28.0.1500.95 Safari/537.36"
71.80.194.64 - - [19/Aug/2013:19:03:39 -0400] "GET /scripts/print.css HTTP/1.1" 200 - "http://www.lenriggs.com/" "Mozilla/5.0 (Windows NT 6.0) AppleWebKit/537.36 (KHTML, like Gecko) Chrome/28.0.1500.95 Safari/537.36"
67.183.212.55 - - [19/Aug/2013:20:50:20 -0400] "GET /scripts/website.css HTTP/1.1" 304 - "http://www.lenriggs.com/testimonials.html" "Mozilla/4.0 (compatible; MSIE 8.0; Windows NT 6.1; WOW64; Trident/4.0; GTB7.5; SLCC2; .NET CLR 2.0.50727; .NET CLR 3.5.30729; .NET CLR 3.0.30729; Media Center PC 6.0; .NET4.0C)"
67.183.212.55 - - [19/Aug/2013:20:50:20 -0400] "GET /images/ic_061_container_bg_wide.gif HTTP/1.1" 304 - "http://www.lenriggs.com/testimonials.html" "Mozilla/4.0 (compatible; MSIE 8.0; Windows NT 6.1; WOW64; Trident/4.0; GTB7.5; SLCC2; .NET CLR 2.0.50727; .NET CLR 3.5.30729; .NET CLR 3.0.30729; Media Center PC 6.0; .NET4.0C)"
67.183.212.55 - - [19/Aug/2013:20:50:20 -0400] "GET /images/ic_061_navcontainer_bg.gif HTTP/1.1" 304 - "http://www.lenriggs.com/testimonials.html" "Mozilla/4.0 (compatible; MSIE 8.0; Windows NT 6.1; WOW64; Trident/4.0; GTB7.5; SLCC2; .NET CLR 2.0.50727; .NET CLR 3.5.30729; .NET CLR 3.0.30729; Media Center PC 6.0; .NET4.0C)"
67.183.212.55 - - [19/Aug/2013:20:50:40 -0400] "GET /images/photoalbum/button_photoNext.jpg HTTP/1.1" 200 662 "http://www.lenriggs.com/win10000.html" "Mozilla/4.0 (compatible; MSIE 8.0; Windows NT 6.1; WOW64; Trident/4.0; GTB7.5; SLCC2; .NET CLR 2.0.50727; .NET CLR 3.5.30729; .NET CLR 3.0.30729; Media Center PC 6.0; .NET4.0C)"
67.183.212.55 - - [19/Aug/2013:20:50:40 -0400] "GET /images/photoalbum/button_photoSpeed3_ON.jpg HTTP/1.1" 200 587 "http://www.lenriggs.com/win10000.html" "Mozilla/4.0 (compatible; MSIE 8.0; Windows NT 6.1; WOW64; Trident/4.0; GTB7.5; SLCC2; .NET CLR 2.0.50727; .NET CLR 3.5.30729; .NET CLR 3.0.30729; Media Center PC 6.0; .NET4.0C)"
67.183.212.55 - - [19/Aug/2013:20:50:40 -0400] "GET /images/179_Carol.jpg HTTP/1.1" 200 8242 "http://www.lenriggs.com/win10000.html" "Mozilla/4.0 (compatible; MSIE 8.0; Windows NT 6.1; WOW64; Trident/4.0; GTB7.5; SLCC2; .NET CLR 2.0.50727; .NET CLR 3.5.30729; .NET CLR 3.0.30729; Media Center PC 6.0; .NET4.0C)"
67.183.212.55 - - [19/Aug/2013:21:23:45 -0400] "GET /scripts/icwebsiteelement.css HTTP/1.1" 304 - "http://www.lenriggs.com/" "Mozilla/4.0 (compatible; MSIE 8.0; Windows NT 6.1; WOW64; Trident/4.0; GTB7.5; SLCC2; .NET CLR 2.0.50727; .NET CLR 3.5.30729; .NET CLR 3.0.30729; Media Center PC 6.0; .NET4.0C)"
67.183.212.55 - - [19/Aug/2013:21:23:46 -0400] "GET /images/ic_061_title_bg_wide.png HTTP/1.1" 304 - "http://www.lenriggs.com/" "Mozilla/4.0 (compatible; MSIE 8.0; Windows NT 6.1; WOW64; Trident/4.0; GTB7.5; SLCC2; .NET CLR 2.0.50727; .NET CLR 3.5.30729; .NET CLR 3.0.30729; Media Center PC 6.0; .NET4.0C)"
67.139.108.194 - - [19/Aug/2013:16:14:41 -0400] "GET /scripts/ic_globals_published.js HTTP/1.1" 200 566 "http://www.lenriggs.com/" "Mozilla/4.0 (compatible; MSIE 8.0; Windows NT 5.1; Trident/4.0; .NET CLR 1.1.4322; .NET CLR 2.0.50727; .NET CLR 3.0.04506.30; .NET CLR 3.0.04506.648; .NET CLR 3.0.4506.2152; .NET CLR 3.5.30729; MS-RTC LM 8; MS-RTC LM 8)"
67.139.108.194 - - [19/Aug/2013:16:14:41 -0400] "GET /scripts/photoalbum.js HTTP/1.1" 200 62481 "http://www.lenriggs.com/" "Mozilla/4.0 (compatible; MSIE 8.0; Windows NT 5.1; Trident/4.0; .NET CLR 1.1.4322; .NET CLR 2.0.50727; .NET CLR 3.0.04506.30; .NET CLR 3.0.04506.648; .NET CLR 3.0.4506.2152; .NET CLR 3.5.30729; MS-RTC LM 8; MS-RTC LM 8)"
67.139.108.194 - - [19/Aug/2013:16:14:42 -0400] "GET /images/pattern_png.png HTTP/1.1" 200 4554 "http://www.lenriggs.com/" "Mozilla/4.0 (compatible; MSIE 8.0; Windows NT 5.1; Trident/4.0; .NET CLR 1.1.4322; .NET CLR 2.0.50727; .NET CLR 3.0.04506.30; .NET CLR 3.0.04506.648; .NET CLR 3.0.4506.2152; .NET CLR 3.5.30729; MS-RTC LM 8; MS-RTC LM 8)"
67.183.212.55 - - [19/Aug/2013:17:10:14 -0400] "GET /favicon.ico HTTP/1.1" 404 575 "-" "Mozilla/4.0 (compatible; MSIE 7.0; Windows NT 6.1; Win64; x64; Trident/6.0; .NET CLR 2.0.50727; SLCC2; .NET CLR 3.5.30729; .NET CLR 3.0.30729; Media Center PC 6.0; .NET4.0C; AskTB5.2)"
97.90.66.111 - - [19/Aug/2013:18:31:51 -0400] "GET /onlinecourse.html HTTP/1.1" 200 17850 "http://www.lenriggs.com/" "Mozilla/5.0 (Windows NT 6.1; WOW64) AppleWebKit/537.36 (KHTML, like Gecko) Chrome/28.0.1500.95 Safari/537.36"
97.90.66.111 - - [19/Aug/2013:18:31:51 -0400] "GET /scripts/39custom.css HTTP/1.1" 200 1478 "http://www.lenriggs.com/onlinecourse.html" "Mozilla/5.0 (Windows NT 6.1; WOW64) AppleWebKit/537.36 (KHTML, like Gecko) Chrome/28.0.1500.95 Safari/537.36"
97.90.66.111 - - [19/Aug/2013:18:31:52 -0400] "GET /favicon.ico HTTP/1.1" 404 575 "-" "Mozilla/5.0 (Windows NT 6.1; WOW64) AppleWebKit/537.36 (KHTML, like Gecko) Chrome/28.0.1500.95 Safari/537.36"
97.90.66.111 - - [19/Aug/2013:18:31:52 -0400] "GET /favicon.ico HTTP/1.1" 404 575 "-" "Mozilla/5.0 (Windows NT 6.1; WOW64) AppleWebKit/537.36 (KHTML, like Gecko) Chrome/28.0.1500.95 Safari/537.36"
88.208.232.222 - - [19/Aug/2013:19:29:50 -0400] "GET /aboutus.html HTTP/1.0" 200 14136 "http://www.lenriggs.com/" "PHPCrawl"
66.209.91.164 - - [19/Aug/2013:20:01:53 -0400] "GET /scripts/icwebsiteelement.css HTTP/1.1" 200 8132 "http://www.lenriggs.com/" "Mozilla/4.0 (compatible; MSIE 8.0; Windows NT 6.1; WOW64; Trident/4.0; SLCC2; .NET CLR 2.0.50727; .NET CLR 3.5.30729; .NET CLR 3.0.30729; Media Center PC 6.0; .NET4.0C; .NET4.0E)"
66.209.91.164 - - [19/Aug/2013:20:01:53 -0400] "GET /scripts/print.css HTTP/1.1" 200 - "http://www.lenriggs.com/" "Mozilla/4.0 (compatible; MSIE 8.0; Windows NT 6.1; WOW64; Trident/4.0; SLCC2; .NET CLR 2.0.50727; .NET CLR 3.5.30729; .NET CLR 3.0.30729; Media Center PC 6.0; .NET4.0C; .NET4.0E)"
173.202.211.2 - - [19/Aug/2013:00:05:57 -0400] "GET /scripts/template.css HTTP/1.1" 200 8633 "http://www.lenriggs.com/" "Mozilla/5.0 (compatible; MSIE 10.0; Windows NT 6.2; WOW64; Trident/6.0)"
91.207.9.226 - - [19/Aug/2013:02:25:17 -0400] "GET / HTTP/1.1" 200 13290 "http://degustar.ru/" "Mozilla/4.0 (compatible; MSIE 6.0; Windows NT 5.0; .NET CLR 1.0.3705; .NET CLR 1.1.4322)"
91.207.9.226 - - [19/Aug/2013:02:25:18 -0400] "GET / HTTP/1.1" 200 13290 "http://degustar.ru/" "Mozilla/4.0 (compatible; MSIE 6.0; Windows NT 5.0; .NET CLR 1.0.3705; .NET CLR 1.1.4322)"
157.55.32.81 - - [19/Aug/2013:15:03:40 -0400] "GET /scripts/ic_globals_published.js HTTP/1.1" 200 566 "-" "Mozilla/5.0 (compatible; bingbot/2.0; +http://www.bing.com/bingbot.htm)"
66.225.14.190 - - [19/Aug/2013:15:20:04 -0400] "GET /scripts/template.css HTTP/1.1" 200 8633 "http://www.lenriggs.com/" "Mozilla/4.0 (compatible; MSIE 8.0; Windows NT 5.1; Trident/4.0; chromeframe/28.0.1500.95; .NET4.0C; .NET4.0E; .NET CLR 1.1.4322; InfoPath.3; .NET CLR 2.0.50727; .NET CLR 3.0.4506.2152; .NET CLR 3.5.30729)"
66.225.14.190 - - [19/Aug/2013:15:20:06 -0400] "GET /images/dropshadow_sides_png_wide.png HTTP/1.1" 200 11205 "http://www.lenriggs.com/" "Mozilla/4.0 (compatible; MSIE 8.0; Windows NT 5.1; Trident/4.0; chromeframe/28.0.1500.95; .NET4.0C; .NET4.0E; .NET CLR 1.1.4322; InfoPath.3; .NET CLR 2.0.50727; .NET CLR 3.0.4506.2152; .NET CLR 3.5.30729)"
12.171.46.121 - - [19/Aug/2013:19:00:09 -0400] "GET /scripts/ic_globals_published.js HTTP/1.0" 200 566 "http://www.lenriggs.com/" "Mozilla/4.0 (compatible; MSIE 7.0; Windows NT 6.1; Trident/5.0; SLCC2; .NET CLR 2.0.50727; .NET CLR 3.5.30729; .NET CLR 3.0.30729; Media Center PC 6.0; .NET4.0C)"
12.171.46.121 - - [19/Aug/2013:19:00:09 -0400] "GET /scripts/1custom.css HTTP/1.0" 200 2088 "http://www.lenriggs.com/" "Mozilla/4.0 (compatible; MSIE 7.0; Windows NT 6.1; Trident/5.0; SLCC2; .NET CLR 2.0.50727; .NET CLR 3.5.30729; .NET CLR 3.0.30729; Media Center PC 6.0; .NET4.0C)"
12.171.46.121 - - [19/Aug/2013:19:00:10 -0400] "GET /images/ic_061_container_bg_wide.gif HTTP/1.0" 200 278 "http://www.lenriggs.com/" "Mozilla/4.0 (compatible; MSIE 7.0; Windows NT 6.1; Trident/5.0; SLCC2; .NET CLR 2.0.50727; .NET CLR 3.5.30729; .NET CLR 3.0.30729; Media Center PC 6.0; .NET4.0C)"
12.171.46.121 - - [19/Aug/2013:19:00:10 -0400] "GET /images/Alcohol_Pic.jpg HTTP/1.0" 200 6016 "http://www.lenriggs.com/" "Mozilla/4.0 (compatible; MSIE 7.0; Windows NT 6.1; Trident/5.0; SLCC2; .NET CLR 2.0.50727; .NET CLR 3.5.30729; .NET CLR 3.0.30729; Media Center PC 6.0; .NET4.0C)"
71.80.194.64 - - [19/Aug/2013:19:03:42 -0400] "GET /images/ic_061_topmargin_r2_wide.gif HTTP/1.1" 200 274 "http://www.lenriggs.com/" "Mozilla/5.0 (Windows NT 6.0) AppleWebKit/537.36 (KHTML, like Gecko) Chrome/28.0.1500.95 Safari/537.36"
71.80.194.64 - - [19/Aug/2013:19:03:42 -0400] "GET /images/ic_061_navbutton_bg.gif HTTP/1.1" 200 692 "http://www.lenriggs.com/" "Mozilla/5.0 (Windows NT 6.0) AppleWebKit/537.36 (KHTML, like Gecko) Chrome/28.0.1500.95 Safari/537.36"
88.208.232.222 - - [19/Aug/2013:19:29:53 -0400] "GET /aboutus/meetthefounder.html HTTP/1.0" 200 15615 "http://www.lenriggs.com/" "PHPCrawl"
50.135.180.62 - - [19/Aug/2013:19:42:10 -0400] "GET /scripts/photoalbum.js HTTP/1.1" 200 62481 "http://www.lenriggs.com/" "Mozilla/5.0 (compatible; MSIE 9.0; Windows NT 6.1; WOW64; Trident/5.0)"
50.135.180.62 - - [19/Aug/2013:19:42:13 -0400] "GET /images/ic_061_headercontent_bg_wide.png HTTP/1.1" 200 1298 "http://www.lenriggs.com/" "Mozilla/5.0 (compatible; MSIE 9.0; Windows NT 6.1; WOW64; Trident/5.0)"
67.183.212.55 - - [19/Aug/2013:20:50:40 -0400] "GET /win10000.html HTTP/1.1" 200 22071 "http://www.lenriggs.com/testimonials.html" "Mozilla/4.0 (compatible; MSIE 8.0; Windows NT 6.1; WOW64; Trident/4.0; GTB7.5; SLCC2; .NET CLR 2.0.50727; .NET CLR 3.5.30729; .NET CLR 3.0.30729; Media Center PC 6.0; .NET4.0C)"
67.183.212.55 - - [19/Aug/2013:20:50:40 -0400] "GET /images/photoalbum/button_photoPrev.jpg HTTP/1.1" 200 656 "http://www.lenriggs.com/win10000.html" "Mozilla/4.0 (compatible; MSIE 8.0; Windows NT 6.1; WOW64; Trident/4.0; GTB7.5; SLCC2; .NET CLR 2.0.50727; .NET CLR 3.5.30729; .NET CLR 3.0.30729; Media Center PC 6.0; .NET4.0C)"
67.183.212.55 - - [19/Aug/2013:20:50:40 -0400] "GET /images/photoalbum/button_photoPause.jpg HTTP/1.1" 200 605 "http://www.lenriggs.com/win10000.html" "Mozilla/4.0 (compatible; MSIE 8.0; Windows NT 6.1; WOW64; Trident/4.0; GTB7.5; SLCC2; .NET CLR 2.0.50727; .NET CLR 3.5.30729; .NET CLR 3.0.30729; Media Center PC 6.0; .NET4.0C)"
67.183.212.55 - - [19/Aug/2013:20:50:40 -0400] "GET /images/photoalbum/button_photoSpeed4.jpg HTTP/1.1" 200 506 "http://www.lenriggs.com/win10000.html" "Mozilla/4.0 (compatible; MSIE 8.0; Windows NT 6.1; WOW64; Trident/4.0; GTB7.5; SLCC2; .NET CLR 2.0.50727; .NET CLR 3.5.30729; .NET CLR 3.0.30729; Media Center PC 6.0; .NET4.0C)"
67.183.212.55 - - [19/Aug/2013:20:50:40 -0400] "GET /images/275_Dorienn.jpg HTTP/1.1" 200 19314 "http://www.lenriggs.com/win10000.html" "Mozilla/4.0 (compatible; MSIE 8.0; Windows NT 6.1; WOW64; Trident/4.0; GTB7.5; SLCC2; .NET CLR 2.0.50727; .NET CLR 3.5.30729; .NET CLR 3.0.30729; Media Center PC 6.0; .NET4.0C)"
67.183.212.55 - - [19/Aug/2013:20:50:41 -0400] "GET /images/335_ash12.jpg HTTP/1.1" 200 20731 "http://www.lenriggs.com/win10000.html" "Mozilla/4.0 (compatible; MSIE 8.0; Windows NT 6.1; WOW64; Trident/4.0; GTB7.5; SLCC2; .NET CLR 2.0.50727; .NET CLR 3.5.30729; .NET CLR 3.0.30729; Media Center PC 6.0; .NET4.0C)"
67.183.212.55 - - [19/Aug/2013:20:50:40 -0400] "GET / HTTP/1.1" 304 - "http://www.lenriggs.com/win10000.html" "Mozilla/4.0 (compatible; MSIE 8.0; Windows NT 6.1; WOW64; Trident/4.0; GTB7.5; SLCC2; .NET CLR 2.0.50727; .NET CLR 3.5.30729; .NET CLR 3.0.30729; Media Center PC 6.0; .NET4.0C)"
67.183.212.55 - - [19/Aug/2013:20:50:41 -0400] "GET /images/360_Mike.McSorley.McSology.New.Delhi_1_.jpg HTTP/1.1" 200 33744 "http://www.lenriggs.com/win10000.html" "Mozilla/4.0 (compatible; MSIE 8.0; Windows NT 6.1; WOW64; Trident/4.0; GTB7.5; SLCC2; .NET CLR 2.0.50727; .NET CLR 3.5.30729; .NET CLR 3.0.30729; Media Center PC 6.0; .NET4.0C)"
67.183.212.55 - - [19/Aug/2013:20:50:41 -0400] "GET /images/89_Benjamin.jpg HTTP/1.1" 200 2722 "http://www.lenriggs.com/win10000.html" "Mozilla/4.0 (compatible; MSIE 8.0; Windows NT 6.1; WOW64; Trident/4.0; GTB7.5; SLCC2; .NET CLR 2.0.50727; .NET CLR 3.5.30729; .NET CLR 3.0.30729; Media Center PC 6.0; .NET4.0C)"
67.183.212.55 - - [19/Aug/2013:20:50:41 -0400] "GET /images/83_AD1.jpg HTTP/1.1" 200 2603 "http://www.lenriggs.com/win10000.html" "Mozilla/4.0 (compatible; MSIE 8.0; Windows NT 6.1; WOW64; Trident/4.0; GTB7.5; SLCC2; .NET CLR 2.0.50727; .NET CLR 3.5.30729; .NET CLR 3.0.30729; Media Center PC 6.0; .NET4.0C)"
67.183.212.55 - - [19/Aug/2013:20:50:41 -0400] "GET /images/119_Kym.jpg HTTP/1.1" 200 2976 "http://www.lenriggs.com/win10000.html" "Mozilla/4.0 (compatible; MSIE 8.0; Windows NT 6.1; WOW64; Trident/4.0; GTB7.5; SLCC2; .NET CLR 2.0.50727; .NET CLR 3.5.30729; .NET CLR 3.0.30729; Media Center PC 6.0; .NET4.0C)"
67.183.212.55 - - [19/Aug/2013:20:50:41 -0400] "GET /images/83_ash12.jpg HTTP/1.1" 200 2662 "http://www.lenriggs.com/win10000.html" "Mozilla/4.0 (compatible; MSIE 8.0; Windows NT 6.1; WOW64; Trident/4.0; GTB7.5; SLCC2; .NET CLR 2.0.50727; .NET CLR 3.5.30729; .NET CLR 3.0.30729; Media Center PC 6.0; .NET4.0C)"
67.183.212.55 - - [19/Aug/2013:20:50:41 -0400] "GET /images/78_Theresa.jpg HTTP/1.1" 200 3285 "http://www.lenriggs.com/win10000.html" "Mozilla/4.0 (compatible; MSIE 8.0; Windows NT 6.1; WOW64; Trident/4.0; GTB7.5; SLCC2; .NET CLR 2.0.50727; .NET CLR 3.5.30729; .NET CLR 3.0.30729; Media Center PC 6.0; .NET4.0C)"
67.183.212.55 - - [19/Aug/2013:20:50:41 -0400] "GET /images/445_Brian_at_Big_Daddys.jpg HTTP/1.1" 200 37210 "http://www.lenriggs.com/win10000.html" "Mozilla/4.0 (compatible; MSIE 8.0; Windows NT 6.1; WOW64; Trident/4.0; GTB7.5; SLCC2; .NET CLR 2.0.50727; .NET CLR 3.5.30729; .NET CLR 3.0.30729; Media Center PC 6.0; .NET4.0C)"
67.183.212.55 - - [19/Aug/2013:20:51:49 -0400] "GET /scripts/template.css HTTP/1.1" 304 - "http://www.lenriggs.com/aboutus/meetthefounder.html" "Mozilla/4.0 (compatible; MSIE 8.0; Windows NT 6.1; WOW64; Trident/4.0; GTB7.5; SLCC2; .NET CLR 2.0.50727; .NET CLR 3.5.30729; .NET CLR 3.0.30729; Media Center PC 6.0; .NET4.0C)"
67.183.212.55 - - [19/Aug/2013:20:51:49 -0400] "GET /images/ic_061_body_bg.gif HTTP/1.1" 304 - "http://www.lenriggs.com/aboutus/meetthefounder.html" "Mozilla/4.0 (compatible; MSIE 8.0; Windows NT 6.1; WOW64; Trident/4.0; GTB7.5; SLCC2; .NET CLR 2.0.50727; .NET CLR 3.5.30729; .NET CLR 3.0.30729; Media Center PC 6.0; .NET4.0C)"
67.183.212.55 - - [19/Aug/2013:20:51:49 -0400] "GET /images/ic_061_navbutton_bg.gif HTTP/1.1" 304 - "http://www.lenriggs.com/aboutus/meetthefounder.html" "Mozilla/4.0 (compatible; MSIE 8.0; Windows NT 6.1; WOW64; Trident/4.0; GTB7.5; SLCC2; .NET CLR 2.0.50727; .NET CLR 3.5.30729; .NET CLR 3.0.30729; Media Center PC 6.0; .NET4.0C)"
66.249.75.18 - - [19/Aug/2013:10:45:37 -0400] "GET / HTTP/1.1" 200 13290 "-" "Mozilla/5.0 (iPhone; U; CPU iPhone OS 4_1 like Mac OS X; en-us) AppleWebKit/532.9 (KHTML, like Gecko) Version/4.0.5 Mobile/8B117 Safari/6531.22.7 (compatible; Googlebot-Mobile/2.1; +http://www.google.com/bot.html)"
174.31.185.206 - - [19/Aug/2013:12:54:57 -0400] "GET /onlinecourse.html HTTP/1.1" 200 13474 "http://www.lenriggs.com/" "Mozilla/5.0 (Windows NT 6.1; WOW64; rv:23.0) Gecko/20100101 Firefox/23.0"
157.55.32.81 - - [19/Aug/2013:14:56:20 -0400] "GET /home.html HTTP/1.1" 200 13290 "-" "Mozilla/5.0 (compatible; bingbot/2.0; +http://www.bing.com/bingbot.htm)"
91.207.9.226 - - [19/Aug/2013:22:05:47 -0400] "GET / HTTP/1.1" 200 17576 "http://www.triados.ru/" "Mozilla/4.0 (compatible; MSIE 6.0; Windows NT 5.1; SV1; FunWebProducts; .NET CLR 1.1.4322; PeoplePal 6.2)"
157.55.35.42 - - [19/Aug/2013:15:04:00 -0400] "GET /scripts/1custom.css HTTP/1.1" 200 1750 "-" "Mozilla/5.0 (compatible; bingbot/2.0; +http://www.bing.com/bingbot.htm)"
67.139.108.194 - - [19/Aug/2013:16:14:41 -0400] "GET /scripts/user.js HTTP/1.1" 200 23762 "http://www.lenriggs.com/" "Mozilla/4.0 (compatible; MSIE 8.0; Windows NT 5.1; Trident/4.0; .NET CLR 1.1.4322; .NET CLR 2.0.50727; .NET CLR 3.0.04506.30; .NET CLR 3.0.04506.648; .NET CLR 3.0.4506.2152; .NET CLR 3.5.30729; MS-RTC LM 8; MS-RTC LM 8)"
209.142.187.148 - - [19/Aug/2013:16:44:26 -0400] "GET /upgradeorreplacement.html HTTP/1.1" 200 22410 "http://www.lenriggs.com/home.html" "Mozilla/5.0 (compatible; MSIE 9.0; Windows NT 6.1; WOW64; Trident/5.0)"
209.142.187.148 - - [19/Aug/2013:16:44:29 -0400] "GET /scripts/14custom.css HTTP/1.1" 200 1479 "http://www.lenriggs.com/testimonials.html" "Mozilla/5.0 (compatible; MSIE 9.0; Windows NT 6.1; WOW64; Trident/5.0)"
50.123.76.55 - - [19/Aug/2013:16:48:46 -0400] "GET /home.html HTTP/1.1" 200 13290 "http://www.lenriggs.com/" "Mozilla/5.0 (compatible; MSIE 10.0; Windows NT 6.1; Trident/6.0)"
50.123.76.55 - - [19/Aug/2013:16:48:47 -0400] "GET /favicon.ico HTTP/1.1" 404 575 "-" "Mozilla/5.0 (compatible; MSIE 10.0; Windows NT 6.1; Trident/6.0)"
67.183.212.55 - - [19/Aug/2013:17:21:59 -0400] "POST /blog.php HTTP/1.1" 200 12875 "http://lenriggs.com/blog.php" "Mozilla/4.0 (compatible; MSIE 7.0; Windows NT 6.1; WOW64; Trident/6.0; SLCC2; .NET CLR 2.0.50727; .NET CLR 3.5.30729; .NET CLR 3.0.30729; Media Center PC 6.0; .NET4.0C; BRI/2; AskTB5.2)"
76.178.191.22 - - [19/Aug/2013:18:10:50 -0400] "GET /images/ic_061_navcontainer_bg.gif HTTP/1.1" 200 115 "http://www.lenriggs.com/" "Mozilla/5.0 (Windows NT 6.1; WOW64) AppleWebKit/537.36 (KHTML, like Gecko) Chrome/28.0.1500.95 Safari/537.36"
50.47.60.210 - - [19/Aug/2013:18:45:33 -0400] "GET /scripts/ic_globals_published.js HTTP/1.1" 200 566 "http://www.lenriggs.com/" "Mozilla/4.0 (compatible; MSIE 8.0; Windows NT 5.1; Trident/4.0; .NET CLR 2.0.50727; .NET CLR 3.0.4506.2152; .NET CLR 3.5.30729; OfficeLiveConnector.1.5; OfficeLivePatch.1.3; BRI/2)"
50.47.60.210 - - [19/Aug/2013:18:45:33 -0400] "GET /scripts/user.js HTTP/1.1" 200 23762 "http://www.lenriggs.com/" "Mozilla/4.0 (compatible; MSIE 8.0; Windows NT 5.1; Trident/4.0; .NET CLR 2.0.50727; .NET CLR 3.0.4506.2152; .NET CLR 3.5.30729; OfficeLiveConnector.1.5; OfficeLivePatch.1.3; BRI/2)"
50.47.60.210 - - [19/Aug/2013:18:45:34 -0400] "GET /scripts/website.css HTTP/1.1" 200 2501 "http://www.lenriggs.com/" "Mozilla/4.0 (compatible; MSIE 8.0; Windows NT 5.1; Trident/4.0; .NET CLR 2.0.50727; .NET CLR 3.0.4506.2152; .NET CLR 3.5.30729; OfficeLiveConnector.1.5; OfficeLivePatch.1.3; BRI/2)"
50.47.60.210 - - [19/Aug/2013:18:45:34 -0400] "GET /scripts/1custom.css HTTP/1.1" 200 2088 "http://www.lenriggs.com/" "Mozilla/4.0 (compatible; MSIE 8.0; Windows NT 5.1; Trident/4.0; .NET CLR 2.0.50727; .NET CLR 3.0.4506.2152; .NET CLR 3.5.30729; OfficeLiveConnector.1.5; OfficeLivePatch.1.3; BRI/2)"
50.47.60.210 - - [19/Aug/2013:18:45:34 -0400] "GET /images/ic_061_body_bg.gif HTTP/1.1" 200 404 "http://www.lenriggs.com/" "Mozilla/4.0 (compatible; MSIE 8.0; Windows NT 5.1; Trident/4.0; .NET CLR 2.0.50727; .NET CLR 3.0.4506.2152; .NET CLR 3.5.30729; OfficeLiveConnector.1.5; OfficeLivePatch.1.3; BRI/2)"
50.47.60.210 - - [19/Aug/2013:18:45:34 -0400] "GET /images/ic_061_topmargin_r2_wide.gif HTTP/1.1" 200 274 "http://www.lenriggs.com/" "Mozilla/4.0 (compatible; MSIE 8.0; Windows NT 5.1; Trident/4.0; .NET CLR 2.0.50727; .NET CLR 3.0.4506.2152; .NET CLR 3.5.30729; OfficeLiveConnector.1.5; OfficeLivePatch.1.3; BRI/2)"
50.47.60.210 - - [19/Aug/2013:18:45:34 -0400] "GET /images/Alcohol_Pic.jpg HTTP/1.1" 200 6016 "http://www.lenriggs.com/" "Mozilla/4.0 (compatible; MSIE 8.0; Windows NT 5.1; Trident/4.0; .NET CLR 2.0.50727; .NET CLR 3.0.4506.2152; .NET CLR 3.5.30729; OfficeLiveConnector.1.5; OfficeLivePatch.1.3; BRI/2)"
50.47.60.210 - - [19/Aug/2013:18:45:35 -0400] "GET /images/ic_061_navbutton_bg.gif HTTP/1.1" 200 692 "http://www.lenriggs.com/" "Mozilla/4.0 (compatible; MSIE 8.0; Windows NT 5.1; Trident/4.0; .NET CLR 2.0.50727; .NET CLR 3.0.4506.2152; .NET CLR 3.5.30729; OfficeLiveConnector.1.5; OfficeLivePatch.1.3; BRI/2)"
180.76.5.145 - - [19/Aug/2013:19:05:10 -0400] "GET / HTTP/1.1" 200 17576 "-" "Mozilla/5.0 (compatible; Baiduspider/2.0; +http://www.baidu.com/search/spider.html)"
167.187.100.202 - - [19/Aug/2013:19:19:40 -0400] "GET /scripts/user.js HTTP/1.1" 200 23762 "-" "Mozilla/4.0 (compatible;)"
88.208.232.222 - - [19/Aug/2013:19:29:49 -0400] "GET / HTTP/1.0" 200 17576 "-" "PHPCrawl"
66.209.91.164 - - [19/Aug/2013:20:01:44 -0400] "GET / HTTP/1.1" 200 17576 "http://www.google.com/url?sa=t&rct=j&q=len+riggs+alcohol&source=web&cd=1&ved=0CC0QFjAA&url=http%3A%2F%2Fwww.lenriggs.com%2F&ei=0rESUsH7B4f2iwKbwIBA&usg=AFQjCNEkxrknMe29N7cTpfy8FFRAybnBuw&bvm=bv.50952593,d.cGE" "Mozilla/4.0 (compatible; MSIE 8.0; Windows NT 6.1; WOW64; Trident/4.0; SLCC2; .NET CLR 2.0.50727; .NET CLR 3.5.30729; .NET CLR 3.0.30729; Media Center PC 6.0; .NET4.0C; .NET4.0E)"
67.183.212.55 - - [19/Aug/2013:20:51:49 -0400] "GET /scripts/ic_globals_published.js HTTP/1.1" 304 - "http://www.lenriggs.com/aboutus/meetthefounder.html" "Mozilla/4.0 (compatible; MSIE 8.0; Windows NT 6.1; WOW64; Trident/4.0; GTB7.5; SLCC2; .NET CLR 2.0.50727; .NET CLR 3.5.30729; .NET CLR 3.0.30729; Media Center PC 6.0; .NET4.0C)"
67.183.212.55 - - [19/Aug/2013:20:51:49 -0400] "GET /images/ic_061_navtopper_bg_wide.png HTTP/1.1" 304 - "http://www.lenriggs.com/aboutus/meetthefounder.html" "Mozilla/4.0 (compatible; MSIE 8.0; Windows NT 6.1; WOW64; Trident/4.0; GTB7.5; SLCC2; .NET CLR 2.0.50727; .NET CLR 3.5.30729; .NET CLR 3.0.30729; Media Center PC 6.0; .NET4.0C)"
67.183.212.55 - - [19/Aug/2013:20:51:49 -0400] "GET /images/202_Len.JPG HTTP/1.1" 200 9104 "http://www.lenriggs.com/aboutus/meetthefounder.html" "Mozilla/4.0 (compatible; MSIE 8.0; Windows NT 6.1; WOW64; Trident/4.0; GTB7.5; SLCC2; .NET CLR 2.0.50727; .NET CLR 3.5.30729; .NET CLR 3.0.30729; Media Center PC 6.0; .NET4.0C)"
64.81.160.213 - - [19/Aug/2013:22:05:54 -0400] "GET / HTTP/1.1" 200 17576 "-" "Mozilla/5.0 (iPad; CPU OS 5_1_1 like Mac OS X) AppleWebKit/534.46 (KHTML, like Gecko) Version/5.1 Mobile/9B206 Safari/7534.48.3"
64.81.160.213 - - [19/Aug/2013:22:05:54 -0400] "GET /scripts/template.css HTTP/1.1" 200 15971 "http://www.lenriggs.com/" "Mozilla/5.0 (iPad; CPU OS 5_1_1 like Mac OS X) AppleWebKit/534.46 (KHTML, like Gecko) Version/5.1 Mobile/9B206 Safari/7534.48.3"
64.81.160.213 - - [19/Aug/2013:22:05:54 -0400] "GET /scripts/icwebsiteelement.css HTTP/1.1" 200 8132 "http://www.lenriggs.com/" "Mozilla/5.0 (iPad; CPU OS 5_1_1 like Mac OS X) AppleWebKit/534.46 (KHTML, like Gecko) Version/5.1 Mobile/9B206 Safari/7534.48.3"
64.81.160.213 - - [19/Aug/2013:22:05:55 -0400] "GET /images/ic_061_body_bg.gif HTTP/1.1" 200 404 "http://www.lenriggs.com/" "Mozilla/5.0 (iPad; CPU OS 5_1_1 like Mac OS X) AppleWebKit/534.46 (KHTML, like Gecko) Version/5.1 Mobile/9B206 Safari/7534.48.3"
64.81.160.213 - - [19/Aug/2013:22:05:55 -0400] "GET /images/ic_061_headercontent_bg_wide.png HTTP/1.1" 200 1298 "http://www.lenriggs.com/" "Mozilla/5.0 (iPad; CPU OS 5_1_1 like Mac OS X) AppleWebKit/534.46 (KHTML, like Gecko) Version/5.1 Mobile/9B206 Safari/7534.48.3"
64.81.160.213 - - [19/Aug/2013:22:05:55 -0400] "GET /images/ic_061_navbutton_bg.gif HTTP/1.1" 200 692 "http://www.lenriggs.com/" "Mozilla/5.0 (iPad; CPU OS 5_1_1 like Mac OS X) AppleWebKit/534.46 (KHTML, like Gecko) Version/5.1 Mobile/9B206 Safari/7534.48.3"
64.81.160.213 - - [19/Aug/2013:22:05:55 -0400] "GET /scripts/print.css HTTP/1.1" 200 - "http://www.lenriggs.com/" "Mozilla/5.0 (iPad; CPU OS 5_1_1 like Mac OS X) AppleWebKit/534.46 (KHTML, like Gecko) Version/5.1 Mobile/9B206 Safari/7534.48.3"
64.81.160.213 - - [19/Aug/2013:22:05:56 -0400] "GET /images/ic_061_docwrapper_bg_wide.gif HTTP/1.1" 200 328 "http://www.lenriggs.com/" "Mozilla/5.0 (iPad; CPU OS 5_1_1 like Mac OS X) AppleWebKit/534.46 (KHTML, like Gecko) Version/5.1 Mobile/9B206 Safari/7534.48.3"
64.188.158.57 - - [19/Aug/2013:01:36:56 -0400] "GET /scripts/user.js HTTP/1.1" 200 23762 "http://www.lenriggs.com/home.html" "Mozilla/5.0 (Linux; U; en-us; KFOT Build/IML74K) AppleWebKit/535.19 (KHTML, like Gecko) Silk/3.4 Safari/535.19 Silk-Accelerated=true"
64.188.158.57 - - [19/Aug/2013:01:36:56 -0400] "GET /images/pattern_png.png HTTP/1.1" 200 4554 "http://www.lenriggs.com/home.html" "Mozilla/5.0 (Linux; U; en-us; KFOT Build/IML74K) AppleWebKit/535.19 (KHTML, like Gecko) Silk/3.4 Safari/535.19 Silk-Accelerated=true"
64.188.158.57 - - [19/Aug/2013:01:36:57 -0400] "GET /images/dropshadow_bottom_png_wide.png HTTP/1.1" 200 3108 "http://www.lenriggs.com/home.html" "Mozilla/5.0 (Linux; U; en-us; KFOT Build/IML74K) AppleWebKit/535.19 (KHTML, like Gecko) Silk/3.4 Safari/535.19 Silk-Accelerated=true"
64.188.158.57 - - [19/Aug/2013:01:36:57 -0400] "GET /scripts/print.css HTTP/1.1" 200 9876 "http://www.lenriggs.com/home.html" "Mozilla/5.0 (Linux; U; en-us; KFOT Build/IML74K) AppleWebKit/535.19 (KHTML, like Gecko) Silk/3.4 Safari/535.19 Silk-Accelerated=true"
64.188.158.57 - - [19/Aug/2013:01:36:58 -0400] "GET /favicon.ico HTTP/1.1" 404 575 "-" "Mozilla/5.0 (Linux; U; en-us; KFOT Build/IML74K) AppleWebKit/535.19 (KHTML, like Gecko) Silk/3.4 Safari/535.19 Silk-Accelerated=true"
24.18.28.6 - - [19/Aug/2013:01:52:17 -0400] "GET /scripts/website.css HTTP/1.1" 200 2395 "http://www.lenriggs.com/" "Mozilla/5.0 (compatible; MSIE 10.0; Windows NT 6.1; WOW64; Trident/6.0)"
24.18.28.6 - - [19/Aug/2013:01:52:17 -0400] "GET /scripts/1custom.css HTTP/1.1" 200 1750 "http://www.lenriggs.com/" "Mozilla/5.0 (compatible; MSIE 10.0; Windows NT 6.1; WOW64; Trident/6.0)"
74.125.187.129 - - [19/Aug/2013:02:42:12 -0400] "GET /scripts/icwebsiteelement.css HTTP/1.1" 200 8132 "http://lenriggs.com/" "Mozilla/5.0 (Linux; Android 4.2.2; Galaxy Nexus Build/JDQ39) AppleWebKit/537.36 (KHTML, like Gecko) Chrome/29.0.1547.55 Mobile Safari/537.36"
74.125.187.129 - - [19/Aug/2013:02:42:13 -0400] "GET /images/accent_png.png HTTP/1.1" 200 3544 "http://lenriggs.com/" "Mozilla/5.0 (Linux; Android 4.2.2; Galaxy Nexus Build/JDQ39) AppleWebKit/537.36 (KHTML, like Gecko) Chrome/29.0.1547.55 Mobile Safari/537.36"
100.43.83.156 - - [19/Aug/2013:12:01:27 -0400] "GET / HTTP/1.1" 200 13290 "-" "Mozilla/5.0 (compatible; YandexBot/3.0; +http://yandex.com/bots)"
66.194.84.132 - - [19/Aug/2013:13:03:51 -0400] "GET /scripts/photoalbum.js HTTP/1.1" 200 62481 "http://www.lenriggs.com/" "Mozilla/4.0 (compatible; MSIE 8.0; Windows NT 5.1; Trident/4.0; .NET CLR 2.0.50727; .NET CLR 3.0.4506.2152; .NET CLR 3.5.30729; .NET4.0C; .NET4.0E; InfoPath.1; InfoPath.3)"
166.147.88.27 - - [19/Aug/2013:14:46:56 -0400] "GET /images/pattern_png.png HTTP/1.1" 200 4554 "http://www.lenriggs.com/scripts/template.css" "Mozilla/5.0 (Windows NT 6.1; WOW64; rv:23.0) Gecko/20100101 Firefox/23.0"
174.31.185.206 - - [19/Aug/2013:12:54:45 -0400] "GET /images/accent_png.png HTTP/1.1" 200 3544 "http://www.lenriggs.com/scripts/template.css" "Mozilla/5.0 (Windows NT 6.1; WOW64; rv:23.0) Gecko/20100101 Firefox/23.0"
66.194.84.132 - - [19/Aug/2013:13:18:48 -0400] "GET /scripts/template.css HTTP/1.1" 304 - "http://www.lenriggs.com/onlinecourse.html" "Mozilla/4.0 (compatible; MSIE 8.0; Windows NT 5.1; Trident/4.0; .NET CLR 2.0.50727; .NET CLR 3.0.4506.2152; .NET CLR 3.5.30729; .NET4.0C; .NET4.0E; InfoPath.1; InfoPath.3)"
66.194.84.132 - - [19/Aug/2013:13:18:48 -0400] "GET /images/dropshadow_sides_png_wide.png HTTP/1.1" 304 - "http://www.lenriggs.com/onlinecourse.html" "Mozilla/4.0 (compatible; MSIE 8.0; Windows NT 5.1; Trident/4.0; .NET CLR 2.0.50727; .NET CLR 3.0.4506.2152; .NET CLR 3.5.30729; .NET4.0C; .NET4.0E; InfoPath.1; InfoPath.3)"
67.51.61.22 - - [19/Aug/2013:14:05:08 -0400] "GET /home.html HTTP/1.1" 200 13290 "http://www.lenriggs.com/classschedule.html" "Mozilla/5.0 (Macintosh; Intel Mac OS X 10_5_8) AppleWebKit/534.50.2 (KHTML, like Gecko) Version/5.0.6 Safari/533.22.3"
184.78.196.250 - - [19/Aug/2013:16:58:48 -0400] "GET /scripts/ic_globals_published.js HTTP/1.1" 200 566 "http://www.lenriggs.com/" "Mozilla/5.0 (iPad; CPU OS 6_1_3 like Mac OS X) AppleWebKit/536.26 (KHTML, like Gecko) Version/6.0 Mobile/10B329 Safari/8536.25"
184.78.196.250 - - [19/Aug/2013:16:58:51 -0400] "GET /images/pattern_png.png HTTP/1.1" 200 4554 "http://www.lenriggs.com/" "Mozilla/5.0 (iPad; CPU OS 6_1_3 like Mac OS X) AppleWebKit/536.26 (KHTML, like Gecko) Version/6.0 Mobile/10B329 Safari/8536.25"
67.183.212.55 - - [19/Aug/2013:17:53:41 -0400] "GET /images/photoalbum/button_photoFirst.jpg HTTP/1.1" 200 637 "http://lenriggs.com/win10000.html" "Mozilla/4.0 (compatible; MSIE 7.0; Windows NT 6.1; WOW64; Trident/6.0; SLCC2; .NET CLR 2.0.50727; .NET CLR 3.5.30729; .NET CLR 3.0.30729; Media Center PC 6.0; .NET4.0C; BRI/2; AskTB5.2)"
