76.178.191.22 - - [19/Aug/2013:18:10:50 -0400] "GET /images/ic_061_body_bg.gif HTTP/1.1" 200 404 "http://www.lenriggs.com/" "Mozilla/5.0 (Windows NT 6.1; WOW64) AppleWebKit/537.36 (KHTML, like Gecko) Chrome/28.0.1500.95 Safari/537.36"
76.178.191.22 - - [19/Aug/2013:18:10:50 -0400] "GET /images/Alcohol_Pic.jpg HTTP/1.1" 200 6016 "http://www.lenriggs.com/" "Mozilla/5.0 (Windows NT 6.1; WOW64) AppleWebKit/537.36 (KHTML, like Gecko) Chrome/28.0.1500.95 Safari/537.36"
76.178.191.22 - - [19/Aug/2013:18:10:51 -0400] "GET /images/ic_061_navbutton_bg.gif HTTP/1.1" 200 692 "http://www.lenriggs.com/" "Mozilla/5.0 (Windows NT 6.1; WOW64) AppleWebKit/537.36 (KHTML, like Gecko) Chrome/28.0.1500.95 Safari/537.36"
76.178.191.22 - - [19/Aug/2013:18:10:51 -0400] "GET /images/ic_061_docwrapper_bg_wide.gif HTTP/1.1" 200 328 "http://www.lenriggs.com/" "Mozilla/5.0 (Windows NT 6.1; WOW64) AppleWebKit/537.36 (KHTML, like Gecko) Chrome/28.0.1500.95 Safari/537.36"
76.178.191.22 - - [19/Aug/2013:18:10:53 -0400] "GET /favicon.ico HTTP/1.1" 404 575 "-" "Mozilla/5.0 (Windows NT 6.1; WOW64) AppleWebKit/537.36 (KHTML, like Gecko) Chrome/28.0.1500.95 Safari/537.36"
71.80.194.64 - - [19/Aug/2013:19:03:38 -0400] "GET /scripts/user.js HTTP/1.1" 200 23762 "http://www.lenriggs.com/" "Mozilla/5.0 (Windows NT 6.0) AppleWebKit/537.36 (KHTML, like Gecko) Chrome/28.0.1500.95 Safari/537.36"
192.182.137.211 - - [19/Aug/2013:19:46:58 -0400] "GET /scripts/icwebsiteelement.css HTTP/1.1" 200 8132 "http://www.lenriggs.com/" "Mozilla/5.0 (Windows NT 6.1; WOW64) AppleWebKit/537.36 (KHTML, like Gecko) Chrome/28.0.1500.72 Safari/537.36"
150.70.173.46 - - [19/Aug/2013:20:03:11 -0400] "GET /scripts/user.js HTTP/1.1" 200 23762 "-" "Mozilla/4.0 (compatible; MSIE 8.0; Windows NT 5.1; Trident/4.0)"
206.188.38.230 - - [19/Aug/2013:09:51:54 -0400] "GET /images/ic_059_title_bg_wide.png HTTP/1.1" 304 - "-" "Mozilla/4.0 (compatible;)"
24.19.20.141 - - [19/Aug/2013:10:54:37 -0400] "GET /allupcomingclasses.html HTTP/1.1" 200 19142 "-" "Mozilla/5.0 (Windows NT 6.1; WOW64; rv:23.0) Gecko/20100101 Firefox/23.0"
24.19.20.141 - - [19/Aug/2013:10:54:38 -0400] "GET /scripts/ic_globals_published.js HTTP/1.1" 200 566 "http://lenriggs.com/allupcomingclasses.html" "Mozilla/5.0 (Windows NT 6.1; WOW64; rv:23.0) Gecko/20100101 Firefox/23.0"
24.19.20.141 - - [19/Aug/2013:10:54:38 -0400] "GET /scripts/user.js HTTP/1.1" 200 23762 "http://lenriggs.com/allupcomingclasses.html" "Mozilla/5.0 (Windows NT 6.1; WOW64; rv:23.0) Gecko/20100101 Firefox/23.0"
24.19.20.141 - - [19/Aug/2013:10:54:38 -0400] "GET /scripts/icwebsiteelement.css HTTP/1.1" 200 8132 "http://lenriggs.com/allupcomingclasses.html" "Mozilla/5.0 (Windows NT 6.1; WOW64; rv:23.0) Gecko/20100101 Firefox/23.0"
24.19.20.141 - - [19/Aug/2013:10:54:39 -0400] "GET /images/502_3.jpg HTTP/1.1" 200 24910 "http://lenriggs.com/allupcomingclasses.html" "Mozilla/5.0 (Windows NT 6.1; WOW64; rv:23.0) Gecko/20100101 Firefox/23.0"
65.122.125.226 - - [19/Aug/2013:13:04:04 -0400] "GET /onlinecourse.html HTTP/1.1" 200 13474 "http://www.lenriggs.com/" "Mozilla/4.0 (compatible; MSIE 8.0; Windows NT 5.1; Trident/4.0; .NET4.0C; .NET CLR 2.0.50727; .NET CLR 3.0.4506.2152; .NET CLR 3.5.30729; .NET4.0E)"
76.104.221.177 - - [19/Aug/2013:04:26:59 -0400] "GET /favicon.ico HTTP/1.1" 404 575 "-" "Dolphin http client/10.0.1(230) (Android)"
71.227.200.136 - - [19/Aug/2013:11:16:30 -0400] "GET / HTTP/1.1" 200 13290 "-" "Mozilla/5.0 (Windows NT 6.1) AppleWebKit/537.36 (KHTML, like Gecko) Chrome/28.0.1500.95 Safari/537.36"
71.227.200.136 - - [19/Aug/2013:11:16:30 -0400] "GET /scripts/template.css HTTP/1.1" 200 8633 "http://lenriggs.com/" "Mozilla/5.0 (Windows NT 6.1) AppleWebKit/537.36 (KHTML, like Gecko) Chrome/28.0.1500.95 Safari/537.36"
71.227.200.136 - - [19/Aug/2013:11:16:31 -0400] "GET /scripts/ic_globals_published.js HTTP/1.1" 200 566 "http://lenriggs.com/" "Mozilla/5.0 (Windows NT 6.1) AppleWebKit/537.36 (KHTML, like Gecko) Chrome/28.0.1500.95 Safari/537.36"
71.227.200.136 - - [19/Aug/2013:11:16:33 -0400] "GET /images/accent_png.png HTTP/1.1" 200 3544 "http://lenriggs.com/" "Mozilla/5.0 (Windows NT 6.1) AppleWebKit/537.36 (KHTML, like Gecko) Chrome/28.0.1500.95 Safari/537.36"
209.142.187.148 - - [19/Aug/2013:16:44:09 -0400] "GET /scripts/39custom.css HTTP/1.1" 200 1141 "http://www.lenriggs.com/onlinecourse.html" "Mozilla/5.0 (compatible; MSIE 9.0; Windows NT 6.1; WOW64; Trident/5.0)"
209.142.187.148 - - [19/Aug/2013:16:44:10 -0400] "GET /favicon.ico HTTP/1.1" 404 575 "-" "Mozilla/5.0 (compatible; MSIE 9.0; Windows NT 6.1; WOW64; Trident/5.0)"
209.142.187.148 - - [19/Aug/2013:16:44:47 -0400] "GET /aboutus.html HTTP/1.1" 200 10085 "http://www.lenriggs.com/onlinecourse.html" "Mozilla/5.0 (compatible; MSIE 9.0; Windows NT 6.1; WOW64; Trident/5.0)"
50.123.76.55 - - [19/Aug/2013:16:48:26 -0400] "GET /scripts/ic_globals_published.js HTTP/1.1" 200 566 "http://www.lenriggs.com/" "Mozilla/5.0 (compatible; MSIE 10.0; Windows NT 6.1; Trident/6.0)"
50.123.76.55 - - [19/Aug/2013:16:48:26 -0400] "GET /scripts/template.css HTTP/1.1" 200 8633 "http://www.lenriggs.com/" "Mozilla/5.0 (compatible; MSIE 10.0; Windows NT 6.1; Trident/6.0)"
50.123.76.55 - - [19/Aug/2013:16:48:26 -0400] "GET /scripts/icwebsiteelement.css HTTP/1.1" 200 8132 "http://www.lenriggs.com/" "Mozilla/5.0 (compatible; MSIE 10.0; Windows NT 6.1; Trident/6.0)"
67.183.212.55 - - [19/Aug/2013:17:25:02 -0400] "GET /blog.php HTTP/1.1" 200 11678 "http://lenriggs.com/blog.php" "Mozilla/4.0 (compatible; MSIE 7.0; Windows NT 6.1; WOW64; Trident/6.0; SLCC2; .NET CLR 2.0.50727; .NET CLR 3.5.30729; .NET CLR 3.0.30729; Media Center PC 6.0; .NET4.0C; BRI/2; AskTB5.2)"
67.183.212.55 - - [19/Aug/2013:17:25:05 -0400] "GET /blog.php?a=li HTTP/1.1" 200 12776 "http://lenriggs.com/blog.php" "Mozilla/4.0 (compatible; MSIE 7.0; Windows NT 6.1; WOW64; Trident/6.0; SLCC2; .NET CLR 2.0.50727; .NET CLR 3.5.30729; .NET CLR 3.0.30729; Media Center PC 6.0; .NET4.0C; BRI/2; AskTB5.2)"
67.183.212.55 - - [19/Aug/2013:17:25:05 -0400] "GET /eblog/c.php?r=958111 HTTP/1.1" 200 2150 "http://lenriggs.com/blog.php?a=li" "Mozilla/4.0 (compatible; MSIE 7.0; Windows NT 6.1; WOW64; Trident/6.0; SLCC2; .NET CLR 2.0.50727; .NET CLR 3.5.30729; .NET CLR 3.0.30729; Media Center PC 6.0; .NET4.0C; BRI/2; AskTB5.2)"
97.90.66.111 - - [19/Aug/2013:18:31:35 -0400] "GET /scripts/user.js HTTP/1.1" 200 23762 "http://www.lenriggs.com/" "Mozilla/5.0 (Windows NT 6.1; WOW64) AppleWebKit/537.36 (KHTML, like Gecko) Chrome/28.0.1500.95 Safari/537.36"
97.90.66.111 - - [19/Aug/2013:18:31:38 -0400] "GET /images/ic_061_navtopper_bg_wide.png HTTP/1.1" 200 208 "http://www.lenriggs.com/" "Mozilla/5.0 (Windows NT 6.1; WOW64) AppleWebKit/537.36 (KHTML, like Gecko) Chrome/28.0.1500.95 Safari/537.36"
97.90.66.111 - - [19/Aug/2013:18:31:38 -0400] "GET /images/ic_061_title_bg_wide.png HTTP/1.1" 200 3326 "http://www.lenriggs.com/" "Mozilla/5.0 (Windows NT 6.1; WOW64) AppleWebKit/537.36 (KHTML, like Gecko) Chrome/28.0.1500.95 Safari/537.36"
206.214.52.136 - - [19/Aug/2013:18:36:02 -0400] "GET /scripts/ic_globals_published.js HTTP/1.1" 200 566 "http://www.lenriggs.com/" "Mozilla/5.0 (iPad; CPU OS 6_1_3 like Mac OS X) AppleWebKit/536.26 (KHTML, like Gecko) Version/6.0 Mobile/10B329 Safari/8536.25"
206.214.52.136 - - [19/Aug/2013:18:36:02 -0400] "GET /images/ic_061_container_bg_wide.gif HTTP/1.1" 200 278 "http://www.lenriggs.com/" "Mozilla/5.0 (iPad; CPU OS 6_1_3 like Mac OS X) AppleWebKit/536.26 (KHTML, like Gecko) Version/6.0 Mobile/10B329 Safari/8536.25"
206.214.52.136 - - [19/Aug/2013:18:36:02 -0400] "GET /images/ic_061_headercontent_bg_wide.png HTTP/1.1" 200 1298 "http://www.lenriggs.com/" "Mozilla/5.0 (iPad; CPU OS 6_1_3 like Mac OS X) AppleWebKit/536.26 (KHTML, like Gecko) Version/6.0 Mobile/10B329 Safari/8536.25"
50.47.60.210 - - [19/Aug/2013:18:45:33 -0400] "GET / HTTP/1.1" 200 17576 "-" "Mozilla/4.0 (compatible; MSIE 8.0; Windows NT 5.1; Trident/4.0; .NET CLR 2.0.50727; .NET CLR 3.0.4506.2152; .NET CLR 3.5.30729; OfficeLiveConnector.1.5; OfficeLivePatch.1.3; BRI/2)"
50.47.60.210 - - [19/Aug/2013:18:45:34 -0400] "GET /scripts/photoalbum.js HTTP/1.1" 200 62481 "http://www.lenriggs.com/" "Mozilla/4.0 (compatible; MSIE 8.0; Windows NT 5.1; Trident/4.0; .NET CLR 2.0.50727; .NET CLR 3.0.4506.2152; .NET CLR 3.5.30729; OfficeLiveConnector.1.5; OfficeLivePatch.1.3; BRI/2)"
50.47.60.210 - - [19/Aug/2013:18:45:34 -0400] "GET /scripts/template.css HTTP/1.1" 200 15971 "http://www.lenriggs.com/" "Mozilla/4.0 (compatible; MSIE 8.0; Windows NT 5.1; Trident/4.0; .NET CLR 2.0.50727; .NET CLR 3.0.4506.2152; .NET CLR 3.5.30729; OfficeLiveConnector.1.5; OfficeLivePatch.1.3; BRI/2)"
50.47.60.210 - - [19/Aug/2013:18:45:34 -0400] "GET /scripts/print.css HTTP/1.1" 200 - "http://www.lenriggs.com/" "Mozilla/4.0 (compatible; MSIE 8.0; Windows NT 5.1; Trident/4.0; .NET CLR 2.0.50727; .NET CLR 3.0.4506.2152; .NET CLR 3.5.30729; OfficeLiveConnector.1.5; OfficeLivePatch.1.3; BRI/2)"
50.47.60.210 - - [19/Aug/2013:18:45:34 -0400] "GET /scripts/icwebsiteelement.css HTTP/1.1" 200 8132 "http://www.lenriggs.com/" "Mozilla/4.0 (compatible; MSIE 8.0; Windows NT 5.1; Trident/4.0; .NET CLR 2.0.50727; .NET CLR 3.0.4506.2152; .NET CLR 3.5.30729; OfficeLiveConnector.1.5; OfficeLivePatch.1.3; BRI/2)"
50.47.60.210 - - [19/Aug/2013:18:45:34 -0400] "GET /images/ic_061_container_bg_wide.gif HTTP/1.1" 200 278 "http://www.lenriggs.com/" "Mozilla/4.0 (compatible; MSIE 8.0; Windows NT 5.1; Trident/4.0; .NET CLR 2.0.50727; .NET CLR 3.0.4506.2152; .NET CLR 3.5.30729; OfficeLiveConnector.1.5; OfficeLivePatch.1.3; BRI/2)"
50.47.60.210 - - [19/Aug/2013:18:45:34 -0400] "GET /images/ic_061_navtopper_bg_wide.png HTTP/1.1" 200 208 "http://www.lenriggs.com/" "Mozilla/4.0 (compatible; MSIE 8.0; Windows NT 5.1; Trident/4.0; .NET CLR 2.0.50727; .NET CLR 3.0.4506.2152; .NET CLR 3.5.30729; OfficeLiveConnector.1.5; OfficeLivePatch.1.3; BRI/2)"
50.47.60.210 - - [19/Aug/2013:18:45:34 -0400] "GET /images/ic_061_headercontent_bg_wide.png HTTP/1.1" 200 1298 "http://www.lenriggs.com/" "Mozilla/4.0 (compatible; MSIE 8.0; Windows NT 5.1; Trident/4.0; .NET CLR 2.0.50727; .NET CLR 3.0.4506.2152; .NET CLR 3.5.30729; OfficeLiveConnector.1.5; OfficeLivePatch.1.3; BRI/2)"
50.47.60.210 - - [19/Aug/2013:18:45:34 -0400] "GET /images/ic_061_title_bg_wide.png HTTP/1.1" 200 3326 "http://www.lenriggs.com/" "Mozilla/4.0 (compatible; MSIE 8.0; Windows NT 5.1; Trident/4.0; .NET CLR 2.0.50727; .NET CLR 3.0.4506.2152; .NET CLR 3.5.30729; OfficeLiveConnector.1.5; OfficeLivePatch.1.3; BRI/2)"
50.47.60.210 - - [19/Aug/2013:18:45:35 -0400] "GET /images/ic_061_navcontainer_bg.gif HTTP/1.1" 200 115 "http://www.lenriggs.com/" "Mozilla/4.0 (compatible; MSIE 8.0; Windows NT 5.1; Trident/4.0; .NET CLR 2.0.50727; .NET CLR 3.0.4506.2152; .NET CLR 3.5.30729; OfficeLiveConnector.1.5; OfficeLivePatch.1.3; BRI/2)"
50.47.60.210 - - [19/Aug/2013:18:45:35 -0400] "GET /images/ic_061_headernav_bg.png HTTP/1.1" 200 3340 "http://www.lenriggs.com/" "Mozilla/4.0 (compatible; MSIE 8.0; Windows NT 5.1; Trident/4.0; .NET CLR 2.0.50727; .NET CLR 3.0.4506.2152; .NET CLR 3.5.30729; OfficeLiveConnector.1.5; OfficeLivePatch.1.3; BRI/2)"
50.47.60.210 - - [19/Aug/2013:18:45:35 -0400] "GET /images/ic_061_docwrapper_bg_wide.gif HTTP/1.1" 200 328 "http://www.lenriggs.com/" "Mozilla/4.0 (compatible; MSIE 8.0; Windows NT 5.1; Trident/4.0; .NET CLR 2.0.50727; .NET CLR 3.0.4506.2152; .NET CLR 3.5.30729; OfficeLiveConnector.1.5; OfficeLivePatch.1.3; BRI/2)"
50.47.60.210 - - [19/Aug/2013:18:45:36 -0400] "GET /favicon.ico HTTP/1.1" 404 575 "-" "Mozilla/4.0 (compatible; MSIE 8.0; Windows NT 5.1; Trident/4.0; .NET CLR 2.0.50727; .NET CLR 3.0.4506.2152; .NET CLR 3.5.30729; OfficeLiveConnector.1.5; OfficeLivePatch.1.3; BRI/2)"
67.183.212.55 - - [19/Aug/2013:20:44:12 -0400] "GET /scripts/ic_globals_published.js HTTP/1.1" 200 566 "http://www.lenriggs.com/" "Mozilla/4.0 (compatible; MSIE 8.0; Windows NT 6.1; WOW64; Trident/4.0; GTB7.5; SLCC2; .NET CLR 2.0.50727; .NET CLR 3.5.30729; .NET CLR 3.0.30729; Media Center PC 6.0; .NET4.0C)"
67.183.212.55 - - [19/Aug/2013:20:44:14 -0400] "GET /images/ic_061_body_bg.gif HTTP/1.1" 200 404 "http://www.lenriggs.com/" "Mozilla/4.0 (compatible; MSIE 8.0; Windows NT 6.1; WOW64; Trident/4.0; GTB7.5; SLCC2; .NET CLR 2.0.50727; .NET CLR 3.5.30729; .NET CLR 3.0.30729; Media Center PC 6.0; .NET4.0C)"
67.183.212.55 - - [19/Aug/2013:20:44:14 -0400] "GET /images/ic_061_navcontainer_bg.gif HTTP/1.1" 200 115 "http://www.lenriggs.com/" "Mozilla/4.0 (compatible; MSIE 8.0; Windows NT 6.1; WOW64; Trident/4.0; GTB7.5; SLCC2; .NET CLR 2.0.50727; .NET CLR 3.5.30729; .NET CLR 3.0.30729; Media Center PC 6.0; .NET4.0C)"
208.38.209.6 - - [19/Aug/2013:21:30:21 -0400] "GET /scripts/user.js HTTP/1.1" 200 23762 "http://www.lenriggs.com/" "Mozilla/5.0 (Macintosh; Intel Mac OS X 10_6_8) AppleWebKit/534.57.2 (KHTML, like Gecko) Version/5.1.7 Safari/534.57.2"
208.38.209.6 - - [19/Aug/2013:21:30:22 -0400] "GET /images/ic_061_container_bg_wide.gif HTTP/1.1" 200 278 "http://www.lenriggs.com/" "Mozilla/5.0 (Macintosh; Intel Mac OS X 10_6_8) AppleWebKit/534.57.2 (KHTML, like Gecko) Version/5.1.7 Safari/534.57.2"
208.38.209.6 - - [19/Aug/2013:21:30:22 -0400] "GET /images/ic_061_title_bg_wide.png HTTP/1.1" 200 3326 "http://www.lenriggs.com/" "Mozilla/5.0 (Macintosh; Intel Mac OS X 10_6_8) AppleWebKit/534.57.2 (KHTML, like Gecko) Version/5.1.7 Safari/534.57.2"
208.38.209.6 - - [19/Aug/2013:21:30:31 -0400] "GET /scripts/17custom.css HTTP/1.1" 200 1142 "http://www.lenriggs.com/upgradeorreplacement.html" "Mozilla/5.0 (Macintosh; Intel Mac OS X 10_6_8) AppleWebKit/534.57.2 (KHTML, like Gecko) Version/5.1.7 Safari/534.57.2"
64.188.158.57 - - [19/Aug/2013:22:46:21 -0400] "GET /scripts/website.css HTTP/1.1" 200 2501 "http://www.lenriggs.com/home.html" "Mozilla/5.0 (Linux; U; en-us; KFOT Build/IML74K) AppleWebKit/535.19 (KHTML, like Gecko) Silk/3.4 Safari/535.19 Silk-Accelerated=true"
64.188.158.57 - - [19/Aug/2013:22:46:22 -0400] "GET /images/ic_061_headernav_bg.png HTTP/1.1" 200 3340 "http://www.lenriggs.com/home.html" "Mozilla/5.0 (Linux; U; en-us; KFOT Build/IML74K) AppleWebKit/535.19 (KHTML, like Gecko) Silk/3.4 Safari/535.19 Silk-Accelerated=true"
64.188.158.57 - - [19/Aug/2013:22:46:22 -0400] "GET /images/ic_061_navbutton_bg.gif HTTP/1.1" 200 692 "http://www.lenriggs.com/home.html" "Mozilla/5.0 (Linux; U; en-us; KFOT Build/IML74K) AppleWebKit/535.19 (KHTML, like Gecko) Silk/3.4 Safari/535.19 Silk-Accelerated=true"
64.188.158.57 - - [19/Aug/2013:22:46:22 -0400] "GET /scripts/print.css HTTP/1.1" 200 - "http://www.lenriggs.com/home.html" "Mozilla/5.0 (Linux; U; en-us; KFOT Build/IML74K) AppleWebKit/535.19 (KHTML, like Gecko) Silk/3.4 Safari/535.19 Silk-Accelerated=true"
76.2.3.26 - - [19/Aug/2013:15:11:02 -0400] "GET /scripts/ic_globals_published.js HTTP/1.1" 200 566 "http://lenriggs.com/" "Mozilla/5.0 (Macintosh; Intel Mac OS X 10_8_4) AppleWebKit/536.30.1 (KHTML, like Gecko) Version/6.0.5 Safari/536.30.1"
76.2.3.26 - - [19/Aug/2013:15:11:02 -0400] "GET /scripts/photoalbum.js HTTP/1.1" 200 62481 "http://lenriggs.com/" "Mozilla/5.0 (Macintosh; Intel Mac OS X 10_8_4) AppleWebKit/536.30.1 (KHTML, like Gecko) Version/6.0.5 Safari/536.30.1"
66.225.14.190 - - [19/Aug/2013:15:20:04 -0400] "GET /scripts/photoalbum.js HTTP/1.1" 200 62481 "http://www.lenriggs.com/" "Mozilla/4.0 (compatible; MSIE 8.0; Windows NT 5.1; Trident/4.0; chromeframe/28.0.1500.95; .NET4.0C; .NET4.0E; .NET CLR 1.1.4322; InfoPath.3; .NET CLR 2.0.50727; .NET CLR 3.0.4506.2152; .NET CLR 3.5.30729)"
66.225.14.190 - - [19/Aug/2013:15:20:07 -0400] "GET /favicon.ico HTTP/1.1" 404 575 "-" "Mozilla/4.0 (compatible; MSIE 8.0; Windows NT 5.1; Trident/4.0; chromeframe/28.0.1500.95; .NET4.0C; .NET4.0E; .NET CLR 1.1.4322; InfoPath.3; .NET CLR 2.0.50727; .NET CLR 3.0.4506.2152; .NET CLR 3.5.30729)"
209.142.187.148 - - [19/Aug/2013:16:44:40 -0400] "GET /scripts/18custom.css HTTP/1.1" 200 1815 "http://www.lenriggs.com/aboutus/whydowedothis.html" "Mozilla/5.0 (compatible; MSIE 9.0; Windows NT 6.1; WOW64; Trident/5.0)"
67.183.212.55 - - [19/Aug/2013:17:19:38 -0400] "GET /blog.php?a=li HTTP/1.1" 200 12776 "http://lenriggs.com/blog.php" "Mozilla/4.0 (compatible; MSIE 7.0; Windows NT 6.1; WOW64; Trident/6.0; SLCC2; .NET CLR 2.0.50727; .NET CLR 3.5.30729; .NET CLR 3.0.30729; Media Center PC 6.0; .NET4.0C; BRI/2; AskTB5.2)"
67.183.212.55 - - [19/Aug/2013:17:19:38 -0400] "GET /eblog/c.php?r=423267 HTTP/1.1" 200 2137 "http://lenriggs.com/blog.php?a=li" "Mozilla/4.0 (compatible; MSIE 7.0; Windows NT 6.1; WOW64; Trident/6.0; SLCC2; .NET CLR 2.0.50727; .NET CLR 3.5.30729; .NET CLR 3.0.30729; Media Center PC 6.0; .NET4.0C; BRI/2; AskTB5.2)"
67.183.212.55 - - [19/Aug/2013:17:19:38 -0400] "GET /eblog/images/refresh_button.gif HTTP/1.1" 200 181 "http://lenriggs.com/blog.php?a=li" "Mozilla/4.0 (compatible; MSIE 7.0; Windows NT 6.1; WOW64; Trident/6.0; SLCC2; .NET CLR 2.0.50727; .NET CLR 3.5.30729; .NET CLR 3.0.30729; Media Center PC 6.0; .NET4.0C; BRI/2; AskTB5.2)"
67.183.212.55 - - [19/Aug/2013:17:23:19 -0400] "GET /eblog/c.php?r=97352 HTTP/1.1" 200 2126 "http://lenriggs.com/blog.php" "Mozilla/4.0 (compatible; MSIE 7.0; Windows NT 6.1; WOW64; Trident/6.0; SLCC2; .NET CLR 2.0.50727; .NET CLR 3.5.30729; .NET CLR 3.0.30729; Media Center PC 6.0; .NET4.0C; BRI/2; AskTB5.2)"
174.31.185.206 - - [19/Aug/2013:12:54:38 -0400] "GET /scripts/ic_globals_published.js HTTP/1.1" 200 566 "http://www.lenriggs.com/" "Mozilla/5.0 (Windows NT 6.1; WOW64; rv:23.0) Gecko/20100101 Firefox/23.0"
174.31.185.206 - - [19/Aug/2013:12:54:38 -0400] "GET /scripts/1custom.css HTTP/1.1" 200 1750 "http://www.lenriggs.com/" "Mozilla/5.0 (Windows NT 6.1; WOW64; rv:23.0) Gecko/20100101 Firefox/23.0"
66.194.84.132 - - [19/Aug/2013:13:04:02 -0400] "GET /classschedule.html HTTP/1.1" 200 8781 "http://www.lenriggs.com/" "Mozilla/4.0 (compatible; MSIE 8.0; Windows NT 5.1; Trident/4.0; .NET CLR 2.0.50727; .NET CLR 3.0.4506.2152; .NET CLR 3.5.30729; .NET4.0C; .NET4.0E; InfoPath.1; InfoPath.3)"
69.166.47.114 - - [19/Aug/2013:13:36:22 -0400] "GET /scripts/icwebsiteelement.css HTTP/1.1" 200 8132 "http://www.lenriggs.com/" "Mozilla/5.0 (Macintosh; Intel Mac OS X 10_7_5) AppleWebKit/536.30.1 (KHTML, like Gecko) Version/6.0.5 Safari/536.30.1"
70.90.179.13 - - [19/Aug/2013:14:55:32 -0400] "GET / HTTP/1.1" 200 13290 "http://www.google.com/url?sa=t&rct=j&q=&esrc=s&source=web&cd=1&sqi=2&ved=0CC4QFjAA&url=http%3A%2F%2Fwww.lenriggs.com%2F&ei=HWoSUuy0HIHJiwLt04CgDg&usg=AFQjCNEkxrknMe29N7cTpfy8FFRAybnBuw&sig2=kZDqTslKCVvHcwEBd9qotA&bvm=bv.50952593,d.cGE" "Mozilla/5.0 (Windows NT 6.1; rv:22.0) Gecko/20100101 Firefox/22.0"
70.90.179.13 - - [19/Aug/2013:14:55:33 -0400] "GET /scripts/print.css HTTP/1.1" 200 9876 "http://www.lenriggs.com/" "Mozilla/5.0 (Windows NT 6.1; rv:22.0) Gecko/20100101 Firefox/22.0"
70.90.179.13 - - [19/Aug/2013:14:55:33 -0400] "GET /images/accent_png.png HTTP/1.1" 200 3544 "http://www.lenriggs.com/scripts/template.css" "Mozilla/5.0 (Windows NT 6.1; rv:22.0) Gecko/20100101 Firefox/22.0"
206.214.52.136 - - [19/Aug/2013:18:36:02 -0400] "GET /scripts/1custom.css HTTP/1.1" 200 2088 "http://www.lenriggs.com/" "Mozilla/5.0 (iPad; CPU OS 6_1_3 like Mac OS X) AppleWebKit/536.26 (KHTML, like Gecko) Version/6.0 Mobile/10B329 Safari/8536.25"
192.182.137.211 - - [19/Aug/2013:19:46:58 -0400] "GET /scripts/1custom.css HTTP/1.1" 200 2088 "http://www.lenriggs.com/" "Mozilla/5.0 (Windows NT 6.1; WOW64) AppleWebKit/537.36 (KHTML, like Gecko) Chrome/28.0.1500.72 Safari/537.36"
66.209.91.164 - - [19/Aug/2013:20:01:53 -0400] "GET /scripts/ic_globals_published.js HTTP/1.1" 200 566 "http://www.lenriggs.com/" "Mozilla/4.0 (compatible; MSIE 8.0; Windows NT 6.1; WOW64; Trident/4.0; SLCC2; .NET CLR 2.0.50727; .NET CLR 3.5.30729; .NET CLR 3.0.30729; Media Center PC 6.0; .NET4.0C; .NET4.0E)"
66.209.91.164 - - [19/Aug/2013:20:02:56 -0400] "GET /favicon.ico HTTP/1.1" 404 575 "-" "Mozilla/4.0 (compatible; MSIE 8.0; Windows NT 6.1; WOW64; Trident/4.0; SLCC2; .NET CLR 2.0.50727; .NET CLR 3.5.30729; .NET CLR 3.0.30729; Media Center PC 6.0; .NET4.0C; .NET4.0E)"
67.183.212.55 - - [19/Aug/2013:20:50:20 -0400] "GET /scripts/template.css HTTP/1.1" 304 - "http://www.lenriggs.com/testimonials.html" "Mozilla/4.0 (compatible; MSIE 8.0; Windows NT 6.1; WOW64; Trident/4.0; GTB7.5; SLCC2; .NET CLR 2.0.50727; .NET CLR 3.5.30729; .NET CLR 3.0.30729; Media Center PC 6.0; .NET4.0C)"
67.183.212.55 - - [19/Aug/2013:20:50:20 -0400] "GET /images/ic_061_headernav_bg.png HTTP/1.1" 304 - "http://www.lenriggs.com/testimonials.html" "Mozilla/4.0 (compatible; MSIE 8.0; Windows NT 6.1; WOW64; Trident/4.0; GTB7.5; SLCC2; .NET CLR 2.0.50727; .NET CLR 3.5.30729; .NET CLR 3.0.30729; Media Center PC 6.0; .NET4.0C)"
12.171.46.121 - - [19/Aug/2013:19:00:09 -0400] "GET /scripts/photoalbum.js HTTP/1.0" 200 62481 "http://www.lenriggs.com/" "Mozilla/4.0 (compatible; MSIE 7.0; Windows NT 6.1; Trident/5.0; SLCC2; .NET CLR 2.0.50727; .NET CLR 3.5.30729; .NET CLR 3.0.30729; Media Center PC 6.0; .NET4.0C)"
12.171.46.121 - - [19/Aug/2013:19:00:10 -0400] "GET /images/ic_061_topmargin_r2_wide.gif HTTP/1.0" 200 274 "http://www.lenriggs.com/" "Mozilla/4.0 (compatible; MSIE 7.0; Windows NT 6.1; Trident/5.0; SLCC2; .NET CLR 2.0.50727; .NET CLR 3.5.30729; .NET CLR 3.0.30729; Media Center PC 6.0; .NET4.0C)"
12.171.46.121 - - [19/Aug/2013:19:00:10 -0400] "GET /images/ic_061_docwrapper_bg_wide.gif HTTP/1.0" 200 328 "http://www.lenriggs.com/" "Mozilla/4.0 (compatible; MSIE 7.0; Windows NT 6.1; Trident/5.0; SLCC2; .NET CLR 2.0.50727; .NET CLR 3.5.30729; .NET CLR 3.0.30729; Media Center PC 6.0; .NET4.0C)"
206.188.38.230 - - [19/Aug/2013:19:45:37 -0400] "GET /scripts/1custom.css HTTP/1.1" 200 2088 "-" "Mozilla/4.0 (compatible;)"
66.194.84.132 - - [19/Aug/2013:12:08:20 -0400] "GET /favicon.ico HTTP/1.1" 404 575 "-" "Mozilla/5.0 (compatible; MSIE 9.0; Windows NT 6.1; WOW64; Trident/5.0)"
66.194.84.132 - - [19/Aug/2013:12:08:22 -0400] "GET /favicon.ico HTTP/1.1" 404 575 "-" "Mozilla/5.0 (compatible; MSIE 9.0; Windows NT 6.1; WOW64; Trident/5.0)"
66.194.84.132 - - [19/Aug/2013:13:18:48 -0400] "GET /scripts/icwebsiteelement.css HTTP/1.1" 304 - "http://www.lenriggs.com/onlinecourse.html" "Mozilla/4.0 (compatible; MSIE 8.0; Windows NT 5.1; Trident/4.0; .NET CLR 2.0.50727; .NET CLR 3.0.4506.2152; .NET CLR 3.5.30729; .NET4.0C; .NET4.0E; InfoPath.1; InfoPath.3)"
66.194.84.132 - - [19/Aug/2013:13:18:48 -0400] "GET /images/accent_png.png HTTP/1.1" 304 - "http://www.lenriggs.com/onlinecourse.html" "Mozilla/4.0 (compatible; MSIE 8.0; Windows NT 5.1; Trident/4.0; .NET CLR 2.0.50727; .NET CLR 3.0.4506.2152; .NET CLR 3.5.30729; .NET4.0C; .NET4.0E; InfoPath.1; InfoPath.3)"
76.104.221.177 - - [19/Aug/2013:04:21:18 -0400] "GET /favicon.ico HTTP/1.1" 404 575 "-" "Dolphin http client/10.0.1(230) (Android)"
208.115.113.82 - - [19/Aug/2013:10:25:43 -0400] "GET /newonlineclasses.html HTTP/1.1" 200 11516 "-" "Mozilla/5.0 (compatible; Ezooms/1.0; ezooms.bot@gmail.com)"
24.19.20.141 - - [19/Aug/2013:10:54:48 -0400] "GET /favicon.ico HTTP/1.1" 404 575 "-" "Mozilla/5.0 (Windows NT 6.1; WOW64; rv:23.0) Gecko/20100101 Firefox/23.0"
173.202.211.2 - - [19/Aug/2013:00:05:57 -0400] "GET /scripts/website.css HTTP/1.1" 200 2395 "http://www.lenriggs.com/" "Mozilla/5.0 (compatible; MSIE 10.0; Windows NT 6.2; WOW64; Trident/6.0)"
173.202.211.2 - - [19/Aug/2013:00:05:57 -0400] "GET /scripts/icwebsiteelement.css HTTP/1.1" 200 8132 "http://www.lenriggs.com/" "Mozilla/5.0 (compatible; MSIE 10.0; Windows NT 6.2; WOW64; Trident/6.0)"
173.202.211.2 - - [19/Aug/2013:00:05:59 -0400] "GET /images/accent_png.png HTTP/1.1" 200 3544 "http://www.lenriggs.com/" "Mozilla/5.0 (compatible; MSIE 10.0; Windows NT 6.2; WOW64; Trident/6.0)"
24.18.28.6 - - [19/Aug/2013:01:52:34 -0400] "GET /scripts/39custom.css HTTP/1.1" 200 1141 "http://www.lenriggs.com/onlinecourse.html" "Mozilla/5.0 (compatible; MSIE 10.0; Windows NT 6.1; WOW64; Trident/6.0)"
66.225.14.190 - - [19/Aug/2013:15:20:04 -0400] "GET /scripts/ic_globals_published.js HTTP/1.1" 200 566 "http://www.lenriggs.com/" "Mozilla/4.0 (compatible; MSIE 8.0; Windows NT 5.1; Trident/4.0; chromeframe/28.0.1500.95; .NET4.0C; .NET4.0E; .NET CLR 1.1.4322; InfoPath.3; .NET CLR 2.0.50727; .NET CLR 3.0.4506.2152; .NET CLR 3.5.30729)"
66.225.14.190 - - [19/Aug/2013:15:20:04 -0400] "GET /scripts/1custom.css HTTP/1.1" 200 1750 "http://www.lenriggs.com/" "Mozilla/4.0 (compatible; MSIE 8.0; Windows NT 5.1; Trident/4.0; chromeframe/28.0.1500.95; .NET4.0C; .NET4.0E; .NET CLR 1.1.4322; InfoPath.3; .NET CLR 2.0.50727; .NET CLR 3.0.4506.2152; .NET CLR 3.5.30729)"
66.225.14.190 - - [19/Aug/2013:15:20:06 -0400] "GET /images/pattern_png.png HTTP/1.1" 200 4554 "http://www.lenriggs.com/" "Mozilla/4.0 (compatible; MSIE 8.0; Windows NT 5.1; Trident/4.0; chromeframe/28.0.1500.95; .NET4.0C; .NET4.0E; .NET CLR 1.1.4322; InfoPath.3; .NET CLR 2.0.50727; .NET CLR 3.0.4506.2152; .NET CLR 3.5.30729)"
67.139.108.194 - - [19/Aug/2013:16:14:41 -0400] "GET /scripts/1custom.css HTTP/1.1" 200 1750 "http://www.lenriggs.com/" "Mozilla/4.0 (compatible; MSIE 8.0; Windows NT 5.1; Trident/4.0; .NET CLR 1.1.4322; .NET CLR 2.0.50727; .NET CLR 3.0.04506.30; .NET CLR 3.0.04506.648; .NET CLR 3.0.4506.2152; .NET CLR 3.5.30729; MS-RTC LM 8; MS-RTC LM 8)"
67.139.108.194 - - [19/Aug/2013:16:14:42 -0400] "GET /images/dropshadow_bottom_png_wide.png HTTP/1.1" 200 3108 "http://www.lenriggs.com/" "Mozilla/4.0 (compatible; MSIE 8.0; Windows NT 5.1; Trident/4.0; .NET CLR 1.1.4322; .NET CLR 2.0.50727; .NET CLR 3.0.04506.30; .NET CLR 3.0.04506.648; .NET CLR 3.0.4506.2152; .NET CLR 3.5.30729; MS-RTC LM 8; MS-RTC LM 8)"
67.183.212.55 - - [19/Aug/2013:17:10:19 -0400] "GET /testimonials.html HTTP/1.1" 200 34381 "http://lenriggs.com/onlinecourse.html" "Mozilla/4.0 (compatible; MSIE 7.0; Windows NT 6.1; WOW64; Trident/6.0; SLCC2; .NET CLR 2.0.50727; .NET CLR 3.5.30729; .NET CLR 3.0.30729; Media Center PC 6.0; .NET4.0C; BRI/2; AskTB5.2)"
76.178.191.22 - - [19/Aug/2013:18:13:30 -0400] "GET /onlinecourse.html HTTP/1.1" 200 17850 "http://www.lenriggs.com/" "Mozilla/5.0 (Windows NT 6.1; WOW64) AppleWebKit/537.36 (KHTML, like Gecko) Chrome/28.0.1500.95 Safari/537.36"
76.178.191.22 - - [19/Aug/2013:18:13:31 -0400] "GET /scripts/ic_globals_published.js HTTP/1.1" 304 - "http://www.lenriggs.com/" "Mozilla/5.0 (Windows NT 6.1; WOW64) AppleWebKit/537.36 (KHTML, like Gecko) Chrome/28.0.1500.95 Safari/537.36"
76.178.191.22 - - [19/Aug/2013:18:13:31 -0400] "GET /scripts/39custom.css HTTP/1.1" 200 1478 "http://www.lenriggs.com/onlinecourse.html" "Mozilla/5.0 (Windows NT 6.1; WOW64) AppleWebKit/537.36 (KHTML, like Gecko) Chrome/28.0.1500.95 Safari/537.36"
67.183.212.55 - - [19/Aug/2013:20:44:12 -0400] "GET /scripts/template.css HTTP/1.1" 200 15971 "http://www.lenriggs.com/" "Mozilla/4.0 (compatible; MSIE 8.0; Windows NT 6.1; WOW64; Trident/4.0; GTB7.5; SLCC2; .NET CLR 2.0.50727; .NET CLR 3.5.30729; .NET CLR 3.0.30729; Media Center PC 6.0; .NET4.0C)"
67.183.212.55 - - [19/Aug/2013:20:44:14 -0400] "GET /images/Alcohol_Pic.jpg HTTP/1.1" 200 6016 "http://www.lenriggs.com/" "Mozilla/4.0 (compatible; MSIE 8.0; Windows NT 6.1; WOW64; Trident/4.0; GTB7.5; SLCC2; .NET CLR 2.0.50727; .NET CLR 3.5.30729; .NET CLR 3.0.30729; Media Center PC 6.0; .NET4.0C)"
67.183.247.128 - - [19/Aug/2013:22:32:13 -0400] "GET / HTTP/1.1" 200 17576 "-" "Mozilla/5.0 (Macintosh; Intel Mac OS X 10_6_8) AppleWebKit/537.36 (KHTML, like Gecko) Chrome/28.0.1500.95 Safari/537.36"
67.183.247.128 - - [19/Aug/2013:22:32:14 -0400] "GET /scripts/template.css HTTP/1.1" 200 15971 "http://www.lenriggs.com/" "Mozilla/5.0 (Macintosh; Intel Mac OS X 10_6_8) AppleWebKit/537.36 (KHTML, like Gecko) Chrome/28.0.1500.95 Safari/537.36"
67.183.247.128 - - [19/Aug/2013:22:32:15 -0400] "GET /images/Alcohol_Pic.jpg HTTP/1.1" 200 6016 "http://www.lenriggs.com/" "Mozilla/5.0 (Macintosh; Intel Mac OS X 10_6_8) AppleWebKit/537.36 (KHTML, like Gecko) Chrome/28.0.1500.95 Safari/537.36"
67.183.247.128 - - [19/Aug/2013:22:32:15 -0400] "GET /images/ic_061_navcontainer_bg.gif HTTP/1.1" 200 115 "http://www.lenriggs.com/" "Mozilla/5.0 (Macintosh; Intel Mac OS X 10_6_8) AppleWebKit/537.36 (KHTML, like Gecko) Chrome/28.0.1500.95 Safari/537.36"
69.166.47.114 - - [19/Aug/2013:13:36:22 -0400] "GET /scripts/1custom.css HTTP/1.1" 200 1750 "http://www.lenriggs.com/" "Mozilla/5.0 (Macintosh; Intel Mac OS X 10_7_5) AppleWebKit/536.30.1 (KHTML, like Gecko) Version/6.0.5 Safari/536.30.1"
69.166.47.114 - - [19/Aug/2013:13:36:23 -0400] "GET /images/accent_png.png HTTP/1.1" 200 3544 "http://www.lenriggs.com/" "Mozilla/5.0 (Macintosh; Intel Mac OS X 10_7_5) AppleWebKit/536.30.1 (KHTML, like Gecko) Version/6.0.5 Safari/536.30.1"
69.166.47.114 - - [19/Aug/2013:13:36:23 -0400] "GET /favicon.ico HTTP/1.1" 404 575 "http://www.lenriggs.com/" "Mozilla/5.0 (Macintosh; Intel Mac OS X 10_7_5) AppleWebKit/536.30.1 (KHTML, like Gecko) Version/6.0.5 Safari/536.30.1"
71.213.245.49 - - [19/Aug/2013:13:57:23 -0400] "GET /scripts/website.css HTTP/1.1" 200 2395 "http://www.lenriggs.com/" "Mozilla/5.0 (Windows NT 6.1; rv:23.0) Gecko/20100101 Firefox/23.0"
71.213.245.49 - - [19/Aug/2013:13:57:23 -0400] "GET /scripts/1custom.css HTTP/1.1" 200 1750 "http://www.lenriggs.com/" "Mozilla/5.0 (Windows NT 6.1; rv:23.0) Gecko/20100101 Firefox/23.0"
71.213.245.49 - - [19/Aug/2013:13:57:23 -0400] "GET /scripts/icwebsiteelement.css HTTP/1.1" 200 8132 "http://www.lenriggs.com/" "Mozilla/5.0 (Windows NT 6.1; rv:23.0) Gecko/20100101 Firefox/23.0"
71.213.245.49 - - [19/Aug/2013:13:57:34 -0400] "GET /home.html HTTP/1.1" 200 13290 "http://www.lenriggs.com/" "Mozilla/5.0 (Windows NT 6.1; rv:23.0) Gecko/20100101 Firefox/23.0"
166.147.88.27 - - [19/Aug/2013:14:47:30 -0400] "GET /classschedule.html HTTP/1.1" 200 8781 "http://www.lenriggs.com/" "Mozilla/5.0 (Windows NT 6.1; WOW64; rv:23.0) Gecko/20100101 Firefox/23.0"
166.147.88.27 - - [19/Aug/2013:14:47:32 -0400] "GET /scripts/15custom.css HTTP/1.1" 200 805 "http://www.lenriggs.com/classschedule.html" "Mozilla/5.0 (Windows NT 6.1; WOW64; rv:23.0) Gecko/20100101 Firefox/23.0"
64.188.158.57 - - [19/Aug/2013:01:36:56 -0400] "GET /home.html HTTP/1.1" 200 13290 "-" "Mozilla/5.0 (Linux; U; en-us; KFOT Build/IML74K) AppleWebKit/535.19 (KHTML, like Gecko) Silk/3.4 Safari/535.19 Silk-Accelerated=true"
64.188.158.57 - - [19/Aug/2013:01:36:56 -0400] "GET /scripts/ic_globals_published.js HTTP/1.1" 200 566 "http://www.lenriggs.com/home.html" "Mozilla/5.0 (Linux; U; en-us; KFOT Build/IML74K) AppleWebKit/535.19 (KHTML, like Gecko) Silk/3.4 Safari/535.19 Silk-Accelerated=true"
64.188.158.57 - - [19/Aug/2013:01:36:56 -0400] "GET /scripts/icwebsiteelement.css HTTP/1.1" 200 8132 "http://www.lenriggs.com/home.html" "Mozilla/5.0 (Linux; U; en-us; KFOT Build/IML74K) AppleWebKit/535.19 (KHTML, like Gecko) Silk/3.4 Safari/535.19 Silk-Accelerated=true"
208.115.113.92 - - [19/Aug/2013:16:39:11 -0400] "GET /wseaburientukwila.html HTTP/1.1" 200 17141 "-" "Mozilla/5.0 (compatible; Ezooms/1.0; ezooms.bot@gmail.com)"
50.123.76.55 - - [19/Aug/2013:16:48:26 -0400] "GET /scripts/photoalbum.js HTTP/1.1" 200 62481 "http://www.lenriggs.com/" "Mozilla/5.0 (compatible; MSIE 10.0; Windows NT 6.1; Trident/6.0)"
67.183.212.55 - - [19/Aug/2013:17:09:38 -0400] "GET /scripts/website.css HTTP/1.1" 200 2483 "http://lenriggs.com/" "Mozilla/4.0 (compatible; MSIE 7.0; Windows NT 6.1; WOW64; Trident/6.0; SLCC2; .NET CLR 2.0.50727; .NET CLR 3.5.30729; .NET CLR 3.0.30729; Media Center PC 6.0; .NET4.0C; BRI/2; AskTB5.2)"
67.183.212.55 - - [19/Aug/2013:17:09:39 -0400] "GET /images/ic_061_headercontent_bg_wide.png HTTP/1.1" 200 1298 "http://lenriggs.com/" "Mozilla/4.0 (compatible; MSIE 7.0; Windows NT 6.1; WOW64; Trident/6.0; SLCC2; .NET CLR 2.0.50727; .NET CLR 3.5.30729; .NET CLR 3.0.30729; Media Center PC 6.0; .NET4.0C; BRI/2; AskTB5.2)"
67.183.212.55 - - [19/Aug/2013:17:09:39 -0400] "GET /images/ic_061_navbutton_bg.gif HTTP/1.1" 200 692 "http://lenriggs.com/" "Mozilla/4.0 (compatible; MSIE 7.0; Windows NT 6.1; WOW64; Trident/6.0; SLCC2; .NET CLR 2.0.50727; .NET CLR 3.5.30729; .NET CLR 3.0.30729; Media Center PC 6.0; .NET4.0C; BRI/2; AskTB5.2)"
66.249.75.18 - - [19/Aug/2013:10:57:47 -0400] "GET /scripts/print.css HTTP/1.1" 200 9876 "-" "Mozilla/5.0 (compatible; Googlebot/2.1; +http://www.google.com/bot.html)"
91.207.9.226 - - [19/Aug/2013:22:05:46 -0400] "GET / HTTP/1.1" 200 17576 "http://moregirls.org/" "Mozilla/4.0 (compatible; MSIE 6.0; Windows NT 5.0; .NET CLR 1.0.3705; .NET CLR 1.1.4322)"
12.171.46.121 - - [19/Aug/2013:19:00:09 -0400] "GET /scripts/user.js HTTP/1.0" 200 23762 "http://www.lenriggs.com/" "Mozilla/4.0 (compatible; MSIE 7.0; Windows NT 6.1; Trident/5.0; SLCC2; .NET CLR 2.0.50727; .NET CLR 3.5.30729; .NET CLR 3.0.30729; Media Center PC 6.0; .NET4.0C)"
12.171.46.121 - - [19/Aug/2013:19:00:10 -0400] "GET /images/ic_061_navtopper_bg_wide.png HTTP/1.0" 200 208 "http://www.lenriggs.com/" "Mozilla/4.0 (compatible; MSIE 7.0; Windows NT 6.1; Trident/5.0; SLCC2; .NET CLR 2.0.50727; .NET CLR 3.5.30729; .NET CLR 3.0.30729; Media Center PC 6.0; .NET4.0C)"
12.171.46.121 - - [19/Aug/2013:19:00:10 -0400] "GET /images/ic_061_navbutton_bg.gif HTTP/1.0" 200 692 "http://www.lenriggs.com/" "Mozilla/4.0 (compatible; MSIE 7.0; Windows NT 6.1; Trident/5.0; SLCC2; .NET CLR 2.0.50727; .NET CLR 3.5.30729; .NET CLR 3.0.30729; Media Center PC 6.0; .NET4.0C)"
66.209.91.164 - - [19/Aug/2013:20:02:36 -0400] "GET /images/ic_061_container_bg_wide.gif HTTP/1.1" 200 278 "http://www.lenriggs.com/classschedule.html" "Mozilla/4.0 (compatible; MSIE 8.0; Windows NT 6.1; WOW64; Trident/4.0; SLCC2; .NET CLR 2.0.50727; .NET CLR 3.5.30729; .NET CLR 3.0.30729; Media Center PC 6.0; .NET4.0C; .NET4.0E)"
67.183.212.55 - - [19/Aug/2013:20:50:40 -0400] "GET /images/photoalbum/button_photoLast.jpg HTTP/1.1" 200 637 "http://www.lenriggs.com/win10000.html" "Mozilla/4.0 (compatible; MSIE 8.0; Windows NT 6.1; WOW64; Trident/4.0; GTB7.5; SLCC2; .NET CLR 2.0.50727; .NET CLR 3.5.30729; .NET CLR 3.0.30729; Media Center PC 6.0; .NET4.0C)"
67.183.212.55 - - [19/Aug/2013:20:50:40 -0400] "GET /images/480_Marissa.jpg HTTP/1.1" 200 27584 "http://www.lenriggs.com/win10000.html" "Mozilla/4.0 (compatible; MSIE 8.0; Windows NT 6.1; WOW64; Trident/4.0; GTB7.5; SLCC2; .NET CLR 2.0.50727; .NET CLR 3.5.30729; .NET CLR 3.0.30729; Media Center PC 6.0; .NET4.0C)"
67.183.212.55 - - [19/Aug/2013:20:50:41 -0400] "GET /images/319_Mary.jpg HTTP/1.1" 200 23894 "http://www.lenriggs.com/win10000.html" "Mozilla/4.0 (compatible; MSIE 8.0; Windows NT 6.1; WOW64; Trident/4.0; GTB7.5; SLCC2; .NET CLR 2.0.50727; .NET CLR 3.5.30729; .NET CLR 3.0.30729; Media Center PC 6.0; .NET4.0C)"
70.90.179.13 - - [19/Aug/2013:14:55:32 -0400] "GET /scripts/user.js HTTP/1.1" 200 23762 "http://www.lenriggs.com/" "Mozilla/5.0 (Windows NT 6.1; rv:22.0) Gecko/20100101 Firefox/22.0"
70.90.179.13 - - [19/Aug/2013:14:55:33 -0400] "GET /images/pattern_png.png HTTP/1.1" 200 4554 "http://www.lenriggs.com/scripts/template.css" "Mozilla/5.0 (Windows NT 6.1; rv:22.0) Gecko/20100101 Firefox/22.0"
88.208.232.222 - - [19/Aug/2013:19:29:52 -0400] "GET /aboutus/whydowedothis.html HTTP/1.0" 200 17624 "http://www.lenriggs.com/" "PHPCrawl"
192.182.137.211 - - [19/Aug/2013:19:47:02 -0400] "GET /images/ic_061_topmargin_r2_wide.gif HTTP/1.1" 200 274 "http://www.lenriggs.com/" "Mozilla/5.0 (Windows NT 6.1; WOW64) AppleWebKit/537.36 (KHTML, like Gecko) Chrome/28.0.1500.72 Safari/537.36"
192.182.137.211 - - [19/Aug/2013:19:47:02 -0400] "GET /images/ic_061_navcontainer_bg.gif HTTP/1.1" 200 115 "http://www.lenriggs.com/" "Mozilla/5.0 (Windows NT 6.1; WOW64) AppleWebKit/537.36 (KHTML, like Gecko) Chrome/28.0.1500.72 Safari/537.36"
192.182.137.211 - - [19/Aug/2013:19:47:02 -0400] "GET /images/ic_061_docwrapper_bg_wide.gif HTTP/1.1" 200 328 "http://www.lenriggs.com/" "Mozilla/5.0 (Windows NT 6.1; WOW64) AppleWebKit/537.36 (KHTML, like Gecko) Chrome/28.0.1500.72 Safari/537.36"
46.119.118.152 - - [19/Aug/2013:20:30:36 -0400] "GET / HTTP/1.1" 200 17576 "http://master-remont-tehniki.ru/" "Mozilla/3.0 (x86 [en] Windows NT 5.1; Sun)"
67.183.212.55 - - [19/Aug/2013:20:50:40 -0400] "GET /images/photoalbum/button_photoFirst.jpg HTTP/1.1" 200 637 "http://www.lenriggs.com/win10000.html" "Mozilla/4.0 (compatible; MSIE 8.0; Windows NT 6.1; WOW64; Trident/4.0; GTB7.5; SLCC2; .NET CLR 2.0.50727; .NET CLR 3.5.30729; .NET CLR 3.0.30729; Media Center PC 6.0; .NET4.0C)"
67.183.212.55 - - [19/Aug/2013:20:50:40 -0400] "GET /images/360_Benjamin.jpg HTTP/1.1" 200 23667 "http://www.lenriggs.com/win10000.html" "Mozilla/4.0 (compatible; MSIE 8.0; Windows NT 6.1; WOW64; Trident/4.0; GTB7.5; SLCC2; .NET CLR 2.0.50727; .NET CLR 3.5.30729; .NET CLR 3.0.30729; Media Center PC 6.0; .NET4.0C)"
67.183.212.55 - - [19/Aug/2013:20:50:41 -0400] "GET /images/359_Krystal.jpeg HTTP/1.1" 200 15706 "http://www.lenriggs.com/win10000.html" "Mozilla/4.0 (compatible; MSIE 8.0; Windows NT 6.1; WOW64; Trident/4.0; GTB7.5; SLCC2; .NET CLR 2.0.50727; .NET CLR 3.5.30729; .NET CLR 3.0.30729; Media Center PC 6.0; .NET4.0C)"
67.183.212.55 - - [19/Aug/2013:20:50:41 -0400] "GET /images/480_Nancy_Bowers.jpg HTTP/1.1" 200 66222 "http://www.lenriggs.com/win10000.html" "Mozilla/4.0 (compatible; MSIE 8.0; Windows NT 6.1; WOW64; Trident/4.0; GTB7.5; SLCC2; .NET CLR 2.0.50727; .NET CLR 3.5.30729; .NET CLR 3.0.30729; Media Center PC 6.0; .NET4.0C)"
67.183.212.55 - - [19/Aug/2013:20:50:41 -0400] "GET /images/119_Carol.jpg HTTP/1.1" 200 4370 "http://www.lenriggs.com/win10000.html" "Mozilla/4.0 (compatible; MSIE 8.0; Windows NT 6.1; WOW64; Trident/4.0; GTB7.5; SLCC2; .NET CLR 2.0.50727; .NET CLR 3.5.30729; .NET CLR 3.0.30729; Media Center PC 6.0; .NET4.0C)"
67.183.212.55 - - [19/Aug/2013:20:50:41 -0400] "GET /images/89_Krystal.jpeg HTTP/1.1" 200 2757 "http://www.lenriggs.com/win10000.html" "Mozilla/4.0 (compatible; MSIE 8.0; Windows NT 6.1; WOW64; Trident/4.0; GTB7.5; SLCC2; .NET CLR 2.0.50727; .NET CLR 3.5.30729; .NET CLR 3.0.30729; Media Center PC 6.0; .NET4.0C)"
67.183.212.55 - - [19/Aug/2013:20:50:41 -0400] "GET /images/119_Nancy_Bowers.jpg HTTP/1.1" 200 5507 "http://www.lenriggs.com/win10000.html" "Mozilla/4.0 (compatible; MSIE 8.0; Windows NT 6.1; WOW64; Trident/4.0; GTB7.5; SLCC2; .NET CLR 2.0.50727; .NET CLR 3.5.30729; .NET CLR 3.0.30729; Media Center PC 6.0; .NET4.0C)"
67.183.212.55 - - [19/Aug/2013:20:50:41 -0400] "GET /images/89_Mike.McSorley.McSology.New.Delhi_1_.jpg HTTP/1.1" 200 3900 "http://www.lenriggs.com/win10000.html" "Mozilla/4.0 (compatible; MSIE 8.0; Windows NT 6.1; WOW64; Trident/4.0; GTB7.5; SLCC2; .NET CLR 2.0.50727; .NET CLR 3.5.30729; .NET CLR 3.0.30729; Media Center PC 6.0; .NET4.0C)"
65.122.125.226 - - [19/Aug/2013:13:04:04 -0400] "GET /scripts/39custom.css HTTP/1.1" 200 1141 "http://www.lenriggs.com/onlinecourse.html" "Mozilla/4.0 (compatible; MSIE 8.0; Windows NT 5.1; Trident/4.0; .NET4.0C; .NET CLR 2.0.50727; .NET CLR 3.0.4506.2152; .NET CLR 3.5.30729; .NET4.0E)"
65.122.125.226 - - [19/Aug/2013:13:04:05 -0400] "GET /favicon.ico HTTP/1.1" 404 575 "-" "Mozilla/4.0 (compatible; MSIE 8.0; Windows NT 5.1; Trident/4.0; .NET4.0C; .NET CLR 2.0.50727; .NET CLR 3.0.4506.2152; .NET CLR 3.5.30729; .NET4.0E)"
71.213.245.49 - - [19/Aug/2013:13:57:23 -0400] "GET /scripts/photoalbum.js HTTP/1.1" 200 62481 "http://www.lenriggs.com/" "Mozilla/5.0 (Windows NT 6.1; rv:23.0) Gecko/20100101 Firefox/23.0"
206.188.38.230 - - [19/Aug/2013:14:08:49 -0400] "GET /images/ic_059_navtopper_bg.png HTTP/1.1" 304 - "-" "Mozilla/4.0 (compatible;)"
209.142.187.148 - - [19/Aug/2013:16:43:33 -0400] "GET / HTTP/1.1" 200 13290 "http://www.google.com/url?sa=t&rct=j&q=&esrc=s&frm=1&source=web&cd=1&ved=0CDkQFjAA&url=http%3A%2F%2Fwww.lenriggs.com%2F&ei=coMSUoCkGKqkiAe3w4HwDQ&usg=AFQjCNEkxrknMe29N7cTpfy8FFRAybnBuw&bvm=bv.50768961,d.aGc" "Mozilla/5.0 (compatible; MSIE 9.0; Windows NT 6.1; WOW64; Trident/5.0)"
209.142.187.148 - - [19/Aug/2013:16:43:33 -0400] "GET /scripts/1custom.css HTTP/1.1" 200 1750 "http://www.lenriggs.com/" "Mozilla/5.0 (compatible; MSIE 9.0; Windows NT 6.1; WOW64; Trident/5.0)"
209.142.187.148 - - [19/Aug/2013:16:43:33 -0400] "GET /images/accent_png.png HTTP/1.1" 200 3544 "http://www.lenriggs.com/" "Mozilla/5.0 (compatible; MSIE 9.0; Windows NT 6.1; WOW64; Trident/5.0)"
209.142.187.148 - - [19/Aug/2013:16:44:09 -0400] "GET /onlinecourse.html HTTP/1.1" 200 13474 "http://www.lenriggs.com/" "Mozilla/5.0 (compatible; MSIE 9.0; Windows NT 6.1; WOW64; Trident/5.0)"
24.18.28.6 - - [19/Aug/2013:01:52:17 -0400] "GET /scripts/photoalbum.js HTTP/1.1" 200 62481 "http://www.lenriggs.com/" "Mozilla/5.0 (compatible; MSIE 10.0; Windows NT 6.1; WOW64; Trident/6.0)"
24.18.28.6 - - [19/Aug/2013:01:52:18 -0400] "GET /images/pattern_png.png HTTP/1.1" 200 4554 "http://www.lenriggs.com/" "Mozilla/5.0 (compatible; MSIE 10.0; Windows NT 6.1; WOW64; Trident/6.0)"
180.76.5.99 - - [19/Aug/2013:02:03:26 -0400] "GET /tacomapuyallupclasses.html HTTP/1.1" 304 - "-" "Mozilla/5.0 (compatible; Baiduspider/2.0; +http://www.baidu.com/search/spider.html)"
66.249.75.194 - - [19/Aug/2013:02:52:33 -0400] "GET /scripts/template.css HTTP/1.1" 200 8633 "-" "Mozilla/5.0 (compatible; Googlebot/2.1; +http://www.google.com/bot.html)"
66.249.75.18 - - [19/Aug/2013:00:02:26 -0400] "GET /printourposter.html HTTP/1.1" 200 8463 "-" "Mozilla/5.0 (iPhone; U; CPU iPhone OS 4_1 like Mac OS X; en-us) AppleWebKit/532.9 (KHTML, like Gecko) Version/4.0.5 Mobile/8B117 Safari/6531.22.7 (compatible; Googlebot-Mobile/2.1; +http://www.google.com/bot.html)"
174.31.185.206 - - [19/Aug/2013:12:54:38 -0400] "GET /scripts/photoalbum.js HTTP/1.1" 200 62481 "http://www.lenriggs.com/" "Mozilla/5.0 (Windows NT 6.1; WOW64; rv:23.0) Gecko/20100101 Firefox/23.0"
64.188.158.57 - - [19/Aug/2013:22:46:21 -0400] "GET /scripts/1custom.css HTTP/1.1" 200 2088 "http://www.lenriggs.com/home.html" "Mozilla/5.0 (Linux; U; en-us; KFOT Build/IML74K) AppleWebKit/535.19 (KHTML, like Gecko) Silk/3.4 Safari/535.19 Silk-Accelerated=true"
64.188.158.57 - - [19/Aug/2013:22:46:22 -0400] "GET /images/Alcohol_Pic.jpg HTTP/1.1" 200 6016 "http://www.lenriggs.com/home.html" "Mozilla/5.0 (Linux; U; en-us; KFOT Build/IML74K) AppleWebKit/535.19 (KHTML, like Gecko) Silk/3.4 Safari/535.19 Silk-Accelerated=true"
50.135.39.78 - - [19/Aug/2013:23:59:59 -0400] "GET /newonlineclasses.html HTTP/1.1" 200 11516 "http://www.google.com/url?sa=t&rct=j&q=len%20riggs%20online&source=web&cd=2&ved=0CEQQjBAwAQ&url=http%3A%2F%2Fwww.lenriggs.com%2Fnewonlineclasses.html&ei=jOkSUsSKHoLjiAKKzICQCQ&usg=AFQjCNETHFDCqcFZVgXfOrAqNF0RY2luAA&bvm=bv.50952593,d.cGE" "Mozilla/5.0 (compatible; MSIE 10.0; Windows NT 6.1; Trident/6.0; BOIE9;ENUSMSE)"
208.115.113.82 - - [19/Aug/2013:09:35:32 -0400] "GET /robots.txt HTTP/1.1" 200 25 "-" "Mozilla/5.0 (compatible; Ezooms/1.0; ezooms.bot@gmail.com)"
157.55.32.81 - - [19/Aug/2013:15:03:41 -0400] "GET /scripts/user.js HTTP/1.1" 200 23762 "-" "Mozilla/5.0 (compatible; bingbot/2.0; +http://www.bing.com/bingbot.htm)"
184.78.196.250 - - [19/Aug/2013:16:58:50 -0400] "GET /scripts/photoalbum.js HTTP/1.1" 200 62481 "http://www.lenriggs.com/" "Mozilla/5.0 (iPad; CPU OS 6_1_3 like Mac OS X) AppleWebKit/536.26 (KHTML, like Gecko) Version/6.0 Mobile/10B329 Safari/8536.25"
184.78.196.250 - - [19/Aug/2013:16:58:51 -0400] "GET /images/dropshadow_bottom_png_wide.png HTTP/1.1" 200 3108 "http://www.lenriggs.com/" "Mozilla/5.0 (iPad; CPU OS 6_1_3 like Mac OS X) AppleWebKit/536.26 (KHTML, like Gecko) Version/6.0 Mobile/10B329 Safari/8536.25"
67.183.212.55 - - [19/Aug/2013:17:24:55 -0400] "POST /blog.php HTTP/1.1" 200 12875 "http://lenriggs.com/blog.php" "Mozilla/4.0 (compatible; MSIE 7.0; Windows NT 6.1; WOW64; Trident/6.0; SLCC2; .NET CLR 2.0.50727; .NET CLR 3.5.30729; .NET CLR 3.0.30729; Media Center PC 6.0; .NET4.0C; BRI/2; AskTB5.2)"
67.183.212.55 - - [19/Aug/2013:17:24:57 -0400] "GET /eblog/c.php?r=297386 HTTP/1.1" 200 2115 "http://lenriggs.com/blog.php" "Mozilla/4.0 (compatible; MSIE 7.0; Windows NT 6.1; WOW64; Trident/6.0; SLCC2; .NET CLR 2.0.50727; .NET CLR 3.5.30729; .NET CLR 3.0.30729; Media Center PC 6.0; .NET4.0C; BRI/2; AskTB5.2)"
67.183.212.55 - - [19/Aug/2013:17:26:02 -0400] "POST /blog.php HTTP/1.1" 200 12389 "http://lenriggs.com/blog.php" "Mozilla/4.0 (compatible; MSIE 7.0; Windows NT 6.1; WOW64; Trident/6.0; SLCC2; .NET CLR 2.0.50727; .NET CLR 3.5.30729; .NET CLR 3.0.30729; Media Center PC 6.0; .NET4.0C; BRI/2; AskTB5.2)"
67.183.212.55 - - [19/Aug/2013:17:36:28 -0400] "GET /onlinecourse.html HTTP/1.1" 200 16941 "http://lenriggs.com/" "Mozilla/4.0 (compatible; MSIE 7.0; Windows NT 6.1; WOW64; Trident/6.0; SLCC2; .NET CLR 2.0.50727; .NET CLR 3.5.30729; .NET CLR 3.0.30729; Media Center PC 6.0; .NET4.0C; BRI/2; AskTB5.2)"
67.183.212.55 - - [19/Aug/2013:17:36:30 -0400] "GET /blog.php HTTP/1.1" 200 12122 "http://lenriggs.com/onlinecourse.html" "Mozilla/4.0 (compatible; MSIE 7.0; Windows NT 6.1; WOW64; Trident/6.0; SLCC2; .NET CLR 2.0.50727; .NET CLR 3.5.30729; .NET CLR 3.0.30729; Media Center PC 6.0; .NET4.0C; BRI/2; AskTB5.2)"
12.171.46.121 - - [19/Aug/2013:19:00:43 -0400] "GET /home.html HTTP/1.0" 200 17576 "http://www.lenriggs.com/classschedule/classinformation.html" "Mozilla/4.0 (compatible; MSIE 7.0; Windows NT 6.1; Trident/5.0; SLCC2; .NET CLR 2.0.50727; .NET CLR 3.5.30729; .NET CLR 3.0.30729; Media Center PC 6.0; .NET4.0C)"
208.54.32.219 - - [19/Aug/2013:19:41:37 -0400] "GET /scripts/website.css HTTP/1.1" 200 2501 "http://www.lenriggs.com/" "Mozilla/5.0 (iPhone; CPU iPhone OS 6_1_4 like Mac OS X) AppleWebKit/536.26 (KHTML, like Gecko) CriOS/28.0.1500.16 Mobile/10B350 Safari/8536.25"
208.54.32.219 - - [19/Aug/2013:19:41:38 -0400] "GET /images/ic_061_topmargin_r2_wide.gif HTTP/1.1" 200 274 "http://www.lenriggs.com/" "Mozilla/5.0 (iPhone; CPU iPhone OS 6_1_4 like Mac OS X) AppleWebKit/536.26 (KHTML, like Gecko) CriOS/28.0.1500.16 Mobile/10B350 Safari/8536.25"
208.54.32.219 - - [19/Aug/2013:19:41:38 -0400] "GET /images/ic_061_navbutton_bg.gif HTTP/1.1" 200 692 "http://www.lenriggs.com/" "Mozilla/5.0 (iPhone; CPU iPhone OS 6_1_4 like Mac OS X) AppleWebKit/536.26 (KHTML, like Gecko) CriOS/28.0.1500.16 Mobile/10B350 Safari/8536.25"
208.54.32.219 - - [19/Aug/2013:19:41:39 -0400] "GET /apple-touch-icon-precomposed.png HTTP/1.1" 404 575 "-" "Mozilla/5.0 (iPhone; CPU iPhone OS 6_1_4 like Mac OS X) AppleWebKit/536.26 (KHTML, like Gecko) CriOS/28.0.1500.16 Mobile/10B350 Safari/8536.25"
67.183.212.55 - - [19/Aug/2013:20:51:49 -0400] "GET /scripts/print.css HTTP/1.1" 304 - "http://www.lenriggs.com/aboutus/meetthefounder.html" "Mozilla/4.0 (compatible; MSIE 8.0; Windows NT 6.1; WOW64; Trident/4.0; GTB7.5; SLCC2; .NET CLR 2.0.50727; .NET CLR 3.5.30729; .NET CLR 3.0.30729; Media Center PC 6.0; .NET4.0C)"
67.183.212.55 - - [19/Aug/2013:20:51:49 -0400] "GET /images/ic_061_headernav_bg.png HTTP/1.1" 304 - "http://www.lenriggs.com/aboutus/meetthefounder.html" "Mozilla/4.0 (compatible; MSIE 8.0; Windows NT 6.1; WOW64; Trident/4.0; GTB7.5; SLCC2; .NET CLR 2.0.50727; .NET CLR 3.5.30729; .NET CLR 3.0.30729; Media Center PC 6.0; .NET4.0C)"
67.183.212.55 - - [19/Aug/2013:17:24:05 -0400] "POST /blog.php HTTP/1.1" 200 12969 "http://lenriggs.com/blog.php" "Mozilla/4.0 (compatible; MSIE 7.0; Windows NT 6.1; WOW64; Trident/6.0; SLCC2; .NET CLR 2.0.50727; .NET CLR 3.5.30729; .NET CLR 3.0.30729; Media Center PC 6.0; .NET4.0C; BRI/2; AskTB5.2)"
67.183.212.55 - - [19/Aug/2013:17:24:06 -0400] "GET /eblog/c.php?r=60003 HTTP/1.1" 200 2224 "http://lenriggs.com/blog.php" "Mozilla/4.0 (compatible; MSIE 7.0; Windows NT 6.1; WOW64; Trident/6.0; SLCC2; .NET CLR 2.0.50727; .NET CLR 3.5.30729; .NET CLR 3.0.30729; Media Center PC 6.0; .NET4.0C; BRI/2; AskTB5.2)"
67.183.212.55 - - [19/Aug/2013:17:27:01 -0400] "GET /eblog/tiny_mce/themes/advanced/img/icons.gif HTTP/1.1" 200 11505 "http://lenriggs.com/blog.php?s=hello-world&a=ep" "Mozilla/4.0 (compatible; MSIE 7.0; Windows NT 6.1; WOW64; Trident/6.0; SLCC2; .NET CLR 2.0.50727; .NET CLR 3.5.30729; .NET CLR 3.0.30729; Media Center PC 6.0; .NET4.0C; BRI/2; AskTB5.2)"
50.47.60.210 - - [19/Aug/2013:18:47:15 -0400] "GET /scripts/39custom.css HTTP/1.1" 200 1478 "http://www.lenriggs.com/onlinecourse.html" "Mozilla/4.0 (compatible; MSIE 8.0; Windows NT 5.1; Trident/4.0; .NET CLR 2.0.50727; .NET CLR 3.0.4506.2152; .NET CLR 3.5.30729; OfficeLiveConnector.1.5; OfficeLivePatch.1.3; BRI/2)"
50.47.60.210 - - [19/Aug/2013:18:47:16 -0400] "GET /favicon.ico HTTP/1.1" 404 575 "-" "Mozilla/4.0 (compatible; MSIE 8.0; Windows NT 5.1; Trident/4.0; .NET CLR 2.0.50727; .NET CLR 3.0.4506.2152; .NET CLR 3.5.30729; OfficeLiveConnector.1.5; OfficeLivePatch.1.3; BRI/2)"
71.80.194.64 - - [19/Aug/2013:19:03:37 -0400] "GET / HTTP/1.1" 200 17576 "https://www.google.com/" "Mozilla/5.0 (Windows NT 6.0) AppleWebKit/537.36 (KHTML, like Gecko) Chrome/28.0.1500.95 Safari/537.36"
71.80.194.64 - - [19/Aug/2013:19:03:38 -0400] "GET /scripts/ic_globals_published.js HTTP/1.1" 200 566 "http://www.lenriggs.com/" "Mozilla/5.0 (Windows NT 6.0) AppleWebKit/537.36 (KHTML, like Gecko) Chrome/28.0.1500.95 Safari/537.36"
71.80.194.64 - - [19/Aug/2013:19:03:38 -0400] "GET /scripts/template.css HTTP/1.1" 200 15971 "http://www.lenriggs.com/" "Mozilla/5.0 (Windows NT 6.0) AppleWebKit/537.36 (KHTML, like Gecko) Chrome/28.0.1500.95 Safari/537.36"
173.192.239.226 - - [19/Aug/2013:19:39:13 -0400] "GET /robots.txt HTTP/1.1" 200 25 "-" "AddThis.com robot tech.support@clearspring.com"
173.192.239.226 - - [19/Aug/2013:19:39:13 -0400] "GET /onlinecourse.html HTTP/1.1" 200 17850 "-" "AddThis.com robot tech.support@clearspring.com"
50.135.180.62 - - [19/Aug/2013:19:42:10 -0400] "GET /scripts/ic_globals_published.js HTTP/1.1" 200 566 "http://www.lenriggs.com/" "Mozilla/5.0 (compatible; MSIE 9.0; Windows NT 6.1; WOW64; Trident/5.0)"
50.135.180.62 - - [19/Aug/2013:19:42:10 -0400] "GET /scripts/template.css HTTP/1.1" 200 15971 "http://www.lenriggs.com/" "Mozilla/5.0 (compatible; MSIE 9.0; Windows NT 6.1; WOW64; Trident/5.0)"
