0byt3m1n1
Path:
/
data
/
0
/
0
/
17
/
50
/
17865
/
meta
/
18256
/
logs
/
[
Home
]
File: x-access_log.2013-08-12
199.21.99.124 - - [12/Aug/2013:19:17:44 -0400] "GET /blog1/2012/09/14/join-us-at-our-monthly-kiaa-board-meeting/ HTTP/1.1" 200 10605 "-" "Mozilla/5.0 (compatible; YandexBot/3.0; +http://yandex.com/bots)"
157.56.93.52 - - [12/Aug/2013:08:16:12 -0400] "GET /robots.txt HTTP/1.1" 404 575 "-" "Mozilla/5.0 (compatible; bingbot/2.0; +http://www.bing.com/bingbot.htm)"
65.55.24.217 - - [12/Aug/2013:12:56:40 -0400] "GET /blog1/wp-content/uploads/2011/09/banner3.gif HTTP/1.1" 200 102623 "-" "Mozilla/5.0 (compatible; bingbot/2.0; +http://www.bing.com/bingbot.htm)"
173.236.21.106 - - [12/Aug/2013:13:19:19 -0400] "GET / HTTP/1.0" 302 - "-" "Mozilla/5.0 (compatible; MJ12bot/v1.4.3; http://www.majestic12.co.uk/bot.php?+)"
213.238.175.10 - - [12/Aug/2013:01:11:45 -0400] "GET /wp-login.php HTTP/1.1" 404 575 "-" "Mozilla/5.0 (compatible; MSIE 10.0; Windows NT 6.1; Trident/6.0)"
66.249.75.17 - - [12/Aug/2013:02:23:52 -0400] "GET /blog1/2013/03/28/kenwood-neighborhood-%E2%80%93-news-and-events-2/ HTTP/1.1" 200 16130 "-" "Mozilla/5.0 (compatible; Googlebot/2.1; +http://www.google.com/bot.html)"
65.223.159.34 - - [12/Aug/2013:20:40:15 -0400] "GET /blog1/contact-us/ HTTP/1.1" 200 5597 "http://kenwoodminneapolis.org/blog1/" "Mozilla/5.0 (Windows NT 6.1; WOW64) AppleWebKit/537.36 (KHTML, like Gecko) Chrome/28.0.1500.95 Safari/537.36"
65.223.159.34 - - [12/Aug/2013:20:40:17 -0400] "GET /favicon.ico HTTP/1.1" 404 575 "-" "Mozilla/5.0 (Windows NT 6.1; WOW64) AppleWebKit/537.36 (KHTML, like Gecko) Chrome/28.0.1500.95 Safari/537.36"
71.51.131.245 - - [12/Aug/2013:12:01:02 -0400] "GET /blog1/wp-content/uploads/2011/09/banner3.gif HTTP/1.1" 200 102623 "http://kenwoodminneapolis.org/blog1/" "Mozilla/5.0 (Linux; Android 4.3; Nexus 10 Build/JWR66V) AppleWebKit/537.36 (KHTML, like Gecko) Chrome/28.0.1500.94 Safari/537.36"
63.228.28.107 - - [12/Aug/2013:21:13:07 -0400] "GET /blog1/calendar/ HTTP/1.1" 200 9889 "http://www.weblinkvalidator.com/" "Mozilla/4.0 (compatible; MSIE 8.0; Windows NT 5.1) Web Link Validator"
77.248.252.113 - - [12/Aug/2013:23:14:58 -0400] "GET /blog1/2012/05/07/kenwood-neighborhood-%E2%80%93-news-and-events-may-5-2012 HTTP/1.1" 301 - "-" "Mozilla/5.0 (compatible; MJ12bot/v1.4.3; http://www.majestic12.co.uk/bot.php?+)"
75.168.59.61 - - [12/Aug/2013:17:40:00 -0400] "GET /favicon.ico HTTP/1.1" 404 575 "-" "Mozilla/5.0 (Windows NT 5.1) AppleWebKit/537.36 (KHTML, like Gecko) Chrome/28.0.1500.95 Safari/537.36"
75.168.59.61 - - [12/Aug/2013:17:40:02 -0400] "GET /blog1/calendar/ HTTP/1.1" 200 9889 "http://kenwoodminneapolis.org/blog1/" "Mozilla/5.0 (Windows NT 5.1) AppleWebKit/537.36 (KHTML, like Gecko) Chrome/28.0.1500.95 Safari/537.36"
75.168.59.61 - - [12/Aug/2013:17:40:04 -0400] "GET /favicon.ico HTTP/1.1" 404 575 "-" "Mozilla/5.0 (Windows NT 5.1) AppleWebKit/537.36 (KHTML, like Gecko) Chrome/28.0.1500.95 Safari/537.36"
75.168.59.61 - - [12/Aug/2013:17:40:34 -0400] "GET /favicon.ico HTTP/1.1" 404 575 "-" "Mozilla/5.0 (Windows NT 5.1) AppleWebKit/537.36 (KHTML, like Gecko) Chrome/28.0.1500.95 Safari/537.36"
66.249.75.17 - - [12/Aug/2013:19:05:50 -0400] "GET /robots.txt HTTP/1.1" 404 575 "-" "Mozilla/5.0 (compatible; Googlebot/2.1; +http://www.google.com/bot.html)"
213.238.175.15 - - [12/Aug/2013:19:39:41 -0400] "GET /wp-login.php HTTP/1.1" 404 575 "-" "Mozilla/5.0 (compatible; MSIE 10.0; Windows NT 6.1; Trident/6.0)"
99.102.97.42 - - [12/Aug/2013:21:11:12 -0400] "GET /blog1/ HTTP/1.1" 200 103780 "http://www.google.com/url?sa=t&rct=j&q=kenwoodminneapolis.org&source=web&cd=1&ved=0CCkQFjAA&url=http%3A%2F%2Fwww.kenwoodminneapolis.org%2F&ei=dYcJUviWMofU2QXC4gE&usg=AFQjCNGFvVMamL3pRjqnzpV_G02IjKSg2w&sig2=KSdSna0Lhe6YPKTghNoVYw&bvm=bv.50500085,d.aWc" "Mozilla/5.0 (Linux; U; Android 4.1.1; en-us; GT-P3113 Build/JRO03C) AppleWebKit/534.30 (KHTML, like Gecko) Version/4.0 Safari/534.30"
99.102.97.42 - - [12/Aug/2013:21:12:08 -0400] "GET /blog1/wp-content/uploads/2011/09/banner3.gif HTTP/1.1" 200 102623 "http://kenwoodminneapolis.org/blog1/2013/04/29/kenwood-neighborhood-%E2%80%93-news-and-events-4/" "Mozilla/5.0 (Linux; U; Android 4.1.1; en-us; GT-P3113 Build/JRO03C) AppleWebKit/534.30 (KHTML, like Gecko) Version/4.0 Safari/534.30"
178.77.126.55 - - [12/Aug/2013:22:47:37 -0400] "GET /blog1/ HTTP/1.1" 200 103780 "-" "Mozilla/5.0 (compatible; CareerBot/1.1; +http://www.career-x.de/bot.html)"
66.249.75.17 - - [12/Aug/2013:23:04:08 -0400] "GET /blog1/comments/feed/ HTTP/1.1" 404 911 "-" "Mozilla/5.0 (compatible; Googlebot/2.1; +http://www.google.com/bot.html)"
157.55.36.35 - - [12/Aug/2013:10:58:21 -0400] "GET /robots.txt HTTP/1.1" 404 575 "-" "Mozilla/5.0 (compatible; bingbot/2.0; +http://www.bing.com/bingbot.htm)"
99.102.97.42 - - [12/Aug/2013:21:10:32 -0400] "GET / HTTP/1.1" 302 - "http://www.google.com/url?sa=t&rct=j&q=kenwoodminneapolis.org&source=web&cd=1&ved=0CCkQFjAA&url=http%3A%2F%2Fwww.kenwoodminneapolis.org%2F&ei=dYcJUviWMofU2QXC4gE&usg=AFQjCNGFvVMamL3pRjqnzpV_G02IjKSg2w&sig2=KSdSna0Lhe6YPKTghNoVYw&bvm=bv.50500085,d.aWc" "Mozilla/5.0 (Linux; U; Android 4.1.1; en-us; GT-P3113 Build/JRO03C) AppleWebKit/534.30 (KHTML, like Gecko) Version/4.0 Safari/534.30"
1.202.218.145 - - [12/Aug/2013:18:44:56 -0400] "GET /robots.txt HTTP/1.1" 404 575 "-" "Mozilla/5.0 ()"
5.39.219.27 - - [12/Aug/2013:21:25:41 -0400] "GET /wp-login.php HTTP/1.1" 404 575 "-" "Mozilla/5.0 (compatible; MSIE 10.0; Windows NT 6.1; Trident/6.0)"
77.248.252.113 - - [12/Aug/2013:23:15:07 -0400] "GET /blog1/2012/05/07/kenwood-neighborhood-%E2%80%93-news-and-events-may-5-2012/ HTTP/1.1" 200 11513 "-" "Mozilla/5.0 (compatible; MJ12bot/v1.4.3; http://www.majestic12.co.uk/bot.php?+)"
202.46.59.197 - - [12/Aug/2013:07:59:41 -0400] "GET /blog1/2012/03/02/monthly-newsletter-march-1-2012/ HTTP/1.1" 200 10816 "-" "Mozilla/5.0 (Windows NT 5.1; rv:6.0.2) Gecko/20100101 Firefox/6.0.2"
156.98.14.252 - - [12/Aug/2013:12:29:59 -0400] "GET /blog1/wp-content/uploads/2011/09/banner3.gif HTTP/1.1" 200 102623 "http://kenwoodminneapolis.org/blog1/" "Mozilla/4.0 (compatible; MSIE 8.0; Windows NT 6.1; WOW64; Trident/4.0; SLCC2; .NET CLR 2.0.50727; .NET CLR 3.5.30729; .NET CLR 3.0.30729; Media Center PC 6.0; .NET4.0C)"
156.98.14.252 - - [12/Aug/2013:12:30:58 -0400] "GET /blog1/wp-content/uploads/2012/04/egret-red.gif HTTP/1.1" 200 27719 "http://kenwoodminneapolis.org/blog1/2kiaa/" "Mozilla/4.0 (compatible; MSIE 8.0; Windows NT 6.1; WOW64; Trident/4.0; SLCC2; .NET CLR 2.0.50727; .NET CLR 3.5.30729; .NET CLR 3.0.30729; Media Center PC 6.0; .NET4.0C)"
173.165.237.57 - - [12/Aug/2013:12:45:07 -0400] "GET /blog1/wp-content/uploads/2011/08/KIAA_aerial_map.gif HTTP/1.1" 200 600843 "http://kenwoodminneapolis.org/blog1/neighborhood/" "Mozilla/5.0 (Windows NT 6.1; WOW64) AppleWebKit/537.36 (KHTML, like Gecko) Chrome/28.0.1500.95 Safari/537.36"
173.165.237.57 - - [12/Aug/2013:12:45:08 -0400] "GET /favicon.ico HTTP/1.1" 404 575 "-" "Mozilla/5.0 (Windows NT 6.1; WOW64) AppleWebKit/537.36 (KHTML, like Gecko) Chrome/28.0.1500.95 Safari/537.36"
87.194.95.154 - - [12/Aug/2013:00:47:39 -0400] "GET /robots.txt HTTP/1.0" 404 575 "-" "Mozilla/5.0 (compatible; MJ12bot/v1.4.3; http://www.majestic12.co.uk/bot.php?+)"
146.0.74.202 - - [12/Aug/2013:03:35:04 -0400] "GET /wp-login.php HTTP/1.1" 404 575 "-" "Mozilla/5.0 (compatible; MSIE 10.0; Windows NT 6.1; Trident/6.0)"
75.72.250.153 - - [12/Aug/2013:11:13:27 -0400] "GET /blog1/wp-content/uploads/2011/09/banner3.gif HTTP/1.1" 200 102623 "http://kenwoodminneapolis.org/blog1/" "Mozilla/5.0 (Windows NT 6.1; rv:22.0) Gecko/20100101 Firefox/22.0"
75.72.250.153 - - [12/Aug/2013:11:13:27 -0400] "GET /favicon.ico HTTP/1.1" 404 575 "-" "Mozilla/5.0 (Windows NT 6.1; rv:22.0) Gecko/20100101 Firefox/22.0"
75.72.250.153 - - [12/Aug/2013:11:13:27 -0400] "GET /favicon.ico HTTP/1.1" 404 575 "-" "Mozilla/5.0 (Windows NT 6.1; rv:22.0) Gecko/20100101 Firefox/22.0"
199.21.99.124 - - [12/Aug/2013:15:30:03 -0400] "GET /robots.txt HTTP/1.1" 404 575 "-" "Mozilla/5.0 (compatible; YandexBot/3.0; +http://yandex.com/bots)"
180.76.5.17 - - [12/Aug/2013:02:28:22 -0400] "GET /blog1/kiaa/kiaa_membership/ HTTP/1.1" 404 4498 "-" "Mozilla/5.0 (compatible; Baiduspider/2.0; +http://www.baidu.com/search/spider.html)"
156.98.14.252 - - [12/Aug/2013:12:30:14 -0400] "GET /blog1/2013/05/08/kiaa-annual-meeting-and-party-2013/ HTTP/1.1" 200 28865 "http://kenwoodminneapolis.org/blog1/contact-us/" "Mozilla/4.0 (compatible; MSIE 8.0; Windows NT 6.1; WOW64; Trident/4.0; SLCC2; .NET CLR 2.0.50727; .NET CLR 3.5.30729; .NET CLR 3.0.30729; Media Center PC 6.0; .NET4.0C)"
99.102.97.42 - - [12/Aug/2013:21:10:26 -0400] "GET /blog1/ HTTP/1.1" 500 - "http://www.google.com/url?sa=t&rct=j&q=kenwoodminneapolis.org&source=web&cd=1&ved=0CCkQFjAA&url=http%3A%2F%2Fwww.kenwoodminneapolis.org%2F&ei=dYcJUviWMofU2QXC4gE&usg=AFQjCNGFvVMamL3pRjqnzpV_G02IjKSg2w&sig2=KSdSna0Lhe6YPKTghNoVYw&bvm=bv.50500085,d.aWc" "Mozilla/5.0 (Linux; U; Android 4.1.1; en-us; GT-P3113 Build/JRO03C) AppleWebKit/534.30 (KHTML, like Gecko) Version/4.0 Safari/534.30"
80.254.66.151 - - [12/Aug/2013:06:11:36 -0400] "GET /blog1/recreation/&sa=U&ei=irQIUuHyN4rT4QTU84GIDQ&ved=0CGQQFjAZ&usg=AFQjCNG6QUztMEqCWL2dcNXS1CVooRQ4lA HTTP/1.0" 404 4498 "-" "-"
10.30.72.4 - - [12/Aug/2013:16:03:56 -0400] "GET /blog1/wp-content/uploads/2011/08/LoIsles.gif HTTP/1.1" 200 114411 "-" "Mozilla/4.0 (compatible; MSIE 6.0; Windows NT 5.2; SV1; .NET CLR 2.0.50727; InfoPath.1)"
217.69.133.223 - - [12/Aug/2013:16:15:43 -0400] "GET /robots.txt HTTP/1.0" 404 575 "-" "Mozilla/5.0 (compatible; Linux x86_64; Mail.RU_Bot/2.0; +http://go.mail.ru/help/robots)"
76.76.62.89 - - [12/Aug/2013:16:40:45 -0400] "GET /blog1/wp-content/themes/twentyten/style.css HTTP/1.1" 200 24160 "http://kenwoodminneapolis.org/blog1/2013/06/09/kenwood-neighborhood-%E2%80%93-news-and-events-june-9-2013/" "Mozilla/5.0 (Windows NT 6.1; WOW64; rv:22.0) Gecko/20100101 Firefox/22.0"
76.76.62.89 - - [12/Aug/2013:16:40:48 -0400] "GET /favicon.ico HTTP/1.1" 404 575 "-" "Mozilla/5.0 (Windows NT 6.1; WOW64; rv:22.0) Gecko/20100101 Firefox/22.0"
76.76.62.89 - - [12/Aug/2013:16:40:49 -0400] "GET /blog1/ HTTP/1.1" 200 103780 "http://kenwoodminneapolis.org/blog1/2013/06/09/kenwood-neighborhood-%E2%80%93-news-and-events-june-9-2013/" "Mozilla/5.0 (Windows NT 6.1; WOW64; rv:22.0) Gecko/20100101 Firefox/22.0"
213.238.175.17 - - [12/Aug/2013:05:57:41 -0400] "GET /wp-login.php HTTP/1.1" 404 575 "-" "Mozilla/5.0 (compatible; MSIE 10.0; Windows NT 6.1; Trident/6.0)"
76.76.62.89 - - [12/Aug/2013:16:41:23 -0400] "GET /blog1/lrt/ HTTP/1.1" 200 14498 "http://kenwoodminneapolis.org/blog1/neighborhood/" "Mozilla/5.0 (Windows NT 6.1; WOW64; rv:22.0) Gecko/20100101 Firefox/22.0"
76.76.62.89 - - [12/Aug/2013:16:41:25 -0400] "GET /blog1/contact-us/ HTTP/1.1" 200 5597 "http://kenwoodminneapolis.org/blog1/lrt/" "Mozilla/5.0 (Windows NT 6.1; WOW64; rv:22.0) Gecko/20100101 Firefox/22.0"
66.249.75.17 - - [12/Aug/2013:09:47:05 -0400] "GET /blog1/neighborhood/ HTTP/1.1" 200 29109 "-" "Mozilla/5.0 (iPhone; U; CPU iPhone OS 4_1 like Mac OS X; en-us) AppleWebKit/532.9 (KHTML, like Gecko) Version/4.0.5 Mobile/8B117 Safari/6531.22.7 (compatible; Googlebot-Mobile/2.1; +http://www.google.com/bot.html)"
99.102.97.42 - - [12/Aug/2013:21:20:02 -0400] "GET /blog1/wp-content/uploads/2011/08/KIAA_aerial_map-279x300.gif HTTP/1.1" 200 66683 "http://kenwoodminneapolis.org/blog1/neighborhood/" "Mozilla/5.0 (Linux; U; Android 4.1.1; en-us; GT-P3113 Build/JRO03C) AppleWebKit/534.30 (KHTML, like Gecko) Version/4.0 Safari/534.30"
50.157.94.29 - - [12/Aug/2013:22:39:12 -0400] "GET / HTTP/1.1" 302 - "http://en.wikipedia.org/wiki/Kenwood,_Minneapolis" "Mozilla/5.0 (compatible; MSIE 10.0; Windows NT 6.1; WOW64; Trident/6.0)"
50.157.94.29 - - [12/Aug/2013:22:39:54 -0400] "GET /blog1 HTTP/1.1" 301 248 "http://en.wikipedia.org/wiki/Kenwood,_Minneapolis" "Mozilla/5.0 (compatible; MSIE 10.0; Windows NT 6.1; WOW64; Trident/6.0)"
50.157.94.29 - - [12/Aug/2013:22:39:54 -0400] "GET /blog1/ HTTP/1.1" 301 - "http://en.wikipedia.org/wiki/Kenwood,_Minneapolis" "Mozilla/5.0 (compatible; MSIE 10.0; Windows NT 6.1; WOW64; Trident/6.0)"
85.173.95.162 - - [12/Aug/2013:08:28:27 -0400] "GET /wp-login.php HTTP/1.0" 403 214 "-" "Mozilla/5.0 (Windows NT 6.1; rv:19.0) Gecko/20100101 Firefox/19.0"
157.55.36.35 - - [12/Aug/2013:12:44:06 -0400] "GET /blog1/wp-content/themes/twentyten/style.css HTTP/1.1" 200 24160 "-" "Mozilla/5.0 (compatible; bingbot/2.0; +http://www.bing.com/bingbot.htm)"
146.0.74.212 - - [12/Aug/2013:15:22:04 -0400] "GET /wp-login.php HTTP/1.1" 404 575 "-" "Mozilla/5.0 (compatible; MSIE 10.0; Windows NT 6.1; Trident/6.0)"
75.168.59.61 - - [12/Aug/2013:17:39:57 -0400] "GET /blog1/wp-content/themes/twentyten/style.css HTTP/1.1" 200 24160 "http://kenwoodminneapolis.org/blog1/" "Mozilla/5.0 (Windows NT 5.1) AppleWebKit/537.36 (KHTML, like Gecko) Chrome/28.0.1500.95 Safari/537.36"
85.71.107.158 - - [12/Aug/2013:07:53:02 -0400] "POST /blog1/wp-login.php HTTP/1.0" 200 3366 "-" "Mozilla/3.0 (compatible; Indy Library)"
184.56.131.40 - - [12/Aug/2013:08:25:16 -0400] "GET /wp-login.php HTTP/1.0" 403 214 "-" "Mozilla/5.0 (Windows NT 6.1; rv:19.0) Gecko/20100101 Firefox/19.0"
184.56.131.40 - - [12/Aug/2013:08:25:16 -0400] "GET /administrator/index.php HTTP/1.0" 403 225 "-" "Mozilla/5.0 (Windows NT 6.1; rv:19.0) Gecko/20100101 Firefox/19.0"
173.165.237.57 - - [12/Aug/2013:12:23:47 -0400] "GET /blog1/lrt/ HTTP/1.1" 200 14498 "http://kenwoodminneapolis.org/blog1/" "Mozilla/5.0 (Windows NT 6.1; WOW64) AppleWebKit/537.36 (KHTML, like Gecko) Chrome/28.0.1500.95 Safari/537.36"
173.165.237.57 - - [12/Aug/2013:12:23:49 -0400] "GET /favicon.ico HTTP/1.1" 404 575 "-" "Mozilla/5.0 (Windows NT 6.1; WOW64) AppleWebKit/537.36 (KHTML, like Gecko) Chrome/28.0.1500.95 Safari/537.36"
87.194.95.154 - - [12/Aug/2013:00:48:04 -0400] "GET /blog1/2013/04/29/kenwood-neighborhood-%E2%80%93-news-and-events-4/feed/ HTTP/1.1" 200 870 "-" "Mozilla/5.0 (compatible; MJ12bot/v1.4.3; http://www.majestic12.co.uk/bot.php?+)"
87.194.95.154 - - [12/Aug/2013:00:48:06 -0400] "GET /blog1/2013/05/31/kenwood-neighborhood-%E2%80%93-news-and-events-5/feed HTTP/1.1" 301 - "-" "Mozilla/5.0 (compatible; MJ12bot/v1.4.3; http://www.majestic12.co.uk/bot.php?+)"
87.194.95.154 - - [12/Aug/2013:00:48:08 -0400] "GET /blog1/2013/05/31/kenwood-neighborhood-%E2%80%93-news-and-events-5/feed/ HTTP/1.1" 200 870 "-" "Mozilla/5.0 (compatible; MJ12bot/v1.4.3; http://www.majestic12.co.uk/bot.php?+)"
87.194.95.154 - - [12/Aug/2013:00:48:10 -0400] "GET /blog1/2013/06/09/kenwood-neighborhood-%E2%80%93-news-and-events-june-9-2013/feed HTTP/1.1" 301 - "-" "Mozilla/5.0 (compatible; MJ12bot/v1.4.3; http://www.majestic12.co.uk/bot.php?+)"
87.194.95.154 - - [12/Aug/2013:00:48:12 -0400] "GET /blog1/2013/06/09/kenwood-neighborhood-%E2%80%93-news-and-events-june-9-2013/feed/ HTTP/1.1" 200 903 "-" "Mozilla/5.0 (compatible; MJ12bot/v1.4.3; http://www.majestic12.co.uk/bot.php?+)"
146.0.74.212 - - [12/Aug/2013:15:58:05 -0400] "GET /wp-login.php HTTP/1.1" 404 575 "-" "Mozilla/5.0 (compatible; MSIE 10.0; Windows NT 6.1; Trident/6.0)"
75.168.59.61 - - [12/Aug/2013:17:39:53 -0400] "GET / HTTP/1.1" 302 - "https://www.google.com/" "Mozilla/5.0 (Windows NT 5.1) AppleWebKit/537.36 (KHTML, like Gecko) Chrome/28.0.1500.95 Safari/537.36"
75.168.59.61 - - [12/Aug/2013:17:39:54 -0400] "GET /blog1 HTTP/1.1" 301 248 "https://www.google.com/" "Mozilla/5.0 (Windows NT 5.1) AppleWebKit/537.36 (KHTML, like Gecko) Chrome/28.0.1500.95 Safari/537.36"
75.168.59.61 - - [12/Aug/2013:17:39:54 -0400] "GET /blog1/ HTTP/1.1" 301 - "https://www.google.com/" "Mozilla/5.0 (Windows NT 5.1) AppleWebKit/537.36 (KHTML, like Gecko) Chrome/28.0.1500.95 Safari/537.36"
99.102.97.42 - - [12/Aug/2013:21:12:12 -0400] "GET /favicon.ico HTTP/1.1" 404 575 "http://kenwoodminneapolis.org/blog1/2013/04/29/kenwood-neighborhood-%E2%80%93-news-and-events-4/" "Mozilla/5.0 (Linux; U; Android 4.1.1; en-us; GT-P3113 Build/JRO03C) AppleWebKit/534.30 (KHTML, like Gecko) Version/4.0 Safari/534.30"
5.39.218.37 - - [12/Aug/2013:22:01:49 -0400] "GET /wp-login.php HTTP/1.1" 404 575 "-" "Mozilla/5.0 (compatible; MSIE 10.0; Windows NT 6.1; Trident/6.0)"
1.202.218.142 - - [12/Aug/2013:18:44:57 -0400] "HEAD /blog1/ HTTP/1.1" 200 - "-" "Mozilla/5.0 (compatible; JikeSpider; +http://shoulu.jike.com/spider.html)"
80.254.66.151 - - [12/Aug/2013:06:11:37 -0400] "GET /blog1/recreation/+\"minneapolisparks.org\"&num=100&hl=en&lr=&ct=clnk&sa=U&ei=irQIUuHyN4rT4QTU84GIDQ&ved=0CGUQIDAZ&usg=AFQjCNEC_iryaIti4sj6YlpLHt1qto_rdQ HTTP/1.0" 404 4498 "-" "-"
202.46.62.44 - - [12/Aug/2013:07:59:37 -0400] "GET /blog1/?p=366 HTTP/1.1" 301 - "-" "Mozilla/5.0 (Windows NT 5.1; rv:6.0.2) Gecko/20100101 Firefox/6.0.2"
212.34.242.226 - - [12/Aug/2013:08:37:01 -0400] "POST /blog1/wp-login.php HTTP/1.0" 200 3366 "-" "Mozilla/3.0 (compatible; Indy Library)"
180.76.6.233 - - [12/Aug/2013:05:08:01 -0400] "GET /blog1/government/ HTTP/1.1" 200 8029 "-" "Mozilla/5.0 (compatible; Baiduspider/2.0; +http://www.baidu.com/search/spider.html)"
71.51.131.245 - - [12/Aug/2013:12:03:37 -0400] "GET /apple-touch-icon-precomposed.png HTTP/1.1" 404 575 "-" "Mozilla/5.0 (Linux; Android 4.3; Nexus 10 Build/JWR66V) AppleWebKit/537.36 (KHTML, like Gecko) Chrome/28.0.1500.94 Safari/537.36"
71.51.131.245 - - [12/Aug/2013:12:03:37 -0400] "GET /apple-touch-icon.png HTTP/1.1" 404 575 "-" "Mozilla/5.0 (Linux; Android 4.3; Nexus 10 Build/JWR66V) AppleWebKit/537.36 (KHTML, like Gecko) Chrome/28.0.1500.94 Safari/537.36"
213.238.175.8 - - [12/Aug/2013:09:29:34 -0400] "GET /wp-login.php HTTP/1.1" 404 575 "-" "Mozilla/5.0 (compatible; MSIE 10.0; Windows NT 6.1; Trident/6.0)"
157.55.36.35 - - [12/Aug/2013:11:00:57 -0400] "GET / HTTP/1.1" 302 - "-" "Mozilla/5.0 (compatible; bingbot/2.0; +http://www.bing.com/bingbot.htm)"
99.102.97.42 - - [12/Aug/2013:21:10:56 -0400] "GET / HTTP/1.1" 503 323 "http://www.google.com/url?sa=t&rct=j&q=kenwoodminneapolis.org&source=web&cd=1&ved=0CCkQFjAA&url=http%3A%2F%2Fwww.kenwoodminneapolis.org%2F&ei=dYcJUviWMofU2QXC4gE&usg=AFQjCNGFvVMamL3pRjqnzpV_G02IjKSg2w&sig2=KSdSna0Lhe6YPKTghNoVYw&bvm=bv.50500085,d.aWc" "Mozilla/5.0 (Linux; U; Android 4.1.1; en-us; GT-P3113 Build/JRO03C) AppleWebKit/534.30 (KHTML, like Gecko) Version/4.0 Safari/534.30"
99.102.97.42 - - [12/Aug/2013:21:11:21 -0400] "GET /blog1/ HTTP/1.1" 503 323 "http://www.google.com/url?sa=t&rct=j&q=kenwoodminneapolis.org&source=web&cd=1&ved=0CCkQFjAA&url=http%3A%2F%2Fwww.kenwoodminneapolis.org%2F&ei=tIcJUuiWKuWq2QXt8IDIAQ&usg=AFQjCNGFvVMamL3pRjqnzpV_G02IjKSg2w&sig2=UYRcC7-dV9mpFmhmQE_uMg" "Mozilla/5.0 (Linux; U; Android 4.1.1; en-us; GT-P3113 Build/JRO03C) AppleWebKit/534.30 (KHTML, like Gecko) Version/4.0 Safari/534.30"
50.157.94.29 - - [12/Aug/2013:22:40:01 -0400] "GET /blog1/wp-content/themes/twentyten/style.css HTTP/1.1" 200 24160 "http://kenwoodminneapolis.org/blog1/" "Mozilla/5.0 (compatible; MSIE 10.0; Windows NT 6.1; WOW64; Trident/6.0)"
5.39.218.37 - - [12/Aug/2013:12:58:13 -0400] "GET /wp-login.php HTTP/1.1" 404 575 "-" "Mozilla/5.0 (compatible; MSIE 10.0; Windows NT 6.1; Trident/6.0)"
1.202.218.145 - - [12/Aug/2013:18:45:01 -0400] "GET /blog1/ HTTP/1.1" 200 103780 "-" "Mozilla/5.0 (compatible; JikeSpider; +http://shoulu.jike.com/spider.html)"
63.228.28.107 - - [12/Aug/2013:19:43:22 -0400] "HEAD / HTTP/1.1" 302 - "http://www.weblinkvalidator.com/" "Mozilla/4.0 (compatible; MSIE 8.0; Windows NT 5.1) Web Link Validator"
63.228.28.107 - - [12/Aug/2013:19:43:24 -0400] "HEAD /blog1 HTTP/1.1" 301 - "http://www.weblinkvalidator.com/" "Mozilla/4.0 (compatible; MSIE 8.0; Windows NT 5.1) Web Link Validator"
63.228.28.107 - - [12/Aug/2013:19:43:24 -0400] "HEAD /blog1/ HTTP/1.1" 301 - "http://www.weblinkvalidator.com/" "Mozilla/4.0 (compatible; MSIE 8.0; Windows NT 5.1) Web Link Validator"
99.102.97.42 - - [12/Aug/2013:21:12:07 -0400] "GET /blog1/2013/04/29/kenwood-neighborhood-%E2%80%93-news-and-events-4/ HTTP/1.1" 200 12007 "http://www.google.com/url?sa=t&rct=j&q=kenwoodminneapolis.org&source=web&cd=3&ved=0CC0QFjAC&url=http%3A%2F%2Fkenwoodminneapolis.org%2Fblog1%2F2013%2F04%2F29%2Fkenwood-neighborhood-%25E2%2580%2593-news-and-events-4%2F&ei=1IcJUom4OsKz2gWt0oHwBw&usg=AFQjCNHcdmu8HtKdV3PT9vNkNGgy_bw23Q&sig2=LMUMCIZTqekptprGPgIBXw" "Mozilla/5.0 (Linux; U; Android 4.1.1; en-us; GT-P3113 Build/JRO03C) AppleWebKit/534.30 (KHTML, like Gecko) Version/4.0 Safari/534.30"
213.186.127.11 - - [12/Aug/2013:00:11:49 -0400] "GET /blog1/feed/ HTTP/1.1" 500 - "-" "AhrefsBot.Feeds v0.1; http://ahrefs.com/"
173.165.237.57 - - [12/Aug/2013:12:25:20 -0400] "GET /blog1/wp-content/uploads/2011/08/KIAA_aerial_map-279x300.gif HTTP/1.1" 200 66683 "http://kenwoodminneapolis.org/blog1/neighborhood/" "Mozilla/5.0 (Windows NT 6.1; WOW64) AppleWebKit/537.36 (KHTML, like Gecko) Chrome/28.0.1500.95 Safari/537.36"
156.98.14.252 - - [12/Aug/2013:12:29:59 -0400] "GET /blog1/wp-content/themes/twentyten/style.css HTTP/1.1" 200 24160 "http://kenwoodminneapolis.org/blog1/" "Mozilla/4.0 (compatible; MSIE 8.0; Windows NT 6.1; WOW64; Trident/4.0; SLCC2; .NET CLR 2.0.50727; .NET CLR 3.5.30729; .NET CLR 3.0.30729; Media Center PC 6.0; .NET4.0C)"
156.98.14.252 - - [12/Aug/2013:12:30:05 -0400] "GET /blog1/contact-us/ HTTP/1.1" 200 5597 "http://kenwoodminneapolis.org/blog1/" "Mozilla/4.0 (compatible; MSIE 8.0; Windows NT 6.1; WOW64; Trident/4.0; SLCC2; .NET CLR 2.0.50727; .NET CLR 3.5.30729; .NET CLR 3.0.30729; Media Center PC 6.0; .NET4.0C)"
5.39.219.27 - - [12/Aug/2013:13:33:04 -0400] "GET /wp-login.php HTTP/1.1" 404 575 "-" "Mozilla/5.0 (compatible; MSIE 10.0; Windows NT 6.1; Trident/6.0)"
65.223.159.34 - - [12/Aug/2013:20:40:24 -0400] "GET /blog1/kiaa/ HTTP/1.1" 301 - "http://kenwoodminneapolis.org/blog1/contact-us/" "Mozilla/5.0 (Windows NT 6.1; WOW64) AppleWebKit/537.36 (KHTML, like Gecko) Chrome/28.0.1500.95 Safari/537.36"
65.223.159.34 - - [12/Aug/2013:20:40:25 -0400] "GET /blog1/2013/05/08/kiaa-annual-meeting-and-party-2013/ HTTP/1.1" 200 28865 "http://kenwoodminneapolis.org/blog1/contact-us/" "Mozilla/5.0 (Windows NT 6.1; WOW64) AppleWebKit/537.36 (KHTML, like Gecko) Chrome/28.0.1500.95 Safari/537.36"
65.223.159.34 - - [12/Aug/2013:20:40:26 -0400] "GET /favicon.ico HTTP/1.1" 404 575 "-" "Mozilla/5.0 (Windows NT 6.1; WOW64) AppleWebKit/537.36 (KHTML, like Gecko) Chrome/28.0.1500.95 Safari/537.36"
178.77.126.55 - - [12/Aug/2013:22:47:33 -0400] "GET /robots.txt HTTP/1.1" 404 575 "-" "Mozilla/5.0 (compatible; CareerBot/1.1; +http://www.career-x.de/bot.html)"
178.77.126.55 - - [12/Aug/2013:22:47:33 -0400] "GET / HTTP/1.1" 302 - "-" "Mozilla/5.0 (compatible; CareerBot/1.1; +http://www.career-x.de/bot.html)"
178.77.126.55 - - [12/Aug/2013:22:47:34 -0400] "GET /blog1 HTTP/1.1" 301 248 "-" "Mozilla/5.0 (compatible; CareerBot/1.1; +http://www.career-x.de/bot.html)"
178.77.126.55 - - [12/Aug/2013:22:47:34 -0400] "GET /blog1/ HTTP/1.1" 301 - "-" "Mozilla/5.0 (compatible; CareerBot/1.1; +http://www.career-x.de/bot.html)"
157.55.36.35 - - [12/Aug/2013:12:43:47 -0400] "GET /blog1/2013/05/08/kiaa-annual-meeting-and-party-2013/ HTTP/1.1" 200 28865 "-" "Mozilla/5.0 (compatible; bingbot/2.0; +http://www.bing.com/bingbot.htm)"
66.249.75.17 - - [12/Aug/2013:16:33:22 -0400] "GET /robots.txt HTTP/1.1" 404 575 "-" "Mozilla/5.0 (compatible; Googlebot/2.1; +http://www.google.com/bot.html)"
66.249.75.17 - - [12/Aug/2013:16:33:22 -0400] "GET /blog1/2012/07/30/451/ HTTP/1.1" 200 10202 "-" "Mozilla/5.0 (iPhone; U; CPU iPhone OS 4_1 like Mac OS X; en-us) AppleWebKit/532.9 (KHTML, like Gecko) Version/4.0.5 Mobile/8B117 Safari/6531.22.7 (compatible; Googlebot-Mobile/2.1; +http://www.google.com/bot.html)"
146.0.73.156 - - [12/Aug/2013:11:49:31 -0400] "GET /wp-login.php HTTP/1.1" 404 575 "-" "Mozilla/5.0 (compatible; MSIE 10.0; Windows NT 6.1; Trident/6.0)"
146.0.74.206 - - [12/Aug/2013:20:15:02 -0400] "GET /wp-login.php HTTP/1.1" 404 575 "-" "Mozilla/5.0 (compatible; MSIE 10.0; Windows NT 6.1; Trident/6.0)"
213.238.175.9 - - [12/Aug/2013:07:44:59 -0400] "GET /wp-login.php HTTP/1.1" 404 575 "-" "Mozilla/5.0 (compatible; MSIE 10.0; Windows NT 6.1; Trident/6.0)"
63.228.28.107 - - [12/Aug/2013:21:13:41 -0400] "HEAD /blog1/ HTTP/1.1" 200 - "http://www.weblinkvalidator.com/" "Mozilla/4.0 (compatible; MSIE 8.0; Windows NT 5.1) Web Link Validator"
99.102.97.42 - - [12/Aug/2013:21:20:00 -0400] "GET /blog1/neighborhood/ HTTP/1.1" 200 29109 "http://kenwoodminneapolis.org/blog1/lrt/" "Mozilla/5.0 (Linux; U; Android 4.1.1; en-us; GT-P3113 Build/JRO03C) AppleWebKit/534.30 (KHTML, like Gecko) Version/4.0 Safari/534.30"
50.157.94.29 - - [12/Aug/2013:22:39:55 -0400] "GET /blog1/ HTTP/1.1" 200 103780 "http://en.wikipedia.org/wiki/Kenwood,_Minneapolis" "Mozilla/5.0 (compatible; MSIE 10.0; Windows NT 6.1; WOW64; Trident/6.0)"
46.229.164.97 - - [12/Aug/2013:13:57:10 -0400] "GET /robots.txt HTTP/1.1" 404 575 "-" "Mozilla/5.0 (compatible; SemrushBot/0.96.4; +http://www.semrush.com/bot.html)"
66.249.75.27 - - [12/Aug/2013:16:35:16 -0400] "GET /blog1/ HTTP/1.1" 301 - "-" "Mozilla/5.0 (compatible; Googlebot/2.1; +http://www.google.com/bot.html)"
75.72.250.153 - - [12/Aug/2013:11:13:24 -0400] "GET / HTTP/1.1" 302 - "-" "Mozilla/5.0 (Windows NT 6.1; rv:22.0) Gecko/20100101 Firefox/22.0"
75.72.250.153 - - [12/Aug/2013:11:13:25 -0400] "GET /blog1 HTTP/1.1" 301 248 "-" "Mozilla/5.0 (Windows NT 6.1; rv:22.0) Gecko/20100101 Firefox/22.0"
75.72.250.153 - - [12/Aug/2013:11:13:25 -0400] "GET /blog1/ HTTP/1.1" 301 - "-" "Mozilla/5.0 (Windows NT 6.1; rv:22.0) Gecko/20100101 Firefox/22.0"
5.39.219.25 - - [12/Aug/2013:02:26:07 -0400] "GET /wp-login.php HTTP/1.1" 404 575 "-" "Mozilla/5.0 (compatible; MSIE 10.0; Windows NT 6.1; Trident/6.0)"
173.165.237.57 - - [12/Aug/2013:12:23:07 -0400] "GET /blog1/wp-content/themes/twentyten/style.css HTTP/1.1" 200 24160 "http://kenwoodminneapolis.org/blog1/" "Mozilla/5.0 (Windows NT 6.1; WOW64) AppleWebKit/537.36 (KHTML, like Gecko) Chrome/28.0.1500.95 Safari/537.36"
156.98.14.252 - - [12/Aug/2013:12:29:56 -0400] "GET /blog1/ HTTP/1.1" 200 103780 "-" "Mozilla/4.0 (compatible; MSIE 8.0; Windows NT 6.1; WOW64; Trident/4.0; SLCC2; .NET CLR 2.0.50727; .NET CLR 3.5.30729; .NET CLR 3.0.30729; Media Center PC 6.0; .NET4.0C)"
156.98.14.252 - - [12/Aug/2013:12:30:14 -0400] "GET /blog1/kiaa/ HTTP/1.1" 301 - "http://kenwoodminneapolis.org/blog1/contact-us/" "Mozilla/4.0 (compatible; MSIE 8.0; Windows NT 6.1; WOW64; Trident/4.0; SLCC2; .NET CLR 2.0.50727; .NET CLR 3.5.30729; .NET CLR 3.0.30729; Media Center PC 6.0; .NET4.0C)"
156.98.14.252 - - [12/Aug/2013:12:30:42 -0400] "GET /blog1/government/ HTTP/1.1" 200 8029 "http://kenwoodminneapolis.org/blog1/2013/05/08/kiaa-annual-meeting-and-party-2013/" "Mozilla/4.0 (compatible; MSIE 8.0; Windows NT 6.1; WOW64; Trident/4.0; SLCC2; .NET CLR 2.0.50727; .NET CLR 3.5.30729; .NET CLR 3.0.30729; Media Center PC 6.0; .NET4.0C)"
66.249.75.17 - - [12/Aug/2013:04:43:18 -0400] "GET /blog1/lrt/ HTTP/1.1" 200 14498 "-" "Mozilla/5.0 (iPhone; U; CPU iPhone OS 4_1 like Mac OS X; en-us) AppleWebKit/532.9 (KHTML, like Gecko) Version/4.0.5 Mobile/8B117 Safari/6531.22.7 (compatible; Googlebot-Mobile/2.1; +http://www.google.com/bot.html)"
213.186.127.11 - - [12/Aug/2013:09:14:44 -0400] "GET /blog1/feed/ HTTP/1.1" 200 97224 "-" "AhrefsBot.Feeds v0.1; http://ahrefs.com/"
72.32.185.201 - - [12/Aug/2013:10:36:08 -0400] "GET / HTTP/1.1" 302 - "-" "Mozilla/5.0 (compatible; MSIE 9.0; Windows NT 6.1; Trident/5.0)"
72.32.185.201 - - [12/Aug/2013:10:36:09 -0400] "GET /blog1 HTTP/1.1" 301 244 "-" "Mozilla/5.0 (compatible; MSIE 9.0; Windows NT 6.1; Trident/5.0)"
99.102.97.42 - - [12/Aug/2013:21:12:05 -0400] "GET /blog1/ HTTP/1.1" 500 - "http://www.google.com/url?sa=t&rct=j&q=kenwoodminneapolis.org&source=web&cd=1&ved=0CCkQFjAA&url=http%3A%2F%2Fwww.kenwoodminneapolis.org%2F&ei=1IcJUom4OsKz2gWt0oHwBw&usg=AFQjCNGFvVMamL3pRjqnzpV_G02IjKSg2w&sig2=hfJbuBDN-3ykwiVaiXKxRw" "Mozilla/5.0 (Linux; U; Android 4.1.1; en-us; GT-P3113 Build/JRO03C) AppleWebKit/534.30 (KHTML, like Gecko) Version/4.0 Safari/534.30"
76.76.62.89 - - [12/Aug/2013:16:41:16 -0400] "GET /blog1/neighborhood/ HTTP/1.1" 200 29109 "http://kenwoodminneapolis.org/blog1/" "Mozilla/5.0 (Windows NT 6.1; WOW64; rv:22.0) Gecko/20100101 Firefox/22.0"
76.76.62.89 - - [12/Aug/2013:16:41:18 -0400] "GET /blog1/wp-content/uploads/2011/08/KIAA_aerial_map-279x300.gif HTTP/1.1" 200 66683 "http://kenwoodminneapolis.org/blog1/neighborhood/" "Mozilla/5.0 (Windows NT 6.1; WOW64; rv:22.0) Gecko/20100101 Firefox/22.0"
76.76.62.89 - - [12/Aug/2013:16:41:20 -0400] "GET /blog1/lrt/ HTTP/1.1" 503 323 "http://kenwoodminneapolis.org/blog1/neighborhood/" "Mozilla/5.0 (Windows NT 6.1; WOW64; rv:22.0) Gecko/20100101 Firefox/22.0"
66.249.75.17 - - [12/Aug/2013:23:01:24 -0400] "GET /blog1/recreation/ HTTP/1.1" 200 10407 "-" "Mozilla/5.0 (compatible; Googlebot/2.1; +http://www.google.com/bot.html)"
71.51.131.245 - - [12/Aug/2013:12:03:30 -0400] "GET /apple-touch-icon-precomposed.png HTTP/1.1" 404 575 "-" "Mozilla/5.0 (Linux; Android 4.3; Nexus 10 Build/JWR66V) AppleWebKit/537.36 (KHTML, like Gecko) Chrome/28.0.1500.94 Safari/537.36"
71.51.131.245 - - [12/Aug/2013:12:03:30 -0400] "GET /apple-touch-icon.png HTTP/1.1" 404 575 "-" "Mozilla/5.0 (Linux; Android 4.3; Nexus 10 Build/JWR66V) AppleWebKit/537.36 (KHTML, like Gecko) Chrome/28.0.1500.94 Safari/537.36"
156.98.14.252 - - [12/Aug/2013:12:30:58 -0400] "GET /blog1/wp-includes/images/smilies/icon_cool.gif HTTP/1.1" 200 172 "http://kenwoodminneapolis.org/blog1/2kiaa/" "Mozilla/4.0 (compatible; MSIE 8.0; Windows NT 6.1; WOW64; Trident/4.0; SLCC2; .NET CLR 2.0.50727; .NET CLR 3.5.30729; .NET CLR 3.0.30729; Media Center PC 6.0; .NET4.0C)"
146.0.73.156 - - [12/Aug/2013:08:18:01 -0400] "GET /wp-login.php HTTP/1.1" 404 575 "-" "Mozilla/5.0 (compatible; MSIE 10.0; Windows NT 6.1; Trident/6.0)"
213.238.175.11 - - [12/Aug/2013:03:00:38 -0400] "GET /wp-login.php HTTP/1.1" 404 575 "-" "Mozilla/5.0 (compatible; MSIE 10.0; Windows NT 6.1; Trident/6.0)"
123.125.71.50 - - [12/Aug/2013:22:33:13 -0400] "GET /blog1/2012/12/31/kiaa-deis-response/ HTTP/1.1" 200 7515 "-" "Mozilla/5.0 (compatible; Baiduspider/2.0; +http://www.baidu.com/search/spider.html)"
77.248.252.113 - - [12/Aug/2013:23:14:55 -0400] "GET /robots.txt HTTP/1.0" 404 575 "-" "Mozilla/5.0 (compatible; MJ12bot/v1.4.3; http://www.majestic12.co.uk/bot.php?+)"
66.249.75.17 - - [12/Aug/2013:16:35:30 -0400] "GET /blog1/ HTTP/1.1" 200 103780 "-" "Mozilla/5.0 (compatible; Googlebot/2.1; +http://www.google.com/bot.html)"
63.228.28.107 - - [12/Aug/2013:19:43:24 -0400] "HEAD /blog1/ HTTP/1.1" 200 - "http://www.weblinkvalidator.com/" "Mozilla/4.0 (compatible; MSIE 8.0; Windows NT 5.1) Web Link Validator"
65.223.159.34 - - [12/Aug/2013:20:21:07 -0400] "GET /blog1/wp-content/uploads/2011/09/banner3.gif HTTP/1.1" 200 102623 "http://kenwoodminneapolis.org/blog1/" "Mozilla/5.0 (Windows NT 6.1; WOW64) AppleWebKit/537.36 (KHTML, like Gecko) Chrome/28.0.1500.95 Safari/537.36"
65.223.159.34 - - [12/Aug/2013:20:40:39 -0400] "GET /blog1/wp-includes/images/smilies/icon_cool.gif HTTP/1.1" 200 172 "http://kenwoodminneapolis.org/blog1/2kiaa/" "Mozilla/5.0 (Windows NT 6.1; WOW64) AppleWebKit/537.36 (KHTML, like Gecko) Chrome/28.0.1500.95 Safari/537.36"
46.43.213.25 - - [12/Aug/2013:10:39:01 -0400] "POST /blog1/wp-login.php HTTP/1.0" 200 3366 "-" "Mozilla/3.0 (compatible; Indy Library)"
54.211.58.111 - - [12/Aug/2013:10:45:45 -0400] "HEAD / HTTP/1.1" 302 - "-" "python-requests/1.1.0 CPython/2.7.4 Linux/3.8.0-19-generic"
54.211.58.111 - - [12/Aug/2013:10:45:46 -0400] "HEAD /blog1 HTTP/1.1" 301 - "-" "python-requests/1.1.0 CPython/2.7.4 Linux/3.8.0-19-generic"
54.211.58.111 - - [12/Aug/2013:10:45:46 -0400] "HEAD /blog1/ HTTP/1.1" 200 - "-" "python-requests/1.1.0 CPython/2.7.4 Linux/3.8.0-19-generic"
75.168.59.61 - - [12/Aug/2013:17:39:55 -0400] "GET /blog1/ HTTP/1.1" 200 103780 "https://www.google.com/" "Mozilla/5.0 (Windows NT 5.1) AppleWebKit/537.36 (KHTML, like Gecko) Chrome/28.0.1500.95 Safari/537.36"
66.249.75.17 - - [12/Aug/2013:19:05:50 -0400] "GET /blog1/2013/06/09/kenwood-neighborhood-%E2%80%93-news-and-events-june-9-2013/ HTTP/1.1" 200 30810 "-" "SAMSUNG-SGH-E250/1.0 Profile/MIDP-2.0 Configuration/CLDC-1.1 UP.Browser/6.2.3.3.c.1.101 (GUI) MMP/2.0 (compatible; Googlebot-Mobile/2.1; +http://www.google.com/bot.html)"
65.223.159.34 - - [12/Aug/2013:20:40:38 -0400] "GET /blog1/2kiaa/ HTTP/1.1" 200 86916 "http://kenwoodminneapolis.org/blog1/2013/05/08/kiaa-annual-meeting-and-party-2013/" "Mozilla/5.0 (Windows NT 6.1; WOW64) AppleWebKit/537.36 (KHTML, like Gecko) Chrome/28.0.1500.95 Safari/537.36"
156.98.14.252 - - [12/Aug/2013:12:30:00 -0400] "GET /favicon.ico HTTP/1.1" 404 575 "-" "Mozilla/4.0 (compatible; MSIE 8.0; Windows NT 6.1; WOW64; Trident/4.0; SLCC2; .NET CLR 2.0.50727; .NET CLR 3.5.30729; .NET CLR 3.0.30729; Media Center PC 6.0; .NET4.0C)"
173.236.21.106 - - [12/Aug/2013:13:19:22 -0400] "GET /blog1 HTTP/1.0" 301 244 "-" "Mozilla/5.0 (compatible; MJ12bot/v1.4.3; http://www.majestic12.co.uk/bot.php?+)"
99.102.97.42 - - [12/Aug/2013:21:11:55 -0400] "GET / HTTP/1.1" 302 - "http://www.google.com/url?sa=t&rct=j&q=kenwoodminneapolis.org&source=web&cd=1&ved=0CCkQFjAA&url=http%3A%2F%2Fwww.kenwoodminneapolis.org%2F&ei=1IcJUom4OsKz2gWt0oHwBw&usg=AFQjCNGFvVMamL3pRjqnzpV_G02IjKSg2w&sig2=hfJbuBDN-3ykwiVaiXKxRw" "Mozilla/5.0 (Linux; U; Android 4.1.1; en-us; GT-P3113 Build/JRO03C) AppleWebKit/534.30 (KHTML, like Gecko) Version/4.0 Safari/534.30"
99.102.97.42 - - [12/Aug/2013:21:12:32 -0400] "GET /blog1/ HTTP/1.1" 200 103780 "http://kenwoodminneapolis.org/blog1/2013/04/29/kenwood-neighborhood-%E2%80%93-news-and-events-4/" "Mozilla/5.0 (Linux; U; Android 4.1.1; en-us; GT-P3113 Build/JRO03C) AppleWebKit/534.30 (KHTML, like Gecko) Version/4.0 Safari/534.30"
66.249.75.17 - - [12/Aug/2013:01:31:22 -0400] "GET /blog1/wp-content/uploads/2011/08/KIAA.pdf HTTP/1.1" 304 - "-" "Mozilla/5.0 (compatible; Googlebot/2.1; +http://www.google.com/bot.html)"
65.223.159.34 - - [12/Aug/2013:20:40:39 -0400] "GET /blog1/wp-content/uploads/2012/04/egret-red.gif HTTP/1.1" 200 27719 "http://kenwoodminneapolis.org/blog1/2kiaa/" "Mozilla/5.0 (Windows NT 6.1; WOW64) AppleWebKit/537.36 (KHTML, like Gecko) Chrome/28.0.1500.95 Safari/537.36"
199.21.99.124 - - [12/Aug/2013:22:02:59 -0400] "GET /blog1/category/uncategorized/feed/ HTTP/1.1" 304 - "-" "Mozilla/5.0 (compatible; YandexBot/3.0; +http://yandex.com/bots)"
50.157.94.29 - - [12/Aug/2013:22:40:26 -0400] "GET /favicon.ico HTTP/1.1" 404 575 "-" "Mozilla/5.0 (compatible; MSIE 10.0; Windows NT 6.1; Win64; x64; Trident/6.0)"
66.249.75.17 - - [12/Aug/2013:00:42:39 -0400] "GET /robots.txt HTTP/1.1" 404 575 "-" "Mozilla/5.0 (compatible; Googlebot/2.1; +http://www.google.com/bot.html)"
71.51.131.245 - - [12/Aug/2013:12:01:02 -0400] "GET /blog1/wp-content/themes/twentyten/style.css HTTP/1.1" 200 24160 "http://kenwoodminneapolis.org/blog1/" "Mozilla/5.0 (Linux; Android 4.3; Nexus 10 Build/JWR66V) AppleWebKit/537.36 (KHTML, like Gecko) Chrome/28.0.1500.94 Safari/537.36"
123.125.71.85 - - [12/Aug/2013:18:35:47 -0400] "GET /blog1/2013/04/17/650/ HTTP/1.1" 200 7830 "-" "Mozilla/5.0 (compatible; Baiduspider/2.0; +http://www.baidu.com/search/spider.html)"
213.238.175.16 - - [12/Aug/2013:00:01:37 -0400] "GET /wp-login.php HTTP/1.1" 404 575 "-" "Mozilla/5.0 (compatible; MSIE 10.0; Windows NT 6.1; Trident/6.0)"
213.186.127.11 - - [12/Aug/2013:18:16:14 -0400] "GET /blog1/feed/ HTTP/1.1" 200 97224 "-" "AhrefsBot.Feeds v0.1; http://ahrefs.com/"
156.98.14.252 - - [12/Aug/2013:12:30:58 -0400] "GET /blog1/wp-content/uploads/2011/08/KIAAform-150x150.gif HTTP/1.1" 200 8065 "http://kenwoodminneapolis.org/blog1/2kiaa/" "Mozilla/4.0 (compatible; MSIE 8.0; Windows NT 6.1; WOW64; Trident/4.0; SLCC2; .NET CLR 2.0.50727; .NET CLR 3.5.30729; .NET CLR 3.0.30729; Media Center PC 6.0; .NET4.0C)"
50.157.94.29 - - [12/Aug/2013:22:40:07 -0400] "GET /blog1/ HTTP/1.1" 200 103780 "http://www.google.com/url?sa=t&rct=j&q=kenwood%2C%20minneapolis&source=web&cd=4&cad=rja&ved=0CEIQFjAD&url=http%3A%2F%2Fwww.kenwoodminneapolis.org%2F&ei=f5wJUrDQH8aiyAGH4IHoDA&usg=AFQjCNGFvVMamL3pRjqnzpV_G02IjKSg2w&bvm=bv.50500085,d.aWc" "Mozilla/5.0 (compatible; MSIE 10.0; Windows NT 6.1; WOW64; Trident/6.0)"
10.30.72.4 - - [12/Aug/2013:07:44:38 -0400] "POST /blog1/wp-cron.php?doing_wp_cron HTTP/1.0" 200 - "-" "WordPress/3.2.1; http://kenwoodminneapolis.org/blog1"
71.51.131.245 - - [12/Aug/2013:12:03:28 -0400] "GET /blog1/contact-us/ HTTP/1.1" 200 5597 "http://kenwoodminneapolis.org/blog1/" "Mozilla/5.0 (Linux; Android 4.3; Nexus 10 Build/JWR66V) AppleWebKit/537.36 (KHTML, like Gecko) Chrome/28.0.1500.94 Safari/537.36"
71.51.131.245 - - [12/Aug/2013:12:03:30 -0400] "GET /favicon.ico HTTP/1.1" 404 575 "-" "Mozilla/5.0 (Linux; Android 4.3; Nexus 10 Build/JWR66V) AppleWebKit/537.36 (KHTML, like Gecko) Chrome/28.0.1500.94 Safari/537.36"
99.102.97.42 - - [12/Aug/2013:21:12:16 -0400] "GET /blog1/ HTTP/1.1" 200 103780 "http://kenwoodminneapolis.org/blog1/2013/04/29/kenwood-neighborhood-%E2%80%93-news-and-events-4/" "Mozilla/5.0 (Linux; U; Android 4.1.1; en-us; GT-P3113 Build/JRO03C) AppleWebKit/534.30 (KHTML, like Gecko) Version/4.0 Safari/534.30"
50.157.94.29 - - [12/Aug/2013:22:39:57 -0400] "GET /blog1/wp-content/uploads/2011/09/banner3.gif HTTP/1.1" 200 102623 "http://kenwoodminneapolis.org/blog1/" "Mozilla/5.0 (compatible; MSIE 10.0; Windows NT 6.1; WOW64; Trident/6.0)"
202.46.54.157 - - [12/Aug/2013:23:20:10 -0400] "GET /blog1/2012/09/14/join-us-at-our-monthly-kiaa-board-meeting/ HTTP/1.1" 200 10605 "-" "Mozilla/5.0 (Windows NT 5.1; rv:6.0.2) Gecko/20100101 Firefox/6.0.2"
71.51.131.245 - - [12/Aug/2013:12:01:06 -0400] "GET /apple-touch-icon-precomposed.png HTTP/1.1" 404 575 "-" "Mozilla/5.0 (Linux; Android 4.3; Nexus 10 Build/JWR66V) AppleWebKit/537.36 (KHTML, like Gecko) Chrome/28.0.1500.94 Safari/537.36"
71.51.131.245 - - [12/Aug/2013:12:01:06 -0400] "GET /apple-touch-icon.png HTTP/1.1" 404 575 "-" "Mozilla/5.0 (Linux; Android 4.3; Nexus 10 Build/JWR66V) AppleWebKit/537.36 (KHTML, like Gecko) Chrome/28.0.1500.94 Safari/537.36"
76.76.62.89 - - [12/Aug/2013:16:40:43 -0400] "GET /blog1/2013/06/09/kenwood-neighborhood-%E2%80%93-news-and-events-june-9-2013/ HTTP/1.1" 200 30810 "http://www.google.com/url?sa=t&rct=j&q=&esrc=s&source=web&cd=50&ved=0CG8QFjAJOCg&url=http%3A%2F%2Fkenwoodminneapolis.org%2Fblog1%2F2013%2F06%2F09%2Fkenwood-neighborhood-%25E2%2580%2593-news-and-events-june-9-2013%2F&ei=PEgJUvWCMbO72QWYooCIAg&usg=AFQjCNGMMCCBkKTLqR3Kofv-PbnZuO2uqw&bvm=bv.50500085,d.b2I" "Mozilla/5.0 (Windows NT 6.1; WOW64; rv:22.0) Gecko/20100101 Firefox/22.0"
76.76.62.89 - - [12/Aug/2013:16:40:46 -0400] "GET /blog1/wp-content/uploads/2011/09/banner3.gif HTTP/1.1" 200 102623 "http://kenwoodminneapolis.org/blog1/2013/06/09/kenwood-neighborhood-%E2%80%93-news-and-events-june-9-2013/" "Mozilla/5.0 (Windows NT 6.1; WOW64; rv:22.0) Gecko/20100101 Firefox/22.0"
76.76.62.89 - - [12/Aug/2013:16:40:48 -0400] "GET /blog1/2013/07/01/710/ HTTP/1.1" 200 9127 "http://kenwoodminneapolis.org/blog1/2013/06/09/kenwood-neighborhood-%E2%80%93-news-and-events-june-9-2013/" "Mozilla/5.0 (Windows NT 6.1; WOW64; rv:22.0) Gecko/20100101 Firefox/22.0"
65.55.24.217 - - [12/Aug/2013:16:59:51 -0400] "GET /blog1/2013/04/17/650/ HTTP/1.1" 200 7830 "-" "Mozilla/5.0 (compatible; bingbot/2.0; +http://www.bing.com/bingbot.htm)"
85.173.95.162 - - [12/Aug/2013:08:28:27 -0400] "GET /administrator/index.php HTTP/1.0" 403 225 "-" "Mozilla/5.0 (Windows NT 6.1; rv:19.0) Gecko/20100101 Firefox/19.0"
97.66.79.234 - - [12/Aug/2013:08:32:15 -0400] "GET /administrator/index.php HTTP/1.0" 403 225 "-" "Mozilla/5.0 (Windows NT 6.1; rv:19.0) Gecko/20100101 Firefox/19.0"
79.107.225.65 - - [12/Aug/2013:00:26:07 -0400] "POST /blog1/wp-login.php HTTP/1.0" 200 3366 "-" "Mozilla/3.0 (compatible; Indy Library)"
190.73.101.190 - - [12/Aug/2013:16:08:19 -0400] "GET /blog1/kiaa/ HTTP/1.0" 301 - "http://kenwoodminneapolis.org/blog1/kiaa/" "Mozilla/5.0 (Windows; U; Windows NT 6.1; en-US) AppleWebKit/532.2 (KHTML, like Gecko) Chrome/4.0.221.7 Safari/532.2"
146.0.74.206 - - [12/Aug/2013:16:35:02 -0400] "GET /wp-login.php HTTP/1.1" 404 575 "-" "Mozilla/5.0 (compatible; MSIE 10.0; Windows NT 6.1; Trident/6.0)"
213.238.175.16 - - [12/Aug/2013:10:40:11 -0400] "GET /wp-login.php HTTP/1.1" 404 575 "-" "Mozilla/5.0 (compatible; MSIE 10.0; Windows NT 6.1; Trident/6.0)"
75.72.250.153 - - [12/Aug/2013:11:13:25 -0400] "GET /blog1/ HTTP/1.1" 200 103780 "-" "Mozilla/5.0 (Windows NT 6.1; rv:22.0) Gecko/20100101 Firefox/22.0"
85.237.82.87 - - [12/Aug/2013:01:02:45 -0400] "GET /robots.txt HTTP/1.1" 404 575 "-" "Mozilla/5.0 (compatible; MSIE 9.0; Windows NT 6.1; Win64; x64; Trident/5.0)"
65.223.159.34 - - [12/Aug/2013:20:21:08 -0400] "GET /favicon.ico HTTP/1.1" 404 575 "-" "Mozilla/5.0 (Windows NT 6.1; WOW64) AppleWebKit/537.36 (KHTML, like Gecko) Chrome/28.0.1500.95 Safari/537.36"
213.238.175.8 - - [12/Aug/2013:07:08:47 -0400] "GET /wp-login.php HTTP/1.1" 404 575 "-" "Mozilla/5.0 (compatible; MSIE 10.0; Windows NT 6.1; Trident/6.0)"
184.56.131.40 - - [12/Aug/2013:08:25:16 -0400] "GET /admin.php HTTP/1.0" 403 211 "-" "Mozilla/5.0 (Windows NT 6.1; rv:19.0) Gecko/20100101 Firefox/19.0"
97.66.79.234 - - [12/Aug/2013:08:32:24 -0400] "GET /admin.php HTTP/1.0" 403 211 "-" "Mozilla/5.0 (Windows NT 6.1; rv:19.0) Gecko/20100101 Firefox/19.0"
66.249.75.17 - - [12/Aug/2013:08:17:05 -0400] "GET /blog1/2013/05/08/kiaa-annual-meeting-and-party-2013/ HTTP/1.1" 200 28865 "-" "DoCoMo/2.0 N905i(c100;TB;W24H16) (compatible; Googlebot-Mobile/2.1; +http://www.google.com/bot.html)"
173.165.237.57 - - [12/Aug/2013:12:23:06 -0400] "GET /blog1/ HTTP/1.1" 200 103780 "https://www.google.com/" "Mozilla/5.0 (Windows NT 6.1; WOW64) AppleWebKit/537.36 (KHTML, like Gecko) Chrome/28.0.1500.95 Safari/537.36"
173.165.237.57 - - [12/Aug/2013:12:23:09 -0400] "GET /favicon.ico HTTP/1.1" 404 575 "-" "Mozilla/5.0 (Windows NT 6.1; WOW64) AppleWebKit/537.36 (KHTML, like Gecko) Chrome/28.0.1500.95 Safari/537.36"
173.165.237.57 - - [12/Aug/2013:12:23:07 -0400] "GET /blog1/wp-content/uploads/2011/09/banner3.gif HTTP/1.1" 200 102623 "http://kenwoodminneapolis.org/blog1/" "Mozilla/5.0 (Windows NT 6.1; WOW64) AppleWebKit/537.36 (KHTML, like Gecko) Chrome/28.0.1500.95 Safari/537.36"
213.238.175.11 - - [12/Aug/2013:00:36:44 -0400] "GET /wp-login.php HTTP/1.1" 404 575 "-" "Mozilla/5.0 (compatible; MSIE 10.0; Windows NT 6.1; Trident/6.0)"
66.249.75.17 - - [12/Aug/2013:00:53:23 -0400] "GET /blog1/wp-content/themes/twentyten/style.css HTTP/1.1" 200 24160 "-" "Mozilla/5.0 (compatible; Googlebot/2.1; +http://www.google.com/bot.html)"
66.249.75.27 - - [12/Aug/2013:16:33:38 -0400] "GET /blog1 HTTP/1.1" 301 248 "-" "Mozilla/5.0 (compatible; Googlebot/2.1; +http://www.google.com/bot.html)"
99.102.97.42 - - [12/Aug/2013:21:10:23 -0400] "GET / HTTP/1.1" 302 - "http://www.google.com/url?sa=t&rct=j&q=kenwoodminneapolis.org&source=web&cd=1&ved=0CCkQFjAA&url=http%3A%2F%2Fwww.kenwoodminneapolis.org%2F&ei=dYcJUviWMofU2QXC4gE&usg=AFQjCNGFvVMamL3pRjqnzpV_G02IjKSg2w&sig2=KSdSna0Lhe6YPKTghNoVYw&bvm=bv.50500085,d.aWc" "Mozilla/5.0 (Linux; U; Android 4.1.1; en-us; GT-P3113 Build/JRO03C) AppleWebKit/534.30 (KHTML, like Gecko) Version/4.0 Safari/534.30"
99.102.97.42 - - [12/Aug/2013:21:10:25 -0400] "GET /blog1 HTTP/1.1" 301 248 "http://www.google.com/url?sa=t&rct=j&q=kenwoodminneapolis.org&source=web&cd=1&ved=0CCkQFjAA&url=http%3A%2F%2Fwww.kenwoodminneapolis.org%2F&ei=dYcJUviWMofU2QXC4gE&usg=AFQjCNGFvVMamL3pRjqnzpV_G02IjKSg2w&sig2=KSdSna0Lhe6YPKTghNoVYw&bvm=bv.50500085,d.aWc" "Mozilla/5.0 (Linux; U; Android 4.1.1; en-us; GT-P3113 Build/JRO03C) AppleWebKit/534.30 (KHTML, like Gecko) Version/4.0 Safari/534.30"
99.102.97.42 - - [12/Aug/2013:21:10:25 -0400] "GET /blog1/ HTTP/1.1" 301 - "http://www.google.com/url?sa=t&rct=j&q=kenwoodminneapolis.org&source=web&cd=1&ved=0CCkQFjAA&url=http%3A%2F%2Fwww.kenwoodminneapolis.org%2F&ei=dYcJUviWMofU2QXC4gE&usg=AFQjCNGFvVMamL3pRjqnzpV_G02IjKSg2w&sig2=KSdSna0Lhe6YPKTghNoVYw&bvm=bv.50500085,d.aWc" "Mozilla/5.0 (Linux; U; Android 4.1.1; en-us; GT-P3113 Build/JRO03C) AppleWebKit/534.30 (KHTML, like Gecko) Version/4.0 Safari/534.30"
99.102.97.42 - - [12/Aug/2013:21:11:10 -0400] "GET /blog1/ HTTP/1.1" 200 103780 "http://www.google.com/url?sa=t&rct=j&q=kenwoodminneapolis.org&source=web&cd=1&ved=0CCkQFjAA&url=http%3A%2F%2Fwww.kenwoodminneapolis.org%2F&ei=dYcJUviWMofU2QXC4gE&usg=AFQjCNGFvVMamL3pRjqnzpV_G02IjKSg2w&sig2=KSdSna0Lhe6YPKTghNoVYw&bvm=bv.50500085,d.aWc" "Mozilla/5.0 (Linux; U; Android 4.1.1; en-us; GT-P3113 Build/JRO03C) AppleWebKit/534.30 (KHTML, like Gecko) Version/4.0 Safari/534.30"
146.0.74.208 - - [12/Aug/2013:10:04:49 -0400] "GET /wp-login.php HTTP/1.1" 404 575 "-" "Mozilla/5.0 (compatible; MSIE 10.0; Windows NT 6.1; Trident/6.0)"
99.102.97.42 - - [12/Aug/2013:21:18:53 -0400] "GET /blog1/news/ HTTP/1.1" 200 5481 "http://kenwoodminneapolis.org/blog1/" "Mozilla/5.0 (Linux; U; Android 4.1.1; en-us; GT-P3113 Build/JRO03C) AppleWebKit/534.30 (KHTML, like Gecko) Version/4.0 Safari/534.30"
50.157.94.29 - - [12/Aug/2013:22:40:04 -0400] "GET /favicon.ico HTTP/1.1" 404 575 "-" "Mozilla/5.0 (compatible; MSIE 10.0; Windows NT 6.1; Win64; x64; Trident/6.0)"
146.0.73.155 - - [12/Aug/2013:17:45:48 -0400] "GET /wp-login.php HTTP/1.1" 404 575 "-" "Mozilla/5.0 (compatible; MSIE 10.0; Windows NT 6.1; Trident/6.0)"
66.249.75.17 - - [12/Aug/2013:00:42:39 -0400] "GET /blog1/2013/04/29/kenwood-neighborhood-%E2%80%93-news-and-events-4/ HTTP/1.1" 200 12007 "-" "Mozilla/5.0 (compatible; Googlebot/2.1; +http://www.google.com/bot.html)"
213.238.175.8 - - [12/Aug/2013:01:46:34 -0400] "GET /wp-login.php HTTP/1.1" 404 575 "-" "Mozilla/5.0 (compatible; MSIE 10.0; Windows NT 6.1; Trident/6.0)"
71.51.131.245 - - [12/Aug/2013:12:00:46 -0400] "GET / HTTP/1.1" 302 - "-" "Mozilla/5.0 (Linux; Android 4.3; Nexus 10 Build/JWR66V) AppleWebKit/537.36 (KHTML, like Gecko) Chrome/28.0.1500.94 Safari/537.36"
71.51.131.245 - - [12/Aug/2013:12:01:01 -0400] "GET /blog1 HTTP/1.1" 301 244 "-" "Mozilla/5.0 (Linux; Android 4.3; Nexus 10 Build/JWR66V) AppleWebKit/537.36 (KHTML, like Gecko) Chrome/28.0.1500.94 Safari/537.36"
71.51.131.245 - - [12/Aug/2013:12:01:01 -0400] "GET /blog1/ HTTP/1.1" 200 103780 "-" "Mozilla/5.0 (Linux; Android 4.3; Nexus 10 Build/JWR66V) AppleWebKit/537.36 (KHTML, like Gecko) Chrome/28.0.1500.94 Safari/537.36"
65.223.159.34 - - [12/Aug/2013:20:40:54 -0400] "GET /favicon.ico HTTP/1.1" 404 575 "-" "Mozilla/5.0 (Windows NT 6.1; WOW64) AppleWebKit/537.36 (KHTML, like Gecko) Chrome/28.0.1500.95 Safari/537.36"
65.223.159.34 - - [12/Aug/2013:20:40:55 -0400] "GET /favicon.ico HTTP/1.1" 404 575 "-" "Mozilla/5.0 (Windows NT 6.1; WOW64) AppleWebKit/537.36 (KHTML, like Gecko) Chrome/28.0.1500.95 Safari/537.36"
65.223.159.34 - - [12/Aug/2013:20:40:58 -0400] "GET /blog1/contact-us/ HTTP/1.1" 200 5597 "http://kenwoodminneapolis.org/blog1/2013/05/08/kiaa-annual-meeting-and-party-2013/" "Mozilla/5.0 (Windows NT 6.1; WOW64) AppleWebKit/537.36 (KHTML, like Gecko) Chrome/28.0.1500.95 Safari/537.36"
65.223.159.34 - - [12/Aug/2013:20:41:00 -0400] "GET /favicon.ico HTTP/1.1" 404 575 "-" "Mozilla/5.0 (Windows NT 6.1; WOW64) AppleWebKit/537.36 (KHTML, like Gecko) Chrome/28.0.1500.95 Safari/537.36"
146.0.74.204 - - [12/Aug/2013:11:15:04 -0400] "GET /wp-login.php HTTP/1.1" 404 575 "-" "Mozilla/5.0 (compatible; MSIE 10.0; Windows NT 6.1; Trident/6.0)"
75.168.59.61 - - [12/Aug/2013:17:39:57 -0400] "GET /blog1/wp-content/uploads/2011/09/banner3.gif HTTP/1.1" 200 102623 "http://kenwoodminneapolis.org/blog1/" "Mozilla/5.0 (Windows NT 5.1) AppleWebKit/537.36 (KHTML, like Gecko) Chrome/28.0.1500.95 Safari/537.36"
99.102.97.42 - - [12/Aug/2013:21:12:08 -0400] "GET /blog1/wp-content/themes/twentyten/style.css HTTP/1.1" 200 24160 "http://kenwoodminneapolis.org/blog1/2013/04/29/kenwood-neighborhood-%E2%80%93-news-and-events-4/" "Mozilla/5.0 (Linux; U; Android 4.1.1; en-us; GT-P3113 Build/JRO03C) AppleWebKit/534.30 (KHTML, like Gecko) Version/4.0 Safari/534.30"
156.98.14.252 - - [12/Aug/2013:12:30:07 -0400] "GET /favicon.ico HTTP/1.1" 404 575 "-" "Mozilla/4.0 (compatible; MSIE 8.0; Windows NT 6.1; WOW64; Trident/4.0; SLCC2; .NET CLR 2.0.50727; .NET CLR 3.5.30729; .NET CLR 3.0.30729; Media Center PC 6.0; .NET4.0C)"
157.55.36.35 - - [12/Aug/2013:12:33:51 -0400] "GET /robots.txt HTTP/1.1" 404 575 "-" "Mozilla/5.0 (compatible; bingbot/2.0; +http://www.bing.com/bingbot.htm)"
10.30.72.4 - - [12/Aug/2013:18:44:59 -0400] "POST /blog1/wp-cron.php?doing_wp_cron HTTP/1.0" 200 - "-" "WordPress/3.2.1; http://kenwoodminneapolis.org/blog1"
202.46.53.76 - - [12/Aug/2013:19:16:42 -0400] "GET /blog1/?p=366 HTTP/1.1" 301 - "-" "Mozilla/5.0 (Windows; U; Windows NT 5.1; zh-CN; rv:1.9.1.2) Firefox/3.5.2"
213.238.175.17 - - [12/Aug/2013:20:51:53 -0400] "GET /wp-login.php HTTP/1.1" 404 575 "-" "Mozilla/5.0 (compatible; MSIE 10.0; Windows NT 6.1; Trident/6.0)"
66.249.75.17 - - [12/Aug/2013:06:24:11 -0400] "GET /blog1/2013/05/08/kiaa-annual-meeting-and-party-2013/ HTTP/1.1" 200 28865 "-" "SAMSUNG-SGH-E250/1.0 Profile/MIDP-2.0 Configuration/CLDC-1.1 UP.Browser/6.2.3.3.c.1.101 (GUI) MMP/2.0 (compatible; Googlebot-Mobile/2.1; +http://www.google.com/bot.html)"
213.238.175.10 - - [12/Aug/2013:17:09:39 -0400] "GET /wp-login.php HTTP/1.1" 404 575 "-" "Mozilla/5.0 (compatible; MSIE 10.0; Windows NT 6.1; Trident/6.0)"
75.72.94.171 - - [12/Aug/2013:13:14:40 -0400] "GET /blog1/wp-content/uploads/2011/08/kenwood_angle.jpg HTTP/1.1" 200 197701 "-" "Mozilla/5.0 (Windows NT 6.2; WOW64) AppleWebKit/537.36 (KHTML, like Gecko) Chrome/28.0.1500.95 Safari/537.36"
173.236.21.106 - - [12/Aug/2013:13:19:23 -0400] "GET /blog1/ HTTP/1.0" 200 103780 "-" "Mozilla/5.0 (compatible; MJ12bot/v1.4.3; http://www.majestic12.co.uk/bot.php?+)"
66.249.75.17 - - [12/Aug/2013:11:40:25 -0400] "GET /blog1/author/editor/feed/ HTTP/1.1" 200 96436 "-" "Mozilla/5.0 (compatible; Googlebot/2.1; +http://www.google.com/bot.html)"
