0byt3m1n1
Path:
/
data
/
0
/
0
/
19
/
100
/
19263
/
meta
/
19687
/
logs
/
[
Home
]
File: x-access_log.2013-08-18
66.249.73.231 - - [18/Aug/2013:05:46:24 -0400] "GET /home.html HTTP/1.1" 200 7784 "-" "DoCoMo/2.0 N905i(c100;TB;W24H16) (compatible; Googlebot-Mobile/2.1; +http://www.google.com/bot.html)"
178.137.128.12 - - [18/Aug/2013:11:24:33 -0400] "GET /pages/lecture.html HTTP/1.1" 200 8407 "http://ra-da.su/" "Mozilla/4.0 (compatible; MSIE 6.0; Windows NT 5.0; .NET CLR 1.0.3705; .NET CLR 1.1.4322)"
37.139.52.23 - - [18/Aug/2013:01:33:02 -0400] "GET /pages/lecture.html HTTP/1.1" 200 8407 "http://moygarag.ru/" "Mozilla/4.0 (compatible; MSIE 5.0; Windows 95) Opera 6.01 [en]"
199.21.99.94 - - [18/Aug/2013:02:26:09 -0400] "GET /images/header3_03.gif HTTP/1.1" 304 - "-" "Mozilla/5.0 (compatible; YandexImages/3.0; +http://yandex.com/bots)"
50.15.108.111 - - [18/Aug/2013:00:34:35 -0400] "GET /images/header3_03.gif HTTP/1.1" 200 441 "http://www.craigmarberry.com/pages/about-crowns.html" "Mozilla/5.0 (Windows NT 6.1; WOW64) AppleWebKit/537.36 (KHTML, like Gecko) Chrome/28.0.1500.95 Safari/537.36"
50.15.108.111 - - [18/Aug/2013:00:34:36 -0400] "GET /images/header3_09.gif HTTP/1.1" 200 546 "http://www.craigmarberry.com/pages/about-crowns.html" "Mozilla/5.0 (Windows NT 6.1; WOW64) AppleWebKit/537.36 (KHTML, like Gecko) Chrome/28.0.1500.95 Safari/537.36"
50.15.108.111 - - [18/Aug/2013:00:34:37 -0400] "GET /images/header3_06-over.gif HTTP/1.1" 200 455 "http://www.craigmarberry.com/pages/about-crowns.html" "Mozilla/5.0 (Windows NT 6.1; WOW64) AppleWebKit/537.36 (KHTML, like Gecko) Chrome/28.0.1500.95 Safari/537.36"
50.15.108.111 - - [18/Aug/2013:00:34:37 -0400] "GET /images/header3_09-over.gif HTTP/1.1" 200 568 "http://www.craigmarberry.com/pages/about-crowns.html" "Mozilla/5.0 (Windows NT 6.1; WOW64) AppleWebKit/537.36 (KHTML, like Gecko) Chrome/28.0.1500.95 Safari/537.36"
50.15.108.111 - - [18/Aug/2013:00:34:37 -0400] "GET /favicon.ico HTTP/1.1" 404 575 "-" "Mozilla/5.0 (Windows NT 6.1; WOW64) AppleWebKit/537.36 (KHTML, like Gecko) Chrome/28.0.1500.95 Safari/537.36"
119.63.196.77 - - [18/Aug/2013:22:13:34 -0400] "GET / HTTP/1.1" 200 7784 "-" "Mozilla/5.0 (compatible; Baiduspider/2.0; +http://www.baidu.com/search/spider.html)"
199.21.99.94 - - [18/Aug/2013:11:31:48 -0400] "GET /images/header3_10.gif HTTP/1.1" 304 - "-" "Mozilla/5.0 (compatible; YandexImages/3.0; +http://yandex.com/bots)"
50.15.108.111 - - [18/Aug/2013:00:34:35 -0400] "GET /pages/about-crowns.html HTTP/1.1" 200 8030 "https://www.google.com/" "Mozilla/5.0 (Windows NT 6.1; WOW64) AppleWebKit/537.36 (KHTML, like Gecko) Chrome/28.0.1500.95 Safari/537.36"
50.15.108.111 - - [18/Aug/2013:00:34:35 -0400] "GET /css/cm-styles.css HTTP/1.1" 200 4263 "http://www.craigmarberry.com/pages/about-crowns.html" "Mozilla/5.0 (Windows NT 6.1; WOW64) AppleWebKit/537.36 (KHTML, like Gecko) Chrome/28.0.1500.95 Safari/537.36"
50.15.108.111 - - [18/Aug/2013:00:34:35 -0400] "GET /images/header3_01.gif HTTP/1.1" 200 3744 "http://www.craigmarberry.com/pages/about-crowns.html" "Mozilla/5.0 (Windows NT 6.1; WOW64) AppleWebKit/537.36 (KHTML, like Gecko) Chrome/28.0.1500.95 Safari/537.36"
50.15.108.111 - - [18/Aug/2013:00:34:35 -0400] "GET /images/header3_02.gif HTTP/1.1" 200 10436 "http://www.craigmarberry.com/pages/about-crowns.html" "Mozilla/5.0 (Windows NT 6.1; WOW64) AppleWebKit/537.36 (KHTML, like Gecko) Chrome/28.0.1500.95 Safari/537.36"
50.15.108.111 - - [18/Aug/2013:00:34:35 -0400] "GET /images/header3_07.gif HTTP/1.1" 200 484 "http://www.craigmarberry.com/pages/about-crowns.html" "Mozilla/5.0 (Windows NT 6.1; WOW64) AppleWebKit/537.36 (KHTML, like Gecko) Chrome/28.0.1500.95 Safari/537.36"
50.15.108.111 - - [18/Aug/2013:00:34:36 -0400] "GET /images/header3_10.gif HTTP/1.1" 200 177 "http://www.craigmarberry.com/pages/about-crowns.html" "Mozilla/5.0 (Windows NT 6.1; WOW64) AppleWebKit/537.36 (KHTML, like Gecko) Chrome/28.0.1500.95 Safari/537.36"
50.15.108.111 - - [18/Aug/2013:00:34:37 -0400] "GET /images/header3_03-over.gif HTTP/1.1" 200 460 "http://www.craigmarberry.com/pages/about-crowns.html" "Mozilla/5.0 (Windows NT 6.1; WOW64) AppleWebKit/537.36 (KHTML, like Gecko) Chrome/28.0.1500.95 Safari/537.36"
50.15.108.111 - - [18/Aug/2013:00:34:37 -0400] "GET /images/header3_08a-over.gif HTTP/1.1" 200 456 "http://www.craigmarberry.com/pages/about-crowns.html" "Mozilla/5.0 (Windows NT 6.1; WOW64) AppleWebKit/537.36 (KHTML, like Gecko) Chrome/28.0.1500.95 Safari/537.36"
46.118.126.194 - - [18/Aug/2013:23:11:17 -0400] "GET /pages/lecture.html HTTP/1.1" 200 8407 "http://web-sektor.ru/" "Opera/7.54 (Windows NT 5.1; U) [pl]"
207.241.226.238 - - [18/Aug/2013:06:30:29 -0400] "GET /robots.txt HTTP/1.1" 404 575 "-" "ia_archiver(OS-Wayback)"
46.119.118.152 - - [18/Aug/2013:13:48:23 -0400] "GET /pages/lecture.html HTTP/1.1" 200 8407 "http://cleaning-uborka.ru/" "Mozilla/4.0 (compatible; MSIE 6.0; Windows NT 5.1; SV1; .NET CLR 1.1.4322; .NET CLR 2.0.50727)"
193.252.118.175 - - [18/Aug/2013:01:31:36 -0400] "GET /pages/press.html HTTP/1.1" 200 10329 "-" "Mozilla/5.0 (Windows; U; Windows NT 5.1; fr; rv:1.8.1) VoilaBot BETA 1.2 (support.voilabot@orange-ftgroup.com)"
157.55.32.221 - - [18/Aug/2013:21:16:50 -0400] "GET /robots.txt HTTP/1.1" 404 575 "-" "Mozilla/5.0 (compatible; bingbot/2.0; +http://www.bing.com/bingbot.htm)"
46.119.118.152 - - [18/Aug/2013:13:48:23 -0400] "GET /pages/lecture.html HTTP/1.1" 200 8407 "http://cleaning-uborka.ru/" "Mozilla/4.0 (compatible; MSIE 6.0; Windows NT 5.1; SV1; .NET CLR 1.1.4322; .NET CLR 2.0.50727)"
92.249.127.111 - - [18/Aug/2013:14:32:32 -0400] "GET /pages/lecture.html HTTP/1.1" 200 8407 "http://chydesa.mybb.ru/" "Mozilla/5.0 (compatible; news bot /2.1)"
92.249.127.111 - - [18/Aug/2013:14:32:33 -0400] "GET /pages/lecture.html HTTP/1.1" 200 8407 "http://chydesa.mybb.ru/" "Mozilla/5.0 (compatible; news bot /2.1)"
5.135.125.177 - - [18/Aug/2013:15:54:15 -0400] "GET / HTTP/1.1" 200 7784 "-" "Opera/9.80 (Windows NT 6.1; U; en) Presto/2.8.131 Version/11.10"
91.207.9.226 - - [18/Aug/2013:07:57:55 -0400] "GET /pages/lecture.html HTTP/1.1" 200 8407 "http://www.socioforum.su/" "Mozilla/4.0 (compatible; MSIE 6.0; Windows NT 5.1; ru) Opera 8.01"
199.21.99.94 - - [18/Aug/2013:10:12:06 -0400] "GET /images/header3_07.gif HTTP/1.1" 304 - "-" "Mozilla/5.0 (compatible; YandexImages/3.0; +http://yandex.com/bots)"
123.125.71.81 - - [18/Aug/2013:19:41:24 -0400] "GET /robots.txt HTTP/1.1" 404 575 "-" "Mozilla/5.0 (compatible; Baiduspider/2.0; +http://www.baidu.com/search/spider.html)"
91.200.13.1 - - [18/Aug/2013:02:04:15 -0400] "GET /pages/about.html HTTP/1.0" 200 18191 "http://www.craigmarberry.com/pages/about.html" "Mozilla/5.0 (Windows NT 6.1; rv:15.0) Gecko/20100101 Firefox/15.0.1"
178.137.128.12 - - [18/Aug/2013:11:24:28 -0400] "GET /pages/lecture.html HTTP/1.1" 200 8407 "http://ra-da.su/" "Mozilla/4.0 (compatible; MSIE 6.0; Windows NT 5.0; .NET CLR 1.0.3705; .NET CLR 1.1.4322)"
66.249.73.120 - - [18/Aug/2013:21:50:47 -0400] "GET /pages/about-spirit-of-harlem.html HTTP/1.1" 304 - "-" "DoCoMo/2.0 N905i(c100;TB;W24H16) (compatible; Googlebot-Mobile/2.1; +http://www.google.com/bot.html)"
91.207.9.226 - - [18/Aug/2013:07:57:54 -0400] "GET /pages/lecture.html HTTP/1.1" 200 8407 "http://www.socioforum.su/" "Mozilla/4.0 (compatible; MSIE 6.0; Windows NT 5.1; ru) Opera 8.01"
176.57.143.162 - - [18/Aug/2013:00:58:40 -0400] "GET /images/cuttin-up-excerpt.jpg HTTP/1.1" 200 20227 "-" "Mozilla/5.0 (X11; Linux i686; rv:6.0) Gecko/20100101 Firefox/6.0"
178.137.128.12 - - [18/Aug/2013:11:24:28 -0400] "GET /pages/lecture.html HTTP/1.1" 200 8407 "http://ra-da.su/" "Mozilla/4.0 (compatible; MSIE 6.0; Windows NT 5.0; .NET CLR 1.0.3705; .NET CLR 1.1.4322)"
92.249.127.111 - - [18/Aug/2013:22:47:20 -0400] "GET /pages/lecture.html HTTP/1.1" 200 8407 "http://www.bravica.pro/ru/" "Mozilla/5.0 (compatible; news bot /2.1)"
46.118.126.194 - - [18/Aug/2013:23:11:14 -0400] "GET /pages/lecture.html HTTP/1.1" 200 8407 "http://web-sektor.ru/" "Opera/7.54 (Windows NT 5.1; U) [pl]"
46.119.118.152 - - [18/Aug/2013:13:48:23 -0400] "GET /pages/lecture.html HTTP/1.1" 200 8407 "http://www.bravica.com/ru/" "Mozilla/4.0 (compatible; MSIE 6.0; Windows NT 5.1; SV1; .NET CLR 1.1.4322; .NET CLR 2.0.50727)"
178.137.128.12 - - [18/Aug/2013:08:34:26 -0400] "GET /pages/lecture.html HTTP/1.1" 200 8407 "http://bidla.net/" "Opera/8.01 (Windows NT 5.1)"
46.229.170.197 - - [18/Aug/2013:23:01:31 -0400] "GET / HTTP/1.1" 200 7784 "-" "Mozilla/5.0 (X11; Linux ppc; rv:5.0) Gecko/20100101 Firefox/5.0"
173.51.145.197 - - [18/Aug/2013:13:51:28 -0400] "GET /pages/about-crowns.html HTTP/1.1" 200 8030 "-" "Mozilla/4.0 (compatible; MSIE 7.0; Windows NT 5.1; Trident/4.0; BTRS105546; .NET CLR 2.0.50727; .NET CLR 1.1.4322; .NET CLR 3.0.4506.2152; .NET CLR 3.5.30729; .NET4.0C; yie8)"
173.51.145.197 - - [18/Aug/2013:13:51:29 -0400] "GET /images/header3_01.gif HTTP/1.1" 200 3744 "http://www.craigmarberry.com/pages/about-crowns.html" "Mozilla/4.0 (compatible; MSIE 7.0; Windows NT 5.1; Trident/4.0; BTRS105546; .NET CLR 2.0.50727; .NET CLR 1.1.4322; .NET CLR 3.0.4506.2152; .NET CLR 3.5.30729; .NET4.0C; yie8)"
173.51.145.197 - - [18/Aug/2013:13:51:29 -0400] "GET /images/header3_02.gif HTTP/1.1" 200 10436 "http://www.craigmarberry.com/pages/about-crowns.html" "Mozilla/4.0 (compatible; MSIE 7.0; Windows NT 5.1; Trident/4.0; BTRS105546; .NET CLR 2.0.50727; .NET CLR 1.1.4322; .NET CLR 3.0.4506.2152; .NET CLR 3.5.30729; .NET4.0C; yie8)"
173.51.145.197 - - [18/Aug/2013:13:51:29 -0400] "GET /images/header3_04.gif HTTP/1.1" 200 727 "http://www.craigmarberry.com/pages/about-crowns.html" "Mozilla/4.0 (compatible; MSIE 7.0; Windows NT 5.1; Trident/4.0; BTRS105546; .NET CLR 2.0.50727; .NET CLR 1.1.4322; .NET CLR 3.0.4506.2152; .NET CLR 3.5.30729; .NET4.0C; yie8)"
173.51.145.197 - - [18/Aug/2013:13:51:29 -0400] "GET /images/header3_07.gif HTTP/1.1" 200 484 "http://www.craigmarberry.com/pages/about-crowns.html" "Mozilla/4.0 (compatible; MSIE 7.0; Windows NT 5.1; Trident/4.0; BTRS105546; .NET CLR 2.0.50727; .NET CLR 1.1.4322; .NET CLR 3.0.4506.2152; .NET CLR 3.5.30729; .NET4.0C; yie8)"
173.51.145.197 - - [18/Aug/2013:13:51:30 -0400] "GET /images/header3_09.gif HTTP/1.1" 200 546 "http://www.craigmarberry.com/pages/about-crowns.html" "Mozilla/4.0 (compatible; MSIE 7.0; Windows NT 5.1; Trident/4.0; BTRS105546; .NET CLR 2.0.50727; .NET CLR 1.1.4322; .NET CLR 3.0.4506.2152; .NET CLR 3.5.30729; .NET4.0C; yie8)"
173.51.145.197 - - [18/Aug/2013:13:51:30 -0400] "GET /images/header3_06.gif HTTP/1.1" 200 437 "http://www.craigmarberry.com/pages/about-crowns.html" "Mozilla/4.0 (compatible; MSIE 7.0; Windows NT 5.1; Trident/4.0; BTRS105546; .NET CLR 2.0.50727; .NET CLR 1.1.4322; .NET CLR 3.0.4506.2152; .NET CLR 3.5.30729; .NET4.0C; yie8)"
81.52.143.26 - - [18/Aug/2013:10:56:13 -0400] "GET /pages/about-crowns.html HTTP/1.1" 200 8030 "-" "Mozilla/5.0 (Windows; U; Windows NT 5.1; fr; rv:1.8.1) VoilaBot BETA 1.2 (support.voilabot@orange-ftgroup.com)"
96.224.8.236 - - [18/Aug/2013:16:36:57 -0400] "GET /pages/about-spirit-of-harlem.html HTTP/1.1" 200 8414 "https://www.google.com/" "Mozilla/5.0 (Macintosh; Intel Mac OS X 10_6_8) AppleWebKit/537.36 (KHTML, like Gecko) Chrome/28.0.1500.95 Safari/537.36"
96.224.8.236 - - [18/Aug/2013:16:36:57 -0400] "GET /images/header3_02.gif HTTP/1.1" 200 10436 "http://www.craigmarberry.com/pages/about-spirit-of-harlem.html" "Mozilla/5.0 (Macintosh; Intel Mac OS X 10_6_8) AppleWebKit/537.36 (KHTML, like Gecko) Chrome/28.0.1500.95 Safari/537.36"
96.224.8.236 - - [18/Aug/2013:16:36:57 -0400] "GET /images/bg-pattern.gif HTTP/1.1" 200 138 "http://www.craigmarberry.com/pages/about-spirit-of-harlem.html" "Mozilla/5.0 (Macintosh; Intel Mac OS X 10_6_8) AppleWebKit/537.36 (KHTML, like Gecko) Chrome/28.0.1500.95 Safari/537.36"
96.224.8.236 - - [18/Aug/2013:16:36:57 -0400] "GET /images/header3_07.gif HTTP/1.1" 200 484 "http://www.craigmarberry.com/pages/about-spirit-of-harlem.html" "Mozilla/5.0 (Macintosh; Intel Mac OS X 10_6_8) AppleWebKit/537.36 (KHTML, like Gecko) Chrome/28.0.1500.95 Safari/537.36"
96.224.8.236 - - [18/Aug/2013:16:36:58 -0400] "GET /images/header3_06-over.gif HTTP/1.1" 200 455 "http://www.craigmarberry.com/pages/about-spirit-of-harlem.html" "Mozilla/5.0 (Macintosh; Intel Mac OS X 10_6_8) AppleWebKit/537.36 (KHTML, like Gecko) Chrome/28.0.1500.95 Safari/537.36"
91.207.9.226 - - [18/Aug/2013:22:25:41 -0400] "GET /pages/lecture.html HTTP/1.1" 200 8407 "http://myvigre.ru/" "Mozilla/4.0 (compatible; MSIE 6.0; Windows NT 5.1; SV1; .NET CLR 1.1.4322) Babya Discoverer 8.0:"
199.21.99.94 - - [18/Aug/2013:00:31:03 -0400] "GET /images/header3_07.gif HTTP/1.1" 304 - "-" "Mozilla/5.0 (compatible; YandexImages/3.0; +http://yandex.com/bots)"
173.51.145.197 - - [18/Aug/2013:13:51:29 -0400] "GET /css/cm-styles.css HTTP/1.1" 200 4263 "http://www.craigmarberry.com/pages/about-crowns.html" "Mozilla/4.0 (compatible; MSIE 7.0; Windows NT 5.1; Trident/4.0; BTRS105546; .NET CLR 2.0.50727; .NET CLR 1.1.4322; .NET CLR 3.0.4506.2152; .NET CLR 3.5.30729; .NET4.0C; yie8)"
173.51.145.197 - - [18/Aug/2013:13:51:29 -0400] "GET /images/bg-pattern.gif HTTP/1.1" 200 138 "http://www.craigmarberry.com/pages/about-crowns.html" "Mozilla/4.0 (compatible; MSIE 7.0; Windows NT 5.1; Trident/4.0; BTRS105546; .NET CLR 2.0.50727; .NET CLR 1.1.4322; .NET CLR 3.0.4506.2152; .NET CLR 3.5.30729; .NET4.0C; yie8)"
173.51.145.197 - - [18/Aug/2013:13:51:29 -0400] "GET /images/header3_03.gif HTTP/1.1" 200 441 "http://www.craigmarberry.com/pages/about-crowns.html" "Mozilla/4.0 (compatible; MSIE 7.0; Windows NT 5.1; Trident/4.0; BTRS105546; .NET CLR 2.0.50727; .NET CLR 1.1.4322; .NET CLR 3.0.4506.2152; .NET CLR 3.5.30729; .NET4.0C; yie8)"
173.51.145.197 - - [18/Aug/2013:13:51:29 -0400] "GET /images/header3_05.gif HTTP/1.1" 200 635 "http://www.craigmarberry.com/pages/about-crowns.html" "Mozilla/4.0 (compatible; MSIE 7.0; Windows NT 5.1; Trident/4.0; BTRS105546; .NET CLR 2.0.50727; .NET CLR 1.1.4322; .NET CLR 3.0.4506.2152; .NET CLR 3.5.30729; .NET4.0C; yie8)"
173.51.145.197 - - [18/Aug/2013:13:51:29 -0400] "GET /images/header3_08a.gif HTTP/1.1" 200 441 "http://www.craigmarberry.com/pages/about-crowns.html" "Mozilla/4.0 (compatible; MSIE 7.0; Windows NT 5.1; Trident/4.0; BTRS105546; .NET CLR 2.0.50727; .NET CLR 1.1.4322; .NET CLR 3.0.4506.2152; .NET CLR 3.5.30729; .NET4.0C; yie8)"
173.51.145.197 - - [18/Aug/2013:13:51:30 -0400] "GET /images/header3_10.gif HTTP/1.1" 200 177 "http://www.craigmarberry.com/pages/about-crowns.html" "Mozilla/4.0 (compatible; MSIE 7.0; Windows NT 5.1; Trident/4.0; BTRS105546; .NET CLR 2.0.50727; .NET CLR 1.1.4322; .NET CLR 3.0.4506.2152; .NET CLR 3.5.30729; .NET4.0C; yie8)"
173.51.145.197 - - [18/Aug/2013:13:51:30 -0400] "GET /images/crowns-cover-md.jpg HTTP/1.1" 200 12600 "http://www.craigmarberry.com/pages/about-crowns.html" "Mozilla/4.0 (compatible; MSIE 7.0; Windows NT 5.1; Trident/4.0; BTRS105546; .NET CLR 2.0.50727; .NET CLR 1.1.4322; .NET CLR 3.0.4506.2152; .NET CLR 3.5.30729; .NET4.0C; yie8)"
50.15.108.111 - - [18/Aug/2013:00:34:35 -0400] "GET /images/header3_06.gif HTTP/1.1" 200 437 "http://www.craigmarberry.com/pages/about-crowns.html" "Mozilla/5.0 (Windows NT 6.1; WOW64) AppleWebKit/537.36 (KHTML, like Gecko) Chrome/28.0.1500.95 Safari/537.36"
50.15.108.111 - - [18/Aug/2013:00:34:36 -0400] "GET /images/crowns-cover-md.jpg HTTP/1.1" 200 12600 "http://www.craigmarberry.com/pages/about-crowns.html" "Mozilla/5.0 (Windows NT 6.1; WOW64) AppleWebKit/537.36 (KHTML, like Gecko) Chrome/28.0.1500.95 Safari/537.36"
50.15.108.111 - - [18/Aug/2013:00:34:37 -0400] "GET /images/header3_04-over.gif HTTP/1.1" 200 757 "http://www.craigmarberry.com/pages/about-crowns.html" "Mozilla/5.0 (Windows NT 6.1; WOW64) AppleWebKit/537.36 (KHTML, like Gecko) Chrome/28.0.1500.95 Safari/537.36"
96.224.8.236 - - [18/Aug/2013:16:36:57 -0400] "GET /images/spirit-of-harlem-cover-md.jpg HTTP/1.1" 200 13973 "http://www.craigmarberry.com/pages/about-spirit-of-harlem.html" "Mozilla/5.0 (Macintosh; Intel Mac OS X 10_6_8) AppleWebKit/537.36 (KHTML, like Gecko) Chrome/28.0.1500.95 Safari/537.36"
96.224.8.236 - - [18/Aug/2013:16:36:58 -0400] "GET /images/header3_03-over.gif HTTP/1.1" 200 460 "http://www.craigmarberry.com/pages/about-spirit-of-harlem.html" "Mozilla/5.0 (Macintosh; Intel Mac OS X 10_6_8) AppleWebKit/537.36 (KHTML, like Gecko) Chrome/28.0.1500.95 Safari/537.36"
96.224.8.236 - - [18/Aug/2013:16:36:58 -0400] "GET /images/header3_09-over.gif HTTP/1.1" 200 568 "http://www.craigmarberry.com/pages/about-spirit-of-harlem.html" "Mozilla/5.0 (Macintosh; Intel Mac OS X 10_6_8) AppleWebKit/537.36 (KHTML, like Gecko) Chrome/28.0.1500.95 Safari/537.36"
96.224.8.236 - - [18/Aug/2013:16:36:58 -0400] "GET /favicon.ico HTTP/1.1" 404 575 "-" "Mozilla/5.0 (Macintosh; Intel Mac OS X 10_6_8) AppleWebKit/537.36 (KHTML, like Gecko) Chrome/28.0.1500.95 Safari/537.36"
61.135.189.156 - - [18/Aug/2013:21:23:15 -0400] "GET /robots.txt HTTP/1.1" 404 575 "-" "Sogou web spider/4.0(+http://www.sogou.com/docs/help/webmasters.htm#07)"
66.249.73.120 - - [18/Aug/2013:22:06:49 -0400] "GET / HTTP/1.1" 200 7784 "-" "Mozilla/5.0 (iPhone; U; CPU iPhone OS 4_1 like Mac OS X; en-us) AppleWebKit/532.9 (KHTML, like Gecko) Version/4.0.5 Mobile/8B117 Safari/6531.22.7 (compatible; Googlebot-Mobile/2.1; +http://www.google.com/bot.html)"
193.252.149.15 - - [18/Aug/2013:08:09:19 -0400] "GET /robots.txt HTTP/1.1" 404 575 "-" "Mozilla/5.0 (Windows; U; Windows NT 5.1; fr; rv:1.8.1) VoilaBot BETA 1.2 (support.voilabot@orange-ftgroup.com)"
91.207.9.226 - - [18/Aug/2013:22:25:40 -0400] "GET /pages/lecture.html HTTP/1.1" 200 8407 "http://myvigre.ru/" "Mozilla/4.0 (compatible; MSIE 6.0; Windows NT 5.1; SV1; .NET CLR 1.1.4322) Babya Discoverer 8.0:"
5.135.125.177 - - [18/Aug/2013:15:54:18 -0400] "GET /excerpt-spirit-of-harlem.html HTTP/1.1" 404 575 "-" "Mozilla/5.0 (Windows; U; Windows NT 6.1; en-US) AppleWebKit/533.20.25 (KHTML, like Gecko) Version/5.0.3 Safari/533.19.4"
50.15.108.111 - - [18/Aug/2013:00:34:35 -0400] "GET /images/header3_05.gif HTTP/1.1" 200 635 "http://www.craigmarberry.com/pages/about-crowns.html" "Mozilla/5.0 (Windows NT 6.1; WOW64) AppleWebKit/537.36 (KHTML, like Gecko) Chrome/28.0.1500.95 Safari/537.36"
50.15.108.111 - - [18/Aug/2013:00:34:36 -0400] "GET /images/header3_08a.gif HTTP/1.1" 200 441 "http://www.craigmarberry.com/pages/about-crowns.html" "Mozilla/5.0 (Windows NT 6.1; WOW64) AppleWebKit/537.36 (KHTML, like Gecko) Chrome/28.0.1500.95 Safari/537.36"
50.15.108.111 - - [18/Aug/2013:00:34:37 -0400] "GET /images/header3_05-over.gif HTTP/1.1" 200 661 "http://www.craigmarberry.com/pages/about-crowns.html" "Mozilla/5.0 (Windows NT 6.1; WOW64) AppleWebKit/537.36 (KHTML, like Gecko) Chrome/28.0.1500.95 Safari/537.36"
199.21.99.94 - - [18/Aug/2013:05:08:14 -0400] "GET /images/header3_10.gif HTTP/1.1" 304 - "-" "Mozilla/5.0 (compatible; YandexImages/3.0; +http://yandex.com/bots)"
50.15.108.111 - - [18/Aug/2013:00:34:35 -0400] "GET /images/header3_04.gif HTTP/1.1" 200 727 "http://www.craigmarberry.com/pages/about-crowns.html" "Mozilla/5.0 (Windows NT 6.1; WOW64) AppleWebKit/537.36 (KHTML, like Gecko) Chrome/28.0.1500.95 Safari/537.36"
50.15.108.111 - - [18/Aug/2013:00:34:36 -0400] "GET /images/bg-pattern.gif HTTP/1.1" 200 138 "http://www.craigmarberry.com/pages/about-crowns.html" "Mozilla/5.0 (Windows NT 6.1; WOW64) AppleWebKit/537.36 (KHTML, like Gecko) Chrome/28.0.1500.95 Safari/537.36"
50.15.108.111 - - [18/Aug/2013:00:34:37 -0400] "GET /images/header3_07-over.gif HTTP/1.1" 200 505 "http://www.craigmarberry.com/pages/about-crowns.html" "Mozilla/5.0 (Windows NT 6.1; WOW64) AppleWebKit/537.36 (KHTML, like Gecko) Chrome/28.0.1500.95 Safari/537.36"
199.21.99.94 - - [18/Aug/2013:23:23:39 -0400] "GET /images/header3_05.gif HTTP/1.1" 304 - "-" "Mozilla/5.0 (compatible; YandexImages/3.0; +http://yandex.com/bots)"
193.252.149.15 - - [18/Aug/2013:08:09:35 -0400] "GET /pages/about.html HTTP/1.1" 200 18191 "-" "Mozilla/5.0 (Windows; U; Windows NT 5.1; fr; rv:1.8.1) VoilaBot BETA 1.2 (support.voilabot@orange-ftgroup.com)"
178.137.128.12 - - [18/Aug/2013:08:34:26 -0400] "GET /pages/lecture.html HTTP/1.1" 200 8407 "http://bidla.net/" "Opera/8.01 (Windows NT 5.1)"
5.135.125.177 - - [18/Aug/2013:15:54:19 -0400] "GET /pages/about-crowns.html HTTP/1.1" 200 8030 "-" "Mozilla/5.0 (Macintosh; U; Intel Mac OS X 10_6_8; en-US) AppleWebKit/533.21.1 (KHTML, like Gecko) Version/5.0.5 Safari/533.21.1"
218.30.103.139 - - [18/Aug/2013:12:08:25 -0400] "GET / HTTP/1.1" 304 - "-" "Sogou web spider/4.0(+http://www.sogou.com/docs/help/webmasters.htm#07)"
66.249.73.231 - - [18/Aug/2013:05:46:24 -0400] "GET /robots.txt HTTP/1.1" 404 575 "-" "Mozilla/5.0 (compatible; Googlebot/2.1; +http://www.google.com/bot.html)"
81.52.143.34 - - [18/Aug/2013:12:08:04 -0400] "GET /pages/contact.html HTTP/1.1" 200 6636 "-" "Mozilla/5.0 (Windows; U; Windows NT 5.1; fr; rv:1.8.1) VoilaBot BETA 1.2 (support.voilabot@orange-ftgroup.com)"
101.226.166.197 - - [18/Aug/2013:13:55:51 -0400] "GET /robots.txt HTTP/1.1" 404 575 "http://www.craigmarberry.com/robots.txt" "Mozilla/4.0 (compatible; MSIE 8.0; Windows NT 6.1; Trident/4.0; SLCC2; .NET CLR 2.0.50727; .NET CLR 3.5.30729; .NET CLR 3.0.30729; Media Center PC 6.0; MDDR; .NET4.0C; .NET4.0E; .NET CLR 1.1.4322; Tablet PC 2.0); 360Spider"
5.135.125.177 - - [18/Aug/2013:15:54:17 -0400] "GET /press.html HTTP/1.1" 404 575 "-" "Opera/9.80 (X11; Linux i686; U; en) Presto/2.7.62 Version/11.00Mozilla/5.0 (Macintosh; U; Intel Mac OS X 10_6_7; en-US) AppleWebKit/534.16 (KHTML, like Gecko) Chrome/10.0.648.205 Safari/534.16"
199.21.99.94 - - [18/Aug/2013:16:23:19 -0400] "GET /images/header3_09.gif HTTP/1.1" 304 - "-" "Mozilla/5.0 (compatible; YandexImages/3.0; +http://yandex.com/bots)"
61.135.189.156 - - [18/Aug/2013:21:23:16 -0400] "GET / HTTP/1.1" 200 7784 "-" "Sogou web spider/4.0(+http://www.sogou.com/docs/help/webmasters.htm#07)"
193.252.118.175 - - [18/Aug/2013:01:31:11 -0400] "GET /robots.txt HTTP/1.1" 404 575 "-" "Mozilla/5.0 (Windows; U; Windows NT 5.1; fr; rv:1.8.1) VoilaBot BETA 1.2 (support.voilabot@orange-ftgroup.com)"
199.21.99.94 - - [18/Aug/2013:04:03:28 -0400] "GET /images/header3_09.gif HTTP/1.1" 304 - "-" "Mozilla/5.0 (compatible; YandexImages/3.0; +http://yandex.com/bots)"
199.21.99.94 - - [18/Aug/2013:09:21:40 -0400] "GET /images/header3_03.gif HTTP/1.1" 304 - "-" "Mozilla/5.0 (compatible; YandexImages/3.0; +http://yandex.com/bots)"
199.21.99.94 - - [18/Aug/2013:21:05:00 -0400] "GET /images/header3_10.gif HTTP/1.1" 304 - "-" "Mozilla/5.0 (compatible; YandexImages/3.0; +http://yandex.com/bots)"
92.249.127.111 - - [18/Aug/2013:22:47:19 -0400] "GET /pages/lecture.html HTTP/1.1" 200 8407 "http://www.bravica.pro/ru/" "Mozilla/5.0 (compatible; news bot /2.1)"
81.52.143.26 - - [18/Aug/2013:10:55:37 -0400] "GET /robots.txt HTTP/1.1" 404 575 "-" "Mozilla/5.0 (Windows; U; Windows NT 5.1; fr; rv:1.8.1) VoilaBot BETA 1.2 (support.voilabot@orange-ftgroup.com)"
173.51.145.197 - - [18/Aug/2013:13:52:01 -0400] "GET /robots.txt HTTP/1.1" 404 575 "-" "Mozilla/4.0 (compatible; MSIE 6.0; Windows NT 5.1)"
81.52.143.31 - - [18/Aug/2013:12:28:06 -0400] "GET /pages/about-spirit-of-harlem.html HTTP/1.1" 200 8414 "-" "Mozilla/5.0 (Windows; U; Windows NT 5.1; fr; rv:1.8.1) VoilaBot BETA 1.2 (support.voilabot@orange-ftgroup.com)"
199.21.99.94 - - [18/Aug/2013:20:29:13 -0400] "GET /images/header3_07.gif HTTP/1.1" 304 - "-" "Mozilla/5.0 (compatible; YandexImages/3.0; +http://yandex.com/bots)"
180.76.5.48 - - [18/Aug/2013:02:25:07 -0400] "GET /pages/links.html HTTP/1.1" 200 8900 "-" "Mozilla/5.0 (compatible; Baiduspider/2.0; +http://www.baidu.com/search/spider.html)"
178.137.128.12 - - [18/Aug/2013:08:34:25 -0400] "GET /pages/lecture.html HTTP/1.1" 200 8407 "http://bidla.net/" "Opera/8.01 (Windows NT 5.1)"
199.21.99.94 - - [18/Aug/2013:06:29:31 -0400] "GET /images/header3_08a.gif HTTP/1.1" 304 - "-" "Mozilla/5.0 (compatible; YandexImages/3.0; +http://yandex.com/bots)"
199.21.99.94 - - [18/Aug/2013:18:17:06 -0400] "GET /images/header3_03.gif HTTP/1.1" 304 - "-" "Mozilla/5.0 (compatible; YandexImages/3.0; +http://yandex.com/bots)"
46.118.126.194 - - [18/Aug/2013:23:11:15 -0400] "GET /pages/lecture.html HTTP/1.1" 200 8407 "http://web-sektor.ru/" "Opera/7.54 (Windows NT 5.1; U) [pl]"
199.21.99.94 - - [18/Aug/2013:00:31:01 -0400] "GET /robots.txt HTTP/1.1" 404 575 "-" "Mozilla/5.0 (compatible; YandexBot/3.0; +http://yandex.com/bots)"
50.15.108.111 - - [18/Aug/2013:00:34:51 -0400] "GET /favicon.ico HTTP/1.1" 404 575 "-" "Mozilla/5.0 (Windows NT 6.1; WOW64) AppleWebKit/537.36 (KHTML, like Gecko) Chrome/28.0.1500.95 Safari/537.36"
199.21.99.94 - - [18/Aug/2013:03:37:21 -0400] "GET /images/header3_05.gif HTTP/1.1" 304 - "-" "Mozilla/5.0 (compatible; YandexImages/3.0; +http://yandex.com/bots)"
66.249.73.120 - - [18/Aug/2013:12:24:53 -0400] "GET /robots.txt HTTP/1.1" 404 575 "-" "Mozilla/5.0 (compatible; Googlebot/2.1; +http://www.google.com/bot.html)"
92.249.127.111 - - [18/Aug/2013:22:47:19 -0400] "GET /pages/lecture.html HTTP/1.1" 200 8407 "http://www.bravica.pro/ru/" "Mozilla/5.0 (compatible; news bot /2.1)"
207.241.226.239 - - [18/Aug/2013:06:30:29 -0400] "GET /robots.txt HTTP/1.1" 404 575 "-" "ia_archiver(OS-Wayback)"
199.21.99.94 - - [18/Aug/2013:12:26:32 -0400] "GET /images/header3_08a.gif HTTP/1.1" 304 - "-" "Mozilla/5.0 (compatible; YandexImages/3.0; +http://yandex.com/bots)"
173.51.145.197 - - [18/Aug/2013:13:52:18 -0400] "GET /pages/about-crowns.html HTTP/1.1" 200 8030 "-" "Mozilla/4.0 (compatible; MSIE 6.0; Windows NT 5.1)"
37.139.52.23 - - [18/Aug/2013:01:33:03 -0400] "GET /pages/lecture.html HTTP/1.1" 200 8407 "http://moygarag.ru/" "Mozilla/4.0 (compatible; MSIE 5.0; Windows 95) Opera 6.01 [en]"
96.224.8.236 - - [18/Aug/2013:16:36:57 -0400] "GET /images/header3_04.gif HTTP/1.1" 200 727 "http://www.craigmarberry.com/pages/about-spirit-of-harlem.html" "Mozilla/5.0 (Macintosh; Intel Mac OS X 10_6_8) AppleWebKit/537.36 (KHTML, like Gecko) Chrome/28.0.1500.95 Safari/537.36"
96.224.8.236 - - [18/Aug/2013:16:36:57 -0400] "GET /images/header3_08a.gif HTTP/1.1" 200 441 "http://www.craigmarberry.com/pages/about-spirit-of-harlem.html" "Mozilla/5.0 (Macintosh; Intel Mac OS X 10_6_8) AppleWebKit/537.36 (KHTML, like Gecko) Chrome/28.0.1500.95 Safari/537.36"
96.224.8.236 - - [18/Aug/2013:16:36:58 -0400] "GET /images/header3_05-over.gif HTTP/1.1" 200 661 "http://www.craigmarberry.com/pages/about-spirit-of-harlem.html" "Mozilla/5.0 (Macintosh; Intel Mac OS X 10_6_8) AppleWebKit/537.36 (KHTML, like Gecko) Chrome/28.0.1500.95 Safari/537.36"
91.207.9.226 - - [18/Aug/2013:22:25:40 -0400] "GET /pages/lecture.html HTTP/1.1" 200 8407 "http://myvigre.ru/" "Mozilla/4.0 (compatible; MSIE 6.0; Windows NT 5.1; SV1; .NET CLR 1.1.4322) Babya Discoverer 8.0:"
46.119.118.152 - - [18/Aug/2013:13:48:23 -0400] "GET /pages/lecture.html HTTP/1.1" 200 8407 "http://www.bravica.com/ru/" "Mozilla/4.0 (compatible; MSIE 6.0; Windows NT 5.1; SV1; .NET CLR 1.1.4322; .NET CLR 2.0.50727)"
96.224.8.236 - - [18/Aug/2013:16:36:57 -0400] "GET /images/header3_10.gif HTTP/1.1" 200 177 "http://www.craigmarberry.com/pages/about-spirit-of-harlem.html" "Mozilla/5.0 (Macintosh; Intel Mac OS X 10_6_8) AppleWebKit/537.36 (KHTML, like Gecko) Chrome/28.0.1500.95 Safari/537.36"
96.224.8.236 - - [18/Aug/2013:16:36:58 -0400] "GET /images/header3_08a-over.gif HTTP/1.1" 200 456 "http://www.craigmarberry.com/pages/about-spirit-of-harlem.html" "Mozilla/5.0 (Macintosh; Intel Mac OS X 10_6_8) AppleWebKit/537.36 (KHTML, like Gecko) Chrome/28.0.1500.95 Safari/537.36"
96.224.8.236 - - [18/Aug/2013:16:36:57 -0400] "GET /images/header3_05.gif HTTP/1.1" 200 635 "http://www.craigmarberry.com/pages/about-spirit-of-harlem.html" "Mozilla/5.0 (Macintosh; Intel Mac OS X 10_6_8) AppleWebKit/537.36 (KHTML, like Gecko) Chrome/28.0.1500.95 Safari/537.36"
96.224.8.236 - - [18/Aug/2013:16:36:57 -0400] "GET /images/header3_09.gif HTTP/1.1" 200 546 "http://www.craigmarberry.com/pages/about-spirit-of-harlem.html" "Mozilla/5.0 (Macintosh; Intel Mac OS X 10_6_8) AppleWebKit/537.36 (KHTML, like Gecko) Chrome/28.0.1500.95 Safari/537.36"
96.224.8.236 - - [18/Aug/2013:16:36:58 -0400] "GET /images/header3_04-over.gif HTTP/1.1" 200 757 "http://www.craigmarberry.com/pages/about-spirit-of-harlem.html" "Mozilla/5.0 (Macintosh; Intel Mac OS X 10_6_8) AppleWebKit/537.36 (KHTML, like Gecko) Chrome/28.0.1500.95 Safari/537.36"
91.207.9.226 - - [18/Aug/2013:07:57:53 -0400] "GET /pages/lecture.html HTTP/1.1" 200 8407 "http://www.socioforum.su/" "Mozilla/4.0 (compatible; MSIE 6.0; Windows NT 5.1; ru) Opera 8.01"
173.51.145.197 - - [18/Aug/2013:13:52:09 -0400] "GET / HTTP/1.1" 200 7784 "-" "Mozilla/4.0 (compatible; MSIE 6.0; Windows NT 5.1)"
218.30.103.139 - - [18/Aug/2013:12:08:40 -0400] "GET /robots.txt HTTP/1.1" 404 575 "-" "Sogou web spider/4.0"
66.249.73.120 - - [18/Aug/2013:09:23:54 -0400] "GET /pages/press.html HTTP/1.1" 304 - "-" "Mozilla/5.0 (iPhone; U; CPU iPhone OS 4_1 like Mac OS X; en-us) AppleWebKit/532.9 (KHTML, like Gecko) Version/4.0.5 Mobile/8B117 Safari/6531.22.7 (compatible; Googlebot-Mobile/2.1; +http://www.google.com/bot.html)"
66.249.73.120 - - [18/Aug/2013:12:24:53 -0400] "GET /pages/excerpt-cuttin-up.html HTTP/1.1" 200 10420 "-" "Mozilla/5.0 (compatible; Googlebot/2.1; +http://www.google.com/bot.html)"
5.135.125.177 - - [18/Aug/2013:15:54:17 -0400] "GET /pages/bookshelf.html HTTP/1.1" 200 8640 "-" "Opera/9.80 (Macintosh; Intel Mac OS X 10.6.8; U; en) Presto/2.9.168 Version/11.52"
199.21.99.94 - - [18/Aug/2013:00:31:18 -0400] "GET /images/header3_04.gif HTTP/1.1" 304 - "-" "Mozilla/5.0 (compatible; YandexImages/3.0; +http://yandex.com/bots)"
199.21.99.94 - - [18/Aug/2013:12:39:08 -0400] "GET /robots.txt HTTP/1.1" 404 575 "-" "Mozilla/5.0 (compatible; YandexBot/3.0; +http://yandex.com/bots)"
199.21.99.94 - - [18/Aug/2013:12:39:10 -0400] "GET /images/header3_04.gif HTTP/1.1" 304 - "-" "Mozilla/5.0 (compatible; YandexImages/3.0; +http://yandex.com/bots)"
66.249.73.120 - - [18/Aug/2013:15:46:39 -0400] "GET /robots.txt HTTP/1.1" 404 575 "-" "Mozilla/5.0 (compatible; Googlebot/2.1; +http://www.google.com/bot.html)"
66.249.73.120 - - [18/Aug/2013:15:46:39 -0400] "GET /pages/excerpt-spirit-of-harlem.html HTTP/1.1" 200 10750 "-" "Mozilla/5.0 (compatible; Googlebot/2.1; +http://www.google.com/bot.html)"
199.21.99.94 - - [18/Aug/2013:05:00:51 -0400] "GET / HTTP/1.1" 200 7784 "-" "Mozilla/5.0 (compatible; YandexBot/3.0; +http://yandex.com/bots)"
157.55.32.221 - - [18/Aug/2013:21:19:00 -0400] "GET / HTTP/1.1" 200 7784 "-" "Mozilla/5.0 (compatible; bingbot/2.0; +http://www.bing.com/bingbot.htm)"
46.119.118.152 - - [18/Aug/2013:13:48:22 -0400] "GET /pages/lecture.html HTTP/1.1" 200 8407 "http://cleaning-uborka.ru/" "Mozilla/4.0 (compatible; MSIE 6.0; Windows NT 5.1; SV1; .NET CLR 1.1.4322; .NET CLR 2.0.50727)"
50.15.108.111 - - [18/Aug/2013:00:34:42 -0400] "GET /pages/excerpt-crowns.html HTTP/1.1" 200 10444 "http://www.craigmarberry.com/pages/about-crowns.html" "Mozilla/5.0 (Windows NT 6.1; WOW64) AppleWebKit/537.36 (KHTML, like Gecko) Chrome/28.0.1500.95 Safari/537.36"
50.15.108.111 - - [18/Aug/2013:00:34:43 -0400] "GET /images/crowns-excerpt.jpg HTTP/1.1" 200 13240 "http://www.craigmarberry.com/pages/excerpt-crowns.html" "Mozilla/5.0 (Windows NT 6.1; WOW64) AppleWebKit/537.36 (KHTML, like Gecko) Chrome/28.0.1500.95 Safari/537.36"
50.15.108.111 - - [18/Aug/2013:00:34:43 -0400] "GET /favicon.ico HTTP/1.1" 404 575 "-" "Mozilla/5.0 (Windows NT 6.1; WOW64) AppleWebKit/537.36 (KHTML, like Gecko) Chrome/28.0.1500.95 Safari/537.36"
199.21.99.94 - - [18/Aug/2013:16:51:07 -0400] "GET /images/header3_05.gif HTTP/1.1" 304 - "-" "Mozilla/5.0 (compatible; YandexImages/3.0; +http://yandex.com/bots)"
199.21.99.94 - - [18/Aug/2013:21:10:53 -0400] "GET /images/header3_06.gif HTTP/1.1" 304 - "-" "Mozilla/5.0 (compatible; YandexImages/3.0; +http://yandex.com/bots)"
218.30.103.139 - - [18/Aug/2013:12:36:14 -0400] "GET / HTTP/1.1" 304 - "-" "Sogou web spider/4.0(+http://www.sogou.com/docs/help/webmasters.htm#07)"
199.21.99.94 - - [18/Aug/2013:15:15:56 -0400] "GET /pages/links.html HTTP/1.1" 200 8900 "-" "Mozilla/5.0 (compatible; YandexBot/3.0; +http://yandex.com/bots)"
199.21.99.94 - - [18/Aug/2013:15:15:58 -0400] "GET /images/header3_06.gif HTTP/1.1" 304 - "-" "Mozilla/5.0 (compatible; YandexImages/3.0; +http://yandex.com/bots)"
96.224.8.236 - - [18/Aug/2013:16:36:57 -0400] "GET /css/cm-styles.css HTTP/1.1" 200 4263 "http://www.craigmarberry.com/pages/about-spirit-of-harlem.html" "Mozilla/5.0 (Macintosh; Intel Mac OS X 10_6_8) AppleWebKit/537.36 (KHTML, like Gecko) Chrome/28.0.1500.95 Safari/537.36"
96.224.8.236 - - [18/Aug/2013:16:36:57 -0400] "GET /images/header3_01.gif HTTP/1.1" 200 3744 "http://www.craigmarberry.com/pages/about-spirit-of-harlem.html" "Mozilla/5.0 (Macintosh; Intel Mac OS X 10_6_8) AppleWebKit/537.36 (KHTML, like Gecko) Chrome/28.0.1500.95 Safari/537.36"
96.224.8.236 - - [18/Aug/2013:16:36:57 -0400] "GET /images/header3_03.gif HTTP/1.1" 200 441 "http://www.craigmarberry.com/pages/about-spirit-of-harlem.html" "Mozilla/5.0 (Macintosh; Intel Mac OS X 10_6_8) AppleWebKit/537.36 (KHTML, like Gecko) Chrome/28.0.1500.95 Safari/537.36"
96.224.8.236 - - [18/Aug/2013:16:36:57 -0400] "GET /images/header3_06.gif HTTP/1.1" 200 437 "http://www.craigmarberry.com/pages/about-spirit-of-harlem.html" "Mozilla/5.0 (Macintosh; Intel Mac OS X 10_6_8) AppleWebKit/537.36 (KHTML, like Gecko) Chrome/28.0.1500.95 Safari/537.36"
96.224.8.236 - - [18/Aug/2013:16:36:58 -0400] "GET /images/header3_07-over.gif HTTP/1.1" 200 505 "http://www.craigmarberry.com/pages/about-spirit-of-harlem.html" "Mozilla/5.0 (Macintosh; Intel Mac OS X 10_6_8) AppleWebKit/537.36 (KHTML, like Gecko) Chrome/28.0.1500.95 Safari/537.36"
46.119.118.152 - - [18/Aug/2013:13:48:22 -0400] "GET /pages/lecture.html HTTP/1.1" 200 8407 "http://www.bravica.com/ru/" "Mozilla/4.0 (compatible; MSIE 6.0; Windows NT 5.1; SV1; .NET CLR 1.1.4322; .NET CLR 2.0.50727)"
66.249.73.120 - - [18/Aug/2013:21:27:20 -0400] "GET /pages/about-spirit-of-harlem.html HTTP/1.1" 304 - "-" "SAMSUNG-SGH-E250/1.0 Profile/MIDP-2.0 Configuration/CLDC-1.1 UP.Browser/6.2.3.3.c.1.101 (GUI) MMP/2.0 (compatible; Googlebot-Mobile/2.1; +http://www.google.com/bot.html)"