0byt3m1n1
Path:
/
data
/
0
/
0
/
19
/
100
/
19263
/
meta
/
19687
/
logs
/
[
Home
]
File: x-access_log.2014-06-20
68.50.68.46 - - [20/Jun/2014:08:03:36 -0400] "GET /images/header3_05.gif HTTP/1.1" 200 635 "http://www.craigmarberry.com/pages/excerpt-crowns.html" "Mozilla/5.0 (iPad; CPU OS 7_1_1 like Mac OS X) AppleWebKit/537.51.2 (KHTML, like Gecko) Version/7.0 Mobile/11D201 Safari/9537.53"
68.50.68.46 - - [20/Jun/2014:08:03:36 -0400] "GET /images/header3_09.gif HTTP/1.1" 200 546 "http://www.craigmarberry.com/pages/excerpt-crowns.html" "Mozilla/5.0 (iPad; CPU OS 7_1_1 like Mac OS X) AppleWebKit/537.51.2 (KHTML, like Gecko) Version/7.0 Mobile/11D201 Safari/9537.53"
68.50.68.46 - - [20/Jun/2014:08:03:36 -0400] "GET /images/header3_07-over.gif HTTP/1.1" 200 505 "http://www.craigmarberry.com/pages/excerpt-crowns.html" "Mozilla/5.0 (iPad; CPU OS 7_1_1 like Mac OS X) AppleWebKit/537.51.2 (KHTML, like Gecko) Version/7.0 Mobile/11D201 Safari/9537.53"
208.115.113.89 - - [20/Jun/2014:10:59:47 -0400] "GET /robots.txt HTTP/1.1" 404 575 "-" "Mozilla/5.0 (compatible; DotBot/1.1; http://www.opensiteexplorer.org/dotbot, help@moz.com)"
166.205.68.49 - - [20/Jun/2014:15:21:07 -0400] "GET /images/header3_04.gif HTTP/1.1" 200 727 "http://www.craigmarberry.com/" "Mozilla/5.0 (iPhone; CPU iPhone OS 7_1_1 like Mac OS X) AppleWebKit/537.51.2 (KHTML, like Gecko) Version/7.0 Mobile/11D201 Safari/9537.53"
166.205.68.49 - - [20/Jun/2014:15:21:08 -0400] "GET /images/header3_09.gif HTTP/1.1" 200 546 "http://www.craigmarberry.com/" "Mozilla/5.0 (iPhone; CPU iPhone OS 7_1_1 like Mac OS X) AppleWebKit/537.51.2 (KHTML, like Gecko) Version/7.0 Mobile/11D201 Safari/9537.53"
166.205.68.49 - - [20/Jun/2014:15:21:08 -0400] "GET /images/header_04-over.gif HTTP/1.1" 200 483 "http://www.craigmarberry.com/" "Mozilla/5.0 (iPhone; CPU iPhone OS 7_1_1 like Mac OS X) AppleWebKit/537.51.2 (KHTML, like Gecko) Version/7.0 Mobile/11D201 Safari/9537.53"
166.205.68.49 - - [20/Jun/2014:15:21:08 -0400] "GET /images/header_09-over.gif HTTP/1.1" 200 561 "http://www.craigmarberry.com/" "Mozilla/5.0 (iPhone; CPU iPhone OS 7_1_1 like Mac OS X) AppleWebKit/537.51.2 (KHTML, like Gecko) Version/7.0 Mobile/11D201 Safari/9537.53"
68.50.68.46 - - [20/Jun/2014:08:03:36 -0400] "GET /images/header3_02.gif HTTP/1.1" 200 10436 "http://www.craigmarberry.com/pages/excerpt-crowns.html" "Mozilla/5.0 (iPad; CPU OS 7_1_1 like Mac OS X) AppleWebKit/537.51.2 (KHTML, like Gecko) Version/7.0 Mobile/11D201 Safari/9537.53"
68.50.68.46 - - [20/Jun/2014:08:03:36 -0400] "GET /images/header3_07.gif HTTP/1.1" 200 484 "http://www.craigmarberry.com/pages/excerpt-crowns.html" "Mozilla/5.0 (iPad; CPU OS 7_1_1 like Mac OS X) AppleWebKit/537.51.2 (KHTML, like Gecko) Version/7.0 Mobile/11D201 Safari/9537.53"
68.50.68.46 - - [20/Jun/2014:08:03:36 -0400] "GET /images/header3_05-over.gif HTTP/1.1" 200 661 "http://www.craigmarberry.com/pages/excerpt-crowns.html" "Mozilla/5.0 (iPad; CPU OS 7_1_1 like Mac OS X) AppleWebKit/537.51.2 (KHTML, like Gecko) Version/7.0 Mobile/11D201 Safari/9537.53"
184.73.104.170 - - [20/Jun/2014:21:35:09 -0400] "GET / HTTP/1.1" 200 7784 "-" "HTTPClient/1.0 (2.4.0, ruby 1.9.3 (2013-06-27))"
66.249.67.77 - - [20/Jun/2014:23:40:39 -0400] "GET / HTTP/1.1" 200 7784 "-" "Mozilla/5.0 (compatible; Googlebot/2.1; +http://www.google.com/bot.html)"
66.249.67.124 - - [20/Jun/2014:17:57:03 -0400] "GET /pages/about-cuttin-up.html HTTP/1.1" 304 - "-" "Mozilla/5.0 (compatible; Googlebot/2.1; +http://www.google.com/bot.html)"
178.255.215.86 - - [20/Jun/2014:05:07:17 -0400] "GET /pages/links.html HTTP/1.1" 200 8900 "-" "Mozilla/5.0 (compatible; Exabot/3.0 (BiggerBetter); +http://www.exabot.com/go/robot)"
178.255.215.86 - - [20/Jun/2014:05:07:14 -0400] "GET /pages/lecture.html HTTP/1.1" 200 8407 "-" "Mozilla/5.0 (compatible; Exabot/3.0 (BiggerBetter); +http://www.exabot.com/go/robot)"
157.55.39.253 - - [20/Jun/2014:12:21:16 -0400] "GET /pages/about-crowns.html HTTP/1.1" 200 8030 "-" "Mozilla/5.0 (compatible; bingbot/2.0; +http://www.bing.com/bingbot.htm)"
166.205.68.49 - - [20/Jun/2014:15:21:07 -0400] "GET /images/header3_03-over.gif HTTP/1.1" 200 460 "http://www.craigmarberry.com/" "Mozilla/5.0 (iPhone; CPU iPhone OS 7_1_1 like Mac OS X) AppleWebKit/537.51.2 (KHTML, like Gecko) Version/7.0 Mobile/11D201 Safari/9537.53"
166.205.68.49 - - [20/Jun/2014:15:21:08 -0400] "GET /images/header_08-over.gif HTTP/1.1" 200 421 "http://www.craigmarberry.com/" "Mozilla/5.0 (iPhone; CPU iPhone OS 7_1_1 like Mac OS X) AppleWebKit/537.51.2 (KHTML, like Gecko) Version/7.0 Mobile/11D201 Safari/9537.53"
208.115.113.89 - - [20/Jun/2014:18:59:33 -0400] "GET /robots.txt HTTP/1.1" 404 575 "-" "Mozilla/5.0 (compatible; DotBot/1.1; http://www.opensiteexplorer.org/dotbot, help@moz.com)"
131.253.24.12 - - [20/Jun/2014:22:42:07 -0400] "GET /robots.txt HTTP/1.1" 404 575 "-" "msnbot-media/1.1 (+http://search.msn.com/msnbot.htm)"
68.50.68.46 - - [20/Jun/2014:08:03:36 -0400] "GET /images/header3_03.gif HTTP/1.1" 200 441 "http://www.craigmarberry.com/pages/excerpt-crowns.html" "Mozilla/5.0 (iPad; CPU OS 7_1_1 like Mac OS X) AppleWebKit/537.51.2 (KHTML, like Gecko) Version/7.0 Mobile/11D201 Safari/9537.53"
68.50.68.46 - - [20/Jun/2014:08:03:36 -0400] "GET /images/header3_06.gif HTTP/1.1" 200 437 "http://www.craigmarberry.com/pages/excerpt-crowns.html" "Mozilla/5.0 (iPad; CPU OS 7_1_1 like Mac OS X) AppleWebKit/537.51.2 (KHTML, like Gecko) Version/7.0 Mobile/11D201 Safari/9537.53"
68.50.68.46 - - [20/Jun/2014:08:03:36 -0400] "GET /images/crowns-excerpt.jpg HTTP/1.1" 200 13240 "http://www.craigmarberry.com/pages/excerpt-crowns.html" "Mozilla/5.0 (iPad; CPU OS 7_1_1 like Mac OS X) AppleWebKit/537.51.2 (KHTML, like Gecko) Version/7.0 Mobile/11D201 Safari/9537.53"
68.50.68.46 - - [20/Jun/2014:08:03:36 -0400] "GET /images/header3_04-over.gif HTTP/1.1" 200 757 "http://www.craigmarberry.com/pages/excerpt-crowns.html" "Mozilla/5.0 (iPad; CPU OS 7_1_1 like Mac OS X) AppleWebKit/537.51.2 (KHTML, like Gecko) Version/7.0 Mobile/11D201 Safari/9537.53"
68.50.68.46 - - [20/Jun/2014:08:03:36 -0400] "GET /images/header3_09-over.gif HTTP/1.1" 200 568 "http://www.craigmarberry.com/pages/excerpt-crowns.html" "Mozilla/5.0 (iPad; CPU OS 7_1_1 like Mac OS X) AppleWebKit/537.51.2 (KHTML, like Gecko) Version/7.0 Mobile/11D201 Safari/9537.53"
61.135.189.173 - - [20/Jun/2014:23:40:23 -0400] "GET /robots.txt HTTP/1.1" 404 575 "-" "Sogou web spider/4.0(+http://www.sogou.com/docs/help/webmasters.htm#07)"
208.115.111.73 - - [20/Jun/2014:08:57:38 -0400] "GET /robots.txt HTTP/1.1" 404 575 "-" "Mozilla/5.0 (compatible; DotBot/1.1; http://www.opensiteexplorer.org/dotbot, help@moz.com)"
178.255.215.86 - - [20/Jun/2014:05:07:12 -0400] "GET /robots.txt HTTP/1.1" 404 575 "-" "Mozilla/5.0 (compatible; Exabot/3.0 (BiggerBetter); +http://www.exabot.com/go/robot)"
162.210.196.97 - - [20/Jun/2014:10:19:51 -0400] "GET / HTTP/1.0" 200 7784 "-" "Mozilla/5.0 (compatible; MJ12bot/v1.4.5; http://www.majestic12.co.uk/bot.php?+)"
66.249.64.95 - - [20/Jun/2014:00:43:23 -0400] "GET /pages/lecture.html HTTP/1.1" 200 8407 "-" "Mozilla/5.0 (compatible; Googlebot/2.1; +http://www.google.com/bot.html)"
157.55.39.205 - - [20/Jun/2014:03:12:27 -0400] "GET /pages/about.html HTTP/1.1" 200 18191 "-" "Mozilla/5.0 (compatible; bingbot/2.0; +http://www.bing.com/bingbot.htm)"
208.115.111.73 - - [20/Jun/2014:20:56:11 -0400] "GET /robots.txt HTTP/1.1" 404 575 "-" "Mozilla/5.0 (compatible; DotBot/1.1; http://www.opensiteexplorer.org/dotbot, help@moz.com)"
68.180.224.240 - - [20/Jun/2014:16:48:45 -0400] "GET /robots.txt HTTP/1.1" 404 575 "-" "Mozilla/5.0 (compatible; Yahoo! Slurp; http://help.yahoo.com/help/us/ysearch/slurp)"
66.249.67.111 - - [20/Jun/2014:18:36:08 -0400] "GET /pages/excerpt-spirit-of-harlem.html HTTP/1.1" 304 - "-" "Mozilla/5.0 (compatible; Googlebot/2.1; +http://www.google.com/bot.html)"
68.50.68.46 - - [20/Jun/2014:08:03:32 -0400] "GET /images/header3_04.gif HTTP/1.1" 200 727 "http://www.craigmarberry.com/pages/excerpt-crowns.html" "Mozilla/5.0 (iPad; CPU OS 7_1_1 like Mac OS X) AppleWebKit/537.51.2 (KHTML, like Gecko) Version/7.0 Mobile/11D201 Safari/9537.53"
68.50.68.46 - - [20/Jun/2014:08:03:32 -0400] "GET /images/header3_08a.gif HTTP/1.1" 200 441 "http://www.craigmarberry.com/pages/excerpt-crowns.html" "Mozilla/5.0 (iPad; CPU OS 7_1_1 like Mac OS X) AppleWebKit/537.51.2 (KHTML, like Gecko) Version/7.0 Mobile/11D201 Safari/9537.53"
68.50.68.46 - - [20/Jun/2014:08:03:32 -0400] "GET /images/header3_06-over.gif HTTP/1.1" 200 455 "http://www.craigmarberry.com/pages/excerpt-crowns.html" "Mozilla/5.0 (iPad; CPU OS 7_1_1 like Mac OS X) AppleWebKit/537.51.2 (KHTML, like Gecko) Version/7.0 Mobile/11D201 Safari/9537.53"
66.249.67.90 - - [20/Jun/2014:19:30:18 -0400] "GET /robots.txt HTTP/1.1" 404 575 "-" "Mozilla/5.0 (compatible; Googlebot/2.1; +http://www.google.com/bot.html)"
166.205.68.49 - - [20/Jun/2014:15:21:07 -0400] "GET /images/header3_02-no-pic.gif HTTP/1.1" 200 658 "http://www.craigmarberry.com/" "Mozilla/5.0 (iPhone; CPU iPhone OS 7_1_1 like Mac OS X) AppleWebKit/537.51.2 (KHTML, like Gecko) Version/7.0 Mobile/11D201 Safari/9537.53"
166.205.68.49 - - [20/Jun/2014:15:21:07 -0400] "GET /images/header3_08a.gif HTTP/1.1" 200 441 "http://www.craigmarberry.com/" "Mozilla/5.0 (iPhone; CPU iPhone OS 7_1_1 like Mac OS X) AppleWebKit/537.51.2 (KHTML, like Gecko) Version/7.0 Mobile/11D201 Safari/9537.53"
166.205.68.49 - - [20/Jun/2014:15:21:07 -0400] "GET /images/header_07-over.gif HTTP/1.1" 200 481 "http://www.craigmarberry.com/" "Mozilla/5.0 (iPhone; CPU iPhone OS 7_1_1 like Mac OS X) AppleWebKit/537.51.2 (KHTML, like Gecko) Version/7.0 Mobile/11D201 Safari/9537.53"
68.180.224.240 - - [20/Jun/2014:16:48:46 -0400] "GET /home.html HTTP/1.1" 200 7784 "-" "Mozilla/5.0 (compatible; Yahoo! Slurp; http://help.yahoo.com/help/us/ysearch/slurp)"
66.249.67.7 - - [20/Jun/2014:22:32:19 -0400] "GET /pages/links.html HTTP/1.1" 304 - "-" "Mozilla/5.0 (compatible; Googlebot/2.1; +http://www.google.com/bot.html)"
207.244.73.5 - - [20/Jun/2014:15:16:44 -0400] "HEAD / HTTP/1.1" 200 - "http://domainsigma.com/whois/craigmarberry.com" "Mozilla/5.0 (Windows NT 5.1) AppleWebKit/537.36 (KHTML, like Gecko) Chrome/31.0.1650.16 Safari/537.36"
208.115.113.89 - - [20/Jun/2014:20:33:56 -0400] "GET /pages/about-cuttin-up.html HTTP/1.1" 200 7966 "-" "Mozilla/5.0 (compatible; DotBot/1.1; http://www.opensiteexplorer.org/dotbot, help@moz.com)"
178.255.215.86 - - [20/Jun/2014:05:07:20 -0400] "GET /pages/about-crowns.html HTTP/1.1" 200 8030 "-" "Mozilla/5.0 (compatible; Exabot/3.0 (BiggerBetter); +http://www.exabot.com/go/robot)"
157.55.39.253 - - [20/Jun/2014:12:20:32 -0400] "GET /robots.txt HTTP/1.1" 404 575 "-" "Mozilla/5.0 (compatible; bingbot/2.0; +http://www.bing.com/bingbot.htm)"
166.205.68.49 - - [20/Jun/2014:15:21:07 -0400] "GET /images/header3_05.gif HTTP/1.1" 200 635 "http://www.craigmarberry.com/" "Mozilla/5.0 (iPhone; CPU iPhone OS 7_1_1 like Mac OS X) AppleWebKit/537.51.2 (KHTML, like Gecko) Version/7.0 Mobile/11D201 Safari/9537.53"
166.205.68.49 - - [20/Jun/2014:15:21:08 -0400] "GET /images/header3_06.gif HTTP/1.1" 200 437 "http://www.craigmarberry.com/" "Mozilla/5.0 (iPhone; CPU iPhone OS 7_1_1 like Mac OS X) AppleWebKit/537.51.2 (KHTML, like Gecko) Version/7.0 Mobile/11D201 Safari/9537.53"
166.205.68.49 - - [20/Jun/2014:15:21:08 -0400] "GET /images/header_05-over.gif HTTP/1.1" 200 826 "http://www.craigmarberry.com/" "Mozilla/5.0 (iPhone; CPU iPhone OS 7_1_1 like Mac OS X) AppleWebKit/537.51.2 (KHTML, like Gecko) Version/7.0 Mobile/11D201 Safari/9537.53"
68.50.68.46 - - [20/Jun/2014:08:03:36 -0400] "GET /pages/excerpt-crowns.html HTTP/1.1" 200 10444 "https://www.google.com/" "Mozilla/5.0 (iPad; CPU OS 7_1_1 like Mac OS X) AppleWebKit/537.51.2 (KHTML, like Gecko) Version/7.0 Mobile/11D201 Safari/9537.53"
68.50.68.46 - - [20/Jun/2014:08:03:36 -0400] "GET /css/cm-styles.css HTTP/1.1" 200 4263 "http://www.craigmarberry.com/pages/excerpt-crowns.html" "Mozilla/5.0 (iPad; CPU OS 7_1_1 like Mac OS X) AppleWebKit/537.51.2 (KHTML, like Gecko) Version/7.0 Mobile/11D201 Safari/9537.53"
68.50.68.46 - - [20/Jun/2014:08:03:36 -0400] "GET /images/header3_01.gif HTTP/1.1" 200 3744 "http://www.craigmarberry.com/pages/excerpt-crowns.html" "Mozilla/5.0 (iPad; CPU OS 7_1_1 like Mac OS X) AppleWebKit/537.51.2 (KHTML, like Gecko) Version/7.0 Mobile/11D201 Safari/9537.53"
68.50.68.46 - - [20/Jun/2014:08:03:36 -0400] "GET /images/header3_10.gif HTTP/1.1" 200 177 "http://www.craigmarberry.com/pages/excerpt-crowns.html" "Mozilla/5.0 (iPad; CPU OS 7_1_1 like Mac OS X) AppleWebKit/537.51.2 (KHTML, like Gecko) Version/7.0 Mobile/11D201 Safari/9537.53"
68.50.68.46 - - [20/Jun/2014:08:03:36 -0400] "GET /images/bg-pattern.gif HTTP/1.1" 200 138 "http://www.craigmarberry.com/pages/excerpt-crowns.html" "Mozilla/5.0 (iPad; CPU OS 7_1_1 like Mac OS X) AppleWebKit/537.51.2 (KHTML, like Gecko) Version/7.0 Mobile/11D201 Safari/9537.53"
68.50.68.46 - - [20/Jun/2014:08:03:36 -0400] "GET /images/header3_03-over.gif HTTP/1.1" 200 460 "http://www.craigmarberry.com/pages/excerpt-crowns.html" "Mozilla/5.0 (iPad; CPU OS 7_1_1 like Mac OS X) AppleWebKit/537.51.2 (KHTML, like Gecko) Version/7.0 Mobile/11D201 Safari/9537.53"
68.50.68.46 - - [20/Jun/2014:08:03:36 -0400] "GET /images/header3_08a-over.gif HTTP/1.1" 200 456 "http://www.craigmarberry.com/pages/excerpt-crowns.html" "Mozilla/5.0 (iPad; CPU OS 7_1_1 like Mac OS X) AppleWebKit/537.51.2 (KHTML, like Gecko) Version/7.0 Mobile/11D201 Safari/9537.53"
66.249.67.111 - - [20/Jun/2014:14:25:39 -0400] "GET /robots.txt HTTP/1.1" 404 575 "-" "Mozilla/5.0 (compatible; Googlebot/2.1; +http://www.google.com/bot.html)"
66.249.67.111 - - [20/Jun/2014:20:03:28 -0400] "GET /pages/contact.html HTTP/1.1" 304 - "-" "Mozilla/5.0 (compatible; Googlebot/2.1; +http://www.google.com/bot.html)"
192.99.0.9 - - [20/Jun/2014:08:49:29 -0400] "GET /robots.txt HTTP/1.1" 404 575 "-" "Mozilla/5.0 (compatible; meanpathbot/1.0; +http://www.meanpath.com/meanpathbot.html)"
192.99.0.9 - - [20/Jun/2014:08:49:29 -0400] "GET / HTTP/1.1" 200 7784 "-" "Mozilla/5.0 (compatible; meanpathbot/1.0; +http://www.meanpath.com/meanpathbot.html)"
208.115.111.73 - - [20/Jun/2014:10:22:10 -0400] "GET /pages/excerpt-cuttin-up.html HTTP/1.1" 200 10420 "-" "Mozilla/5.0 (compatible; DotBot/1.1; http://www.opensiteexplorer.org/dotbot, help@moz.com)"
37.58.100.135 - - [20/Jun/2014:21:37:44 -0400] "GET /pages/excerpt-spirit-of-harlem.html HTTP/1.1" 200 10750 "-" "Mozilla/5.0 (compatible; AhrefsBot/5.0; +http://ahrefs.com/robot/)"
66.249.67.111 - - [20/Jun/2014:15:20:18 -0400] "GET /pages/about-spirit-of-harlem.html HTTP/1.1" 304 - "-" "Mozilla/5.0 (compatible; Googlebot/2.1; +http://www.google.com/bot.html)"
157.55.39.205 - - [20/Jun/2014:12:21:44 -0400] "GET / HTTP/1.1" 200 7784 "-" "Mozilla/5.0 (compatible; bingbot/2.0; +http://www.bing.com/bingbot.htm)"
157.55.39.205 - - [20/Jun/2014:12:21:44 -0400] "GET /pages/about.html HTTP/1.1" 200 18191 "-" "Mozilla/5.0 (compatible; bingbot/2.0; +http://www.bing.com/bingbot.htm)"
66.249.67.124 - - [20/Jun/2014:21:18:10 -0400] "GET /pages/press.html HTTP/1.1" 304 - "-" "Mozilla/5.0 (compatible; Googlebot/2.1; +http://www.google.com/bot.html)"
208.115.111.73 - - [20/Jun/2014:22:17:31 -0400] "GET /pages/about.html HTTP/1.1" 200 18191 "-" "Mozilla/5.0 (compatible; DotBot/1.1; http://www.opensiteexplorer.org/dotbot, help@moz.com)"
178.255.215.86 - - [20/Jun/2014:05:07:22 -0400] "GET /pages/about.html HTTP/1.1" 200 18191 "-" "Mozilla/5.0 (compatible; Exabot/3.0 (BiggerBetter); +http://www.exabot.com/go/robot)"
130.211.136.169 - - [20/Jun/2014:11:17:58 -0400] "GET / HTTP/1.0" 200 7784 "-" "NerdyBot"
178.255.215.86 - - [20/Jun/2014:05:07:12 -0400] "GET /pages/press.html HTTP/1.1" 200 10329 "-" "Mozilla/5.0 (compatible; Exabot/3.0 (BiggerBetter); +http://www.exabot.com/go/robot)"
66.249.67.124 - - [20/Jun/2014:16:20:18 -0400] "GET /pages/about.html HTTP/1.1" 304 - "-" "Mozilla/5.0 (compatible; Googlebot/2.1; +http://www.google.com/bot.html)"
37.58.100.80 - - [20/Jun/2014:21:31:34 -0400] "GET /pages/about.html HTTP/1.1" 200 18191 "-" "Mozilla/5.0 (compatible; AhrefsBot/5.0; +http://ahrefs.com/robot/)"
166.205.68.49 - - [20/Jun/2014:15:20:33 -0400] "GET / HTTP/1.1" 200 7784 "-" "Mozilla/5.0 (iPhone; CPU iPhone OS 7_1_1 like Mac OS X) AppleWebKit/537.51.2 (KHTML, like Gecko) Version/7.0 Mobile/11D201 Safari/9537.53"
166.205.68.49 - - [20/Jun/2014:15:20:33 -0400] "GET /css/cm-styles.css HTTP/1.1" 200 4263 "http://www.craigmarberry.com/" "Mozilla/5.0 (iPhone; CPU iPhone OS 7_1_1 like Mac OS X) AppleWebKit/537.51.2 (KHTML, like Gecko) Version/7.0 Mobile/11D201 Safari/9537.53"
166.205.68.49 - - [20/Jun/2014:15:20:33 -0400] "GET /images/header3_01-no-author.gif HTTP/1.1" 200 3799 "http://www.craigmarberry.com/" "Mozilla/5.0 (iPhone; CPU iPhone OS 7_1_1 like Mac OS X) AppleWebKit/537.51.2 (KHTML, like Gecko) Version/7.0 Mobile/11D201 Safari/9537.53"
166.205.68.49 - - [20/Jun/2014:15:20:33 -0400] "GET /images/header3_10.gif HTTP/1.1" 200 177 "http://www.craigmarberry.com/" "Mozilla/5.0 (iPhone; CPU iPhone OS 7_1_1 like Mac OS X) AppleWebKit/537.51.2 (KHTML, like Gecko) Version/7.0 Mobile/11D201 Safari/9537.53"
166.205.68.49 - - [20/Jun/2014:15:20:33 -0400] "GET /images/bg-pattern.gif HTTP/1.1" 200 138 "http://www.craigmarberry.com/" "Mozilla/5.0 (iPhone; CPU iPhone OS 7_1_1 like Mac OS X) AppleWebKit/537.51.2 (KHTML, like Gecko) Version/7.0 Mobile/11D201 Safari/9537.53"
166.205.68.49 - - [20/Jun/2014:15:20:33 -0400] "GET /images/header3_07.gif HTTP/1.1" 200 484 "http://www.craigmarberry.com/" "Mozilla/5.0 (iPhone; CPU iPhone OS 7_1_1 like Mac OS X) AppleWebKit/537.51.2 (KHTML, like Gecko) Version/7.0 Mobile/11D201 Safari/9537.53"
166.205.68.49 - - [20/Jun/2014:15:20:33 -0400] "GET /images/homepage.jpg HTTP/1.1" 200 54708 "http://www.craigmarberry.com/" "Mozilla/5.0 (iPhone; CPU iPhone OS 7_1_1 like Mac OS X) AppleWebKit/537.51.2 (KHTML, like Gecko) Version/7.0 Mobile/11D201 Safari/9537.53"
166.205.68.49 - - [20/Jun/2014:15:20:34 -0400] "GET /images/header_06-over.gif HTTP/1.1" 200 713 "http://www.craigmarberry.com/" "Mozilla/5.0 (iPhone; CPU iPhone OS 7_1_1 like Mac OS X) AppleWebKit/537.51.2 (KHTML, like Gecko) Version/7.0 Mobile/11D201 Safari/9537.53"
66.249.67.7 - - [20/Jun/2014:19:33:52 -0400] "GET /pages/about.html HTTP/1.1" 304 - "-" "Mozilla/5.0 (compatible; Googlebot/2.1; +http://www.google.com/bot.html)"
66.249.67.124 - - [20/Jun/2014:14:25:37 -0400] "GET /pages/lecture.html HTTP/1.1" 304 - "-" "Mozilla/5.0 (compatible; Googlebot/2.1; +http://www.google.com/bot.html)"
162.210.196.97 - - [20/Jun/2014:10:19:27 -0400] "GET /robots.txt HTTP/1.0" 404 575 "-" "Mozilla/5.0 (compatible; MJ12bot/v1.4.5; http://www.majestic12.co.uk/bot.php?+)"
208.115.113.89 - - [20/Jun/2014:12:27:36 -0400] "GET /pages/excerpt-spirit-of-harlem.html HTTP/1.1" 200 10750 "-" "Mozilla/5.0 (compatible; DotBot/1.1; http://www.opensiteexplorer.org/dotbot, help@moz.com)"
66.249.64.15 - - [20/Jun/2014:02:22:12 -0400] "GET /pages/contact.html HTTP/1.1" 200 6636 "-" "Mozilla/5.0 (compatible; Googlebot/2.1; +http://www.google.com/bot.html)"
66.249.67.77 - - [20/Jun/2014:19:29:39 -0400] "GET /images/homepage.jpg HTTP/1.1" 304 - "-" "Googlebot-Image/1.0"
131.253.24.12 - - [20/Jun/2014:22:41:25 -0400] "GET /images/spirit-of-harlem-excerpt.jpg HTTP/1.1" 200 21994 "-" "msnbot-media/1.1 (+http://search.msn.com/msnbot.htm)"
61.135.189.173 - - [20/Jun/2014:23:39:40 -0400] "GET / HTTP/1.1" 304 - "-" "Sogou web spider/4.0(+http://www.sogou.com/docs/help/webmasters.htm#07)"