0byt3m1n1
Path:
/
data
/
0
/
0
/
19
/
100
/
19263
/
meta
/
19687
/
logs
/
[
Home
]
File: x-access_log.2020-09-12
52.36.251.200 - - [12/Sep/2020:06:20:02 -0400] "GET / HTTP/1.0" 200 7784 "-" "LightspeedSystemsCrawler Mozilla/5.0 (Windows; U; MSIE 9.0; Windows NT 9.0; en-US)"
52.36.251.200 - - [12/Sep/2020:06:20:05 -0400] "GET /pages/excerpt-crowns.html HTTP/1.0" 200 10444 "http://craigmarberry.com" "LightspeedSystemsCrawler Mozilla/5.0 (Windows; U; MSIE 9.0; Windows NT 9.0; en-US)"
52.36.251.200 - - [12/Sep/2020:06:20:05 -0400] "GET /pages/excerpt-cuttin-up.html HTTP/1.0" 200 10420 "http://craigmarberry.com" "LightspeedSystemsCrawler Mozilla/5.0 (Windows; U; MSIE 9.0; Windows NT 9.0; en-US)"
54.36.149.11 - - [12/Sep/2020:07:02:22 -0400] "GET / HTTP/1.0" 200 7784 "-" "Mozilla/5.0 (compatible; AhrefsBot/7.0; +http://ahrefs.com/robot/)"
185.191.171.34 - - [12/Sep/2020:09:37:49 -0400] "GET /robots.txt HTTP/1.0" 404 575 "-" "Mozilla/5.0 (compatible; SemrushBot/6~bl; +http://www.semrush.com/bot.html)"
159.203.89.245 - - [12/Sep/2020:10:27:00 -0400] "GET /pages/bookshelf.html HTTP/1.0" 200 8640 "http://craigmarberry.com" "Mozilla/5.0 (X11; Datanyze; Linux x86_64) AppleWebKit/537.36 (KHTML, like Gecko) Chrome/65.0.3325.181 Safari/537.36"
157.55.39.15 - - [12/Sep/2020:14:55:23 -0400] "GET /robots.txt HTTP/1.0" 404 575 "-" "Mozilla/5.0 (compatible; bingbot/2.0; +http://www.bing.com/bingbot.htm)"
185.191.171.23 - - [12/Sep/2020:18:15:30 -0400] "GET /home.html HTTP/1.0" 200 7784 "-" "Mozilla/5.0 (compatible; SemrushBot/6~bl; +http://www.semrush.com/bot.html)"
62.210.139.231 - - [12/Sep/2020:19:28:09 -0400] "GET /pages/about-spirit-of-harlem.html HTTP/1.0" 200 8414 "-" "Mozilla/5.0 (compatible; Barkrowler/0.9; +https://babbar.tech/crawler)"
104.254.92.21 - - [12/Sep/2020:21:22:55 -0400] "GET / HTTP/1.0" 200 7784 "-" "Mozilla/5.0 (Macintosh; Intel Mac OS X 10_13_0) AppleWebKit/537.36 (KHTML, like Gecko) Chrome/67.0.3396.79 Safari/537.36"
35.196.179.213 - - [12/Sep/2020:23:24:48 -0400] "GET /pages/bookshelf.html HTTP/1.0" 200 8640 "-" "ZoominfoBot (zoominfobot at zoominfo dot com)"
36.74.43.66 - - [12/Sep/2020:23:26:15 -0400] "GET /images/header3_05.gif HTTP/1.0" 200 635 "http://craigmarberry.com/?q=semalt.com" "Mozilla/5.0 (Windows NT 10.0; Win64; x64) AppleWebKit/537.36 (KHTML, like Gecko) Chrome/74.0.3729.169 Safari/537.36"
36.74.43.66 - - [12/Sep/2020:23:26:15 -0400] "GET /images/header3_01-no-author.gif HTTP/1.0" 200 3799 "http://craigmarberry.com/?q=semalt.com" "Mozilla/5.0 (Windows NT 10.0; Win64; x64) AppleWebKit/537.36 (KHTML, like Gecko) Chrome/74.0.3729.169 Safari/537.36"
35.196.179.213 - - [12/Sep/2020:23:26:23 -0400] "GET /robots.txt HTTP/1.0" 404 575 "-" "ZoominfoBot (zoominfobot at zoominfo dot com)"
36.74.43.66 - - [12/Sep/2020:23:27:58 -0400] "GET /images/header3_07.gif HTTP/1.0" 200 484 "http://craigmarberry.com/?q=semalt.com" "Mozilla/5.0 (Windows NT 10.0; Win64; x64) AppleWebKit/537.36 (KHTML, like Gecko) Chrome/74.0.3729.169 Safari/537.36"
35.196.179.213 - - [12/Sep/2020:23:56:30 -0400] "GET /pages/press.html HTTP/1.0" 200 10329 "-" "ZoominfoBot (zoominfobot at zoominfo dot com)"
54.162.102.36 - - [12/Sep/2020:03:00:54 -0400] "GET /robots.txt HTTP/1.0" 404 575 "-" "MixnodeCache/1.8(+https://cache.mixnode.com/)"
54.162.102.36 - - [12/Sep/2020:03:00:54 -0400] "GET /ads.txt HTTP/1.0" 404 575 "-" "MixnodeCache/1.8(+https://cache.mixnode.com/)"
52.36.251.200 - - [12/Sep/2020:06:20:02 -0400] "GET /robots.txt HTTP/1.0" 404 575 "-" "LightspeedSystemsCrawler Mozilla/5.0 (Windows; U; MSIE 9.0; Windows NT 9.0; en-US)"
52.36.251.200 - - [12/Sep/2020:06:20:05 -0400] "GET /pages/contact.html HTTP/1.0" 200 6636 "http://craigmarberry.com" "LightspeedSystemsCrawler Mozilla/5.0 (Windows; U; MSIE 9.0; Windows NT 9.0; en-US)"
52.36.251.200 - - [12/Sep/2020:06:20:05 -0400] "GET /pages/bookshelf.html HTTP/1.0" 200 8640 "http://craigmarberry.com" "LightspeedSystemsCrawler Mozilla/5.0 (Windows; U; MSIE 9.0; Windows NT 9.0; en-US)"
185.217.0.138 - - [12/Sep/2020:08:16:52 -0400] "GET / HTTP/1.0" 200 7784 "-" "Mozilla/5.0 (Windows NT 6.1; WOW64) AppleWebKit/537.1 (KHTML, like Gecko) Chrome/22.0.1207.1 Safari/537.1"
159.203.89.245 - - [12/Sep/2020:10:27:02 -0400] "GET /home.html HTTP/1.0" 200 7784 "http://craigmarberry.com" "Mozilla/5.0 (X11; Datanyze; Linux x86_64) AppleWebKit/537.36 (KHTML, like Gecko) Chrome/65.0.3325.181 Safari/537.36"
159.203.89.245 - - [12/Sep/2020:10:27:02 -0400] "GET /pages/about.html HTTP/1.0" 200 18191 "http://craigmarberry.com" "Mozilla/5.0 (X11; Datanyze; Linux x86_64) AppleWebKit/537.36 (KHTML, like Gecko) Chrome/65.0.3325.181 Safari/537.36"
171.100.236.215 - - [12/Sep/2020:12:00:58 -0400] "GET /?q=semalt.com HTTP/1.0" 200 7784 "http://google.com/search?q=semalt.com" "Mozilla/5.0 (Windows NT 10.0; Win64; x64) AppleWebKit/537.36 (KHTML, like Gecko) Chrome/74.0.3729.169 Safari/537.36"
35.229.91.121 - - [12/Sep/2020:16:50:32 -0400] "GET /robots.txt HTTP/1.0" 404 575 "-" "ZoominfoBot (zoominfobot at zoominfo dot com)"
185.191.171.7 - - [12/Sep/2020:18:15:30 -0400] "GET /robots.txt HTTP/1.0" 404 575 "-" "Mozilla/5.0 (compatible; SemrushBot/6~bl; +http://www.semrush.com/bot.html)"
62.210.139.231 - - [12/Sep/2020:19:27:44 -0400] "GET /pages/press.html HTTP/1.0" 200 10329 "-" "Mozilla/5.0 (compatible; Barkrowler/0.9; +https://babbar.tech/crawler)"
62.210.139.231 - - [12/Sep/2020:19:27:49 -0400] "GET /pages/links.html HTTP/1.0" 200 8900 "-" "Mozilla/5.0 (compatible; Barkrowler/0.9; +https://babbar.tech/crawler)"
62.210.139.231 - - [12/Sep/2020:19:27:59 -0400] "GET /pages/about-crowns.html HTTP/1.0" 200 8030 "-" "Mozilla/5.0 (compatible; Barkrowler/0.9; +https://babbar.tech/crawler)"
35.196.179.213 - - [12/Sep/2020:23:26:26 -0400] "GET /home.html HTTP/1.0" 200 7784 "-" "ZoominfoBot (zoominfobot at zoominfo dot com)"
35.196.179.213 - - [12/Sep/2020:23:35:47 -0400] "GET /pages/about.html HTTP/1.0" 200 18191 "-" "ZoominfoBot (zoominfobot at zoominfo dot com)"
35.196.179.213 - - [12/Sep/2020:23:48:49 -0400] "GET /pages/about.html HTTP/1.0" 200 18191 "-" "ZoominfoBot (zoominfobot at zoominfo dot com)"
207.200.8.180 - - [12/Sep/2020:08:51:44 -0400] "GET /images/spirit-of-harlem-cover-sm.jpg HTTP/1.0" 200 8679 "-" "Mozilla/5.0 (Windows; U; MSIE 9.0; Windows NT 9.0; en-US"
185.191.171.8 - - [12/Sep/2020:09:37:50 -0400] "GET /pages/bookshelf.html HTTP/1.0" 200 8640 "-" "Mozilla/5.0 (compatible; SemrushBot/6~bl; +http://www.semrush.com/bot.html)"
62.210.139.231 - - [12/Sep/2020:19:27:39 -0400] "GET /pages/about.html HTTP/1.0" 200 18191 "-" "Mozilla/5.0 (compatible; Barkrowler/0.9; +https://babbar.tech/crawler)"
36.74.43.66 - - [12/Sep/2020:23:26:15 -0400] "GET /css/cm-styles.css HTTP/1.0" 200 4263 "http://craigmarberry.com/?q=semalt.com" "Mozilla/5.0 (Windows NT 10.0; Win64; x64) AppleWebKit/537.36 (KHTML, like Gecko) Chrome/74.0.3729.169 Safari/537.36"
36.74.43.66 - - [12/Sep/2020:23:26:16 -0400] "GET /images/bg-pattern.gif HTTP/1.0" 200 138 "http://craigmarberry.com/?q=semalt.com" "Mozilla/5.0 (Windows NT 10.0; Win64; x64) AppleWebKit/537.36 (KHTML, like Gecko) Chrome/74.0.3729.169 Safari/537.36"
36.74.43.66 - - [12/Sep/2020:23:26:16 -0400] "GET /images/header3_03-over.gif HTTP/1.0" 200 460 "http://craigmarberry.com/?q=semalt.com" "Mozilla/5.0 (Windows NT 10.0; Win64; x64) AppleWebKit/537.36 (KHTML, like Gecko) Chrome/74.0.3729.169 Safari/537.36"
36.74.43.66 - - [12/Sep/2020:23:27:58 -0400] "GET /images/header3_09.gif HTTP/1.0" 200 546 "http://craigmarberry.com/?q=semalt.com" "Mozilla/5.0 (Windows NT 10.0; Win64; x64) AppleWebKit/537.36 (KHTML, like Gecko) Chrome/74.0.3729.169 Safari/537.36"
35.196.179.213 - - [12/Sep/2020:23:30:25 -0400] "GET /pages/about-spirit-of-harlem.html HTTP/1.0" 200 8414 "-" "ZoominfoBot (zoominfobot at zoominfo dot com)"
35.196.179.213 - - [12/Sep/2020:23:45:20 -0400] "GET /pages/contact.html HTTP/1.0" 200 6636 "-" "ZoominfoBot (zoominfobot at zoominfo dot com)"
35.196.179.213 - - [12/Sep/2020:23:51:05 -0400] "GET /pages/links.html HTTP/1.0" 200 8900 "-" "ZoominfoBot (zoominfobot at zoominfo dot com)"
93.158.161.39 - - [12/Sep/2020:02:08:59 -0400] "GET /robots.txt HTTP/1.0" 404 575 "-" "Mozilla/5.0 (compatible; YandexBot/3.0; +http://yandex.com/bots)"
52.36.251.200 - - [12/Sep/2020:06:20:03 -0400] "GET / HTTP/1.0" 200 7784 "-" "LightspeedSystemsCrawler Mozilla/5.0 (Windows; U; MSIE 9.0; Windows NT 9.0; en-US)"
52.36.251.200 - - [12/Sep/2020:06:20:03 -0400] "GET /home.html HTTP/1.0" 200 7784 "http://craigmarberry.com" "LightspeedSystemsCrawler Mozilla/5.0 (Windows; U; MSIE 9.0; Windows NT 9.0; en-US)"
52.36.251.200 - - [12/Sep/2020:06:20:03 -0400] "GET /pages/press.html HTTP/1.0" 200 10329 "http://craigmarberry.com" "LightspeedSystemsCrawler Mozilla/5.0 (Windows; U; MSIE 9.0; Windows NT 9.0; en-US)"
52.36.251.200 - - [12/Sep/2020:06:20:04 -0400] "GET /pages/links.html HTTP/1.0" 200 8900 "http://craigmarberry.com" "LightspeedSystemsCrawler Mozilla/5.0 (Windows; U; MSIE 9.0; Windows NT 9.0; en-US)"
52.36.251.200 - - [12/Sep/2020:06:20:04 -0400] "GET /pages/lecture.html HTTP/1.0" 200 8407 "http://craigmarberry.com" "LightspeedSystemsCrawler Mozilla/5.0 (Windows; U; MSIE 9.0; Windows NT 9.0; en-US)"
52.36.251.200 - - [12/Sep/2020:06:20:06 -0400] "GET /pages/excerpt-spirit-of-harlem.html HTTP/1.0" 200 10750 "http://craigmarberry.com" "LightspeedSystemsCrawler Mozilla/5.0 (Windows; U; MSIE 9.0; Windows NT 9.0; en-US)"
159.203.89.245 - - [12/Sep/2020:10:27:02 -0400] "GET /pages/links.html HTTP/1.0" 200 8900 "http://craigmarberry.com" "Mozilla/5.0 (X11; Datanyze; Linux x86_64) AppleWebKit/537.36 (KHTML, like Gecko) Chrome/65.0.3325.181 Safari/537.36"
54.36.148.169 - - [12/Sep/2020:16:12:04 -0400] "GET / HTTP/1.0" 200 7784 "-" "Mozilla/5.0 (compatible; AhrefsBot/7.0; +http://ahrefs.com/robot/)"
66.249.68.44 - - [12/Sep/2020:18:10:36 -0400] "GET / HTTP/1.0" 200 7784 "-" "Mozilla/5.0 (compatible; Googlebot/2.1; +http://www.google.com/bot.html)"
62.210.139.231 - - [12/Sep/2020:19:28:04 -0400] "GET /pages/about-cuttin-up.html HTTP/1.0" 200 7966 "-" "Mozilla/5.0 (compatible; Barkrowler/0.9; +https://babbar.tech/crawler)"
36.74.43.66 - - [12/Sep/2020:23:26:15 -0400] "GET /images/header3_02-no-pic.gif HTTP/1.0" 200 658 "http://craigmarberry.com/?q=semalt.com" "Mozilla/5.0 (Windows NT 10.0; Win64; x64) AppleWebKit/537.36 (KHTML, like Gecko) Chrome/74.0.3729.169 Safari/537.36"
35.196.179.213 - - [12/Sep/2020:23:26:23 -0400] "GET /pages/about-spirit-of-harlem.html HTTP/1.0" 200 8414 "-" "ZoominfoBot (zoominfobot at zoominfo dot com)"
35.196.179.213 - - [12/Sep/2020:23:26:29 -0400] "GET /pages/links.html HTTP/1.0" 200 8900 "-" "ZoominfoBot (zoominfobot at zoominfo dot com)"
36.74.43.66 - - [12/Sep/2020:23:27:58 -0400] "GET /images/header3_08a.gif HTTP/1.0" 200 441 "http://craigmarberry.com/?q=semalt.com" "Mozilla/5.0 (Windows NT 10.0; Win64; x64) AppleWebKit/537.36 (KHTML, like Gecko) Chrome/74.0.3729.169 Safari/537.36"
35.196.179.213 - - [12/Sep/2020:23:30:46 -0400] "GET /pages/contact.html HTTP/1.0" 200 6636 "-" "ZoominfoBot (zoominfobot at zoominfo dot com)"
35.196.179.213 - - [12/Sep/2020:23:37:09 -0400] "GET /pages/about-crowns.html HTTP/1.0" 200 8030 "-" "ZoominfoBot (zoominfobot at zoominfo dot com)"
185.191.171.33 - - [12/Sep/2020:23:57:49 -0400] "GET /robots.txt HTTP/1.0" 404 575 "-" "Mozilla/5.0 (compatible; SemrushBot/6~bl; +http://www.semrush.com/bot.html)"
54.36.149.11 - - [12/Sep/2020:02:21:09 -0400] "GET /pages/bookshelf.html HTTP/1.0" 200 8640 "-" "Mozilla/5.0 (compatible; AhrefsBot/7.0; +http://ahrefs.com/robot/)"
52.36.251.200 - - [12/Sep/2020:06:20:03 -0400] "GET /pages/about.html HTTP/1.0" 200 18191 "http://craigmarberry.com" "LightspeedSystemsCrawler Mozilla/5.0 (Windows; U; MSIE 9.0; Windows NT 9.0; en-US)"
62.210.139.231 - - [12/Sep/2020:19:27:12 -0400] "GET /robots.txt HTTP/1.0" 404 575 "-" "Mozilla/5.0 (compatible; Barkrowler/0.9; +https://babbar.tech/crawler)"
36.74.43.66 - - [12/Sep/2020:23:26:15 -0400] "GET /images/header3_04.gif HTTP/1.0" 200 727 "http://craigmarberry.com/?q=semalt.com" "Mozilla/5.0 (Windows NT 10.0; Win64; x64) AppleWebKit/537.36 (KHTML, like Gecko) Chrome/74.0.3729.169 Safari/537.36"
93.158.161.39 - - [12/Sep/2020:02:09:02 -0400] "GET /pages/contact.html HTTP/1.0" 200 6636 "-" "Mozilla/5.0 (compatible; YandexBot/3.0; +http://yandex.com/bots)"
52.36.251.200 - - [12/Sep/2020:06:20:01 -0400] "GET /robots.txt HTTP/1.0" 404 575 "-" "LightspeedSystemsCrawler Mozilla/5.0 (Windows; U; MSIE 9.0; Windows NT 9.0; en-US)"
52.36.251.200 - - [12/Sep/2020:06:20:04 -0400] "GET /pages/about-crowns.html HTTP/1.0" 200 8030 "http://craigmarberry.com" "LightspeedSystemsCrawler Mozilla/5.0 (Windows; U; MSIE 9.0; Windows NT 9.0; en-US)"
52.36.251.200 - - [12/Sep/2020:06:20:05 -0400] "GET /pages/about-cuttin-up.html HTTP/1.0" 200 7966 "http://craigmarberry.com" "LightspeedSystemsCrawler Mozilla/5.0 (Windows; U; MSIE 9.0; Windows NT 9.0; en-US)"
114.119.161.177 - - [12/Sep/2020:06:43:22 -0400] "GET /pages/about-crowns.html HTTP/1.0" 200 8030 "-" "Mozilla/5.0 (Linux; Android 7.0;) AppleWebKit/537.36 (KHTML, like Gecko) Mobile Safari/537.36 (compatible; PetalBot;+http://aspiegel.com/petalbot)"
54.36.148.30 - - [12/Sep/2020:07:02:21 -0400] "GET /robots.txt HTTP/1.0" 404 575 "-" "Mozilla/5.0 (compatible; AhrefsBot/6.1; +http://ahrefs.com/robot/)"
207.200.8.180 - - [12/Sep/2020:08:51:43 -0400] "GET /images/cuttin-up-cover-sm.jpg HTTP/1.0" 200 9304 "-" "Mozilla/5.0 (Windows; U; MSIE 9.0; Windows NT 9.0; en-US"
207.200.8.180 - - [12/Sep/2020:08:51:43 -0400] "GET /images/crowns-cover-sm.jpg HTTP/1.0" 200 7870 "-" "Mozilla/5.0 (Windows; U; MSIE 9.0; Windows NT 9.0; en-US"
159.203.89.245 - - [12/Sep/2020:10:26:37 -0400] "GET / HTTP/1.0" 200 7784 "http://craigmarberry.com" "Mozilla/5.0 (X11; Datanyze; Linux x86_64) AppleWebKit/537.36 (KHTML, like Gecko) Chrome/65.0.3325.181 Safari/537.36"
159.203.89.245 - - [12/Sep/2020:10:27:00 -0400] "GET /pages/press.html HTTP/1.0" 200 10329 "http://craigmarberry.com" "Mozilla/5.0 (X11; Datanyze; Linux x86_64) AppleWebKit/537.36 (KHTML, like Gecko) Chrome/65.0.3325.181 Safari/537.36"
171.100.236.215 - - [12/Sep/2020:12:00:59 -0400] "GET /css/cm-styles.css HTTP/1.0" 200 4263 "http://craigmarberry.com/?q=semalt.com" "Mozilla/5.0 (Windows NT 10.0; Win64; x64) AppleWebKit/537.36 (KHTML, like Gecko) Chrome/74.0.3729.169 Safari/537.36"
35.229.91.121 - - [12/Sep/2020:16:50:32 -0400] "GET / HTTP/1.0" 200 7784 "-" "ZoominfoBot (zoominfobot at zoominfo dot com)"
35.229.91.121 - - [12/Sep/2020:17:05:00 -0400] "GET /robots.txt HTTP/1.0" 404 575 "-" "ZoominfoBot (zoominfobot at zoominfo dot com)"
35.229.91.121 - - [12/Sep/2020:17:05:00 -0400] "GET / HTTP/1.0" 200 7784 "-" "ZoominfoBot (zoominfobot at zoominfo dot com)"
54.36.148.62 - - [12/Sep/2020:17:59:51 -0400] "GET /robots.txt HTTP/1.0" 404 575 "-" "Mozilla/5.0 (compatible; AhrefsBot/6.1; +http://ahrefs.com/robot/)"
36.74.43.66 - - [12/Sep/2020:23:27:58 -0400] "GET /images/homepage.jpg HTTP/1.0" 200 54708 "http://craigmarberry.com/?q=semalt.com" "Mozilla/5.0 (Windows NT 10.0; Win64; x64) AppleWebKit/537.36 (KHTML, like Gecko) Chrome/74.0.3729.169 Safari/537.36"
35.196.179.213 - - [12/Sep/2020:23:36:15 -0400] "GET /pages/about-cuttin-up.html HTTP/1.0" 200 7966 "-" "ZoominfoBot (zoominfobot at zoominfo dot com)"
35.196.179.213 - - [12/Sep/2020:23:47:46 -0400] "GET /pages/bookshelf.html HTTP/1.0" 200 8640 "-" "ZoominfoBot (zoominfobot at zoominfo dot com)"
35.196.179.213 - - [12/Sep/2020:23:54:08 -0400] "GET /pages/about-cuttin-up.html HTTP/1.0" 200 7966 "-" "ZoominfoBot (zoominfobot at zoominfo dot com)"
35.196.179.213 - - [12/Sep/2020:23:54:45 -0400] "GET /pages/lecture.html HTTP/1.0" 200 8407 "-" "ZoominfoBot (zoominfobot at zoominfo dot com)"
159.203.89.245 - - [12/Sep/2020:10:27:03 -0400] "GET /pages/contact.html HTTP/1.0" 200 6636 "http://craigmarberry.com" "Mozilla/5.0 (X11; Datanyze; Linux x86_64) AppleWebKit/537.36 (KHTML, like Gecko) Chrome/65.0.3325.181 Safari/537.36"
114.119.159.152 - - [12/Sep/2020:13:20:02 -0400] "GET /pages/about-crowns.html HTTP/1.0" 200 8030 "-" "Mozilla/5.0 (Linux; Android 7.0;) AppleWebKit/537.36 (KHTML, like Gecko) Mobile Safari/537.36 (compatible; PetalBot;+http://aspiegel.com/petalbot)"
114.119.159.152 - - [12/Sep/2020:13:24:43 -0400] "GET /pages/contact.html HTTP/1.0" 200 6636 "-" "Mozilla/5.0 (Linux; Android 7.0;) AppleWebKit/537.36 (KHTML, like Gecko) Mobile Safari/537.36 (compatible; PetalBot;+http://aspiegel.com/petalbot)"
114.119.160.84 - - [12/Sep/2020:13:33:15 -0400] "GET /pages/about-spirit-of-harlem.html HTTP/1.0" 200 8414 "-" "Mozilla/5.0 (Linux; Android 7.0;) AppleWebKit/537.36 (KHTML, like Gecko) Mobile Safari/537.36 (compatible; PetalBot;+http://aspiegel.com/petalbot)"
114.119.161.177 - - [12/Sep/2020:17:35:25 -0400] "GET /pages/excerpt-crowns.html HTTP/1.0" 200 10444 "-" "Mozilla/5.0 (Linux; Android 7.0;) AppleWebKit/537.36 (KHTML, like Gecko) Mobile Safari/537.36 (compatible; PetalBot;+http://aspiegel.com/petalbot)"
66.249.68.46 - - [12/Sep/2020:18:10:36 -0400] "GET /robots.txt HTTP/1.0" 404 575 "-" "Mozilla/5.0 (compatible; Googlebot/2.1; +http://www.google.com/bot.html)"
42.236.49.20 - - [12/Sep/2020:18:15:22 -0400] "GET / HTTP/1.0" 200 7784 "http://craigmarberry.com/" "Mozilla/5.0 (Windows NT 6.1; WOW64) AppleWebKit/537.36 (KHTML, like Gecko) Chrome/50.4.2661.102 Safari/537.36; 360Spider"
62.210.139.231 - - [12/Sep/2020:19:27:18 -0400] "GET / HTTP/1.0" 200 7784 "-" "Mozilla/5.0 (compatible; Barkrowler/0.9; +https://babbar.tech/crawler)"
62.210.139.231 - - [12/Sep/2020:19:27:33 -0400] "GET /pages/contact.html HTTP/1.0" 200 6636 "-" "Mozilla/5.0 (compatible; Barkrowler/0.9; +https://babbar.tech/crawler)"
54.36.149.13 - - [12/Sep/2020:20:46:45 -0400] "GET /pages/excerpt-cuttin-up.html HTTP/1.0" 200 10420 "-" "Mozilla/5.0 (compatible; AhrefsBot/7.0; +http://ahrefs.com/robot/)"
36.74.43.66 - - [12/Sep/2020:23:24:34 -0400] "GET /?q=semalt.com HTTP/1.0" 200 7784 "http://google.com/search?q=semalt.com" "Mozilla/5.0 (Windows NT 10.0; Win64; x64) AppleWebKit/537.36 (KHTML, like Gecko) Chrome/74.0.3729.169 Safari/537.36"
36.74.43.66 - - [12/Sep/2020:23:27:58 -0400] "GET /images/header3_10.gif HTTP/1.0" 200 177 "http://craigmarberry.com/?q=semalt.com" "Mozilla/5.0 (Windows NT 10.0; Win64; x64) AppleWebKit/537.36 (KHTML, like Gecko) Chrome/74.0.3729.169 Safari/537.36"
35.196.179.213 - - [12/Sep/2020:23:36:40 -0400] "GET /home.html HTTP/1.0" 200 7784 "-" "ZoominfoBot (zoominfobot at zoominfo dot com)"
35.196.179.213 - - [12/Sep/2020:23:42:23 -0400] "GET /pages/press.html HTTP/1.0" 200 10329 "-" "ZoominfoBot (zoominfobot at zoominfo dot com)"
185.191.171.33 - - [12/Sep/2020:23:57:50 -0400] "GET / HTTP/1.0" 200 7784 "-" "Mozilla/5.0 (compatible; SemrushBot/6~bl; +http://www.semrush.com/bot.html)"
52.36.251.200 - - [12/Sep/2020:06:20:05 -0400] "GET /pages/about-spirit-of-harlem.html HTTP/1.0" 200 8414 "http://craigmarberry.com" "LightspeedSystemsCrawler Mozilla/5.0 (Windows; U; MSIE 9.0; Windows NT 9.0; en-US)"
114.119.160.138 - - [12/Sep/2020:06:23:48 -0400] "GET /pages/lecture.html HTTP/1.0" 200 8407 "-" "Mozilla/5.0 (Linux; Android 7.0;) AppleWebKit/537.36 (KHTML, like Gecko) Mobile Safari/537.36 (compatible; PetalBot;+http://aspiegel.com/petalbot)"
114.119.153.237 - - [12/Sep/2020:07:45:37 -0400] "GET /home.html HTTP/1.0" 200 7784 "-" "Mozilla/5.0 (Linux; Android 7.0;) AppleWebKit/537.36 (KHTML, like Gecko) Mobile Safari/537.36 (compatible; PetalBot;+http://aspiegel.com/petalbot)"
185.191.171.34 - - [12/Sep/2020:10:20:43 -0400] "GET /pages/about-cuttin-up.html HTTP/1.0" 200 7966 "-" "Mozilla/5.0 (compatible; SemrushBot/6~bl; +http://www.semrush.com/bot.html)"
159.203.89.245 - - [12/Sep/2020:10:26:39 -0400] "GET /css/cm-styles.css HTTP/1.0" 200 4263 "-" "Mozilla/5.0 (X11; Datanyze; Linux x86_64) AppleWebKit/537.36 (KHTML, like Gecko) Chrome/65.0.3325.181 Safari/537.36"
159.203.89.245 - - [12/Sep/2020:10:26:53 -0400] "GET /robots.txt HTTP/1.0" 404 575 "-" "Mozilla/5.0 (Macintosh; Intel Mac OS X 10_9_2) AppleWebKit/537.75.14 (KHTML, like Gecko) Version/7.0.3 Safari/537.75.14"
159.203.89.245 - - [12/Sep/2020:10:27:00 -0400] "GET /pages/lecture.html HTTP/1.0" 200 8407 "http://craigmarberry.com" "Mozilla/5.0 (X11; Datanyze; Linux x86_64) AppleWebKit/537.36 (KHTML, like Gecko) Chrome/65.0.3325.181 Safari/537.36"
114.119.157.128 - - [12/Sep/2020:11:23:15 -0400] "GET /pages/contact.html HTTP/1.0" 200 6636 "-" "Mozilla/5.0 (Linux; Android 7.0;) AppleWebKit/537.36 (KHTML, like Gecko) Mobile Safari/537.36 (compatible; PetalBot;+http://aspiegel.com/petalbot)"
54.36.149.11 - - [12/Sep/2020:11:58:15 -0400] "GET / HTTP/1.0" 200 7784 "-" "Mozilla/5.0 (compatible; AhrefsBot/7.0; +http://ahrefs.com/robot/)"
40.77.167.133 - - [12/Sep/2020:14:55:28 -0400] "GET / HTTP/1.0" 200 7784 "-" "Mozilla/5.0 (compatible; bingbot/2.0; +http://www.bing.com/bingbot.htm)"
114.119.157.128 - - [12/Sep/2020:15:20:09 -0400] "GET /pages/lecture.html HTTP/1.0" 200 8407 "-" "Mozilla/5.0 (Linux; Android 7.0;) AppleWebKit/537.36 (KHTML, like Gecko) Mobile Safari/537.36 (compatible; PetalBot;+http://aspiegel.com/petalbot)"
114.119.132.218 - - [12/Sep/2020:18:12:02 -0400] "GET /pages/links.html HTTP/1.0" 200 8900 "-" "Mozilla/5.0 (Linux; Android 7.0;) AppleWebKit/537.36 (KHTML, like Gecko) Mobile Safari/537.36 (compatible; PetalBot;+http://aspiegel.com/petalbot)"
42.236.102.157 - - [12/Sep/2020:18:15:33 -0400] "GET / HTTP/1.0" 200 7784 "http://www.craigmarberry.com/" "Mozilla/5.0 (Windows NT 6.1; WOW64) AppleWebKit/537.36 (KHTML, like Gecko) Chrome/50.4.2661.102 Safari/537.36; 360Spider"
62.210.139.231 - - [12/Sep/2020:19:27:22 -0400] "GET /home.html HTTP/1.0" 200 7784 "-" "Mozilla/5.0 (compatible; Barkrowler/0.9; +https://babbar.tech/crawler)"
62.210.139.231 - - [12/Sep/2020:19:27:28 -0400] "GET /pages/lecture.html HTTP/1.0" 200 8407 "-" "Mozilla/5.0 (compatible; Barkrowler/0.9; +https://babbar.tech/crawler)"
62.210.139.231 - - [12/Sep/2020:19:27:54 -0400] "GET /pages/bookshelf.html HTTP/1.0" 200 8640 "-" "Mozilla/5.0 (compatible; Barkrowler/0.9; +https://babbar.tech/crawler)"
104.254.92.21 - - [12/Sep/2020:21:22:55 -0400] "GET /pages/contact.html HTTP/1.0" 200 6636 "http://craigmarberry.com" "Mozilla/5.0 (Macintosh; Intel Mac OS X 10_13_0) AppleWebKit/537.36 (KHTML, like Gecko) Chrome/67.0.3396.79 Safari/537.36"
35.196.179.213 - - [12/Sep/2020:23:22:18 -0400] "GET /robots.txt HTTP/1.0" 404 575 "-" "ZoominfoBot (zoominfobot at zoominfo dot com)"
35.196.179.213 - - [12/Sep/2020:23:22:18 -0400] "GET /pages/about-crowns.html HTTP/1.0" 200 8030 "-" "ZoominfoBot (zoominfobot at zoominfo dot com)"
36.74.43.66 - - [12/Sep/2020:23:27:58 -0400] "GET /images/header3_06.gif HTTP/1.0" 200 437 "http://craigmarberry.com/?q=semalt.com" "Mozilla/5.0 (Windows NT 10.0; Win64; x64) AppleWebKit/537.36 (KHTML, like Gecko) Chrome/74.0.3729.169 Safari/537.36"
35.196.179.213 - - [12/Sep/2020:23:34:06 -0400] "GET /pages/lecture.html HTTP/1.0" 200 8407 "-" "ZoominfoBot (zoominfobot at zoominfo dot com)"