0byt3m1n1
Path:
/
data
/
0
/
0
/
19
/
13
/
19502
/
meta
/
19930
/
logs
/
[
Home
]
File: x-access_log.2013-08-11
69.35.210.121 - - [11/Aug/2013:23:10:58 -0400] "GET /graphics/tolentino-cutout.gif HTTP/1.1" 200 13936 "http://www.brainandneurospine.com/billing.html" "Mozilla/5.0 (Linux; Android 4.2.2; en-us; SAMSUNG-SGH-I337 Build/JDQ39) AppleWebKit/535.19 (KHTML, like Gecko) Version/1.0 Chrome/18.0.1025.308 Mobile Safari/535.19"
69.35.210.121 - - [11/Aug/2013:23:10:58 -0400] "GET /SpryAssets/SpryMenuBarDownHover.gif HTTP/1.1" 200 55 "http://www.brainandneurospine.com/billing.html" "Mozilla/5.0 (Linux; Android 4.2.2; en-us; SAMSUNG-SGH-I337 Build/JDQ39) AppleWebKit/535.19 (KHTML, like Gecko) Version/1.0 Chrome/18.0.1025.308 Mobile Safari/535.19"
69.35.210.121 - - [11/Aug/2013:23:10:58 -0400] "GET /SpryAssets/SpryMenuBarRight.gif HTTP/1.1" 200 55 "http://www.brainandneurospine.com/billing.html" "Mozilla/5.0 (Linux; Android 4.2.2; en-us; SAMSUNG-SGH-I337 Build/JDQ39) AppleWebKit/535.19 (KHTML, like Gecko) Version/1.0 Chrome/18.0.1025.308 Mobile Safari/535.19"
69.35.210.121 - - [11/Aug/2013:23:11:01 -0400] "GET /apple-touch-icon.png HTTP/1.1" 404 575 "-" "Mozilla/5.0 (Linux; Android 4.2.2; en-us; SAMSUNG-SGH-I337 Build/JDQ39) AppleWebKit/535.19 (KHTML, like Gecko) Version/1.0 Chrome/18.0.1025.308 Mobile Safari/535.19"
46.4.25.85 - - [11/Aug/2013:13:45:41 -0400] "GET /images/jason-bowers1.jpg HTTP/1.0" 200 47271 "-" "-"
157.55.35.32 - - [11/Aug/2013:10:14:50 -0400] "GET /robots.txt HTTP/1.1" 404 575 "-" "Mozilla/5.0 (compatible; bingbot/2.0; +http://www.bing.com/bingbot.htm)"
70.195.3.163 - - [11/Aug/2013:17:32:17 -0400] "GET /SpryAssets/SpryMenuBarRightHover.gif HTTP/1.1" 304 - "http://www.brainandneurospine.com/vaught_bio.html" "Mozilla/5.0 (Linux; U; Android 4.1.2; en-us; DROID RAZR Build/9.8.2O-72_VZW-16) AppleWebKit/534.30 (KHTML, like Gecko) Version/4.0 Mobile Safari/534.30"
108.5.131.146 - - [11/Aug/2013:17:55:45 -0400] "GET /InTheNews-Items/SE-Missourian-9-6-2007.jpg?S=7109789 HTTP/1.1" 200 196593 "-" "panscient.com"
199.30.20.2 - - [11/Aug/2013:07:50:16 -0400] "GET /images/Debbie-Biopage2.jpg HTTP/1.1" 200 46842 "-" "msnbot-media/1.1 (+http://search.msn.com/msnbot.htm)"
157.55.32.39 - - [11/Aug/2013:03:05:46 -0400] "GET /robots.txt HTTP/1.1" 404 575 "-" "Mozilla/5.0 (compatible; bingbot/2.0; +http://www.bing.com/bingbot.htm)"
66.249.72.207 - - [11/Aug/2013:03:53:10 -0400] "GET /PDF-Docs/Clark-CV-2010.pdf HTTP/1.1" 304 - "-" "Mozilla/5.0 (iPhone; U; CPU iPhone OS 4_1 like Mac OS X; en-us) AppleWebKit/532.9 (KHTML, like Gecko) Version/4.0.5 Mobile/8B117 Safari/6531.22.7 (compatible; Googlebot-Mobile/2.1; +http://www.google.com/bot.html)"
157.55.34.179 - - [11/Aug/2013:15:05:19 -0400] "GET /robots.txt HTTP/1.1" 404 575 "-" "Mozilla/5.0 (compatible; bingbot/2.0; +http://www.bing.com/bingbot.htm)"
209.235.156.85 - - [11/Aug/2013:15:16:38 -0400] "GET /wordpress/wp-admin/ HTTP/1.1" 404 575 "-" "-"
66.249.72.24 - - [11/Aug/2013:15:49:29 -0400] "GET /Patient%20letters%20to%20Doctors/terry-shari.jpg HTTP/1.1" 200 148140 "-" "Googlebot-Image/1.0"
96.35.232.107 - - [11/Aug/2013:11:12:07 -0400] "GET /graphics/Tolentino-MRI.jpg HTTP/1.1" 200 18730 "http://www.brainandneurospine.com/tolentino_bio.html" "Mozilla/5.0 (Windows NT 6.0; WOW64) AppleWebKit/534.57.2 (KHTML, like Gecko) Version/5.1.7 Safari/534.57.2"
178.255.215.65 - - [11/Aug/2013:11:13:48 -0400] "GET / HTTP/1.1" 200 40346 "-" "Mozilla/5.0 (compatible; Exabot/3.0; +http://www.exabot.com/go/robot)"
131.253.24.30 - - [11/Aug/2013:02:43:41 -0400] "GET /SpryAssets/SpryMenuBarHorizontal.css HTTP/1.1" 200 5807 "http://brainandneurospine.com/2009-patient-notes.html" "Mozilla/5.0 (Windows NT 6.1; WOW64) AppleWebKit/534+ (KHTML, like Gecko) BingPreview/1.0b"
131.253.24.30 - - [11/Aug/2013:02:43:41 -0400] "GET /graphics/gray-background.jpg HTTP/1.1" 200 7781 "http://brainandneurospine.com/2009-patient-notes.html" "Mozilla/5.0 (Windows NT 6.1; WOW64) AppleWebKit/534+ (KHTML, like Gecko) BingPreview/1.0b"
131.253.24.30 - - [11/Aug/2013:02:43:41 -0400] "GET /graphics/colle-microscope.gif HTTP/1.1" 200 10069 "http://brainandneurospine.com/2009-patient-notes.html" "Mozilla/5.0 (Windows NT 6.1; WOW64) AppleWebKit/534+ (KHTML, like Gecko) BingPreview/1.0b"
131.253.24.30 - - [11/Aug/2013:02:43:41 -0400] "GET /graphics/cleaver-guidos-cutout.gif HTTP/1.1" 200 7051 "http://brainandneurospine.com/2009-patient-notes.html" "Mozilla/5.0 (Windows NT 6.1; WOW64) AppleWebKit/534+ (KHTML, like Gecko) BingPreview/1.0b"
131.253.24.30 - - [11/Aug/2013:02:43:41 -0400] "GET /graphics/cloud-background.jpg HTTP/1.1" 200 11928 "http://brainandneurospine.com/2009-patient-notes.html" "Mozilla/5.0 (Windows NT 6.1; WOW64) AppleWebKit/534+ (KHTML, like Gecko) BingPreview/1.0b"
131.253.24.30 - - [11/Aug/2013:02:43:41 -0400] "GET /SpryAssets/SpryMenuBarDown.gif HTTP/1.1" 200 55 "http://brainandneurospine.com/2009-patient-notes.html" "Mozilla/5.0 (Windows NT 6.1; WOW64) AppleWebKit/534+ (KHTML, like Gecko) BingPreview/1.0b"
75.221.178.55 - - [11/Aug/2013:21:27:26 -0400] "GET /favicon.ico HTTP/1.1" 404 575 "-" "Mozilla/5.0 (compatible; MSIE 9.0; Windows NT 6.0; WOW64; Trident/5.0)"
46.119.118.152 - - [11/Aug/2013:21:51:44 -0400] "GET / HTTP/1.1" 200 40346 "http://ilya-muromec.ru/" "Mozilla/4.0 (compatible; MSIE 6.0; Windows NT 5.1; SV1; YPC 3.0.2; .NET CLR 1.1.4322; yplus 4.4.02b)"
69.35.210.121 - - [11/Aug/2013:23:09:16 -0400] "GET /SpryAssets/SpryMenuBarHorizontal.css HTTP/1.1" 200 5807 "http://www.brainandneurospine.com/vaught_bio.html" "Mozilla/5.0 (Linux; Android 4.2.2; en-us; SAMSUNG-SGH-I337 Build/JDQ39) AppleWebKit/535.19 (KHTML, like Gecko) Version/1.0 Chrome/18.0.1025.308 Mobile Safari/535.19"
69.35.210.121 - - [11/Aug/2013:23:09:16 -0400] "GET /graphics/colle-microscope.gif HTTP/1.1" 200 10069 "http://www.brainandneurospine.com/vaught_bio.html" "Mozilla/5.0 (Linux; Android 4.2.2; en-us; SAMSUNG-SGH-I337 Build/JDQ39) AppleWebKit/535.19 (KHTML, like Gecko) Version/1.0 Chrome/18.0.1025.308 Mobile Safari/535.19"
69.35.210.121 - - [11/Aug/2013:23:09:16 -0400] "GET /graphics/cleaver-guidos-cutout.gif HTTP/1.1" 200 7051 "http://www.brainandneurospine.com/vaught_bio.html" "Mozilla/5.0 (Linux; Android 4.2.2; en-us; SAMSUNG-SGH-I337 Build/JDQ39) AppleWebKit/535.19 (KHTML, like Gecko) Version/1.0 Chrome/18.0.1025.308 Mobile Safari/535.19"
69.35.210.121 - - [11/Aug/2013:23:09:16 -0400] "GET /graphics/cloud-background.jpg HTTP/1.1" 200 11928 "http://www.brainandneurospine.com/vaught_bio.html" "Mozilla/5.0 (Linux; Android 4.2.2; en-us; SAMSUNG-SGH-I337 Build/JDQ39) AppleWebKit/535.19 (KHTML, like Gecko) Version/1.0 Chrome/18.0.1025.308 Mobile Safari/535.19"
69.35.210.121 - - [11/Aug/2013:23:09:16 -0400] "GET /graphics/Vaught-clinic-1.jpg HTTP/1.1" 200 53040 "http://www.brainandneurospine.com/vaught_bio.html" "Mozilla/5.0 (Linux; Android 4.2.2; en-us; SAMSUNG-SGH-I337 Build/JDQ39) AppleWebKit/535.19 (KHTML, like Gecko) Version/1.0 Chrome/18.0.1025.308 Mobile Safari/535.19"
69.35.210.121 - - [11/Aug/2013:23:09:19 -0400] "GET /apple-touch-icon-precomposed.png HTTP/1.1" 404 575 "-" "Mozilla/5.0 (Linux; Android 4.2.2; en-us; SAMSUNG-SGH-I337 Build/JDQ39) AppleWebKit/535.19 (KHTML, like Gecko) Version/1.0 Chrome/18.0.1025.308 Mobile Safari/535.19"
69.35.210.121 - - [11/Aug/2013:23:09:20 -0400] "GET /apple-touch-icon.png HTTP/1.1" 404 575 "-" "Mozilla/5.0 (Linux; Android 4.2.2; en-us; SAMSUNG-SGH-I337 Build/JDQ39) AppleWebKit/535.19 (KHTML, like Gecko) Version/1.0 Chrome/18.0.1025.308 Mobile Safari/535.19"
198.50.139.131 - - [11/Aug/2013:14:05:16 -0400] "GET /alexander_bio.html HTTP/1.1" 200 16835 "-" "Mozilla/5.0 (X11; Linux i686; rv:6.0) Gecko/20100101 Firefox/6.0"
69.35.210.121 - - [11/Aug/2013:23:10:58 -0400] "GET /graphics/tolentino-cutout.gif HTTP/1.1" 200 13936 "http://www.brainandneurospine.com/billing.html" "Mozilla/5.0 (Linux; Android 4.2.2; en-us; SAMSUNG-SGH-I337 Build/JDQ39) AppleWebKit/535.19 (KHTML, like Gecko) Version/1.0 Chrome/18.0.1025.308 Mobile Safari/535.19"
69.35.210.121 - - [11/Aug/2013:23:10:58 -0400] "GET /SpryAssets/SpryMenuBarDownHover.gif HTTP/1.1" 200 55 "http://www.brainandneurospine.com/billing.html" "Mozilla/5.0 (Linux; Android 4.2.2; en-us; SAMSUNG-SGH-I337 Build/JDQ39) AppleWebKit/535.19 (KHTML, like Gecko) Version/1.0 Chrome/18.0.1025.308 Mobile Safari/535.19"
69.35.210.121 - - [11/Aug/2013:23:10:58 -0400] "GET /SpryAssets/SpryMenuBarRight.gif HTTP/1.1" 200 55 "http://www.brainandneurospine.com/billing.html" "Mozilla/5.0 (Linux; Android 4.2.2; en-us; SAMSUNG-SGH-I337 Build/JDQ39) AppleWebKit/535.19 (KHTML, like Gecko) Version/1.0 Chrome/18.0.1025.308 Mobile Safari/535.19"
69.35.210.121 - - [11/Aug/2013:23:11:01 -0400] "GET /apple-touch-icon.png HTTP/1.1" 404 575 "-" "Mozilla/5.0 (Linux; Android 4.2.2; en-us; SAMSUNG-SGH-I337 Build/JDQ39) AppleWebKit/535.19 (KHTML, like Gecko) Version/1.0 Chrome/18.0.1025.308 Mobile Safari/535.19"
46.4.25.85 - - [11/Aug/2013:13:45:41 -0400] "GET /images/jason-bowers1.jpg HTTP/1.0" 200 47271 "-" "-"
157.55.35.32 - - [11/Aug/2013:10:14:50 -0400] "GET /robots.txt HTTP/1.1" 404 575 "-" "Mozilla/5.0 (compatible; bingbot/2.0; +http://www.bing.com/bingbot.htm)"
70.195.3.163 - - [11/Aug/2013:17:32:17 -0400] "GET /SpryAssets/SpryMenuBarRightHover.gif HTTP/1.1" 304 - "http://www.brainandneurospine.com/vaught_bio.html" "Mozilla/5.0 (Linux; U; Android 4.1.2; en-us; DROID RAZR Build/9.8.2O-72_VZW-16) AppleWebKit/534.30 (KHTML, like Gecko) Version/4.0 Mobile Safari/534.30"
108.5.131.146 - - [11/Aug/2013:17:55:45 -0400] "GET /InTheNews-Items/SE-Missourian-9-6-2007.jpg?S=7109789 HTTP/1.1" 200 196593 "-" "panscient.com"
199.30.20.2 - - [11/Aug/2013:07:50:16 -0400] "GET /images/Debbie-Biopage2.jpg HTTP/1.1" 200 46842 "-" "msnbot-media/1.1 (+http://search.msn.com/msnbot.htm)"
157.55.32.39 - - [11/Aug/2013:03:05:46 -0400] "GET /robots.txt HTTP/1.1" 404 575 "-" "Mozilla/5.0 (compatible; bingbot/2.0; +http://www.bing.com/bingbot.htm)"
66.249.72.207 - - [11/Aug/2013:03:53:10 -0400] "GET /PDF-Docs/Clark-CV-2010.pdf HTTP/1.1" 304 - "-" "Mozilla/5.0 (iPhone; U; CPU iPhone OS 4_1 like Mac OS X; en-us) AppleWebKit/532.9 (KHTML, like Gecko) Version/4.0.5 Mobile/8B117 Safari/6531.22.7 (compatible; Googlebot-Mobile/2.1; +http://www.google.com/bot.html)"
157.55.34.179 - - [11/Aug/2013:15:05:19 -0400] "GET /robots.txt HTTP/1.1" 404 575 "-" "Mozilla/5.0 (compatible; bingbot/2.0; +http://www.bing.com/bingbot.htm)"
209.235.156.85 - - [11/Aug/2013:15:16:38 -0400] "GET /wordpress/wp-admin/ HTTP/1.1" 404 575 "-" "-"
66.249.72.24 - - [11/Aug/2013:15:49:29 -0400] "GET /Patient%20letters%20to%20Doctors/terry-shari.jpg HTTP/1.1" 200 148140 "-" "Googlebot-Image/1.0"
96.35.232.107 - - [11/Aug/2013:11:12:07 -0400] "GET /graphics/Tolentino-MRI.jpg HTTP/1.1" 200 18730 "http://www.brainandneurospine.com/tolentino_bio.html" "Mozilla/5.0 (Windows NT 6.0; WOW64) AppleWebKit/534.57.2 (KHTML, like Gecko) Version/5.1.7 Safari/534.57.2"
178.255.215.65 - - [11/Aug/2013:11:13:48 -0400] "GET / HTTP/1.1" 200 40346 "-" "Mozilla/5.0 (compatible; Exabot/3.0; +http://www.exabot.com/go/robot)"
131.253.24.30 - - [11/Aug/2013:02:43:41 -0400] "GET /SpryAssets/SpryMenuBarHorizontal.css HTTP/1.1" 200 5807 "http://brainandneurospine.com/2009-patient-notes.html" "Mozilla/5.0 (Windows NT 6.1; WOW64) AppleWebKit/534+ (KHTML, like Gecko) BingPreview/1.0b"
131.253.24.30 - - [11/Aug/2013:02:43:41 -0400] "GET /graphics/gray-background.jpg HTTP/1.1" 200 7781 "http://brainandneurospine.com/2009-patient-notes.html" "Mozilla/5.0 (Windows NT 6.1; WOW64) AppleWebKit/534+ (KHTML, like Gecko) BingPreview/1.0b"
131.253.24.30 - - [11/Aug/2013:02:43:41 -0400] "GET /graphics/colle-microscope.gif HTTP/1.1" 200 10069 "http://brainandneurospine.com/2009-patient-notes.html" "Mozilla/5.0 (Windows NT 6.1; WOW64) AppleWebKit/534+ (KHTML, like Gecko) BingPreview/1.0b"
131.253.24.30 - - [11/Aug/2013:02:43:41 -0400] "GET /graphics/cleaver-guidos-cutout.gif HTTP/1.1" 200 7051 "http://brainandneurospine.com/2009-patient-notes.html" "Mozilla/5.0 (Windows NT 6.1; WOW64) AppleWebKit/534+ (KHTML, like Gecko) BingPreview/1.0b"
131.253.24.30 - - [11/Aug/2013:02:43:41 -0400] "GET /graphics/cloud-background.jpg HTTP/1.1" 200 11928 "http://brainandneurospine.com/2009-patient-notes.html" "Mozilla/5.0 (Windows NT 6.1; WOW64) AppleWebKit/534+ (KHTML, like Gecko) BingPreview/1.0b"
131.253.24.30 - - [11/Aug/2013:02:43:41 -0400] "GET /SpryAssets/SpryMenuBarDown.gif HTTP/1.1" 200 55 "http://brainandneurospine.com/2009-patient-notes.html" "Mozilla/5.0 (Windows NT 6.1; WOW64) AppleWebKit/534+ (KHTML, like Gecko) BingPreview/1.0b"
75.221.178.55 - - [11/Aug/2013:21:27:26 -0400] "GET /favicon.ico HTTP/1.1" 404 575 "-" "Mozilla/5.0 (compatible; MSIE 9.0; Windows NT 6.0; WOW64; Trident/5.0)"
46.119.118.152 - - [11/Aug/2013:21:51:44 -0400] "GET / HTTP/1.1" 200 40346 "http://ilya-muromec.ru/" "Mozilla/4.0 (compatible; MSIE 6.0; Windows NT 5.1; SV1; YPC 3.0.2; .NET CLR 1.1.4322; yplus 4.4.02b)"
69.35.210.121 - - [11/Aug/2013:23:09:16 -0400] "GET /SpryAssets/SpryMenuBarHorizontal.css HTTP/1.1" 200 5807 "http://www.brainandneurospine.com/vaught_bio.html" "Mozilla/5.0 (Linux; Android 4.2.2; en-us; SAMSUNG-SGH-I337 Build/JDQ39) AppleWebKit/535.19 (KHTML, like Gecko) Version/1.0 Chrome/18.0.1025.308 Mobile Safari/535.19"
69.35.210.121 - - [11/Aug/2013:23:09:16 -0400] "GET /graphics/colle-microscope.gif HTTP/1.1" 200 10069 "http://www.brainandneurospine.com/vaught_bio.html" "Mozilla/5.0 (Linux; Android 4.2.2; en-us; SAMSUNG-SGH-I337 Build/JDQ39) AppleWebKit/535.19 (KHTML, like Gecko) Version/1.0 Chrome/18.0.1025.308 Mobile Safari/535.19"
69.35.210.121 - - [11/Aug/2013:23:09:16 -0400] "GET /graphics/cleaver-guidos-cutout.gif HTTP/1.1" 200 7051 "http://www.brainandneurospine.com/vaught_bio.html" "Mozilla/5.0 (Linux; Android 4.2.2; en-us; SAMSUNG-SGH-I337 Build/JDQ39) AppleWebKit/535.19 (KHTML, like Gecko) Version/1.0 Chrome/18.0.1025.308 Mobile Safari/535.19"
69.35.210.121 - - [11/Aug/2013:23:09:16 -0400] "GET /graphics/cloud-background.jpg HTTP/1.1" 200 11928 "http://www.brainandneurospine.com/vaught_bio.html" "Mozilla/5.0 (Linux; Android 4.2.2; en-us; SAMSUNG-SGH-I337 Build/JDQ39) AppleWebKit/535.19 (KHTML, like Gecko) Version/1.0 Chrome/18.0.1025.308 Mobile Safari/535.19"
69.35.210.121 - - [11/Aug/2013:23:09:16 -0400] "GET /graphics/Vaught-clinic-1.jpg HTTP/1.1" 200 53040 "http://www.brainandneurospine.com/vaught_bio.html" "Mozilla/5.0 (Linux; Android 4.2.2; en-us; SAMSUNG-SGH-I337 Build/JDQ39) AppleWebKit/535.19 (KHTML, like Gecko) Version/1.0 Chrome/18.0.1025.308 Mobile Safari/535.19"
69.35.210.121 - - [11/Aug/2013:23:09:19 -0400] "GET /apple-touch-icon-precomposed.png HTTP/1.1" 404 575 "-" "Mozilla/5.0 (Linux; Android 4.2.2; en-us; SAMSUNG-SGH-I337 Build/JDQ39) AppleWebKit/535.19 (KHTML, like Gecko) Version/1.0 Chrome/18.0.1025.308 Mobile Safari/535.19"
69.35.210.121 - - [11/Aug/2013:23:09:20 -0400] "GET /apple-touch-icon.png HTTP/1.1" 404 575 "-" "Mozilla/5.0 (Linux; Android 4.2.2; en-us; SAMSUNG-SGH-I337 Build/JDQ39) AppleWebKit/535.19 (KHTML, like Gecko) Version/1.0 Chrome/18.0.1025.308 Mobile Safari/535.19"
198.50.139.131 - - [11/Aug/2013:14:05:16 -0400] "GET /alexander_bio.html HTTP/1.1" 200 16835 "-" "Mozilla/5.0 (X11; Linux i686; rv:6.0) Gecko/20100101 Firefox/6.0"
184.22.23.107 - - [11/Aug/2013:06:48:12 -0400] "GET /gibbs_bio.html HTTP/1.1" 200 13976 "-" "Mozilla/5.0 (X11; Linux i686; rv:6.0) Gecko/20100101 Firefox/6.0"
66.249.72.17 - - [11/Aug/2013:15:49:32 -0400] "GET /Patient%20letters%20to%20Doctors/Cheryl%20Hill.jpg HTTP/1.1" 200 157247 "-" "Googlebot-Image/1.0"
66.249.72.25 - - [11/Aug/2013:13:30:15 -0400] "GET /graphics/Copy-of-Novalis-Isocentric-.jpg HTTP/1.1" 304 - "-" "Googlebot-Image/1.0"
69.35.210.121 - - [11/Aug/2013:23:10:27 -0400] "GET /graphics/colle-microscope.gif HTTP/1.1" 200 10069 "http://www.brainandneurospine.com/2009-office-policies.html" "Mozilla/5.0 (Linux; Android 4.2.2; en-us; SAMSUNG-SGH-I337 Build/JDQ39) AppleWebKit/535.19 (KHTML, like Gecko) Version/1.0 Chrome/18.0.1025.308 Mobile Safari/535.19"
69.35.210.121 - - [11/Aug/2013:23:10:28 -0400] "GET /SpryAssets/SpryMenuBarDownHover.gif HTTP/1.1" 200 55 "http://www.brainandneurospine.com/2009-office-policies.html" "Mozilla/5.0 (Linux; Android 4.2.2; en-us; SAMSUNG-SGH-I337 Build/JDQ39) AppleWebKit/535.19 (KHTML, like Gecko) Version/1.0 Chrome/18.0.1025.308 Mobile Safari/535.19"
69.35.210.121 - - [11/Aug/2013:23:10:30 -0400] "GET /favicon.ico HTTP/1.1" 404 575 "-" "Mozilla/5.0 (Linux; Android 4.2.2; en-us; SAMSUNG-SGH-I337 Build/JDQ39) AppleWebKit/535.19 (KHTML, like Gecko) Version/1.0 Chrome/18.0.1025.308 Mobile Safari/535.19"
173.192.235.226 - - [11/Aug/2013:00:32:53 -0400] "GET /videos/jamaica-website.wmv HTTP/1.1" 200 14366850 "-" "Mozilla/5.0 (compatible; SiteExplorer/1.0b; +http://siteexplorer.info/)"
157.56.92.178 - - [11/Aug/2013:01:15:51 -0400] "GET /robots.txt HTTP/1.1" 404 575 "-" "Mozilla/5.0 (compatible; bingbot/2.0; +http://www.bing.com/bingbot.htm)"
157.55.32.26 - - [11/Aug/2013:04:34:13 -0400] "GET /robots.txt HTTP/1.1" 404 575 "-" "Mozilla/5.0 (compatible; bingbot/2.0; +http://www.bing.com/bingbot.htm)"
157.55.34.179 - - [11/Aug/2013:05:37:51 -0400] "GET /robots.txt HTTP/1.1" 404 575 "-" "Mozilla/5.0 (compatible; bingbot/2.0; +http://www.bing.com/bingbot.htm)"
66.249.72.161 - - [11/Aug/2013:05:39:43 -0400] "GET /tolentino_bio.html HTTP/1.1" 304 - "-" "Mozilla/5.0 (compatible; Googlebot/2.1; +http://www.google.com/bot.html)"
199.30.16.36 - - [11/Aug/2013:12:46:00 -0400] "GET /graphics/brain-balloon-1.jpg HTTP/1.1" 200 12659 "-" "msnbot-media/1.1 (+http://search.msn.com/msnbot.htm)"
66.249.72.193 - - [11/Aug/2013:09:30:59 -0400] "GET /cleaver_bio.html HTTP/1.1" 304 - "-" "Mozilla/5.0 (compatible; Googlebot/2.1; +http://www.google.com/bot.html)"
178.255.215.65 - - [11/Aug/2013:11:13:48 -0400] "GET /robots.txt HTTP/1.1" 404 575 "-" "Mozilla/5.0 (compatible; Exabot/3.0; +http://www.exabot.com/go/robot)"
75.134.198.28 - - [11/Aug/2013:11:26:09 -0400] "GET /tplayer/css/ADPMask.css HTTP/1.1" 200 234 "http://www.brainandneurospine.com/" "Mozilla/5.0 (Windows NT 6.2; WOW64) AppleWebKit/537.36 (KHTML, like Gecko) Chrome/28.0.1500.95 Safari/537.36"
75.134.198.28 - - [11/Aug/2013:11:26:10 -0400] "GET /tplayer/scripts/tplayer.js HTTP/1.1" 200 60791 "http://www.brainandneurospine.com/" "Mozilla/5.0 (Windows NT 6.2; WOW64) AppleWebKit/537.36 (KHTML, like Gecko) Chrome/28.0.1500.95 Safari/537.36"
75.134.198.28 - - [11/Aug/2013:11:26:10 -0400] "GET /graphics/rbs-logo-930x125w-v3%20.jpg HTTP/1.1" 200 28337 "http://www.brainandneurospine.com/" "Mozilla/5.0 (Windows NT 6.2; WOW64) AppleWebKit/537.36 (KHTML, like Gecko) Chrome/28.0.1500.95 Safari/537.36"
75.134.198.28 - - [11/Aug/2013:11:26:10 -0400] "GET /tplayer/scripts/tplayer-config.js HTTP/1.1" 200 78567 "http://www.brainandneurospine.com/" "Mozilla/5.0 (Windows NT 6.2; WOW64) AppleWebKit/537.36 (KHTML, like Gecko) Chrome/28.0.1500.95 Safari/537.36"
75.134.198.28 - - [11/Aug/2013:11:26:10 -0400] "GET /graphics/colle-cutout2.gif HTTP/1.1" 200 7469 "http://www.brainandneurospine.com/" "Mozilla/5.0 (Windows NT 6.2; WOW64) AppleWebKit/537.36 (KHTML, like Gecko) Chrome/28.0.1500.95 Safari/537.36"
199.21.99.95 - - [11/Aug/2013:11:51:02 -0400] "GET /Stories-of-Hope/button1.swf HTTP/1.1" 200 5753 "-" "Mozilla/5.0 (compatible; YandexBot/3.0; +http://yandex.com/bots)"
220.181.108.182 - - [11/Aug/2013:18:55:02 -0400] "GET / HTTP/1.1" 304 - "-" "Mozilla/5.0 (compatible; Baiduspider/2.0; +http://www.baidu.com/search/spider.html)"
108.5.131.146 - - [11/Aug/2013:17:54:13 -0400] "GET /inthenews.html HTTP/1.1" 200 29248 "-" "panscient.com"
108.5.131.146 - - [11/Aug/2013:17:54:15 -0400] "GET /amber_thorne_bio.html HTTP/1.1" 404 575 "-" "panscient.com"
108.5.131.146 - - [11/Aug/2013:17:54:41 -0400] "GET /tplayer/videos/ADVplayer.swf HTTP/1.1" 200 6821 "-" "panscient.com"
108.5.131.146 - - [11/Aug/2013:17:54:42 -0400] "GET /Scripts/application/x-shockwave-flash.swf HTTP/1.1" 404 575 "-" "panscient.com"
108.5.131.146 - - [11/Aug/2013:17:55:21 -0400] "GET /vaught_bio.html HTTP/1.1" 200 21144 "-" "panscient.com"
108.5.131.146 - - [11/Aug/2013:17:55:23 -0400] "GET /tplayer-p.js HTTP/1.1" 404 575 "-" "panscient.com"
173.192.235.226 - - [11/Aug/2013:00:32:42 -0400] "GET /robots.txt HTTP/1.1" 404 575 "-" "Mozilla/5.0 (compatible; SiteExplorer/1.0b; +http://siteexplorer.info/)"
173.192.235.226 - - [11/Aug/2013:00:36:08 -0400] "GET /2009-education-links.html HTTP/1.1" 200 17791 "-" "Mozilla/5.0 (compatible; SiteExplorer/1.0b; +http://siteexplorer.info/)"
69.35.210.121 - - [11/Aug/2013:23:10:27 -0400] "GET /graphics/tolentino-cutout.gif HTTP/1.1" 200 13936 "http://www.brainandneurospine.com/2009-office-policies.html" "Mozilla/5.0 (Linux; Android 4.2.2; en-us; SAMSUNG-SGH-I337 Build/JDQ39) AppleWebKit/535.19 (KHTML, like Gecko) Version/1.0 Chrome/18.0.1025.308 Mobile Safari/535.19"
69.35.210.121 - - [11/Aug/2013:23:10:28 -0400] "GET /SpryAssets/SpryMenuBarDown.gif HTTP/1.1" 200 55 "http://www.brainandneurospine.com/2009-office-policies.html" "Mozilla/5.0 (Linux; Android 4.2.2; en-us; SAMSUNG-SGH-I337 Build/JDQ39) AppleWebKit/535.19 (KHTML, like Gecko) Version/1.0 Chrome/18.0.1025.308 Mobile Safari/535.19"
78.158.11.226 - - [11/Aug/2013:18:02:42 -0400] "GET / HTTP/1.1" 200 40346 "http://www.google.com/url?sa=t&rct=j&q=www.brainandneurospine.com&source=web&cd=5&ved=0CF0QFjAE&url=http:%2F%2Fwww.brainandneurospine.com%2F&cad=rja" "Lynx/2.8.5rel.1 libwww-FM/2.15FC SSL-MM/1.4.1c OpenSSL/0.9.7e-dev"
199.21.99.95 - - [11/Aug/2013:18:14:09 -0400] "GET /index.html HTTP/1.1" 200 40346 "-" "Mozilla/5.0 (compatible; YandexBot/3.0; +http://yandex.com/bots)"
46.4.25.85 - - [11/Aug/2013:18:41:19 -0400] "GET /images/Vaught-206x268.jpg HTTP/1.0" 200 24797 "-" "-"