24.100.149.193 - - [12/Aug/2013:14:03:10 -0400] "GET /images/extenders-rbs5.jpg HTTP/1.1" 200 31217 "http://www.brainandneurospine.com/" "Mozilla/5.0 (Linux; U; Android 2.3.6; en-us; Huawei-U8665 Build/HuaweiU8665B037) AppleWebKit/533.1 (KHTML, like Gecko) Version/4.0 Mobile Safari/533.1"
24.100.149.193 - - [12/Aug/2013:14:04:50 -0400] "GET / HTTP/1.1" 200 40346 "http://www.google.com/search?hl=en&redir_esc=&client=ms-android-att-us&source=android-browser-type&v=133247963&qsubts=1376330542471&action=devloc&q=nurosurgeon+in+cape+mo&v=133247963" "Mozilla/5.0 (Linux; U; Android 2.3.6; en-us; Huawei-U8665 Build/HuaweiU8665B037) AppleWebKit/533.1 (KHTML, like Gecko) Version/4.0 Mobile Safari/533.1"
24.100.149.193 - - [12/Aug/2013:14:04:50 -0400] "GET /SpryAssets/SpryMenuBarVertical.css HTTP/1.1" 200 4594 "http://www.brainandneurospine.com/" "Mozilla/5.0 (Linux; U; Android 2.3.6; en-us; Huawei-U8665 Build/HuaweiU8665B037) AppleWebKit/533.1 (KHTML, like Gecko) Version/4.0 Mobile Safari/533.1"
24.100.149.193 - - [12/Aug/2013:14:04:51 -0400] "GET /tplayer/css/ADPMask.css HTTP/1.1" 200 234 "http://www.brainandneurospine.com/" "Mozilla/5.0 (Linux; U; Android 2.3.6; en-us; Huawei-U8665 Build/HuaweiU8665B037) AppleWebKit/533.1 (KHTML, like Gecko) Version/4.0 Mobile Safari/533.1"
24.100.149.193 - - [12/Aug/2013:14:04:51 -0400] "GET /Scripts/event.js HTTP/1.1" 200 7727 "http://www.brainandneurospine.com/" "Mozilla/5.0 (Linux; U; Android 2.3.6; en-us; Huawei-U8665 Build/HuaweiU8665B037) AppleWebKit/533.1 (KHTML, like Gecko) Version/4.0 Mobile Safari/533.1"
24.100.149.193 - - [12/Aug/2013:14:04:51 -0400] "GET /tplayer/scripts/tplayer.js HTTP/1.1" 200 60791 "http://www.brainandneurospine.com/" "Mozilla/5.0 (Linux; U; Android 2.3.6; en-us; Huawei-U8665 Build/HuaweiU8665B037) AppleWebKit/533.1 (KHTML, like Gecko) Version/4.0 Mobile Safari/533.1"
24.100.149.193 - - [12/Aug/2013:14:04:51 -0400] "GET /Scripts/AC_RunActiveContent.js HTTP/1.1" 200 8029 "http://www.brainandneurospine.com/" "Mozilla/5.0 (Linux; U; Android 2.3.6; en-us; Huawei-U8665 Build/HuaweiU8665B037) AppleWebKit/533.1 (KHTML, like Gecko) Version/4.0 Mobile Safari/533.1"
24.100.149.193 - - [12/Aug/2013:14:04:51 -0400] "GET /graphics/rbs-logo-930x125w-v3%20.jpg HTTP/1.1" 200 28337 "http://www.brainandneurospine.com/" "Mozilla/5.0 (Linux; U; Android 2.3.6; en-us; Huawei-U8665 Build/HuaweiU8665B037) AppleWebKit/533.1 (KHTML, like Gecko) Version/4.0 Mobile Safari/533.1"
24.100.149.193 - - [12/Aug/2013:14:04:51 -0400] "GET /images/docs_rbs4.jpg HTTP/1.1" 200 59790 "http://www.brainandneurospine.com/" "Mozilla/5.0 (Linux; U; Android 2.3.6; en-us; Huawei-U8665 Build/HuaweiU8665B037) AppleWebKit/533.1 (KHTML, like Gecko) Version/4.0 Mobile Safari/533.1"
24.100.149.193 - - [12/Aug/2013:14:04:51 -0400] "GET /graphics/5-stars-250x60.jpg HTTP/1.1" 200 15249 "http://www.brainandneurospine.com/" "Mozilla/5.0 (Linux; U; Android 2.3.6; en-us; Huawei-U8665 Build/HuaweiU8665B037) AppleWebKit/533.1 (KHTML, like Gecko) Version/4.0 Mobile Safari/533.1"
24.100.149.193 - - [12/Aug/2013:14:04:52 -0400] "GET /graphics/cleaver-guidos-cutout.gif HTTP/1.1" 200 7051 "http://www.brainandneurospine.com/" "Mozilla/5.0 (Linux; U; Android 2.3.6; en-us; Huawei-U8665 Build/HuaweiU8665B037) AppleWebKit/533.1 (KHTML, like Gecko) Version/4.0 Mobile Safari/533.1"
24.100.149.193 - - [12/Aug/2013:14:04:52 -0400] "GET /graphics/colle-cutout2.gif HTTP/1.1" 200 7469 "http://www.brainandneurospine.com/" "Mozilla/5.0 (Linux; U; Android 2.3.6; en-us; Huawei-U8665 Build/HuaweiU8665B037) AppleWebKit/533.1 (KHTML, like Gecko) Version/4.0 Mobile Safari/533.1"
24.100.149.193 - - [12/Aug/2013:14:04:52 -0400] "GET /SpryAssets/SpryMenuBarDownHover.gif HTTP/1.1" 200 55 "http://www.brainandneurospine.com/" "Mozilla/5.0 (Linux; U; Android 2.3.6; en-us; Huawei-U8665 Build/HuaweiU8665B037) AppleWebKit/533.1 (KHTML, like Gecko) Version/4.0 Mobile Safari/533.1"
24.100.149.193 - - [12/Aug/2013:14:04:52 -0400] "GET /SpryAssets/SpryMenuBarRightHover.gif HTTP/1.1" 200 55 "http://www.brainandneurospine.com/" "Mozilla/5.0 (Linux; U; Android 2.3.6; en-us; Huawei-U8665 Build/HuaweiU8665B037) AppleWebKit/533.1 (KHTML, like Gecko) Version/4.0 Mobile Safari/533.1"
24.100.149.193 - - [12/Aug/2013:14:04:52 -0400] "GET /SpryAssets/SpryMenuBarDown.gif HTTP/1.1" 200 55 "http://www.brainandneurospine.com/" "Mozilla/5.0 (Linux; U; Android 2.3.6; en-us; Huawei-U8665 Build/HuaweiU8665B037) AppleWebKit/533.1 (KHTML, like Gecko) Version/4.0 Mobile Safari/533.1"
24.100.149.193 - - [12/Aug/2013:14:04:52 -0400] "GET /SpryAssets/SpryMenuBarRight.gif HTTP/1.1" 200 55 "http://www.brainandneurospine.com/" "Mozilla/5.0 (Linux; U; Android 2.3.6; en-us; Huawei-U8665 Build/HuaweiU8665B037) AppleWebKit/533.1 (KHTML, like Gecko) Version/4.0 Mobile Safari/533.1"
198.185.18.207 - - [12/Aug/2013:18:57:53 -0400] "GET /Scripts/event.js HTTP/1.1" 200 7727 "http://www.brainandneurospine.com/" "Mozilla/5.0 (Windows NT 6.1; WOW64) AppleWebKit/537.36 (KHTML, like Gecko) Chrome/28.0.1500.95 Safari/537.36"
198.185.18.207 - - [12/Aug/2013:18:57:54 -0400] "GET /graphics/Calendar-Appointment-100x75.jpg HTTP/1.1" 200 12359 "http://www.brainandneurospine.com/" "Mozilla/5.0 (Windows NT 6.1; WOW64) AppleWebKit/537.36 (KHTML, like Gecko) Chrome/28.0.1500.95 Safari/537.36"
198.185.18.207 - - [12/Aug/2013:18:57:54 -0400] "GET /graphics/gray-background.jpg HTTP/1.1" 200 7781 "http://www.brainandneurospine.com/" "Mozilla/5.0 (Windows NT 6.1; WOW64) AppleWebKit/537.36 (KHTML, like Gecko) Chrome/28.0.1500.95 Safari/537.36"
198.185.18.207 - - [12/Aug/2013:18:57:56 -0400] "GET /graphics/SE-medical-plaza-sign%20160.jpg HTTP/1.1" 200 19171 "http://www.brainandneurospine.com/" "Mozilla/5.0 (Windows NT 6.1; WOW64) AppleWebKit/537.36 (KHTML, like Gecko) Chrome/28.0.1500.95 Safari/537.36"
198.185.18.207 - - [12/Aug/2013:18:57:56 -0400] "GET /favicon.ico HTTP/1.1" 404 575 "-" "Mozilla/5.0 (Windows NT 6.1; WOW64) AppleWebKit/537.36 (KHTML, like Gecko) Chrome/28.0.1500.95 Safari/537.36"
198.185.18.207 - - [12/Aug/2013:18:57:57 -0400] "GET /favicon.ico HTTP/1.1" 404 575 "-" "Mozilla/5.0 (Windows NT 6.1; WOW64) AppleWebKit/537.36 (KHTML, like Gecko) Chrome/28.0.1500.95 Safari/537.36"
198.185.18.207 - - [12/Aug/2013:18:57:58 -0400] "GET /favicon.ico HTTP/1.1" 404 575 "-" "Mozilla/5.0 (Windows NT 6.1; WOW64) AppleWebKit/537.36 (KHTML, like Gecko) Chrome/28.0.1500.95 Safari/537.36"
66.86.42.247 - - [12/Aug/2013:22:57:15 -0400] "GET /graphics/clipart/newspaper1.gif HTTP/1.1" 200 11605 "http://brainandneurospine.com/dr-articles/give%20the%20gift%20of%20site.htm" "Mozilla/5.0 (iPad; CPU OS 6_1_3 like Mac OS X) AppleWebKit/536.26 (KHTML, like Gecko) Version/6.0 Mobile/10B329 Safari/8536.25"
199.21.99.95 - - [12/Aug/2013:23:46:16 -0400] "GET /hammond_bio.html HTTP/1.1" 200 16504 "-" "Mozilla/5.0 (compatible; YandexBot/3.0; +http://yandex.com/bots)"
197.87.30.13 - - [12/Aug/2013:07:16:09 -0400] "GET /graphics/SE-medical-plaza-sign%20160.jpg HTTP/1.1" 200 19171 "http://www.brainandneurospine.com/" "Mozilla/5.0 (compatible; MSIE 10.0; Windows NT 6.1; WOW64; Trident/6.0)"
166.147.104.49 - - [12/Aug/2013:12:38:36 -0400] "GET /images/extenders-rbs5.jpg HTTP/1.1" 200 31217 "http://www.brainandneurospine.com/" "Mozilla/5.0 (iPhone; CPU iPhone OS 6_1_4 like Mac OS X) AppleWebKit/536.26 (KHTML, like Gecko) Mobile/10B350 [FBAN/FBIOS;FBAV/6.3;FBBV/257209;FBDV/iPhone5,1;FBMD/iPhone;FBSN/iPhone OS;FBSV/6.1.4;FBSS/2; FBCR/AT&T;FBID/phone;FBLC/en_US;FBOP/1]"
50.40.212.22 - - [12/Aug/2013:14:16:57 -0400] "GET /SpryAssets/SpryMenuBarHorizontal.css HTTP/1.1" 200 5807 "http://www.brainandneurospine.com/" "Mozilla/5.0 (compatible; MSIE 9.0; Windows NT 6.1; WOW64; Trident/5.0)"
50.40.212.22 - - [12/Aug/2013:14:16:59 -0400] "GET /graphics/cleaver-guidos-cutout.gif HTTP/1.1" 200 7051 "http://www.brainandneurospine.com/" "Mozilla/5.0 (compatible; MSIE 9.0; Windows NT 6.1; WOW64; Trident/5.0)"
50.40.212.22 - - [12/Aug/2013:14:16:59 -0400] "GET /graphics/RBS_LogoStackedTAG.jpg HTTP/1.1" 200 127207 "http://www.brainandneurospine.com/" "Mozilla/5.0 (compatible; MSIE 9.0; Windows NT 6.1; WOW64; Trident/5.0)"
50.40.212.22 - - [12/Aug/2013:14:16:59 -0400] "GET /graphics/gray-background.jpg HTTP/1.1" 200 7781 "http://www.brainandneurospine.com/" "Mozilla/5.0 (compatible; MSIE 9.0; Windows NT 6.1; WOW64; Trident/5.0)"
50.40.212.22 - - [12/Aug/2013:14:17:00 -0400] "GET /favicon.ico HTTP/1.1" 404 575 "-" "Mozilla/5.0 (compatible; MSIE 9.0; Windows NT 6.1; WOW64; Trident/5.0)"
46.4.25.85 - - [12/Aug/2013:00:07:11 -0400] "GET /images/jason-bowers1.jpg HTTP/1.0" 200 47271 "-" "-"
46.4.25.85 - - [12/Aug/2013:01:52:42 -0400] "GET /images/jason-bowers1.jpg HTTP/1.0" 200 47271 "-" "-"
24.13.75.241 - - [12/Aug/2013:16:43:35 -0400] "GET /PDF-Docs/Clark-CV-2010.pdf HTTP/1.1" 200 23846 "http://www.google.com/url?sa=t&rct=j&q=dr%20thomas%20clark%20ultrasound&source=web&cd=4&ved=0CEYQFjAD&url=http%3A%2F%2Fwww.spinalexchange.com%2FPDF-Docs%2FClark-CV-2010.pdf&ei=GkgJUpnwFIagigLsy4HQDg&usg=AFQjCNHYyTUVYJPHynUJoQ_EEib4UKnQYg&sig2=32cGIl97W-ZYFPSgqEJGfQ" "Mozilla/5.0 (Macintosh; Intel Mac OS X 10_5_8) AppleWebKit/534.50.2 (KHTML, like Gecko) Version/5.0.6 Safari/533.22.3"
65.55.217.253 - - [12/Aug/2013:11:01:18 -0400] "GET /SpryAssets/SpryMenuBarHorizontal.css HTTP/1.1" 200 5807 "http://brainandneurospine.com/alexander_bio.html" "Mozilla/5.0 (Windows NT 6.1; WOW64) AppleWebKit/534+ (KHTML, like Gecko) BingPreview/1.0b"
65.55.217.253 - - [12/Aug/2013:11:01:18 -0400] "GET /images/Debra-Alexander.jpg HTTP/1.1" 200 37473 "http://brainandneurospine.com/alexander_bio.html" "Mozilla/5.0 (Windows NT 6.1; WOW64) AppleWebKit/534+ (KHTML, like Gecko) BingPreview/1.0b"
65.55.217.253 - - [12/Aug/2013:11:01:18 -0400] "GET /graphics/cleaver-guidos-cutout.gif HTTP/1.1" 200 7051 "http://brainandneurospine.com/alexander_bio.html" "Mozilla/5.0 (Windows NT 6.1; WOW64) AppleWebKit/534+ (KHTML, like Gecko) BingPreview/1.0b"
65.55.217.253 - - [12/Aug/2013:11:01:19 -0400] "GET /SpryAssets/SpryMenuBarRightHover.gif HTTP/1.1" 200 55 "http://brainandneurospine.com/alexander_bio.html" "Mozilla/5.0 (Windows NT 6.1; WOW64) AppleWebKit/534+ (KHTML, like Gecko) BingPreview/1.0b"
69.197.223.234 - - [12/Aug/2013:20:28:11 -0400] "GET /videos/photos-for-patient-videos-page/Jason-Jeep1.jpg HTTP/1.1" 200 71704 "http://www.google.com/search?tbm=isch&sa=1&ei=znsJUvnqIceh2AXjuIDADw&q=jeep+wreck&oq=jeep+wreck&gs_l=mobile-gws-serp.12..0l2j0i5j0i24l2.441.3075.0.26241.7.7.0.0.0.0.710.2227.2j1j1j0j1j1j1.7.0....0...1c.1.24.mobile-gws-serp..2.5.1571.D8-Ig9JZyJc&biw=320&bih=356&sei=S30JUsahMKWc2gW9-IHACg" "Mozilla/5.0 (iPhone; CPU iPhone OS 6_1_2 like Mac OS X) AppleWebKit/536.26 (KHTML, like Gecko) Version/6.0 Mobile/10B146 Safari/8536.25"
66.249.83.154 - - [12/Aug/2013:20:43:28 -0400] "GET /images/patrick-lisa-website.jpg HTTP/1.1" 200 63674 "http://www.brainandneurospine.com/hammond_bio.html" "Mozilla/5.0 (X11; Linux x86_64) AppleWebKit/537.4 (KHTML, like Gecko; Google Web Preview) Chrome/22.0.1229 Safari/537.4"
166.147.104.37 - - [12/Aug/2013:21:21:57 -0400] "GET /images/Schuchart-bio2.jpg HTTP/1.1" 200 33232 "https://www.google.com/" "Mozilla/5.0 (iPhone; CPU iPhone OS 6_0_1 like Mac OS X) AppleWebKit/536.26 (KHTML, like Gecko) Version/6.0 Mobile/10A523 Safari/8536.25"
108.178.201.3 - - [12/Aug/2013:07:29:52 -0400] "GET /index.html HTTP/1.1" 200 40346 "-" "Mozilla/5.0 (Linux; U; Android 4.1.1; en-us; GT-P5113 Build/JRO03C) AppleWebKit/534.30 (KHTML, like Gecko) Version/4.0 Safari/534.30"
108.178.201.3 - - [12/Aug/2013:07:30:23 -0400] "GET /SpryAssets/SpryMenuBarDown.gif HTTP/1.1" 200 55 "http://www.brainandneurospine.com/" "Mozilla/5.0 (Linux; U; Android 4.1.1; en-us; GT-P5113 Build/JRO03C) AppleWebKit/534.30 (KHTML, like Gecko) Version/4.0 Safari/534.30"
108.178.201.3 - - [12/Aug/2013:07:31:12 -0400] "GET /graphics/rbs-logo-930x125w-v3%20.jpg HTTP/1.1" 304 - "http://www.brainandneurospine.com/index.html" "Mozilla/5.0 (Linux; U; Android 4.1.1; en-us; GT-P5113 Build/JRO03C) AppleWebKit/534.30 (KHTML, like Gecko) Version/4.0 Safari/534.30"
108.178.201.3 - - [12/Aug/2013:07:31:12 -0400] "GET /graphics/5-stars-250x60.jpg HTTP/1.1" 304 - "http://www.brainandneurospine.com/index.html" "Mozilla/5.0 (Linux; U; Android 4.1.1; en-us; GT-P5113 Build/JRO03C) AppleWebKit/534.30 (KHTML, like Gecko) Version/4.0 Safari/534.30"
131.230.18.143 - - [12/Aug/2013:12:16:48 -0400] "GET /Scripts/event.js HTTP/1.1" 200 7727 "http://www.brainandneurospine.com/" "Mozilla/4.0 (compatible; MSIE 8.0; Windows NT 6.1; WOW64; Trident/4.0; SLCC2; .NET CLR 2.0.50727; .NET CLR 3.5.30729; .NET CLR 3.0.30729; Media Center PC 6.0; .NET4.0C; .NET4.0E; MDDR; InfoPath.2)"
131.230.18.143 - - [12/Aug/2013:12:16:48 -0400] "GET /tplayer/scripts/tplayer.js HTTP/1.1" 200 60791 "http://www.brainandneurospine.com/" "Mozilla/4.0 (compatible; MSIE 8.0; Windows NT 6.1; WOW64; Trident/4.0; SLCC2; .NET CLR 2.0.50727; .NET CLR 3.5.30729; .NET CLR 3.0.30729; Media Center PC 6.0; .NET4.0C; .NET4.0E; MDDR; InfoPath.2)"
131.230.18.143 - - [12/Aug/2013:12:16:50 -0400] "GET /graphics/cleaver-guidos-cutout.gif HTTP/1.1" 200 7051 "http://www.brainandneurospine.com/" "Mozilla/4.0 (compatible; MSIE 8.0; Windows NT 6.1; WOW64; Trident/4.0; SLCC2; .NET CLR 2.0.50727; .NET CLR 3.5.30729; .NET CLR 3.0.30729; Media Center PC 6.0; .NET4.0C; .NET4.0E; MDDR; InfoPath.2)"
131.230.18.143 - - [12/Aug/2013:12:16:51 -0400] "GET /SpryAssets/SpryMenuBarDownHover.gif HTTP/1.1" 200 55 "http://www.brainandneurospine.com/" "Mozilla/4.0 (compatible; MSIE 8.0; Windows NT 6.1; WOW64; Trident/4.0; SLCC2; .NET CLR 2.0.50727; .NET CLR 3.5.30729; .NET CLR 3.0.30729; Media Center PC 6.0; .NET4.0C; .NET4.0E; MDDR; InfoPath.2)"
131.230.18.143 - - [12/Aug/2013:12:16:51 -0400] "GET /SpryAssets/SpryMenuBarDown.gif HTTP/1.1" 200 55 "http://www.brainandneurospine.com/" "Mozilla/4.0 (compatible; MSIE 8.0; Windows NT 6.1; WOW64; Trident/4.0; SLCC2; .NET CLR 2.0.50727; .NET CLR 3.5.30729; .NET CLR 3.0.30729; Media Center PC 6.0; .NET4.0C; .NET4.0E; MDDR; InfoPath.2)"
178.255.215.65 - - [12/Aug/2013:00:01:44 -0400] "GET /colle_bio.html HTTP/1.1" 200 18325 "-" "Mozilla/5.0 (compatible; Exabot/3.0; +http://www.exabot.com/go/robot)"
108.178.201.3 - - [12/Aug/2013:00:48:58 -0400] "GET /SpryAssets/SpryMenuBarDown.gif HTTP/1.1" 200 55 "http://www.brainandneurospine.com/index.html" "Mozilla/5.0 (Linux; U; Android 4.1.1; en-us; GT-P5113 Build/JRO03C) AppleWebKit/534.30 (KHTML, like Gecko) Version/4.0 Safari/534.30"
64.135.90.62 - - [12/Aug/2013:16:20:18 -0400] "GET /Scripts/event.js HTTP/1.1" 200 7727 "http://www.brainandneurospine.com/" "Mozilla/4.0 (compatible; MSIE 8.0; Windows NT 5.1; Trident/4.0; GTB7.5; .NET CLR 1.1.4322; .NET CLR 2.0.50727; .NET CLR 3.0.4506.2152; .NET CLR 3.5.30729; AskTbORJ/5.15.2.23037)"
66.249.72.189 - - [12/Aug/2013:09:23:49 -0400] "GET /Stories-of-Hope/Stories-of-Hope-Home.html HTTP/1.1" 200 4220 "-" "Mozilla/5.0 (compatible; Googlebot/2.1; +http://www.google.com/bot.html)"
74.222.118.184 - - [12/Aug/2013:10:07:53 -0400] "GET /wp-login.php HTTP/1.0" 403 214 "-" "Mozilla/5.0 (Windows NT 6.1; rv:19.0) Gecko/20100101 Firefox/19.0"
174.238.65.102 - - [12/Aug/2013:10:35:53 -0400] "GET /SpryAssets/SpryMenuBarVertical.css HTTP/1.1" 200 4594 "http://www.brainandneurospine.com/vaught_bio.html" "Mozilla/5.0 (iPhone; CPU iPhone OS 6_1_3 like Mac OS X) AppleWebKit/536.26 (KHTML, like Gecko) Version/6.0 Mobile/10B329 Safari/8536.25"
174.238.65.102 - - [12/Aug/2013:10:35:54 -0400] "GET /graphics/Vaught-clinic-1.jpg HTTP/1.1" 200 53040 "http://www.brainandneurospine.com/vaught_bio.html" "Mozilla/5.0 (iPhone; CPU iPhone OS 6_1_3 like Mac OS X) AppleWebKit/536.26 (KHTML, like Gecko) Version/6.0 Mobile/10B329 Safari/8536.25"
174.238.65.102 - - [12/Aug/2013:10:35:56 -0400] "GET /graphics/vaught-cutout1.gif HTTP/1.1" 200 9004 "http://www.brainandneurospine.com/vaught_bio.html" "Mozilla/5.0 (iPhone; CPU iPhone OS 6_1_3 like Mac OS X) AppleWebKit/536.26 (KHTML, like Gecko) Version/6.0 Mobile/10B329 Safari/8536.25"
174.238.65.102 - - [12/Aug/2013:10:35:57 -0400] "GET /SpryAssets/SpryMenuBarRightHover.gif HTTP/1.1" 200 55 "http://www.brainandneurospine.com/vaught_bio.html" "Mozilla/5.0 (iPhone; CPU iPhone OS 6_1_3 like Mac OS X) AppleWebKit/536.26 (KHTML, like Gecko) Version/6.0 Mobile/10B329 Safari/8536.25"
174.238.65.102 - - [12/Aug/2013:10:35:59 -0400] "GET /SpryAssets/SpryMenuBarDown.gif HTTP/1.1" 200 55 "http://www.brainandneurospine.com/vaught_bio.html" "Mozilla/5.0 (iPhone; CPU iPhone OS 6_1_3 like Mac OS X) AppleWebKit/536.26 (KHTML, like Gecko) Version/6.0 Mobile/10B329 Safari/8536.25"
66.249.75.160 - - [12/Aug/2013:04:29:15 -0400] "GET /robots.txt HTTP/1.1" 404 575 "-" "Mozilla/5.0 (compatible; Googlebot/2.1; +http://www.google.com/bot.html)"
50.40.164.146 - - [12/Aug/2013:10:19:09 -0400] "GET /gibbs_bio.html HTTP/1.1" 200 13976 "http://search.yahoo.com/search;_ylt=ApY2Mow3.CRiLr3ywUyu7F6bvZx4?p=dr.+scott+gibbs+cape+girardeau+mo&toggle=1&cop=mss&ei=UTF-8&fr=yfp-t-900-1" "Mozilla/4.0 (compatible; MSIE 7.0; Windows NT 5.1; Trident/4.0; .NET4.0C)"
50.40.164.146 - - [12/Aug/2013:10:19:10 -0400] "GET /Scripts/AC_RunActiveContent.js HTTP/1.1" 200 8029 "http://brainandneurospine.com/gibbs_bio.html" "Mozilla/4.0 (compatible; MSIE 8.0; Windows NT 5.1; Trident/4.0; .NET4.0C)"
50.40.164.146 - - [12/Aug/2013:10:19:11 -0400] "GET /graphics/tolentino-cutout.gif HTTP/1.1" 200 13936 "http://brainandneurospine.com/gibbs_bio.html" "Mozilla/4.0 (compatible; MSIE 8.0; Windows NT 5.1; Trident/4.0; .NET4.0C)"
50.40.164.146 - - [12/Aug/2013:10:19:11 -0400] "GET /graphics/cleaver-guidos-cutout.gif HTTP/1.1" 200 7051 "http://brainandneurospine.com/gibbs_bio.html" "Mozilla/4.0 (compatible; MSIE 8.0; Windows NT 5.1; Trident/4.0; .NET4.0C)"
50.40.164.146 - - [12/Aug/2013:10:19:12 -0400] "GET /SpryAssets/SpryMenuBarDownHover.gif HTTP/1.1" 200 55 "http://brainandneurospine.com/gibbs_bio.html" "Mozilla/4.0 (compatible; MSIE 8.0; Windows NT 5.1; Trident/4.0; .NET4.0C)"
50.40.164.146 - - [12/Aug/2013:10:19:12 -0400] "GET /SpryAssets/SpryMenuBarRight.gif HTTP/1.1" 200 55 "http://brainandneurospine.com/gibbs_bio.html" "Mozilla/4.0 (compatible; MSIE 8.0; Windows NT 5.1; Trident/4.0; .NET4.0C)"
91.207.9.226 - - [12/Aug/2013:10:28:16 -0400] "GET / HTTP/1.1" 200 40346 "http://stroitalk.ru/" "Mozilla/6.0 (compatible; MSIE 7.0a1; Windows NT 5.2; SV1)"
99.178.252.28 - - [12/Aug/2013:11:01:49 -0400] "GET /SpryAssets/SpryMenuBar.js HTTP/1.1" 200 10064 "http://www.brainandneurospine.com/colle_bio.html" "Mozilla/5.0 (compatible; MSIE 10.0; Windows NT 6.1; WOW64; Trident/6.0)"
99.178.252.28 - - [12/Aug/2013:11:01:50 -0400] "GET /graphics/cloud-background.jpg HTTP/1.1" 200 11928 "http://www.brainandneurospine.com/colle_bio.html" "Mozilla/5.0 (compatible; MSIE 10.0; Windows NT 6.1; WOW64; Trident/6.0)"
99.178.252.28 - - [12/Aug/2013:11:01:50 -0400] "GET /graphics/colle-microscope.gif HTTP/1.1" 200 10069 "http://www.brainandneurospine.com/colle_bio.html" "Mozilla/5.0 (compatible; MSIE 10.0; Windows NT 6.1; WOW64; Trident/6.0)"
99.178.252.28 - - [12/Aug/2013:11:01:50 -0400] "GET /graphics/colle-cutout2.gif HTTP/1.1" 200 7469 "http://www.brainandneurospine.com/colle_bio.html" "Mozilla/5.0 (compatible; MSIE 10.0; Windows NT 6.1; WOW64; Trident/6.0)"
220.181.89.172 - - [12/Aug/2013:11:39:53 -0400] "GET /robots.txt HTTP/1.1" 404 575 "-" "Sogou web spider/4.0"
108.178.201.3 - - [12/Aug/2013:00:46:08 -0400] "GET /SpryAssets/SpryMenuBarHorizontal.css HTTP/1.1" 200 5807 "http://www.brainandneurospine.com/" "Mozilla/5.0 (Linux; U; Android 4.1.1; en-us; GT-P5113 Build/JRO03C) AppleWebKit/534.30 (KHTML, like Gecko) Version/4.0 Safari/534.30"
66.249.72.188 - - [12/Aug/2013:01:01:39 -0400] "GET /robots.txt HTTP/1.1" 404 575 "-" "Mozilla/5.0 (compatible; Googlebot/2.1; +http://www.google.com/bot.html)"
131.253.24.97 - - [12/Aug/2013:01:16:58 -0400] "GET /SpryAssets/SpryMenuBar.js HTTP/1.1" 200 10064 "http://www.brainandneurospine.com/perryville-clinic.html" "Mozilla/4.0 (compatible; MSIE 7.0; Windows NT 5.2; SV1; .NET CLR 1.1.4322; .NET CLR 2.0.50727; .NET CLR 3.0.04506.648)"
131.253.24.97 - - [12/Aug/2013:01:16:58 -0400] "GET /SpryAssets/SpryMenuBarHorizontal.css HTTP/1.1" 200 5807 "http://www.brainandneurospine.com/perryville-clinic.html" "Mozilla/4.0 (compatible; MSIE 7.0; Windows NT 5.2; SV1; .NET CLR 1.1.4322; .NET CLR 2.0.50727; .NET CLR 3.0.04506.648)"
131.253.24.97 - - [12/Aug/2013:01:16:59 -0400] "GET /SpryAssets/SpryMenuBarVertical.css HTTP/1.1" 200 4594 "http://www.brainandneurospine.com/perryville-clinic.html" "Mozilla/4.0 (compatible; MSIE 7.0; Windows NT 5.2; SV1; .NET CLR 1.1.4322; .NET CLR 2.0.50727; .NET CLR 3.0.04506.648)"
131.253.24.97 - - [12/Aug/2013:01:17:00 -0400] "GET /Scripts/AC_RunActiveContent.js HTTP/1.1" 200 8029 "http://www.brainandneurospine.com/perryville-clinic.html" "Mozilla/4.0 (compatible; MSIE 7.0; Windows NT 5.2; SV1; .NET CLR 1.1.4322; .NET CLR 2.0.50727; .NET CLR 3.0.04506.648)"
197.87.30.13 - - [12/Aug/2013:07:16:09 -0400] "GET /favicon.ico HTTP/1.1" 404 575 "-" "Mozilla/5.0 (compatible; MSIE 10.0; Windows NT 6.1; Win64; x64; Trident/6.0)"
108.178.201.3 - - [12/Aug/2013:07:29:56 -0400] "GET /images/docs_rbs4.jpg HTTP/1.1" 200 59790 "http://www.brainandneurospine.com/" "Mozilla/5.0 (Linux; U; Android 4.1.1; en-us; GT-P5113 Build/JRO03C) AppleWebKit/534.30 (KHTML, like Gecko) Version/4.0 Safari/534.30"
24.100.149.193 - - [12/Aug/2013:14:03:00 -0400] "GET /SpryAssets/SpryMenuBarHorizontal.css HTTP/1.1" 200 5807 "http://www.brainandneurospine.com/" "Mozilla/5.0 (Linux; U; Android 2.3.6; en-us; Huawei-U8665 Build/HuaweiU8665B037) AppleWebKit/533.1 (KHTML, like Gecko) Version/4.0 Mobile Safari/533.1"
50.40.212.22 - - [12/Aug/2013:14:16:57 -0400] "GET /SpryAssets/SpryMenuBar.js HTTP/1.1" 200 10064 "http://www.brainandneurospine.com/" "Mozilla/5.0 (compatible; MSIE 9.0; Windows NT 6.1; WOW64; Trident/5.0)"
50.40.212.22 - - [12/Aug/2013:14:16:57 -0400] "GET /Scripts/AC_RunActiveContent.js HTTP/1.1" 200 8029 "http://www.brainandneurospine.com/" "Mozilla/5.0 (compatible; MSIE 9.0; Windows NT 6.1; WOW64; Trident/5.0)"
50.40.212.22 - - [12/Aug/2013:14:16:59 -0400] "GET /tplayer/scripts/tplayer-config.js HTTP/1.1" 200 78567 "http://www.brainandneurospine.com/" "Mozilla/5.0 (compatible; MSIE 9.0; Windows NT 6.1; WOW64; Trident/5.0)"
66.249.72.176 - - [12/Aug/2013:16:36:57 -0400] "GET /pdf%20documents/HLS-article-8-26-12.pdf HTTP/1.1" 200 993673 "-" "Mozilla/5.0 (compatible; Googlebot/2.1; +http://www.google.com/bot.html)"
68.47.129.55 - - [12/Aug/2013:16:40:50 -0400] "GET /robots.txt HTTP/1.1" 404 575 "-" "Mozilla/5.0 (compatible; CompSpyBot/1.0; +http://www.compspy.com/spider.html)"
96.35.139.2 - - [12/Aug/2013:16:58:08 -0400] "GET /images/tolentino-2010.jpg HTTP/1.1" 200 25917 "http://brainandneurospine.com/tolentino_bio.html" "Mozilla/5.0 (compatible; MSIE 10.0; Windows NT 6.1; WOW64; Trident/6.0)"
66.249.75.160 - - [12/Aug/2013:18:46:28 -0400] "GET /vaught_bio.html HTTP/1.1" 200 21144 "-" "Mozilla/5.0 (compatible; Googlebot/2.1; +http://www.google.com/bot.html)"
192.183.85.77 - - [12/Aug/2013:18:13:30 -0400] "GET /SpryAssets/SpryMenuBarVertical.css HTTP/1.1" 200 4594 "http://brainandneurospine.com/vaught_bio.html" "Mozilla/5.0 (compatible; MSIE 10.0; Windows NT 6.2; WOW64; Trident/6.0)"
192.183.85.77 - - [12/Aug/2013:18:13:30 -0400] "GET /graphics/Vaught-clinic-1.jpg HTTP/1.1" 200 53040 "http://brainandneurospine.com/vaught_bio.html" "Mozilla/5.0 (compatible; MSIE 10.0; Windows NT 6.2; WOW64; Trident/6.0)"
198.185.18.207 - - [12/Aug/2013:18:58:02 -0400] "GET /graphics/Vaught-surgery-2.jpg HTTP/1.1" 200 13153 "http://www.brainandneurospine.com/vaught_bio.html" "Mozilla/5.0 (Windows NT 6.1; WOW64) AppleWebKit/537.36 (KHTML, like Gecko) Chrome/28.0.1500.95 Safari/537.36"
173.199.114.211 - - [12/Aug/2013:21:17:39 -0400] "GET /?utm_source=spineuniverse&utm_medium=website_link&utm_campaign=source HTTP/1.1" 200 40346 "-" "Mozilla/5.0 (compatible; AhrefsBot/4.0; +http://ahrefs.com/robot/)"
66.86.42.247 - - [12/Aug/2013:22:57:14 -0400] "GET /dr-articles/give%20the%20gift%20of%20site.htm HTTP/1.1" 200 7399 "http://search.yahoo.com/tablet/s?p=ron+walkenbach&fr=ipad" "Mozilla/5.0 (iPad; CPU OS 6_1_3 like Mac OS X) AppleWebKit/536.26 (KHTML, like Gecko) Version/6.0 Mobile/10B329 Safari/8536.25"
108.178.201.3 - - [12/Aug/2013:07:29:52 -0400] "GET / HTTP/1.1" 200 40346 "-" "Mozilla/5.0 (Linux; U; Android 4.1.1; en-us; GT-P5113 Build/JRO03C) AppleWebKit/534.30 (KHTML, like Gecko) Version/4.0 Safari/534.30"
108.178.201.3 - - [12/Aug/2013:07:29:53 -0400] "GET /SpryAssets/SpryMenuBar.js HTTP/1.1" 200 10064 "http://www.brainandneurospine.com/" "Mozilla/5.0 (Linux; U; Android 4.1.1; en-us; GT-P5113 Build/JRO03C) AppleWebKit/534.30 (KHTML, like Gecko) Version/4.0 Safari/534.30"
108.178.201.3 - - [12/Aug/2013:07:29:53 -0400] "GET /Scripts/AC_RunActiveContent.js HTTP/1.1" 200 8029 "http://www.brainandneurospine.com/" "Mozilla/5.0 (Linux; U; Android 4.1.1; en-us; GT-P5113 Build/JRO03C) AppleWebKit/534.30 (KHTML, like Gecko) Version/4.0 Safari/534.30"
108.178.201.3 - - [12/Aug/2013:07:29:53 -0400] "GET /SpryAssets/SpryMenuBarVertical.css HTTP/1.1" 200 4594 "http://www.brainandneurospine.com/" "Mozilla/5.0 (Linux; U; Android 4.1.1; en-us; GT-P5113 Build/JRO03C) AppleWebKit/534.30 (KHTML, like Gecko) Version/4.0 Safari/534.30"
131.230.18.143 - - [12/Aug/2013:12:17:55 -0400] "GET /googlemap-directions2clinic.html HTTP/1.1" 200 17797 "http://www.brainandneurospine.com/" "Mozilla/4.0 (compatible; MSIE 8.0; Windows NT 6.1; WOW64; Trident/4.0; SLCC2; .NET CLR 2.0.50727; .NET CLR 3.5.30729; .NET CLR 3.0.30729; Media Center PC 6.0; .NET4.0C; .NET4.0E; MDDR; InfoPath.2)"
131.230.18.143 - - [12/Aug/2013:12:17:55 -0400] "GET /SpryAssets/SpryMenuBarHorizontal.css HTTP/1.1" 200 5807 "http://www.brainandneurospine.com/googlemap-directions2clinic.html" "Mozilla/4.0 (compatible; MSIE 8.0; Windows NT 6.1; WOW64; Trident/4.0; SLCC2; .NET CLR 2.0.50727; .NET CLR 3.5.30729; .NET CLR 3.0.30729; Media Center PC 6.0; .NET4.0C; .NET4.0E; MDDR; InfoPath.2)"
131.230.18.143 - - [12/Aug/2013:12:17:55 -0400] "GET /graphics/gray-background.jpg HTTP/1.1" 200 7781 "http://www.brainandneurospine.com/googlemap-directions2clinic.html" "Mozilla/4.0 (compatible; MSIE 8.0; Windows NT 6.1; WOW64; Trident/4.0; SLCC2; .NET CLR 2.0.50727; .NET CLR 3.5.30729; .NET CLR 3.0.30729; Media Center PC 6.0; .NET4.0C; .NET4.0E; MDDR; InfoPath.2)"
131.230.18.143 - - [12/Aug/2013:12:17:56 -0400] "GET /graphics/colle-cutout2.gif HTTP/1.1" 200 7469 "http://www.brainandneurospine.com/googlemap-directions2clinic.html" "Mozilla/4.0 (compatible; MSIE 8.0; Windows NT 6.1; WOW64; Trident/4.0; SLCC2; .NET CLR 2.0.50727; .NET CLR 3.5.30729; .NET CLR 3.0.30729; Media Center PC 6.0; .NET4.0C; .NET4.0E; MDDR; InfoPath.2)"
131.230.18.143 - - [12/Aug/2013:12:17:56 -0400] "GET /graphics/medical-office-3.jpg HTTP/1.1" 200 46789 "http://www.brainandneurospine.com/googlemap-directions2clinic.html" "Mozilla/4.0 (compatible; MSIE 8.0; Windows NT 6.1; WOW64; Trident/4.0; SLCC2; .NET CLR 2.0.50727; .NET CLR 3.5.30729; .NET CLR 3.0.30729; Media Center PC 6.0; .NET4.0C; .NET4.0E; MDDR; InfoPath.2)"
131.230.18.143 - - [12/Aug/2013:12:17:56 -0400] "GET /images/Vaught-206x268.jpg HTTP/1.1" 200 24797 "http://www.brainandneurospine.com/googlemap-directions2clinic.html" "Mozilla/4.0 (compatible; MSIE 8.0; Windows NT 6.1; WOW64; Trident/4.0; SLCC2; .NET CLR 2.0.50727; .NET CLR 3.5.30729; .NET CLR 3.0.30729; Media Center PC 6.0; .NET4.0C; .NET4.0E; MDDR; InfoPath.2)"
131.230.18.143 - - [12/Aug/2013:12:17:56 -0400] "GET /images/Perryville-Bldg-A-223wide.jpg HTTP/1.1" 200 26817 "http://www.brainandneurospine.com/googlemap-directions2clinic.html" "Mozilla/4.0 (compatible; MSIE 8.0; Windows NT 6.1; WOW64; Trident/4.0; SLCC2; .NET CLR 2.0.50727; .NET CLR 3.5.30729; .NET CLR 3.0.30729; Media Center PC 6.0; .NET4.0C; .NET4.0E; MDDR; InfoPath.2)"
131.230.18.143 - - [12/Aug/2013:12:19:16 -0400] "GET /SpryAssets/SpryMenuBarHorizontal.css HTTP/1.1" 200 5807 "http://www.brainandneurospine.com/2009-contact.html" "Mozilla/4.0 (compatible; MSIE 8.0; Windows NT 6.1; WOW64; Trident/4.0; SLCC2; .NET CLR 2.0.50727; .NET CLR 3.5.30729; .NET CLR 3.0.30729; Media Center PC 6.0; .NET4.0C; .NET4.0E; MDDR; InfoPath.2)"
131.230.18.143 - - [12/Aug/2013:12:19:16 -0400] "GET /graphics/colle-microscope.gif HTTP/1.1" 200 10069 "http://www.brainandneurospine.com/2009-contact.html" "Mozilla/4.0 (compatible; MSIE 8.0; Windows NT 6.1; WOW64; Trident/4.0; SLCC2; .NET CLR 2.0.50727; .NET CLR 3.5.30729; .NET CLR 3.0.30729; Media Center PC 6.0; .NET4.0C; .NET4.0E; MDDR; InfoPath.2)"
131.230.18.143 - - [12/Aug/2013:12:19:16 -0400] "GET /graphics/rbs-logo-930x125w-v3%20.jpg HTTP/1.1" 200 28337 "http://www.brainandneurospine.com/2009-contact.html" "Mozilla/4.0 (compatible; MSIE 8.0; Windows NT 6.1; WOW64; Trident/4.0; SLCC2; .NET CLR 2.0.50727; .NET CLR 3.5.30729; .NET CLR 3.0.30729; Media Center PC 6.0; .NET4.0C; .NET4.0E; MDDR; InfoPath.2)"
131.230.18.143 - - [12/Aug/2013:12:19:34 -0400] "GET /SpryAssets/SpryMenuBarHorizontal.css HTTP/1.1" 200 5807 "http://www.brainandneurospine.com/billing.html" "Mozilla/4.0 (compatible; MSIE 8.0; Windows NT 6.1; WOW64; Trident/4.0; SLCC2; .NET CLR 2.0.50727; .NET CLR 3.5.30729; .NET CLR 3.0.30729; Media Center PC 6.0; .NET4.0C; .NET4.0E; MDDR; InfoPath.2)"
131.230.18.143 - - [12/Aug/2013:12:19:34 -0400] "GET /graphics/vaught-cutout1.gif HTTP/1.1" 200 9004 "http://www.brainandneurospine.com/billing.html" "Mozilla/4.0 (compatible; MSIE 8.0; Windows NT 6.1; WOW64; Trident/4.0; SLCC2; .NET CLR 2.0.50727; .NET CLR 3.5.30729; .NET CLR 3.0.30729; Media Center PC 6.0; .NET4.0C; .NET4.0E; MDDR; InfoPath.2)"
131.230.18.143 - - [12/Aug/2013:12:19:34 -0400] "GET /graphics/rbs-logo-930x125w-v3%20.jpg HTTP/1.1" 200 28337 "http://www.brainandneurospine.com/billing.html" "Mozilla/4.0 (compatible; MSIE 8.0; Windows NT 6.1; WOW64; Trident/4.0; SLCC2; .NET CLR 2.0.50727; .NET CLR 3.5.30729; .NET CLR 3.0.30729; Media Center PC 6.0; .NET4.0C; .NET4.0E; MDDR; InfoPath.2)"
98.137.207.37 - - [12/Aug/2013:14:17:10 -0400] "GET / HTTP/1.0" 200 40346 "-" "Mozilla/5.0 (YahooYSMcm/3.0.0; http://help.yahoo.com)"
108.178.201.3 - - [12/Aug/2013:00:49:00 -0400] "GET /graphics/SE-medical-plaza-sign%20160.jpg HTTP/1.1" 200 19171 "http://www.brainandneurospine.com/index.html" "Mozilla/5.0 (Linux; U; Android 4.1.1; en-us; GT-P5113 Build/JRO03C) AppleWebKit/534.30 (KHTML, like Gecko) Version/4.0 Safari/534.30"
46.4.25.85 - - [12/Aug/2013:01:52:45 -0400] "GET /images/jason-bowers1.jpg HTTP/1.0" 200 47271 "-" "-"
166.147.104.46 - - [12/Aug/2013:15:00:36 -0400] "GET /SpryAssets/SpryMenuBarHorizontal.css HTTP/1.1" 200 5807 "http://www.brainandneurospine.com/colle_bio.html" "Mozilla/5.0 (iPhone; CPU iPhone OS 6_1_3 like Mac OS X) AppleWebKit/536.26 (KHTML, like Gecko) Version/6.0 Mobile/10B329 Safari/8536.25"
166.147.104.46 - - [12/Aug/2013:15:00:38 -0400] "GET /images/Dr-Kyle-Colle.jpg HTTP/1.1" 200 50756 "http://www.brainandneurospine.com/colle_bio.html" "Mozilla/5.0 (iPhone; CPU iPhone OS 6_1_3 like Mac OS X) AppleWebKit/536.26 (KHTML, like Gecko) Version/6.0 Mobile/10B329 Safari/8536.25"
166.147.104.46 - - [12/Aug/2013:15:00:38 -0400] "GET /graphics/colle-microscope.gif HTTP/1.1" 200 10069 "http://www.brainandneurospine.com/colle_bio.html" "Mozilla/5.0 (iPhone; CPU iPhone OS 6_1_3 like Mac OS X) AppleWebKit/536.26 (KHTML, like Gecko) Version/6.0 Mobile/10B329 Safari/8536.25"
166.147.104.46 - - [12/Aug/2013:15:00:38 -0400] "GET /SpryAssets/SpryMenuBarDownHover.gif HTTP/1.1" 200 55 "http://www.brainandneurospine.com/colle_bio.html" "Mozilla/5.0 (iPhone; CPU iPhone OS 6_1_3 like Mac OS X) AppleWebKit/536.26 (KHTML, like Gecko) Version/6.0 Mobile/10B329 Safari/8536.25"
96.35.139.2 - - [12/Aug/2013:16:58:08 -0400] "GET /graphics/gray-background.jpg HTTP/1.1" 200 7781 "http://brainandneurospine.com/tolentino_bio.html" "Mozilla/5.0 (compatible; MSIE 10.0; Windows NT 6.1; WOW64; Trident/6.0)"
96.35.139.2 - - [12/Aug/2013:16:58:08 -0400] "GET /graphics/Tolentino-MRI.jpg HTTP/1.1" 200 18730 "http://brainandneurospine.com/tolentino_bio.html" "Mozilla/5.0 (compatible; MSIE 10.0; Windows NT 6.1; WOW64; Trident/6.0)"
96.35.139.2 - - [12/Aug/2013:16:58:08 -0400] "GET /graphics/cleaver-guidos-cutout.gif HTTP/1.1" 200 7051 "http://brainandneurospine.com/tolentino_bio.html" "Mozilla/5.0 (compatible; MSIE 10.0; Windows NT 6.1; WOW64; Trident/6.0)"
174.238.65.102 - - [12/Aug/2013:10:35:55 -0400] "GET /images/Vaught-Family-230x332.jpg HTTP/1.1" 200 58060 "http://www.brainandneurospine.com/vaught_bio.html" "Mozilla/5.0 (iPhone; CPU iPhone OS 6_1_3 like Mac OS X) AppleWebKit/536.26 (KHTML, like Gecko) Version/6.0 Mobile/10B329 Safari/8536.25"
195.242.218.133 - - [12/Aug/2013:22:25:38 -0400] "GET / HTTP/1.1" 200 40346 "http://gribnoybiz.ru/" "Mozilla/4.0 (compatible; MSIE 6.0; Windows NT 5.1; SV1; .NET CLR 1.1.4322) NS8/0.9.6"
199.21.99.95 - - [12/Aug/2013:23:46:13 -0400] "GET /colle_bio.html HTTP/1.1" 200 18325 "-" "Mozilla/5.0 (compatible; YandexBot/3.0; +http://yandex.com/bots)"
108.178.201.3 - - [12/Aug/2013:00:46:11 -0400] "GET /graphics/cleaver-guidos-cutout.gif HTTP/1.1" 200 7051 "http://www.brainandneurospine.com/" "Mozilla/5.0 (Linux; U; Android 4.1.1; en-us; GT-P5113 Build/JRO03C) AppleWebKit/534.30 (KHTML, like Gecko) Version/4.0 Safari/534.30"
198.185.18.207 - - [12/Aug/2013:18:58:02 -0400] "GET /images/Vaught-Family-230x332.jpg HTTP/1.1" 200 58060 "http://www.brainandneurospine.com/vaught_bio.html" "Mozilla/5.0 (Windows NT 6.1; WOW64) AppleWebKit/537.36 (KHTML, like Gecko) Chrome/28.0.1500.95 Safari/537.36"
12.133.6.2 - - [12/Aug/2013:06:35:09 -0400] "GET /SpryAssets/SpryMenuBar.js HTTP/1.1" 304 - "http://www.brainandneurospine.com/" "Mozilla/4.0 (compatible; MSIE 8.0; Windows NT 5.1; Trident/4.0; .NET CLR 1.1.4322; .NET4.0C; .NET4.0E; .NET CLR 2.0.50727; .NET CLR 3.0.4506.2152; .NET CLR 3.5.30729)"
12.133.6.2 - - [12/Aug/2013:06:35:09 -0400] "GET /graphics/tolentino-cutout.gif HTTP/1.1" 304 - "http://www.brainandneurospine.com/" "Mozilla/4.0 (compatible; MSIE 8.0; Windows NT 5.1; Trident/4.0; .NET CLR 1.1.4322; .NET4.0C; .NET4.0E; .NET CLR 2.0.50727; .NET CLR 3.0.4506.2152; .NET CLR 3.5.30729)"
12.133.6.2 - - [12/Aug/2013:06:35:10 -0400] "GET /graphics/5-stars-250x60.jpg HTTP/1.1" 304 - "http://www.brainandneurospine.com/" "Mozilla/4.0 (compatible; MSIE 8.0; Windows NT 5.1; Trident/4.0; .NET CLR 1.1.4322; .NET4.0C; .NET4.0E; .NET CLR 2.0.50727; .NET CLR 3.0.4506.2152; .NET CLR 3.5.30729)"
12.133.6.2 - - [12/Aug/2013:06:35:10 -0400] "GET /graphics/RBS_LogoStackedTAG.jpg HTTP/1.1" 304 - "http://www.brainandneurospine.com/" "Mozilla/4.0 (compatible; MSIE 8.0; Windows NT 5.1; Trident/4.0; .NET CLR 1.1.4322; .NET4.0C; .NET4.0E; .NET CLR 2.0.50727; .NET CLR 3.0.4506.2152; .NET CLR 3.5.30729)"
12.133.6.2 - - [12/Aug/2013:06:35:10 -0400] "GET /graphics/SE-medical-plaza-sign%20160.jpg HTTP/1.1" 304 - "http://www.brainandneurospine.com/" "Mozilla/4.0 (compatible; MSIE 8.0; Windows NT 5.1; Trident/4.0; .NET CLR 1.1.4322; .NET4.0C; .NET4.0E; .NET CLR 2.0.50727; .NET CLR 3.0.4506.2152; .NET CLR 3.5.30729)"
197.87.30.13 - - [12/Aug/2013:07:16:04 -0400] "GET /graphics/colle-microscope.gif HTTP/1.1" 200 10069 "http://www.brainandneurospine.com/" "Mozilla/5.0 (compatible; MSIE 10.0; Windows NT 6.1; WOW64; Trident/6.0)"
54.213.70.186 - - [12/Aug/2013:08:42:19 -0400] "GET /ratings.html HTTP/1.1" 404 575 "-" "Mozilla/5.0 (Windows NT 6.1; WOW64) AppleWebKit/535.8 (KHTML, like Gecko) Chrome/17.0.940.0 Safari/535.8"
66.249.72.152 - - [12/Aug/2013:15:17:05 -0400] "GET /cleaver_bio.html HTTP/1.1" 304 - "-" "Mozilla/5.0 (iPhone; U; CPU iPhone OS 4_1 like Mac OS X; en-us) AppleWebKit/532.9 (KHTML, like Gecko) Version/4.0.5 Mobile/8B117 Safari/6531.22.7 (compatible; Googlebot-Mobile/2.1; +http://www.google.com/bot.html)"
64.135.90.62 - - [12/Aug/2013:16:20:55 -0400] "GET /graphics/cloud-background.jpg HTTP/1.1" 200 11928 "http://www.brainandneurospine.com/2009-contact.html" "Mozilla/4.0 (compatible; MSIE 8.0; Windows NT 5.1; Trident/4.0; GTB7.5; .NET CLR 1.1.4322; .NET CLR 2.0.50727; .NET CLR 3.0.4506.2152; .NET CLR 3.5.30729; AskTbORJ/5.15.2.23037)"
68.47.129.55 - - [12/Aug/2013:16:40:57 -0400] "GET /robots.txt HTTP/1.1" 404 575 "-" "Mozilla/5.0 (compatible; CompSpyBot/1.0; +http://www.compspy.com/spider.html)"
68.47.129.55 - - [12/Aug/2013:16:41:04 -0400] "GET /robots.txt HTTP/1.1" 404 575 "-" "Mozilla/5.0 (compatible; CompSpyBot/1.0; +http://www.compspy.com/spider.html)"
70.195.85.140 - - [12/Aug/2013:17:22:03 -0400] "GET /SpryAssets/SpryMenuBarVertical.css HTTP/1.1" 200 4594 "http://www.brainandneurospine.com/" "Mozilla/5.0 (iPhone; CPU iPhone OS 6_1_4 like Mac OS X) AppleWebKit/536.26 (KHTML, like Gecko) Version/6.0 Mobile/10B350 Safari/8536.25"
70.195.85.140 - - [12/Aug/2013:17:22:03 -0400] "GET /graphics/Calendar-Appointment-100x75.jpg HTTP/1.1" 200 12359 "http://www.brainandneurospine.com/" "Mozilla/5.0 (iPhone; CPU iPhone OS 6_1_4 like Mac OS X) AppleWebKit/536.26 (KHTML, like Gecko) Version/6.0 Mobile/10B350 Safari/8536.25"
70.195.85.140 - - [12/Aug/2013:17:22:05 -0400] "GET /graphics/cleaver-guidos-cutout.gif HTTP/1.1" 200 7051 "http://www.brainandneurospine.com/" "Mozilla/5.0 (iPhone; CPU iPhone OS 6_1_4 like Mac OS X) AppleWebKit/536.26 (KHTML, like Gecko) Version/6.0 Mobile/10B350 Safari/8536.25"
131.230.18.143 - - [12/Aug/2013:12:19:14 -0400] "GET /SpryAssets/SpryMenuBarHorizontal.css HTTP/1.1" 200 5807 "http://www.brainandneurospine.com/index.html" "Mozilla/4.0 (compatible; MSIE 8.0; Windows NT 6.1; WOW64; Trident/4.0; SLCC2; .NET CLR 2.0.50727; .NET CLR 3.5.30729; .NET CLR 3.0.30729; Media Center PC 6.0; .NET4.0C; .NET4.0E; MDDR; InfoPath.2)"
131.230.18.143 - - [12/Aug/2013:12:19:14 -0400] "GET /Scripts/AC_RunActiveContent.js HTTP/1.1" 200 8029 "http://www.brainandneurospine.com/index.html" "Mozilla/4.0 (compatible; MSIE 8.0; Windows NT 6.1; WOW64; Trident/4.0; SLCC2; .NET CLR 2.0.50727; .NET CLR 3.5.30729; .NET CLR 3.0.30729; Media Center PC 6.0; .NET4.0C; .NET4.0E; MDDR; InfoPath.2)"
131.230.18.143 - - [12/Aug/2013:12:19:15 -0400] "GET /graphics/tolentino-cutout.gif HTTP/1.1" 200 13936 "http://www.brainandneurospine.com/index.html" "Mozilla/4.0 (compatible; MSIE 8.0; Windows NT 6.1; WOW64; Trident/4.0; SLCC2; .NET CLR 2.0.50727; .NET CLR 3.5.30729; .NET CLR 3.0.30729; Media Center PC 6.0; .NET4.0C; .NET4.0E; MDDR; InfoPath.2)"
131.230.18.143 - - [12/Aug/2013:12:19:16 -0400] "GET /graphics/colle-cutout2.gif HTTP/1.1" 200 7469 "http://www.brainandneurospine.com/index.html" "Mozilla/4.0 (compatible; MSIE 8.0; Windows NT 6.1; WOW64; Trident/4.0; SLCC2; .NET CLR 2.0.50727; .NET CLR 3.5.30729; .NET CLR 3.0.30729; Media Center PC 6.0; .NET4.0C; .NET4.0E; MDDR; InfoPath.2)"
131.230.18.143 - - [12/Aug/2013:12:19:16 -0400] "GET /graphics/RBS_LogoStackedTAG.jpg HTTP/1.1" 200 127207 "http://www.brainandneurospine.com/index.html" "Mozilla/4.0 (compatible; MSIE 8.0; Windows NT 6.1; WOW64; Trident/4.0; SLCC2; .NET CLR 2.0.50727; .NET CLR 3.5.30729; .NET CLR 3.0.30729; Media Center PC 6.0; .NET4.0C; .NET4.0E; MDDR; InfoPath.2)"
131.230.18.143 - - [12/Aug/2013:12:19:34 -0400] "GET /graphics/colle-cutout2.gif HTTP/1.1" 200 7469 "http://www.brainandneurospine.com/billing.html" "Mozilla/4.0 (compatible; MSIE 8.0; Windows NT 6.1; WOW64; Trident/4.0; SLCC2; .NET CLR 2.0.50727; .NET CLR 3.5.30729; .NET CLR 3.0.30729; Media Center PC 6.0; .NET4.0C; .NET4.0E; MDDR; InfoPath.2)"
131.230.18.143 - - [12/Aug/2013:12:19:34 -0400] "GET /SpryAssets/SpryMenuBarRightHover.gif HTTP/1.1" 200 55 "http://www.brainandneurospine.com/billing.html" "Mozilla/4.0 (compatible; MSIE 8.0; Windows NT 6.1; WOW64; Trident/4.0; SLCC2; .NET CLR 2.0.50727; .NET CLR 3.5.30729; .NET CLR 3.0.30729; Media Center PC 6.0; .NET4.0C; .NET4.0E; MDDR; InfoPath.2)"
166.142.21.76 - - [12/Aug/2013:14:39:17 -0400] "GET /SpryAssets/SpryMenuBarVertical.css HTTP/1.1" 200 4594 "http://www.brainandneurospine.com/vaught_bio.html" "Mozilla/5.0 (compatible; MSIE 10.0; Windows NT 6.1; WOW64; Trident/6.0)"
166.142.21.76 - - [12/Aug/2013:14:39:18 -0400] "GET /images/Vaught-Family-230x332.jpg HTTP/1.1" 200 58060 "http://www.brainandneurospine.com/vaught_bio.html" "Mozilla/5.0 (compatible; MSIE 10.0; Windows NT 6.1; WOW64; Trident/6.0)"
166.142.21.76 - - [12/Aug/2013:14:39:24 -0400] "GET /favicon.ico HTTP/1.1" 404 575 "-" "Mozilla/5.0 (compatible; MSIE 10.0; Windows NT 6.1; WOW64; Trident/6.0)"
108.208.222.159 - - [12/Aug/2013:10:46:07 -0400] "GET /perryville-clinic.html HTTP/1.1" 200 19040 "http://www.google.com/url?sa=t&rct=j&q=perryville%20brain%20%26%20spine&source=web&cd=1&ved=0CDMQFjAA&url=http%3A%2F%2Fwww.brainandneurospine.com%2Fperryville-clinic.html&ei=EfUIUty5MOnE2gWLq4HABQ&usg=AFQjCNFhknnq7mpD_dyPaKCmjbLJduS0OQ&bvm=bv.50500085,d.aWc" "Mozilla/5.0 (Windows NT 5.1) AppleWebKit/537.36 (KHTML, like Gecko) Chrome/28.0.1500.95 Safari/537.36"
108.208.222.159 - - [12/Aug/2013:10:46:07 -0400] "GET /graphics/colle-microscope.gif HTTP/1.1" 200 10069 "http://www.brainandneurospine.com/perryville-clinic.html" "Mozilla/5.0 (Windows NT 5.1) AppleWebKit/537.36 (KHTML, like Gecko) Chrome/28.0.1500.95 Safari/537.36"
108.208.222.159 - - [12/Aug/2013:10:46:07 -0400] "GET /graphics/colle-cutout2.gif HTTP/1.1" 200 7469 "http://www.brainandneurospine.com/perryville-clinic.html" "Mozilla/5.0 (Windows NT 5.1) AppleWebKit/537.36 (KHTML, like Gecko) Chrome/28.0.1500.95 Safari/537.36"
108.208.222.159 - - [12/Aug/2013:10:46:08 -0400] "GET /SpryAssets/SpryMenuBarDown.gif HTTP/1.1" 200 55 "http://www.brainandneurospine.com/perryville-clinic.html" "Mozilla/5.0 (Windows NT 5.1) AppleWebKit/537.36 (KHTML, like Gecko) Chrome/28.0.1500.95 Safari/537.36"
64.82.195.108 - - [12/Aug/2013:11:00:52 -0400] "GET /graphics/vaught-cutout1.gif HTTP/1.1" 200 9004 "http://www.brainandneurospine.com/" "Mozilla/5.0 (compatible; MSIE 10.0; Windows NT 6.1; WOW64; Trident/6.0; NP08; MAAU)"
64.82.195.108 - - [12/Aug/2013:11:00:54 -0400] "GET /graphics/colle-cutout2.gif HTTP/1.1" 200 7469 "http://www.brainandneurospine.com/" "Mozilla/5.0 (compatible; MSIE 10.0; Windows NT 6.1; WOW64; Trident/6.0; NP08; MAAU)"
220.181.108.139 - - [12/Aug/2013:09:12:05 -0400] "GET / HTTP/1.1" 200 40346 "-" "Baiduspider-image+(+http://www.baidu.com/search/spider.htm)"
108.208.222.159 - - [12/Aug/2013:10:46:07 -0400] "GET /Scripts/AC_RunActiveContent.js HTTP/1.1" 200 8029 "http://www.brainandneurospine.com/perryville-clinic.html" "Mozilla/5.0 (Windows NT 5.1) AppleWebKit/537.36 (KHTML, like Gecko) Chrome/28.0.1500.95 Safari/537.36"
108.208.222.159 - - [12/Aug/2013:10:46:07 -0400] "GET /images/Vaught-206x268.jpg HTTP/1.1" 200 24797 "http://www.brainandneurospine.com/perryville-clinic.html" "Mozilla/5.0 (Windows NT 5.1) AppleWebKit/537.36 (KHTML, like Gecko) Chrome/28.0.1500.95 Safari/537.36"
68.188.123.14 - - [12/Aug/2013:11:38:52 -0400] "GET / HTTP/1.0" 200 40346 "http://www.google.com/url?sa=t&rct=j&q=spine%20center%20cape%20girardeau%20mo&source=web&cd=1&ved=0CEUQFjAA&url=http%3A%2F%2Fwww.capebnsc.com%2F&ei=eAEJUq06hN7ZBeTCgNgD&usg=AFQjCNG0CPt7O4SIsaIXgjKs5CFoyXPFBA&bvm=bv.50500085,d.aWc" "Mozilla/4.0 (compatible; MSIE 8.0; Windows NT 6.1; Win64; x64; Trident/4.0; .NET CLR 2.0.50727; SLCC2; .NET CLR 3.5.30729; .NET CLR 3.0.30729; .NET4.0C; .NET4.0E)"
108.178.201.3 - - [12/Aug/2013:00:39:28 -0400] "GET /graphics/colle-microscope.gif HTTP/1.1" 200 10069 "http://www.brainandneurospine.com/" "Mozilla/5.0 (Linux; U; Android 4.1.1; en-us; GT-P5113 Build/JRO03C) AppleWebKit/534.30 (KHTML, like Gecko) Version/4.0 Safari/534.30"
108.178.201.3 - - [12/Aug/2013:00:44:46 -0400] "GET /graphics/Vaught-clinic-1.jpg HTTP/1.1" 200 53040 "http://www.brainandneurospine.com/vaught_bio.html" "Mozilla/5.0 (Linux; U; Android 4.1.1; en-us; GT-P5113 Build/JRO03C) AppleWebKit/534.30 (KHTML, like Gecko) Version/4.0 Safari/534.30"
197.87.30.13 - - [12/Aug/2013:07:15:58 -0400] "GET /SpryAssets/SpryMenuBarVertical.css HTTP/1.1" 200 4594 "http://www.brainandneurospine.com/" "Mozilla/5.0 (compatible; MSIE 10.0; Windows NT 6.1; WOW64; Trident/6.0)"
197.87.30.13 - - [12/Aug/2013:07:15:59 -0400] "GET /graphics/Calendar-Appointment-100x75.jpg HTTP/1.1" 200 12359 "http://www.brainandneurospine.com/" "Mozilla/5.0 (compatible; MSIE 10.0; Windows NT 6.1; WOW64; Trident/6.0)"
131.230.18.143 - - [12/Aug/2013:12:19:14 -0400] "GET /tplayer/scripts/tplayer.js HTTP/1.1" 200 60791 "http://www.brainandneurospine.com/index.html" "Mozilla/4.0 (compatible; MSIE 8.0; Windows NT 6.1; WOW64; Trident/4.0; SLCC2; .NET CLR 2.0.50727; .NET CLR 3.5.30729; .NET CLR 3.0.30729; Media Center PC 6.0; .NET4.0C; .NET4.0E; MDDR; InfoPath.2)"
131.230.18.143 - - [12/Aug/2013:12:19:15 -0400] "GET /graphics/vaught-cutout1.gif HTTP/1.1" 200 9004 "http://www.brainandneurospine.com/index.html" "Mozilla/4.0 (compatible; MSIE 8.0; Windows NT 6.1; WOW64; Trident/4.0; SLCC2; .NET CLR 2.0.50727; .NET CLR 3.5.30729; .NET CLR 3.0.30729; Media Center PC 6.0; .NET4.0C; .NET4.0E; MDDR; InfoPath.2)"
131.230.18.143 - - [12/Aug/2013:12:19:16 -0400] "GET /images/docs_rbs4.jpg HTTP/1.1" 200 59790 "http://www.brainandneurospine.com/index.html" "Mozilla/4.0 (compatible; MSIE 8.0; Windows NT 6.1; WOW64; Trident/4.0; SLCC2; .NET CLR 2.0.50727; .NET CLR 3.5.30729; .NET CLR 3.0.30729; Media Center PC 6.0; .NET4.0C; .NET4.0E; MDDR; InfoPath.2)"
66.249.72.224 - - [12/Aug/2013:12:51:47 -0400] "GET /PDF-Docs/CV_Engelson.pdf HTTP/1.1" 304 - "-" "Mozilla/5.0 (iPhone; U; CPU iPhone OS 4_1 like Mac OS X; en-us) AppleWebKit/532.9 (KHTML, like Gecko) Version/4.0.5 Mobile/8B117 Safari/6531.22.7 (compatible; Googlebot-Mobile/2.1; +http://www.google.com/bot.html)"
182.118.21.254 - - [12/Aug/2013:16:21:43 -0400] "GET / HTTP/1.1" 200 40346 "http://www.brainandneurospine.com/" "Mozilla/5.0 (Windows; U; Windows NT 5.1; zh-CN; rv:1.8.0.11) Firefox/1.5.0.11; 360Spider"
68.47.129.55 - - [12/Aug/2013:16:40:50 -0400] "GET /robots.txt HTTP/1.1" 404 575 "-" "Mozilla/5.0 (compatible; CompSpyBot/1.0; +http://www.compspy.com/spider.html)"
68.47.129.55 - - [12/Aug/2013:16:41:07 -0400] "GET /robots.txt HTTP/1.1" 404 575 "-" "Mozilla/5.0 (compatible; CompSpyBot/1.0; +http://www.compspy.com/spider.html)"
66.249.75.160 - - [12/Aug/2013:18:50:50 -0400] "GET /videos/Medical%20Minutes/Vaught%20Bike.wmv HTTP/1.1" 200 3690264 "-" "Googlebot-Video/1.0"
198.185.18.207 - - [12/Aug/2013:18:58:02 -0400] "GET /graphics/cloud-background.jpg HTTP/1.1" 200 11928 "http://www.brainandneurospine.com/vaught_bio.html" "Mozilla/5.0 (Windows NT 6.1; WOW64) AppleWebKit/537.36 (KHTML, like Gecko) Chrome/28.0.1500.95 Safari/537.36"
180.153.236.171 - - [12/Aug/2013:20:05:42 -0400] "GET / HTTP/1.1" 200 40346 "http://www.brainandneurospine.com/" "Mozilla/5.0 (Windows; U; Windows NT 5.1; zh-CN; rv:1.8.0.11) Firefox/1.5.0.11; 360Spider"
66.249.83.154 - - [12/Aug/2013:20:43:28 -0400] "GET /images/hammond2.jpg HTTP/1.1" 200 34191 "http://www.brainandneurospine.com/hammond_bio.html" "Mozilla/5.0 (X11; Linux x86_64) AppleWebKit/537.4 (KHTML, like Gecko; Google Web Preview) Chrome/22.0.1229 Safari/537.4"
66.249.83.154 - - [12/Aug/2013:20:43:28 -0400] "GET /SpryAssets/SpryMenuBarDownHover.gif HTTP/1.1" 200 55 "http://www.brainandneurospine.com/hammond_bio.html" "Mozilla/5.0 (X11; Linux x86_64) AppleWebKit/537.4 (KHTML, like Gecko; Google Web Preview) Chrome/22.0.1229 Safari/537.4"
54.211.22.103 - - [12/Aug/2013:00:25:46 -0400] "HEAD /Stories-of-Hope/Stories-of-Hope-Home.html HTTP/1.1" 200 - "-" "python-requests/1.1.0 CPython/2.7.4 Linux/3.8.0-19-generic"
108.178.201.3 - - [12/Aug/2013:00:39:28 -0400] "GET /SpryAssets/SpryMenuBarRightHover.gif HTTP/1.1" 200 55 "http://www.brainandneurospine.com/" "Mozilla/5.0 (Linux; U; Android 4.1.1; en-us; GT-P5113 Build/JRO03C) AppleWebKit/534.30 (KHTML, like Gecko) Version/4.0 Safari/534.30"
108.178.201.3 - - [12/Aug/2013:00:46:12 -0400] "GET /images/docs_rbs4.jpg HTTP/1.1" 200 59790 "http://www.brainandneurospine.com/" "Mozilla/5.0 (Linux; U; Android 4.1.1; en-us; GT-P5113 Build/JRO03C) AppleWebKit/534.30 (KHTML, like Gecko) Version/4.0 Safari/534.30"
108.178.201.3 - - [12/Aug/2013:00:46:14 -0400] "GET /graphics/SE-medical-plaza-sign%20160.jpg HTTP/1.1" 200 19171 "http://www.brainandneurospine.com/" "Mozilla/5.0 (Linux; U; Android 4.1.1; en-us; GT-P5113 Build/JRO03C) AppleWebKit/534.30 (KHTML, like Gecko) Version/4.0 Safari/534.30"
131.230.18.143 - - [12/Aug/2013:12:19:12 -0400] "GET /SpryAssets/SpryMenuBarDownHover.gif HTTP/1.1" 200 55 "http://www.brainandneurospine.com/" "Mozilla/4.0 (compatible; MSIE 8.0; Windows NT 6.1; WOW64; Trident/4.0; SLCC2; .NET CLR 2.0.50727; .NET CLR 3.5.30729; .NET CLR 3.0.30729; Media Center PC 6.0; .NET4.0C; .NET4.0E; MDDR; InfoPath.2)"
131.230.18.143 - - [12/Aug/2013:12:19:14 -0400] "GET /index.html HTTP/1.1" 200 40346 "http://www.brainandneurospine.com/" "Mozilla/4.0 (compatible; MSIE 8.0; Windows NT 6.1; WOW64; Trident/4.0; SLCC2; .NET CLR 2.0.50727; .NET CLR 3.5.30729; .NET CLR 3.0.30729; Media Center PC 6.0; .NET4.0C; .NET4.0E; MDDR; InfoPath.2)"
131.230.18.143 - - [12/Aug/2013:12:19:34 -0400] "GET /SpryAssets/SpryMenuBar.js HTTP/1.1" 200 10064 "http://www.brainandneurospine.com/billing.html" "Mozilla/4.0 (compatible; MSIE 8.0; Windows NT 6.1; WOW64; Trident/4.0; SLCC2; .NET CLR 2.0.50727; .NET CLR 3.5.30729; .NET CLR 3.0.30729; Media Center PC 6.0; .NET4.0C; .NET4.0E; MDDR; InfoPath.2)"
131.230.18.143 - - [12/Aug/2013:12:19:34 -0400] "GET /Scripts/AC_RunActiveContent.js HTTP/1.1" 200 8029 "http://www.brainandneurospine.com/billing.html" "Mozilla/4.0 (compatible; MSIE 8.0; Windows NT 6.1; WOW64; Trident/4.0; SLCC2; .NET CLR 2.0.50727; .NET CLR 3.5.30729; .NET CLR 3.0.30729; Media Center PC 6.0; .NET4.0C; .NET4.0E; MDDR; InfoPath.2)"
