70.195.77.55 - - [12/Aug/2013:09:48:31 -0400] "GET /graphics/colle-microscope.gif HTTP/1.1" 200 10069 "http://www.brainandneurospine.com/" "Mozilla/5.0 (Linux; U; Android 4.1.2; en-us; DROID RAZR Build/9.8.2O-72_VZW-16) AppleWebKit/534.30 (KHTML, like Gecko) Version/4.0 Mobile Safari/534.30"
70.195.77.55 - - [12/Aug/2013:09:48:33 -0400] "GET /graphics/SE-medical-plaza-sign%20160.jpg HTTP/1.1" 200 19171 "http://www.brainandneurospine.com/" "Mozilla/5.0 (Linux; U; Android 4.1.2; en-us; DROID RAZR Build/9.8.2O-72_VZW-16) AppleWebKit/534.30 (KHTML, like Gecko) Version/4.0 Mobile Safari/534.30"
199.30.20.72 - - [12/Aug/2013:11:08:46 -0400] "GET /images/Outside-View-with-sign.jpg HTTP/1.1" 200 39641 "-" "msnbot-media/1.1 (+http://search.msn.com/msnbot.htm)"
68.188.123.14 - - [12/Aug/2013:11:38:58 -0400] "GET /graphics/tolentino-cutout.gif HTTP/1.0" 200 13936 "http://www.brainandneurospine.com/" "Mozilla/4.0 (compatible; MSIE 8.0; Windows NT 6.1; Win64; x64; Trident/4.0; .NET CLR 2.0.50727; SLCC2; .NET CLR 3.5.30729; .NET CLR 3.0.30729; .NET4.0C; .NET4.0E)"
68.188.123.14 - - [12/Aug/2013:11:38:58 -0400] "GET /images/docs_rbs4.jpg HTTP/1.0" 200 59790 "http://www.brainandneurospine.com/" "Mozilla/4.0 (compatible; MSIE 8.0; Windows NT 6.1; Win64; x64; Trident/4.0; .NET CLR 2.0.50727; SLCC2; .NET CLR 3.5.30729; .NET CLR 3.0.30729; .NET4.0C; .NET4.0E)"
68.188.123.14 - - [12/Aug/2013:11:38:58 -0400] "GET /SpryAssets/SpryMenuBarDown.gif HTTP/1.0" 200 55 "http://www.brainandneurospine.com/" "Mozilla/4.0 (compatible; MSIE 8.0; Windows NT 6.1; Win64; x64; Trident/4.0; .NET CLR 2.0.50727; SLCC2; .NET CLR 3.5.30729; .NET CLR 3.0.30729; .NET4.0C; .NET4.0E)"
166.147.104.33 - - [12/Aug/2013:11:47:15 -0400] "GET /SpryAssets/SpryMenuBarVertical.css HTTP/1.1" 200 4594 "http://www.brainandneurospine.com/" "Mozilla/5.0 (iPhone; CPU iPhone OS 6_0_1 like Mac OS X) AppleWebKit/536.26 (KHTML, like Gecko) Mobile/10A525 [FBAN/FBIOS;FBAV/6.1.1;FBBV/202949;FBDV/iPhone5,1;FBMD/iPhone;FBSN/iPhone OS;FBSV/6.0.1;FBSS/2; FBCR/AT&T;FBID/phone;FBLC/en_US;FBOP/1]"
166.147.104.33 - - [12/Aug/2013:11:47:16 -0400] "GET /Scripts/AC_RunActiveContent.js HTTP/1.1" 200 8029 "http://www.brainandneurospine.com/" "Mozilla/5.0 (iPhone; CPU iPhone OS 6_0_1 like Mac OS X) AppleWebKit/536.26 (KHTML, like Gecko) Mobile/10A525 [FBAN/FBIOS;FBAV/6.1.1;FBBV/202949;FBDV/iPhone5,1;FBMD/iPhone;FBSN/iPhone OS;FBSV/6.0.1;FBSS/2; FBCR/AT&T;FBID/phone;FBLC/en_US;FBOP/1]"
166.147.104.33 - - [12/Aug/2013:11:47:17 -0400] "GET /graphics/RBS_LogoStackedTAG.jpg HTTP/1.1" 200 127207 "http://www.brainandneurospine.com/" "Mozilla/5.0 (iPhone; CPU iPhone OS 6_0_1 like Mac OS X) AppleWebKit/536.26 (KHTML, like Gecko) Mobile/10A525 [FBAN/FBIOS;FBAV/6.1.1;FBBV/202949;FBDV/iPhone5,1;FBMD/iPhone;FBSN/iPhone OS;FBSV/6.0.1;FBSS/2; FBCR/AT&T;FBID/phone;FBLC/en_US;FBOP/1]"
166.147.104.33 - - [12/Aug/2013:11:47:19 -0400] "GET /graphics/colle-microscope.gif HTTP/1.1" 200 10069 "http://www.brainandneurospine.com/" "Mozilla/5.0 (iPhone; CPU iPhone OS 6_0_1 like Mac OS X) AppleWebKit/536.26 (KHTML, like Gecko) Mobile/10A525 [FBAN/FBIOS;FBAV/6.1.1;FBBV/202949;FBDV/iPhone5,1;FBMD/iPhone;FBSN/iPhone OS;FBSV/6.0.1;FBSS/2; FBCR/AT&T;FBID/phone;FBLC/en_US;FBOP/1]"
166.147.104.33 - - [12/Aug/2013:11:47:19 -0400] "GET /graphics/cleaver-guidos-cutout.gif HTTP/1.1" 200 7051 "http://www.brainandneurospine.com/" "Mozilla/5.0 (iPhone; CPU iPhone OS 6_0_1 like Mac OS X) AppleWebKit/536.26 (KHTML, like Gecko) Mobile/10A525 [FBAN/FBIOS;FBAV/6.1.1;FBBV/202949;FBDV/iPhone5,1;FBMD/iPhone;FBSN/iPhone OS;FBSV/6.0.1;FBSS/2; FBCR/AT&T;FBID/phone;FBLC/en_US;FBOP/1]"
131.230.18.143 - - [12/Aug/2013:12:18:19 -0400] "GET /SpryAssets/SpryMenuBarDownHover.gif HTTP/1.1" 200 55 "http://www.brainandneurospine.com/googlemap-directions2clinic.html" "Mozilla/4.0 (compatible; MSIE 8.0; Windows NT 6.1; WOW64; Trident/4.0; SLCC2; .NET CLR 2.0.50727; .NET CLR 3.5.30729; .NET CLR 3.0.30729; Media Center PC 6.0; .NET4.0C; .NET4.0E; MDDR; InfoPath.2)"
131.230.18.143 - - [12/Aug/2013:12:19:34 -0400] "GET /SpryAssets/SpryMenuBarVertical.css HTTP/1.1" 200 4594 "http://www.brainandneurospine.com/billing.html" "Mozilla/4.0 (compatible; MSIE 8.0; Windows NT 6.1; WOW64; Trident/4.0; SLCC2; .NET CLR 2.0.50727; .NET CLR 3.5.30729; .NET CLR 3.0.30729; Media Center PC 6.0; .NET4.0C; .NET4.0E; MDDR; InfoPath.2)"
131.230.18.143 - - [12/Aug/2013:12:19:34 -0400] "GET /graphics/colle-microscope.gif HTTP/1.1" 200 10069 "http://www.brainandneurospine.com/billing.html" "Mozilla/4.0 (compatible; MSIE 8.0; Windows NT 6.1; WOW64; Trident/4.0; SLCC2; .NET CLR 2.0.50727; .NET CLR 3.5.30729; .NET CLR 3.0.30729; Media Center PC 6.0; .NET4.0C; .NET4.0E; MDDR; InfoPath.2)"
131.230.18.143 - - [12/Aug/2013:12:19:34 -0400] "GET /SpryAssets/SpryMenuBarDownHover.gif HTTP/1.1" 200 55 "http://www.brainandneurospine.com/billing.html" "Mozilla/4.0 (compatible; MSIE 8.0; Windows NT 6.1; WOW64; Trident/4.0; SLCC2; .NET CLR 2.0.50727; .NET CLR 3.5.30729; .NET CLR 3.0.30729; Media Center PC 6.0; .NET4.0C; .NET4.0E; MDDR; InfoPath.2)"
131.230.18.143 - - [12/Aug/2013:12:19:34 -0400] "GET /SpryAssets/SpryMenuBarDown.gif HTTP/1.1" 200 55 "http://www.brainandneurospine.com/billing.html" "Mozilla/4.0 (compatible; MSIE 8.0; Windows NT 6.1; WOW64; Trident/4.0; SLCC2; .NET CLR 2.0.50727; .NET CLR 3.5.30729; .NET CLR 3.0.30729; Media Center PC 6.0; .NET4.0C; .NET4.0E; MDDR; InfoPath.2)"
24.100.149.193 - - [12/Aug/2013:14:04:50 -0400] "GET /SpryAssets/SpryMenuBar.js HTTP/1.1" 200 10064 "http://www.brainandneurospine.com/" "Mozilla/5.0 (Linux; U; Android 2.3.6; en-us; Huawei-U8665 Build/HuaweiU8665B037) AppleWebKit/533.1 (KHTML, like Gecko) Version/4.0 Mobile Safari/533.1"
24.100.149.193 - - [12/Aug/2013:14:04:51 -0400] "GET /graphics/gray-background.jpg HTTP/1.1" 200 7781 "http://www.brainandneurospine.com/" "Mozilla/5.0 (Linux; U; Android 2.3.6; en-us; Huawei-U8665 Build/HuaweiU8665B037) AppleWebKit/533.1 (KHTML, like Gecko) Version/4.0 Mobile Safari/533.1"
24.100.149.193 - - [12/Aug/2013:14:04:51 -0400] "GET /graphics/RBS_LogoStackedTAG.jpg HTTP/1.1" 200 127207 "http://www.brainandneurospine.com/" "Mozilla/5.0 (Linux; U; Android 2.3.6; en-us; Huawei-U8665 Build/HuaweiU8665B037) AppleWebKit/533.1 (KHTML, like Gecko) Version/4.0 Mobile Safari/533.1"
24.100.149.193 - - [12/Aug/2013:14:04:52 -0400] "GET /graphics/Calendar-Appointment-100x75.jpg HTTP/1.1" 200 12359 "http://www.brainandneurospine.com/" "Mozilla/5.0 (Linux; U; Android 2.3.6; en-us; Huawei-U8665 Build/HuaweiU8665B037) AppleWebKit/533.1 (KHTML, like Gecko) Version/4.0 Mobile Safari/533.1"
24.100.149.193 - - [12/Aug/2013:14:04:52 -0400] "GET /images/extenders-rbs5.jpg HTTP/1.1" 200 31217 "http://www.brainandneurospine.com/" "Mozilla/5.0 (Linux; U; Android 2.3.6; en-us; Huawei-U8665 Build/HuaweiU8665B037) AppleWebKit/533.1 (KHTML, like Gecko) Version/4.0 Mobile Safari/533.1"
50.40.212.22 - - [12/Aug/2013:14:16:57 -0400] "GET /SpryAssets/SpryMenuBar.js HTTP/1.1" 200 10064 "http://www.brainandneurospine.com/" "Mozilla/5.0 (compatible; MSIE 9.0; Windows NT 6.1; WOW64; Trident/5.0)"
173.199.114.211 - - [12/Aug/2013:03:42:06 -0400] "GET /cleaver_bio.html HTTP/1.1" 200 18389 "-" "Mozilla/5.0 (compatible; AhrefsBot/4.0; +http://ahrefs.com/robot/)"
108.178.201.3 - - [12/Aug/2013:07:29:53 -0400] "GET /SpryAssets/SpryMenuBarHorizontal.css HTTP/1.1" 200 5807 "http://www.brainandneurospine.com/" "Mozilla/5.0 (Linux; U; Android 4.1.1; en-us; GT-P5113 Build/JRO03C) AppleWebKit/534.30 (KHTML, like Gecko) Version/4.0 Safari/534.30"
108.178.201.3 - - [12/Aug/2013:07:29:53 -0400] "GET /tplayer/scripts/tplayer.js HTTP/1.1" 200 60791 "http://www.brainandneurospine.com/" "Mozilla/5.0 (Linux; U; Android 4.1.1; en-us; GT-P5113 Build/JRO03C) AppleWebKit/534.30 (KHTML, like Gecko) Version/4.0 Safari/534.30"
108.178.201.3 - - [12/Aug/2013:07:29:56 -0400] "GET /tplayer/scripts/tplayer-config.js HTTP/1.1" 200 78567 "http://www.brainandneurospine.com/index.html" "Mozilla/5.0 (Linux; U; Android 4.1.1; en-us; GT-P5113 Build/JRO03C) AppleWebKit/534.30 (KHTML, like Gecko) Version/4.0 Safari/534.30"
108.178.201.3 - - [12/Aug/2013:07:29:56 -0400] "GET /graphics/5-stars-250x60.jpg HTTP/1.1" 200 15249 "http://www.brainandneurospine.com/" "Mozilla/5.0 (Linux; U; Android 4.1.1; en-us; GT-P5113 Build/JRO03C) AppleWebKit/534.30 (KHTML, like Gecko) Version/4.0 Safari/534.30"
24.100.149.193 - - [12/Aug/2013:14:03:06 -0400] "GET /graphics/gray-background.jpg HTTP/1.1" 200 7781 "http://www.brainandneurospine.com/" "Mozilla/5.0 (Linux; U; Android 2.3.6; en-us; Huawei-U8665 Build/HuaweiU8665B037) AppleWebKit/533.1 (KHTML, like Gecko) Version/4.0 Mobile Safari/533.1"
24.100.149.193 - - [12/Aug/2013:14:03:07 -0400] "GET /graphics/5-stars-250x60.jpg HTTP/1.1" 200 15249 "http://www.brainandneurospine.com/" "Mozilla/5.0 (Linux; U; Android 2.3.6; en-us; Huawei-U8665 Build/HuaweiU8665B037) AppleWebKit/533.1 (KHTML, like Gecko) Version/4.0 Mobile Safari/533.1"
24.100.149.193 - - [12/Aug/2013:14:03:07 -0400] "GET /graphics/tolentino-cutout.gif HTTP/1.1" 200 13936 "http://www.brainandneurospine.com/" "Mozilla/5.0 (Linux; U; Android 2.3.6; en-us; Huawei-U8665 Build/HuaweiU8665B037) AppleWebKit/533.1 (KHTML, like Gecko) Version/4.0 Mobile Safari/533.1"
24.100.149.193 - - [12/Aug/2013:14:03:07 -0400] "GET /graphics/vaught-cutout1.gif HTTP/1.1" 200 9004 "http://www.brainandneurospine.com/" "Mozilla/5.0 (Linux; U; Android 2.3.6; en-us; Huawei-U8665 Build/HuaweiU8665B037) AppleWebKit/533.1 (KHTML, like Gecko) Version/4.0 Mobile Safari/533.1"
24.100.149.193 - - [12/Aug/2013:14:03:07 -0400] "GET /graphics/cleaver-guidos-cutout.gif HTTP/1.1" 200 7051 "http://www.brainandneurospine.com/" "Mozilla/5.0 (Linux; U; Android 2.3.6; en-us; Huawei-U8665 Build/HuaweiU8665B037) AppleWebKit/533.1 (KHTML, like Gecko) Version/4.0 Mobile Safari/533.1"
24.100.149.193 - - [12/Aug/2013:14:03:07 -0400] "GET /graphics/colle-cutout2.gif HTTP/1.1" 200 7469 "http://www.brainandneurospine.com/" "Mozilla/5.0 (Linux; U; Android 2.3.6; en-us; Huawei-U8665 Build/HuaweiU8665B037) AppleWebKit/533.1 (KHTML, like Gecko) Version/4.0 Mobile Safari/533.1"
24.100.149.193 - - [12/Aug/2013:14:03:10 -0400] "GET /graphics/SE-medical-plaza-sign%20160.jpg HTTP/1.1" 200 19171 "http://www.brainandneurospine.com/" "Mozilla/5.0 (Linux; U; Android 2.3.6; en-us; Huawei-U8665 Build/HuaweiU8665B037) AppleWebKit/533.1 (KHTML, like Gecko) Version/4.0 Mobile Safari/533.1"
50.40.212.22 - - [12/Aug/2013:14:16:54 -0400] "GET / HTTP/1.1" 200 40346 "http://www.google.com/url?sa=t&rct=j&q=&esrc=s&frm=1&source=web&cd=1&ved=0CDwQFjAA&url=http%3A%2F%2Fwww.capebnsc.com%2F&ei=hiYJUqyJG8uO2QXtj4GQAw&usg=AFQjCNG0CPt7O4SIsaIXgjKs5CFoyXPFBA&sig2=i0QomtZt5uTOj_tCUmLMmQ" "Mozilla/5.0 (compatible; MSIE 9.0; Windows NT 6.1; WOW64; Trident/5.0)"
50.40.212.22 - - [12/Aug/2013:14:16:57 -0400] "GET /tplayer/css/ADPMask.css HTTP/1.1" 200 234 "http://www.brainandneurospine.com/" "Mozilla/5.0 (compatible; MSIE 9.0; Windows NT 6.1; WOW64; Trident/5.0)"
50.40.212.22 - - [12/Aug/2013:14:16:57 -0400] "GET /images/docs_rbs4.jpg HTTP/1.1" 200 59790 "http://www.brainandneurospine.com/" "Mozilla/5.0 (compatible; MSIE 9.0; Windows NT 6.1; WOW64; Trident/5.0)"
50.40.212.22 - - [12/Aug/2013:14:16:59 -0400] "GET /graphics/colle-microscope.gif HTTP/1.1" 200 10069 "http://www.brainandneurospine.com/" "Mozilla/5.0 (compatible; MSIE 9.0; Windows NT 6.1; WOW64; Trident/5.0)"
50.40.212.22 - - [12/Aug/2013:14:16:59 -0400] "GET /images/extenders-rbs5.jpg HTTP/1.1" 200 31217 "http://www.brainandneurospine.com/" "Mozilla/5.0 (compatible; MSIE 9.0; Windows NT 6.1; WOW64; Trident/5.0)"
50.40.212.22 - - [12/Aug/2013:14:16:59 -0400] "GET /SpryAssets/SpryMenuBarRight.gif HTTP/1.1" 200 55 "http://www.brainandneurospine.com/" "Mozilla/5.0 (compatible; MSIE 9.0; Windows NT 6.1; WOW64; Trident/5.0)"
68.47.129.55 - - [12/Aug/2013:16:41:08 -0400] "GET /robots.txt HTTP/1.1" 404 575 "-" "Mozilla/5.0 (compatible; CompSpyBot/1.0; +http://www.compspy.com/spider.html)"
50.40.219.49 - - [12/Aug/2013:09:27:40 -0400] "GET /images/Melissa-Phone.jpg HTTP/1.1" 200 61361 "http://www.brainandneurospine.com/2009-contact.html" "Mozilla/5.0 (iPad; CPU OS 6_1_3 like Mac OS X) AppleWebKit/536.26 (KHTML, like Gecko) Version/6.0 Mobile/10B329 Safari/8536.25"
97.87.122.191 - - [12/Aug/2013:09:40:52 -0400] "GET /SpryAssets/SpryMenuBarVertical.css HTTP/1.1" 200 4594 "http://www.brainandneurospine.com/" "Mozilla/5.0 (Windows NT 6.1; WOW64) AppleWebKit/537.36 (KHTML, like Gecko) Chrome/28.0.1500.95 Safari/537.36"
97.87.122.191 - - [12/Aug/2013:09:40:53 -0400] "GET /graphics/colle-microscope.gif HTTP/1.1" 200 10069 "http://www.brainandneurospine.com/" "Mozilla/5.0 (Windows NT 6.1; WOW64) AppleWebKit/537.36 (KHTML, like Gecko) Chrome/28.0.1500.95 Safari/537.36"
97.87.122.191 - - [12/Aug/2013:09:40:53 -0400] "GET /graphics/cleaver-guidos-cutout.gif HTTP/1.1" 200 7051 "http://www.brainandneurospine.com/" "Mozilla/5.0 (Windows NT 6.1; WOW64) AppleWebKit/537.36 (KHTML, like Gecko) Chrome/28.0.1500.95 Safari/537.36"
97.87.122.191 - - [12/Aug/2013:09:40:53 -0400] "GET /graphics/Calendar-Appointment-100x75.jpg HTTP/1.1" 200 12359 "http://www.brainandneurospine.com/" "Mozilla/5.0 (Windows NT 6.1; WOW64) AppleWebKit/537.36 (KHTML, like Gecko) Chrome/28.0.1500.95 Safari/537.36"
97.87.122.191 - - [12/Aug/2013:09:40:54 -0400] "GET /graphics/5-stars-250x60.jpg HTTP/1.1" 200 15249 "http://www.brainandneurospine.com/" "Mozilla/5.0 (Windows NT 6.1; WOW64) AppleWebKit/537.36 (KHTML, like Gecko) Chrome/28.0.1500.95 Safari/537.36"
97.87.122.191 - - [12/Aug/2013:09:40:54 -0400] "GET /SpryAssets/SpryMenuBarDown.gif HTTP/1.1" 200 55 "http://www.brainandneurospine.com/" "Mozilla/5.0 (Windows NT 6.1; WOW64) AppleWebKit/537.36 (KHTML, like Gecko) Chrome/28.0.1500.95 Safari/537.36"
174.238.65.102 - - [12/Aug/2013:10:35:52 -0400] "GET /vaught_bio.html HTTP/1.1" 200 21144 "https://www.google.com/" "Mozilla/5.0 (iPhone; CPU iPhone OS 6_1_3 like Mac OS X) AppleWebKit/536.26 (KHTML, like Gecko) Version/6.0 Mobile/10B329 Safari/8536.25"
174.238.65.102 - - [12/Aug/2013:10:35:54 -0400] "GET /images/Vaught-206x268.jpg HTTP/1.1" 200 24797 "http://www.brainandneurospine.com/vaught_bio.html" "Mozilla/5.0 (iPhone; CPU iPhone OS 6_1_3 like Mac OS X) AppleWebKit/536.26 (KHTML, like Gecko) Version/6.0 Mobile/10B329 Safari/8536.25"
174.238.65.102 - - [12/Aug/2013:10:35:54 -0400] "GET /graphics/gray-background.jpg HTTP/1.1" 200 7781 "http://www.brainandneurospine.com/vaught_bio.html" "Mozilla/5.0 (iPhone; CPU iPhone OS 6_1_3 like Mac OS X) AppleWebKit/536.26 (KHTML, like Gecko) Version/6.0 Mobile/10B329 Safari/8536.25"
174.238.65.102 - - [12/Aug/2013:10:35:54 -0400] "GET /graphics/colle-cutout2.gif HTTP/1.1" 200 7469 "http://www.brainandneurospine.com/vaught_bio.html" "Mozilla/5.0 (iPhone; CPU iPhone OS 6_1_3 like Mac OS X) AppleWebKit/536.26 (KHTML, like Gecko) Version/6.0 Mobile/10B329 Safari/8536.25"
174.238.65.102 - - [12/Aug/2013:10:35:54 -0400] "GET /SpryAssets/SpryMenuBarRight.gif HTTP/1.1" 200 55 "http://www.brainandneurospine.com/vaught_bio.html" "Mozilla/5.0 (iPhone; CPU iPhone OS 6_1_3 like Mac OS X) AppleWebKit/536.26 (KHTML, like Gecko) Version/6.0 Mobile/10B329 Safari/8536.25"
65.55.217.253 - - [12/Aug/2013:11:01:18 -0400] "GET /SpryAssets/SpryMenuBarVertical.css HTTP/1.1" 200 4594 "http://brainandneurospine.com/alexander_bio.html" "Mozilla/5.0 (Windows NT 6.1; WOW64) AppleWebKit/534+ (KHTML, like Gecko) BingPreview/1.0b"
65.55.217.253 - - [12/Aug/2013:11:01:18 -0400] "GET /images/Debbie-Biopage2.jpg HTTP/1.1" 200 46842 "http://brainandneurospine.com/alexander_bio.html" "Mozilla/5.0 (Windows NT 6.1; WOW64) AppleWebKit/534+ (KHTML, like Gecko) BingPreview/1.0b"
166.147.104.16 - - [12/Aug/2013:11:29:17 -0400] "GET /tplayer/css/ADPMask.css HTTP/1.1" 200 234 "http://www.brainandneurospine.com/" "Mozilla/5.0 (iPhone; CPU iPhone OS 6_1_3 like Mac OS X) AppleWebKit/536.26 (KHTML, like Gecko) Version/6.0 Mobile/10B329 Safari/8536.25"
166.147.104.16 - - [12/Aug/2013:11:29:18 -0400] "GET /Scripts/AC_RunActiveContent.js HTTP/1.1" 200 8029 "http://www.brainandneurospine.com/" "Mozilla/5.0 (iPhone; CPU iPhone OS 6_1_3 like Mac OS X) AppleWebKit/536.26 (KHTML, like Gecko) Version/6.0 Mobile/10B329 Safari/8536.25"
166.147.104.16 - - [12/Aug/2013:11:29:18 -0400] "GET /graphics/RBS_LogoStackedTAG.jpg HTTP/1.1" 200 127207 "http://www.brainandneurospine.com/" "Mozilla/5.0 (iPhone; CPU iPhone OS 6_1_3 like Mac OS X) AppleWebKit/536.26 (KHTML, like Gecko) Version/6.0 Mobile/10B329 Safari/8536.25"
166.147.104.16 - - [12/Aug/2013:11:29:19 -0400] "GET /graphics/colle-microscope.gif HTTP/1.1" 200 10069 "http://www.brainandneurospine.com/" "Mozilla/5.0 (iPhone; CPU iPhone OS 6_1_3 like Mac OS X) AppleWebKit/536.26 (KHTML, like Gecko) Version/6.0 Mobile/10B329 Safari/8536.25"
166.147.104.16 - - [12/Aug/2013:11:29:19 -0400] "GET /graphics/colle-cutout2.gif HTTP/1.1" 200 7469 "http://www.brainandneurospine.com/" "Mozilla/5.0 (iPhone; CPU iPhone OS 6_1_3 like Mac OS X) AppleWebKit/536.26 (KHTML, like Gecko) Version/6.0 Mobile/10B329 Safari/8536.25"
166.147.104.16 - - [12/Aug/2013:11:29:19 -0400] "GET /SpryAssets/SpryMenuBarRightHover.gif HTTP/1.1" 200 55 "http://www.brainandneurospine.com/" "Mozilla/5.0 (iPhone; CPU iPhone OS 6_1_3 like Mac OS X) AppleWebKit/536.26 (KHTML, like Gecko) Version/6.0 Mobile/10B329 Safari/8536.25"
166.147.104.16 - - [12/Aug/2013:11:29:19 -0400] "GET /SpryAssets/SpryMenuBarDownHover.gif HTTP/1.1" 200 55 "http://www.brainandneurospine.com/" "Mozilla/5.0 (iPhone; CPU iPhone OS 6_1_3 like Mac OS X) AppleWebKit/536.26 (KHTML, like Gecko) Version/6.0 Mobile/10B329 Safari/8536.25"
166.147.104.33 - - [12/Aug/2013:11:47:17 -0400] "GET /tplayer/scripts/tplayer-config.js HTTP/1.1" 200 78567 "http://www.brainandneurospine.com/" "Mozilla/5.0 (iPhone; CPU iPhone OS 6_0_1 like Mac OS X) AppleWebKit/536.26 (KHTML, like Gecko) Mobile/10A525 [FBAN/FBIOS;FBAV/6.1.1;FBBV/202949;FBDV/iPhone5,1;FBMD/iPhone;FBSN/iPhone OS;FBSV/6.0.1;FBSS/2; FBCR/AT&T;FBID/phone;FBLC/en_US;FBOP/1]"
123.125.71.112 - - [12/Aug/2013:18:02:47 -0400] "GET / HTTP/1.1" 200 40346 "-" "Baiduspider-image+(+http://www.baidu.com/search/spider.htm)"
198.185.18.207 - - [12/Aug/2013:18:57:54 -0400] "GET /graphics/RBS_LogoStackedTAG.jpg HTTP/1.1" 200 127207 "http://www.brainandneurospine.com/" "Mozilla/5.0 (Windows NT 6.1; WOW64) AppleWebKit/537.36 (KHTML, like Gecko) Chrome/28.0.1500.95 Safari/537.36"
198.185.18.207 - - [12/Aug/2013:18:57:54 -0400] "GET /SpryAssets/SpryMenuBarRightHover.gif HTTP/1.1" 200 55 "http://www.brainandneurospine.com/" "Mozilla/5.0 (Windows NT 6.1; WOW64) AppleWebKit/537.36 (KHTML, like Gecko) Chrome/28.0.1500.95 Safari/537.36"
5.9.112.180 - - [12/Aug/2013:19:57:53 -0400] "GET /robots.txt HTTP/1.1" 404 575 "-" "Mozilla/5.0 (compatible; SISTRIX Crawler; http://crawler.sistrix.net/)"
180.153.236.148 - - [12/Aug/2013:20:06:26 -0400] "GET / HTTP/1.1" 200 40346 "http://brainandneurospine.com/" "Mozilla/5.0 (Windows; U; Windows NT 5.1; zh-CN; rv:1.8.0.11) Firefox/1.5.0.11; 360Spider"
91.121.73.60 - - [12/Aug/2013:02:41:27 -0400] "GET /googlemap-directions2clinic.html HTTP/1.1" 200 17797 "http://www.brainandneurospine.com/" "Mozilla/4.0 (compatible; MSIE 7.0; Windows NT 5.1; SV1; .NET CLR 2.0.50727)"
192.183.85.77 - - [12/Aug/2013:18:13:35 -0400] "GET /favicon.ico HTTP/1.1" 404 575 "-" "Mozilla/5.0 (compatible; MSIE 10.0; Windows NT 6.2; Win64; x64; Trident/6.0)"
66.249.75.160 - - [12/Aug/2013:18:46:28 -0400] "GET /robots.txt HTTP/1.1" 404 575 "-" "Mozilla/5.0 (compatible; Googlebot/2.1; +http://www.google.com/bot.html)"
64.82.195.108 - - [12/Aug/2013:10:57:15 -0400] "GET /tplayer/scripts/tplayer.js HTTP/1.1" 200 60791 "http://www.brainandneurospine.com/" "Mozilla/5.0 (compatible; MSIE 10.0; Windows NT 6.1; WOW64; Trident/6.0; NP08; MAAU)"
64.82.195.108 - - [12/Aug/2013:11:01:06 -0400] "GET /SpryAssets/SpryMenuBarDown.gif HTTP/1.1" 200 55 "http://www.brainandneurospine.com/" "Mozilla/5.0 (compatible; MSIE 10.0; Windows NT 6.1; WOW64; Trident/6.0; NP08; MAAU)"
64.82.195.108 - - [12/Aug/2013:11:01:08 -0400] "GET /tplayer/scripts/tplayer-config.js HTTP/1.1" 200 78567 "http://www.brainandneurospine.com/" "Mozilla/5.0 (compatible; MSIE 10.0; Windows NT 6.1; WOW64; Trident/6.0; NP08; MAAU)"
65.55.217.253 - - [12/Aug/2013:11:01:18 -0400] "GET /SpryAssets/SpryMenuBar.js HTTP/1.1" 200 10064 "http://brainandneurospine.com/alexander_bio.html" "Mozilla/5.0 (Windows NT 6.1; WOW64) AppleWebKit/534+ (KHTML, like Gecko) BingPreview/1.0b"
65.55.217.253 - - [12/Aug/2013:11:01:18 -0400] "GET /graphics/rbs-logo-930x125w-v3%20.jpg HTTP/1.1" 200 28337 "http://brainandneurospine.com/alexander_bio.html" "Mozilla/5.0 (Windows NT 6.1; WOW64) AppleWebKit/534+ (KHTML, like Gecko) BingPreview/1.0b"
65.55.217.253 - - [12/Aug/2013:11:01:18 -0400] "GET /graphics/vaught-cutout1.gif HTTP/1.1" 200 9004 "http://brainandneurospine.com/alexander_bio.html" "Mozilla/5.0 (Windows NT 6.1; WOW64) AppleWebKit/534+ (KHTML, like Gecko) BingPreview/1.0b"
65.55.217.253 - - [12/Aug/2013:11:01:19 -0400] "GET /SpryAssets/SpryMenuBarDownHover.gif HTTP/1.1" 200 55 "http://brainandneurospine.com/alexander_bio.html" "Mozilla/5.0 (Windows NT 6.1; WOW64) AppleWebKit/534+ (KHTML, like Gecko) BingPreview/1.0b"
99.178.252.28 - - [12/Aug/2013:11:01:49 -0400] "GET /graphics/rbs-logo-930x125w-v3%20.jpg HTTP/1.1" 200 28337 "http://www.brainandneurospine.com/colle_bio.html" "Mozilla/5.0 (compatible; MSIE 10.0; Windows NT 6.1; WOW64; Trident/6.0)"
99.178.252.28 - - [12/Aug/2013:11:01:50 -0400] "GET /SpryAssets/SpryMenuBarDownHover.gif HTTP/1.1" 200 55 "http://www.brainandneurospine.com/colle_bio.html" "Mozilla/5.0 (compatible; MSIE 10.0; Windows NT 6.1; WOW64; Trident/6.0)"
166.147.104.33 - - [12/Aug/2013:11:47:14 -0400] "GET / HTTP/1.1" 200 40346 "https://m.facebook.com" "Mozilla/5.0 (iPhone; CPU iPhone OS 6_0_1 like Mac OS X) AppleWebKit/536.26 (KHTML, like Gecko) Mobile/10A525 [FBAN/FBIOS;FBAV/6.1.1;FBBV/202949;FBDV/iPhone5,1;FBMD/iPhone;FBSN/iPhone OS;FBSV/6.0.1;FBSS/2; FBCR/AT&T;FBID/phone;FBLC/en_US;FBOP/1]"
166.147.104.33 - - [12/Aug/2013:11:47:16 -0400] "GET /Scripts/event.js HTTP/1.1" 200 7727 "http://www.brainandneurospine.com/" "Mozilla/5.0 (iPhone; CPU iPhone OS 6_0_1 like Mac OS X) AppleWebKit/536.26 (KHTML, like Gecko) Mobile/10A525 [FBAN/FBIOS;FBAV/6.1.1;FBBV/202949;FBDV/iPhone5,1;FBMD/iPhone;FBSN/iPhone OS;FBSV/6.0.1;FBSS/2; FBCR/AT&T;FBID/phone;FBLC/en_US;FBOP/1]"
166.147.104.33 - - [12/Aug/2013:11:47:17 -0400] "GET /graphics/rbs-logo-930x125w-v3%20.jpg HTTP/1.1" 200 28337 "http://www.brainandneurospine.com/" "Mozilla/5.0 (iPhone; CPU iPhone OS 6_0_1 like Mac OS X) AppleWebKit/536.26 (KHTML, like Gecko) Mobile/10A525 [FBAN/FBIOS;FBAV/6.1.1;FBBV/202949;FBDV/iPhone5,1;FBMD/iPhone;FBSN/iPhone OS;FBSV/6.0.1;FBSS/2; FBCR/AT&T;FBID/phone;FBLC/en_US;FBOP/1]"
166.147.104.33 - - [12/Aug/2013:11:47:19 -0400] "GET /graphics/gray-background.jpg HTTP/1.1" 200 7781 "http://www.brainandneurospine.com/" "Mozilla/5.0 (iPhone; CPU iPhone OS 6_0_1 like Mac OS X) AppleWebKit/536.26 (KHTML, like Gecko) Mobile/10A525 [FBAN/FBIOS;FBAV/6.1.1;FBBV/202949;FBDV/iPhone5,1;FBMD/iPhone;FBSN/iPhone OS;FBSV/6.0.1;FBSS/2; FBCR/AT&T;FBID/phone;FBLC/en_US;FBOP/1]"
166.147.104.33 - - [12/Aug/2013:11:47:19 -0400] "GET /graphics/colle-cutout2.gif HTTP/1.1" 200 7469 "http://www.brainandneurospine.com/" "Mozilla/5.0 (iPhone; CPU iPhone OS 6_0_1 like Mac OS X) AppleWebKit/536.26 (KHTML, like Gecko) Mobile/10A525 [FBAN/FBIOS;FBAV/6.1.1;FBBV/202949;FBDV/iPhone5,1;FBMD/iPhone;FBSN/iPhone OS;FBSV/6.0.1;FBSS/2; FBCR/AT&T;FBID/phone;FBLC/en_US;FBOP/1]"
166.147.104.33 - - [12/Aug/2013:11:47:19 -0400] "GET /SpryAssets/SpryMenuBarDown.gif HTTP/1.1" 200 55 "http://www.brainandneurospine.com/" "Mozilla/5.0 (iPhone; CPU iPhone OS 6_0_1 like Mac OS X) AppleWebKit/536.26 (KHTML, like Gecko) Mobile/10A525 [FBAN/FBIOS;FBAV/6.1.1;FBBV/202949;FBDV/iPhone5,1;FBMD/iPhone;FBSN/iPhone OS;FBSV/6.0.1;FBSS/2; FBCR/AT&T;FBID/phone;FBLC/en_US;FBOP/1]"
166.147.104.33 - - [12/Aug/2013:11:47:19 -0400] "GET /SpryAssets/SpryMenuBarRight.gif HTTP/1.1" 200 55 "http://www.brainandneurospine.com/" "Mozilla/5.0 (iPhone; CPU iPhone OS 6_0_1 like Mac OS X) AppleWebKit/536.26 (KHTML, like Gecko) Mobile/10A525 [FBAN/FBIOS;FBAV/6.1.1;FBBV/202949;FBDV/iPhone5,1;FBMD/iPhone;FBSN/iPhone OS;FBSV/6.0.1;FBSS/2; FBCR/AT&T;FBID/phone;FBLC/en_US;FBOP/1]"
166.147.104.33 - - [12/Aug/2013:11:47:20 -0400] "GET /graphics/SE-medical-plaza-sign%20160.jpg HTTP/1.1" 200 19171 "http://www.brainandneurospine.com/" "Mozilla/5.0 (iPhone; CPU iPhone OS 6_0_1 like Mac OS X) AppleWebKit/536.26 (KHTML, like Gecko) Mobile/10A525 [FBAN/FBIOS;FBAV/6.1.1;FBBV/202949;FBDV/iPhone5,1;FBMD/iPhone;FBSN/iPhone OS;FBSV/6.0.1;FBSS/2; FBCR/AT&T;FBID/phone;FBLC/en_US;FBOP/1]"
68.184.8.77 - - [12/Aug/2013:11:52:20 -0400] "GET /images/docs_rbs4.jpg HTTP/1.1" 200 59790 "http://www.brainandneurospine.com/" "Mozilla/5.0 (iPhone; CPU iPhone OS 6_1_4 like Mac OS X) AppleWebKit/536.26 (KHTML, like Gecko) Mobile/10B350 [FBAN/FBIOS;FBAV/6.3;FBBV/257209;FBDV/iPhone5,1;FBMD/iPhone;FBSN/iPhone OS;FBSV/6.1.4;FBSS/2; FBCR/AT&T;FBID/phone;FBLC/en_US;FBOP/1]"
68.184.8.77 - - [12/Aug/2013:11:52:21 -0400] "GET /graphics/5-stars-250x60.jpg HTTP/1.1" 200 15249 "http://www.brainandneurospine.com/" "Mozilla/5.0 (iPhone; CPU iPhone OS 6_1_4 like Mac OS X) AppleWebKit/536.26 (KHTML, like Gecko) Mobile/10B350 [FBAN/FBIOS;FBAV/6.3;FBBV/257209;FBDV/iPhone5,1;FBMD/iPhone;FBSN/iPhone OS;FBSV/6.1.4;FBSS/2; FBCR/AT&T;FBID/phone;FBLC/en_US;FBOP/1]"
68.184.8.77 - - [12/Aug/2013:11:52:21 -0400] "GET /graphics/gray-background.jpg HTTP/1.1" 200 7781 "http://www.brainandneurospine.com/" "Mozilla/5.0 (iPhone; CPU iPhone OS 6_1_4 like Mac OS X) AppleWebKit/536.26 (KHTML, like Gecko) Mobile/10B350 [FBAN/FBIOS;FBAV/6.3;FBBV/257209;FBDV/iPhone5,1;FBMD/iPhone;FBSN/iPhone OS;FBSV/6.1.4;FBSS/2; FBCR/AT&T;FBID/phone;FBLC/en_US;FBOP/1]"
68.184.8.77 - - [12/Aug/2013:11:52:21 -0400] "GET /SpryAssets/SpryMenuBarDownHover.gif HTTP/1.1" 200 55 "http://www.brainandneurospine.com/" "Mozilla/5.0 (iPhone; CPU iPhone OS 6_1_4 like Mac OS X) AppleWebKit/536.26 (KHTML, like Gecko) Mobile/10B350 [FBAN/FBIOS;FBAV/6.3;FBBV/257209;FBDV/iPhone5,1;FBMD/iPhone;FBSN/iPhone OS;FBSV/6.1.4;FBSS/2; FBCR/AT&T;FBID/phone;FBLC/en_US;FBOP/1]"
66.249.72.195 - - [12/Aug/2013:11:52:36 -0400] "GET / HTTP/1.1" 200 14289 "-" "Mozilla/5.0 (iPhone; U; CPU iPhone OS 4_1 like Mac OS X; en-us) AppleWebKit/532.9 (KHTML, like Gecko) Version/4.0.5 Mobile/8B117 Safari/6531.22.7 (compatible; Googlebot-Mobile/2.1; +http://www.google.com/bot.html)"
46.118.126.194 - - [12/Aug/2013:22:13:43 -0400] "GET / HTTP/1.1" 200 40346 "http://imonger.ru/" "Mozilla/4.0 (compatible; MSIE 6.0; Windows NT 5.1; SV1; YPC 3.0.2; .NET CLR 1.1.4322; yplus 4.4.02b)"
174.50.115.38 - - [12/Aug/2013:23:10:40 -0400] "GET /graphics/cloud-background.jpg HTTP/1.1" 200 11928 "http://www.brainandneurospine.com/vaught_bio.html" "Mozilla/4.0 (compatible; MSIE 8.0; Windows NT 5.1; Trident/4.0; .NET CLR 2.0.50727; .NET CLR 3.0.4506.2152; .NET CLR 3.5.30729; .NET CLR 1.1.4322)"
174.50.115.38 - - [12/Aug/2013:23:10:40 -0400] "GET /SpryAssets/SpryMenuBarRight.gif HTTP/1.1" 200 55 "http://www.brainandneurospine.com/vaught_bio.html" "Mozilla/4.0 (compatible; MSIE 8.0; Windows NT 5.1; Trident/4.0; .NET CLR 2.0.50727; .NET CLR 3.0.4506.2152; .NET CLR 3.5.30729; .NET CLR 1.1.4322)"
174.50.115.38 - - [12/Aug/2013:23:10:41 -0400] "GET /SpryAssets/SpryMenuBarRightHover.gif HTTP/1.1" 200 55 "http://www.brainandneurospine.com/vaught_bio.html" "Mozilla/4.0 (compatible; MSIE 8.0; Windows NT 5.1; Trident/4.0; .NET CLR 2.0.50727; .NET CLR 3.0.4506.2152; .NET CLR 3.5.30729; .NET CLR 1.1.4322)"
199.21.99.95 - - [12/Aug/2013:23:46:56 -0400] "GET /index.html HTTP/1.1" 200 40346 "-" "Mozilla/5.0 (compatible; YandexBot/3.0; +http://yandex.com/bots)"
123.125.71.71 - - [12/Aug/2013:06:44:25 -0400] "GET / HTTP/1.1" 200 40346 "-" "Baiduspider-image+(+http://www.baidu.com/search/spider.htm)"
197.87.30.13 - - [12/Aug/2013:07:16:00 -0400] "GET /graphics/5-stars-250x60.jpg HTTP/1.1" 200 15249 "http://www.brainandneurospine.com/" "Mozilla/5.0 (compatible; MSIE 10.0; Windows NT 6.1; WOW64; Trident/6.0)"
12.133.6.2 - - [12/Aug/2013:13:32:03 -0400] "GET / HTTP/1.1" 304 - "http://www.google.com/url?sa=t&rct=j&q=cape+spine+%26+neurosurgery&source=web&cd=1&ved=0CEkQFjAA&url=http%3A%2F%2Fwww.capebnsc.com%2F&ei=0xsJUsOzK6mg2gX0roDwAQ&usg=AFQjCNG0CPt7O4SIsaIXgjKs5CFoyXPFBA&bvm=bv.50500085,d.b2I" "Mozilla/4.0 (compatible; MSIE 8.0; Windows NT 5.1; Trident/4.0; .NET CLR 1.1.4322; .NET CLR 2.0.50727; .NET CLR 3.0.4506.2152; .NET CLR 3.5.30729)"
12.133.6.2 - - [12/Aug/2013:13:32:04 -0400] "GET /SpryAssets/SpryMenuBarVertical.css HTTP/1.1" 304 - "http://www.brainandneurospine.com/" "Mozilla/4.0 (compatible; MSIE 8.0; Windows NT 5.1; Trident/4.0; .NET CLR 1.1.4322; .NET CLR 2.0.50727; .NET CLR 3.0.4506.2152; .NET CLR 3.5.30729)"
12.133.6.2 - - [12/Aug/2013:13:32:04 -0400] "GET /graphics/cleaver-guidos-cutout.gif HTTP/1.1" 304 - "http://www.brainandneurospine.com/" "Mozilla/4.0 (compatible; MSIE 8.0; Windows NT 5.1; Trident/4.0; .NET CLR 1.1.4322; .NET CLR 2.0.50727; .NET CLR 3.0.4506.2152; .NET CLR 3.5.30729)"
12.133.6.2 - - [12/Aug/2013:13:32:04 -0400] "GET /graphics/rbs-logo-930x125w-v3%20.jpg HTTP/1.1" 304 - "http://www.brainandneurospine.com/" "Mozilla/4.0 (compatible; MSIE 8.0; Windows NT 5.1; Trident/4.0; .NET CLR 1.1.4322; .NET CLR 2.0.50727; .NET CLR 3.0.4506.2152; .NET CLR 3.5.30729)"
12.133.6.2 - - [12/Aug/2013:13:32:05 -0400] "GET /SpryAssets/SpryMenuBarDownHover.gif HTTP/1.1" 304 - "http://www.brainandneurospine.com/" "Mozilla/4.0 (compatible; MSIE 8.0; Windows NT 5.1; Trident/4.0; .NET CLR 1.1.4322; .NET CLR 2.0.50727; .NET CLR 3.0.4506.2152; .NET CLR 3.5.30729)"
12.133.6.2 - - [12/Aug/2013:13:32:06 -0400] "GET /favicon.ico HTTP/1.1" 404 575 "-" "Mozilla/5.0 (compatible; Google Desktop/5.9.1005.12335; http://desktop.google.com/)"
50.40.212.22 - - [12/Aug/2013:14:16:57 -0400] "GET /SpryAssets/SpryMenuBarVertical.css HTTP/1.1" 200 4594 "http://www.brainandneurospine.com/" "Mozilla/5.0 (compatible; MSIE 9.0; Windows NT 6.1; WOW64; Trident/5.0)"
50.40.212.22 - - [12/Aug/2013:14:16:57 -0400] "GET /graphics/rbs-logo-930x125w-v3%20.jpg HTTP/1.1" 200 28337 "http://www.brainandneurospine.com/" "Mozilla/5.0 (compatible; MSIE 9.0; Windows NT 6.1; WOW64; Trident/5.0)"
50.40.212.22 - - [12/Aug/2013:14:16:59 -0400] "GET /graphics/vaught-cutout1.gif HTTP/1.1" 200 9004 "http://www.brainandneurospine.com/" "Mozilla/5.0 (compatible; MSIE 9.0; Windows NT 6.1; WOW64; Trident/5.0)"
50.40.212.22 - - [12/Aug/2013:14:16:59 -0400] "GET /graphics/Calendar-Appointment-100x75.jpg HTTP/1.1" 200 12359 "http://www.brainandneurospine.com/" "Mozilla/5.0 (compatible; MSIE 9.0; Windows NT 6.1; WOW64; Trident/5.0)"
50.40.212.22 - - [12/Aug/2013:14:16:59 -0400] "GET /SpryAssets/SpryMenuBarDownHover.gif HTTP/1.1" 200 55 "http://www.brainandneurospine.com/" "Mozilla/5.0 (compatible; MSIE 9.0; Windows NT 6.1; WOW64; Trident/5.0)"
50.40.212.22 - - [12/Aug/2013:14:16:59 -0400] "GET /SpryAssets/SpryMenuBarDown.gif HTTP/1.1" 200 55 "http://www.brainandneurospine.com/" "Mozilla/5.0 (compatible; MSIE 9.0; Windows NT 6.1; WOW64; Trident/5.0)"
50.40.212.22 - - [12/Aug/2013:14:20:14 -0400] "GET /images/guidossmall.jpg HTTP/1.1" 200 7809 "http://www.brainandneurospine.com/guidos_bio.html" "Mozilla/5.0 (compatible; MSIE 9.0; Windows NT 6.1; WOW64; Trident/5.0)"
50.40.212.22 - - [12/Aug/2013:14:20:22 -0400] "GET /graphics/Tolentino-MRI.jpg HTTP/1.1" 200 18730 "http://www.brainandneurospine.com/tolentino_bio.html" "Mozilla/5.0 (compatible; MSIE 9.0; Windows NT 6.1; WOW64; Trident/5.0)"
166.142.21.76 - - [12/Aug/2013:14:39:17 -0400] "GET /SpryAssets/SpryMenuBarHorizontal.css HTTP/1.1" 200 5807 "http://www.brainandneurospine.com/vaught_bio.html" "Mozilla/5.0 (compatible; MSIE 10.0; Windows NT 6.1; WOW64; Trident/6.0)"
166.142.21.76 - - [12/Aug/2013:14:39:17 -0400] "GET /images/Vaught-206x268.jpg HTTP/1.1" 200 24797 "http://www.brainandneurospine.com/vaught_bio.html" "Mozilla/5.0 (compatible; MSIE 10.0; Windows NT 6.1; WOW64; Trident/6.0)"
166.142.21.76 - - [12/Aug/2013:14:39:18 -0400] "GET /graphics/colle-microscope.gif HTTP/1.1" 200 10069 "http://www.brainandneurospine.com/vaught_bio.html" "Mozilla/5.0 (compatible; MSIE 10.0; Windows NT 6.1; WOW64; Trident/6.0)"
166.142.21.76 - - [12/Aug/2013:14:39:19 -0400] "GET /SpryAssets/SpryMenuBarDownHover.gif HTTP/1.1" 200 55 "http://www.brainandneurospine.com/vaught_bio.html" "Mozilla/5.0 (compatible; MSIE 10.0; Windows NT 6.1; WOW64; Trident/6.0)"
64.135.90.62 - - [12/Aug/2013:16:20:18 -0400] "GET /tplayer/scripts/tplayer.js HTTP/1.1" 200 60791 "http://www.brainandneurospine.com/" "Mozilla/4.0 (compatible; MSIE 8.0; Windows NT 5.1; Trident/4.0; GTB7.5; .NET CLR 1.1.4322; .NET CLR 2.0.50727; .NET CLR 3.0.4506.2152; .NET CLR 3.5.30729; AskTbORJ/5.15.2.23037)"
68.47.129.55 - - [12/Aug/2013:16:40:57 -0400] "GET /robots.txt HTTP/1.1" 404 575 "-" "Mozilla/5.0 (compatible; CompSpyBot/1.0; +http://www.compspy.com/spider.html)"
64.82.195.108 - - [12/Aug/2013:10:57:13 -0400] "GET /SpryAssets/SpryMenuBarVertical.css HTTP/1.1" 200 4594 "http://www.brainandneurospine.com/" "Mozilla/5.0 (compatible; MSIE 10.0; Windows NT 6.1; WOW64; Trident/6.0; NP08; MAAU)"
64.82.195.108 - - [12/Aug/2013:10:57:22 -0400] "GET /graphics/Calendar-Appointment-100x75.jpg HTTP/1.1" 200 12359 "http://www.brainandneurospine.com/" "Mozilla/5.0 (compatible; MSIE 10.0; Windows NT 6.1; WOW64; Trident/6.0; NP08; MAAU)"
68.184.8.77 - - [12/Aug/2013:11:52:20 -0400] "GET /images/extenders-rbs5.jpg HTTP/1.1" 200 31217 "http://www.brainandneurospine.com/" "Mozilla/5.0 (iPhone; CPU iPhone OS 6_1_4 like Mac OS X) AppleWebKit/536.26 (KHTML, like Gecko) Mobile/10B350 [FBAN/FBIOS;FBAV/6.3;FBBV/257209;FBDV/iPhone5,1;FBMD/iPhone;FBSN/iPhone OS;FBSV/6.1.4;FBSS/2; FBCR/AT&T;FBID/phone;FBLC/en_US;FBOP/1]"
68.184.8.77 - - [12/Aug/2013:11:52:21 -0400] "GET /graphics/vaught-cutout1.gif HTTP/1.1" 200 9004 "http://www.brainandneurospine.com/" "Mozilla/5.0 (iPhone; CPU iPhone OS 6_1_4 like Mac OS X) AppleWebKit/536.26 (KHTML, like Gecko) Mobile/10B350 [FBAN/FBIOS;FBAV/6.3;FBBV/257209;FBDV/iPhone5,1;FBMD/iPhone;FBSN/iPhone OS;FBSV/6.1.4;FBSS/2; FBCR/AT&T;FBID/phone;FBLC/en_US;FBOP/1]"
68.184.8.77 - - [12/Aug/2013:11:52:21 -0400] "GET /SpryAssets/SpryMenuBarRight.gif HTTP/1.1" 200 55 "http://www.brainandneurospine.com/" "Mozilla/5.0 (iPhone; CPU iPhone OS 6_1_4 like Mac OS X) AppleWebKit/536.26 (KHTML, like Gecko) Mobile/10B350 [FBAN/FBIOS;FBAV/6.3;FBBV/257209;FBDV/iPhone5,1;FBMD/iPhone;FBSN/iPhone OS;FBSV/6.1.4;FBSS/2; FBCR/AT&T;FBID/phone;FBLC/en_US;FBOP/1]"
54.211.58.60 - - [12/Aug/2013:07:26:34 -0400] "HEAD / HTTP/1.1" 200 - "-" "python-requests/1.1.0 CPython/2.7.4 Linux/3.8.0-19-generic"
108.178.201.3 - - [12/Aug/2013:07:30:23 -0400] "GET /SpryAssets/SpryMenuBarRight.gif HTTP/1.1" 200 55 "http://www.brainandneurospine.com/" "Mozilla/5.0 (Linux; U; Android 4.1.1; en-us; GT-P5113 Build/JRO03C) AppleWebKit/534.30 (KHTML, like Gecko) Version/4.0 Safari/534.30"
193.154.214.98 - - [12/Aug/2013:08:32:52 -0400] "GET /images/Patrick-Hammond1.jpg HTTP/1.1" 200 73380 "http://www.google.at/blank.html" "Mozilla/5.0 (compatible; MSIE 10.0; Windows NT 6.1; WOW64; Trident/6.0)"
46.229.170.197 - - [12/Aug/2013:15:50:57 -0400] "GET / HTTP/1.1" 200 40346 "-" "Mozilla/5.0 (Windows NT 6.1; Win64; x64; rv:2.0b9pre) Gecko/20101228 Firefox/4.0b9pre"
64.135.90.62 - - [12/Aug/2013:16:20:22 -0400] "GET /graphics/tolentino-cutout.gif HTTP/1.1" 200 13936 "http://www.brainandneurospine.com/" "Mozilla/4.0 (compatible; MSIE 8.0; Windows NT 5.1; Trident/4.0; GTB7.5; .NET CLR 1.1.4322; .NET CLR 2.0.50727; .NET CLR 3.0.4506.2152; .NET CLR 3.5.30729; AskTbORJ/5.15.2.23037)"
64.135.90.62 - - [12/Aug/2013:16:20:22 -0400] "GET /graphics/5-stars-250x60.jpg HTTP/1.1" 200 15249 "http://www.brainandneurospine.com/" "Mozilla/4.0 (compatible; MSIE 8.0; Windows NT 5.1; Trident/4.0; GTB7.5; .NET CLR 1.1.4322; .NET CLR 2.0.50727; .NET CLR 3.0.4506.2152; .NET CLR 3.5.30729; AskTbORJ/5.15.2.23037)"
64.135.90.62 - - [12/Aug/2013:16:20:23 -0400] "GET /SpryAssets/SpryMenuBarRightHover.gif HTTP/1.1" 200 55 "http://www.brainandneurospine.com/" "Mozilla/4.0 (compatible; MSIE 8.0; Windows NT 5.1; Trident/4.0; GTB7.5; .NET CLR 1.1.4322; .NET CLR 2.0.50727; .NET CLR 3.0.4506.2152; .NET CLR 3.5.30729; AskTbORJ/5.15.2.23037)"
68.47.129.55 - - [12/Aug/2013:16:40:58 -0400] "GET /robots.txt HTTP/1.1" 404 575 "-" "Mozilla/5.0 (compatible; CompSpyBot/1.0; +http://www.compspy.com/spider.html)"
68.47.129.55 - - [12/Aug/2013:16:41:07 -0400] "GET /robots.txt HTTP/1.1" 404 575 "-" "Mozilla/5.0 (compatible; CompSpyBot/1.0; +http://www.compspy.com/spider.html)"
108.178.201.3 - - [12/Aug/2013:00:38:26 -0400] "GET / HTTP/1.1" 200 40346 "-" "Mozilla/5.0 (Linux; U; Android 4.1.1; en-us; GT-P5113 Build/JRO03C) AppleWebKit/534.30 (KHTML, like Gecko) Version/4.0 Safari/534.30"
108.178.201.3 - - [12/Aug/2013:00:46:08 -0400] "GET /Scripts/event.js HTTP/1.1" 200 7727 "http://www.brainandneurospine.com/" "Mozilla/5.0 (Linux; U; Android 4.1.1; en-us; GT-P5113 Build/JRO03C) AppleWebKit/534.30 (KHTML, like Gecko) Version/4.0 Safari/534.30"
108.178.201.3 - - [12/Aug/2013:00:47:19 -0400] "GET /images/guidossmall2.jpg HTTP/1.1" 200 10888 "http://www.brainandneurospine.com/guidos_bio.html" "Mozilla/5.0 (Linux; U; Android 4.1.1; en-us; GT-P5113 Build/JRO03C) AppleWebKit/534.30 (KHTML, like Gecko) Version/4.0 Safari/534.30"
131.230.18.143 - - [12/Aug/2013:12:17:55 -0400] "GET /Scripts/AC_RunActiveContent.js HTTP/1.1" 200 8029 "http://www.brainandneurospine.com/googlemap-directions2clinic.html" "Mozilla/4.0 (compatible; MSIE 8.0; Windows NT 6.1; WOW64; Trident/4.0; SLCC2; .NET CLR 2.0.50727; .NET CLR 3.5.30729; .NET CLR 3.0.30729; Media Center PC 6.0; .NET4.0C; .NET4.0E; MDDR; InfoPath.2)"
131.230.18.143 - - [12/Aug/2013:12:17:55 -0400] "GET /graphics/tolentino-cutout.gif HTTP/1.1" 200 13936 "http://www.brainandneurospine.com/googlemap-directions2clinic.html" "Mozilla/4.0 (compatible; MSIE 8.0; Windows NT 6.1; WOW64; Trident/4.0; SLCC2; .NET CLR 2.0.50727; .NET CLR 3.5.30729; .NET CLR 3.0.30729; Media Center PC 6.0; .NET4.0C; .NET4.0E; MDDR; InfoPath.2)"
131.230.18.143 - - [12/Aug/2013:12:17:56 -0400] "GET /graphics/New-Art-SE%20Hosp%208-2008.jpg HTTP/1.1" 200 50351 "http://www.brainandneurospine.com/googlemap-directions2clinic.html" "Mozilla/4.0 (compatible; MSIE 8.0; Windows NT 6.1; WOW64; Trident/4.0; SLCC2; .NET CLR 2.0.50727; .NET CLR 3.5.30729; .NET CLR 3.0.30729; Media Center PC 6.0; .NET4.0C; .NET4.0E; MDDR; InfoPath.2)"
98.137.207.37 - - [12/Aug/2013:14:17:09 -0400] "GET /robots.txt HTTP/1.0" 404 575 "-" "Mozilla/5.0 (compatible; Yahoo! Slurp; http://help.yahoo.com/help/us/ysearch/slurp)"
50.40.212.22 - - [12/Aug/2013:14:20:07 -0400] "GET /images/Dr-Kyle-Colle.jpg HTTP/1.1" 200 50756 "http://www.brainandneurospine.com/colle_bio.html" "Mozilla/5.0 (compatible; MSIE 9.0; Windows NT 6.1; WOW64; Trident/5.0)"
66.249.72.185 - - [12/Aug/2013:14:37:49 -0400] "GET /robots.txt HTTP/1.1" 404 575 "-" "Mozilla/5.0 (compatible; Googlebot/2.1; +http://www.google.com/bot.html)"
66.249.72.193 - - [12/Aug/2013:14:37:49 -0400] "GET / HTTP/1.1" 200 40346 "-" "SAMSUNG-SGH-E250/1.0 Profile/MIDP-2.0 Configuration/CLDC-1.1 UP.Browser/6.2.3.3.c.1.101 (GUI) MMP/2.0 (compatible; Googlebot-Mobile/2.1; +http://www.google.com/bot.html)"
46.4.25.85 - - [12/Aug/2013:14:51:07 -0400] "GET /images/Vaught-206x268.jpg HTTP/1.0" 200 24797 "-" "-"
174.50.115.38 - - [12/Aug/2013:23:14:34 -0400] "GET /2009-contact.html HTTP/1.1" 200 14453 "http://www.brainandneurospine.com/vaught_bio.html" "Mozilla/4.0 (compatible; MSIE 8.0; Windows NT 5.1; Trident/4.0; .NET CLR 2.0.50727; .NET CLR 3.0.4506.2152; .NET CLR 3.5.30729; .NET CLR 1.1.4322)"
174.50.115.38 - - [12/Aug/2013:23:14:34 -0400] "GET /images/Melissa-Phone.jpg HTTP/1.1" 200 61361 "http://www.brainandneurospine.com/2009-contact.html" "Mozilla/4.0 (compatible; MSIE 8.0; Windows NT 5.1; Trident/4.0; .NET CLR 2.0.50727; .NET CLR 3.0.4506.2152; .NET CLR 3.5.30729; .NET CLR 1.1.4322)"
174.50.115.38 - - [12/Aug/2013:23:14:35 -0400] "GET /favicon.ico HTTP/1.1" 404 575 "-" "Mozilla/4.0 (compatible; MSIE 8.0; Windows NT 5.1; Trident/4.0; .NET CLR 2.0.50727; .NET CLR 3.0.4506.2152; .NET CLR 3.5.30729; .NET CLR 1.1.4322)"
108.178.201.3 - - [12/Aug/2013:00:39:28 -0400] "GET /graphics/RBS_LogoStackedTAG.jpg HTTP/1.1" 200 127207 "http://www.brainandneurospine.com/" "Mozilla/5.0 (Linux; U; Android 4.1.1; en-us; GT-P5113 Build/JRO03C) AppleWebKit/534.30 (KHTML, like Gecko) Version/4.0 Safari/534.30"
108.178.201.3 - - [12/Aug/2013:00:39:28 -0400] "GET /SpryAssets/SpryMenuBarDown.gif HTTP/1.1" 200 55 "http://www.brainandneurospine.com/" "Mozilla/5.0 (Linux; U; Android 4.1.1; en-us; GT-P5113 Build/JRO03C) AppleWebKit/534.30 (KHTML, like Gecko) Version/4.0 Safari/534.30"
108.178.201.3 - - [12/Aug/2013:00:48:49 -0400] "GET /SpryAssets/SpryMenuBar.js HTTP/1.1" 200 10064 "http://www.brainandneurospine.com/index.html" "Mozilla/5.0 (Linux; U; Android 4.1.1; en-us; GT-P5113 Build/JRO03C) AppleWebKit/534.30 (KHTML, like Gecko) Version/4.0 Safari/534.30"
108.178.201.3 - - [12/Aug/2013:00:48:51 -0400] "GET /graphics/Calendar-Appointment-100x75.jpg HTTP/1.1" 200 12359 "http://www.brainandneurospine.com/index.html" "Mozilla/5.0 (Linux; U; Android 4.1.1; en-us; GT-P5113 Build/JRO03C) AppleWebKit/534.30 (KHTML, like Gecko) Version/4.0 Safari/534.30"
108.178.201.3 - - [12/Aug/2013:00:48:51 -0400] "GET /graphics/tolentino-cutout.gif HTTP/1.1" 200 13936 "http://www.brainandneurospine.com/index.html" "Mozilla/5.0 (Linux; U; Android 4.1.1; en-us; GT-P5113 Build/JRO03C) AppleWebKit/534.30 (KHTML, like Gecko) Version/4.0 Safari/534.30"
108.178.201.3 - - [12/Aug/2013:00:48:51 -0400] "GET /SpryAssets/SpryMenuBarRightHover.gif HTTP/1.1" 200 55 "http://www.brainandneurospine.com/index.html" "Mozilla/5.0 (Linux; U; Android 4.1.1; en-us; GT-P5113 Build/JRO03C) AppleWebKit/534.30 (KHTML, like Gecko) Version/4.0 Safari/534.30"
50.40.164.146 - - [12/Aug/2013:10:19:10 -0400] "GET /SpryAssets/SpryMenuBarVertical.css HTTP/1.1" 200 4594 "http://brainandneurospine.com/gibbs_bio.html" "Mozilla/4.0 (compatible; MSIE 8.0; Windows NT 5.1; Trident/4.0; .NET4.0C)"
50.40.164.146 - - [12/Aug/2013:10:19:11 -0400] "GET /graphics/vaught-cutout1.gif HTTP/1.1" 200 9004 "http://brainandneurospine.com/gibbs_bio.html" "Mozilla/4.0 (compatible; MSIE 8.0; Windows NT 5.1; Trident/4.0; .NET4.0C)"
50.40.164.146 - - [12/Aug/2013:10:19:12 -0400] "GET /SpryAssets/SpryMenuBarRightHover.gif HTTP/1.1" 200 55 "http://brainandneurospine.com/gibbs_bio.html" "Mozilla/4.0 (compatible; MSIE 8.0; Windows NT 5.1; Trident/4.0; .NET4.0C)"
50.40.164.146 - - [12/Aug/2013:10:19:13 -0400] "GET /favicon.ico HTTP/1.1" 404 575 "-" "Mozilla/4.0 (compatible; MSIE 8.0; Windows NT 5.1; Trident/4.0; .NET4.0C)"
108.208.222.159 - - [12/Aug/2013:10:46:07 -0400] "GET /graphics/vaught-cutout1.gif HTTP/1.1" 200 9004 "http://www.brainandneurospine.com/perryville-clinic.html" "Mozilla/5.0 (Windows NT 5.1) AppleWebKit/537.36 (KHTML, like Gecko) Chrome/28.0.1500.95 Safari/537.36"
108.208.222.159 - - [12/Aug/2013:10:46:08 -0400] "GET /SpryAssets/SpryMenuBarRightHover.gif HTTP/1.1" 200 55 "http://www.brainandneurospine.com/perryville-clinic.html" "Mozilla/5.0 (Windows NT 5.1) AppleWebKit/537.36 (KHTML, like Gecko) Chrome/28.0.1500.95 Safari/537.36"
64.82.195.108 - - [12/Aug/2013:11:02:06 -0400] "GET /favicon.ico HTTP/1.1" 404 575 "-" "Mozilla/5.0 (compatible; MSIE 10.0; Windows NT 6.1; Win64; x64; Trident/6.0; MAAU)"
68.188.123.14 - - [12/Aug/2013:11:38:58 -0400] "GET /graphics/colle-microscope.gif HTTP/1.0" 200 10069 "http://www.brainandneurospine.com/" "Mozilla/4.0 (compatible; MSIE 8.0; Windows NT 6.1; Win64; x64; Trident/4.0; .NET CLR 2.0.50727; SLCC2; .NET CLR 3.5.30729; .NET CLR 3.0.30729; .NET4.0C; .NET4.0E)"
68.188.123.14 - - [12/Aug/2013:11:38:58 -0400] "GET /graphics/5-stars-250x60.jpg HTTP/1.0" 200 15249 "http://www.brainandneurospine.com/" "Mozilla/4.0 (compatible; MSIE 8.0; Windows NT 6.1; Win64; x64; Trident/4.0; .NET CLR 2.0.50727; SLCC2; .NET CLR 3.5.30729; .NET CLR 3.0.30729; .NET4.0C; .NET4.0E)"
68.188.123.14 - - [12/Aug/2013:11:38:58 -0400] "GET /SpryAssets/SpryMenuBarRightHover.gif HTTP/1.0" 200 55 "http://www.brainandneurospine.com/" "Mozilla/4.0 (compatible; MSIE 8.0; Windows NT 6.1; Win64; x64; Trident/4.0; .NET CLR 2.0.50727; SLCC2; .NET CLR 3.5.30729; .NET CLR 3.0.30729; .NET4.0C; .NET4.0E)"
173.199.114.211 - - [12/Aug/2013:05:24:06 -0400] "GET /tolentino_bio.html HTTP/1.1" 200 19608 "-" "Mozilla/5.0 (compatible; AhrefsBot/4.0; +http://ahrefs.com/robot/)"
180.76.5.99 - - [12/Aug/2013:05:28:02 -0400] "GET /smith_bio.html HTTP/1.1" 200 15285 "-" "Mozilla/5.0 (compatible; Baiduspider/2.0; +http://www.baidu.com/search/spider.html)"
66.186.104.198 - - [12/Aug/2013:13:03:47 -0400] "GET /graphics/colle-microscope.gif HTTP/1.1" 200 10069 "http://www.brainandneurospine.com/" "Mozilla/5.0 (compatible; MSIE 10.0; Windows NT 6.1; WOW64; Trident/6.0)"
66.186.104.198 - - [12/Aug/2013:13:03:48 -0400] "GET /SpryAssets/SpryMenuBarRight.gif HTTP/1.1" 200 55 "http://www.brainandneurospine.com/" "Mozilla/5.0 (compatible; MSIE 10.0; Windows NT 6.1; WOW64; Trident/6.0)"
66.186.104.198 - - [12/Aug/2013:13:03:48 -0400] "GET /SpryAssets/SpryMenuBarRightHover.gif HTTP/1.1" 200 55 "http://www.brainandneurospine.com/" "Mozilla/5.0 (compatible; MSIE 10.0; Windows NT 6.1; WOW64; Trident/6.0)"
66.186.104.198 - - [12/Aug/2013:13:03:48 -0400] "GET /SpryAssets/SpryMenuBarDownHover.gif HTTP/1.1" 200 55 "http://www.brainandneurospine.com/" "Mozilla/5.0 (compatible; MSIE 10.0; Windows NT 6.1; WOW64; Trident/6.0)"
50.40.212.22 - - [12/Aug/2013:14:19:54 -0400] "GET /graphics/cloud-background.jpg HTTP/1.1" 200 11928 "http://www.brainandneurospine.com/cleaver_bio.html" "Mozilla/5.0 (compatible; MSIE 9.0; Windows NT 6.1; WOW64; Trident/5.0)"
64.82.195.108 - - [12/Aug/2013:10:57:11 -0400] "GET / HTTP/1.1" 200 40346 "http://www.google.com/url?sa=t&rct=j&q=capebnsc.com&source=web&cd=1&ved=0CCoQFjAA&url=http%3A%2F%2Fwww.capebnsc.com%2F&ei=T_cIUufOGqnu2AWbu4GADA&usg=AFQjCNG0CPt7O4SIsaIXgjKs5CFoyXPFBA&bvm=bv.50500085,d.aWc" "Mozilla/5.0 (compatible; MSIE 10.0; Windows NT 6.1; WOW64; Trident/6.0; NP08; MAAU)"
64.82.195.108 - - [12/Aug/2013:10:57:35 -0400] "GET /graphics/5-stars-250x60.jpg HTTP/1.1" 200 15249 "http://www.brainandneurospine.com/" "Mozilla/5.0 (compatible; MSIE 10.0; Windows NT 6.1; WOW64; Trident/6.0; NP08; MAAU)"
64.82.195.108 - - [12/Aug/2013:11:08:54 -0400] "GET /SpryAssets/SpryMenuBarDownHover.gif HTTP/1.1" 200 55 "http://www.brainandneurospine.com/" "Mozilla/5.0 (compatible; MSIE 10.0; Windows NT 6.1; WOW64; Trident/6.0; NP08; MAAU)"
91.207.9.226 - - [12/Aug/2013:21:44:12 -0400] "GET / HTTP/1.1" 200 40346 "http://stroikak.com/" "Mozilla/4.0 (compatible; MSIE 7.0b; Windows NT 6.0 ; .NET CLR 2.0.50215; SL Commerce Client v1.0; Tablet PC 2.0"
202.46.60.98 - - [12/Aug/2013:22:00:42 -0400] "GET /cleaver_bio.html HTTP/1.1" 200 18389 "-" "Mozilla/5.0 (Windows NT 5.1; rv:6.0.2) Gecko/20100101 Firefox/6.0.2"
108.178.201.3 - - [12/Aug/2013:00:46:11 -0400] "GET /graphics/RBS_LogoStackedTAG.jpg HTTP/1.1" 200 127207 "http://www.brainandneurospine.com/" "Mozilla/5.0 (Linux; U; Android 4.1.1; en-us; GT-P5113 Build/JRO03C) AppleWebKit/534.30 (KHTML, like Gecko) Version/4.0 Safari/534.30"
91.121.73.60 - - [12/Aug/2013:02:41:26 -0400] "GET / HTTP/1.1" 200 40346 "http://www.capebnsc.com/" "Mozilla/4.0 (compatible; MSIE 7.0; Windows NT 5.1; SV1; .NET CLR 2.0.50727)"
166.147.104.49 - - [12/Aug/2013:12:38:40 -0400] "GET /graphics/gray-background.jpg HTTP/1.1" 200 7781 "http://www.brainandneurospine.com/" "Mozilla/5.0 (iPhone; CPU iPhone OS 6_1_4 like Mac OS X) AppleWebKit/536.26 (KHTML, like Gecko) Mobile/10B350 [FBAN/FBIOS;FBAV/6.3;FBBV/257209;FBDV/iPhone5,1;FBMD/iPhone;FBSN/iPhone OS;FBSV/6.1.4;FBSS/2; FBCR/AT&T;FBID/phone;FBLC/en_US;FBOP/1]"
166.147.104.49 - - [12/Aug/2013:12:38:42 -0400] "GET /graphics/SE-medical-plaza-sign%20160.jpg HTTP/1.1" 200 19171 "http://www.brainandneurospine.com/" "Mozilla/5.0 (iPhone; CPU iPhone OS 6_1_4 like Mac OS X) AppleWebKit/536.26 (KHTML, like Gecko) Mobile/10B350 [FBAN/FBIOS;FBAV/6.3;FBBV/257209;FBDV/iPhone5,1;FBMD/iPhone;FBSN/iPhone OS;FBSV/6.1.4;FBSS/2; FBCR/AT&T;FBID/phone;FBLC/en_US;FBOP/1]"
24.100.149.193 - - [12/Aug/2013:14:03:06 -0400] "GET /images/docs_rbs4.jpg HTTP/1.1" 200 59790 "http://www.brainandneurospine.com/" "Mozilla/5.0 (Linux; U; Android 2.3.6; en-us; Huawei-U8665 Build/HuaweiU8665B037) AppleWebKit/533.1 (KHTML, like Gecko) Version/4.0 Mobile Safari/533.1"
24.100.149.193 - - [12/Aug/2013:14:03:07 -0400] "GET /graphics/colle-microscope.gif HTTP/1.1" 200 10069 "http://www.brainandneurospine.com/" "Mozilla/5.0 (Linux; U; Android 2.3.6; en-us; Huawei-U8665 Build/HuaweiU8665B037) AppleWebKit/533.1 (KHTML, like Gecko) Version/4.0 Mobile Safari/533.1"
24.100.149.193 - - [12/Aug/2013:14:03:07 -0400] "GET /SpryAssets/SpryMenuBarDownHover.gif HTTP/1.1" 200 55 "http://www.brainandneurospine.com/" "Mozilla/5.0 (Linux; U; Android 2.3.6; en-us; Huawei-U8665 Build/HuaweiU8665B037) AppleWebKit/533.1 (KHTML, like Gecko) Version/4.0 Mobile Safari/533.1"
24.100.149.193 - - [12/Aug/2013:14:03:07 -0400] "GET /SpryAssets/SpryMenuBarRightHover.gif HTTP/1.1" 200 55 "http://www.brainandneurospine.com/" "Mozilla/5.0 (Linux; U; Android 2.3.6; en-us; Huawei-U8665 Build/HuaweiU8665B037) AppleWebKit/533.1 (KHTML, like Gecko) Version/4.0 Mobile Safari/533.1"
24.100.149.193 - - [12/Aug/2013:14:03:07 -0400] "GET /SpryAssets/SpryMenuBarDown.gif HTTP/1.1" 200 55 "http://www.brainandneurospine.com/" "Mozilla/5.0 (Linux; U; Android 2.3.6; en-us; Huawei-U8665 Build/HuaweiU8665B037) AppleWebKit/533.1 (KHTML, like Gecko) Version/4.0 Mobile Safari/533.1"
