69.122.147.72 - - [13/Aug/2013:02:36:57 -0400] "GET /googlemap-directions2clinic.html HTTP/1.1" 200 17797 "-" "Mozilla/4.0 (compatible; MSIE 5.5; Windows NT 4.0)"
70.195.2.0 - - [13/Aug/2013:08:36:42 -0400] "GET /SpryAssets/SpryMenuBarVertical.css HTTP/1.1" 200 4594 "http://www.brainandneurospine.com/" "Mozilla/5.0 (Linux; U; Android 4.1.2; en-us; SCH-I535 Build/JZO54K) AppleWebKit/534.30 (KHTML, like Gecko) Version/4.0 Mobile Safari/534.30"
70.195.2.0 - - [13/Aug/2013:08:36:43 -0400] "GET /graphics/Calendar-Appointment-100x75.jpg HTTP/1.1" 200 12359 "http://www.brainandneurospine.com/" "Mozilla/5.0 (Linux; U; Android 4.1.2; en-us; SCH-I535 Build/JZO54K) AppleWebKit/534.30 (KHTML, like Gecko) Version/4.0 Mobile Safari/534.30"
12.133.6.2 - - [13/Aug/2013:15:29:35 -0400] "GET /images/Marie-Bio-Page-Photo1.jpg HTTP/1.1" 304 - "http://www.brainandneurospine.com/glisson_bio.html" "Mozilla/4.0 (compatible; MSIE 8.0; Windows NT 6.1; Trident/4.0; SLCC2; .NET CLR 2.0.50727; .NET CLR 3.5.30729; .NET CLR 3.0.30729; Media Center PC 6.0; .NET4.0C; .NET4.0E; InfoPath.3)"
12.133.6.2 - - [13/Aug/2013:15:31:02 -0400] "GET /griffith_bio.html HTTP/1.1" 200 15847 "http://www.brainandneurospine.com/hammond_bio.html" "Mozilla/4.0 (compatible; MSIE 8.0; Windows NT 6.1; Trident/4.0; SLCC2; .NET CLR 2.0.50727; .NET CLR 3.5.30729; .NET CLR 3.0.30729; Media Center PC 6.0; .NET4.0C; .NET4.0E; InfoPath.3)"
12.133.6.2 - - [13/Aug/2013:15:31:03 -0400] "GET /images/stephanie-3.jpg HTTP/1.1" 304 - "http://www.brainandneurospine.com/griffith_bio.html" "Mozilla/4.0 (compatible; MSIE 8.0; Windows NT 6.1; Trident/4.0; SLCC2; .NET CLR 2.0.50727; .NET CLR 3.5.30729; .NET CLR 3.0.30729; Media Center PC 6.0; .NET4.0C; .NET4.0E; InfoPath.3)"
12.133.6.2 - - [13/Aug/2013:15:31:40 -0400] "GET /images/Kristi%20300.jpg HTTP/1.1" 304 - "http://www.brainandneurospine.com/skinner_bio.html" "Mozilla/4.0 (compatible; MSIE 8.0; Windows NT 6.1; Trident/4.0; SLCC2; .NET CLR 2.0.50727; .NET CLR 3.5.30729; .NET CLR 3.0.30729; Media Center PC 6.0; .NET4.0C; .NET4.0E; InfoPath.3)"
12.133.6.2 - - [13/Aug/2013:15:31:40 -0400] "GET /tplayer/images/close.gif HTTP/1.1" 304 - "http://www.brainandneurospine.com/skinner_bio.html" "Mozilla/4.0 (compatible; MSIE 8.0; Windows NT 6.1; Trident/4.0; SLCC2; .NET CLR 2.0.50727; .NET CLR 3.5.30729; .NET CLR 3.0.30729; Media Center PC 6.0; .NET4.0C; .NET4.0E; InfoPath.3)"
12.133.6.2 - - [13/Aug/2013:15:31:40 -0400] "GET /tplayer/templates/tplayer.html HTTP/1.1" 304 - "http://www.brainandneurospine.com/skinner_bio.html" "Mozilla/4.0 (compatible; MSIE 8.0; Windows NT 6.1; Trident/4.0; SLCC2; .NET CLR 2.0.50727; .NET CLR 3.5.30729; .NET CLR 3.0.30729; Media Center PC 6.0; .NET4.0C; .NET4.0E; InfoPath.3)"
12.133.6.2 - - [13/Aug/2013:15:31:41 -0400] "GET /tplayer/videos/ADVplayer.swf HTTP/1.1" 304 - "http://www.brainandneurospine.com/tplayer/templates/tplayer.html" "Mozilla/4.0 (compatible; MSIE 8.0; Windows NT 6.1; Trident/4.0; SLCC2; .NET CLR 2.0.50727; .NET CLR 3.5.30729; .NET CLR 3.0.30729; Media Center PC 6.0; .NET4.0C; .NET4.0E; InfoPath.3)"
12.133.6.2 - - [13/Aug/2013:15:31:41 -0400] "GET /tplayer/videos/Kristi4.flv HTTP/1.1" 200 2787634 "http://www.brainandneurospine.com/tplayer/videos/ADVplayer.swf" "Mozilla/4.0 (compatible; MSIE 8.0; Windows NT 6.1; Trident/4.0; SLCC2; .NET CLR 2.0.50727; .NET CLR 3.5.30729; .NET CLR 3.0.30729; Media Center PC 6.0; .NET4.0C; .NET4.0E; InfoPath.3)"
107.195.178.233 - - [13/Aug/2013:16:26:00 -0400] "GET /SpryAssets/SpryMenuBarHorizontal.css HTTP/1.1" 200 5807 "http://www.brainandneurospine.com/" "Mozilla/5.0 (Windows NT 6.1; WOW64) AppleWebKit/537.36 (KHTML, like Gecko) Chrome/28.0.1500.95 Safari/537.36"
107.195.178.233 - - [13/Aug/2013:16:26:02 -0400] "GET /graphics/gray-background.jpg HTTP/1.1" 200 7781 "http://www.brainandneurospine.com/" "Mozilla/5.0 (Windows NT 6.1; WOW64) AppleWebKit/537.36 (KHTML, like Gecko) Chrome/28.0.1500.95 Safari/537.36"
107.195.178.233 - - [13/Aug/2013:16:26:02 -0400] "GET /graphics/vaught-cutout1.gif HTTP/1.1" 200 9004 "http://www.brainandneurospine.com/" "Mozilla/5.0 (Windows NT 6.1; WOW64) AppleWebKit/537.36 (KHTML, like Gecko) Chrome/28.0.1500.95 Safari/537.36"
107.195.178.233 - - [13/Aug/2013:16:26:02 -0400] "GET /graphics/Calendar-Appointment-100x75.jpg HTTP/1.1" 200 12359 "http://www.brainandneurospine.com/" "Mozilla/5.0 (Windows NT 6.1; WOW64) AppleWebKit/537.36 (KHTML, like Gecko) Chrome/28.0.1500.95 Safari/537.36"
76.219.137.144 - - [13/Aug/2013:22:28:50 -0400] "GET /Patient%20letters%20to%20Doctors/carolyn-and-family-note.jpg HTTP/1.1" 200 82152 "http://www.google.com/search?q=examples+of+doctor+notes&source=lnms&tbm=isch&sa=X&ei=D-sKUsKENoKr2wXu2YCgBA&ved=0CAgQ_AUoAA&biw=361&bih=564&sei=G-sKUoDUPMqK2gXAnIGABQ" "Mozilla/5.0 (Linux; U; Android 4.1.2; en-us; DROID BIONIC Build/9.8.2O-72_VZW-22) AppleWebKit/534.30 (KHTML, like Gecko) Version/4.0 Mobile Safari/534.30"
95.108.158.238 - - [13/Aug/2013:04:46:32 -0400] "GET /videos/photos-for-patient-videos-page/Bettes-car-wreck.jpg HTTP/1.1" 304 - "-" "Mozilla/5.0 (compatible; YandexImages/3.0; +http://yandex.com/bots)"
66.249.72.160 - - [13/Aug/2013:19:37:51 -0400] "GET /bowers_bio.html HTTP/1.1" 200 16139 "-" "DoCoMo/2.0 N905i(c100;TB;W24H16) (compatible; Googlebot-Mobile/2.1; +http://www.google.com/bot.html)"
207.241.226.239 - - [13/Aug/2013:20:35:54 -0400] "GET /robots.txt HTTP/1.1" 404 575 "-" "ia_archiver(OS-Wayback)"
67.66.139.22 - - [13/Aug/2013:09:05:46 -0400] "GET /SpryAssets/SpryMenuBar.js HTTP/1.1" 200 10064 "http://www.brainandneurospine.com/" "Mozilla/4.0 (compatible; MSIE 8.0; Windows NT 6.1; WOW64; Trident/4.0; SLCC2; .NET CLR 2.0.50727; .NET CLR 3.5.30729; .NET CLR 3.0.30729; Media Center PC 6.0; .NET4.0C; .NET4.0E; InfoPath.3; MS-RTC LM 8)"
99.164.156.55 - - [13/Aug/2013:09:25:14 -0400] "GET /images/award2010.jpg HTTP/1.1" 200 15066 "http://www.brainandneurospine.com/tolentino_bio.html" "Mozilla/5.0 (compatible; MSIE 9.0; Windows NT 6.1; WOW64; Trident/5.0)"
46.119.118.152 - - [13/Aug/2013:10:06:16 -0400] "GET / HTTP/1.1" 200 40346 "http://www.bravica.su/" "Mozilla/4.0 (compatible; MSIE 6.0; Windows NT 5.1; SV1; YPC 3.0.2; .NET CLR 1.1.4322; yplus 4.4.02b)"
70.195.74.152 - - [13/Aug/2013:10:53:56 -0400] "GET /SpryAssets/SpryMenuBarHorizontal.css HTTP/1.1" 200 5807 "http://www.brainandneurospine.com/perryville-clinic.html" "Mozilla/5.0 (Linux; U; Android 4.0.4; en-us; VS840 4G Build/IMM76D) AppleWebKit/534.30 (KHTML, like Gecko) Version/4.0 Mobile Safari/534.30"
70.195.74.152 - - [13/Aug/2013:10:54:02 -0400] "GET /graphics/rbs-logo-930x125w-v3%20.jpg HTTP/1.1" 200 28337 "http://www.brainandneurospine.com/perryville-clinic.html" "Mozilla/5.0 (Linux; U; Android 4.0.4; en-us; VS840 4G Build/IMM76D) AppleWebKit/534.30 (KHTML, like Gecko) Version/4.0 Mobile Safari/534.30"
70.195.74.152 - - [13/Aug/2013:10:54:05 -0400] "GET /favicon.ico HTTP/1.1" 404 575 "http://www.brainandneurospine.com/perryville-clinic.html" "Mozilla/5.0 (Linux; U; Android 4.0.4; en-us; VS840 4G Build/IMM76D) AppleWebKit/534.30 (KHTML, like Gecko) Version/4.0 Mobile Safari/534.30"
157.55.33.17 - - [13/Aug/2013:10:55:48 -0400] "GET /robots.txt HTTP/1.1" 404 575 "-" "Mozilla/5.0 (compatible; bingbot/2.0; +http://www.bing.com/bingbot.htm)"
95.108.158.238 - - [13/Aug/2013:22:27:29 -0400] "GET /graphics/New-Art-SE%20Hosp%208-2008.jpg HTTP/1.1" 304 - "-" "Mozilla/5.0 (compatible; YandexImages/3.0; +http://yandex.com/bots)"
54.226.102.195 - - [13/Aug/2013:22:53:51 -0400] "GET /2009-education-links.html HTTP/1.1" 200 17791 "-" "Mozilla/5.0 (compatible; URLAppendBot/1.0; +http://www.profound.net/urlappendbot.html)"
184.154.48.82 - - [13/Aug/2013:04:08:35 -0400] "GET /griffith_bio.html HTTP/1.0" 200 15847 "-" "Mozilla/5.0 (compatible; MJ12bot/v1.4.3; http://www.majestic12.co.uk/bot.php?+)"
98.20.189.147 - - [13/Aug/2013:05:29:06 -0400] "GET /graphics/Calendar-Appointment-100x75.jpg HTTP/1.1" 200 12359 "http://www.brainandneurospine.com/index.html" "Mozilla/5.0 (Linux; U; Android 4.1.1; en-us; GT-P5113 Build/JRO03C) AppleWebKit/534.30 (KHTML, like Gecko) Version/4.0 Safari/534.30"
208.242.14.200 - - [13/Aug/2013:07:54:44 -0400] "GET /favicon.ico HTTP/1.1" 404 575 "-" "Mozilla/4.0 (compatible; MSIE 6.0; Windows NT 5.1; Trident/4.0; .NET CLR 1.1.4322; .NET CLR 2.0.50727; .NET CLR 3.0.04506.30; .NET CLR 3.0.4506.2152; .NET CLR 3.5.30729)"
66.249.83.221 - - [13/Aug/2013:08:19:53 -0400] "GET /pdf%20documents/BNSC-HIPAA-NOTICE.pdf HTTP/1.1" 200 83988 "-" "Mozilla/5.0 (Windows NT 6.1; WOW64) AppleWebKit/534+ (KHTML, like Gecko) BingPreview/1.0b,gzip(gfe) (via docs.google.com/viewer)"
70.195.2.0 - - [13/Aug/2013:08:36:44 -0400] "GET /graphics/colle-cutout2.gif HTTP/1.1" 200 7469 "http://www.brainandneurospine.com/" "Mozilla/5.0 (Linux; U; Android 4.1.2; en-us; SCH-I535 Build/JZO54K) AppleWebKit/534.30 (KHTML, like Gecko) Version/4.0 Mobile Safari/534.30"
216.68.204.66 - - [13/Aug/2013:12:50:14 -0400] "GET /gibbs_bio.html HTTP/1.1" 200 13976 "http://www.google.com/url?sa=t&rct=j&q=&esrc=s&frm=1&source=web&cd=3&ved=0CDsQFjAC&url=http%3A%2F%2Fwww.brainandneurospine.com%2Fgibbs_bio.html&ei=vmMKUsjaBMjS2AXm54CADg&usg=AFQjCNH0FvYeyg7dhH02exgUy9ruc4kLtA&sig2=qHMVXCvUPaUX1MruvtB_1Q&bvm=bv.50500085,d.b2I" "Mozilla/5.0 (compatible; MSIE 10.0; Windows NT 6.1; WOW64; Trident/6.0)"
216.68.204.66 - - [13/Aug/2013:12:50:15 -0400] "GET /graphics/rbs-logo-930x125w-v3%20.jpg HTTP/1.1" 200 28337 "http://www.brainandneurospine.com/gibbs_bio.html" "Mozilla/5.0 (compatible; MSIE 10.0; Windows NT 6.1; WOW64; Trident/6.0)"
216.68.204.66 - - [13/Aug/2013:12:50:15 -0400] "GET /favicon.ico HTTP/1.1" 404 575 "-" "Mozilla/5.0 (compatible; MSIE 10.0; Windows NT 6.1; WOW64; Trident/6.0)"
98.20.189.147 - - [13/Aug/2013:12:56:31 -0400] "GET /images/extenders-rbs5.jpg HTTP/1.1" 200 31217 "http://www.brainandneurospine.com/index.html" "Mozilla/5.0 (Linux; U; Android 4.1.1; en-us; GT-P5113 Build/JRO03C) AppleWebKit/534.30 (KHTML, like Gecko) Version/4.0 Safari/534.30"
97.84.33.162 - - [13/Aug/2013:14:13:14 -0400] "GET /Scripts/event.js HTTP/1.1" 200 7727 "http://www.brainandneurospine.com/" "Mozilla/4.0 (compatible; MSIE 8.0; Windows NT 6.1; Trident/4.0; SLCC2; .NET CLR 2.0.50727; .NET CLR 3.5.30729; .NET CLR 3.0.30729; Media Center PC 6.0; Tablet PC 2.0; .NET4.0C; .NET4.0E; AskTbORJ/5.15.23.36191)"
97.84.33.162 - - [13/Aug/2013:14:13:16 -0400] "GET /tplayer/scripts/tplayer-config.js HTTP/1.1" 200 78567 "http://www.brainandneurospine.com/" "Mozilla/4.0 (compatible; MSIE 8.0; Windows NT 6.1; Trident/4.0; SLCC2; .NET CLR 2.0.50727; .NET CLR 3.5.30729; .NET CLR 3.0.30729; Media Center PC 6.0; Tablet PC 2.0; .NET4.0C; .NET4.0E; AskTbORJ/5.15.23.36191)"
97.84.33.162 - - [13/Aug/2013:14:13:16 -0400] "GET /SpryAssets/SpryMenuBarRightHover.gif HTTP/1.1" 200 55 "http://www.brainandneurospine.com/" "Mozilla/4.0 (compatible; MSIE 8.0; Windows NT 6.1; Trident/4.0; SLCC2; .NET CLR 2.0.50727; .NET CLR 3.5.30729; .NET CLR 3.0.30729; Media Center PC 6.0; Tablet PC 2.0; .NET4.0C; .NET4.0E; AskTbORJ/5.15.23.36191)"
199.103.96.1 - - [13/Aug/2013:16:35:14 -0400] "GET /graphics/rbs-logo-930x125w-v3%20.jpg HTTP/1.1" 200 28337 "http://www.brainandneurospine.com/gibbs_bio.html" "Mozilla/4.0 (compatible; MSIE 8.0; Windows NT 5.1; Trident/4.0; .NET4.0C; .NET CLR 2.0.50727; .NET CLR 3.0.4506.2152; .NET CLR 3.5.30729; InfoPath.2; .NET4.0E; .NET CLR 1.1.4322)"
64.123.246.100 - - [13/Aug/2013:16:36:04 -0400] "GET /tplayer/css/ADPMask.css HTTP/1.1" 200 234 "http://www.brainandneurospine.com/" "Mozilla/4.0 (compatible; MSIE 8.0; Windows NT 6.1; WOW64; Trident/4.0; GTB7.5; SLCC2; .NET CLR 2.0.50727; .NET CLR 3.5.30729; .NET CLR 3.0.30729; Media Center PC 6.0; MALN; .NET4.0C; .NET4.0E)"
64.123.246.100 - - [13/Aug/2013:16:36:04 -0400] "GET /Scripts/event.js HTTP/1.1" 200 7727 "http://www.brainandneurospine.com/" "Mozilla/4.0 (compatible; MSIE 8.0; Windows NT 6.1; WOW64; Trident/4.0; GTB7.5; SLCC2; .NET CLR 2.0.50727; .NET CLR 3.5.30729; .NET CLR 3.0.30729; Media Center PC 6.0; MALN; .NET4.0C; .NET4.0E)"
64.123.246.100 - - [13/Aug/2013:16:36:05 -0400] "GET /graphics/cleaver-guidos-cutout.gif HTTP/1.1" 200 7051 "http://www.brainandneurospine.com/" "Mozilla/4.0 (compatible; MSIE 8.0; Windows NT 6.1; WOW64; Trident/4.0; GTB7.5; SLCC2; .NET CLR 2.0.50727; .NET CLR 3.5.30729; .NET CLR 3.0.30729; Media Center PC 6.0; MALN; .NET4.0C; .NET4.0E)"
64.123.246.100 - - [13/Aug/2013:16:36:05 -0400] "GET /graphics/colle-cutout2.gif HTTP/1.1" 200 7469 "http://www.brainandneurospine.com/" "Mozilla/4.0 (compatible; MSIE 8.0; Windows NT 6.1; WOW64; Trident/4.0; GTB7.5; SLCC2; .NET CLR 2.0.50727; .NET CLR 3.5.30729; .NET CLR 3.0.30729; Media Center PC 6.0; MALN; .NET4.0C; .NET4.0E)"
64.123.246.100 - - [13/Aug/2013:16:36:05 -0400] "GET /graphics/RBS_LogoStackedTAG.jpg HTTP/1.1" 200 127207 "http://www.brainandneurospine.com/" "Mozilla/4.0 (compatible; MSIE 8.0; Windows NT 6.1; WOW64; Trident/4.0; GTB7.5; SLCC2; .NET CLR 2.0.50727; .NET CLR 3.5.30729; .NET CLR 3.0.30729; Media Center PC 6.0; MALN; .NET4.0C; .NET4.0E)"
70.195.85.140 - - [13/Aug/2013:09:52:48 -0400] "GET /SpryAssets/SpryMenuBarVertical.css HTTP/1.1" 200 4594 "http://www.brainandneurospine.com/" "Mozilla/5.0 (iPhone; CPU iPhone OS 6_1_4 like Mac OS X) AppleWebKit/536.26 (KHTML, like Gecko) Version/6.0 Mobile/10B350 Safari/8536.25"
70.195.85.140 - - [13/Aug/2013:09:52:49 -0400] "GET /graphics/Calendar-Appointment-100x75.jpg HTTP/1.1" 200 12359 "http://www.brainandneurospine.com/" "Mozilla/5.0 (iPhone; CPU iPhone OS 6_1_4 like Mac OS X) AppleWebKit/536.26 (KHTML, like Gecko) Version/6.0 Mobile/10B350 Safari/8536.25"
70.195.85.140 - - [13/Aug/2013:09:52:49 -0400] "GET /graphics/cleaver-guidos-cutout.gif HTTP/1.1" 200 7051 "http://www.brainandneurospine.com/" "Mozilla/5.0 (iPhone; CPU iPhone OS 6_1_4 like Mac OS X) AppleWebKit/536.26 (KHTML, like Gecko) Version/6.0 Mobile/10B350 Safari/8536.25"
70.195.85.140 - - [13/Aug/2013:09:52:49 -0400] "GET /SpryAssets/SpryMenuBarRight.gif HTTP/1.1" 200 55 "http://www.brainandneurospine.com/" "Mozilla/5.0 (iPhone; CPU iPhone OS 6_1_4 like Mac OS X) AppleWebKit/536.26 (KHTML, like Gecko) Version/6.0 Mobile/10B350 Safari/8536.25"
178.255.215.85 - - [13/Aug/2013:09:54:17 -0400] "GET /robots.txt HTTP/1.1" 404 575 "-" "Mozilla/5.0 (compatible; Exabot/3.0 (BiggerBetter); +http://www.exabot.com/go/robot)"
70.242.140.55 - - [13/Aug/2013:10:46:48 -0400] "GET /tplayer/scripts/tplayer-config.js HTTP/1.1" 200 78567 "http://www.brainandneurospine.com/" "Mozilla/5.0 (Windows NT 6.1; WOW64) AppleWebKit/537.36 (KHTML, like Gecko) Chrome/28.0.1500.95 Safari/537.36"
157.55.33.17 - - [13/Aug/2013:19:39:42 -0400] "GET /robots.txt HTTP/1.1" 404 575 "-" "Mozilla/5.0 (compatible; bingbot/2.0; +http://www.bing.com/bingbot.htm)"
95.108.158.238 - - [13/Aug/2013:06:50:37 -0400] "GET /images/Vaught-206x268.jpg HTTP/1.1" 304 - "-" "Mozilla/5.0 (compatible; YandexImages/3.0; +http://yandex.com/bots)"
157.55.33.17 - - [13/Aug/2013:07:20:00 -0400] "GET /robots.txt HTTP/1.1" 404 575 "-" "Mozilla/5.0 (compatible; bingbot/2.0; +http://www.bing.com/bingbot.htm)"
208.242.14.200 - - [13/Aug/2013:07:55:19 -0400] "GET /graphics/cloud-background.jpg HTTP/1.1" 304 - "http://www.brainandneurospine.com/2009-contact.html" "Mozilla/4.0 (compatible; MSIE 6.0; Windows NT 5.1; Trident/4.0; .NET CLR 1.1.4322; .NET CLR 2.0.50727; .NET CLR 3.0.04506.30; .NET CLR 3.0.4506.2152; .NET CLR 3.5.30729)"
70.195.2.0 - - [13/Aug/2013:08:36:44 -0400] "GET /graphics/vaught-cutout1.gif HTTP/1.1" 200 9004 "http://www.brainandneurospine.com/" "Mozilla/5.0 (Linux; U; Android 4.1.2; en-us; SCH-I535 Build/JZO54K) AppleWebKit/534.30 (KHTML, like Gecko) Version/4.0 Mobile Safari/534.30"
184.154.48.82 - - [13/Aug/2013:04:08:36 -0400] "GET /guidos_bio.html HTTP/1.0" 200 16776 "-" "Mozilla/5.0 (compatible; MJ12bot/v1.4.3; http://www.majestic12.co.uk/bot.php?+)"
157.55.33.17 - - [13/Aug/2013:05:06:40 -0400] "GET /robots.txt HTTP/1.1" 404 575 "-" "Mozilla/5.0 (compatible; bingbot/2.0; +http://www.bing.com/bingbot.htm)"
98.20.189.147 - - [13/Aug/2013:05:28:56 -0400] "GET / HTTP/1.1" 200 40346 "-" "Mozilla/5.0 (Linux; U; Android 4.1.1; en-us; GT-P5113 Build/JRO03C) AppleWebKit/534.30 (KHTML, like Gecko) Version/4.0 Safari/534.30"
98.20.189.147 - - [13/Aug/2013:05:28:58 -0400] "GET /SpryAssets/SpryMenuBar.js HTTP/1.1" 200 10064 "http://www.brainandneurospine.com/index.html" "Mozilla/5.0 (Linux; U; Android 4.1.1; en-us; GT-P5113 Build/JRO03C) AppleWebKit/534.30 (KHTML, like Gecko) Version/4.0 Safari/534.30"
98.20.189.147 - - [13/Aug/2013:05:28:58 -0400] "GET /tplayer/scripts/tplayer.js HTTP/1.1" 200 60791 "http://www.brainandneurospine.com/index.html" "Mozilla/5.0 (Linux; U; Android 4.1.1; en-us; GT-P5113 Build/JRO03C) AppleWebKit/534.30 (KHTML, like Gecko) Version/4.0 Safari/534.30"
98.20.189.147 - - [13/Aug/2013:05:29:09 -0400] "GET /graphics/colle-cutout2.gif HTTP/1.1" 200 7469 "http://www.brainandneurospine.com/" "Mozilla/5.0 (Linux; U; Android 4.1.1; en-us; GT-P5113 Build/JRO03C) AppleWebKit/534.30 (KHTML, like Gecko) Version/4.0 Safari/534.30"
66.249.72.193 - - [13/Aug/2013:01:24:05 -0400] "GET /graphics/novalis-small.gif HTTP/1.1" 304 - "-" "Googlebot-Image/1.0"
69.122.147.72 - - [13/Aug/2013:02:36:58 -0400] "GET /2009-education-links.html HTTP/1.1" 200 17791 "-" "Mozilla/4.0 (compatible; MSIE 5.5; Windows NT 4.0)"
70.242.138.54 - - [13/Aug/2013:21:45:16 -0400] "GET /SpryAssets/SpryMenuBarVertical.css HTTP/1.1" 200 4594 "http://www.brainandneurospine.com/" "Mozilla/5.0 (compatible; MSIE 10.0; Windows NT 6.1; WOW64; Trident/6.0)"
70.242.138.54 - - [13/Aug/2013:21:45:16 -0400] "GET /graphics/RBS_LogoStackedTAG.jpg HTTP/1.1" 200 127207 "http://www.brainandneurospine.com/" "Mozilla/5.0 (compatible; MSIE 10.0; Windows NT 6.1; WOW64; Trident/6.0)"
108.16.199.191 - - [13/Aug/2013:21:49:52 -0400] "GET /SpryAssets/SpryMenuBarVertical.css HTTP/1.1" 200 4594 "http://www.brainandneurospine.com/griffith_bio.html" "Mozilla/4.0 (compatible; MSIE 8.0; Windows NT 5.1; Trident/4.0; InfoPath.2; .NET CLR 2.0.50727; .NET CLR 3.0.4506.2152; .NET CLR 3.5.30729)"
108.16.199.191 - - [13/Aug/2013:21:49:52 -0400] "GET /SpryAssets/SpryMenuBarHorizontal.css HTTP/1.1" 200 5807 "http://www.brainandneurospine.com/griffith_bio.html" "Mozilla/4.0 (compatible; MSIE 8.0; Windows NT 5.1; Trident/4.0; InfoPath.2; .NET CLR 2.0.50727; .NET CLR 3.0.4506.2152; .NET CLR 3.5.30729)"
108.16.199.191 - - [13/Aug/2013:21:49:53 -0400] "GET /graphics/tolentino-cutout.gif HTTP/1.1" 200 13936 "http://www.brainandneurospine.com/griffith_bio.html" "Mozilla/4.0 (compatible; MSIE 8.0; Windows NT 5.1; Trident/4.0; InfoPath.2; .NET CLR 2.0.50727; .NET CLR 3.0.4506.2152; .NET CLR 3.5.30729)"
108.16.199.191 - - [13/Aug/2013:21:49:53 -0400] "GET /graphics/cleaver-guidos-cutout.gif HTTP/1.1" 200 7051 "http://www.brainandneurospine.com/griffith_bio.html" "Mozilla/4.0 (compatible; MSIE 8.0; Windows NT 5.1; Trident/4.0; InfoPath.2; .NET CLR 2.0.50727; .NET CLR 3.0.4506.2152; .NET CLR 3.5.30729)"
108.16.199.191 - - [13/Aug/2013:21:49:53 -0400] "GET /images/stephanie-a-sm.jpg HTTP/1.1" 200 53791 "http://www.brainandneurospine.com/griffith_bio.html" "Mozilla/4.0 (compatible; MSIE 8.0; Windows NT 5.1; Trident/4.0; InfoPath.2; .NET CLR 2.0.50727; .NET CLR 3.0.4506.2152; .NET CLR 3.5.30729)"
108.16.199.191 - - [13/Aug/2013:21:49:53 -0400] "GET /SpryAssets/SpryMenuBarRight.gif HTTP/1.1" 200 55 "http://www.brainandneurospine.com/griffith_bio.html" "Mozilla/4.0 (compatible; MSIE 8.0; Windows NT 5.1; Trident/4.0; InfoPath.2; .NET CLR 2.0.50727; .NET CLR 3.0.4506.2152; .NET CLR 3.5.30729)"
207.241.226.239 - - [13/Aug/2013:20:32:50 -0400] "GET /robots.txt HTTP/1.1" 404 575 "-" "ia_archiver(OS-Wayback)"
208.242.14.200 - - [13/Aug/2013:07:55:08 -0400] "GET /SpryAssets/SpryMenuBarHorizontal.css HTTP/1.1" 304 - "http://www.brainandneurospine.com/2009-contact.html" "Mozilla/4.0 (compatible; MSIE 6.0; Windows NT 5.1; Trident/4.0; .NET CLR 1.1.4322; .NET CLR 2.0.50727; .NET CLR 3.0.04506.30; .NET CLR 3.0.4506.2152; .NET CLR 3.5.30729)"
99.164.156.55 - - [13/Aug/2013:09:24:19 -0400] "GET /graphics/cleaver-guidos-cutout.gif HTTP/1.1" 200 7051 "http://www.brainandneurospine.com/vaught_bio.html" "Mozilla/5.0 (compatible; MSIE 9.0; Windows NT 6.1; WOW64; Trident/5.0)"
99.164.156.55 - - [13/Aug/2013:09:24:19 -0400] "GET /SpryAssets/SpryMenuBarDown.gif HTTP/1.1" 200 55 "http://www.brainandneurospine.com/vaught_bio.html" "Mozilla/5.0 (compatible; MSIE 9.0; Windows NT 6.1; WOW64; Trident/5.0)"
24.199.83.210 - - [13/Aug/2013:10:06:40 -0400] "GET /bowers_bio.html HTTP/1.1" 200 16139 "http://www.google.com/url?sa=t&rct=j&q=jason%20bowers%2C%20md&source=web&cd=3&ved=0CDUQFjAC&url=http%3A%2F%2Fwww.brainandneurospine.com%2Fbowers_bio.html&ei=aD0KUva-H4vyyAHrwIDgDQ&usg=AFQjCNHPMGKxdPcD91Nm-stgZArd3pDr2A&bvm=bv.50500085,d.aWc" "Mozilla/5.0 (Macintosh; Intel Mac OS X 10_7_5) AppleWebKit/536.29.13 (KHTML, like Gecko) Version/6.0.4 Safari/536.29.13"
24.199.83.210 - - [13/Aug/2013:10:06:41 -0400] "GET /graphics/cleaver-guidos-cutout.gif HTTP/1.1" 200 7051 "http://www.brainandneurospine.com/bowers_bio.html" "Mozilla/5.0 (Macintosh; Intel Mac OS X 10_7_5) AppleWebKit/536.29.13 (KHTML, like Gecko) Version/6.0.4 Safari/536.29.13"
24.199.83.210 - - [13/Aug/2013:10:06:42 -0400] "GET /SpryAssets/SpryMenuBarDownHover.gif HTTP/1.1" 200 55 "http://www.brainandneurospine.com/bowers_bio.html" "Mozilla/5.0 (Macintosh; Intel Mac OS X 10_7_5) AppleWebKit/536.29.13 (KHTML, like Gecko) Version/6.0.4 Safari/536.29.13"
50.40.166.46 - - [13/Aug/2013:10:21:46 -0400] "GET /images/award2010.jpg HTTP/1.1" 200 15066 "http://brainandneurospine.com/tolentino_bio.html" "Mozilla/5.0 (iPad; CPU OS 6_0_1 like Mac OS X) AppleWebKit/536.26 (KHTML, like Gecko) Version/6.0 Mobile/10A8426 Safari/8536.25"
50.40.166.46 - - [13/Aug/2013:10:21:46 -0400] "GET /graphics/cleaver-guidos-cutout.gif HTTP/1.1" 200 7051 "http://brainandneurospine.com/tolentino_bio.html" "Mozilla/5.0 (iPad; CPU OS 6_0_1 like Mac OS X) AppleWebKit/536.26 (KHTML, like Gecko) Version/6.0 Mobile/10A8426 Safari/8536.25"
157.55.32.84 - - [13/Aug/2013:22:45:21 -0400] "GET /robots.txt HTTP/1.1" 404 575 "-" "Mozilla/5.0 (compatible; bingbot/2.0; +http://www.bing.com/bingbot.htm)"
38.109.44.192 - - [13/Aug/2013:03:23:41 -0400] "GET / HTTP/1.0" 200 40346 "-" "Mozilla/5.0 (X11; U; Linux i686; en-US) AppleWebKit/534.16 (KHTML, like Gecko) Chrome/10.0.648.134 Safari/534.16"
98.20.189.147 - - [13/Aug/2013:05:29:05 -0400] "GET /tplayer/scripts/tplayer-config.js HTTP/1.1" 200 78567 "http://www.brainandneurospine.com/" "Mozilla/5.0 (Linux; U; Android 4.1.1; en-us; GT-P5113 Build/JRO03C) AppleWebKit/534.30 (KHTML, like Gecko) Version/4.0 Safari/534.30"
97.87.110.205 - - [13/Aug/2013:12:48:20 -0400] "GET /tplayer/scripts/tplayer.js HTTP/1.1" 200 60791 "http://www.brainandneurospine.com/index.html" "Mozilla/5.0 (Windows NT 6.1; WOW64; rv:22.0) Gecko/20100101 Firefox/22.0"
97.87.110.205 - - [13/Aug/2013:12:48:22 -0400] "GET /images/docs_rbs4.jpg HTTP/1.1" 200 59790 "http://www.brainandneurospine.com/index.html" "Mozilla/5.0 (Windows NT 6.1; WOW64; rv:22.0) Gecko/20100101 Firefox/22.0"
173.20.31.71 - - [13/Aug/2013:12:50:18 -0400] "GET /graphics/Tolentino-MRI.jpg HTTP/1.1" 200 18730 "http://www.brainandneurospine.com/tolentino_bio.html" "Mozilla/5.0 (Windows NT 6.1; WOW64) AppleWebKit/537.36 (KHTML, like Gecko) Chrome/28.0.1500.95 Safari/537.36"
173.21.246.52 - - [13/Aug/2013:12:54:11 -0400] "GET / HTTP/1.1" 200 40346 "-" "Mozilla/5.0 (iPhone; CPU iPhone OS 6_1_3 like Mac OS X) AppleWebKit/536.26 (KHTML, like Gecko) Version/6.0 Mobile/10B329 Safari/8536.25"
173.21.246.52 - - [13/Aug/2013:12:54:21 -0400] "GET /images/docs_rbs4.jpg HTTP/1.1" 200 59790 "http://www.brainandneurospine.com/" "Mozilla/5.0 (iPhone; CPU iPhone OS 6_1_3 like Mac OS X) AppleWebKit/536.26 (KHTML, like Gecko) Version/6.0 Mobile/10B329 Safari/8536.25"
173.21.246.52 - - [13/Aug/2013:12:54:30 -0400] "GET /SpryAssets/SpryMenuBarDownHover.gif HTTP/1.1" 200 55 "http://www.brainandneurospine.com/" "Mozilla/5.0 (iPhone; CPU iPhone OS 6_1_3 like Mac OS X) AppleWebKit/536.26 (KHTML, like Gecko) Version/6.0 Mobile/10B329 Safari/8536.25"
68.188.26.158 - - [13/Aug/2013:13:47:23 -0400] "GET /tplayer/scripts/tplayer.js HTTP/1.1" 200 60791 "http://www.brainandneurospine.com/" "Mozilla/5.0 (Windows NT 5.1; rv:22.0) Gecko/20100101 Firefox/22.0"
68.188.26.158 - - [13/Aug/2013:13:47:23 -0400] "GET /graphics/5-stars-250x60.jpg HTTP/1.1" 200 15249 "http://www.brainandneurospine.com/" "Mozilla/5.0 (Windows NT 5.1; rv:22.0) Gecko/20100101 Firefox/22.0"
68.188.26.158 - - [13/Aug/2013:13:47:23 -0400] "GET /tplayer/scripts/tplayer-config.js HTTP/1.1" 200 78567 "http://www.brainandneurospine.com/" "Mozilla/5.0 (Windows NT 5.1; rv:22.0) Gecko/20100101 Firefox/22.0"
209.54.13.33 - - [13/Aug/2013:14:28:12 -0400] "GET /SpryAssets/SpryMenuBarHorizontal.css HTTP/1.1" 200 5807 "http://www.brainandneurospine.com/" "Mozilla/5.0 (Windows NT 6.0) AppleWebKit/537.36 (KHTML, like Gecko) Chrome/28.0.1500.95 Safari/537.36"
209.54.13.33 - - [13/Aug/2013:14:28:12 -0400] "GET /Scripts/AC_RunActiveContent.js HTTP/1.1" 200 8029 "http://www.brainandneurospine.com/" "Mozilla/5.0 (Windows NT 6.0) AppleWebKit/537.36 (KHTML, like Gecko) Chrome/28.0.1500.95 Safari/537.36"
209.54.13.33 - - [13/Aug/2013:14:28:13 -0400] "GET /graphics/RBS_LogoStackedTAG.jpg HTTP/1.1" 200 127207 "http://www.brainandneurospine.com/" "Mozilla/5.0 (Windows NT 6.0) AppleWebKit/537.36 (KHTML, like Gecko) Chrome/28.0.1500.95 Safari/537.36"
12.133.6.2 - - [13/Aug/2013:15:31:39 -0400] "GET /skinner_bio.html HTTP/1.1" 200 16532 "http://www.brainandneurospine.com/muckerman_bio.html" "Mozilla/4.0 (compatible; MSIE 8.0; Windows NT 6.1; Trident/4.0; SLCC2; .NET CLR 2.0.50727; .NET CLR 3.5.30729; .NET CLR 3.0.30729; Media Center PC 6.0; .NET4.0C; .NET4.0E; InfoPath.3)"
12.133.6.2 - - [13/Aug/2013:15:31:39 -0400] "GET /tplayer/scripts/tplayer.js?template=tplayer;uid1=tplayervideo17; HTTP/1.1" 200 60791 "http://www.brainandneurospine.com/skinner_bio.html" "Mozilla/4.0 (compatible; MSIE 8.0; Windows NT 6.1; Trident/4.0; SLCC2; .NET CLR 2.0.50727; .NET CLR 3.5.30729; .NET CLR 3.0.30729; Media Center PC 6.0; .NET4.0C; .NET4.0E; InfoPath.3)"
12.133.6.2 - - [13/Aug/2013:15:31:40 -0400] "GET /images/Video-Icon.gif HTTP/1.1" 200 1006 "http://www.brainandneurospine.com/skinner_bio.html" "Mozilla/4.0 (compatible; MSIE 8.0; Windows NT 6.1; Trident/4.0; SLCC2; .NET CLR 2.0.50727; .NET CLR 3.5.30729; .NET CLR 3.0.30729; Media Center PC 6.0; .NET4.0C; .NET4.0E; InfoPath.3)"
192.183.87.2 - - [13/Aug/2013:15:44:26 -0400] "GET /SpryAssets/SpryMenuBarHorizontal.css HTTP/1.1" 200 5807 "http://www.brainandneurospine.com/" "Mozilla/5.0 (compatible; MSIE 9.0; Windows NT 6.1; WOW64; Trident/5.0)"
192.183.87.2 - - [13/Aug/2013:15:44:26 -0400] "GET /Scripts/event.js HTTP/1.1" 200 7727 "http://www.brainandneurospine.com/" "Mozilla/5.0 (compatible; MSIE 9.0; Windows NT 6.1; WOW64; Trident/5.0)"
192.183.87.2 - - [13/Aug/2013:15:44:26 -0400] "GET /images/docs_rbs4.jpg HTTP/1.1" 200 59790 "http://www.brainandneurospine.com/" "Mozilla/5.0 (compatible; MSIE 9.0; Windows NT 6.1; WOW64; Trident/5.0)"
192.183.87.2 - - [13/Aug/2013:15:44:27 -0400] "GET /graphics/tolentino-cutout.gif HTTP/1.1" 200 13936 "http://www.brainandneurospine.com/" "Mozilla/5.0 (compatible; MSIE 9.0; Windows NT 6.1; WOW64; Trident/5.0)"
192.183.87.2 - - [13/Aug/2013:15:44:27 -0400] "GET /images/extenders-rbs5.jpg HTTP/1.1" 200 31217 "http://www.brainandneurospine.com/" "Mozilla/5.0 (compatible; MSIE 9.0; Windows NT 6.1; WOW64; Trident/5.0)"
192.183.87.2 - - [13/Aug/2013:15:44:28 -0400] "GET /SpryAssets/SpryMenuBarDown.gif HTTP/1.1" 200 55 "http://www.brainandneurospine.com/" "Mozilla/5.0 (compatible; MSIE 9.0; Windows NT 6.1; WOW64; Trident/5.0)"
98.103.205.34 - - [13/Aug/2013:15:54:01 -0400] "GET /skinner_bio.html HTTP/1.1" 200 16532 "https://www.google.com/" "Mozilla/5.0 (Macintosh; Intel Mac OS X 10_7_5) AppleWebKit/537.36 (KHTML, like Gecko) Chrome/27.0.1453.116 Safari/537.36"
98.103.205.34 - - [13/Aug/2013:15:54:02 -0400] "GET /tplayer/scripts/tplayer.js?template=tplayer;uid1=tplayervideo17; HTTP/1.1" 200 60791 "http://www.brainandneurospine.com/skinner_bio.html" "Mozilla/5.0 (Macintosh; Intel Mac OS X 10_7_5) AppleWebKit/537.36 (KHTML, like Gecko) Chrome/27.0.1453.116 Safari/537.36"
98.103.205.34 - - [13/Aug/2013:15:54:02 -0400] "GET /graphics/colle-microscope.gif HTTP/1.1" 200 10069 "http://www.brainandneurospine.com/skinner_bio.html" "Mozilla/5.0 (Macintosh; Intel Mac OS X 10_7_5) AppleWebKit/537.36 (KHTML, like Gecko) Chrome/27.0.1453.116 Safari/537.36"
98.103.205.34 - - [13/Aug/2013:15:54:02 -0400] "GET /graphics/colle-cutout2.gif HTTP/1.1" 200 7469 "http://www.brainandneurospine.com/skinner_bio.html" "Mozilla/5.0 (Macintosh; Intel Mac OS X 10_7_5) AppleWebKit/537.36 (KHTML, like Gecko) Chrome/27.0.1453.116 Safari/537.36"
98.103.205.34 - - [13/Aug/2013:15:54:02 -0400] "GET /SpryAssets/SpryMenuBarRightHover.gif HTTP/1.1" 200 55 "http://www.brainandneurospine.com/skinner_bio.html" "Mozilla/5.0 (Macintosh; Intel Mac OS X 10_7_5) AppleWebKit/537.36 (KHTML, like Gecko) Chrome/27.0.1453.116 Safari/537.36"
67.200.146.2 - - [13/Aug/2013:17:38:22 -0400] "GET /images/Cleaver-12-2011-189x210.jpg HTTP/1.1" 200 28821 "http://www.brainandneurospine.com/cleaver_bio.html" "Mozilla/5.0 (compatible; MSIE 10.0; Windows NT 6.1; WOW64; Trident/6.0)"
67.200.146.2 - - [13/Aug/2013:17:38:24 -0400] "GET /favicon.ico HTTP/1.1" 404 575 "-" "Mozilla/5.0 (compatible; MSIE 10.0; Windows NT 6.1; WOW64; Trident/6.0)"
67.200.146.2 - - [13/Aug/2013:17:38:53 -0400] "GET /guidos_bio.html HTTP/1.1" 200 16776 "http://www.brainandneurospine.com/colle_bio.html" "Mozilla/5.0 (compatible; MSIE 10.0; Windows NT 6.1; WOW64; Trident/6.0)"
184.154.48.82 - - [13/Aug/2013:04:08:40 -0400] "GET /muckerman_bio.html HTTP/1.0" 200 16037 "-" "Mozilla/5.0 (compatible; MJ12bot/v1.4.3; http://www.majestic12.co.uk/bot.php?+)"
108.16.199.191 - - [13/Aug/2013:21:50:13 -0400] "GET /griffith_bio.html HTTP/1.1" 304 - "http://www.google.com/url?sa=t&rct=j&q=stephanie%20griffith%20morgantown&source=web&cd=2&cad=rja&ved=0CDAQFjAB&url=http%3A%2F%2Fwww.brainandneurospine.com%2Fgriffith_bio.html&ei=LOIKUqOSNaHayAH7s4D4CQ&usg=AFQjCNF0en_-IFetK4IKA-FSjgeblL3tlg" "Mozilla/4.0 (compatible; MSIE 8.0; Windows NT 5.1; Trident/4.0; InfoPath.2; .NET CLR 2.0.50727; .NET CLR 3.0.4506.2152; .NET CLR 3.5.30729)"
108.16.199.191 - - [13/Aug/2013:21:50:13 -0400] "GET /SpryAssets/SpryMenuBar.js HTTP/1.1" 304 - "http://www.brainandneurospine.com/griffith_bio.html" "Mozilla/4.0 (compatible; MSIE 8.0; Windows NT 5.1; Trident/4.0; InfoPath.2; .NET CLR 2.0.50727; .NET CLR 3.0.4506.2152; .NET CLR 3.5.30729)"
108.16.199.191 - - [13/Aug/2013:21:50:13 -0400] "GET /graphics/gray-background.jpg HTTP/1.1" 304 - "http://www.brainandneurospine.com/griffith_bio.html" "Mozilla/4.0 (compatible; MSIE 8.0; Windows NT 5.1; Trident/4.0; InfoPath.2; .NET CLR 2.0.50727; .NET CLR 3.0.4506.2152; .NET CLR 3.5.30729)"
108.16.199.191 - - [13/Aug/2013:21:50:13 -0400] "GET /graphics/rbs-logo-930x125w-v3%20.jpg HTTP/1.1" 304 - "http://www.brainandneurospine.com/griffith_bio.html" "Mozilla/4.0 (compatible; MSIE 8.0; Windows NT 5.1; Trident/4.0; InfoPath.2; .NET CLR 2.0.50727; .NET CLR 3.0.4506.2152; .NET CLR 3.5.30729)"
108.16.199.191 - - [13/Aug/2013:21:50:13 -0400] "GET /SpryAssets/SpryMenuBarDownHover.gif HTTP/1.1" 304 - "http://www.brainandneurospine.com/griffith_bio.html" "Mozilla/4.0 (compatible; MSIE 8.0; Windows NT 5.1; Trident/4.0; InfoPath.2; .NET CLR 2.0.50727; .NET CLR 3.0.4506.2152; .NET CLR 3.5.30729)"
65.55.215.99 - - [13/Aug/2013:23:03:49 -0400] "GET /graphics/brain-balloon-1.jpg HTTP/1.1" 200 12659 "-" "msnbot-media/1.1 (+http://search.msn.com/msnbot.htm)"
46.4.25.85 - - [13/Aug/2013:23:24:04 -0400] "GET /images/tolentino-2010.jpg HTTP/1.0" 200 25917 "-" "-"
66.249.75.160 - - [13/Aug/2013:08:32:51 -0400] "GET /pdf%20documents/Colle-return-to-work-protocol.pdf HTTP/1.1" 304 - "-" "Mozilla/5.0 (compatible; Googlebot/2.1; +http://www.google.com/bot.html)"
50.40.166.46 - - [13/Aug/2013:10:21:45 -0400] "GET /SpryAssets/SpryMenuBarHorizontal.css HTTP/1.1" 200 5807 "http://brainandneurospine.com/tolentino_bio.html" "Mozilla/5.0 (iPad; CPU OS 6_0_1 like Mac OS X) AppleWebKit/536.26 (KHTML, like Gecko) Version/6.0 Mobile/10A8426 Safari/8536.25"
50.40.166.46 - - [13/Aug/2013:10:21:46 -0400] "GET /graphics/Tolentino-MRI.jpg HTTP/1.1" 200 18730 "http://brainandneurospine.com/tolentino_bio.html" "Mozilla/5.0 (iPad; CPU OS 6_0_1 like Mac OS X) AppleWebKit/536.26 (KHTML, like Gecko) Version/6.0 Mobile/10A8426 Safari/8536.25"
50.40.166.46 - - [13/Aug/2013:10:21:46 -0400] "GET /graphics/colle-microscope.gif HTTP/1.1" 200 10069 "http://brainandneurospine.com/tolentino_bio.html" "Mozilla/5.0 (iPad; CPU OS 6_0_1 like Mac OS X) AppleWebKit/536.26 (KHTML, like Gecko) Version/6.0 Mobile/10A8426 Safari/8536.25"
50.40.166.46 - - [13/Aug/2013:10:21:46 -0400] "GET /SpryAssets/SpryMenuBarRightHover.gif HTTP/1.1" 200 55 "http://brainandneurospine.com/tolentino_bio.html" "Mozilla/5.0 (iPad; CPU OS 6_0_1 like Mac OS X) AppleWebKit/536.26 (KHTML, like Gecko) Version/6.0 Mobile/10A8426 Safari/8536.25"
68.187.6.178 - - [13/Aug/2013:10:54:32 -0400] "GET /graphics/gray-background.jpg HTTP/1.1" 200 7781 "http://brainandneurospine.com/index.html" "Mozilla/4.0 (compatible; MSIE 6.0; Windows NT 5.1; SV1; YPC 3.0.0; GTB7.5; .NET CLR 1.1.4322)"
69.35.210.122 - - [13/Aug/2013:11:42:35 -0400] "GET /favicon.ico HTTP/1.1" 404 575 "-" "Mozilla/5.0 (Macintosh; Intel Mac OS X 10_8_4) AppleWebKit/537.36 (KHTML, like Gecko) Chrome/28.0.1500.95 Safari/537.36"
69.35.210.122 - - [13/Aug/2013:11:42:36 -0400] "GET /favicon.ico HTTP/1.1" 404 575 "-" "Mozilla/5.0 (Macintosh; Intel Mac OS X 10_8_4) AppleWebKit/537.36 (KHTML, like Gecko) Chrome/28.0.1500.95 Safari/537.36"
216.68.204.66 - - [13/Aug/2013:12:50:15 -0400] "GET /Scripts/AC_RunActiveContent.js HTTP/1.1" 200 8029 "http://www.brainandneurospine.com/gibbs_bio.html" "Mozilla/5.0 (compatible; MSIE 10.0; Windows NT 6.1; WOW64; Trident/6.0)"
216.68.204.66 - - [13/Aug/2013:12:50:15 -0400] "GET /graphics/tolentino-cutout.gif HTTP/1.1" 200 13936 "http://www.brainandneurospine.com/gibbs_bio.html" "Mozilla/5.0 (compatible; MSIE 10.0; Windows NT 6.1; WOW64; Trident/6.0)"
216.68.204.66 - - [13/Aug/2013:12:50:15 -0400] "GET /graphics/cloud-background.jpg HTTP/1.1" 304 - "http://www.brainandneurospine.com/gibbs_bio.html" "Mozilla/5.0 (compatible; MSIE 10.0; Windows NT 6.1; WOW64; Trident/6.0)"
98.20.189.147 - - [13/Aug/2013:12:56:35 -0400] "GET /graphics/colle-cutout2.gif HTTP/1.1" 200 7469 "http://www.brainandneurospine.com/index.html" "Mozilla/5.0 (Linux; U; Android 4.1.1; en-us; GT-P5113 Build/JRO03C) AppleWebKit/534.30 (KHTML, like Gecko) Version/4.0 Safari/534.30"
209.54.13.33 - - [13/Aug/2013:14:28:34 -0400] "GET /forms/work-comp-auth-01-25-12.pdf HTTP/1.1" 200 14041 "https://www.google.com/" "Mozilla/5.0 (Windows NT 6.0) AppleWebKit/537.36 (KHTML, like Gecko) Chrome/28.0.1500.95 Safari/537.36"
69.119.174.245 - - [13/Aug/2013:19:50:49 -0400] "GET /SpryAssets/SpryMenuBarHorizontal.css HTTP/1.1" 200 5807 "http://www.brainandneurospine.com/smith_bio.html" "Mozilla/5.0 (iPad; CPU OS 6_1_3 like Mac OS X) AppleWebKit/536.26 (KHTML, like Gecko) Version/6.0 Mobile/10B329 Safari/8536.25"
69.119.174.245 - - [13/Aug/2013:19:50:49 -0400] "GET /graphics/tolentino-cutout.gif HTTP/1.1" 200 13936 "http://www.brainandneurospine.com/smith_bio.html" "Mozilla/5.0 (iPad; CPU OS 6_1_3 like Mac OS X) AppleWebKit/536.26 (KHTML, like Gecko) Version/6.0 Mobile/10B329 Safari/8536.25"
69.119.174.245 - - [13/Aug/2013:19:50:49 -0400] "GET /graphics/colle-cutout2.gif HTTP/1.1" 200 7469 "http://www.brainandneurospine.com/smith_bio.html" "Mozilla/5.0 (iPad; CPU OS 6_1_3 like Mac OS X) AppleWebKit/536.26 (KHTML, like Gecko) Version/6.0 Mobile/10B329 Safari/8536.25"
69.119.174.245 - - [13/Aug/2013:19:50:49 -0400] "GET /SpryAssets/SpryMenuBarDown.gif HTTP/1.1" 200 55 "http://www.brainandneurospine.com/smith_bio.html" "Mozilla/5.0 (iPad; CPU OS 6_1_3 like Mac OS X) AppleWebKit/536.26 (KHTML, like Gecko) Version/6.0 Mobile/10B329 Safari/8536.25"
95.108.158.238 - - [13/Aug/2013:07:15:23 -0400] "GET /videos/photos-for-patient-videos-page/shaped-beam-novalis.jpg HTTP/1.1" 304 - "-" "Mozilla/5.0 (compatible; YandexImages/3.0; +http://yandex.com/bots)"
99.164.156.55 - - [13/Aug/2013:09:24:22 -0400] "GET /graphics/colle-microscope.gif HTTP/1.1" 200 10069 "http://www.brainandneurospine.com/vaught_bio.html" "Mozilla/5.0 (compatible; MSIE 9.0; Windows NT 6.1; WOW64; Trident/5.0)"
70.242.140.55 - - [13/Aug/2013:10:46:42 -0400] "GET /SpryAssets/SpryMenuBarHorizontal.css HTTP/1.1" 200 5807 "http://www.brainandneurospine.com/" "Mozilla/5.0 (Windows NT 6.1; WOW64) AppleWebKit/537.36 (KHTML, like Gecko) Chrome/28.0.1500.95 Safari/537.36"
70.242.140.55 - - [13/Aug/2013:10:46:43 -0400] "GET /Scripts/AC_RunActiveContent.js HTTP/1.1" 200 8029 "http://www.brainandneurospine.com/" "Mozilla/5.0 (Windows NT 6.1; WOW64) AppleWebKit/537.36 (KHTML, like Gecko) Chrome/28.0.1500.95 Safari/537.36"
70.242.140.55 - - [13/Aug/2013:10:46:45 -0400] "GET /images/docs_rbs4.jpg HTTP/1.1" 200 59790 "http://www.brainandneurospine.com/" "Mozilla/5.0 (Windows NT 6.1; WOW64) AppleWebKit/537.36 (KHTML, like Gecko) Chrome/28.0.1500.95 Safari/537.36"
70.242.140.55 - - [13/Aug/2013:10:46:46 -0400] "GET /graphics/rbs-logo-930x125w-v3%20.jpg HTTP/1.1" 200 28337 "http://www.brainandneurospine.com/" "Mozilla/5.0 (Windows NT 6.1; WOW64) AppleWebKit/537.36 (KHTML, like Gecko) Chrome/28.0.1500.95 Safari/537.36"
70.242.140.55 - - [13/Aug/2013:10:46:47 -0400] "GET /graphics/5-stars-250x60.jpg HTTP/1.1" 200 15249 "http://www.brainandneurospine.com/" "Mozilla/5.0 (Windows NT 6.1; WOW64) AppleWebKit/537.36 (KHTML, like Gecko) Chrome/28.0.1500.95 Safari/537.36"
70.242.140.55 - - [13/Aug/2013:10:46:48 -0400] "GET /graphics/gray-background.jpg HTTP/1.1" 200 7781 "http://www.brainandneurospine.com/" "Mozilla/5.0 (Windows NT 6.1; WOW64) AppleWebKit/537.36 (KHTML, like Gecko) Chrome/28.0.1500.95 Safari/537.36"
70.242.140.55 - - [13/Aug/2013:10:46:48 -0400] "GET /graphics/tolentino-cutout.gif HTTP/1.1" 200 13936 "http://www.brainandneurospine.com/" "Mozilla/5.0 (Windows NT 6.1; WOW64) AppleWebKit/537.36 (KHTML, like Gecko) Chrome/28.0.1500.95 Safari/537.36"
70.242.140.55 - - [13/Aug/2013:10:46:49 -0400] "GET /graphics/vaught-cutout1.gif HTTP/1.1" 200 9004 "http://www.brainandneurospine.com/" "Mozilla/5.0 (Windows NT 6.1; WOW64) AppleWebKit/537.36 (KHTML, like Gecko) Chrome/28.0.1500.95 Safari/537.36"
70.242.140.55 - - [13/Aug/2013:10:46:49 -0400] "GET /graphics/cleaver-guidos-cutout.gif HTTP/1.1" 200 7051 "http://www.brainandneurospine.com/" "Mozilla/5.0 (Windows NT 6.1; WOW64) AppleWebKit/537.36 (KHTML, like Gecko) Chrome/28.0.1500.95 Safari/537.36"
70.242.140.55 - - [13/Aug/2013:10:46:49 -0400] "GET /SpryAssets/SpryMenuBarDownHover.gif HTTP/1.1" 200 55 "http://www.brainandneurospine.com/" "Mozilla/5.0 (Windows NT 6.1; WOW64) AppleWebKit/537.36 (KHTML, like Gecko) Chrome/28.0.1500.95 Safari/537.36"
70.242.140.55 - - [13/Aug/2013:10:46:50 -0400] "GET /SpryAssets/SpryMenuBarRightHover.gif HTTP/1.1" 200 55 "http://www.brainandneurospine.com/" "Mozilla/5.0 (Windows NT 6.1; WOW64) AppleWebKit/537.36 (KHTML, like Gecko) Chrome/28.0.1500.95 Safari/537.36"
70.242.140.55 - - [13/Aug/2013:10:46:50 -0400] "GET /SpryAssets/SpryMenuBarDown.gif HTTP/1.1" 200 55 "http://www.brainandneurospine.com/" "Mozilla/5.0 (Windows NT 6.1; WOW64) AppleWebKit/537.36 (KHTML, like Gecko) Chrome/28.0.1500.95 Safari/537.36"
70.242.140.55 - - [13/Aug/2013:10:46:50 -0400] "GET /SpryAssets/SpryMenuBarRight.gif HTTP/1.1" 200 55 "http://www.brainandneurospine.com/" "Mozilla/5.0 (Windows NT 6.1; WOW64) AppleWebKit/537.36 (KHTML, like Gecko) Chrome/28.0.1500.95 Safari/537.36"
68.187.6.178 - - [13/Aug/2013:10:54:33 -0400] "GET /graphics/tolentino-cutout.gif HTTP/1.1" 200 13936 "http://brainandneurospine.com/index.html" "Mozilla/4.0 (compatible; MSIE 6.0; Windows NT 5.1; SV1; YPC 3.0.0; GTB7.5; .NET CLR 1.1.4322)"
24.240.202.106 - - [13/Aug/2013:11:42:07 -0400] "GET /favicon.ico HTTP/1.1" 404 575 "-" "Mozilla/4.0 (compatible; MSIE 8.0; Windows NT 6.1; WOW64; Trident/4.0; SLCC2; .NET CLR 2.0.50727; .NET CLR 3.5.30729; .NET CLR 3.0.30729; Media Center PC 6.0; MDDR; .NET4.0C; .NET4.0E; AskTbORJ/5.15.4.23821)"
194.74.48.4 - - [13/Aug/2013:11:56:25 -0400] "GET /images/docs_rbs4.jpg HTTP/1.1" 200 59790 "-" "Mozilla/4.0 (compatible;)"
70.242.138.54 - - [13/Aug/2013:21:48:27 -0400] "GET /graphics/cloud-background.jpg HTTP/1.1" 200 11928 "http://www.brainandneurospine.com/vaught_bio.html" "Mozilla/5.0 (compatible; MSIE 10.0; Windows NT 6.1; WOW64; Trident/6.0)"
70.242.138.54 - - [13/Aug/2013:21:48:27 -0400] "GET /graphics/Vaught-clinic-1.jpg HTTP/1.1" 200 53040 "http://www.brainandneurospine.com/vaught_bio.html" "Mozilla/5.0 (compatible; MSIE 10.0; Windows NT 6.1; WOW64; Trident/6.0)"
66.249.72.213 - - [13/Aug/2013:03:17:17 -0400] "GET /graphics/vaught-gibbs-cutout.gif HTTP/1.1" 304 - "-" "Googlebot-Image/1.0"
69.122.147.72 - - [13/Aug/2013:12:28:55 -0400] "GET /2009-education-links.html HTTP/1.1" 200 17791 "-" "Mozilla/4.0 (compatible; MSIE 5.5; Windows NT 4.0)"
174.36.32.16 - - [13/Aug/2013:14:00:28 -0400] "GET /favicon.ico HTTP/1.1" 404 575 "-" "Mozilla/5.0+(compatible;+PiplBot;++http://www.pipl.com/bot/)"
97.84.33.162 - - [13/Aug/2013:14:13:14 -0400] "GET /tplayer/css/ADPMask.css HTTP/1.1" 200 234 "http://www.brainandneurospine.com/" "Mozilla/4.0 (compatible; MSIE 8.0; Windows NT 6.1; Trident/4.0; SLCC2; .NET CLR 2.0.50727; .NET CLR 3.5.30729; .NET CLR 3.0.30729; Media Center PC 6.0; Tablet PC 2.0; .NET4.0C; .NET4.0E; AskTbORJ/5.15.23.36191)"
97.84.33.162 - - [13/Aug/2013:14:13:14 -0400] "GET /SpryAssets/SpryMenuBarHorizontal.css HTTP/1.1" 200 5807 "http://www.brainandneurospine.com/" "Mozilla/4.0 (compatible; MSIE 8.0; Windows NT 6.1; Trident/4.0; SLCC2; .NET CLR 2.0.50727; .NET CLR 3.5.30729; .NET CLR 3.0.30729; Media Center PC 6.0; Tablet PC 2.0; .NET4.0C; .NET4.0E; AskTbORJ/5.15.23.36191)"
97.84.33.162 - - [13/Aug/2013:14:13:16 -0400] "GET /graphics/vaught-cutout1.gif HTTP/1.1" 200 9004 "http://www.brainandneurospine.com/" "Mozilla/4.0 (compatible; MSIE 8.0; Windows NT 6.1; Trident/4.0; SLCC2; .NET CLR 2.0.50727; .NET CLR 3.5.30729; .NET CLR 3.0.30729; Media Center PC 6.0; Tablet PC 2.0; .NET4.0C; .NET4.0E; AskTbORJ/5.15.23.36191)"
97.84.33.162 - - [13/Aug/2013:14:13:16 -0400] "GET /images/docs_rbs4.jpg HTTP/1.1" 200 59790 "http://www.brainandneurospine.com/" "Mozilla/4.0 (compatible; MSIE 8.0; Windows NT 6.1; Trident/4.0; SLCC2; .NET CLR 2.0.50727; .NET CLR 3.5.30729; .NET CLR 3.0.30729; Media Center PC 6.0; Tablet PC 2.0; .NET4.0C; .NET4.0E; AskTbORJ/5.15.23.36191)"
46.4.25.85 - - [13/Aug/2013:15:02:50 -0400] "GET /images/jason-bowers1.jpg HTTP/1.0" 200 47271 "-" "-"
12.133.6.2 - - [13/Aug/2013:15:29:04 -0400] "GET /graphics/vaught-cutout1.gif HTTP/1.1" 304 - "http://www.brainandneurospine.com/tolentino_bio.html" "Mozilla/4.0 (compatible; MSIE 8.0; Windows NT 6.1; Trident/4.0; SLCC2; .NET CLR 2.0.50727; .NET CLR 3.5.30729; .NET CLR 3.0.30729; Media Center PC 6.0; .NET4.0C; .NET4.0E; InfoPath.3)"
12.133.6.2 - - [13/Aug/2013:15:29:04 -0400] "GET /SpryAssets/SpryMenuBarDownHover.gif HTTP/1.1" 304 - "http://www.brainandneurospine.com/tolentino_bio.html" "Mozilla/4.0 (compatible; MSIE 8.0; Windows NT 6.1; Trident/4.0; SLCC2; .NET CLR 2.0.50727; .NET CLR 3.5.30729; .NET CLR 3.0.30729; Media Center PC 6.0; .NET4.0C; .NET4.0E; InfoPath.3)"
12.133.6.2 - - [13/Aug/2013:15:31:40 -0400] "GET /images/Kristi%204%20300.jpg HTTP/1.1" 304 - "http://www.brainandneurospine.com/skinner_bio.html" "Mozilla/4.0 (compatible; MSIE 8.0; Windows NT 6.1; Trident/4.0; SLCC2; .NET CLR 2.0.50727; .NET CLR 3.5.30729; .NET CLR 3.0.30729; Media Center PC 6.0; .NET4.0C; .NET4.0E; InfoPath.3)"
217.73.208.86 - - [13/Aug/2013:15:52:08 -0400] "GET /PDF-Docs/Kathy-Vickery-Resume-July+2010.pdf HTTP/1.1" 404 575 "-" "Mozilla/5.0 (compatible; IstellaBot/1.10.2 +http://www.tiscali.it/)"
67.200.146.2 - - [13/Aug/2013:17:39:36 -0400] "GET /tplayer/scripts/tplayer.js HTTP/1.1" 200 60791 "http://www.brainandneurospine.com/index.html" "Mozilla/5.0 (compatible; MSIE 10.0; Windows NT 6.1; WOW64; Trident/6.0)"
67.200.146.2 - - [13/Aug/2013:17:39:36 -0400] "GET /tplayer/scripts/tplayer-config.js HTTP/1.1" 200 78567 "http://www.brainandneurospine.com/index.html" "Mozilla/5.0 (compatible; MSIE 10.0; Windows NT 6.1; WOW64; Trident/6.0)"
67.200.146.2 - - [13/Aug/2013:17:39:36 -0400] "GET /graphics/SE-medical-plaza-sign%20160.jpg HTTP/1.1" 200 19171 "http://www.brainandneurospine.com/index.html" "Mozilla/5.0 (compatible; MSIE 10.0; Windows NT 6.1; WOW64; Trident/6.0)"