0byt3m1n1
Path:
/
data
/
0
/
0
/
19
/
13
/
19502
/
meta
/
19930
/
logs
/
[
Home
]
File: x-access_log.2013-08-13
12.133.6.2 - - [13/Aug/2013:15:29:04 -0400] "GET /tolentino_bio.html HTTP/1.1" 304 - "http://www.google.com/url?sa=t&rct=j&q=dr%20tolentino%20cape%20girardeau%20mo&source=web&cd=4&ved=0CEUQFjAD&url=http%3A%2F%2Fwww.brainandneurospine.com%2Ftolentino_bio.html&ei=7YgKUq-_NuSj2QXGyYCgDg&usg=AFQjCNHYbOs3eWxVuLiBdaAglN-qXyqe3w&bvm=bv.50500085,d.aWc" "Mozilla/4.0 (compatible; MSIE 8.0; Windows NT 6.1; Trident/4.0; SLCC2; .NET CLR 2.0.50727; .NET CLR 3.5.30729; .NET CLR 3.0.30729; Media Center PC 6.0; .NET4.0C; .NET4.0E; InfoPath.3)"
12.133.6.2 - - [13/Aug/2013:15:29:04 -0400] "GET /SpryAssets/SpryMenuBar.js HTTP/1.1" 304 - "http://www.brainandneurospine.com/tolentino_bio.html" "Mozilla/4.0 (compatible; MSIE 8.0; Windows NT 6.1; Trident/4.0; SLCC2; .NET CLR 2.0.50727; .NET CLR 3.5.30729; .NET CLR 3.0.30729; Media Center PC 6.0; .NET4.0C; .NET4.0E; InfoPath.3)"
12.133.6.2 - - [13/Aug/2013:15:29:04 -0400] "GET /graphics/colle-microscope.gif HTTP/1.1" 304 - "http://www.brainandneurospine.com/tolentino_bio.html" "Mozilla/4.0 (compatible; MSIE 8.0; Windows NT 6.1; Trident/4.0; SLCC2; .NET CLR 2.0.50727; .NET CLR 3.5.30729; .NET CLR 3.0.30729; Media Center PC 6.0; .NET4.0C; .NET4.0E; InfoPath.3)"
12.133.6.2 - - [13/Aug/2013:15:29:04 -0400] "GET /graphics/cloud-background.jpg HTTP/1.1" 304 - "http://www.brainandneurospine.com/tolentino_bio.html" "Mozilla/4.0 (compatible; MSIE 8.0; Windows NT 6.1; Trident/4.0; SLCC2; .NET CLR 2.0.50727; .NET CLR 3.5.30729; .NET CLR 3.0.30729; Media Center PC 6.0; .NET4.0C; .NET4.0E; InfoPath.3)"
67.66.139.22 - - [13/Aug/2013:09:05:54 -0400] "GET /favicon.ico HTTP/1.1" 404 575 "-" "Mozilla/4.0 (compatible; MSIE 8.0; Windows NT 6.1; WOW64; Trident/4.0; SLCC2; .NET CLR 2.0.50727; .NET CLR 3.5.30729; .NET CLR 3.0.30729; Media Center PC 6.0; .NET4.0C; .NET4.0E; InfoPath.3; MS-RTC LM 8)"
130.185.109.210 - - [13/Aug/2013:09:12:03 -0400] "GET / HTTP/1.1" 200 40346 "-" "PagesInventory (robot +http://www.pagesinventory.com)"
99.164.156.55 - - [13/Aug/2013:09:24:48 -0400] "GET /images/Dr-Kyle-Colle.jpg HTTP/1.1" 200 50756 "http://www.brainandneurospine.com/colle_bio.html" "Mozilla/5.0 (compatible; MSIE 9.0; Windows NT 6.1; WOW64; Trident/5.0)"
99.164.156.55 - - [13/Aug/2013:09:25:49 -0400] "GET /BNSC-Office-Merge.html HTTP/1.1" 200 15499 "http://www.brainandneurospine.com/index.html" "Mozilla/5.0 (compatible; MSIE 9.0; Windows NT 6.1; WOW64; Trident/5.0)"
46.4.25.85 - - [13/Aug/2013:09:29:09 -0400] "GET /images/jason-bowers1.jpg HTTP/1.0" 200 47271 "-" "-"
24.100.149.115 - - [13/Aug/2013:10:02:47 -0400] "GET /SpryAssets/SpryMenuBar.js HTTP/1.1" 200 10064 "http://www.brainandneurospine.com/" "Mozilla/4.0 (compatible; MSIE 8.0; Windows NT 5.1; Trident/4.0; GTB7.5; .NET CLR 3.0.4506.2152; .NET CLR 2.0.50727; .NET CLR 3.5.30729)"
24.100.149.115 - - [13/Aug/2013:10:02:48 -0400] "GET /tplayer/css/ADPMask.css HTTP/1.1" 200 234 "http://www.brainandneurospine.com/" "Mozilla/4.0 (compatible; MSIE 8.0; Windows NT 5.1; Trident/4.0; GTB7.5; .NET CLR 3.0.4506.2152; .NET CLR 2.0.50727; .NET CLR 3.5.30729)"
24.199.83.210 - - [13/Aug/2013:10:06:44 -0400] "GET /favicon.ico HTTP/1.1" 404 575 "http://www.brainandneurospine.com/bowers_bio.html" "Mozilla/5.0 (Macintosh; Intel Mac OS X 10_7_5) AppleWebKit/536.29.13 (KHTML, like Gecko) Version/6.0.4 Safari/536.29.13"
70.242.140.55 - - [13/Aug/2013:10:46:49 -0400] "GET /graphics/Calendar-Appointment-100x75.jpg HTTP/1.1" 200 12359 "http://www.brainandneurospine.com/" "Mozilla/5.0 (Windows NT 6.1; WOW64) AppleWebKit/537.36 (KHTML, like Gecko) Chrome/28.0.1500.95 Safari/537.36"
68.187.6.178 - - [13/Aug/2013:10:54:39 -0400] "GET /graphics/RBS_LogoStackedTAG.jpg HTTP/1.1" 200 127207 "http://brainandneurospine.com/index.html" "Mozilla/4.0 (compatible; MSIE 6.0; Windows NT 5.1; SV1; YPC 3.0.0; GTB7.5; .NET CLR 1.1.4322)"
69.35.210.122 - - [13/Aug/2013:11:38:50 -0400] "GET / HTTP/1.1" 200 40346 "-" "Mozilla/5.0 (Macintosh; Intel Mac OS X 10_8_4) AppleWebKit/537.36 (KHTML, like Gecko) Chrome/28.0.1500.95 Safari/537.36"
69.35.210.122 - - [13/Aug/2013:11:38:50 -0400] "GET / HTTP/1.1" 200 40346 "-" "Mozilla/5.0 (Macintosh; Intel Mac OS X 10_8_4) AppleWebKit/537.36 (KHTML, like Gecko) Chrome/28.0.1500.95 Safari/537.36"
69.35.210.122 - - [13/Aug/2013:11:38:50 -0400] "GET /graphics/gray-background.jpg HTTP/1.1" 200 7781 "http://www.brainandneurospine.com/" "Mozilla/5.0 (Macintosh; Intel Mac OS X 10_8_4) AppleWebKit/537.36 (KHTML, like Gecko) Chrome/28.0.1500.95 Safari/537.36"
69.35.210.122 - - [13/Aug/2013:11:38:50 -0400] "GET /graphics/cleaver-guidos-cutout.gif HTTP/1.1" 200 7051 "http://www.brainandneurospine.com/" "Mozilla/5.0 (Macintosh; Intel Mac OS X 10_8_4) AppleWebKit/537.36 (KHTML, like Gecko) Chrome/28.0.1500.95 Safari/537.36"
69.35.210.122 - - [13/Aug/2013:11:38:51 -0400] "GET /graphics/colle-cutout2.gif HTTP/1.1" 200 7469 "http://www.brainandneurospine.com/" "Mozilla/5.0 (Macintosh; Intel Mac OS X 10_8_4) AppleWebKit/537.36 (KHTML, like Gecko) Chrome/28.0.1500.95 Safari/537.36"
69.35.210.122 - - [13/Aug/2013:11:38:51 -0400] "GET /images/docs_rbs4.jpg HTTP/1.1" 200 59790 "http://www.brainandneurospine.com/" "Mozilla/5.0 (Macintosh; Intel Mac OS X 10_8_4) AppleWebKit/537.36 (KHTML, like Gecko) Chrome/28.0.1500.95 Safari/537.36"
69.35.210.122 - - [13/Aug/2013:11:38:51 -0400] "GET /graphics/5-stars-250x60.jpg HTTP/1.1" 200 15249 "http://www.brainandneurospine.com/" "Mozilla/5.0 (Macintosh; Intel Mac OS X 10_8_4) AppleWebKit/537.36 (KHTML, like Gecko) Chrome/28.0.1500.95 Safari/537.36"
69.35.210.122 - - [13/Aug/2013:11:38:51 -0400] "GET /SpryAssets/SpryMenuBarRightHover.gif HTTP/1.1" 200 55 "http://www.brainandneurospine.com/" "Mozilla/5.0 (Macintosh; Intel Mac OS X 10_8_4) AppleWebKit/537.36 (KHTML, like Gecko) Chrome/28.0.1500.95 Safari/537.36"
69.35.210.122 - - [13/Aug/2013:11:38:52 -0400] "GET /graphics/SE-medical-plaza-sign%20160.jpg HTTP/1.1" 200 19171 "http://www.brainandneurospine.com/" "Mozilla/5.0 (Macintosh; Intel Mac OS X 10_8_4) AppleWebKit/537.36 (KHTML, like Gecko) Chrome/28.0.1500.95 Safari/537.36"
207.241.226.239 - - [13/Aug/2013:20:32:50 -0400] "GET /robots.txt HTTP/1.1" 404 575 "-" "ia_archiver(OS-Wayback)"
108.16.199.191 - - [13/Aug/2013:21:50:13 -0400] "GET /graphics/colle-cutout2.gif HTTP/1.1" 304 - "http://www.brainandneurospine.com/griffith_bio.html" "Mozilla/4.0 (compatible; MSIE 8.0; Windows NT 5.1; Trident/4.0; InfoPath.2; .NET CLR 2.0.50727; .NET CLR 3.0.4506.2152; .NET CLR 3.5.30729)"
157.55.33.17 - - [13/Aug/2013:23:36:18 -0400] "GET /button1.swf HTTP/1.1" 404 575 "-" "Mozilla/5.0 (compatible; bingbot/2.0; +http://www.bing.com/bingbot.htm)"
209.54.13.33 - - [13/Aug/2013:14:28:12 -0400] "GET / HTTP/1.1" 200 40346 "https://www.google.com/" "Mozilla/5.0 (Windows NT 6.0) AppleWebKit/537.36 (KHTML, like Gecko) Chrome/28.0.1500.95 Safari/537.36"
199.30.20.3 - - [13/Aug/2013:04:05:23 -0400] "GET /Patient%20letters%20to%20Doctors/2-11-2009.jpg HTTP/1.1" 200 86763 "-" "msnbot-media/1.1 (+http://search.msn.com/msnbot.htm)"
173.199.114.211 - - [13/Aug/2013:00:13:42 -0400] "GET /Patient%20letters%20to%20Doctors/8-2009-thankyou.jpg HTTP/1.1" 200 65005 "-" "Mozilla/5.0 (compatible; AhrefsBot/4.0; +http://ahrefs.com/robot/)"
69.122.147.72 - - [13/Aug/2013:02:36:53 -0400] "GET / HTTP/1.1" 200 40346 "-" "Mozilla/4.0 (compatible; MSIE 5.5; Windows NT 4.0)"
208.242.14.200 - - [13/Aug/2013:07:55:19 -0400] "GET /SpryAssets/SpryMenuBarVertical.css HTTP/1.1" 304 - "http://www.brainandneurospine.com/2009-contact.html" "Mozilla/4.0 (compatible; MSIE 6.0; Windows NT 5.1; Trident/4.0; .NET CLR 1.1.4322; .NET CLR 2.0.50727; .NET CLR 3.0.04506.30; .NET CLR 3.0.4506.2152; .NET CLR 3.5.30729)"
208.242.14.200 - - [13/Aug/2013:07:55:26 -0400] "GET /SpryAssets/SpryMenuBarDownHover.gif HTTP/1.1" 304 - "http://www.brainandneurospine.com/2009-contact.html" "Mozilla/4.0 (compatible; MSIE 6.0; Windows NT 5.1; Trident/4.0; .NET CLR 1.1.4322; .NET CLR 2.0.50727; .NET CLR 3.0.04506.30; .NET CLR 3.0.4506.2152; .NET CLR 3.5.30729)"
208.242.14.200 - - [13/Aug/2013:07:55:26 -0400] "GET /SpryAssets/SpryMenuBarDown.gif HTTP/1.1" 304 - "http://www.brainandneurospine.com/2009-contact.html" "Mozilla/4.0 (compatible; MSIE 6.0; Windows NT 5.1; Trident/4.0; .NET CLR 1.1.4322; .NET CLR 2.0.50727; .NET CLR 3.0.04506.30; .NET CLR 3.0.4506.2152; .NET CLR 3.5.30729)"
95.108.158.238 - - [13/Aug/2013:02:12:29 -0400] "GET /robots.txt HTTP/1.1" 404 575 "-" "Mozilla/5.0 (compatible; YandexImages/3.0; +http://yandex.com/bots)"
67.66.139.22 - - [13/Aug/2013:09:05:46 -0400] "GET /tplayer/scripts/tplayer.js HTTP/1.1" 200 60791 "http://www.brainandneurospine.com/" "Mozilla/4.0 (compatible; MSIE 8.0; Windows NT 6.1; WOW64; Trident/4.0; SLCC2; .NET CLR 2.0.50727; .NET CLR 3.5.30729; .NET CLR 3.0.30729; Media Center PC 6.0; .NET4.0C; .NET4.0E; InfoPath.3; MS-RTC LM 8)"
99.164.156.55 - - [13/Aug/2013:09:24:30 -0400] "GET /favicon.ico HTTP/1.1" 404 575 "-" "Mozilla/5.0 (compatible; MSIE 9.0; Windows NT 6.1; WOW64; Trident/5.0)"
99.164.156.55 - - [13/Aug/2013:09:25:30 -0400] "GET /index.html HTTP/1.1" 200 40346 "http://www.brainandneurospine.com/vaught_bio.html" "Mozilla/5.0 (compatible; MSIE 9.0; Windows NT 6.1; WOW64; Trident/5.0)"
99.164.156.55 - - [13/Aug/2013:09:25:37 -0400] "GET /graphics/SE-medical-plaza-sign%20160.jpg HTTP/1.1" 200 19171 "http://www.brainandneurospine.com/index.html" "Mozilla/5.0 (compatible; MSIE 9.0; Windows NT 6.1; WOW64; Trident/5.0)"
123.125.71.100 - - [13/Aug/2013:10:02:55 -0400] "GET / HTTP/1.1" 200 40346 "-" "Baiduspider-image+(+http://www.baidu.com/search/spider.htm)"
75.134.204.95 - - [13/Aug/2013:10:35:18 -0400] "GET /SpryAssets/SpryMenuBarVertical.css HTTP/1.1" 200 4594 "http://www.brainandneurospine.com/cleaver_bio.html" "Mozilla/5.0 (Windows NT 6.1; WOW64; rv:22.0) Gecko/20100101 Firefox/22.0"
75.134.204.95 - - [13/Aug/2013:10:35:18 -0400] "GET /graphics/rbs-logo-930x125w-v3%20.jpg HTTP/1.1" 200 28337 "http://www.brainandneurospine.com/cleaver_bio.html" "Mozilla/5.0 (Windows NT 6.1; WOW64; rv:22.0) Gecko/20100101 Firefox/22.0"
194.74.48.4 - - [13/Aug/2013:11:56:25 -0400] "GET /graphics/Calendar-Appointment-100x75.jpg HTTP/1.1" 200 12359 "-" "Mozilla/4.0 (compatible;)"
108.16.199.191 - - [13/Aug/2013:21:49:53 -0400] "GET /graphics/colle-microscope.gif HTTP/1.1" 200 10069 "http://www.brainandneurospine.com/griffith_bio.html" "Mozilla/4.0 (compatible; MSIE 8.0; Windows NT 5.1; Trident/4.0; InfoPath.2; .NET CLR 2.0.50727; .NET CLR 3.0.4506.2152; .NET CLR 3.5.30729)"
108.16.199.191 - - [13/Aug/2013:21:49:53 -0400] "GET /SpryAssets/SpryMenuBarDownHover.gif HTTP/1.1" 200 55 "http://www.brainandneurospine.com/griffith_bio.html" "Mozilla/4.0 (compatible; MSIE 8.0; Windows NT 5.1; Trident/4.0; InfoPath.2; .NET CLR 2.0.50727; .NET CLR 3.0.4506.2152; .NET CLR 3.5.30729)"
220.181.89.172 - - [13/Aug/2013:22:21:12 -0400] "GET / HTTP/1.1" 304 - "-" "Sogou web spider/4.0(+http://www.sogou.com/docs/help/webmasters.htm#07)"
91.207.9.226 - - [13/Aug/2013:19:39:58 -0400] "GET / HTTP/1.1" 200 40346 "http://muzik-stili.ru/" "Mozilla/4.0 (compatible; MSIE 7.0b; Windows NT 6.0 ; .NET CLR 2.0.50215; SL Commerce Client v1.0; Tablet PC 2.0"
217.73.208.86 - - [13/Aug/2013:12:21:39 -0400] "GET /Spinal-Exchange-Contact.html HTTP/1.1" 200 7954 "-" "Mozilla/5.0 (compatible; IstellaBot/1.10.2 +http://www.tiscali.it/)"
150.70.173.43 - - [13/Aug/2013:12:51:29 -0400] "GET /SpryAssets/SpryMenuBar.js HTTP/1.1" 200 10064 "-" "Mozilla/4.0 (compatible; MSIE 8.0; Windows NT 5.1; Trident/4.0)"
50.40.236.86 - - [13/Aug/2013:12:58:45 -0400] "GET /SpryAssets/SpryMenuBarHorizontal.css HTTP/1.1" 200 5807 "http://www.brainandneurospine.com/vaught_bio.html" "Mozilla/5.0 (Windows NT 6.1; WOW64) AppleWebKit/537.36 (KHTML, like Gecko) Chrome/28.0.1500.95 Safari/537.36"
50.40.236.86 - - [13/Aug/2013:12:58:46 -0400] "GET /graphics/Vaught-surgery-2.jpg HTTP/1.1" 200 13153 "http://www.brainandneurospine.com/vaught_bio.html" "Mozilla/5.0 (Windows NT 6.1; WOW64) AppleWebKit/537.36 (KHTML, like Gecko) Chrome/28.0.1500.95 Safari/537.36"
50.40.236.86 - - [13/Aug/2013:12:58:46 -0400] "GET /graphics/vaught-cutout1.gif HTTP/1.1" 200 9004 "http://www.brainandneurospine.com/vaught_bio.html" "Mozilla/5.0 (Windows NT 6.1; WOW64) AppleWebKit/537.36 (KHTML, like Gecko) Chrome/28.0.1500.95 Safari/537.36"
50.40.236.86 - - [13/Aug/2013:12:58:47 -0400] "GET /SpryAssets/SpryMenuBarDownHover.gif HTTP/1.1" 200 55 "http://www.brainandneurospine.com/vaught_bio.html" "Mozilla/5.0 (Windows NT 6.1; WOW64) AppleWebKit/537.36 (KHTML, like Gecko) Chrome/28.0.1500.95 Safari/537.36"
50.40.236.86 - - [13/Aug/2013:12:58:56 -0400] "GET /favicon.ico HTTP/1.1" 404 575 "-" "Mozilla/5.0 (Windows NT 6.1; WOW64) AppleWebKit/537.36 (KHTML, like Gecko) Chrome/28.0.1500.95 Safari/537.36"
166.147.104.42 - - [13/Aug/2013:14:05:31 -0400] "GET /graphics/Calendar-Appointment-100x75.jpg HTTP/1.1" 200 12359 "http://www.brainandneurospine.com/" "Mozilla/5.0 (iPhone; CPU iPhone OS 6_1_3 like Mac OS X) AppleWebKit/536.26 (KHTML, like Gecko) Version/6.0 Mobile/10B329 Safari/8536.25"
166.147.104.42 - - [13/Aug/2013:14:05:33 -0400] "GET /graphics/vaught-cutout1.gif HTTP/1.1" 200 9004 "http://www.brainandneurospine.com/" "Mozilla/5.0 (iPhone; CPU iPhone OS 6_1_3 like Mac OS X) AppleWebKit/536.26 (KHTML, like Gecko) Version/6.0 Mobile/10B329 Safari/8536.25"
166.147.104.42 - - [13/Aug/2013:14:05:33 -0400] "GET /SpryAssets/SpryMenuBarDown.gif HTTP/1.1" 200 55 "http://www.brainandneurospine.com/" "Mozilla/5.0 (iPhone; CPU iPhone OS 6_1_3 like Mac OS X) AppleWebKit/536.26 (KHTML, like Gecko) Version/6.0 Mobile/10B329 Safari/8536.25"
166.147.104.42 - - [13/Aug/2013:14:05:33 -0400] "GET /SpryAssets/SpryMenuBarRight.gif HTTP/1.1" 200 55 "http://www.brainandneurospine.com/" "Mozilla/5.0 (iPhone; CPU iPhone OS 6_1_3 like Mac OS X) AppleWebKit/536.26 (KHTML, like Gecko) Version/6.0 Mobile/10B329 Safari/8536.25"
209.54.13.33 - - [13/Aug/2013:14:28:16 -0400] "GET /tplayer/scripts/tplayer-config.js HTTP/1.1" 200 78567 "http://www.brainandneurospine.com/" "Mozilla/5.0 (Windows NT 6.0) AppleWebKit/537.36 (KHTML, like Gecko) Chrome/28.0.1500.95 Safari/537.36"
209.54.13.33 - - [13/Aug/2013:14:28:18 -0400] "GET /graphics/5-stars-250x60.jpg HTTP/1.1" 200 15249 "http://www.brainandneurospine.com/" "Mozilla/5.0 (Windows NT 6.0) AppleWebKit/537.36 (KHTML, like Gecko) Chrome/28.0.1500.95 Safari/537.36"
209.54.13.33 - - [13/Aug/2013:14:28:18 -0400] "GET /SpryAssets/SpryMenuBarDown.gif HTTP/1.1" 200 55 "http://www.brainandneurospine.com/" "Mozilla/5.0 (Windows NT 6.0) AppleWebKit/537.36 (KHTML, like Gecko) Chrome/28.0.1500.95 Safari/537.36"
209.54.13.33 - - [13/Aug/2013:14:28:19 -0400] "GET /graphics/SE-medical-plaza-sign%20160.jpg HTTP/1.1" 200 19171 "http://www.brainandneurospine.com/" "Mozilla/5.0 (Windows NT 6.0) AppleWebKit/537.36 (KHTML, like Gecko) Chrome/28.0.1500.95 Safari/537.36"
209.54.13.33 - - [13/Aug/2013:14:28:19 -0400] "GET /favicon.ico HTTP/1.1" 404 575 "-" "Mozilla/5.0 (Windows NT 6.0) AppleWebKit/537.36 (KHTML, like Gecko) Chrome/28.0.1500.95 Safari/537.36"
46.229.170.197 - - [13/Aug/2013:14:50:44 -0400] "GET / HTTP/1.1" 200 40346 "-" "Mozilla/5.0 (Windows NT 6.2; WOW64; rv:5.0) Gecko/20100101 Firefox/5.0"
184.154.48.82 - - [13/Aug/2013:04:08:32 -0400] "GET /cleaver_bio.html HTTP/1.0" 200 18389 "-" "Mozilla/5.0 (compatible; MJ12bot/v1.4.3; http://www.majestic12.co.uk/bot.php?+)"
184.154.48.82 - - [13/Aug/2013:04:08:42 -0400] "GET /tolentino_bio.html HTTP/1.0" 200 19608 "-" "Mozilla/5.0 (compatible; MJ12bot/v1.4.3; http://www.majestic12.co.uk/bot.php?+)"
98.20.189.147 - - [13/Aug/2013:05:29:34 -0400] "GET /SpryAssets/SpryMenuBarRightHover.gif HTTP/1.1" 200 55 "http://www.brainandneurospine.com/" "Mozilla/5.0 (Linux; U; Android 4.1.1; en-us; GT-P5113 Build/JRO03C) AppleWebKit/534.30 (KHTML, like Gecko) Version/4.0 Safari/534.30"
208.242.14.200 - - [13/Aug/2013:07:54:44 -0400] "GET /graphics/colle-microscope.gif HTTP/1.1" 200 10069 "http://www.brainandneurospine.com/2009-contact.html" "Mozilla/4.0 (compatible; MSIE 6.0; Windows NT 5.1; Trident/4.0; .NET CLR 1.1.4322; .NET CLR 2.0.50727; .NET CLR 3.0.04506.30; .NET CLR 3.0.4506.2152; .NET CLR 3.5.30729)"
95.108.158.238 - - [13/Aug/2013:17:13:32 -0400] "GET /videos/photos-for-patient-videos-page/Photos-For-Enhanced-SOH/Ronnie-110x110.jpg HTTP/1.1" 304 - "-" "Mozilla/5.0 (compatible; YandexImages/3.0; +http://yandex.com/bots)"
69.119.174.245 - - [13/Aug/2013:19:50:49 -0400] "GET /SpryAssets/SpryMenuBar.js HTTP/1.1" 200 10064 "http://www.brainandneurospine.com/smith_bio.html" "Mozilla/5.0 (iPad; CPU OS 6_1_3 like Mac OS X) AppleWebKit/536.26 (KHTML, like Gecko) Version/6.0 Mobile/10B329 Safari/8536.25"
69.119.174.245 - - [13/Aug/2013:19:50:49 -0400] "GET /graphics/gray-background.jpg HTTP/1.1" 200 7781 "http://www.brainandneurospine.com/smith_bio.html" "Mozilla/5.0 (iPad; CPU OS 6_1_3 like Mac OS X) AppleWebKit/536.26 (KHTML, like Gecko) Version/6.0 Mobile/10B329 Safari/8536.25"
69.119.174.245 - - [13/Aug/2013:19:50:49 -0400] "GET /graphics/cleaver-guidos-cutout.gif HTTP/1.1" 200 7051 "http://www.brainandneurospine.com/smith_bio.html" "Mozilla/5.0 (iPad; CPU OS 6_1_3 like Mac OS X) AppleWebKit/536.26 (KHTML, like Gecko) Version/6.0 Mobile/10B329 Safari/8536.25"
69.119.174.245 - - [13/Aug/2013:19:50:49 -0400] "GET /SpryAssets/SpryMenuBarRightHover.gif HTTP/1.1" 200 55 "http://www.brainandneurospine.com/smith_bio.html" "Mozilla/5.0 (iPad; CPU OS 6_1_3 like Mac OS X) AppleWebKit/536.26 (KHTML, like Gecko) Version/6.0 Mobile/10B329 Safari/8536.25"
69.122.147.72 - - [13/Aug/2013:02:37:00 -0400] "GET /2009-contact.html HTTP/1.1" 200 14453 "-" "Mozilla/4.0 (compatible; MSIE 5.5; Windows NT 4.0)"
99.164.156.55 - - [13/Aug/2013:09:24:19 -0400] "GET /graphics/colle-cutout2.gif HTTP/1.1" 200 7469 "http://www.brainandneurospine.com/vaught_bio.html" "Mozilla/5.0 (compatible; MSIE 9.0; Windows NT 6.1; WOW64; Trident/5.0)"
99.164.156.55 - - [13/Aug/2013:09:24:19 -0400] "GET /SpryAssets/SpryMenuBarRight.gif HTTP/1.1" 200 55 "http://www.brainandneurospine.com/vaught_bio.html" "Mozilla/5.0 (compatible; MSIE 9.0; Windows NT 6.1; WOW64; Trident/5.0)"
99.164.156.55 - - [13/Aug/2013:09:25:31 -0400] "GET /tplayer/css/ADPMask.css HTTP/1.1" 200 234 "http://www.brainandneurospine.com/index.html" "Mozilla/5.0 (compatible; MSIE 9.0; Windows NT 6.1; WOW64; Trident/5.0)"
99.164.156.55 - - [13/Aug/2013:09:25:31 -0400] "GET /images/docs_rbs4.jpg HTTP/1.1" 200 59790 "http://www.brainandneurospine.com/index.html" "Mozilla/5.0 (compatible; MSIE 9.0; Windows NT 6.1; WOW64; Trident/5.0)"
194.74.48.4 - - [13/Aug/2013:11:56:25 -0400] "GET /tplayer/scripts/tplayer.js HTTP/1.1" 200 60791 "-" "Mozilla/4.0 (compatible;)"
54.226.102.195 - - [13/Aug/2013:22:54:05 -0400] "GET /work-comp.html HTTP/1.1" 200 15405 "-" "Mozilla/5.0 (compatible; URLAppendBot/1.0; +http://www.profound.net/urlappendbot.html)"
173.20.31.71 - - [13/Aug/2013:12:50:11 -0400] "GET /SpryAssets/SpryMenuBarVertical.css HTTP/1.1" 200 4594 "http://www.brainandneurospine.com/" "Mozilla/5.0 (Windows NT 6.1; WOW64) AppleWebKit/537.36 (KHTML, like Gecko) Chrome/28.0.1500.95 Safari/537.36"
173.20.31.71 - - [13/Aug/2013:12:50:11 -0400] "GET /SpryAssets/SpryMenuBarHorizontal.css HTTP/1.1" 200 5807 "http://www.brainandneurospine.com/" "Mozilla/5.0 (Windows NT 6.1; WOW64) AppleWebKit/537.36 (KHTML, like Gecko) Chrome/28.0.1500.95 Safari/537.36"
173.20.31.71 - - [13/Aug/2013:12:50:11 -0400] "GET /Scripts/AC_RunActiveContent.js HTTP/1.1" 200 8029 "http://www.brainandneurospine.com/" "Mozilla/5.0 (Windows NT 6.1; WOW64) AppleWebKit/537.36 (KHTML, like Gecko) Chrome/28.0.1500.95 Safari/537.36"
173.20.31.71 - - [13/Aug/2013:12:50:11 -0400] "GET /graphics/rbs-logo-930x125w-v3%20.jpg HTTP/1.1" 200 28337 "http://www.brainandneurospine.com/" "Mozilla/5.0 (Windows NT 6.1; WOW64) AppleWebKit/537.36 (KHTML, like Gecko) Chrome/28.0.1500.95 Safari/537.36"
173.20.31.71 - - [13/Aug/2013:12:50:11 -0400] "GET /graphics/Calendar-Appointment-100x75.jpg HTTP/1.1" 200 12359 "http://www.brainandneurospine.com/" "Mozilla/5.0 (Windows NT 6.1; WOW64) AppleWebKit/537.36 (KHTML, like Gecko) Chrome/28.0.1500.95 Safari/537.36"
173.20.31.71 - - [13/Aug/2013:12:50:12 -0400] "GET /graphics/tolentino-cutout.gif HTTP/1.1" 200 13936 "http://www.brainandneurospine.com/" "Mozilla/5.0 (Windows NT 6.1; WOW64) AppleWebKit/537.36 (KHTML, like Gecko) Chrome/28.0.1500.95 Safari/537.36"
173.20.31.71 - - [13/Aug/2013:12:50:12 -0400] "GET /graphics/cleaver-guidos-cutout.gif HTTP/1.1" 200 7051 "http://www.brainandneurospine.com/" "Mozilla/5.0 (Windows NT 6.1; WOW64) AppleWebKit/537.36 (KHTML, like Gecko) Chrome/28.0.1500.95 Safari/537.36"
173.20.31.71 - - [13/Aug/2013:12:50:12 -0400] "GET /graphics/5-stars-250x60.jpg HTTP/1.1" 200 15249 "http://www.brainandneurospine.com/" "Mozilla/5.0 (Windows NT 6.1; WOW64) AppleWebKit/537.36 (KHTML, like Gecko) Chrome/28.0.1500.95 Safari/537.36"
173.20.31.71 - - [13/Aug/2013:12:50:12 -0400] "GET /SpryAssets/SpryMenuBarRightHover.gif HTTP/1.1" 200 55 "http://www.brainandneurospine.com/" "Mozilla/5.0 (Windows NT 6.1; WOW64) AppleWebKit/537.36 (KHTML, like Gecko) Chrome/28.0.1500.95 Safari/537.36"
173.20.31.71 - - [13/Aug/2013:12:50:12 -0400] "GET /SpryAssets/SpryMenuBarRight.gif HTTP/1.1" 200 55 "http://www.brainandneurospine.com/" "Mozilla/5.0 (Windows NT 6.1; WOW64) AppleWebKit/537.36 (KHTML, like Gecko) Chrome/28.0.1500.95 Safari/537.36"
173.21.246.52 - - [13/Aug/2013:12:54:30 -0400] "GET /graphics/cleaver-guidos-cutout.gif HTTP/1.1" 200 7051 "http://www.brainandneurospine.com/" "Mozilla/5.0 (iPhone; CPU iPhone OS 6_1_3 like Mac OS X) AppleWebKit/536.26 (KHTML, like Gecko) Version/6.0 Mobile/10B329 Safari/8536.25"
173.21.246.52 - - [13/Aug/2013:12:54:30 -0400] "GET /graphics/tolentino-cutout.gif HTTP/1.1" 200 13936 "http://www.brainandneurospine.com/" "Mozilla/5.0 (iPhone; CPU iPhone OS 6_1_3 like Mac OS X) AppleWebKit/536.26 (KHTML, like Gecko) Version/6.0 Mobile/10B329 Safari/8536.25"
98.20.189.147 - - [13/Aug/2013:12:56:31 -0400] "GET /graphics/RBS_LogoStackedTAG.jpg HTTP/1.1" 200 127207 "http://www.brainandneurospine.com/index.html" "Mozilla/5.0 (Linux; U; Android 4.1.1; en-us; GT-P5113 Build/JRO03C) AppleWebKit/534.30 (KHTML, like Gecko) Version/4.0 Safari/534.30"
50.40.236.86 - - [13/Aug/2013:12:58:45 -0400] "GET /vaught_bio.html HTTP/1.1" 200 21144 "http://www.google.com/url?sa=t&rct=j&q=dr.%20vaught%2C%20cape%20girardeau%2C%20mo%2C%20neurosurgery&source=web&cd=5&ved=0CE0QFjAE&url=http%3A%2F%2Fwww.brainandneurospine.com%2Fvaught_bio.html&ei=YWQKUr71AuqQ2AXN0IGIDg&usg=AFQjCNF0hNPpHfKontmNgHRJarJI2VAXOQ&bvm=bv.50500085,d.aWc" "Mozilla/5.0 (Windows NT 6.1; WOW64) AppleWebKit/537.36 (KHTML, like Gecko) Chrome/28.0.1500.95 Safari/537.36"
50.40.236.86 - - [13/Aug/2013:12:58:46 -0400] "GET /Scripts/AC_RunActiveContent.js HTTP/1.1" 200 8029 "http://www.brainandneurospine.com/vaught_bio.html" "Mozilla/5.0 (Windows NT 6.1; WOW64) AppleWebKit/537.36 (KHTML, like Gecko) Chrome/28.0.1500.95 Safari/537.36"
50.40.236.86 - - [13/Aug/2013:12:58:46 -0400] "GET /graphics/gray-background.jpg HTTP/1.1" 200 7781 "http://www.brainandneurospine.com/vaught_bio.html" "Mozilla/5.0 (Windows NT 6.1; WOW64) AppleWebKit/537.36 (KHTML, like Gecko) Chrome/28.0.1500.95 Safari/537.36"
50.40.236.86 - - [13/Aug/2013:12:58:46 -0400] "GET /images/Vaught-Family-230x332.jpg HTTP/1.1" 200 58060 "http://www.brainandneurospine.com/vaught_bio.html" "Mozilla/5.0 (Windows NT 6.1; WOW64) AppleWebKit/537.36 (KHTML, like Gecko) Chrome/28.0.1500.95 Safari/537.36"
50.40.236.86 - - [13/Aug/2013:12:58:46 -0400] "GET /graphics/cleaver-guidos-cutout.gif HTTP/1.1" 200 7051 "http://www.brainandneurospine.com/vaught_bio.html" "Mozilla/5.0 (Windows NT 6.1; WOW64) AppleWebKit/537.36 (KHTML, like Gecko) Chrome/28.0.1500.95 Safari/537.36"
50.40.236.86 - - [13/Aug/2013:12:58:47 -0400] "GET /graphics/colle-cutout2.gif HTTP/1.1" 200 7469 "http://www.brainandneurospine.com/vaught_bio.html" "Mozilla/5.0 (Windows NT 6.1; WOW64) AppleWebKit/537.36 (KHTML, like Gecko) Chrome/28.0.1500.95 Safari/537.36"
50.40.236.86 - - [13/Aug/2013:12:58:47 -0400] "GET /SpryAssets/SpryMenuBarRightHover.gif HTTP/1.1" 200 55 "http://www.brainandneurospine.com/vaught_bio.html" "Mozilla/5.0 (Windows NT 6.1; WOW64) AppleWebKit/537.36 (KHTML, like Gecko) Chrome/28.0.1500.95 Safari/537.36"
50.40.236.86 - - [13/Aug/2013:12:58:47 -0400] "GET /SpryAssets/SpryMenuBarRight.gif HTTP/1.1" 200 55 "http://www.brainandneurospine.com/vaught_bio.html" "Mozilla/5.0 (Windows NT 6.1; WOW64) AppleWebKit/537.36 (KHTML, like Gecko) Chrome/28.0.1500.95 Safari/537.36"
12.104.16.2 - - [13/Aug/2013:14:13:22 -0400] "GET /favicon.ico HTTP/1.1" 404 575 "-" "Mozilla/4.0 (compatible; MSIE 8.0; Windows NT 6.1; Trident/4.0; SLCC2; .NET CLR 2.0.50727; .NET CLR 3.5.30729; .NET CLR 3.0.30729; Media Center PC 6.0; Tablet PC 2.0; .NET4.0C; .NET4.0E; AskTbORJ/5.15.23.36191)"
209.54.13.33 - - [13/Aug/2013:14:28:16 -0400] "GET /graphics/tolentino-cutout.gif HTTP/1.1" 200 13936 "http://www.brainandneurospine.com/" "Mozilla/5.0 (Windows NT 6.0) AppleWebKit/537.36 (KHTML, like Gecko) Chrome/28.0.1500.95 Safari/537.36"
70.195.70.241 - - [13/Aug/2013:15:29:51 -0400] "GET /vaught_bio.html HTTP/1.1" 304 - "-" "Mozilla/5.0 (Linux; U; Android 4.1.2; en-us; DROID RAZR Build/9.8.2O-72_VZW-16) AppleWebKit/534.30 (KHTML, like Gecko) Version/4.0 Mobile Safari/534.30"
74.192.237.123 - - [13/Aug/2013:15:36:06 -0400] "GET /graphics/NeuroSpineAcademy.jpg HTTP/1.1" 200 141436 "https://www.google.com/" "Mozilla/5.0 (iPhone; CPU iPhone OS 6_1 like Mac OS X) AppleWebKit/536.26 (KHTML, like Gecko) Version/6.0 Mobile/10B144 Safari/8536.25"
98.103.205.34 - - [13/Aug/2013:15:54:02 -0400] "GET /SpryAssets/SpryMenuBarVertical.css HTTP/1.1" 200 4594 "http://www.brainandneurospine.com/skinner_bio.html" "Mozilla/5.0 (Macintosh; Intel Mac OS X 10_7_5) AppleWebKit/537.36 (KHTML, like Gecko) Chrome/27.0.1453.116 Safari/537.36"
98.103.205.34 - - [13/Aug/2013:15:54:02 -0400] "GET /graphics/gray-background.jpg HTTP/1.1" 200 7781 "http://www.brainandneurospine.com/skinner_bio.html" "Mozilla/5.0 (Macintosh; Intel Mac OS X 10_7_5) AppleWebKit/537.36 (KHTML, like Gecko) Chrome/27.0.1453.116 Safari/537.36"
98.103.205.34 - - [13/Aug/2013:15:54:02 -0400] "GET /graphics/cleaver-guidos-cutout.gif HTTP/1.1" 200 7051 "http://www.brainandneurospine.com/skinner_bio.html" "Mozilla/5.0 (Macintosh; Intel Mac OS X 10_7_5) AppleWebKit/537.36 (KHTML, like Gecko) Chrome/27.0.1453.116 Safari/537.36"
98.103.205.34 - - [13/Aug/2013:15:54:04 -0400] "GET /tplayer/templates/tplayer.html HTTP/1.1" 200 4053 "http://www.brainandneurospine.com/skinner_bio.html" "Mozilla/5.0 (Macintosh; Intel Mac OS X 10_7_5) AppleWebKit/537.36 (KHTML, like Gecko) Chrome/27.0.1453.116 Safari/537.36"
98.103.205.34 - - [13/Aug/2013:15:54:04 -0400] "GET /favicon.ico HTTP/1.1" 404 575 "-" "Mozilla/5.0 (Macintosh; Intel Mac OS X 10_7_5) AppleWebKit/537.36 (KHTML, like Gecko) Chrome/27.0.1453.116 Safari/537.36"
98.103.205.34 - - [13/Aug/2013:15:54:04 -0400] "GET /tplayer/videos/ADVplayer.swf HTTP/1.1" 200 6821 "http://www.brainandneurospine.com/tplayer/templates/tplayer.html" "Mozilla/5.0 (Macintosh; Intel Mac OS X 10_7_5) AppleWebKit/537.36 (KHTML, like Gecko) Chrome/27.0.1453.116 Safari/537.36"
98.103.205.34 - - [13/Aug/2013:15:54:05 -0400] "GET /tplayer/videos/Kristi4.flv HTTP/1.1" 200 2787634 "http://www.brainandneurospine.com/tplayer/templates/tplayer.html" "Mozilla/5.0 (Macintosh; Intel Mac OS X 10_7_5) AppleWebKit/537.36 (KHTML, like Gecko) Chrome/27.0.1453.116 Safari/537.36"
199.103.96.1 - - [13/Aug/2013:16:35:14 -0400] "GET /graphics/cleaver-guidos-cutout.gif HTTP/1.1" 200 7051 "http://www.brainandneurospine.com/gibbs_bio.html" "Mozilla/4.0 (compatible; MSIE 8.0; Windows NT 5.1; Trident/4.0; .NET4.0C; .NET CLR 2.0.50727; .NET CLR 3.0.4506.2152; .NET CLR 3.5.30729; InfoPath.2; .NET4.0E; .NET CLR 1.1.4322)"
199.103.96.1 - - [13/Aug/2013:16:35:14 -0400] "GET /SpryAssets/SpryMenuBarDownHover.gif HTTP/1.1" 200 55 "http://www.brainandneurospine.com/gibbs_bio.html" "Mozilla/4.0 (compatible; MSIE 8.0; Windows NT 5.1; Trident/4.0; .NET4.0C; .NET CLR 2.0.50727; .NET CLR 3.0.4506.2152; .NET CLR 3.5.30729; InfoPath.2; .NET4.0E; .NET CLR 1.1.4322)"
66.249.72.194 - - [13/Aug/2013:07:21:20 -0400] "GET /griffith_bio.html HTTP/1.1" 304 - "-" "Mozilla/5.0 (iPhone; U; CPU iPhone OS 4_1 like Mac OS X; en-us) AppleWebKit/532.9 (KHTML, like Gecko) Version/4.0.5 Mobile/8B117 Safari/6531.22.7 (compatible; Googlebot-Mobile/2.1; +http://www.google.com/bot.html)"
208.242.14.200 - - [13/Aug/2013:07:54:44 -0400] "GET /images/Melissa-Phone.jpg HTTP/1.1" 200 61361 "http://www.brainandneurospine.com/2009-contact.html" "Mozilla/4.0 (compatible; MSIE 6.0; Windows NT 5.1; Trident/4.0; .NET CLR 1.1.4322; .NET CLR 2.0.50727; .NET CLR 3.0.04506.30; .NET CLR 3.0.4506.2152; .NET CLR 3.5.30729)"
131.230.130.42 - - [13/Aug/2013:12:14:32 -0400] "GET /SpryAssets/SpryMenuBar.js HTTP/1.1" 200 10064 "http://www.brainandneurospine.com/" "Mozilla/5.0 (Windows NT 6.1) AppleWebKit/537.36 (KHTML, like Gecko) Chrome/28.0.1500.95 Safari/537.36"
131.230.130.42 - - [13/Aug/2013:12:14:32 -0400] "GET /graphics/rbs-logo-930x125w-v3%20.jpg HTTP/1.1" 200 28337 "http://www.brainandneurospine.com/" "Mozilla/5.0 (Windows NT 6.1) AppleWebKit/537.36 (KHTML, like Gecko) Chrome/28.0.1500.95 Safari/537.36"
131.230.130.42 - - [13/Aug/2013:12:14:32 -0400] "GET /graphics/5-stars-250x60.jpg HTTP/1.1" 200 15249 "http://www.brainandneurospine.com/" "Mozilla/5.0 (Windows NT 6.1) AppleWebKit/537.36 (KHTML, like Gecko) Chrome/28.0.1500.95 Safari/537.36"
131.230.130.42 - - [13/Aug/2013:12:14:32 -0400] "GET /graphics/tolentino-cutout.gif HTTP/1.1" 200 13936 "http://www.brainandneurospine.com/" "Mozilla/5.0 (Windows NT 6.1) AppleWebKit/537.36 (KHTML, like Gecko) Chrome/28.0.1500.95 Safari/537.36"
131.230.130.42 - - [13/Aug/2013:12:14:33 -0400] "GET /graphics/cleaver-guidos-cutout.gif HTTP/1.1" 200 7051 "http://www.brainandneurospine.com/" "Mozilla/5.0 (Windows NT 6.1) AppleWebKit/537.36 (KHTML, like Gecko) Chrome/28.0.1500.95 Safari/537.36"
131.230.130.42 - - [13/Aug/2013:12:14:33 -0400] "GET /SpryAssets/SpryMenuBarRight.gif HTTP/1.1" 200 55 "http://www.brainandneurospine.com/" "Mozilla/5.0 (Windows NT 6.1) AppleWebKit/537.36 (KHTML, like Gecko) Chrome/28.0.1500.95 Safari/537.36"
69.122.147.72 - - [13/Aug/2013:12:28:54 -0400] "GET /googlemap-directions2clinic.html HTTP/1.1" 200 17797 "-" "Mozilla/4.0 (compatible; MSIE 5.5; Windows NT 4.0)"
98.20.189.147 - - [13/Aug/2013:12:36:39 -0400] "GET /favicon.ico HTTP/1.1" 404 575 "http://www.brainandneurospine.com/index.html" "Mozilla/5.0 (Linux; U; Android 4.1.1; en-us; GT-P5113 Build/JRO03C) AppleWebKit/534.30 (KHTML, like Gecko) Version/4.0 Safari/534.30"
173.21.246.52 - - [13/Aug/2013:12:54:21 -0400] "GET /graphics/Calendar-Appointment-100x75.jpg HTTP/1.1" 200 12359 "http://www.brainandneurospine.com/" "Mozilla/5.0 (iPhone; CPU iPhone OS 6_1_3 like Mac OS X) AppleWebKit/536.26 (KHTML, like Gecko) Version/6.0 Mobile/10B329 Safari/8536.25"
98.20.189.147 - - [13/Aug/2013:12:56:35 -0400] "GET /graphics/tolentino-cutout.gif HTTP/1.1" 200 13936 "http://www.brainandneurospine.com/index.html" "Mozilla/5.0 (Linux; U; Android 4.1.1; en-us; GT-P5113 Build/JRO03C) AppleWebKit/534.30 (KHTML, like Gecko) Version/4.0 Safari/534.30"
123.125.71.49 - - [13/Aug/2013:18:56:44 -0400] "GET / HTTP/1.1" 304 - "-" "Mozilla/5.0 (compatible; Baiduspider/2.0; +http://www.baidu.com/search/spider.html)"
184.22.183.114 - - [13/Aug/2013:19:23:20 -0400] "GET /gibbs_bio.html HTTP/1.1" 200 13976 "-" "Mozilla/5.0 (X11; Linux i686; rv:6.0) Gecko/20100101 Firefox/6.0"
54.211.42.174 - - [13/Aug/2013:19:44:39 -0400] "GET /2009-contact.html HTTP/1.1" 200 14453 "-" "Mozilla/5.0 (compatible; URLAppendBot/1.0; +http://www.profound.net/urlappendbot.html)"
157.55.33.111 - - [13/Aug/2013:01:18:55 -0400] "GET / HTTP/1.1" 200 40346 "-" "Mozilla/5.0 (compatible; bingbot/2.0; +http://www.bing.com/bingbot.htm)"
157.55.33.17 - - [13/Aug/2013:02:02:42 -0400] "GET /graphics/cleaver-guidos-cutout.gif HTTP/1.1" 200 7051 "-" "Mozilla/5.0 (compatible; bingbot/2.0; +http://www.bing.com/bingbot.htm)"
199.30.24.164 - - [13/Aug/2013:02:42:32 -0400] "GET /SpryAssets/SpryMenuBar.js HTTP/1.1" 200 10064 "http://brainandneurospine.com/meet%20the%20doctors.html" "Mozilla/5.0 (Windows NT 6.1; WOW64) AppleWebKit/534+ (KHTML, like Gecko) BingPreview/1.0b"
199.30.24.164 - - [13/Aug/2013:02:42:33 -0400] "GET /graphics/LLC-main-header-bar.jpg HTTP/1.1" 200 37817 "http://brainandneurospine.com/meet%20the%20doctors.html" "Mozilla/5.0 (Windows NT 6.1; WOW64) AppleWebKit/534+ (KHTML, like Gecko) BingPreview/1.0b"
199.30.24.164 - - [13/Aug/2013:02:42:34 -0400] "GET /SpryAssets/SpryMenuBarRightHover.gif HTTP/1.1" 200 55 "http://brainandneurospine.com/meet%20the%20doctors.html" "Mozilla/5.0 (Windows NT 6.1; WOW64) AppleWebKit/534+ (KHTML, like Gecko) BingPreview/1.0b"
199.30.24.164 - - [13/Aug/2013:02:42:34 -0400] "GET /SpryAssets/SpryMenuBarDown.gif HTTP/1.1" 200 55 "http://brainandneurospine.com/meet%20the%20doctors.html" "Mozilla/5.0 (Windows NT 6.1; WOW64) AppleWebKit/534+ (KHTML, like Gecko) BingPreview/1.0b"
24.100.149.115 - - [13/Aug/2013:10:02:47 -0400] "GET /SpryAssets/SpryMenuBarVertical.css HTTP/1.1" 200 4594 "http://www.brainandneurospine.com/" "Mozilla/4.0 (compatible; MSIE 8.0; Windows NT 5.1; Trident/4.0; GTB7.5; .NET CLR 3.0.4506.2152; .NET CLR 2.0.50727; .NET CLR 3.5.30729)"
75.134.204.95 - - [13/Aug/2013:10:35:18 -0400] "GET /images/Cleaver-smiling-300x251.jpg HTTP/1.1" 200 30658 "http://www.brainandneurospine.com/cleaver_bio.html" "Mozilla/5.0 (Windows NT 6.1; WOW64; rv:22.0) Gecko/20100101 Firefox/22.0"
75.134.204.95 - - [13/Aug/2013:10:35:18 -0400] "GET /graphics/cloud-background.jpg HTTP/1.1" 200 11928 "http://www.brainandneurospine.com/cleaver_bio.html" "Mozilla/5.0 (Windows NT 6.1; WOW64; rv:22.0) Gecko/20100101 Firefox/22.0"
75.134.204.95 - - [13/Aug/2013:10:35:19 -0400] "GET /favicon.ico HTTP/1.1" 404 575 "-" "Mozilla/5.0 (Windows NT 6.1; WOW64; rv:22.0) Gecko/20100101 Firefox/22.0"
75.134.204.95 - - [13/Aug/2013:10:35:19 -0400] "GET /favicon.ico HTTP/1.1" 404 575 "-" "Mozilla/5.0 (Windows NT 6.1; WOW64; rv:22.0) Gecko/20100101 Firefox/22.0"
68.187.6.178 - - [13/Aug/2013:10:54:33 -0400] "GET /graphics/cleaver-guidos-cutout.gif HTTP/1.1" 200 7051 "http://brainandneurospine.com/index.html" "Mozilla/4.0 (compatible; MSIE 6.0; Windows NT 5.1; SV1; YPC 3.0.0; GTB7.5; .NET CLR 1.1.4322)"
194.74.48.4 - - [13/Aug/2013:11:56:25 -0400] "GET /tplayer/css/ADPMask.css HTTP/1.1" 200 234 "-" "Mozilla/4.0 (compatible;)"
12.133.6.2 - - [13/Aug/2013:15:29:58 -0400] "GET /paul_bio.html HTTP/1.1" 200 16225 "http://www.brainandneurospine.com/glisson_bio.html" "Mozilla/4.0 (compatible; MSIE 8.0; Windows NT 6.1; Trident/4.0; SLCC2; .NET CLR 2.0.50727; .NET CLR 3.5.30729; .NET CLR 3.0.30729; Media Center PC 6.0; .NET4.0C; .NET4.0E; InfoPath.3)"
12.133.6.2 - - [13/Aug/2013:15:29:58 -0400] "GET /images/paul-bio2.jpg HTTP/1.1" 304 - "http://www.brainandneurospine.com/paul_bio.html" "Mozilla/4.0 (compatible; MSIE 8.0; Windows NT 6.1; Trident/4.0; SLCC2; .NET CLR 2.0.50727; .NET CLR 3.5.30729; .NET CLR 3.0.30729; Media Center PC 6.0; .NET4.0C; .NET4.0E; InfoPath.3)"
199.103.96.1 - - [13/Aug/2013:16:35:14 -0400] "GET /graphics/vaught-cutout1.gif HTTP/1.1" 200 9004 "http://www.brainandneurospine.com/gibbs_bio.html" "Mozilla/4.0 (compatible; MSIE 8.0; Windows NT 5.1; Trident/4.0; .NET4.0C; .NET CLR 2.0.50727; .NET CLR 3.0.4506.2152; .NET CLR 3.5.30729; InfoPath.2; .NET4.0E; .NET CLR 1.1.4322)"
199.103.96.1 - - [13/Aug/2013:16:35:14 -0400] "GET /graphics/colle-cutout2.gif HTTP/1.1" 200 7469 "http://www.brainandneurospine.com/gibbs_bio.html" "Mozilla/4.0 (compatible; MSIE 8.0; Windows NT 5.1; Trident/4.0; .NET4.0C; .NET CLR 2.0.50727; .NET CLR 3.0.4506.2152; .NET CLR 3.5.30729; InfoPath.2; .NET4.0E; .NET CLR 1.1.4322)"
66.249.72.168 - - [13/Aug/2013:16:42:20 -0400] "GET /robots.txt HTTP/1.1" 404 575 "-" "Mozilla/5.0 (compatible; Googlebot/2.1; +http://www.google.com/bot.html)"
67.200.146.2 - - [13/Aug/2013:17:38:51 -0400] "GET /images/guidossmall2.jpg HTTP/1.1" 200 10888 "http://www.brainandneurospine.com/guidos_bio.html" "Mozilla/5.0 (compatible; MSIE 10.0; Windows NT 6.1; WOW64; Trident/6.0)"
208.242.14.200 - - [13/Aug/2013:07:54:42 -0400] "GET /Scripts/AC_RunActiveContent.js HTTP/1.1" 200 8029 "http://www.brainandneurospine.com/2009-contact.html" "Mozilla/4.0 (compatible; MSIE 6.0; Windows NT 5.1; Trident/4.0; .NET CLR 1.1.4322; .NET CLR 2.0.50727; .NET CLR 3.0.04506.30; .NET CLR 3.0.4506.2152; .NET CLR 3.5.30729)"
208.242.14.200 - - [13/Aug/2013:07:55:08 -0400] "GET /2009-contact.html HTTP/1.1" 304 - "http://www.brainandneurospine.com/colle_bio.html" "Mozilla/4.0 (compatible; MSIE 6.0; Windows NT 5.1; Trident/4.0; .NET CLR 1.1.4322; .NET CLR 2.0.50727; .NET CLR 3.0.04506.30; .NET CLR 3.0.4506.2152; .NET CLR 3.5.30729)"
208.242.14.200 - - [13/Aug/2013:07:55:19 -0400] "GET /graphics/tolentino-cutout.gif HTTP/1.1" 304 - "http://www.brainandneurospine.com/2009-contact.html" "Mozilla/4.0 (compatible; MSIE 6.0; Windows NT 5.1; Trident/4.0; .NET CLR 1.1.4322; .NET CLR 2.0.50727; .NET CLR 3.0.04506.30; .NET CLR 3.0.4506.2152; .NET CLR 3.5.30729)"
95.108.158.238 - - [13/Aug/2013:08:14:37 -0400] "GET /videos/photos-for-patient-videos-page/MCulley-puppets.jpg HTTP/1.1" 304 - "-" "Mozilla/5.0 (compatible; YandexImages/3.0; +http://yandex.com/bots)"
70.242.138.54 - - [13/Aug/2013:21:45:16 -0400] "GET /Scripts/event.js HTTP/1.1" 200 7727 "http://www.brainandneurospine.com/" "Mozilla/5.0 (compatible; MSIE 10.0; Windows NT 6.1; WOW64; Trident/6.0)"
70.242.138.54 - - [13/Aug/2013:21:45:16 -0400] "GET /images/docs_rbs4.jpg HTTP/1.1" 200 59790 "http://www.brainandneurospine.com/" "Mozilla/5.0 (compatible; MSIE 10.0; Windows NT 6.1; WOW64; Trident/6.0)"
70.242.138.54 - - [13/Aug/2013:21:45:17 -0400] "GET /graphics/gray-background.jpg HTTP/1.1" 200 7781 "http://www.brainandneurospine.com/" "Mozilla/5.0 (compatible; MSIE 10.0; Windows NT 6.1; WOW64; Trident/6.0)"
70.242.138.54 - - [13/Aug/2013:21:45:18 -0400] "GET /graphics/cleaver-guidos-cutout.gif HTTP/1.1" 200 7051 "http://www.brainandneurospine.com/" "Mozilla/5.0 (compatible; MSIE 10.0; Windows NT 6.1; WOW64; Trident/6.0)"
70.242.138.54 - - [13/Aug/2013:21:45:18 -0400] "GET /SpryAssets/SpryMenuBarRight.gif HTTP/1.1" 200 55 "http://www.brainandneurospine.com/" "Mozilla/5.0 (compatible; MSIE 10.0; Windows NT 6.1; WOW64; Trident/6.0)"
70.242.138.54 - - [13/Aug/2013:21:45:20 -0400] "GET /favicon.ico HTTP/1.1" 404 575 "-" "Mozilla/5.0 (compatible; MSIE 10.0; Windows NT 6.1; WOW64; Trident/6.0)"
208.242.14.200 - - [13/Aug/2013:07:54:53 -0400] "GET /images/colle%20microscope3.jpg HTTP/1.1" 200 59873 "http://www.brainandneurospine.com/colle_bio.html" "Mozilla/4.0 (compatible; MSIE 6.0; Windows NT 5.1; Trident/4.0; .NET CLR 1.1.4322; .NET CLR 2.0.50727; .NET CLR 3.0.04506.30; .NET CLR 3.0.4506.2152; .NET CLR 3.5.30729)"
70.195.2.0 - - [13/Aug/2013:08:36:42 -0400] "GET /tplayer/css/ADPMask.css HTTP/1.1" 200 234 "http://www.brainandneurospine.com/" "Mozilla/5.0 (Linux; U; Android 4.1.2; en-us; SCH-I535 Build/JZO54K) AppleWebKit/534.30 (KHTML, like Gecko) Version/4.0 Mobile Safari/534.30"
70.195.2.0 - - [13/Aug/2013:08:36:43 -0400] "GET /images/extenders-rbs5.jpg HTTP/1.1" 200 31217 "http://www.brainandneurospine.com/" "Mozilla/5.0 (Linux; U; Android 4.1.2; en-us; SCH-I535 Build/JZO54K) AppleWebKit/534.30 (KHTML, like Gecko) Version/4.0 Mobile Safari/534.30"
70.195.2.0 - - [13/Aug/2013:08:36:44 -0400] "GET /SpryAssets/SpryMenuBarRight.gif HTTP/1.1" 200 55 "http://www.brainandneurospine.com/" "Mozilla/5.0 (Linux; U; Android 4.1.2; en-us; SCH-I535 Build/JZO54K) AppleWebKit/534.30 (KHTML, like Gecko) Version/4.0 Mobile Safari/534.30"
70.195.2.0 - - [13/Aug/2013:08:36:45 -0400] "GET /favicon.ico HTTP/1.1" 404 575 "http://www.brainandneurospine.com/" "Mozilla/5.0 (Linux; U; Android 4.1.2; en-us; SCH-I535 Build/JZO54K) AppleWebKit/534.30 (KHTML, like Gecko) Version/4.0 Mobile Safari/534.30"
95.108.158.238 - - [13/Aug/2013:18:07:41 -0400] "GET /videos/photos-for-patient-videos-page/jason-interview-frame.jpg HTTP/1.1" 304 - "-" "Mozilla/5.0 (compatible; YandexImages/3.0; +http://yandex.com/bots)"
66.249.72.170 - - [13/Aug/2013:18:43:06 -0400] "GET /InTheNews-Items/EMR-Article.pdf HTTP/1.1" 200 71091 "-" "Mozilla/5.0 (iPhone; U; CPU iPhone OS 4_1 like Mac OS X; en-us) AppleWebKit/532.9 (KHTML, like Gecko) Version/4.0.5 Mobile/8B117 Safari/6531.22.7 (compatible; Googlebot-Mobile/2.1; +http://www.google.com/bot.html)"
95.108.158.238 - - [13/Aug/2013:19:04:28 -0400] "GET /videos/photos-for-patient-videos-page/MCulley-puppets.jpg HTTP/1.1" 304 - "-" "Mozilla/5.0 (compatible; YandexImages/3.0; +http://yandex.com/bots)"
70.242.140.55 - - [13/Aug/2013:10:46:42 -0400] "GET /SpryAssets/SpryMenuBarVertical.css HTTP/1.1" 200 4594 "http://www.brainandneurospine.com/" "Mozilla/5.0 (Windows NT 6.1; WOW64) AppleWebKit/537.36 (KHTML, like Gecko) Chrome/28.0.1500.95 Safari/537.36"
131.230.130.42 - - [13/Aug/2013:12:14:32 -0400] "GET /tplayer/css/ADPMask.css HTTP/1.1" 200 234 "http://www.brainandneurospine.com/" "Mozilla/5.0 (Windows NT 6.1) AppleWebKit/537.36 (KHTML, like Gecko) Chrome/28.0.1500.95 Safari/537.36"
131.230.130.42 - - [13/Aug/2013:12:14:32 -0400] "GET /Scripts/AC_RunActiveContent.js HTTP/1.1" 200 8029 "http://www.brainandneurospine.com/" "Mozilla/5.0 (Windows NT 6.1) AppleWebKit/537.36 (KHTML, like Gecko) Chrome/28.0.1500.95 Safari/537.36"
131.230.130.42 - - [13/Aug/2013:12:14:32 -0400] "GET /tplayer/scripts/tplayer-config.js HTTP/1.1" 200 78567 "http://www.brainandneurospine.com/" "Mozilla/5.0 (Windows NT 6.1) AppleWebKit/537.36 (KHTML, like Gecko) Chrome/28.0.1500.95 Safari/537.36"
131.230.130.42 - - [13/Aug/2013:12:14:32 -0400] "GET /graphics/vaught-cutout1.gif HTTP/1.1" 200 9004 "http://www.brainandneurospine.com/" "Mozilla/5.0 (Windows NT 6.1) AppleWebKit/537.36 (KHTML, like Gecko) Chrome/28.0.1500.95 Safari/537.36"
131.230.130.42 - - [13/Aug/2013:12:14:33 -0400] "GET /SpryAssets/SpryMenuBarDown.gif HTTP/1.1" 200 55 "http://www.brainandneurospine.com/" "Mozilla/5.0 (Windows NT 6.1) AppleWebKit/537.36 (KHTML, like Gecko) Chrome/28.0.1500.95 Safari/537.36"
217.73.208.86 - - [13/Aug/2013:12:21:08 -0400] "GET /robots.txt HTTP/1.1" 404 575 "-" "Mozilla/5.0 (compatible; IstellaBot/1.10.2 +http://www.tiscali.it/)"
217.73.208.86 - - [13/Aug/2013:12:21:27 -0400] "GET /Spinal-Exchange-Education.html HTTP/1.1" 200 8421 "-" "Mozilla/5.0 (compatible; IstellaBot/1.10.2 +http://www.tiscali.it/)"
97.87.110.205 - - [13/Aug/2013:12:48:21 -0400] "GET /Scripts/event.js HTTP/1.1" 200 7727 "http://www.brainandneurospine.com/index.html" "Mozilla/5.0 (Windows NT 6.1; WOW64; rv:22.0) Gecko/20100101 Firefox/22.0"
97.87.110.205 - - [13/Aug/2013:12:48:22 -0400] "GET /tplayer/scripts/tplayer-config.js HTTP/1.1" 200 78567 "http://www.brainandneurospine.com/index.html" "Mozilla/5.0 (Windows NT 6.1; WOW64; rv:22.0) Gecko/20100101 Firefox/22.0"
97.87.110.205 - - [13/Aug/2013:12:48:27 -0400] "GET /graphics/SE-medical-plaza-sign%20160.jpg HTTP/1.1" 200 19171 "http://www.brainandneurospine.com/index.html" "Mozilla/5.0 (Windows NT 6.1; WOW64; rv:22.0) Gecko/20100101 Firefox/22.0"
173.21.246.52 - - [13/Aug/2013:12:54:30 -0400] "GET /graphics/vaught-cutout1.gif HTTP/1.1" 200 9004 "http://www.brainandneurospine.com/" "Mozilla/5.0 (iPhone; CPU iPhone OS 6_1_3 like Mac OS X) AppleWebKit/536.26 (KHTML, like Gecko) Version/6.0 Mobile/10B329 Safari/8536.25"
98.20.189.147 - - [13/Aug/2013:12:56:35 -0400] "GET /graphics/vaught-cutout1.gif HTTP/1.1" 200 9004 "http://www.brainandneurospine.com/index.html" "Mozilla/5.0 (Linux; U; Android 4.1.1; en-us; GT-P5113 Build/JRO03C) AppleWebKit/534.30 (KHTML, like Gecko) Version/4.0 Safari/534.30"
50.40.236.86 - - [13/Aug/2013:12:58:45 -0400] "GET /SpryAssets/SpryMenuBarVertical.css HTTP/1.1" 200 4594 "http://www.brainandneurospine.com/vaught_bio.html" "Mozilla/5.0 (Windows NT 6.1; WOW64) AppleWebKit/537.36 (KHTML, like Gecko) Chrome/28.0.1500.95 Safari/537.36"
50.40.236.86 - - [13/Aug/2013:12:58:46 -0400] "GET /images/Vaught-206x268.jpg HTTP/1.1" 200 24797 "http://www.brainandneurospine.com/vaught_bio.html" "Mozilla/5.0 (Windows NT 6.1; WOW64) AppleWebKit/537.36 (KHTML, like Gecko) Chrome/28.0.1500.95 Safari/537.36"
50.40.236.86 - - [13/Aug/2013:12:58:46 -0400] "GET /graphics/colle-microscope.gif HTTP/1.1" 200 10069 "http://www.brainandneurospine.com/vaught_bio.html" "Mozilla/5.0 (Windows NT 6.1; WOW64) AppleWebKit/537.36 (KHTML, like Gecko) Chrome/28.0.1500.95 Safari/537.36"
50.40.236.86 - - [13/Aug/2013:12:58:47 -0400] "GET /graphics/cloud-background.jpg HTTP/1.1" 200 11928 "http://www.brainandneurospine.com/vaught_bio.html" "Mozilla/5.0 (Windows NT 6.1; WOW64) AppleWebKit/537.36 (KHTML, like Gecko) Chrome/28.0.1500.95 Safari/537.36"
68.188.26.158 - - [13/Aug/2013:13:47:23 -0400] "GET /images/extenders-rbs5.jpg HTTP/1.1" 200 31217 "http://www.brainandneurospine.com/" "Mozilla/5.0 (Windows NT 5.1; rv:22.0) Gecko/20100101 Firefox/22.0"
107.195.178.233 - - [13/Aug/2013:16:26:00 -0400] "GET /tplayer/css/ADPMask.css HTTP/1.1" 200 234 "http://www.brainandneurospine.com/" "Mozilla/5.0 (Windows NT 6.1; WOW64) AppleWebKit/537.36 (KHTML, like Gecko) Chrome/28.0.1500.95 Safari/537.36"
107.195.178.233 - - [13/Aug/2013:16:26:00 -0400] "GET /Scripts/AC_RunActiveContent.js HTTP/1.1" 200 8029 "http://www.brainandneurospine.com/" "Mozilla/5.0 (Windows NT 6.1; WOW64) AppleWebKit/537.36 (KHTML, like Gecko) Chrome/28.0.1500.95 Safari/537.36"
107.195.178.233 - - [13/Aug/2013:16:26:02 -0400] "GET /tplayer/scripts/tplayer-config.js HTTP/1.1" 200 78567 "http://www.brainandneurospine.com/" "Mozilla/5.0 (Windows NT 6.1; WOW64) AppleWebKit/537.36 (KHTML, like Gecko) Chrome/28.0.1500.95 Safari/537.36"
54.226.102.195 - - [13/Aug/2013:22:53:10 -0400] "GET /sikeston-clinic.html HTTP/1.1" 200 18781 "-" "Mozilla/5.0 (compatible; URLAppendBot/1.0; +http://www.profound.net/urlappendbot.html)"
46.4.25.85 - - [13/Aug/2013:23:26:15 -0400] "GET /images/tolentino-2010.jpg HTTP/1.0" 200 25917 "-" "-"
75.134.195.77 - - [13/Aug/2013:13:06:57 -0400] "GET /2009-contact.html HTTP/1.1" 200 14453 "http://www.google.com/url?sa=t&rct=j&q=regional%20brain%20and%20spine%20cape%20girardeau&source=web&cd=13&ved=0CFkQohAwDA&url=http%3A%2F%2Fwww.brainandneurospine.com%2F2009-contact.html&ei=cWcKUpyyB87U2QW4wYD4DQ&usg=AFQjCNEA__yBcKanB8tgB11X5splg2eH3A&sig2=9YSRtq_3PtsFj83-zGSBYA&bvm=bv.50500085,d.b2I" "Mozilla/5.0 (iPad; U; CPU OS 4_3_4 like Mac OS X; en-us) AppleWebKit/533.17.9 (KHTML, like Gecko) Mobile/8K2"
66.249.85.179 - - [13/Aug/2013:13:43:00 -0400] "GET /pdf%20documents/BNSC-HIPAA-NOTICE.pdf HTTP/1.1" 200 83988 "-" "Mozilla/5.0 (compatible; MSIE 10.0; Windows NT 6.1; WOW64; Trident/6.0),gzip(gfe) (via docs.google.com/viewer)"
95.108.158.238 - - [13/Aug/2013:14:40:11 -0400] "GET /dr-articles/graphics/Dr.Gibbs.jpg HTTP/1.1" 404 575 "-" "Mozilla/5.0 (compatible; YandexImages/3.0; +http://yandex.com/bots)"
218.30.103.76 - - [13/Aug/2013:19:48:37 -0400] "GET / HTTP/1.1" 200 40346 "-" "Sogou web spider/4.0(+http://www.sogou.com/docs/help/webmasters.htm#07)"
46.119.118.152 - - [13/Aug/2013:07:01:33 -0400] "GET / HTTP/1.1" 200 40346 "http://cleaning-uborka.ru/" "Mozilla/4.0 (compatible; MSIE 6.0; Windows NT 5.1; SV1; YPC 3.0.2; .NET CLR 1.1.4322; yplus 4.4.02b)"
180.76.5.15 - - [13/Aug/2013:21:05:52 -0400] "GET /rate-vaught.html HTTP/1.1" 200 15695 "-" "Mozilla/5.0 (Windows NT 5.1; rv:6.0.2) Gecko/20100101 Firefox/6.0.2"
108.16.199.191 - - [13/Aug/2013:21:50:13 -0400] "GET /SpryAssets/SpryMenuBarVertical.css HTTP/1.1" 304 - "http://www.brainandneurospine.com/griffith_bio.html" "Mozilla/4.0 (compatible; MSIE 8.0; Windows NT 5.1; Trident/4.0; InfoPath.2; .NET CLR 2.0.50727; .NET CLR 3.0.4506.2152; .NET CLR 3.5.30729)"
108.16.199.191 - - [13/Aug/2013:21:50:13 -0400] "GET /graphics/vaught-cutout1.gif HTTP/1.1" 304 - "http://www.brainandneurospine.com/griffith_bio.html" "Mozilla/4.0 (compatible; MSIE 8.0; Windows NT 5.1; Trident/4.0; InfoPath.2; .NET CLR 2.0.50727; .NET CLR 3.0.4506.2152; .NET CLR 3.5.30729)"
108.16.199.191 - - [13/Aug/2013:21:50:13 -0400] "GET /graphics/cloud-background.jpg HTTP/1.1" 304 - "http://www.brainandneurospine.com/griffith_bio.html" "Mozilla/4.0 (compatible; MSIE 8.0; Windows NT 5.1; Trident/4.0; InfoPath.2; .NET CLR 2.0.50727; .NET CLR 3.0.4506.2152; .NET CLR 3.5.30729)"
108.16.199.191 - - [13/Aug/2013:21:50:13 -0400] "GET /SpryAssets/SpryMenuBarRightHover.gif HTTP/1.1" 304 - "http://www.brainandneurospine.com/griffith_bio.html" "Mozilla/4.0 (compatible; MSIE 8.0; Windows NT 5.1; Trident/4.0; InfoPath.2; .NET CLR 2.0.50727; .NET CLR 3.0.4506.2152; .NET CLR 3.5.30729)"
95.108.158.238 - - [13/Aug/2013:10:09:41 -0400] "GET /videos/photos-for-patient-videos-page/Photos-For-Enhanced-SOH/Ronnie-110x110.jpg HTTP/1.1" 304 - "-" "Mozilla/5.0 (compatible; YandexImages/3.0; +http://yandex.com/bots)"
70.195.74.152 - - [13/Aug/2013:10:54:01 -0400] "GET /graphics/tolentino-cutout.gif HTTP/1.1" 200 13936 "http://www.brainandneurospine.com/perryville-clinic.html" "Mozilla/5.0 (Linux; U; Android 4.0.4; en-us; VS840 4G Build/IMM76D) AppleWebKit/534.30 (KHTML, like Gecko) Version/4.0 Mobile Safari/534.30"
69.35.210.122 - - [13/Aug/2013:11:42:44 -0400] "GET /tplayer/videos/ADVplayer.swf HTTP/1.1" 200 6821 "http://www.brainandneurospine.com/tplayer/templates/tplayer.html" "Mozilla/5.0 (Macintosh; Intel Mac OS X 10_8_4) AppleWebKit/537.36 (KHTML, like Gecko) Chrome/28.0.1500.95 Safari/537.36"
