98.20.189.147 - - [13/Aug/2013:12:56:31 -0400] "GET /images/docs_rbs4.jpg HTTP/1.1" 200 59790 "http://www.brainandneurospine.com/index.html" "Mozilla/5.0 (Linux; U; Android 4.1.1; en-us; GT-P5113 Build/JRO03C) AppleWebKit/534.30 (KHTML, like Gecko) Version/4.0 Safari/534.30"
75.134.195.77 - - [13/Aug/2013:13:06:57 -0400] "GET /images/Melissa-Phone.jpg HTTP/1.1" 200 61361 "http://www.brainandneurospine.com/2009-contact.html" "Mozilla/5.0 (iPad; U; CPU OS 4_3_4 like Mac OS X; en-us) AppleWebKit/533.17.9 (KHTML, like Gecko) Mobile/8K2"
75.134.195.77 - - [13/Aug/2013:13:06:58 -0400] "GET /graphics/cleaver-guidos-cutout.gif HTTP/1.1" 200 7051 "http://www.brainandneurospine.com/2009-contact.html" "Mozilla/5.0 (iPad; U; CPU OS 4_3_4 like Mac OS X; en-us) AppleWebKit/533.17.9 (KHTML, like Gecko) Mobile/8K2"
75.134.195.77 - - [13/Aug/2013:13:06:58 -0400] "GET /SpryAssets/SpryMenuBarDownHover.gif HTTP/1.1" 200 55 "http://www.brainandneurospine.com/2009-contact.html" "Mozilla/5.0 (iPad; U; CPU OS 4_3_4 like Mac OS X; en-us) AppleWebKit/533.17.9 (KHTML, like Gecko) Mobile/8K2"
75.134.195.77 - - [13/Aug/2013:13:06:58 -0400] "GET /SpryAssets/SpryMenuBarDown.gif HTTP/1.1" 200 55 "http://www.brainandneurospine.com/2009-contact.html" "Mozilla/5.0 (iPad; U; CPU OS 4_3_4 like Mac OS X; en-us) AppleWebKit/533.17.9 (KHTML, like Gecko) Mobile/8K2"
5.135.125.180 - - [13/Aug/2013:13:10:37 -0400] "GET /hammond_bio.html HTTP/1.1" 200 16504 "-" "Opera/9.80 (X11; Linux i686; U; en) Presto/2.9.168 Version/11.52"
95.108.158.238 - - [13/Aug/2013:13:37:51 -0400] "GET /videos/photos-for-patient-videos-page/JamaicaPhoto1.jpg HTTP/1.1" 304 - "-" "Mozilla/5.0 (compatible; YandexImages/3.0; +http://yandex.com/bots)"
46.165.197.151 - - [13/Aug/2013:14:09:53 -0400] "GET /hammond_bio.html HTTP/1.0" 200 16504 "-" "Mozilla/5.0 (compatible; MJ12bot/v1.4.3; http://www.majestic12.co.uk/bot.php?+)"
157.55.33.17 - - [13/Aug/2013:07:21:50 -0400] "GET /schuchart_bio.html HTTP/1.1" 200 16699 "-" "Mozilla/5.0 (compatible; bingbot/2.0; +http://www.bing.com/bingbot.htm)"
95.108.158.238 - - [13/Aug/2013:08:50:33 -0400] "GET /videos/photos-for-patient-videos-page/karen-waving.jpg HTTP/1.1" 304 - "-" "Mozilla/5.0 (compatible; YandexImages/3.0; +http://yandex.com/bots)"
173.21.246.52 - - [13/Aug/2013:12:54:21 -0400] "GET /graphics/gray-background.jpg HTTP/1.1" 200 7781 "http://www.brainandneurospine.com/" "Mozilla/5.0 (iPhone; CPU iPhone OS 6_1_3 like Mac OS X) AppleWebKit/536.26 (KHTML, like Gecko) Version/6.0 Mobile/10B329 Safari/8536.25"
173.21.246.52 - - [13/Aug/2013:12:54:30 -0400] "GET /SpryAssets/SpryMenuBarRight.gif HTTP/1.1" 200 55 "http://www.brainandneurospine.com/" "Mozilla/5.0 (iPhone; CPU iPhone OS 6_1_3 like Mac OS X) AppleWebKit/536.26 (KHTML, like Gecko) Version/6.0 Mobile/10B329 Safari/8536.25"
173.21.246.52 - - [13/Aug/2013:12:54:30 -0400] "GET /graphics/SE-medical-plaza-sign%20160.jpg HTTP/1.1" 200 19171 "http://www.brainandneurospine.com/" "Mozilla/5.0 (iPhone; CPU iPhone OS 6_1_3 like Mac OS X) AppleWebKit/536.26 (KHTML, like Gecko) Version/6.0 Mobile/10B329 Safari/8536.25"
150.70.172.105 - - [13/Aug/2013:12:55:55 -0400] "GET /SpryAssets/SpryMenuBar.js HTTP/1.0" 200 10064 "-" "Mozilla/4.0 (compatible; MSIE 6.0; Windows NT 5.1)"
5.135.125.180 - - [13/Aug/2013:13:10:35 -0400] "GET / HTTP/1.1" 200 40346 "-" "Mozilla/4.0 (compatible; MSIE 8.0; Windows NT 6.1; en) Opera 10.62"
66.249.85.179 - - [13/Aug/2013:13:43:43 -0400] "GET /pdf%20documents/BNSC-HIPAA-NOTICE.pdf HTTP/1.1" 200 83988 "-" "Mozilla/5.0 (compatible; MSIE 10.0; Windows NT 6.1; WOW64; Trident/6.0),gzip(gfe) (via docs.google.com/viewer)"
68.188.26.158 - - [13/Aug/2013:13:47:09 -0400] "GET /images/Melissa-Phone.jpg HTTP/1.1" 200 61361 "http://www.brainandneurospine.com/2009-contact.html" "Mozilla/5.0 (Windows NT 5.1; rv:22.0) Gecko/20100101 Firefox/22.0"
68.188.26.158 - - [13/Aug/2013:13:47:10 -0400] "GET /graphics/tolentino-cutout.gif HTTP/1.1" 200 13936 "http://www.brainandneurospine.com/2009-contact.html" "Mozilla/5.0 (Windows NT 5.1; rv:22.0) Gecko/20100101 Firefox/22.0"
68.188.26.158 - - [13/Aug/2013:13:47:10 -0400] "GET /graphics/cloud-background.jpg HTTP/1.1" 200 11928 "http://www.brainandneurospine.com/2009-contact.html" "Mozilla/5.0 (Windows NT 5.1; rv:22.0) Gecko/20100101 Firefox/22.0"
68.188.26.158 - - [13/Aug/2013:13:47:10 -0400] "GET /SpryAssets/SpryMenuBarRight.gif HTTP/1.1" 200 55 "http://www.brainandneurospine.com/SpryAssets/SpryMenuBarHorizontal.css" "Mozilla/5.0 (Windows NT 5.1; rv:22.0) Gecko/20100101 Firefox/22.0"
68.188.26.158 - - [13/Aug/2013:13:47:12 -0400] "GET /favicon.ico HTTP/1.1" 404 575 "-" "Mozilla/5.0 (Windows NT 5.1; rv:22.0) Gecko/20100101 Firefox/22.0"
68.188.26.158 - - [13/Aug/2013:13:47:23 -0400] "GET /tplayer/css/ADPMask.css HTTP/1.1" 200 234 "http://www.brainandneurospine.com/" "Mozilla/5.0 (Windows NT 5.1; rv:22.0) Gecko/20100101 Firefox/22.0"
68.188.26.158 - - [13/Aug/2013:13:47:23 -0400] "GET /graphics/Calendar-Appointment-100x75.jpg HTTP/1.1" 200 12359 "http://www.brainandneurospine.com/" "Mozilla/5.0 (Windows NT 5.1; rv:22.0) Gecko/20100101 Firefox/22.0"
97.84.33.162 - - [13/Aug/2013:14:13:14 -0400] "GET /SpryAssets/SpryMenuBarVertical.css HTTP/1.1" 200 4594 "http://www.brainandneurospine.com/" "Mozilla/4.0 (compatible; MSIE 8.0; Windows NT 6.1; Trident/4.0; SLCC2; .NET CLR 2.0.50727; .NET CLR 3.5.30729; .NET CLR 3.0.30729; Media Center PC 6.0; Tablet PC 2.0; .NET4.0C; .NET4.0E; AskTbORJ/5.15.23.36191)"
97.84.33.162 - - [13/Aug/2013:14:13:16 -0400] "GET /graphics/tolentino-cutout.gif HTTP/1.1" 200 13936 "http://www.brainandneurospine.com/" "Mozilla/4.0 (compatible; MSIE 8.0; Windows NT 6.1; Trident/4.0; SLCC2; .NET CLR 2.0.50727; .NET CLR 3.5.30729; .NET CLR 3.0.30729; Media Center PC 6.0; Tablet PC 2.0; .NET4.0C; .NET4.0E; AskTbORJ/5.15.23.36191)"
97.84.33.162 - - [13/Aug/2013:14:13:16 -0400] "GET /images/extenders-rbs5.jpg HTTP/1.1" 200 31217 "http://www.brainandneurospine.com/" "Mozilla/4.0 (compatible; MSIE 8.0; Windows NT 6.1; Trident/4.0; SLCC2; .NET CLR 2.0.50727; .NET CLR 3.5.30729; .NET CLR 3.0.30729; Media Center PC 6.0; Tablet PC 2.0; .NET4.0C; .NET4.0E; AskTbORJ/5.15.23.36191)"
98.20.189.147 - - [13/Aug/2013:05:29:43 -0400] "GET /graphics/SE-medical-plaza-sign%20160.jpg HTTP/1.1" 200 19171 "http://www.brainandneurospine.com/" "Mozilla/5.0 (Linux; U; Android 4.1.1; en-us; GT-P5113 Build/JRO03C) AppleWebKit/534.30 (KHTML, like Gecko) Version/4.0 Safari/534.30"
99.164.156.55 - - [13/Aug/2013:09:24:16 -0400] "GET /graphics/rbs-logo-930x125w-v3%20.jpg HTTP/1.1" 200 28337 "http://www.brainandneurospine.com/vaught_bio.html" "Mozilla/5.0 (compatible; MSIE 9.0; Windows NT 6.1; WOW64; Trident/5.0)"
99.164.156.55 - - [13/Aug/2013:09:24:16 -0400] "GET /images/Vaught-Family-230x332.jpg HTTP/1.1" 200 58060 "http://www.brainandneurospine.com/vaught_bio.html" "Mozilla/5.0 (compatible; MSIE 9.0; Windows NT 6.1; WOW64; Trident/5.0)"
99.164.156.55 - - [13/Aug/2013:09:24:58 -0400] "GET /reis_bio.html HTTP/1.1" 200 17868 "http://www.brainandneurospine.com/guidos_bio.html" "Mozilla/5.0 (compatible; MSIE 9.0; Windows NT 6.1; WOW64; Trident/5.0)"
174.250.0.215 - - [13/Aug/2013:09:29:58 -0400] "GET /images/Melissa-Phone.png HTTP/1.1" 200 233574 "-" "Google/2.0.1.10455 CFNetwork/548.1.4 Darwin/11.0.0"
24.100.149.115 - - [13/Aug/2013:10:02:47 -0400] "GET /Scripts/AC_RunActiveContent.js HTTP/1.1" 200 8029 "http://www.brainandneurospine.com/" "Mozilla/4.0 (compatible; MSIE 8.0; Windows NT 5.1; Trident/4.0; GTB7.5; .NET CLR 3.0.4506.2152; .NET CLR 2.0.50727; .NET CLR 3.5.30729)"
68.187.6.178 - - [13/Aug/2013:10:54:34 -0400] "GET /graphics/Calendar-Appointment-100x75.jpg HTTP/1.1" 200 12359 "http://brainandneurospine.com/index.html" "Mozilla/4.0 (compatible; MSIE 6.0; Windows NT 5.1; SV1; YPC 3.0.0; GTB7.5; .NET CLR 1.1.4322)"
194.74.48.4 - - [13/Aug/2013:11:56:25 -0400] "GET /SpryAssets/SpryMenuBar.js HTTP/1.1" 200 10064 "-" "Mozilla/4.0 (compatible;)"
98.103.205.34 - - [13/Aug/2013:15:54:02 -0400] "GET /graphics/rbs-logo-930x125w-v3%20.jpg HTTP/1.1" 200 28337 "http://www.brainandneurospine.com/skinner_bio.html" "Mozilla/5.0 (Macintosh; Intel Mac OS X 10_7_5) AppleWebKit/537.36 (KHTML, like Gecko) Chrome/27.0.1453.116 Safari/537.36"
98.103.205.34 - - [13/Aug/2013:15:54:02 -0400] "GET /graphics/cloud-background.jpg HTTP/1.1" 200 11928 "http://www.brainandneurospine.com/skinner_bio.html" "Mozilla/5.0 (Macintosh; Intel Mac OS X 10_7_5) AppleWebKit/537.36 (KHTML, like Gecko) Chrome/27.0.1453.116 Safari/537.36"
98.103.205.34 - - [13/Aug/2013:15:54:02 -0400] "GET /SpryAssets/SpryMenuBarDown.gif HTTP/1.1" 200 55 "http://www.brainandneurospine.com/skinner_bio.html" "Mozilla/5.0 (Macintosh; Intel Mac OS X 10_7_5) AppleWebKit/537.36 (KHTML, like Gecko) Chrome/27.0.1453.116 Safari/537.36"
81.129.29.234 - - [13/Aug/2013:15:55:06 -0400] "GET /images/tolentino-2010.jpg HTTP/1.1" 200 25917 "http://entertainmentconsultantsllc.com/colebrook-talambuhay-ni-guillermo-tolentino/" "Mozilla/5.0 (Windows NT 6.1; WOW64) AppleWebKit/537.36 (KHTML, like Gecko) Chrome/28.0.1500.95 Safari/537.36"
81.129.29.234 - - [13/Aug/2013:15:55:06 -0400] "GET /graphics/Tolentino-MRI.jpg HTTP/1.1" 200 18730 "http://entertainmentconsultantsllc.com/colebrook-talambuhay-ni-guillermo-tolentino/" "Mozilla/5.0 (Windows NT 6.1; WOW64) AppleWebKit/537.36 (KHTML, like Gecko) Chrome/28.0.1500.95 Safari/537.36"
95.108.158.238 - - [13/Aug/2013:21:06:47 -0400] "GET /images/skinner-64x80.jpg HTTP/1.1" 200 17297 "-" "Mozilla/5.0 (compatible; YandexImages/3.0; +http://yandex.com/bots)"
70.242.138.54 - - [13/Aug/2013:21:45:16 -0400] "GET /tplayer/css/ADPMask.css HTTP/1.1" 200 234 "http://www.brainandneurospine.com/" "Mozilla/5.0 (compatible; MSIE 10.0; Windows NT 6.1; WOW64; Trident/6.0)"
70.242.138.54 - - [13/Aug/2013:21:45:16 -0400] "GET /tplayer/scripts/tplayer.js HTTP/1.1" 200 60791 "http://www.brainandneurospine.com/" "Mozilla/5.0 (compatible; MSIE 10.0; Windows NT 6.1; WOW64; Trident/6.0)"
70.242.138.54 - - [13/Aug/2013:21:45:17 -0400] "GET /tplayer/scripts/tplayer-config.js HTTP/1.1" 200 78567 "http://www.brainandneurospine.com/" "Mozilla/5.0 (compatible; MSIE 10.0; Windows NT 6.1; WOW64; Trident/6.0)"
70.242.138.54 - - [13/Aug/2013:21:45:18 -0400] "GET /SpryAssets/SpryMenuBarDown.gif HTTP/1.1" 200 55 "http://www.brainandneurospine.com/" "Mozilla/5.0 (compatible; MSIE 10.0; Windows NT 6.1; WOW64; Trident/6.0)"
70.242.138.54 - - [13/Aug/2013:21:45:20 -0400] "GET /graphics/SE-medical-plaza-sign%20160.jpg HTTP/1.1" 200 19171 "http://www.brainandneurospine.com/" "Mozilla/5.0 (compatible; MSIE 10.0; Windows NT 6.1; WOW64; Trident/6.0)"
70.242.138.54 - - [13/Aug/2013:21:48:27 -0400] "GET /vaught_bio.html HTTP/1.1" 200 21144 "http://www.brainandneurospine.com/" "Mozilla/5.0 (compatible; MSIE 10.0; Windows NT 6.1; WOW64; Trident/6.0)"
131.253.26.224 - - [13/Aug/2013:03:51:37 -0400] "GET /morrell.html HTTP/1.1" 200 12725 "-" "Mozilla/4.0 (compatible; MSIE 7.0; Windows NT 5.1; SLCC1; .NET CLR 1.1.4325; .NET CLR 2.0.40607; .NET CLR 3.0.30729; .NET CLR 3.5.30707)"
131.253.26.224 - - [13/Aug/2013:03:51:39 -0400] "GET /SpryAssets/SpryMenuBar.js HTTP/1.1" 200 10064 "http://www.spinalexchange.com/morrell.html" "Mozilla/4.0 (compatible; MSIE 7.0; Windows NT 5.1; SLCC1; .NET CLR 1.1.4325; .NET CLR 2.0.40607; .NET CLR 3.0.30729; .NET CLR 3.5.30707)"
131.253.26.224 - - [13/Aug/2013:03:51:41 -0400] "GET /SpryAssets/SpryMenuBarHorizontal.css HTTP/1.1" 200 5780 "http://www.spinalexchange.com/morrell.html" "Mozilla/4.0 (compatible; MSIE 7.0; Windows NT 5.1; SLCC1; .NET CLR 1.1.4325; .NET CLR 2.0.40607; .NET CLR 3.0.30729; .NET CLR 3.5.30707)"
69.122.147.72 - - [13/Aug/2013:02:37:03 -0400] "GET /2009-education-links.html HTTP/1.1" 200 17791 "-" "Mozilla/4.0 (compatible; MSIE 5.5; Windows NT 4.0)"
208.242.14.200 - - [13/Aug/2013:07:54:44 -0400] "GET /SpryAssets/SpryMenuBarRight.gif HTTP/1.1" 200 55 "http://www.brainandneurospine.com/2009-contact.html" "Mozilla/4.0 (compatible; MSIE 6.0; Windows NT 5.1; Trident/4.0; .NET CLR 1.1.4322; .NET CLR 2.0.50727; .NET CLR 3.0.04506.30; .NET CLR 3.0.4506.2152; .NET CLR 3.5.30729)"
157.55.35.97 - - [13/Aug/2013:09:28:11 -0400] "GET /robots.txt HTTP/1.1" 404 575 "-" "Mozilla/5.0 (compatible; bingbot/2.0; +http://www.bing.com/bingbot.htm)"
65.55.213.76 - - [13/Aug/2013:10:15:02 -0400] "GET / HTTP/1.1" 200 40346 "-" "msnbot/2.0b (+http://search.msn.com/msnbot.htm)"
152.132.9.3 - - [13/Aug/2013:10:48:07 -0400] "GET /SpryAssets/SpryMenuBar.js HTTP/1.1" 200 10064 "http://brainandneurospine.com/2009-contact.html" "Mozilla/4.0 (compatible; MSIE 7.0; Windows NT 5.1; .NET CLR 1.1.4322; .NET CLR 2.0.50727; InfoPath.2; .NET CLR 3.0.4506.2152; .NET CLR 3.5.30729; MS-RTC LM 8; .NET4.0C; .NET4.0E)"
152.132.9.3 - - [13/Aug/2013:10:48:08 -0400] "GET /SpryAssets/SpryMenuBarHorizontal.css HTTP/1.1" 200 5807 "http://brainandneurospine.com/2009-contact.html" "Mozilla/4.0 (compatible; MSIE 7.0; Windows NT 5.1; .NET CLR 1.1.4322; .NET CLR 2.0.50727; InfoPath.2; .NET CLR 3.0.4506.2152; .NET CLR 3.5.30729; MS-RTC LM 8; .NET4.0C; .NET4.0E)"
152.132.9.3 - - [13/Aug/2013:10:48:09 -0400] "GET /graphics/gray-background.jpg HTTP/1.1" 200 7781 "http://brainandneurospine.com/2009-contact.html" "Mozilla/4.0 (compatible; MSIE 7.0; Windows NT 5.1; .NET CLR 1.1.4322; .NET CLR 2.0.50727; InfoPath.2; .NET CLR 3.0.4506.2152; .NET CLR 3.5.30729; MS-RTC LM 8; .NET4.0C; .NET4.0E)"
152.132.9.3 - - [13/Aug/2013:10:48:10 -0400] "GET /graphics/tolentino-cutout.gif HTTP/1.1" 200 13936 "http://brainandneurospine.com/2009-contact.html" "Mozilla/4.0 (compatible; MSIE 7.0; Windows NT 5.1; .NET CLR 1.1.4322; .NET CLR 2.0.50727; InfoPath.2; .NET CLR 3.0.4506.2152; .NET CLR 3.5.30729; MS-RTC LM 8; .NET4.0C; .NET4.0E)"
152.132.9.3 - - [13/Aug/2013:10:48:11 -0400] "GET /graphics/cleaver-guidos-cutout.gif HTTP/1.1" 200 7051 "http://brainandneurospine.com/2009-contact.html" "Mozilla/4.0 (compatible; MSIE 7.0; Windows NT 5.1; .NET CLR 1.1.4322; .NET CLR 2.0.50727; InfoPath.2; .NET CLR 3.0.4506.2152; .NET CLR 3.5.30729; MS-RTC LM 8; .NET4.0C; .NET4.0E)"
152.132.9.3 - - [13/Aug/2013:10:48:11 -0400] "GET /graphics/colle-cutout2.gif HTTP/1.1" 200 7469 "http://brainandneurospine.com/2009-contact.html" "Mozilla/4.0 (compatible; MSIE 7.0; Windows NT 5.1; .NET CLR 1.1.4322; .NET CLR 2.0.50727; InfoPath.2; .NET CLR 3.0.4506.2152; .NET CLR 3.5.30729; MS-RTC LM 8; .NET4.0C; .NET4.0E)"
152.132.9.3 - - [13/Aug/2013:10:48:11 -0400] "GET /graphics/cloud-background.jpg HTTP/1.1" 200 11928 "http://brainandneurospine.com/2009-contact.html" "Mozilla/4.0 (compatible; MSIE 7.0; Windows NT 5.1; .NET CLR 1.1.4322; .NET CLR 2.0.50727; InfoPath.2; .NET CLR 3.0.4506.2152; .NET CLR 3.5.30729; MS-RTC LM 8; .NET4.0C; .NET4.0E)"
152.132.9.3 - - [13/Aug/2013:10:48:11 -0400] "GET /images/Melissa-Phone.jpg HTTP/1.1" 200 61361 "http://brainandneurospine.com/2009-contact.html" "Mozilla/4.0 (compatible; MSIE 7.0; Windows NT 5.1; .NET CLR 1.1.4322; .NET CLR 2.0.50727; InfoPath.2; .NET CLR 3.0.4506.2152; .NET CLR 3.5.30729; MS-RTC LM 8; .NET4.0C; .NET4.0E)"
68.187.6.178 - - [13/Aug/2013:10:54:33 -0400] "GET /images/docs_rbs4.jpg HTTP/1.1" 200 59790 "http://brainandneurospine.com/index.html" "Mozilla/4.0 (compatible; MSIE 6.0; Windows NT 5.1; SV1; YPC 3.0.0; GTB7.5; .NET CLR 1.1.4322)"
216.52.185.76 - - [13/Aug/2013:11:26:37 -0400] "GET /SpryAssets/SpryMenuBarVertical.css HTTP/1.1" 200 4594 "http://www.brainandneurospine.com/tolentino_bio.html" "Mozilla/4.0 (compatible; MSIE 8.0; Windows NT 5.1; Trident/4.0; .NET CLR 1.1.4322; MS-RTC LM 8; .NET CLR 2.0.50727; .NET CLR 3.0.04506.648; .NET CLR 3.5.21022; .NET CLR 3.0.4506.2152; .NET CLR 3.5.30729)"
216.52.185.76 - - [13/Aug/2013:11:26:38 -0400] "GET /graphics/tolentino-cutout.gif HTTP/1.1" 200 13936 "http://www.brainandneurospine.com/tolentino_bio.html" "Mozilla/4.0 (compatible; MSIE 8.0; Windows NT 5.1; Trident/4.0; .NET CLR 1.1.4322; MS-RTC LM 8; .NET CLR 2.0.50727; .NET CLR 3.0.04506.648; .NET CLR 3.5.21022; .NET CLR 3.0.4506.2152; .NET CLR 3.5.30729)"
216.52.185.76 - - [13/Aug/2013:11:26:38 -0400] "GET /images/award2010.jpg HTTP/1.1" 200 15066 "http://www.brainandneurospine.com/tolentino_bio.html" "Mozilla/4.0 (compatible; MSIE 8.0; Windows NT 5.1; Trident/4.0; .NET CLR 1.1.4322; MS-RTC LM 8; .NET CLR 2.0.50727; .NET CLR 3.0.04506.648; .NET CLR 3.5.21022; .NET CLR 3.0.4506.2152; .NET CLR 3.5.30729)"
216.52.185.76 - - [13/Aug/2013:11:26:39 -0400] "GET /SpryAssets/SpryMenuBarDownHover.gif HTTP/1.1" 200 55 "http://www.brainandneurospine.com/tolentino_bio.html" "Mozilla/4.0 (compatible; MSIE 8.0; Windows NT 5.1; Trident/4.0; .NET CLR 1.1.4322; MS-RTC LM 8; .NET CLR 2.0.50727; .NET CLR 3.0.04506.648; .NET CLR 3.5.21022; .NET CLR 3.0.4506.2152; .NET CLR 3.5.30729)"
216.52.185.76 - - [13/Aug/2013:11:26:39 -0400] "GET /SpryAssets/SpryMenuBarRightHover.gif HTTP/1.1" 200 55 "http://www.brainandneurospine.com/tolentino_bio.html" "Mozilla/4.0 (compatible; MSIE 8.0; Windows NT 5.1; Trident/4.0; .NET CLR 1.1.4322; MS-RTC LM 8; .NET CLR 2.0.50727; .NET CLR 3.0.04506.648; .NET CLR 3.5.21022; .NET CLR 3.0.4506.2152; .NET CLR 3.5.30729)"
66.249.85.179 - - [13/Aug/2013:11:53:10 -0400] "GET /pdf%20documents/BNSC-HIPAA-NOTICE.pdf HTTP/1.1" 200 83988 "-" "Mozilla/5.0 (compatible; MSIE 9.0; Windows NT 6.1; Trident/5.0),gzip(gfe) (via docs.google.com/viewer)"
194.74.48.4 - - [13/Aug/2013:11:56:27 -0400] "GET /graphics/colle-microscope.gif HTTP/1.1" 200 10069 "http://www.brainandneurospine.com/" "Mozilla/5.0 (Windows NT 5.1) AppleWebKit/537.36 (KHTML, like Gecko) Chrome/28.0.1500.72 Safari/537.36"
194.74.48.4 - - [13/Aug/2013:11:56:27 -0400] "GET /SpryAssets/SpryMenuBarRightHover.gif HTTP/1.1" 200 55 "http://www.brainandneurospine.com/" "Mozilla/5.0 (Windows NT 5.1) AppleWebKit/537.36 (KHTML, like Gecko) Chrome/28.0.1500.72 Safari/537.36"
70.39.177.68 - - [13/Aug/2013:17:28:36 -0400] "GET /graphics/vaught-cutout1.gif HTTP/1.1" 200 9004 "http://www.brainandneurospine.com/colle_bio.html" "Mozilla/4.0 (compatible; MSIE 8.0; Windows NT 6.1; Trident/4.0; SLCC2; .NET CLR 2.0.50727; .NET CLR 3.5.30729; .NET CLR 3.0.30729; Media Center PC 6.0; InfoPath.3; .NET4.0C; .NET4.0E; Zurich Financial Services)"
173.21.246.52 - - [13/Aug/2013:12:54:21 -0400] "GET /graphics/5-stars-250x60.jpg HTTP/1.1" 200 15249 "http://www.brainandneurospine.com/" "Mozilla/5.0 (iPhone; CPU iPhone OS 6_1_3 like Mac OS X) AppleWebKit/536.26 (KHTML, like Gecko) Version/6.0 Mobile/10B329 Safari/8536.25"
173.21.246.52 - - [13/Aug/2013:12:54:21 -0400] "GET /graphics/rbs-logo-930x125w-v3%20.jpg HTTP/1.1" 200 28337 "http://www.brainandneurospine.com/" "Mozilla/5.0 (iPhone; CPU iPhone OS 6_1_3 like Mac OS X) AppleWebKit/536.26 (KHTML, like Gecko) Version/6.0 Mobile/10B329 Safari/8536.25"
98.20.189.147 - - [13/Aug/2013:12:56:35 -0400] "GET /graphics/cleaver-guidos-cutout.gif HTTP/1.1" 200 7051 "http://www.brainandneurospine.com/index.html" "Mozilla/5.0 (Linux; U; Android 4.1.1; en-us; GT-P5113 Build/JRO03C) AppleWebKit/534.30 (KHTML, like Gecko) Version/4.0 Safari/534.30"
5.135.125.180 - - [13/Aug/2013:13:10:38 -0400] "GET /bowers_bio.html HTTP/1.1" 200 16139 "-" "Lynx/2.8.6rel.4 libwww-FM/2.14 SSL-MM/1.4.1 OpenSSL/0.9.8g"
68.188.26.158 - - [13/Aug/2013:13:47:10 -0400] "GET /SpryAssets/SpryMenuBarDownHover.gif HTTP/1.1" 200 55 "http://www.brainandneurospine.com/2009-contact.html" "Mozilla/5.0 (Windows NT 5.1; rv:22.0) Gecko/20100101 Firefox/22.0"
68.188.26.158 - - [13/Aug/2013:13:47:10 -0400] "GET /SpryAssets/SpryMenuBarRightHover.gif HTTP/1.1" 200 55 "http://www.brainandneurospine.com/2009-contact.html" "Mozilla/5.0 (Windows NT 5.1; rv:22.0) Gecko/20100101 Firefox/22.0"
46.165.197.151 - - [13/Aug/2013:14:09:56 -0400] "GET /robots.txt HTTP/1.0" 404 575 "-" "Mozilla/5.0 (compatible; MJ12bot/v1.4.3; http://www.majestic12.co.uk/bot.php?+)"
157.55.35.32 - - [13/Aug/2013:14:18:04 -0400] "GET /robots.txt HTTP/1.1" 404 575 "-" "Mozilla/5.0 (compatible; bingbot/2.0; +http://www.bing.com/bingbot.htm)"
209.54.13.33 - - [13/Aug/2013:14:28:12 -0400] "GET /SpryAssets/SpryMenuBarVertical.css HTTP/1.1" 200 4594 "http://www.brainandneurospine.com/" "Mozilla/5.0 (Windows NT 6.0) AppleWebKit/537.36 (KHTML, like Gecko) Chrome/28.0.1500.95 Safari/537.36"
209.54.13.33 - - [13/Aug/2013:14:28:13 -0400] "GET /graphics/rbs-logo-930x125w-v3%20.jpg HTTP/1.1" 200 28337 "http://www.brainandneurospine.com/" "Mozilla/5.0 (Windows NT 6.0) AppleWebKit/537.36 (KHTML, like Gecko) Chrome/28.0.1500.95 Safari/537.36"
209.54.13.33 - - [13/Aug/2013:14:28:13 -0400] "GET /graphics/Calendar-Appointment-100x75.jpg HTTP/1.1" 200 12359 "http://www.brainandneurospine.com/" "Mozilla/5.0 (Windows NT 6.0) AppleWebKit/537.36 (KHTML, like Gecko) Chrome/28.0.1500.95 Safari/537.36"
209.54.13.33 - - [13/Aug/2013:14:28:16 -0400] "GET /images/extenders-rbs5.jpg HTTP/1.1" 200 31217 "http://www.brainandneurospine.com/" "Mozilla/5.0 (Windows NT 6.0) AppleWebKit/537.36 (KHTML, like Gecko) Chrome/28.0.1500.95 Safari/537.36"
209.54.13.33 - - [13/Aug/2013:14:28:17 -0400] "GET /graphics/vaught-cutout1.gif HTTP/1.1" 200 9004 "http://www.brainandneurospine.com/" "Mozilla/5.0 (Windows NT 6.0) AppleWebKit/537.36 (KHTML, like Gecko) Chrome/28.0.1500.95 Safari/537.36"
209.54.13.33 - - [13/Aug/2013:14:28:18 -0400] "GET /SpryAssets/SpryMenuBarRightHover.gif HTTP/1.1" 200 55 "http://www.brainandneurospine.com/" "Mozilla/5.0 (Windows NT 6.0) AppleWebKit/537.36 (KHTML, like Gecko) Chrome/28.0.1500.95 Safari/537.36"
67.66.139.22 - - [13/Aug/2013:09:05:50 -0400] "GET /graphics/cleaver-guidos-cutout.gif HTTP/1.1" 200 7051 "http://www.brainandneurospine.com/" "Mozilla/4.0 (compatible; MSIE 8.0; Windows NT 6.1; WOW64; Trident/4.0; SLCC2; .NET CLR 2.0.50727; .NET CLR 3.5.30729; .NET CLR 3.0.30729; Media Center PC 6.0; .NET4.0C; .NET4.0E; InfoPath.3; MS-RTC LM 8)"
67.66.139.22 - - [13/Aug/2013:09:05:50 -0400] "GET /graphics/RBS_LogoStackedTAG.jpg HTTP/1.1" 200 127207 "http://www.brainandneurospine.com/" "Mozilla/4.0 (compatible; MSIE 8.0; Windows NT 6.1; WOW64; Trident/4.0; SLCC2; .NET CLR 2.0.50727; .NET CLR 3.5.30729; .NET CLR 3.0.30729; Media Center PC 6.0; .NET4.0C; .NET4.0E; InfoPath.3; MS-RTC LM 8)"
99.164.156.55 - - [13/Aug/2013:09:24:15 -0400] "GET /SpryAssets/SpryMenuBarHorizontal.css HTTP/1.1" 200 5807 "http://www.brainandneurospine.com/vaught_bio.html" "Mozilla/5.0 (compatible; MSIE 9.0; Windows NT 6.1; WOW64; Trident/5.0)"
99.164.156.55 - - [13/Aug/2013:09:24:16 -0400] "GET /graphics/Vaught-surgery-2.jpg HTTP/1.1" 200 13153 "http://www.brainandneurospine.com/vaught_bio.html" "Mozilla/5.0 (compatible; MSIE 9.0; Windows NT 6.1; WOW64; Trident/5.0)"
99.164.156.55 - - [13/Aug/2013:09:24:16 -0400] "GET /graphics/Vaught-clinic-1.jpg HTTP/1.1" 200 53040 "http://www.brainandneurospine.com/vaught_bio.html" "Mozilla/5.0 (compatible; MSIE 9.0; Windows NT 6.1; WOW64; Trident/5.0)"
99.164.156.55 - - [13/Aug/2013:09:24:59 -0400] "GET /images/reis-bio.jpg HTTP/1.1" 200 30190 "http://www.brainandneurospine.com/reis_bio.html" "Mozilla/5.0 (compatible; MSIE 9.0; Windows NT 6.1; WOW64; Trident/5.0)"
70.195.85.140 - - [13/Aug/2013:09:52:48 -0400] "GET /SpryAssets/SpryMenuBarHorizontal.css HTTP/1.1" 200 5807 "http://www.brainandneurospine.com/" "Mozilla/5.0 (iPhone; CPU iPhone OS 6_1_4 like Mac OS X) AppleWebKit/536.26 (KHTML, like Gecko) Version/6.0 Mobile/10B350 Safari/8536.25"
70.195.85.140 - - [13/Aug/2013:09:52:49 -0400] "GET /Scripts/AC_RunActiveContent.js HTTP/1.1" 200 8029 "http://www.brainandneurospine.com/" "Mozilla/5.0 (iPhone; CPU iPhone OS 6_1_4 like Mac OS X) AppleWebKit/536.26 (KHTML, like Gecko) Version/6.0 Mobile/10B350 Safari/8536.25"
70.195.85.140 - - [13/Aug/2013:09:52:49 -0400] "GET /graphics/RBS_LogoStackedTAG.jpg HTTP/1.1" 200 127207 "http://www.brainandneurospine.com/" "Mozilla/5.0 (iPhone; CPU iPhone OS 6_1_4 like Mac OS X) AppleWebKit/536.26 (KHTML, like Gecko) Version/6.0 Mobile/10B350 Safari/8536.25"
70.195.85.140 - - [13/Aug/2013:09:52:49 -0400] "GET /graphics/vaught-cutout1.gif HTTP/1.1" 200 9004 "http://www.brainandneurospine.com/" "Mozilla/5.0 (iPhone; CPU iPhone OS 6_1_4 like Mac OS X) AppleWebKit/536.26 (KHTML, like Gecko) Version/6.0 Mobile/10B350 Safari/8536.25"
50.40.166.46 - - [13/Aug/2013:10:21:45 -0400] "GET /tolentino_bio.html HTTP/1.1" 200 19608 "http://search.yahoo.com/tablet/s?p=dr+paul+tolentino&fr=ipad" "Mozilla/5.0 (iPad; CPU OS 6_0_1 like Mac OS X) AppleWebKit/536.26 (KHTML, like Gecko) Version/6.0 Mobile/10A8426 Safari/8536.25"
50.40.166.46 - - [13/Aug/2013:10:21:45 -0400] "GET /SpryAssets/SpryMenuBar.js HTTP/1.1" 200 10064 "http://brainandneurospine.com/tolentino_bio.html" "Mozilla/5.0 (iPad; CPU OS 6_0_1 like Mac OS X) AppleWebKit/536.26 (KHTML, like Gecko) Version/6.0 Mobile/10A8426 Safari/8536.25"
50.40.166.46 - - [13/Aug/2013:10:21:46 -0400] "GET /graphics/tolentino-patient.jpg HTTP/1.1" 200 12163 "http://brainandneurospine.com/tolentino_bio.html" "Mozilla/5.0 (iPad; CPU OS 6_0_1 like Mac OS X) AppleWebKit/536.26 (KHTML, like Gecko) Version/6.0 Mobile/10A8426 Safari/8536.25"
50.40.166.46 - - [13/Aug/2013:10:21:46 -0400] "GET /images/tolentino-2010.jpg HTTP/1.1" 200 25917 "http://brainandneurospine.com/tolentino_bio.html" "Mozilla/5.0 (iPad; CPU OS 6_0_1 like Mac OS X) AppleWebKit/536.26 (KHTML, like Gecko) Version/6.0 Mobile/10A8426 Safari/8536.25"
50.40.166.46 - - [13/Aug/2013:10:21:46 -0400] "GET /graphics/gray-background.jpg HTTP/1.1" 200 7781 "http://brainandneurospine.com/tolentino_bio.html" "Mozilla/5.0 (iPad; CPU OS 6_0_1 like Mac OS X) AppleWebKit/536.26 (KHTML, like Gecko) Version/6.0 Mobile/10A8426 Safari/8536.25"
50.40.166.46 - - [13/Aug/2013:10:21:46 -0400] "GET /graphics/colle-cutout2.gif HTTP/1.1" 200 7469 "http://brainandneurospine.com/tolentino_bio.html" "Mozilla/5.0 (iPad; CPU OS 6_0_1 like Mac OS X) AppleWebKit/536.26 (KHTML, like Gecko) Version/6.0 Mobile/10A8426 Safari/8536.25"
50.40.166.46 - - [13/Aug/2013:10:21:46 -0400] "GET /graphics/tolentino-cutout.gif HTTP/1.1" 200 13936 "http://brainandneurospine.com/tolentino_bio.html" "Mozilla/5.0 (iPad; CPU OS 6_0_1 like Mac OS X) AppleWebKit/536.26 (KHTML, like Gecko) Version/6.0 Mobile/10A8426 Safari/8536.25"
50.40.166.46 - - [13/Aug/2013:10:21:46 -0400] "GET /graphics/cloud-background.jpg HTTP/1.1" 200 11928 "http://brainandneurospine.com/tolentino_bio.html" "Mozilla/5.0 (iPad; CPU OS 6_0_1 like Mac OS X) AppleWebKit/536.26 (KHTML, like Gecko) Version/6.0 Mobile/10A8426 Safari/8536.25"
50.40.166.46 - - [13/Aug/2013:10:21:46 -0400] "GET /SpryAssets/SpryMenuBarDownHover.gif HTTP/1.1" 200 55 "http://brainandneurospine.com/tolentino_bio.html" "Mozilla/5.0 (iPad; CPU OS 6_0_1 like Mac OS X) AppleWebKit/536.26 (KHTML, like Gecko) Version/6.0 Mobile/10A8426 Safari/8536.25"
50.40.166.46 - - [13/Aug/2013:10:21:46 -0400] "GET /SpryAssets/SpryMenuBarDown.gif HTTP/1.1" 200 55 "http://brainandneurospine.com/tolentino_bio.html" "Mozilla/5.0 (iPad; CPU OS 6_0_1 like Mac OS X) AppleWebKit/536.26 (KHTML, like Gecko) Version/6.0 Mobile/10A8426 Safari/8536.25"
69.35.210.122 - - [13/Aug/2013:11:38:50 -0400] "GET /graphics/colle-microscope.gif HTTP/1.1" 200 10069 "http://www.brainandneurospine.com/" "Mozilla/5.0 (Macintosh; Intel Mac OS X 10_8_4) AppleWebKit/537.36 (KHTML, like Gecko) Chrome/28.0.1500.95 Safari/537.36"
69.35.210.122 - - [13/Aug/2013:11:38:51 -0400] "GET /graphics/RBS_LogoStackedTAG.jpg HTTP/1.1" 200 127207 "http://www.brainandneurospine.com/" "Mozilla/5.0 (Macintosh; Intel Mac OS X 10_8_4) AppleWebKit/537.36 (KHTML, like Gecko) Chrome/28.0.1500.95 Safari/537.36"
97.87.100.200 - - [13/Aug/2013:21:27:56 -0400] "GET /SpryAssets/SpryMenuBarVertical.css HTTP/1.1" 200 4594 "http://brainandneurospine.com/gibbs_bio.html" "Mozilla/5.0 (iPhone; CPU iPhone OS 6_1_4 like Mac OS X) AppleWebKit/536.26 (KHTML, like Gecko) Version/6.0 Mobile/10B350 Safari/8536.25"
97.87.100.200 - - [13/Aug/2013:21:27:57 -0400] "GET /graphics/colle-microscope.gif HTTP/1.1" 200 10069 "http://brainandneurospine.com/gibbs_bio.html" "Mozilla/5.0 (iPhone; CPU iPhone OS 6_1_4 like Mac OS X) AppleWebKit/536.26 (KHTML, like Gecko) Version/6.0 Mobile/10B350 Safari/8536.25"
97.87.100.200 - - [13/Aug/2013:21:27:57 -0400] "GET /SpryAssets/SpryMenuBarDownHover.gif HTTP/1.1" 200 55 "http://brainandneurospine.com/gibbs_bio.html" "Mozilla/5.0 (iPhone; CPU iPhone OS 6_1_4 like Mac OS X) AppleWebKit/536.26 (KHTML, like Gecko) Version/6.0 Mobile/10B350 Safari/8536.25"
108.16.199.191 - - [13/Aug/2013:21:50:13 -0400] "GET /SpryAssets/SpryMenuBarHorizontal.css HTTP/1.1" 304 - "http://www.brainandneurospine.com/griffith_bio.html" "Mozilla/4.0 (compatible; MSIE 8.0; Windows NT 5.1; Trident/4.0; InfoPath.2; .NET CLR 2.0.50727; .NET CLR 3.0.4506.2152; .NET CLR 3.5.30729)"
108.16.199.191 - - [13/Aug/2013:21:50:13 -0400] "GET /graphics/tolentino-cutout.gif HTTP/1.1" 304 - "http://www.brainandneurospine.com/griffith_bio.html" "Mozilla/4.0 (compatible; MSIE 8.0; Windows NT 5.1; Trident/4.0; InfoPath.2; .NET CLR 2.0.50727; .NET CLR 3.0.4506.2152; .NET CLR 3.5.30729)"
108.16.199.191 - - [13/Aug/2013:21:50:13 -0400] "GET /images/stephanie-a-sm.jpg HTTP/1.1" 304 - "http://www.brainandneurospine.com/griffith_bio.html" "Mozilla/4.0 (compatible; MSIE 8.0; Windows NT 5.1; Trident/4.0; InfoPath.2; .NET CLR 2.0.50727; .NET CLR 3.0.4506.2152; .NET CLR 3.5.30729)"
108.16.199.191 - - [13/Aug/2013:21:50:13 -0400] "GET /SpryAssets/SpryMenuBarDown.gif HTTP/1.1" 304 - "http://www.brainandneurospine.com/griffith_bio.html" "Mozilla/4.0 (compatible; MSIE 8.0; Windows NT 5.1; Trident/4.0; InfoPath.2; .NET CLR 2.0.50727; .NET CLR 3.0.4506.2152; .NET CLR 3.5.30729)"
97.87.110.205 - - [13/Aug/2013:12:48:22 -0400] "GET /images/extenders-rbs5.jpg HTTP/1.1" 200 31217 "http://www.brainandneurospine.com/index.html" "Mozilla/5.0 (Windows NT 6.1; WOW64; rv:22.0) Gecko/20100101 Firefox/22.0"
173.20.31.71 - - [13/Aug/2013:12:50:18 -0400] "GET /tolentino_bio.html HTTP/1.1" 200 19608 "http://www.brainandneurospine.com/" "Mozilla/5.0 (Windows NT 6.1; WOW64) AppleWebKit/537.36 (KHTML, like Gecko) Chrome/28.0.1500.95 Safari/537.36"
173.20.31.71 - - [13/Aug/2013:12:50:18 -0400] "GET /graphics/cloud-background.jpg HTTP/1.1" 200 11928 "http://www.brainandneurospine.com/tolentino_bio.html" "Mozilla/5.0 (Windows NT 6.1; WOW64) AppleWebKit/537.36 (KHTML, like Gecko) Chrome/28.0.1500.95 Safari/537.36"
92.249.127.111 - - [13/Aug/2013:12:57:53 -0400] "GET / HTTP/1.1" 200 40346 "http://www.bravica.co/ru/" "Mozilla/5.0 (compatible; news bot /2.1)"
50.11.151.229 - - [13/Aug/2013:13:46:27 -0400] "GET /pdf%20documents/BNSC-HIPAA-NOTICE.pdf HTTP/1.1" 206 28722 "-" "Mozilla/5.0 (compatible; MSIE 10.0; Windows NT 6.1; WOW64; Trident/6.0)"
97.84.33.162 - - [13/Aug/2013:14:13:22 -0400] "GET /graphics/SE-medical-plaza-sign%20160.jpg HTTP/1.1" 200 19171 "http://www.brainandneurospine.com/" "Mozilla/4.0 (compatible; MSIE 8.0; Windows NT 6.1; Trident/4.0; SLCC2; .NET CLR 2.0.50727; .NET CLR 3.5.30729; .NET CLR 3.0.30729; Media Center PC 6.0; Tablet PC 2.0; .NET4.0C; .NET4.0E; AskTbORJ/5.15.23.36191)"
66.249.72.228 - - [13/Aug/2013:01:54:25 -0400] "GET /robots.txt HTTP/1.1" 404 575 "-" "Mozilla/5.0 (compatible; Googlebot/2.1; +http://www.google.com/bot.html)"
95.108.158.238 - - [13/Aug/2013:04:17:59 -0400] "GET /images/Dr-Kyle-Colle.jpg HTTP/1.1" 304 - "-" "Mozilla/5.0 (compatible; YandexImages/3.0; +http://yandex.com/bots)"
98.20.189.147 - - [13/Aug/2013:05:29:34 -0400] "GET /SpryAssets/SpryMenuBarRight.gif HTTP/1.1" 200 55 "http://www.brainandneurospine.com/" "Mozilla/5.0 (Linux; U; Android 4.1.1; en-us; GT-P5113 Build/JRO03C) AppleWebKit/534.30 (KHTML, like Gecko) Version/4.0 Safari/534.30"
46.4.25.85 - - [13/Aug/2013:15:02:48 -0400] "GET /images/jason-bowers1.jpg HTTP/1.0" 200 47271 "-" "-"
12.133.6.2 - - [13/Aug/2013:15:31:03 -0400] "GET /images/stephanie-a-sm.jpg HTTP/1.1" 304 - "http://www.brainandneurospine.com/griffith_bio.html" "Mozilla/4.0 (compatible; MSIE 8.0; Windows NT 6.1; Trident/4.0; SLCC2; .NET CLR 2.0.50727; .NET CLR 3.5.30729; .NET CLR 3.0.30729; Media Center PC 6.0; .NET4.0C; .NET4.0E; InfoPath.3)"
192.183.87.2 - - [13/Aug/2013:15:44:26 -0400] "GET /SpryAssets/SpryMenuBarVertical.css HTTP/1.1" 200 4594 "http://www.brainandneurospine.com/" "Mozilla/5.0 (compatible; MSIE 9.0; Windows NT 6.1; WOW64; Trident/5.0)"
192.183.87.2 - - [13/Aug/2013:15:44:26 -0400] "GET /graphics/rbs-logo-930x125w-v3%20.jpg HTTP/1.1" 200 28337 "http://www.brainandneurospine.com/" "Mozilla/5.0 (compatible; MSIE 9.0; Windows NT 6.1; WOW64; Trident/5.0)"
192.183.87.2 - - [13/Aug/2013:15:44:27 -0400] "GET /graphics/RBS_LogoStackedTAG.jpg HTTP/1.1" 200 127207 "http://www.brainandneurospine.com/" "Mozilla/5.0 (compatible; MSIE 9.0; Windows NT 6.1; WOW64; Trident/5.0)"
192.183.87.2 - - [13/Aug/2013:15:44:27 -0400] "GET /graphics/cleaver-guidos-cutout.gif HTTP/1.1" 200 7051 "http://www.brainandneurospine.com/" "Mozilla/5.0 (compatible; MSIE 9.0; Windows NT 6.1; WOW64; Trident/5.0)"
192.183.87.2 - - [13/Aug/2013:15:44:28 -0400] "GET /SpryAssets/SpryMenuBarRightHover.gif HTTP/1.1" 200 55 "http://www.brainandneurospine.com/" "Mozilla/5.0 (compatible; MSIE 9.0; Windows NT 6.1; WOW64; Trident/5.0)"
70.39.177.68 - - [13/Aug/2013:17:28:33 -0400] "GET /SpryAssets/SpryMenuBar.js HTTP/1.1" 200 10064 "http://www.brainandneurospine.com/colle_bio.html" "Mozilla/4.0 (compatible; MSIE 8.0; Windows NT 6.1; Trident/4.0; SLCC2; .NET CLR 2.0.50727; .NET CLR 3.5.30729; .NET CLR 3.0.30729; Media Center PC 6.0; InfoPath.3; .NET4.0C; .NET4.0E; Zurich Financial Services)"
70.39.177.68 - - [13/Aug/2013:17:28:33 -0400] "GET /graphics/gray-background.jpg HTTP/1.1" 200 7781 "http://www.brainandneurospine.com/colle_bio.html" "Mozilla/4.0 (compatible; MSIE 8.0; Windows NT 6.1; Trident/4.0; SLCC2; .NET CLR 2.0.50727; .NET CLR 3.5.30729; .NET CLR 3.0.30729; Media Center PC 6.0; InfoPath.3; .NET4.0C; .NET4.0E; Zurich Financial Services)"
70.39.177.68 - - [13/Aug/2013:17:28:34 -0400] "GET /images/Dr-Kyle-Colle.jpg HTTP/1.1" 200 50756 "http://www.brainandneurospine.com/colle_bio.html" "Mozilla/4.0 (compatible; MSIE 8.0; Windows NT 6.1; Trident/4.0; SLCC2; .NET CLR 2.0.50727; .NET CLR 3.5.30729; .NET CLR 3.0.30729; Media Center PC 6.0; InfoPath.3; .NET4.0C; .NET4.0E; Zurich Financial Services)"
67.200.146.2 - - [13/Aug/2013:17:38:07 -0400] "GET /graphics/cloud-background.jpg HTTP/1.1" 200 11928 "http://www.brainandneurospine.com/gibbs_bio.html" "Mozilla/5.0 (compatible; MSIE 10.0; Windows NT 6.1; WOW64; Trident/6.0)"
208.242.14.200 - - [13/Aug/2013:07:54:57 -0400] "GET /SpryAssets/SpryMenuBarRight.gif HTTP/1.1" 304 - "http://www.brainandneurospine.com/colle_bio.html" "Mozilla/4.0 (compatible; MSIE 6.0; Windows NT 5.1; Trident/4.0; .NET CLR 1.1.4322; .NET CLR 2.0.50727; .NET CLR 3.0.04506.30; .NET CLR 3.0.4506.2152; .NET CLR 3.5.30729)"
123.125.71.46 - - [13/Aug/2013:08:47:32 -0400] "GET / HTTP/1.1" 200 40346 "-" "Mozilla/5.0 (Linux;u;Android 2.3.7;zh-cn;) AppleWebKit/533.1 (KHTML,like Gecko) Version/4.0 Mobile Safari/533.1 (compatible; +http://www.baidu.com/search/spider.html)"
46.4.25.85 - - [13/Aug/2013:12:39:05 -0400] "GET /images/jason-bowers1.jpg HTTP/1.0" 200 47271 "-" "-"
173.21.246.52 - - [13/Aug/2013:12:54:11 -0400] "GET /SpryAssets/SpryMenuBar.js HTTP/1.1" 200 10064 "http://www.brainandneurospine.com/" "Mozilla/5.0 (iPhone; CPU iPhone OS 6_1_3 like Mac OS X) AppleWebKit/536.26 (KHTML, like Gecko) Version/6.0 Mobile/10B329 Safari/8536.25"
98.20.189.147 - - [13/Aug/2013:12:56:17 -0400] "GET / HTTP/1.1" 200 40346 "-" "Mozilla/5.0 (Linux; U; Android 4.1.1; en-us; GT-P5113 Build/JRO03C) AppleWebKit/534.30 (KHTML, like Gecko) Version/4.0 Safari/534.30"
98.20.189.147 - - [13/Aug/2013:12:56:19 -0400] "GET /SpryAssets/SpryMenuBar.js HTTP/1.1" 200 10064 "http://www.brainandneurospine.com/index.html" "Mozilla/5.0 (Linux; U; Android 4.1.1; en-us; GT-P5113 Build/JRO03C) AppleWebKit/534.30 (KHTML, like Gecko) Version/4.0 Safari/534.30"
46.165.197.151 - - [13/Aug/2013:14:09:47 -0400] "GET /griffith_bio.html HTTP/1.0" 200 15847 "-" "Mozilla/5.0 (compatible; MJ12bot/v1.4.3; http://www.majestic12.co.uk/bot.php?+)"
209.54.13.33 - - [13/Aug/2013:14:28:12 -0400] "GET /SpryAssets/SpryMenuBar.js HTTP/1.1" 200 10064 "http://www.brainandneurospine.com/" "Mozilla/5.0 (Windows NT 6.0) AppleWebKit/537.36 (KHTML, like Gecko) Chrome/28.0.1500.95 Safari/537.36"
209.54.13.33 - - [13/Aug/2013:14:28:13 -0400] "GET /images/docs_rbs4.jpg HTTP/1.1" 200 59790 "http://www.brainandneurospine.com/" "Mozilla/5.0 (Windows NT 6.0) AppleWebKit/537.36 (KHTML, like Gecko) Chrome/28.0.1500.95 Safari/537.36"
209.54.13.33 - - [13/Aug/2013:14:28:16 -0400] "GET /graphics/colle-microscope.gif HTTP/1.1" 200 10069 "http://www.brainandneurospine.com/" "Mozilla/5.0 (Windows NT 6.0) AppleWebKit/537.36 (KHTML, like Gecko) Chrome/28.0.1500.95 Safari/537.36"
209.54.13.33 - - [13/Aug/2013:14:28:17 -0400] "GET /graphics/cleaver-guidos-cutout.gif HTTP/1.1" 200 7051 "http://www.brainandneurospine.com/" "Mozilla/5.0 (Windows NT 6.0) AppleWebKit/537.36 (KHTML, like Gecko) Chrome/28.0.1500.95 Safari/537.36"
209.54.13.33 - - [13/Aug/2013:14:28:18 -0400] "GET /SpryAssets/SpryMenuBarDownHover.gif HTTP/1.1" 200 55 "http://www.brainandneurospine.com/" "Mozilla/5.0 (Windows NT 6.0) AppleWebKit/537.36 (KHTML, like Gecko) Chrome/28.0.1500.95 Safari/537.36"
209.54.13.33 - - [13/Aug/2013:14:28:18 -0400] "GET /SpryAssets/SpryMenuBarRight.gif HTTP/1.1" 200 55 "http://www.brainandneurospine.com/" "Mozilla/5.0 (Windows NT 6.0) AppleWebKit/537.36 (KHTML, like Gecko) Chrome/28.0.1500.95 Safari/537.36"
95.108.158.238 - - [13/Aug/2013:20:28:16 -0400] "GET /graphics/5-stars-250x60.jpg HTTP/1.1" 304 - "-" "Mozilla/5.0 (compatible; YandexImages/3.0; +http://yandex.com/bots)"
99.164.156.55 - - [13/Aug/2013:09:24:48 -0400] "GET /images/colle%20microscope3.jpg HTTP/1.1" 200 59873 "http://www.brainandneurospine.com/colle_bio.html" "Mozilla/5.0 (compatible; MSIE 9.0; Windows NT 6.1; WOW64; Trident/5.0)"
99.164.156.55 - - [13/Aug/2013:09:25:08 -0400] "GET /smith_bio.html HTTP/1.1" 200 15285 "http://www.brainandneurospine.com/reis_bio.html" "Mozilla/5.0 (compatible; MSIE 9.0; Windows NT 6.1; WOW64; Trident/5.0)"
99.164.156.55 - - [13/Aug/2013:09:25:14 -0400] "GET /tolentino_bio.html HTTP/1.1" 200 19608 "http://www.brainandneurospine.com/smith_bio.html" "Mozilla/5.0 (compatible; MSIE 9.0; Windows NT 6.1; WOW64; Trident/5.0)"
24.199.83.210 - - [13/Aug/2013:10:05:09 -0400] "GET /images/jason-bowers.jpg HTTP/1.1" 200 86739 "http://www.google.com/blank.html" "Mozilla/5.0 (Macintosh; Intel Mac OS X 10_7_5) AppleWebKit/536.29.13 (KHTML, like Gecko) Version/6.0.4 Safari/536.29.13"
24.199.83.210 - - [13/Aug/2013:10:06:40 -0400] "GET /SpryAssets/SpryMenuBar.js HTTP/1.1" 200 10064 "http://www.brainandneurospine.com/bowers_bio.html" "Mozilla/5.0 (Macintosh; Intel Mac OS X 10_7_5) AppleWebKit/536.29.13 (KHTML, like Gecko) Version/6.0.4 Safari/536.29.13"
24.199.83.210 - - [13/Aug/2013:10:06:40 -0400] "GET /images/jason-bowers1.jpg HTTP/1.1" 200 47271 "http://www.brainandneurospine.com/bowers_bio.html" "Mozilla/5.0 (Macintosh; Intel Mac OS X 10_7_5) AppleWebKit/536.29.13 (KHTML, like Gecko) Version/6.0.4 Safari/536.29.13"
70.195.74.152 - - [13/Aug/2013:10:54:01 -0400] "GET /images/Vaught-206x268.jpg HTTP/1.1" 200 24797 "http://www.brainandneurospine.com/perryville-clinic.html" "Mozilla/5.0 (Linux; U; Android 4.0.4; en-us; VS840 4G Build/IMM76D) AppleWebKit/534.30 (KHTML, like Gecko) Version/4.0 Mobile Safari/534.30"
70.195.74.152 - - [13/Aug/2013:10:54:01 -0400] "GET /graphics/colle-cutout2.gif HTTP/1.1" 200 7469 "http://www.brainandneurospine.com/perryville-clinic.html" "Mozilla/5.0 (Linux; U; Android 4.0.4; en-us; VS840 4G Build/IMM76D) AppleWebKit/534.30 (KHTML, like Gecko) Version/4.0 Mobile Safari/534.30"
70.195.74.152 - - [13/Aug/2013:10:54:01 -0400] "GET /SpryAssets/SpryMenuBarDown.gif HTTP/1.1" 200 55 "http://www.brainandneurospine.com/perryville-clinic.html" "Mozilla/5.0 (Linux; U; Android 4.0.4; en-us; VS840 4G Build/IMM76D) AppleWebKit/534.30 (KHTML, like Gecko) Version/4.0 Mobile Safari/534.30"
157.55.33.17 - - [13/Aug/2013:11:04:51 -0400] "GET /dr-articles/flu%20vaccine%20delay.htm HTTP/1.1" 304 - "-" "Mozilla/5.0 (compatible; bingbot/2.0; +http://www.bing.com/bingbot.htm)"
24.240.202.106 - - [13/Aug/2013:11:42:07 -0400] "GET /SpryAssets/SpryMenuBarHorizontal.css HTTP/1.1" 200 5807 "http://www.brainandneurospine.com/gibbs_bio.html" "Mozilla/4.0 (compatible; MSIE 8.0; Windows NT 6.1; WOW64; Trident/4.0; SLCC2; .NET CLR 2.0.50727; .NET CLR 3.5.30729; .NET CLR 3.0.30729; Media Center PC 6.0; MDDR; .NET4.0C; .NET4.0E; AskTbORJ/5.15.4.23821)"
24.240.202.106 - - [13/Aug/2013:11:42:07 -0400] "GET /graphics/colle-microscope.gif HTTP/1.1" 200 10069 "http://www.brainandneurospine.com/gibbs_bio.html" "Mozilla/4.0 (compatible; MSIE 8.0; Windows NT 6.1; WOW64; Trident/4.0; SLCC2; .NET CLR 2.0.50727; .NET CLR 3.5.30729; .NET CLR 3.0.30729; Media Center PC 6.0; MDDR; .NET4.0C; .NET4.0E; AskTbORJ/5.15.4.23821)"
24.240.202.106 - - [13/Aug/2013:11:42:07 -0400] "GET /graphics/rbs-logo-930x125w-v3%20.jpg HTTP/1.1" 200 28337 "http://www.brainandneurospine.com/gibbs_bio.html" "Mozilla/4.0 (compatible; MSIE 8.0; Windows NT 6.1; WOW64; Trident/4.0; SLCC2; .NET CLR 2.0.50727; .NET CLR 3.5.30729; .NET CLR 3.0.30729; Media Center PC 6.0; MDDR; .NET4.0C; .NET4.0E; AskTbORJ/5.15.4.23821)"
194.74.48.4 - - [13/Aug/2013:11:56:25 -0400] "GET /SpryAssets/SpryMenuBarVertical.css HTTP/1.1" 200 4594 "-" "Mozilla/4.0 (compatible;)"
98.103.205.34 - - [13/Aug/2013:15:54:02 -0400] "GET /Scripts/AC_RunActiveContent.js HTTP/1.1" 200 8029 "http://www.brainandneurospine.com/skinner_bio.html" "Mozilla/5.0 (Macintosh; Intel Mac OS X 10_7_5) AppleWebKit/537.36 (KHTML, like Gecko) Chrome/27.0.1453.116 Safari/537.36"
98.103.205.34 - - [13/Aug/2013:15:54:02 -0400] "GET /graphics/tolentino-cutout.gif HTTP/1.1" 200 13936 "http://www.brainandneurospine.com/skinner_bio.html" "Mozilla/5.0 (Macintosh; Intel Mac OS X 10_7_5) AppleWebKit/537.36 (KHTML, like Gecko) Chrome/27.0.1453.116 Safari/537.36"
98.103.205.34 - - [13/Aug/2013:15:54:04 -0400] "GET /favicon.ico HTTP/1.1" 404 575 "-" "Mozilla/5.0 (Macintosh; Intel Mac OS X 10_7_5) AppleWebKit/537.36 (KHTML, like Gecko) Chrome/27.0.1453.116 Safari/537.36"
98.103.205.34 - - [13/Aug/2013:15:54:04 -0400] "GET /tplayer/images/close.gif HTTP/1.1" 200 1151 "http://www.brainandneurospine.com/skinner_bio.html" "Mozilla/5.0 (Macintosh; Intel Mac OS X 10_7_5) AppleWebKit/537.36 (KHTML, like Gecko) Chrome/27.0.1453.116 Safari/537.36"
107.195.178.233 - - [13/Aug/2013:16:26:00 -0400] "GET /SpryAssets/SpryMenuBarVertical.css HTTP/1.1" 200 4594 "http://www.brainandneurospine.com/" "Mozilla/5.0 (Windows NT 6.1; WOW64) AppleWebKit/537.36 (KHTML, like Gecko) Chrome/28.0.1500.95 Safari/537.36"
107.195.178.233 - - [13/Aug/2013:16:26:02 -0400] "GET /graphics/tolentino-cutout.gif HTTP/1.1" 200 13936 "http://www.brainandneurospine.com/" "Mozilla/5.0 (Windows NT 6.1; WOW64) AppleWebKit/537.36 (KHTML, like Gecko) Chrome/28.0.1500.95 Safari/537.36"
107.195.178.233 - - [13/Aug/2013:16:26:02 -0400] "GET /graphics/RBS_LogoStackedTAG.jpg HTTP/1.1" 200 127207 "http://www.brainandneurospine.com/" "Mozilla/5.0 (Windows NT 6.1; WOW64) AppleWebKit/537.36 (KHTML, like Gecko) Chrome/28.0.1500.95 Safari/537.36"
64.123.246.100 - - [13/Aug/2013:16:36:04 -0400] "GET /SpryAssets/SpryMenuBarHorizontal.css HTTP/1.1" 200 5807 "http://www.brainandneurospine.com/" "Mozilla/4.0 (compatible; MSIE 8.0; Windows NT 6.1; WOW64; Trident/4.0; GTB7.5; SLCC2; .NET CLR 2.0.50727; .NET CLR 3.5.30729; .NET CLR 3.0.30729; Media Center PC 6.0; MALN; .NET4.0C; .NET4.0E)"
64.123.246.100 - - [13/Aug/2013:16:36:05 -0400] "GET /graphics/gray-background.jpg HTTP/1.1" 200 7781 "http://www.brainandneurospine.com/" "Mozilla/4.0 (compatible; MSIE 8.0; Windows NT 6.1; WOW64; Trident/4.0; GTB7.5; SLCC2; .NET CLR 2.0.50727; .NET CLR 3.5.30729; .NET CLR 3.0.30729; Media Center PC 6.0; MALN; .NET4.0C; .NET4.0E)"
64.123.246.100 - - [13/Aug/2013:16:36:06 -0400] "GET /SpryAssets/SpryMenuBarRightHover.gif HTTP/1.1" 200 55 "http://www.brainandneurospine.com/" "Mozilla/4.0 (compatible; MSIE 8.0; Windows NT 6.1; WOW64; Trident/4.0; GTB7.5; SLCC2; .NET CLR 2.0.50727; .NET CLR 3.5.30729; .NET CLR 3.0.30729; Media Center PC 6.0; MALN; .NET4.0C; .NET4.0E)"
64.123.246.100 - - [13/Aug/2013:16:36:06 -0400] "GET /SpryAssets/SpryMenuBarRight.gif HTTP/1.1" 200 55 "http://www.brainandneurospine.com/" "Mozilla/4.0 (compatible; MSIE 8.0; Windows NT 6.1; WOW64; Trident/4.0; GTB7.5; SLCC2; .NET CLR 2.0.50727; .NET CLR 3.5.30729; .NET CLR 3.0.30729; Media Center PC 6.0; MALN; .NET4.0C; .NET4.0E)"
64.123.246.100 - - [13/Aug/2013:16:36:09 -0400] "GET /graphics/SE-medical-plaza-sign%20160.jpg HTTP/1.1" 200 19171 "http://www.brainandneurospine.com/" "Mozilla/4.0 (compatible; MSIE 8.0; Windows NT 6.1; WOW64; Trident/4.0; GTB7.5; SLCC2; .NET CLR 2.0.50727; .NET CLR 3.5.30729; .NET CLR 3.0.30729; Media Center PC 6.0; MALN; .NET4.0C; .NET4.0E)"
67.200.146.2 - - [13/Aug/2013:17:39:36 -0400] "GET /index.html HTTP/1.1" 200 40346 "http://www.brainandneurospine.com/cleaver_bio.html" "Mozilla/5.0 (compatible; MSIE 10.0; Windows NT 6.1; WOW64; Trident/6.0)"
67.200.146.2 - - [13/Aug/2013:17:39:36 -0400] "GET /graphics/Calendar-Appointment-100x75.jpg HTTP/1.1" 200 12359 "http://www.brainandneurospine.com/index.html" "Mozilla/5.0 (compatible; MSIE 10.0; Windows NT 6.1; WOW64; Trident/6.0)"
70.195.2.0 - - [13/Aug/2013:08:36:44 -0400] "GET /graphics/colle-microscope.gif HTTP/1.1" 200 10069 "http://www.brainandneurospine.com/" "Mozilla/5.0 (Linux; U; Android 4.1.2; en-us; SCH-I535 Build/JZO54K) AppleWebKit/534.30 (KHTML, like Gecko) Version/4.0 Mobile Safari/534.30"
95.108.158.238 - - [13/Aug/2013:06:03:12 -0400] "GET /videos/photos-for-patient-videos-page/Photos-For-Enhanced-SOH/keith-110x110.jpg HTTP/1.1" 304 - "-" "Mozilla/5.0 (compatible; YandexImages/3.0; +http://yandex.com/bots)"
123.125.71.107 - - [13/Aug/2013:07:53:19 -0400] "GET / HTTP/1.1" 200 14289 "-" "Mozilla/5.0 (compatible; Baiduspider/2.0; +http://www.baidu.com/search/spider.html)"
208.242.14.200 - - [13/Aug/2013:07:54:42 -0400] "GET /SpryAssets/SpryMenuBar.js HTTP/1.1" 200 10064 "http://www.brainandneurospine.com/2009-contact.html" "Mozilla/4.0 (compatible; MSIE 6.0; Windows NT 5.1; Trident/4.0; .NET CLR 1.1.4322; .NET CLR 2.0.50727; .NET CLR 3.0.04506.30; .NET CLR 3.0.4506.2152; .NET CLR 3.5.30729)"
208.242.14.200 - - [13/Aug/2013:07:54:57 -0400] "GET /SpryAssets/SpryMenuBarDownHover.gif HTTP/1.1" 304 - "http://www.brainandneurospine.com/colle_bio.html" "Mozilla/4.0 (compatible; MSIE 6.0; Windows NT 5.1; Trident/4.0; .NET CLR 1.1.4322; .NET CLR 2.0.50727; .NET CLR 3.0.04506.30; .NET CLR 3.0.4506.2152; .NET CLR 3.5.30729)"
208.242.14.200 - - [13/Aug/2013:07:55:19 -0400] "GET /graphics/cleaver-guidos-cutout.gif HTTP/1.1" 304 - "http://www.brainandneurospine.com/2009-contact.html" "Mozilla/4.0 (compatible; MSIE 6.0; Windows NT 5.1; Trident/4.0; .NET CLR 1.1.4322; .NET CLR 2.0.50727; .NET CLR 3.0.04506.30; .NET CLR 3.0.4506.2152; .NET CLR 3.5.30729)"
97.87.110.205 - - [13/Aug/2013:12:48:03 -0400] "GET /graphics/vaught-cutout1.gif HTTP/1.1" 200 9004 "http://www.brainandneurospine.com/2009-contact.html" "Mozilla/5.0 (Windows NT 6.1; WOW64; rv:22.0) Gecko/20100101 Firefox/22.0"
98.20.189.147 - - [13/Aug/2013:12:56:19 -0400] "GET /SpryAssets/SpryMenuBarVertical.css HTTP/1.1" 200 4594 "http://www.brainandneurospine.com/index.html" "Mozilla/5.0 (Linux; U; Android 4.1.1; en-us; GT-P5113 Build/JRO03C) AppleWebKit/534.30 (KHTML, like Gecko) Version/4.0 Safari/534.30"
66.249.72.176 - - [13/Aug/2013:03:27:52 -0400] "GET /2009-patient-notes.html HTTP/1.1" 304 - "-" "Mozilla/5.0 (iPhone; U; CPU iPhone OS 4_1 like Mac OS X; en-us) AppleWebKit/532.9 (KHTML, like Gecko) Version/4.0.5 Mobile/8B117 Safari/6531.22.7 (compatible; Googlebot-Mobile/2.1; +http://www.google.com/bot.html)"
99.164.156.55 - - [13/Aug/2013:09:25:08 -0400] "GET /images/smith-206x268.jpg HTTP/1.1" 200 28313 "http://www.brainandneurospine.com/smith_bio.html" "Mozilla/5.0 (compatible; MSIE 9.0; Windows NT 6.1; WOW64; Trident/5.0)"
24.100.149.115 - - [13/Aug/2013:10:02:54 -0400] "GET /graphics/cleaver-guidos-cutout.gif HTTP/1.1" 200 7051 "http://www.brainandneurospine.com/" "Mozilla/4.0 (compatible; MSIE 8.0; Windows NT 5.1; Trident/4.0; GTB7.5; .NET CLR 3.0.4506.2152; .NET CLR 2.0.50727; .NET CLR 3.5.30729)"
24.100.149.115 - - [13/Aug/2013:10:02:55 -0400] "GET /graphics/RBS_LogoStackedTAG.jpg HTTP/1.1" 200 127207 "http://www.brainandneurospine.com/" "Mozilla/4.0 (compatible; MSIE 8.0; Windows NT 5.1; Trident/4.0; GTB7.5; .NET CLR 3.0.4506.2152; .NET CLR 2.0.50727; .NET CLR 3.5.30729)"
216.52.185.76 - - [13/Aug/2013:11:26:37 -0400] "GET /SpryAssets/SpryMenuBarHorizontal.css HTTP/1.1" 200 5807 "http://www.brainandneurospine.com/tolentino_bio.html" "Mozilla/4.0 (compatible; MSIE 8.0; Windows NT 5.1; Trident/4.0; .NET CLR 1.1.4322; MS-RTC LM 8; .NET CLR 2.0.50727; .NET CLR 3.0.04506.648; .NET CLR 3.5.21022; .NET CLR 3.0.4506.2152; .NET CLR 3.5.30729)"
216.52.185.76 - - [13/Aug/2013:11:26:38 -0400] "GET /graphics/vaught-cutout1.gif HTTP/1.1" 200 9004 "http://www.brainandneurospine.com/tolentino_bio.html" "Mozilla/4.0 (compatible; MSIE 8.0; Windows NT 5.1; Trident/4.0; .NET CLR 1.1.4322; MS-RTC LM 8; .NET CLR 2.0.50727; .NET CLR 3.0.04506.648; .NET CLR 3.5.21022; .NET CLR 3.0.4506.2152; .NET CLR 3.5.30729)"
24.240.202.106 - - [13/Aug/2013:11:42:06 -0400] "GET /gibbs_bio.html HTTP/1.1" 200 13976 "http://www.google.com/url?sa=t&rct=j&q=scott%20gibbs%20md%20cape%20girardeau&source=web&cd=3&ved=0CEoQFjAC&url=http%3A%2F%2Fwww.brainandneurospine.com%2Fgibbs_bio.html&ei=yVMKUqeSH4aJ2AWwoYHYBg&usg=AFQjCNH0FvYeyg7dhH02exgUy9ruc4kLtA&bvm=bv.50500085,d.b2I" "Mozilla/4.0 (compatible; MSIE 8.0; Windows NT 6.1; WOW64; Trident/4.0; SLCC2; .NET CLR 2.0.50727; .NET CLR 3.5.30729; .NET CLR 3.0.30729; Media Center PC 6.0; MDDR; .NET4.0C; .NET4.0E; AskTbORJ/5.15.4.23821)"
