97.84.33.162 - - [13/Aug/2013:14:13:14 -0400] "GET / HTTP/1.1" 200 40346 "http://www.bing.com/search?q=brain+and+neurospine&FORM=IE8SRC&adlt=strict" "Mozilla/4.0 (compatible; MSIE 8.0; Windows NT 6.1; Trident/4.0; SLCC2; .NET CLR 2.0.50727; .NET CLR 3.5.30729; .NET CLR 3.0.30729; Media Center PC 6.0; Tablet PC 2.0; .NET4.0C; .NET4.0E; AskTbORJ/5.15.23.36191)"
97.84.33.162 - - [13/Aug/2013:14:13:16 -0400] "GET /graphics/gray-background.jpg HTTP/1.1" 200 7781 "http://www.brainandneurospine.com/" "Mozilla/4.0 (compatible; MSIE 8.0; Windows NT 6.1; Trident/4.0; SLCC2; .NET CLR 2.0.50727; .NET CLR 3.5.30729; .NET CLR 3.0.30729; Media Center PC 6.0; Tablet PC 2.0; .NET4.0C; .NET4.0E; AskTbORJ/5.15.23.36191)"
97.84.33.162 - - [13/Aug/2013:14:13:16 -0400] "GET /graphics/colle-cutout2.gif HTTP/1.1" 200 7469 "http://www.brainandneurospine.com/" "Mozilla/4.0 (compatible; MSIE 8.0; Windows NT 6.1; Trident/4.0; SLCC2; .NET CLR 2.0.50727; .NET CLR 3.5.30729; .NET CLR 3.0.30729; Media Center PC 6.0; Tablet PC 2.0; .NET4.0C; .NET4.0E; AskTbORJ/5.15.23.36191)"
97.84.33.162 - - [13/Aug/2013:14:13:16 -0400] "GET /graphics/Calendar-Appointment-100x75.jpg HTTP/1.1" 200 12359 "http://www.brainandneurospine.com/" "Mozilla/4.0 (compatible; MSIE 8.0; Windows NT 6.1; Trident/4.0; SLCC2; .NET CLR 2.0.50727; .NET CLR 3.5.30729; .NET CLR 3.0.30729; Media Center PC 6.0; Tablet PC 2.0; .NET4.0C; .NET4.0E; AskTbORJ/5.15.23.36191)"
97.84.33.162 - - [13/Aug/2013:14:13:16 -0400] "GET /graphics/5-stars-250x60.jpg HTTP/1.1" 200 15249 "http://www.brainandneurospine.com/" "Mozilla/4.0 (compatible; MSIE 8.0; Windows NT 6.1; Trident/4.0; SLCC2; .NET CLR 2.0.50727; .NET CLR 3.5.30729; .NET CLR 3.0.30729; Media Center PC 6.0; Tablet PC 2.0; .NET4.0C; .NET4.0E; AskTbORJ/5.15.23.36191)"
97.84.33.162 - - [13/Aug/2013:14:13:16 -0400] "GET /SpryAssets/SpryMenuBarDown.gif HTTP/1.1" 200 55 "http://www.brainandneurospine.com/" "Mozilla/4.0 (compatible; MSIE 8.0; Windows NT 6.1; Trident/4.0; SLCC2; .NET CLR 2.0.50727; .NET CLR 3.5.30729; .NET CLR 3.0.30729; Media Center PC 6.0; Tablet PC 2.0; .NET4.0C; .NET4.0E; AskTbORJ/5.15.23.36191)"
69.119.174.245 - - [13/Aug/2013:19:50:49 -0400] "GET /SpryAssets/SpryMenuBarVertical.css HTTP/1.1" 200 4594 "http://www.brainandneurospine.com/smith_bio.html" "Mozilla/5.0 (iPad; CPU OS 6_1_3 like Mac OS X) AppleWebKit/536.26 (KHTML, like Gecko) Version/6.0 Mobile/10B329 Safari/8536.25"
69.119.174.245 - - [13/Aug/2013:19:50:49 -0400] "GET /Scripts/AC_RunActiveContent.js HTTP/1.1" 200 8029 "http://www.brainandneurospine.com/smith_bio.html" "Mozilla/5.0 (iPad; CPU OS 6_1_3 like Mac OS X) AppleWebKit/536.26 (KHTML, like Gecko) Version/6.0 Mobile/10B329 Safari/8536.25"
69.119.174.245 - - [13/Aug/2013:19:50:49 -0400] "GET /graphics/rbs-logo-930x125w-v3%20.jpg HTTP/1.1" 200 28337 "http://www.brainandneurospine.com/smith_bio.html" "Mozilla/5.0 (iPad; CPU OS 6_1_3 like Mac OS X) AppleWebKit/536.26 (KHTML, like Gecko) Version/6.0 Mobile/10B329 Safari/8536.25"
69.119.174.245 - - [13/Aug/2013:19:50:49 -0400] "GET /graphics/cloud-background.jpg HTTP/1.1" 200 11928 "http://www.brainandneurospine.com/smith_bio.html" "Mozilla/5.0 (iPad; CPU OS 6_1_3 like Mac OS X) AppleWebKit/536.26 (KHTML, like Gecko) Version/6.0 Mobile/10B329 Safari/8536.25"
69.119.174.245 - - [13/Aug/2013:19:50:49 -0400] "GET /SpryAssets/SpryMenuBarRight.gif HTTP/1.1" 200 55 "http://www.brainandneurospine.com/smith_bio.html" "Mozilla/5.0 (iPad; CPU OS 6_1_3 like Mac OS X) AppleWebKit/536.26 (KHTML, like Gecko) Version/6.0 Mobile/10B329 Safari/8536.25"
70.242.140.55 - - [13/Aug/2013:10:46:46 -0400] "GET /images/extenders-rbs5.jpg HTTP/1.1" 200 31217 "http://www.brainandneurospine.com/" "Mozilla/5.0 (Windows NT 6.1; WOW64) AppleWebKit/537.36 (KHTML, like Gecko) Chrome/28.0.1500.95 Safari/537.36"
70.242.140.55 - - [13/Aug/2013:10:46:49 -0400] "GET /graphics/colle-microscope.gif HTTP/1.1" 200 10069 "http://www.brainandneurospine.com/" "Mozilla/5.0 (Windows NT 6.1; WOW64) AppleWebKit/537.36 (KHTML, like Gecko) Chrome/28.0.1500.95 Safari/537.36"
70.242.140.55 - - [13/Aug/2013:10:46:49 -0400] "GET /graphics/colle-cutout2.gif HTTP/1.1" 200 7469 "http://www.brainandneurospine.com/" "Mozilla/5.0 (Windows NT 6.1; WOW64) AppleWebKit/537.36 (KHTML, like Gecko) Chrome/28.0.1500.95 Safari/537.36"
68.187.6.178 - - [13/Aug/2013:10:54:33 -0400] "GET /graphics/rbs-logo-930x125w-v3%20.jpg HTTP/1.1" 200 28337 "http://brainandneurospine.com/index.html" "Mozilla/4.0 (compatible; MSIE 6.0; Windows NT 5.1; SV1; YPC 3.0.0; GTB7.5; .NET CLR 1.1.4322)"
68.187.6.178 - - [13/Aug/2013:10:54:35 -0400] "GET /graphics/5-stars-250x60.jpg HTTP/1.1" 200 15249 "http://brainandneurospine.com/index.html" "Mozilla/4.0 (compatible; MSIE 6.0; Windows NT 5.1; SV1; YPC 3.0.0; GTB7.5; .NET CLR 1.1.4322)"
216.52.185.76 - - [13/Aug/2013:11:26:38 -0400] "GET /graphics/cleaver-guidos-cutout.gif HTTP/1.1" 200 7051 "http://www.brainandneurospine.com/tolentino_bio.html" "Mozilla/4.0 (compatible; MSIE 8.0; Windows NT 5.1; Trident/4.0; .NET CLR 1.1.4322; MS-RTC LM 8; .NET CLR 2.0.50727; .NET CLR 3.0.04506.648; .NET CLR 3.5.21022; .NET CLR 3.0.4506.2152; .NET CLR 3.5.30729)"
216.52.185.76 - - [13/Aug/2013:11:26:38 -0400] "GET /graphics/cloud-background.jpg HTTP/1.1" 200 11928 "http://www.brainandneurospine.com/tolentino_bio.html" "Mozilla/4.0 (compatible; MSIE 8.0; Windows NT 5.1; Trident/4.0; .NET CLR 1.1.4322; MS-RTC LM 8; .NET CLR 2.0.50727; .NET CLR 3.0.04506.648; .NET CLR 3.5.21022; .NET CLR 3.0.4506.2152; .NET CLR 3.5.30729)"
216.52.185.76 - - [13/Aug/2013:11:26:38 -0400] "GET /images/tolentino-2010.jpg HTTP/1.1" 200 25917 "http://www.brainandneurospine.com/tolentino_bio.html" "Mozilla/4.0 (compatible; MSIE 8.0; Windows NT 5.1; Trident/4.0; .NET CLR 1.1.4322; MS-RTC LM 8; .NET CLR 2.0.50727; .NET CLR 3.0.04506.648; .NET CLR 3.5.21022; .NET CLR 3.0.4506.2152; .NET CLR 3.5.30729)"
69.35.210.122 - - [13/Aug/2013:11:42:40 -0400] "GET /graphics/gray-background.jpg HTTP/1.1" 200 7781 "http://www.brainandneurospine.com/skinner_bio.html" "Mozilla/5.0 (Macintosh; Intel Mac OS X 10_8_4) AppleWebKit/537.36 (KHTML, like Gecko) Chrome/28.0.1500.95 Safari/537.36"
69.35.210.122 - - [13/Aug/2013:11:42:40 -0400] "GET /graphics/cleaver-guidos-cutout.gif HTTP/1.1" 200 7051 "http://www.brainandneurospine.com/skinner_bio.html" "Mozilla/5.0 (Macintosh; Intel Mac OS X 10_8_4) AppleWebKit/537.36 (KHTML, like Gecko) Chrome/28.0.1500.95 Safari/537.36"
69.35.210.122 - - [13/Aug/2013:11:42:41 -0400] "GET /graphics/rbs-logo-930x125w-v3%20.jpg HTTP/1.1" 200 28337 "http://www.brainandneurospine.com/skinner_bio.html" "Mozilla/5.0 (Macintosh; Intel Mac OS X 10_8_4) AppleWebKit/537.36 (KHTML, like Gecko) Chrome/28.0.1500.95 Safari/537.36"
69.35.210.122 - - [13/Aug/2013:11:42:41 -0400] "GET /SpryAssets/SpryMenuBarRightHover.gif HTTP/1.1" 200 55 "http://www.brainandneurospine.com/skinner_bio.html" "Mozilla/5.0 (Macintosh; Intel Mac OS X 10_8_4) AppleWebKit/537.36 (KHTML, like Gecko) Chrome/28.0.1500.95 Safari/537.36"
69.35.210.122 - - [13/Aug/2013:11:42:41 -0400] "GET /tplayer/templates/tplayer.html HTTP/1.1" 200 4053 "http://www.brainandneurospine.com/skinner_bio.html" "Mozilla/5.0 (Macintosh; Intel Mac OS X 10_8_4) AppleWebKit/537.36 (KHTML, like Gecko) Chrome/28.0.1500.95 Safari/537.36"
69.35.210.122 - - [13/Aug/2013:11:42:43 -0400] "GET /favicon.ico HTTP/1.1" 404 575 "-" "Mozilla/5.0 (Macintosh; Intel Mac OS X 10_8_4) AppleWebKit/537.36 (KHTML, like Gecko) Chrome/28.0.1500.95 Safari/537.36"
46.119.118.152 - - [13/Aug/2013:07:01:33 -0400] "GET / HTTP/1.1" 200 40346 "http://cleaning-uborka.ru/" "Mozilla/4.0 (compatible; MSIE 6.0; Windows NT 5.1; SV1; YPC 3.0.2; .NET CLR 1.1.4322; yplus 4.4.02b)"
208.242.14.200 - - [13/Aug/2013:07:55:19 -0400] "GET /graphics/gray-background.jpg HTTP/1.1" 304 - "http://www.brainandneurospine.com/2009-contact.html" "Mozilla/4.0 (compatible; MSIE 6.0; Windows NT 5.1; Trident/4.0; .NET CLR 1.1.4322; .NET CLR 2.0.50727; .NET CLR 3.0.04506.30; .NET CLR 3.0.4506.2152; .NET CLR 3.5.30729)"
98.20.189.147 - - [13/Aug/2013:05:28:58 -0400] "GET /SpryAssets/SpryMenuBarVertical.css HTTP/1.1" 200 4594 "http://www.brainandneurospine.com/index.html" "Mozilla/5.0 (Linux; U; Android 4.1.1; en-us; GT-P5113 Build/JRO03C) AppleWebKit/534.30 (KHTML, like Gecko) Version/4.0 Safari/534.30"
98.20.189.147 - - [13/Aug/2013:05:29:09 -0400] "GET /graphics/colle-microscope.gif HTTP/1.1" 200 10069 "http://www.brainandneurospine.com/" "Mozilla/5.0 (Linux; U; Android 4.1.1; en-us; GT-P5113 Build/JRO03C) AppleWebKit/534.30 (KHTML, like Gecko) Version/4.0 Safari/534.30"
67.200.146.2 - - [13/Aug/2013:17:40:08 -0400] "GET /images/Melissa-Phone.jpg HTTP/1.1" 200 61361 "http://www.brainandneurospine.com/2009-contact.html" "Mozilla/5.0 (compatible; MSIE 10.0; Windows NT 6.1; WOW64; Trident/6.0)"
97.87.100.200 - - [13/Aug/2013:21:27:56 -0400] "GET /SpryAssets/SpryMenuBar.js HTTP/1.1" 200 10064 "http://brainandneurospine.com/gibbs_bio.html" "Mozilla/5.0 (iPhone; CPU iPhone OS 6_1_4 like Mac OS X) AppleWebKit/536.26 (KHTML, like Gecko) Version/6.0 Mobile/10B350 Safari/8536.25"
97.87.100.200 - - [13/Aug/2013:21:27:56 -0400] "GET /Scripts/AC_RunActiveContent.js HTTP/1.1" 200 8029 "http://brainandneurospine.com/gibbs_bio.html" "Mozilla/5.0 (iPhone; CPU iPhone OS 6_1_4 like Mac OS X) AppleWebKit/536.26 (KHTML, like Gecko) Version/6.0 Mobile/10B350 Safari/8536.25"
97.87.100.200 - - [13/Aug/2013:21:27:57 -0400] "GET /graphics/rbs-logo-930x125w-v3%20.jpg HTTP/1.1" 200 28337 "http://brainandneurospine.com/gibbs_bio.html" "Mozilla/5.0 (iPhone; CPU iPhone OS 6_1_4 like Mac OS X) AppleWebKit/536.26 (KHTML, like Gecko) Version/6.0 Mobile/10B350 Safari/8536.25"
97.87.100.200 - - [13/Aug/2013:21:27:57 -0400] "GET /graphics/colle-cutout2.gif HTTP/1.1" 200 7469 "http://brainandneurospine.com/gibbs_bio.html" "Mozilla/5.0 (iPhone; CPU iPhone OS 6_1_4 like Mac OS X) AppleWebKit/536.26 (KHTML, like Gecko) Version/6.0 Mobile/10B350 Safari/8536.25"
157.55.35.32 - - [13/Aug/2013:23:08:06 -0400] "GET /robots.txt HTTP/1.1" 404 575 "-" "Mozilla/5.0 (compatible; bingbot/2.0; +http://www.bing.com/bingbot.htm)"
173.199.114.211 - - [13/Aug/2013:00:24:10 -0400] "GET /appointments2.html HTTP/1.1" 200 5595 "-" "Mozilla/5.0 (compatible; AhrefsBot/4.0; +http://ahrefs.com/robot/)"
199.30.24.164 - - [13/Aug/2013:02:42:32 -0400] "GET /SpryAssets/SpryMenuBarVertical.css HTTP/1.1" 200 4594 "http://brainandneurospine.com/meet%20the%20doctors.html" "Mozilla/5.0 (Windows NT 6.1; WOW64) AppleWebKit/534+ (KHTML, like Gecko) BingPreview/1.0b"
199.30.24.164 - - [13/Aug/2013:02:42:33 -0400] "GET /graphics/BNSC-background-2.jpg HTTP/1.1" 200 44954 "http://brainandneurospine.com/meet%20the%20doctors.html" "Mozilla/5.0 (Windows NT 6.1; WOW64) AppleWebKit/534+ (KHTML, like Gecko) BingPreview/1.0b"
99.164.156.55 - - [13/Aug/2013:09:24:18 -0400] "GET /SpryAssets/SpryMenuBar.js HTTP/1.1" 200 10064 "http://www.brainandneurospine.com/vaught_bio.html" "Mozilla/5.0 (compatible; MSIE 9.0; Windows NT 6.1; WOW64; Trident/5.0)"
99.164.156.55 - - [13/Aug/2013:09:24:19 -0400] "GET /graphics/vaught-cutout1.gif HTTP/1.1" 200 9004 "http://www.brainandneurospine.com/vaught_bio.html" "Mozilla/5.0 (compatible; MSIE 9.0; Windows NT 6.1; WOW64; Trident/5.0)"
99.164.156.55 - - [13/Aug/2013:09:24:19 -0400] "GET /SpryAssets/SpryMenuBarDownHover.gif HTTP/1.1" 200 55 "http://www.brainandneurospine.com/vaught_bio.html" "Mozilla/5.0 (compatible; MSIE 9.0; Windows NT 6.1; WOW64; Trident/5.0)"
99.164.156.55 - - [13/Aug/2013:09:24:19 -0400] "GET /SpryAssets/SpryMenuBarRightHover.gif HTTP/1.1" 200 55 "http://www.brainandneurospine.com/vaught_bio.html" "Mozilla/5.0 (compatible; MSIE 9.0; Windows NT 6.1; WOW64; Trident/5.0)"
99.164.156.55 - - [13/Aug/2013:09:24:19 -0400] "GET /graphics/cloud-background.jpg HTTP/1.1" 200 11928 "http://www.brainandneurospine.com/vaught_bio.html" "Mozilla/5.0 (compatible; MSIE 9.0; Windows NT 6.1; WOW64; Trident/5.0)"
68.187.6.178 - - [13/Aug/2013:10:54:08 -0400] "GET /SpryAssets/SpryMenuBar.js HTTP/1.1" 200 10064 "http://brainandneurospine.com/index.html" "Mozilla/4.0 (compatible; MSIE 6.0; Windows NT 5.1; SV1; YPC 3.0.0; GTB7.5; .NET CLR 1.1.4322)"
97.87.110.205 - - [13/Aug/2013:12:48:20 -0400] "GET /index.html HTTP/1.1" 200 40346 "http://www.brainandneurospine.com/2009-contact.html" "Mozilla/5.0 (Windows NT 6.1; WOW64; rv:22.0) Gecko/20100101 Firefox/22.0"
97.87.110.205 - - [13/Aug/2013:12:48:22 -0400] "GET /graphics/RBS_LogoStackedTAG.jpg HTTP/1.1" 200 127207 "http://www.brainandneurospine.com/index.html" "Mozilla/5.0 (Windows NT 6.1; WOW64; rv:22.0) Gecko/20100101 Firefox/22.0"
173.21.246.52 - - [13/Aug/2013:12:54:30 -0400] "GET /SpryAssets/SpryMenuBarDown.gif HTTP/1.1" 200 55 "http://www.brainandneurospine.com/" "Mozilla/5.0 (iPhone; CPU iPhone OS 6_1_3 like Mac OS X) AppleWebKit/536.26 (KHTML, like Gecko) Version/6.0 Mobile/10B329 Safari/8536.25"
173.21.246.52 - - [13/Aug/2013:12:54:30 -0400] "GET /graphics/colle-microscope.gif HTTP/1.1" 200 10069 "http://www.brainandneurospine.com/" "Mozilla/5.0 (iPhone; CPU iPhone OS 6_1_3 like Mac OS X) AppleWebKit/536.26 (KHTML, like Gecko) Version/6.0 Mobile/10B329 Safari/8536.25"
75.134.195.77 - - [13/Aug/2013:13:06:57 -0400] "GET /SpryAssets/SpryMenuBarVertical.css HTTP/1.1" 200 4594 "http://www.brainandneurospine.com/2009-contact.html" "Mozilla/5.0 (iPad; U; CPU OS 4_3_4 like Mac OS X; en-us) AppleWebKit/533.17.9 (KHTML, like Gecko) Mobile/8K2"
75.134.195.77 - - [13/Aug/2013:13:06:57 -0400] "GET /graphics/rbs-logo-930x125w-v3%20.jpg HTTP/1.1" 200 28337 "http://www.brainandneurospine.com/2009-contact.html" "Mozilla/5.0 (iPad; U; CPU OS 4_3_4 like Mac OS X; en-us) AppleWebKit/533.17.9 (KHTML, like Gecko) Mobile/8K2"
75.134.195.77 - - [13/Aug/2013:13:06:58 -0400] "GET /graphics/vaught-cutout1.gif HTTP/1.1" 200 9004 "http://www.brainandneurospine.com/2009-contact.html" "Mozilla/5.0 (iPad; U; CPU OS 4_3_4 like Mac OS X; en-us) AppleWebKit/533.17.9 (KHTML, like Gecko) Mobile/8K2"
75.134.195.77 - - [13/Aug/2013:13:06:58 -0400] "GET /graphics/cloud-background.jpg HTTP/1.1" 200 11928 "http://www.brainandneurospine.com/2009-contact.html" "Mozilla/5.0 (iPad; U; CPU OS 4_3_4 like Mac OS X; en-us) AppleWebKit/533.17.9 (KHTML, like Gecko) Mobile/8K2"
24.249.164.163 - - [13/Aug/2013:14:07:37 -0400] "GET /pdf%20documents/BNSC-HIPAA-NOTICE.pdf HTTP/1.1" 206 33102 "-" "Mozilla/5.0 (compatible; MSIE 10.0; Windows NT 6.1; WOW64; Trident/6.0; MDDRJS)"
184.154.48.82 - - [13/Aug/2013:04:08:30 -0400] "GET /robots.txt HTTP/1.0" 404 575 "-" "Mozilla/5.0 (compatible; MJ12bot/v1.4.3; http://www.majestic12.co.uk/bot.php?+)"
98.20.189.147 - - [13/Aug/2013:05:28:58 -0400] "GET /Scripts/event.js HTTP/1.1" 200 7727 "http://www.brainandneurospine.com/index.html" "Mozilla/5.0 (Linux; U; Android 4.1.1; en-us; GT-P5113 Build/JRO03C) AppleWebKit/534.30 (KHTML, like Gecko) Version/4.0 Safari/534.30"
98.20.189.147 - - [13/Aug/2013:05:28:58 -0400] "GET /Scripts/AC_RunActiveContent.js HTTP/1.1" 200 8029 "http://www.brainandneurospine.com/index.html" "Mozilla/5.0 (Linux; U; Android 4.1.1; en-us; GT-P5113 Build/JRO03C) AppleWebKit/534.30 (KHTML, like Gecko) Version/4.0 Safari/534.30"
98.20.189.147 - - [13/Aug/2013:05:29:06 -0400] "GET /images/extenders-rbs5.jpg HTTP/1.1" 200 31217 "http://www.brainandneurospine.com/index.html" "Mozilla/5.0 (Linux; U; Android 4.1.1; en-us; GT-P5113 Build/JRO03C) AppleWebKit/534.30 (KHTML, like Gecko) Version/4.0 Safari/534.30"
108.16.199.191 - - [13/Aug/2013:21:49:52 -0400] "GET /Scripts/AC_RunActiveContent.js HTTP/1.1" 200 8029 "http://www.brainandneurospine.com/griffith_bio.html" "Mozilla/4.0 (compatible; MSIE 8.0; Windows NT 5.1; Trident/4.0; InfoPath.2; .NET CLR 2.0.50727; .NET CLR 3.0.4506.2152; .NET CLR 3.5.30729)"
108.16.199.191 - - [13/Aug/2013:21:49:53 -0400] "GET /graphics/vaught-cutout1.gif HTTP/1.1" 200 9004 "http://www.brainandneurospine.com/griffith_bio.html" "Mozilla/4.0 (compatible; MSIE 8.0; Windows NT 5.1; Trident/4.0; InfoPath.2; .NET CLR 2.0.50727; .NET CLR 3.0.4506.2152; .NET CLR 3.5.30729)"
108.16.199.191 - - [13/Aug/2013:21:49:53 -0400] "GET /graphics/cloud-background.jpg HTTP/1.1" 200 11928 "http://www.brainandneurospine.com/griffith_bio.html" "Mozilla/4.0 (compatible; MSIE 8.0; Windows NT 5.1; Trident/4.0; InfoPath.2; .NET CLR 2.0.50727; .NET CLR 3.0.4506.2152; .NET CLR 3.5.30729)"
208.242.14.200 - - [13/Aug/2013:07:54:44 -0400] "GET /graphics/rbs-logo-930x125w-v3%20.jpg HTTP/1.1" 200 28337 "http://www.brainandneurospine.com/2009-contact.html" "Mozilla/4.0 (compatible; MSIE 6.0; Windows NT 5.1; Trident/4.0; .NET CLR 1.1.4322; .NET CLR 2.0.50727; .NET CLR 3.0.04506.30; .NET CLR 3.0.4506.2152; .NET CLR 3.5.30729)"
208.242.14.200 - - [13/Aug/2013:07:55:15 -0400] "GET /Scripts/AC_RunActiveContent.js HTTP/1.1" 304 - "http://www.brainandneurospine.com/2009-contact.html" "Mozilla/4.0 (compatible; MSIE 6.0; Windows NT 5.1; Trident/4.0; .NET CLR 1.1.4322; .NET CLR 2.0.50727; .NET CLR 3.0.04506.30; .NET CLR 3.0.4506.2152; .NET CLR 3.5.30729)"
208.242.14.200 - - [13/Aug/2013:07:55:26 -0400] "GET /graphics/colle-cutout2.gif HTTP/1.1" 304 - "http://www.brainandneurospine.com/2009-contact.html" "Mozilla/4.0 (compatible; MSIE 6.0; Windows NT 5.1; Trident/4.0; .NET CLR 1.1.4322; .NET CLR 2.0.50727; .NET CLR 3.0.04506.30; .NET CLR 3.0.4506.2152; .NET CLR 3.5.30729)"
70.195.2.0 - - [13/Aug/2013:08:36:42 -0400] "GET /Scripts/event.js HTTP/1.1" 200 7727 "http://www.brainandneurospine.com/" "Mozilla/5.0 (Linux; U; Android 4.1.2; en-us; SCH-I535 Build/JZO54K) AppleWebKit/534.30 (KHTML, like Gecko) Version/4.0 Mobile Safari/534.30"
70.195.2.0 - - [13/Aug/2013:08:36:43 -0400] "GET /graphics/rbs-logo-930x125w-v3%20.jpg HTTP/1.1" 200 28337 "http://www.brainandneurospine.com/" "Mozilla/5.0 (Linux; U; Android 4.1.2; en-us; SCH-I535 Build/JZO54K) AppleWebKit/534.30 (KHTML, like Gecko) Version/4.0 Mobile Safari/534.30"
66.249.72.194 - - [13/Aug/2013:17:16:58 -0400] "GET /robots.txt HTTP/1.1" 404 575 "-" "Mozilla/5.0 (compatible; Googlebot/2.1; +http://www.google.com/bot.html)"
66.249.72.194 - - [13/Aug/2013:17:16:58 -0400] "GET /PDF-Docs/CV_Spath.pdf HTTP/1.1" 200 122542 "-" "Mozilla/5.0 (iPhone; U; CPU iPhone OS 4_1 like Mac OS X; en-us) AppleWebKit/532.9 (KHTML, like Gecko) Version/4.0.5 Mobile/8B117 Safari/6531.22.7 (compatible; Googlebot-Mobile/2.1; +http://www.google.com/bot.html)"
67.200.146.2 - - [13/Aug/2013:17:42:03 -0400] "GET /index.html HTTP/1.1" 304 - "http://www.brainandneurospine.com/gibbs_bio.html" "Mozilla/5.0 (compatible; MSIE 10.0; Windows NT 6.1; WOW64; Trident/6.0)"
67.200.146.2 - - [13/Aug/2013:17:42:38 -0400] "GET / HTTP/1.1" 200 40346 "http://www.google.com/url?sa=t&rct=j&q=brain%20neurospine%20clinic%20cape%20girardeau%20mo%20&source=web&cd=1&ved=0CCwQFjAA&url=http%3A%2F%2Fwww.capebnsc.com%2F&ei=RagKUsy8M6ea2AW_w4CICQ&usg=AFQjCNG0CPt7O4SIsaIXgjKs5CFoyXPFBA&bvm=bv.50500085,d.b2I" "Mozilla/5.0 (compatible; MSIE 10.0; Windows NT 6.1; WOW64; Trident/6.0)"
157.55.33.17 - - [13/Aug/2013:01:50:46 -0400] "GET /dr-articles/boat%20smart.htm HTTP/1.1" 304 - "-" "Mozilla/5.0 (compatible; bingbot/2.0; +http://www.bing.com/bingbot.htm)"
182.68.93.151 - - [13/Aug/2013:00:43:53 -0400] "GET /2009-contact.html HTTP/1.1" 200 14453 "-" "-"
157.55.33.17 - - [13/Aug/2013:02:00:46 -0400] "GET /colle_bio.html HTTP/1.1" 200 18325 "-" "Mozilla/5.0 (compatible; bingbot/2.0; +http://www.bing.com/bingbot.htm)"
131.230.130.42 - - [13/Aug/2013:12:14:28 -0400] "GET / HTTP/1.1" 200 40346 "https://www.google.com/" "Mozilla/5.0 (Windows NT 6.1) AppleWebKit/537.36 (KHTML, like Gecko) Chrome/28.0.1500.95 Safari/537.36"
131.230.130.42 - - [13/Aug/2013:12:14:32 -0400] "GET /tplayer/scripts/tplayer.js HTTP/1.1" 200 60791 "http://www.brainandneurospine.com/" "Mozilla/5.0 (Windows NT 6.1) AppleWebKit/537.36 (KHTML, like Gecko) Chrome/28.0.1500.95 Safari/537.36"
131.230.130.42 - - [13/Aug/2013:12:14:32 -0400] "GET /images/docs_rbs4.jpg HTTP/1.1" 200 59790 "http://www.brainandneurospine.com/" "Mozilla/5.0 (Windows NT 6.1) AppleWebKit/537.36 (KHTML, like Gecko) Chrome/28.0.1500.95 Safari/537.36"
131.230.130.42 - - [13/Aug/2013:12:14:32 -0400] "GET /images/extenders-rbs5.jpg HTTP/1.1" 200 31217 "http://www.brainandneurospine.com/" "Mozilla/5.0 (Windows NT 6.1) AppleWebKit/537.36 (KHTML, like Gecko) Chrome/28.0.1500.95 Safari/537.36"
131.230.130.42 - - [13/Aug/2013:12:14:33 -0400] "GET /SpryAssets/SpryMenuBarDownHover.gif HTTP/1.1" 200 55 "http://www.brainandneurospine.com/" "Mozilla/5.0 (Windows NT 6.1) AppleWebKit/537.36 (KHTML, like Gecko) Chrome/28.0.1500.95 Safari/537.36"
173.20.31.71 - - [13/Aug/2013:12:50:18 -0400] "GET /images/award2010.jpg HTTP/1.1" 200 15066 "http://www.brainandneurospine.com/tolentino_bio.html" "Mozilla/5.0 (Windows NT 6.1; WOW64) AppleWebKit/537.36 (KHTML, like Gecko) Chrome/28.0.1500.95 Safari/537.36"
98.20.189.147 - - [13/Aug/2013:12:56:19 -0400] "GET /tplayer/scripts/tplayer.js HTTP/1.1" 200 60791 "http://www.brainandneurospine.com/index.html" "Mozilla/5.0 (Linux; U; Android 4.1.1; en-us; GT-P5113 Build/JRO03C) AppleWebKit/534.30 (KHTML, like Gecko) Version/4.0 Safari/534.30"
166.147.104.42 - - [13/Aug/2013:14:05:30 -0400] "GET /tplayer/css/ADPMask.css HTTP/1.1" 200 234 "http://www.brainandneurospine.com/" "Mozilla/5.0 (iPhone; CPU iPhone OS 6_1_3 like Mac OS X) AppleWebKit/536.26 (KHTML, like Gecko) Version/6.0 Mobile/10B329 Safari/8536.25"
166.147.104.42 - - [13/Aug/2013:14:05:30 -0400] "GET /Scripts/AC_RunActiveContent.js HTTP/1.1" 200 8029 "http://www.brainandneurospine.com/" "Mozilla/5.0 (iPhone; CPU iPhone OS 6_1_3 like Mac OS X) AppleWebKit/536.26 (KHTML, like Gecko) Version/6.0 Mobile/10B329 Safari/8536.25"
166.147.104.42 - - [13/Aug/2013:14:05:30 -0400] "GET /graphics/RBS_LogoStackedTAG.jpg HTTP/1.1" 200 127207 "http://www.brainandneurospine.com/" "Mozilla/5.0 (iPhone; CPU iPhone OS 6_1_3 like Mac OS X) AppleWebKit/536.26 (KHTML, like Gecko) Version/6.0 Mobile/10B329 Safari/8536.25"
166.147.104.42 - - [13/Aug/2013:14:05:33 -0400] "GET /graphics/colle-microscope.gif HTTP/1.1" 200 10069 "http://www.brainandneurospine.com/" "Mozilla/5.0 (iPhone; CPU iPhone OS 6_1_3 like Mac OS X) AppleWebKit/536.26 (KHTML, like Gecko) Version/6.0 Mobile/10B329 Safari/8536.25"
54.211.42.174 - - [13/Aug/2013:19:43:26 -0400] "GET / HTTP/1.1" 200 40346 "-" "Mozilla/5.0 (compatible; URLAppendBot/1.0; +http://www.profound.net/urlappendbot.html)"
108.16.199.191 - - [13/Aug/2013:21:50:13 -0400] "GET /Scripts/AC_RunActiveContent.js HTTP/1.1" 304 - "http://www.brainandneurospine.com/griffith_bio.html" "Mozilla/4.0 (compatible; MSIE 8.0; Windows NT 5.1; Trident/4.0; InfoPath.2; .NET CLR 2.0.50727; .NET CLR 3.0.4506.2152; .NET CLR 3.5.30729)"
108.16.199.191 - - [13/Aug/2013:21:50:13 -0400] "GET /graphics/colle-microscope.gif HTTP/1.1" 304 - "http://www.brainandneurospine.com/griffith_bio.html" "Mozilla/4.0 (compatible; MSIE 8.0; Windows NT 5.1; Trident/4.0; InfoPath.2; .NET CLR 2.0.50727; .NET CLR 3.0.4506.2152; .NET CLR 3.5.30729)"
108.16.199.191 - - [13/Aug/2013:21:50:13 -0400] "GET /images/stephanie-3.jpg HTTP/1.1" 304 - "http://www.brainandneurospine.com/griffith_bio.html" "Mozilla/4.0 (compatible; MSIE 8.0; Windows NT 5.1; Trident/4.0; InfoPath.2; .NET CLR 2.0.50727; .NET CLR 3.0.4506.2152; .NET CLR 3.5.30729)"
108.16.199.191 - - [13/Aug/2013:21:50:13 -0400] "GET /SpryAssets/SpryMenuBarRight.gif HTTP/1.1" 304 - "http://www.brainandneurospine.com/griffith_bio.html" "Mozilla/4.0 (compatible; MSIE 8.0; Windows NT 5.1; Trident/4.0; InfoPath.2; .NET CLR 2.0.50727; .NET CLR 3.0.4506.2152; .NET CLR 3.5.30729)"
24.100.149.115 - - [13/Aug/2013:10:02:54 -0400] "GET /graphics/colle-microscope.gif HTTP/1.1" 200 10069 "http://www.brainandneurospine.com/" "Mozilla/4.0 (compatible; MSIE 8.0; Windows NT 5.1; Trident/4.0; GTB7.5; .NET CLR 3.0.4506.2152; .NET CLR 2.0.50727; .NET CLR 3.5.30729)"
24.100.149.115 - - [13/Aug/2013:10:02:55 -0400] "GET /images/docs_rbs4.jpg HTTP/1.1" 200 59790 "http://www.brainandneurospine.com/" "Mozilla/4.0 (compatible; MSIE 8.0; Windows NT 5.1; Trident/4.0; GTB7.5; .NET CLR 3.0.4506.2152; .NET CLR 2.0.50727; .NET CLR 3.5.30729)"
24.100.149.115 - - [13/Aug/2013:10:02:56 -0400] "GET /SpryAssets/SpryMenuBarDownHover.gif HTTP/1.1" 200 55 "http://www.brainandneurospine.com/" "Mozilla/4.0 (compatible; MSIE 8.0; Windows NT 5.1; Trident/4.0; GTB7.5; .NET CLR 3.0.4506.2152; .NET CLR 2.0.50727; .NET CLR 3.5.30729)"
97.87.101.135 - - [13/Aug/2013:10:45:06 -0400] "GET / HTTP/1.1" 200 40346 "-" "Mozilla/4.0 (Compatible; Windows NT 5.1; MSIE 6.0) (compatible; MSIE 6.0; Windows NT 5.1; .NET CLR 1.1.4322; .NET CLR 2.0.50727)"
68.187.6.178 - - [13/Aug/2013:10:55:36 -0400] "GET /SpryAssets/SpryMenuBarDownHover.gif HTTP/1.1" 200 55 "http://brainandneurospine.com/index.html" "Mozilla/4.0 (compatible; MSIE 6.0; Windows NT 5.1; SV1; YPC 3.0.0; GTB7.5; .NET CLR 1.1.4322)"
194.74.48.4 - - [13/Aug/2013:11:56:25 -0400] "GET /Scripts/AC_RunActiveContent.js HTTP/1.1" 200 8029 "-" "Mozilla/4.0 (compatible;)"
194.74.48.4 - - [13/Aug/2013:11:56:27 -0400] "GET /graphics/vaught-cutout1.gif HTTP/1.1" 200 9004 "http://www.brainandneurospine.com/" "Mozilla/5.0 (Windows NT 5.1) AppleWebKit/537.36 (KHTML, like Gecko) Chrome/28.0.1500.72 Safari/537.36"
194.74.48.4 - - [13/Aug/2013:11:56:27 -0400] "GET /graphics/colle-cutout2.gif HTTP/1.1" 200 7469 "http://www.brainandneurospine.com/" "Mozilla/5.0 (Windows NT 5.1) AppleWebKit/537.36 (KHTML, like Gecko) Chrome/28.0.1500.72 Safari/537.36"
194.74.48.4 - - [13/Aug/2013:11:56:27 -0400] "GET /SpryAssets/SpryMenuBarRight.gif HTTP/1.1" 200 55 "http://www.brainandneurospine.com/" "Mozilla/5.0 (Windows NT 5.1) AppleWebKit/537.36 (KHTML, like Gecko) Chrome/28.0.1500.72 Safari/537.36"
192.183.87.2 - - [13/Aug/2013:15:44:24 -0400] "GET / HTTP/1.1" 200 40346 "http://www.yellowpages.com/cape-girardeau-mo/doctors?From=SEMPS_MCX2_10005_NONE&g=%2C+Cape+Girardeau%2C+MO" "Mozilla/5.0 (compatible; MSIE 9.0; Windows NT 6.1; WOW64; Trident/5.0)"
217.73.208.86 - - [13/Aug/2013:15:50:09 -0400] "GET /InTheNews-Items/CONSULT-ISSUE1-Prestige-Disc.pdf HTTP/1.1" 200 3048403 "-" "Mozilla/5.0 (compatible; IstellaBot/1.10.2 +http://www.tiscali.it/)"
217.73.208.86 - - [13/Aug/2013:15:51:49 -0400] "GET /graphics/Kettner+-+CURRICULUM+VITAE+-+CURRENT.pdf HTTP/1.1" 404 575 "-" "Mozilla/5.0 (compatible; IstellaBot/1.10.2 +http://www.tiscali.it/)"
217.73.208.86 - - [13/Aug/2013:15:52:25 -0400] "GET /videos/Medical+Minutes/Gibbs+Motor.wmv HTTP/1.1" 404 575 "-" "Mozilla/5.0 (compatible; IstellaBot/1.10.2 +http://www.tiscali.it/)"
70.39.177.68 - - [13/Aug/2013:17:28:33 -0400] "GET /graphics/colle-cutout2.gif HTTP/1.1" 200 7469 "http://www.brainandneurospine.com/colle_bio.html" "Mozilla/4.0 (compatible; MSIE 8.0; Windows NT 6.1; Trident/4.0; SLCC2; .NET CLR 2.0.50727; .NET CLR 3.5.30729; .NET CLR 3.0.30729; Media Center PC 6.0; InfoPath.3; .NET4.0C; .NET4.0E; Zurich Financial Services)"
70.39.177.68 - - [13/Aug/2013:17:28:34 -0400] "GET /SpryAssets/SpryMenuBarRightHover.gif HTTP/1.1" 200 55 "http://www.brainandneurospine.com/colle_bio.html" "Mozilla/4.0 (compatible; MSIE 8.0; Windows NT 6.1; Trident/4.0; SLCC2; .NET CLR 2.0.50727; .NET CLR 3.5.30729; .NET CLR 3.0.30729; Media Center PC 6.0; InfoPath.3; .NET4.0C; .NET4.0E; Zurich Financial Services)"
70.39.177.68 - - [13/Aug/2013:17:28:34 -0400] "GET /SpryAssets/SpryMenuBarDown.gif HTTP/1.1" 200 55 "http://www.brainandneurospine.com/colle_bio.html" "Mozilla/4.0 (compatible; MSIE 8.0; Windows NT 6.1; Trident/4.0; SLCC2; .NET CLR 2.0.50727; .NET CLR 3.5.30729; .NET CLR 3.0.30729; Media Center PC 6.0; InfoPath.3; .NET4.0C; .NET4.0E; Zurich Financial Services)"
70.39.177.68 - - [13/Aug/2013:17:28:34 -0400] "GET /SpryAssets/SpryMenuBarRight.gif HTTP/1.1" 200 55 "http://www.brainandneurospine.com/colle_bio.html" "Mozilla/4.0 (compatible; MSIE 8.0; Windows NT 6.1; Trident/4.0; SLCC2; .NET CLR 2.0.50727; .NET CLR 3.5.30729; .NET CLR 3.0.30729; Media Center PC 6.0; InfoPath.3; .NET4.0C; .NET4.0E; Zurich Financial Services)"
46.4.25.85 - - [13/Aug/2013:17:30:27 -0400] "GET /images/jason-bowers1.jpg HTTP/1.0" 200 47271 "-" "-"
184.154.48.82 - - [13/Aug/2013:06:52:55 -0400] "GET / HTTP/1.0" 200 40346 "-" "Mozilla/5.0 (compatible; MJ12bot/v1.4.3; http://www.majestic12.co.uk/bot.php?+)"
95.108.158.238 - - [13/Aug/2013:21:40:32 -0400] "GET /images/hammond2.jpg HTTP/1.1" 304 - "-" "Mozilla/5.0 (compatible; YandexImages/3.0; +http://yandex.com/bots)"
108.16.199.191 - - [13/Aug/2013:21:49:52 -0400] "GET /SpryAssets/SpryMenuBar.js HTTP/1.1" 200 10064 "http://www.brainandneurospine.com/griffith_bio.html" "Mozilla/4.0 (compatible; MSIE 8.0; Windows NT 5.1; Trident/4.0; InfoPath.2; .NET CLR 2.0.50727; .NET CLR 3.0.4506.2152; .NET CLR 3.5.30729)"
108.16.199.191 - - [13/Aug/2013:21:49:53 -0400] "GET /graphics/gray-background.jpg HTTP/1.1" 200 7781 "http://www.brainandneurospine.com/griffith_bio.html" "Mozilla/4.0 (compatible; MSIE 8.0; Windows NT 5.1; Trident/4.0; InfoPath.2; .NET CLR 2.0.50727; .NET CLR 3.0.4506.2152; .NET CLR 3.5.30729)"
108.16.199.191 - - [13/Aug/2013:21:49:53 -0400] "GET /graphics/colle-cutout2.gif HTTP/1.1" 200 7469 "http://www.brainandneurospine.com/griffith_bio.html" "Mozilla/4.0 (compatible; MSIE 8.0; Windows NT 5.1; Trident/4.0; InfoPath.2; .NET CLR 2.0.50727; .NET CLR 3.0.4506.2152; .NET CLR 3.5.30729)"
108.16.199.191 - - [13/Aug/2013:21:49:53 -0400] "GET /images/stephanie-3.jpg HTTP/1.1" 200 46934 "http://www.brainandneurospine.com/griffith_bio.html" "Mozilla/4.0 (compatible; MSIE 8.0; Windows NT 5.1; Trident/4.0; InfoPath.2; .NET CLR 2.0.50727; .NET CLR 3.0.4506.2152; .NET CLR 3.5.30729)"
108.16.199.191 - - [13/Aug/2013:21:49:53 -0400] "GET /SpryAssets/SpryMenuBarRightHover.gif HTTP/1.1" 200 55 "http://www.brainandneurospine.com/griffith_bio.html" "Mozilla/4.0 (compatible; MSIE 8.0; Windows NT 5.1; Trident/4.0; InfoPath.2; .NET CLR 2.0.50727; .NET CLR 3.0.4506.2152; .NET CLR 3.5.30729)"
95.108.158.238 - - [13/Aug/2013:23:56:10 -0400] "GET /videos/photos-for-patient-videos-page/Photos-For-Enhanced-SOH/michael-110x110.jpg HTTP/1.1" 304 - "-" "Mozilla/5.0 (compatible; YandexImages/3.0; +http://yandex.com/bots)"
208.242.14.200 - - [13/Aug/2013:07:55:19 -0400] "GET /graphics/vaught-cutout1.gif HTTP/1.1" 304 - "http://www.brainandneurospine.com/2009-contact.html" "Mozilla/4.0 (compatible; MSIE 6.0; Windows NT 5.1; Trident/4.0; .NET CLR 1.1.4322; .NET CLR 2.0.50727; .NET CLR 3.0.04506.30; .NET CLR 3.0.4506.2152; .NET CLR 3.5.30729)"
70.195.2.0 - - [13/Aug/2013:08:36:42 -0400] "GET /SpryAssets/SpryMenuBarHorizontal.css HTTP/1.1" 200 5807 "http://www.brainandneurospine.com/" "Mozilla/5.0 (Linux; U; Android 4.1.2; en-us; SCH-I535 Build/JZO54K) AppleWebKit/534.30 (KHTML, like Gecko) Version/4.0 Mobile Safari/534.30"
70.195.2.0 - - [13/Aug/2013:08:36:43 -0400] "GET /graphics/RBS_LogoStackedTAG.jpg HTTP/1.1" 200 127207 "http://www.brainandneurospine.com/" "Mozilla/5.0 (Linux; U; Android 4.1.2; en-us; SCH-I535 Build/JZO54K) AppleWebKit/534.30 (KHTML, like Gecko) Version/4.0 Mobile Safari/534.30"
67.66.139.22 - - [13/Aug/2013:09:05:54 -0400] "GET /graphics/SE-medical-plaza-sign%20160.jpg HTTP/1.1" 200 19171 "http://www.brainandneurospine.com/" "Mozilla/4.0 (compatible; MSIE 8.0; Windows NT 6.1; WOW64; Trident/4.0; SLCC2; .NET CLR 2.0.50727; .NET CLR 3.5.30729; .NET CLR 3.0.30729; Media Center PC 6.0; .NET4.0C; .NET4.0E; InfoPath.3; MS-RTC LM 8)"
99.164.156.55 - - [13/Aug/2013:09:25:31 -0400] "GET /graphics/Calendar-Appointment-100x75.jpg HTTP/1.1" 200 12359 "http://www.brainandneurospine.com/index.html" "Mozilla/5.0 (compatible; MSIE 9.0; Windows NT 6.1; WOW64; Trident/5.0)"
99.164.156.55 - - [13/Aug/2013:09:25:32 -0400] "GET /graphics/5-stars-250x60.jpg HTTP/1.1" 200 15249 "http://www.brainandneurospine.com/index.html" "Mozilla/5.0 (compatible; MSIE 9.0; Windows NT 6.1; WOW64; Trident/5.0)"
178.255.215.85 - - [13/Aug/2013:09:54:18 -0400] "GET /robots.txt HTTP/1.1" 404 575 "-" "Mozilla/5.0 (compatible; Exabot/3.0 (BiggerBetter); +http://www.exabot.com/go/robot)"
24.100.149.115 - - [13/Aug/2013:10:08:15 -0400] "GET /images/guidossmall.jpg HTTP/1.1" 200 7809 "http://www.brainandneurospine.com/guidos_bio.html" "Mozilla/4.0 (compatible; MSIE 8.0; Windows NT 5.1; Trident/4.0; GTB7.5; .NET CLR 3.0.4506.2152; .NET CLR 2.0.50727; .NET CLR 3.5.30729)"
70.242.140.55 - - [13/Aug/2013:10:46:56 -0400] "GET /graphics/SE-medical-plaza-sign%20160.jpg HTTP/1.1" 200 19171 "http://www.brainandneurospine.com/" "Mozilla/5.0 (Windows NT 6.1; WOW64) AppleWebKit/537.36 (KHTML, like Gecko) Chrome/28.0.1500.95 Safari/537.36"
70.242.140.55 - - [13/Aug/2013:10:46:56 -0400] "GET /favicon.ico HTTP/1.1" 404 575 "-" "Mozilla/5.0 (Windows NT 6.1; WOW64) AppleWebKit/537.36 (KHTML, like Gecko) Chrome/28.0.1500.95 Safari/537.36"
68.187.6.178 - - [13/Aug/2013:10:54:09 -0400] "GET /SpryAssets/SpryMenuBarHorizontal.css HTTP/1.1" 200 5807 "http://brainandneurospine.com/index.html" "Mozilla/4.0 (compatible; MSIE 6.0; Windows NT 5.1; SV1; YPC 3.0.0; GTB7.5; .NET CLR 1.1.4322)"
217.73.208.86 - - [13/Aug/2013:11:03:57 -0400] "GET /robots.txt HTTP/1.1" 404 575 "-" "Mozilla/5.0 (compatible; IstellaBot/1.10.2 +http://www.tiscali.it/)"
194.74.48.4 - - [13/Aug/2013:11:56:25 -0400] "GET /images/extenders-rbs5.jpg HTTP/1.1" 200 31217 "-" "Mozilla/4.0 (compatible;)"
220.181.108.103 - - [13/Aug/2013:00:20:06 -0400] "GET / HTTP/1.1" 304 - "-" "Mozilla/5.0 (compatible; Baiduspider/2.0; +http://www.baidu.com/search/spider.html)"
173.199.114.211 - - [13/Aug/2013:01:58:55 -0400] "GET /dr-articles/breastfeeding.htm HTTP/1.1" 200 10554 "-" "Mozilla/5.0 (compatible; AhrefsBot/4.0; +http://ahrefs.com/robot/)"
199.58.86.209 - - [13/Aug/2013:17:13:56 -0400] "GET /robots.txt HTTP/1.0" 404 575 "-" "Mozilla/5.0 (compatible; MJ12bot/v1.4.3; http://www.majestic12.co.uk/bot.php?+)"
67.200.146.2 - - [13/Aug/2013:17:39:36 -0400] "GET /graphics/5-stars-250x60.jpg HTTP/1.1" 200 15249 "http://www.brainandneurospine.com/index.html" "Mozilla/5.0 (compatible; MSIE 10.0; Windows NT 6.1; WOW64; Trident/6.0)"
217.73.208.86 - - [13/Aug/2013:12:21:45 -0400] "GET /performance-academy.html HTTP/1.1" 404 575 "-" "Mozilla/5.0 (compatible; IstellaBot/1.10.2 +http://www.tiscali.it/)"
46.4.25.85 - - [13/Aug/2013:12:22:52 -0400] "GET /images/jason-bowers1.jpg HTTP/1.0" 200 47271 "-" "-"
69.122.147.72 - - [13/Aug/2013:12:28:44 -0400] "GET / HTTP/1.1" 200 40346 "-" "Mozilla/4.0 (compatible; MSIE 5.5; Windows NT 4.0)"
173.21.246.52 - - [13/Aug/2013:12:54:15 -0400] "GET /tplayer/scripts/tplayer.js HTTP/1.1" 200 60791 "http://www.brainandneurospine.com/" "Mozilla/5.0 (iPhone; CPU iPhone OS 6_1_3 like Mac OS X) AppleWebKit/536.26 (KHTML, like Gecko) Version/6.0 Mobile/10B329 Safari/8536.25"
173.21.246.52 - - [13/Aug/2013:12:54:16 -0400] "GET /tplayer/scripts/tplayer-config.js HTTP/1.1" 200 78567 "http://www.brainandneurospine.com/" "Mozilla/5.0 (iPhone; CPU iPhone OS 6_1_3 like Mac OS X) AppleWebKit/536.26 (KHTML, like Gecko) Version/6.0 Mobile/10B329 Safari/8536.25"
50.40.236.86 - - [13/Aug/2013:12:58:46 -0400] "GET /graphics/Vaught-clinic-1.jpg HTTP/1.1" 200 53040 "http://www.brainandneurospine.com/vaught_bio.html" "Mozilla/5.0 (Windows NT 6.1; WOW64) AppleWebKit/537.36 (KHTML, like Gecko) Chrome/28.0.1500.95 Safari/537.36"
209.54.13.33 - - [13/Aug/2013:14:28:16 -0400] "GET /graphics/gray-background.jpg HTTP/1.1" 200 7781 "http://www.brainandneurospine.com/" "Mozilla/5.0 (Windows NT 6.0) AppleWebKit/537.36 (KHTML, like Gecko) Chrome/28.0.1500.95 Safari/537.36"
209.54.13.33 - - [13/Aug/2013:14:28:17 -0400] "GET /graphics/colle-cutout2.gif HTTP/1.1" 200 7469 "http://www.brainandneurospine.com/" "Mozilla/5.0 (Windows NT 6.0) AppleWebKit/537.36 (KHTML, like Gecko) Chrome/28.0.1500.95 Safari/537.36"
209.54.13.33 - - [13/Aug/2013:14:28:52 -0400] "GET /favicon.ico HTTP/1.1" 404 575 "-" "Mozilla/5.0 (Windows NT 6.0) AppleWebKit/537.36 (KHTML, like Gecko) Chrome/28.0.1500.95 Safari/537.36"
12.133.6.2 - - [13/Aug/2013:15:29:35 -0400] "GET /glisson_bio.html HTTP/1.1" 200 15627 "http://www.brainandneurospine.com/tolentino_bio.html" "Mozilla/4.0 (compatible; MSIE 8.0; Windows NT 6.1; Trident/4.0; SLCC2; .NET CLR 2.0.50727; .NET CLR 3.5.30729; .NET CLR 3.0.30729; Media Center PC 6.0; .NET4.0C; .NET4.0E; InfoPath.3)"
12.133.6.2 - - [13/Aug/2013:15:29:35 -0400] "GET /images/Marie-Lindsey.jpg HTTP/1.1" 304 - "http://www.brainandneurospine.com/glisson_bio.html" "Mozilla/4.0 (compatible; MSIE 8.0; Windows NT 6.1; Trident/4.0; SLCC2; .NET CLR 2.0.50727; .NET CLR 3.5.30729; .NET CLR 3.0.30729; Media Center PC 6.0; .NET4.0C; .NET4.0E; InfoPath.3)"
12.133.6.2 - - [13/Aug/2013:15:29:58 -0400] "GET /images/paul-dragon.jpg HTTP/1.1" 304 - "http://www.brainandneurospine.com/paul_bio.html" "Mozilla/4.0 (compatible; MSIE 8.0; Windows NT 6.1; Trident/4.0; SLCC2; .NET CLR 2.0.50727; .NET CLR 3.5.30729; .NET CLR 3.0.30729; Media Center PC 6.0; .NET4.0C; .NET4.0E; InfoPath.3)"
199.103.96.1 - - [13/Aug/2013:16:35:14 -0400] "GET /graphics/cloud-background.jpg HTTP/1.1" 200 11928 "http://www.brainandneurospine.com/gibbs_bio.html" "Mozilla/4.0 (compatible; MSIE 8.0; Windows NT 5.1; Trident/4.0; .NET4.0C; .NET CLR 2.0.50727; .NET CLR 3.0.4506.2152; .NET CLR 3.5.30729; InfoPath.2; .NET4.0E; .NET CLR 1.1.4322)"
199.58.86.209 - - [13/Aug/2013:17:14:03 -0400] "GET /robots.txt HTTP/1.0" 404 575 "-" "Mozilla/5.0 (compatible; MJ12bot/v1.4.3; http://www.majestic12.co.uk/bot.php?+)"
97.87.110.205 - - [13/Aug/2013:12:48:03 -0400] "GET /graphics/colle-microscope.gif HTTP/1.1" 200 10069 "http://www.brainandneurospine.com/2009-contact.html" "Mozilla/5.0 (Windows NT 6.1; WOW64; rv:22.0) Gecko/20100101 Firefox/22.0"
97.87.110.205 - - [13/Aug/2013:12:48:03 -0400] "GET /SpryAssets/SpryMenuBarDown.gif HTTP/1.1" 200 55 "http://www.brainandneurospine.com/SpryAssets/SpryMenuBarHorizontal.css" "Mozilla/5.0 (Windows NT 6.1; WOW64; rv:22.0) Gecko/20100101 Firefox/22.0"
98.20.189.147 - - [13/Aug/2013:12:56:35 -0400] "GET /graphics/colle-microscope.gif HTTP/1.1" 200 10069 "http://www.brainandneurospine.com/index.html" "Mozilla/5.0 (Linux; U; Android 4.1.1; en-us; GT-P5113 Build/JRO03C) AppleWebKit/534.30 (KHTML, like Gecko) Version/4.0 Safari/534.30"
68.188.26.158 - - [13/Aug/2013:13:47:23 -0400] "GET /graphics/colle-cutout2.gif HTTP/1.1" 206 3089 "http://www.brainandneurospine.com/" "Mozilla/5.0 (Windows NT 5.1; rv:22.0) Gecko/20100101 Firefox/22.0"
208.242.14.200 - - [13/Aug/2013:07:54:43 -0400] "GET /graphics/gray-background.jpg HTTP/1.1" 200 7781 "http://www.brainandneurospine.com/2009-contact.html" "Mozilla/4.0 (compatible; MSIE 6.0; Windows NT 5.1; Trident/4.0; .NET CLR 1.1.4322; .NET CLR 2.0.50727; .NET CLR 3.0.04506.30; .NET CLR 3.0.4506.2152; .NET CLR 3.5.30729)"
208.242.14.200 - - [13/Aug/2013:07:54:44 -0400] "GET /graphics/cloud-background.jpg HTTP/1.1" 200 11928 "http://www.brainandneurospine.com/2009-contact.html" "Mozilla/4.0 (compatible; MSIE 6.0; Windows NT 5.1; Trident/4.0; .NET CLR 1.1.4322; .NET CLR 2.0.50727; .NET CLR 3.0.04506.30; .NET CLR 3.0.4506.2152; .NET CLR 3.5.30729)"
208.242.14.200 - - [13/Aug/2013:07:55:08 -0400] "GET /SpryAssets/SpryMenuBar.js HTTP/1.1" 304 - "http://www.brainandneurospine.com/2009-contact.html" "Mozilla/4.0 (compatible; MSIE 6.0; Windows NT 5.1; Trident/4.0; .NET CLR 1.1.4322; .NET CLR 2.0.50727; .NET CLR 3.0.04506.30; .NET CLR 3.0.4506.2152; .NET CLR 3.5.30729)"
208.242.14.200 - - [13/Aug/2013:07:55:19 -0400] "GET /SpryAssets/SpryMenuBarRightHover.gif HTTP/1.1" 304 - "http://www.brainandneurospine.com/2009-contact.html" "Mozilla/4.0 (compatible; MSIE 6.0; Windows NT 5.1; Trident/4.0; .NET CLR 1.1.4322; .NET CLR 2.0.50727; .NET CLR 3.0.04506.30; .NET CLR 3.0.4506.2152; .NET CLR 3.5.30729)"
157.55.33.17 - - [13/Aug/2013:05:08:42 -0400] "GET /gibbs_bio.html HTTP/1.1" 200 13976 "-" "Mozilla/5.0 (compatible; bingbot/2.0; +http://www.bing.com/bingbot.htm)"
98.20.189.147 - - [13/Aug/2013:05:29:06 -0400] "GET /graphics/RBS_LogoStackedTAG.jpg HTTP/1.1" 200 127207 "http://www.brainandneurospine.com/index.html" "Mozilla/5.0 (Linux; U; Android 4.1.1; en-us; GT-P5113 Build/JRO03C) AppleWebKit/534.30 (KHTML, like Gecko) Version/4.0 Safari/534.30"
98.20.189.147 - - [13/Aug/2013:05:29:06 -0400] "GET /graphics/5-stars-250x60.jpg HTTP/1.1" 200 15249 "http://www.brainandneurospine.com/index.html" "Mozilla/5.0 (Linux; U; Android 4.1.1; en-us; GT-P5113 Build/JRO03C) AppleWebKit/534.30 (KHTML, like Gecko) Version/4.0 Safari/534.30"
99.164.156.55 - - [13/Aug/2013:09:26:32 -0400] "GET /graphics/New-Art-SE%20Hosp%208-2008.jpg HTTP/1.1" 200 50351 "http://www.brainandneurospine.com/googlemap-directions2clinic.html" "Mozilla/5.0 (compatible; MSIE 9.0; Windows NT 6.1; WOW64; Trident/5.0)"
24.100.149.115 - - [13/Aug/2013:10:02:54 -0400] "GET /graphics/colle-cutout2.gif HTTP/1.1" 200 7469 "http://www.brainandneurospine.com/" "Mozilla/4.0 (compatible; MSIE 8.0; Windows NT 5.1; Trident/4.0; GTB7.5; .NET CLR 3.0.4506.2152; .NET CLR 2.0.50727; .NET CLR 3.5.30729)"
24.100.149.115 - - [13/Aug/2013:10:02:55 -0400] "GET /graphics/Calendar-Appointment-100x75.jpg HTTP/1.1" 200 12359 "http://www.brainandneurospine.com/" "Mozilla/4.0 (compatible; MSIE 8.0; Windows NT 5.1; Trident/4.0; GTB7.5; .NET CLR 3.0.4506.2152; .NET CLR 2.0.50727; .NET CLR 3.5.30729)"
24.100.149.115 - - [13/Aug/2013:10:02:55 -0400] "GET /graphics/5-stars-250x60.jpg HTTP/1.1" 200 15249 "http://www.brainandneurospine.com/" "Mozilla/4.0 (compatible; MSIE 8.0; Windows NT 5.1; Trident/4.0; GTB7.5; .NET CLR 3.0.4506.2152; .NET CLR 2.0.50727; .NET CLR 3.5.30729)"
24.100.149.115 - - [13/Aug/2013:10:02:56 -0400] "GET /SpryAssets/SpryMenuBarDown.gif HTTP/1.1" 200 55 "http://www.brainandneurospine.com/" "Mozilla/4.0 (compatible; MSIE 8.0; Windows NT 5.1; Trident/4.0; GTB7.5; .NET CLR 3.0.4506.2152; .NET CLR 2.0.50727; .NET CLR 3.5.30729)"
75.134.204.95 - - [13/Aug/2013:10:35:18 -0400] "GET /SpryAssets/SpryMenuBarHorizontal.css HTTP/1.1" 200 5807 "http://www.brainandneurospine.com/cleaver_bio.html" "Mozilla/5.0 (Windows NT 6.1; WOW64; rv:22.0) Gecko/20100101 Firefox/22.0"
75.134.204.95 - - [13/Aug/2013:10:35:18 -0400] "GET /graphics/gray-background.jpg HTTP/1.1" 200 7781 "http://www.brainandneurospine.com/cleaver_bio.html" "Mozilla/5.0 (Windows NT 6.1; WOW64; rv:22.0) Gecko/20100101 Firefox/22.0"
75.134.204.95 - - [13/Aug/2013:10:35:18 -0400] "GET /graphics/colle-microscope.gif HTTP/1.1" 200 10069 "http://www.brainandneurospine.com/cleaver_bio.html" "Mozilla/5.0 (Windows NT 6.1; WOW64; rv:22.0) Gecko/20100101 Firefox/22.0"
75.134.204.95 - - [13/Aug/2013:10:35:18 -0400] "GET /SpryAssets/SpryMenuBarDownHover.gif HTTP/1.1" 200 55 "http://www.brainandneurospine.com/cleaver_bio.html" "Mozilla/5.0 (Windows NT 6.1; WOW64; rv:22.0) Gecko/20100101 Firefox/22.0"
75.134.204.95 - - [13/Aug/2013:10:35:18 -0400] "GET /SpryAssets/SpryMenuBarDown.gif HTTP/1.1" 200 55 "http://www.brainandneurospine.com/SpryAssets/SpryMenuBarHorizontal.css" "Mozilla/5.0 (Windows NT 6.1; WOW64; rv:22.0) Gecko/20100101 Firefox/22.0"
68.187.6.178 - - [13/Aug/2013:10:54:33 -0400] "GET /graphics/vaught-cutout1.gif HTTP/1.1" 200 9004 "http://brainandneurospine.com/index.html" "Mozilla/4.0 (compatible; MSIE 6.0; Windows NT 5.1; SV1; YPC 3.0.0; GTB7.5; .NET CLR 1.1.4322)"
194.74.48.4 - - [13/Aug/2013:11:56:25 -0400] "GET /graphics/5-stars-250x60.jpg HTTP/1.1" 200 15249 "-" "Mozilla/4.0 (compatible;)"
220.181.89.172 - - [13/Aug/2013:22:21:14 -0400] "GET /robots.txt HTTP/1.1" 404 575 "-" "Sogou web spider/4.0"
131.253.36.200 - - [13/Aug/2013:09:45:16 -0400] "GET /SpryAssets/SpryMenuBarVertical.css HTTP/1.1" 200 4594 "http://www.brainandneurospine.com/paul_bio.html" "Mozilla/4.0 (compatible; MSIE 7.0; Windows NT 5.2; SV1; .NET CLR 1.1.4325; .NET CLR 2.0.50727; .NET CLR 3.0.04506.648)"
216.52.185.76 - - [13/Aug/2013:11:26:37 -0400] "GET /tolentino_bio.html HTTP/1.1" 200 19608 "-" "Mozilla/4.0 (compatible; MSIE 8.0; Windows NT 5.1; Trident/4.0; .NET CLR 1.1.4322; MS-RTC LM 8; .NET CLR 2.0.50727; .NET CLR 3.0.04506.648; .NET CLR 3.5.21022; .NET CLR 3.0.4506.2152; .NET CLR 3.5.30729)"
216.52.185.76 - - [13/Aug/2013:11:26:37 -0400] "GET /SpryAssets/SpryMenuBar.js HTTP/1.1" 200 10064 "http://www.brainandneurospine.com/tolentino_bio.html" "Mozilla/4.0 (compatible; MSIE 8.0; Windows NT 5.1; Trident/4.0; .NET CLR 1.1.4322; MS-RTC LM 8; .NET CLR 2.0.50727; .NET CLR 3.0.04506.648; .NET CLR 3.5.21022; .NET CLR 3.0.4506.2152; .NET CLR 3.5.30729)"
216.52.185.76 - - [13/Aug/2013:11:26:37 -0400] "GET /Scripts/AC_RunActiveContent.js HTTP/1.1" 200 8029 "http://www.brainandneurospine.com/tolentino_bio.html" "Mozilla/4.0 (compatible; MSIE 8.0; Windows NT 5.1; Trident/4.0; .NET CLR 1.1.4322; MS-RTC LM 8; .NET CLR 2.0.50727; .NET CLR 3.0.04506.648; .NET CLR 3.5.21022; .NET CLR 3.0.4506.2152; .NET CLR 3.5.30729)"
216.52.185.76 - - [13/Aug/2013:11:26:38 -0400] "GET /graphics/colle-microscope.gif HTTP/1.1" 200 10069 "http://www.brainandneurospine.com/tolentino_bio.html" "Mozilla/4.0 (compatible; MSIE 8.0; Windows NT 5.1; Trident/4.0; .NET CLR 1.1.4322; MS-RTC LM 8; .NET CLR 2.0.50727; .NET CLR 3.0.04506.648; .NET CLR 3.5.21022; .NET CLR 3.0.4506.2152; .NET CLR 3.5.30729)"
69.35.210.122 - - [13/Aug/2013:11:38:16 -0400] "GET /Scripts/event.js HTTP/1.1" 200 7727 "http://www.brainandneurospine.com/" "Mozilla/5.0 (Macintosh; Intel Mac OS X 10_8_4) AppleWebKit/537.36 (KHTML, like Gecko) Chrome/28.0.1500.95 Safari/537.36"
69.35.210.122 - - [13/Aug/2013:11:38:16 -0400] "GET /Scripts/AC_RunActiveContent.js HTTP/1.1" 200 8029 "http://www.brainandneurospine.com/" "Mozilla/5.0 (Macintosh; Intel Mac OS X 10_8_4) AppleWebKit/537.36 (KHTML, like Gecko) Chrome/28.0.1500.95 Safari/537.36"
69.35.210.122 - - [13/Aug/2013:11:38:17 -0400] "GET /images/docs_rbs4.jpg HTTP/1.1" 200 59790 "http://www.brainandneurospine.com/" "Mozilla/5.0 (Macintosh; Intel Mac OS X 10_8_4) AppleWebKit/537.36 (KHTML, like Gecko) Chrome/28.0.1500.95 Safari/537.36"
69.35.210.122 - - [13/Aug/2013:11:38:17 -0400] "GET /images/extenders-rbs5.jpg HTTP/1.1" 200 31217 "http://www.brainandneurospine.com/" "Mozilla/5.0 (Macintosh; Intel Mac OS X 10_8_4) AppleWebKit/537.36 (KHTML, like Gecko) Chrome/28.0.1500.95 Safari/537.36"
69.35.210.122 - - [13/Aug/2013:11:38:17 -0400] "GET /SpryAssets/SpryMenuBarRightHover.gif HTTP/1.1" 200 55 "http://www.brainandneurospine.com/" "Mozilla/5.0 (Macintosh; Intel Mac OS X 10_8_4) AppleWebKit/537.36 (KHTML, like Gecko) Chrome/28.0.1500.95 Safari/537.36"
69.35.210.122 - - [13/Aug/2013:11:38:18 -0400] "GET /graphics/SE-medical-plaza-sign%20160.jpg HTTP/1.1" 200 19171 "http://www.brainandneurospine.com/" "Mozilla/5.0 (Macintosh; Intel Mac OS X 10_8_4) AppleWebKit/537.36 (KHTML, like Gecko) Chrome/28.0.1500.95 Safari/537.36"
194.74.48.4 - - [13/Aug/2013:11:56:26 -0400] "GET /tplayer/scripts/tplayer-config.js HTTP/1.1" 200 78567 "http://www.brainandneurospine.com/" "Mozilla/5.0 (Windows NT 5.1) AppleWebKit/537.36 (KHTML, like Gecko) Chrome/28.0.1500.72 Safari/537.36"
194.74.48.4 - - [13/Aug/2013:11:56:26 -0400] "GET /graphics/gray-background.jpg HTTP/1.1" 200 7781 "http://www.brainandneurospine.com/" "Mozilla/5.0 (Windows NT 5.1) AppleWebKit/537.36 (KHTML, like Gecko) Chrome/28.0.1500.72 Safari/537.36"
194.74.48.4 - - [13/Aug/2013:11:56:27 -0400] "GET /graphics/tolentino-cutout.gif HTTP/1.1" 200 13936 "http://www.brainandneurospine.com/" "Mozilla/5.0 (Windows NT 5.1) AppleWebKit/537.36 (KHTML, like Gecko) Chrome/28.0.1500.72 Safari/537.36"
194.74.48.4 - - [13/Aug/2013:11:56:27 -0400] "GET /SpryAssets/SpryMenuBarDownHover.gif HTTP/1.1" 200 55 "http://www.brainandneurospine.com/" "Mozilla/5.0 (Windows NT 5.1) AppleWebKit/537.36 (KHTML, like Gecko) Chrome/28.0.1500.72 Safari/537.36"
194.74.48.4 - - [13/Aug/2013:11:56:28 -0400] "GET /graphics/SE-medical-plaza-sign%20160.jpg HTTP/1.1" 200 19171 "http://www.brainandneurospine.com/" "Mozilla/5.0 (Windows NT 5.1) AppleWebKit/537.36 (KHTML, like Gecko) Chrome/28.0.1500.72 Safari/537.36"
194.74.48.4 - - [13/Aug/2013:11:56:28 -0400] "GET /favicon.ico HTTP/1.1" 404 575 "-" "Mozilla/5.0 (Windows NT 5.1) AppleWebKit/537.36 (KHTML, like Gecko) Chrome/28.0.1500.72 Safari/537.36"
66.249.72.170 - - [13/Aug/2013:12:49:02 -0400] "GET /thorne_bio.html HTTP/1.1" 304 - "-" "Mozilla/5.0 (iPhone; U; CPU iPhone OS 4_1 like Mac OS X; en-us) AppleWebKit/532.9 (KHTML, like Gecko) Version/4.0.5 Mobile/8B117 Safari/6531.22.7 (compatible; Googlebot-Mobile/2.1; +http://www.google.com/bot.html)"
216.68.204.66 - - [13/Aug/2013:12:50:15 -0400] "GET /SpryAssets/SpryMenuBar.js HTTP/1.1" 200 10064 "http://www.brainandneurospine.com/gibbs_bio.html" "Mozilla/5.0 (compatible; MSIE 10.0; Windows NT 6.1; WOW64; Trident/6.0)"
216.68.204.66 - - [13/Aug/2013:12:50:15 -0400] "GET /graphics/cleaver-guidos-cutout.gif HTTP/1.1" 200 7051 "http://www.brainandneurospine.com/gibbs_bio.html" "Mozilla/5.0 (compatible; MSIE 10.0; Windows NT 6.1; WOW64; Trident/6.0)"
216.68.204.66 - - [13/Aug/2013:12:50:15 -0400] "GET /SpryAssets/SpryMenuBarDownHover.gif HTTP/1.1" 200 55 "http://www.brainandneurospine.com/gibbs_bio.html" "Mozilla/5.0 (compatible; MSIE 10.0; Windows NT 6.1; WOW64; Trident/6.0)"
216.68.204.66 - - [13/Aug/2013:12:50:15 -0400] "GET /SpryAssets/SpryMenuBarDown.gif HTTP/1.1" 200 55 "http://www.brainandneurospine.com/gibbs_bio.html" "Mozilla/5.0 (compatible; MSIE 10.0; Windows NT 6.1; WOW64; Trident/6.0)"
173.20.31.71 - - [13/Aug/2013:12:50:18 -0400] "GET /graphics/tolentino-patient.jpg HTTP/1.1" 200 12163 "http://www.brainandneurospine.com/tolentino_bio.html" "Mozilla/5.0 (Windows NT 6.1; WOW64) AppleWebKit/537.36 (KHTML, like Gecko) Chrome/28.0.1500.95 Safari/537.36"
173.199.114.211 - - [13/Aug/2013:00:00:37 -0400] "GET /Patient%20letters%20to%20Doctors/super-thank-you.jpg HTTP/1.1" 200 154424 "-" "Mozilla/5.0 (compatible; AhrefsBot/4.0; +http://ahrefs.com/robot/)"
66.249.72.178 - - [13/Aug/2013:01:12:07 -0400] "GET /bagley_bio.html HTTP/1.1" 200 14959 "-" "DoCoMo/2.0 N905i(c100;TB;W24H16) (compatible; Googlebot-Mobile/2.1; +http://www.google.com/bot.html)"
