98.137.206.213 - - [18/Aug/2013:03:20:10 -0400] "GET /graphics/colle-cutout2.gif HTTP/1.1" 200 7469 "http://brainandneurospine.com/colle_bio.html" "Mozilla/5.0 (compatible; Yahoo! Slurp/3.0; http://help.yahoo.com/help/us/ysearch/slurp) NOT Firefox/3.5"
98.137.206.213 - - [18/Aug/2013:03:20:10 -0400] "GET /SpryAssets/SpryMenuBarRightHover.gif HTTP/1.1" 200 55 "http://brainandneurospine.com/colle_bio.html" "Mozilla/5.0 (compatible; Yahoo! Slurp/3.0; http://help.yahoo.com/help/us/ysearch/slurp) NOT Firefox/3.5"
98.137.206.213 - - [18/Aug/2013:03:20:10 -0400] "GET /graphics/cloud-background.jpg HTTP/1.1" 200 11928 "http://brainandneurospine.com/colle_bio.html" "Mozilla/5.0 (compatible; Yahoo! Slurp/3.0; http://help.yahoo.com/help/us/ysearch/slurp) NOT Firefox/3.5"
188.143.232.111 - - [18/Aug/2013:04:40:54 -0400] "GET /work-comp.html HTTP/1.1" 200 15405 "-" "Mozilla/4.0 (compatible; MSIE 6.0; Windows NT 5.1; SV1)"
5.135.125.177 - - [18/Aug/2013:16:39:41 -0400] "GET /Spinal-Exchange-Who.html HTTP/1.1" 200 7252 "-" "Mozilla/5.0 (compatible; MSIE 9.0; Windows NT 6.1; Win64; x64; Trident/5.0; .NET CLR 3.5.30729; .NET CLR 3.0.30729; .NET CLR 2.0.50727; Media Center PC 6.0)"
66.249.73.127 - - [18/Aug/2013:16:50:45 -0400] "GET /reis_bio.html HTTP/1.1" 304 - "-" "Mozilla/5.0 (compatible; Googlebot/2.1; +http://www.google.com/bot.html)"
66.249.73.142 - - [18/Aug/2013:17:27:26 -0400] "GET /leah_bio.html HTTP/1.1" 304 - "-" "Mozilla/5.0 (compatible; Googlebot/2.1; +http://www.google.com/bot.html)"
38.111.147.83 - - [18/Aug/2013:08:14:57 -0400] "GET /leah_bio.html HTTP/1.0" 304 - "-" "TurnitinBot/2.1 (http://www.turnitin.com/robot/crawlerinfo.html)"
38.111.147.83 - - [18/Aug/2013:08:32:13 -0400] "GET /dr-articles/health%20tips%20for%20hot%20weather.htm HTTP/1.0" 304 - "-" "TurnitinBot/2.1 (http://www.turnitin.com/robot/crawlerinfo.html)"
38.111.147.83 - - [18/Aug/2013:08:39:42 -0400] "GET /dr-articles/obsessive%20compulsive%20disorder.htm HTTP/1.0" 304 - "-" "TurnitinBot/2.1 (http://www.turnitin.com/robot/crawlerinfo.html)"
66.249.82.154 - - [18/Aug/2013:18:51:46 -0400] "GET /2009-patient-notes.html HTTP/1.1" 200 25805 "http://www.google.com/search" "Mozilla/5.0 (X11; Linux x86_64) AppleWebKit/537.4 (KHTML, like Gecko; Google Web Preview) Chrome/22.0.1229 Safari/537.4"
66.249.82.154 - - [18/Aug/2013:18:51:46 -0400] "GET /SpryAssets/SpryMenuBarHorizontal.css HTTP/1.1" 200 5807 "http://www.brainandneurospine.com/2009-patient-notes.html" "Mozilla/5.0 (X11; Linux x86_64) AppleWebKit/537.4 (KHTML, like Gecko; Google Web Preview) Chrome/22.0.1229 Safari/537.4"
66.249.82.154 - - [18/Aug/2013:18:51:46 -0400] "GET /SpryAssets/SpryMenuBarDownHover.gif HTTP/1.1" 200 55 "http://www.brainandneurospine.com/2009-patient-notes.html" "Mozilla/5.0 (X11; Linux x86_64) AppleWebKit/537.4 (KHTML, like Gecko; Google Web Preview) Chrome/22.0.1229 Safari/537.4"
66.249.82.154 - - [18/Aug/2013:18:51:46 -0400] "GET /graphics/gray-background.jpg HTTP/1.1" 200 7781 "http://www.brainandneurospine.com/2009-patient-notes.html" "Mozilla/5.0 (X11; Linux x86_64) AppleWebKit/537.4 (KHTML, like Gecko; Google Web Preview) Chrome/22.0.1229 Safari/537.4"
99.111.214.7 - - [18/Aug/2013:20:38:19 -0400] "GET /graphics/tolentino-cutout.gif HTTP/1.1" 200 13936 "http://www.brainandneurospine.com/?utm_source=spineuniverse&utm_medium=website_link&utm_campaign=source" "Mozilla/5.0 (compatible; MSIE 10.0; Windows NT 6.1; WOW64; Trident/6.0)"
38.111.147.83 - - [18/Aug/2013:09:12:33 -0400] "GET /cleaver_bio.html HTTP/1.0" 304 - "-" "TurnitinBot/2.1 (http://www.turnitin.com/robot/crawlerinfo.html)"
220.255.2.253 - - [18/Aug/2013:00:46:40 -0400] "GET /dr-articles/parkinson's%20disease.htm HTTP/1.1" 200 9712 "http://www.google.com.sg/url?sa=t&rct=j&q=&esrc=s&frm=1&source=web&cd=6&ved=0CFwQFjAF&url=http%3A%2F%2Fwww.brainandneurospine.com%2Fdr-articles%2Fparkinson's%2520disease.htm&ei=VFEQUvbQH8KGrAehm4GYBA&usg=AFQjCNFBWXit0mQ3aDnGsvbVwq04ojjrEw&sig2=vRLhS9Dh6H-dbgfbQQYbRQ" "Mozilla/5.0 (compatible; MSIE 10.0; Windows NT 6.1; WOW64; Trident/6.0)"
69.64.49.47 - - [18/Aug/2013:00:57:33 -0400] "GET /SpryAssets/SpryMenuBarHorizontal.css HTTP/1.1" 200 5807 "http://brainandneurospine.com/" "Mozilla/5.0 (X11; Linux i686) AppleWebKit/534.34 (KHTML, like Gecko) Qt/4.8.2 Safari/534.34"
69.64.49.47 - - [18/Aug/2013:00:57:33 -0400] "GET /graphics/rbs-logo-930x125w-v3%20.jpg HTTP/1.1" 200 28337 "http://brainandneurospine.com/" "Mozilla/5.0 (X11; Linux i686) AppleWebKit/534.34 (KHTML, like Gecko) Qt/4.8.2 Safari/534.34"
69.64.49.47 - - [18/Aug/2013:00:57:33 -0400] "GET /graphics/tolentino-cutout.gif HTTP/1.1" 200 13936 "http://brainandneurospine.com/" "Mozilla/5.0 (X11; Linux i686) AppleWebKit/534.34 (KHTML, like Gecko) Qt/4.8.2 Safari/534.34"
69.64.49.47 - - [18/Aug/2013:00:57:33 -0400] "GET /graphics/vaught-cutout1.gif HTTP/1.1" 200 9004 "http://brainandneurospine.com/" "Mozilla/5.0 (X11; Linux i686) AppleWebKit/534.34 (KHTML, like Gecko) Qt/4.8.2 Safari/534.34"
69.64.49.47 - - [18/Aug/2013:00:57:34 -0400] "GET /SpryAssets/SpryMenuBarDownHover.gif HTTP/1.1" 200 55 "http://brainandneurospine.com/" "Mozilla/5.0 (X11; Linux i686) AppleWebKit/534.34 (KHTML, like Gecko) Qt/4.8.2 Safari/534.34"
69.64.49.47 - - [18/Aug/2013:00:57:34 -0400] "GET /SpryAssets/SpryMenuBarRight.gif HTTP/1.1" 200 55 "http://brainandneurospine.com/" "Mozilla/5.0 (X11; Linux i686) AppleWebKit/534.34 (KHTML, like Gecko) Qt/4.8.2 Safari/534.34"
193.106.136.50 - - [18/Aug/2013:19:07:14 -0400] "GET / HTTP/1.1" 200 40346 "http://www.studia-silk.ru/" "Mozilla/6.0 (compatible; MSIE 7.0a1; Windows NT 5.2; SV1)"
68.52.101.85 - - [18/Aug/2013:19:08:02 -0400] "GET /vaught_bio.html HTTP/1.1" 200 21144 "http://search.yahoo.com/search;_ylt=Al9y2wbNfk24eOdI0gIfEN2bvZx4?fr=yfp-t-141-32-s&toggle=1&cop=mss&ei=UTF-8&p=dr%20vaught%20in%20cape%20girardeau%20mo" "Mozilla/5.0 (compatible; MSIE 10.0; Windows NT 6.1; WOW64; Trident/6.0)"
68.52.101.85 - - [18/Aug/2013:19:08:02 -0400] "GET /graphics/rbs-logo-930x125w-v3%20.jpg HTTP/1.1" 200 28337 "http://brainandneurospine.com/vaught_bio.html" "Mozilla/5.0 (compatible; MSIE 10.0; Windows NT 6.1; WOW64; Trident/6.0)"
68.52.101.85 - - [18/Aug/2013:19:08:02 -0400] "GET /graphics/gray-background.jpg HTTP/1.1" 200 7781 "http://brainandneurospine.com/vaught_bio.html" "Mozilla/5.0 (compatible; MSIE 10.0; Windows NT 6.1; WOW64; Trident/6.0)"
68.52.101.85 - - [18/Aug/2013:19:08:02 -0400] "GET /graphics/colle-microscope.gif HTTP/1.1" 200 10069 "http://brainandneurospine.com/vaught_bio.html" "Mozilla/5.0 (compatible; MSIE 10.0; Windows NT 6.1; WOW64; Trident/6.0)"
68.52.101.85 - - [18/Aug/2013:19:08:02 -0400] "GET /SpryAssets/SpryMenuBarDownHover.gif HTTP/1.1" 200 55 "http://brainandneurospine.com/vaught_bio.html" "Mozilla/5.0 (compatible; MSIE 10.0; Windows NT 6.1; WOW64; Trident/6.0)"
123.125.71.59 - - [18/Aug/2013:20:57:18 -0400] "GET / HTTP/1.1" 304 - "-" "Mozilla/5.0 (compatible; Baiduspider/2.0; +http://www.baidu.com/search/spider.html)"
98.137.206.213 - - [18/Aug/2013:03:20:06 -0400] "GET /SpryAssets/SpryMenuBarVertical.css HTTP/1.1" 200 4594 "http://brainandneurospine.com/colle_bio.html" "Mozilla/5.0 (compatible; Yahoo! Slurp/3.0; http://help.yahoo.com/help/us/ysearch/slurp) NOT Firefox/3.5"
188.143.232.111 - - [18/Aug/2013:04:40:25 -0400] "GET /glisson_bio.html HTTP/1.1" 200 15627 "-" "Mozilla/4.0 (compatible; MSIE 6.0; Windows NT 5.1; SV1)"
38.111.147.83 - - [18/Aug/2013:09:09:25 -0400] "GET /cancer-treatment.html HTTP/1.0" 304 - "-" "TurnitinBot/2.1 (http://www.turnitin.com/robot/crawlerinfo.html)"
91.207.9.226 - - [18/Aug/2013:11:17:17 -0400] "GET / HTTP/1.1" 200 40346 "http://stroikak.com/" "Mozilla/4.0 (compatible; MSIE 7.0b; Windows NT 6.0 ; .NET CLR 2.0.50215; SL Commerce Client v1.0; Tablet PC 2.0"
66.249.73.155 - - [18/Aug/2013:16:21:21 -0400] "GET /dr-articles/sport's%20concussions.htm HTTP/1.1" 304 - "-" "Mozilla/5.0 (compatible; Googlebot/2.1; +http://www.google.com/bot.html)"
66.249.75.160 - - [18/Aug/2013:07:50:06 -0400] "GET /reis_bio.html HTTP/1.1" 200 17868 "-" "Mozilla/5.0 (compatible; Googlebot/2.1; +http://www.google.com/bot.html)"
38.111.147.83 - - [18/Aug/2013:08:03:25 -0400] "GET /videos/Medical%20Minutes/Tolentino%20Kypho.wmv HTTP/1.0" 200 3672866 "-" "TurnitinBot/2.1 (http://www.turnitin.com/robot/crawlerinfo.html)"
38.111.147.83 - - [18/Aug/2013:08:13:27 -0400] "GET /2009-education.html HTTP/1.0" 200 15330 "-" "TurnitinBot/2.1 (http://www.turnitin.com/robot/crawlerinfo.html)"
38.111.147.83 - - [18/Aug/2013:08:27:42 -0400] "GET /dr-articles/insomnia.htm HTTP/1.0" 304 - "-" "TurnitinBot/2.1 (http://www.turnitin.com/robot/crawlerinfo.html)"
38.111.147.83 - - [18/Aug/2013:08:36:19 -0400] "GET /dr-articles/pain%20in%20the%20ear%20and%20pocketbook.htm HTTP/1.0" 304 - "-" "TurnitinBot/2.1 (http://www.turnitin.com/robot/crawlerinfo.html)"
38.111.147.83 - - [18/Aug/2013:08:44:28 -0400] "GET /robots.txt HTTP/1.0" 404 575 "-" "TurnitinBot/2.1 (http://www.turnitin.com/robot/crawlerinfo.html)"
38.111.147.83 - - [18/Aug/2013:08:52:31 -0400] "GET /dr-articles/who%20are%20you%20gonna%20call.htm HTTP/1.0" 304 - "-" "TurnitinBot/2.1 (http://www.turnitin.com/robot/crawlerinfo.html)"
46.119.118.152 - - [18/Aug/2013:03:43:11 -0400] "GET / HTTP/1.1" 200 40346 "http://cleaning-uborka.ru/" "Mozilla/4.0 (compatible; MSIE 6.0; Windows NT 5.1; SV1; YPC 3.0.2; .NET CLR 1.1.4322; yplus 4.4.02b)"
66.249.82.154 - - [18/Aug/2013:18:51:46 -0400] "GET /graphics/tolentino-cutout.gif HTTP/1.1" 200 13936 "http://www.brainandneurospine.com/2009-patient-notes.html" "Mozilla/5.0 (X11; Linux x86_64) AppleWebKit/537.4 (KHTML, like Gecko; Google Web Preview) Chrome/22.0.1229 Safari/537.4"
68.52.101.85 - - [18/Aug/2013:19:08:02 -0400] "GET /favicon.ico HTTP/1.1" 404 575 "-" "Mozilla/5.0 (compatible; MSIE 10.0; Windows NT 6.1; Win64; x64; Trident/6.0)"
68.52.101.85 - - [18/Aug/2013:19:09:31 -0400] "GET /tplayer/scripts/tplayer.js HTTP/1.1" 200 60791 "http://brainandneurospine.com/index.html" "Mozilla/5.0 (compatible; MSIE 10.0; Windows NT 6.1; WOW64; Trident/6.0)"
68.52.101.85 - - [18/Aug/2013:19:09:31 -0400] "GET /graphics/5-stars-250x60.jpg HTTP/1.1" 200 15249 "http://brainandneurospine.com/index.html" "Mozilla/5.0 (compatible; MSIE 10.0; Windows NT 6.1; WOW64; Trident/6.0)"
68.52.101.85 - - [18/Aug/2013:19:09:31 -0400] "GET /tplayer/scripts/tplayer-config.js HTTP/1.1" 200 78567 "http://brainandneurospine.com/index.html" "Mozilla/5.0 (compatible; MSIE 10.0; Windows NT 6.1; WOW64; Trident/6.0)"
38.111.147.83 - - [18/Aug/2013:08:13:58 -0400] "GET /2009-education-links.html HTTP/1.0" 200 17791 "-" "TurnitinBot/2.1 (http://www.turnitin.com/robot/crawlerinfo.html)"
38.111.147.83 - - [18/Aug/2013:08:32:44 -0400] "GET /dr-articles/health%20Web.htm HTTP/1.0" 304 - "-" "TurnitinBot/2.1 (http://www.turnitin.com/robot/crawlerinfo.html)"
76.17.45.172 - - [18/Aug/2013:14:22:26 -0400] "GET /SpryAssets/SpryMenuBarHorizontal.css HTTP/1.1" 200 5807 "http://www.brainandneurospine.com/colle_bio.html" "Mozilla/5.0 (iPad; CPU OS 6_1_3 like Mac OS X) AppleWebKit/536.26 (KHTML, like Gecko) Version/6.0 Mobile/10B329 Safari/8536.25"
76.17.45.172 - - [18/Aug/2013:14:22:26 -0400] "GET /Scripts/AC_RunActiveContent.js HTTP/1.1" 200 8029 "http://www.brainandneurospine.com/colle_bio.html" "Mozilla/5.0 (iPad; CPU OS 6_1_3 like Mac OS X) AppleWebKit/536.26 (KHTML, like Gecko) Version/6.0 Mobile/10B329 Safari/8536.25"
76.17.45.172 - - [18/Aug/2013:14:22:26 -0400] "GET /graphics/rbs-logo-930x125w-v3%20.jpg HTTP/1.1" 200 28337 "http://www.brainandneurospine.com/colle_bio.html" "Mozilla/5.0 (iPad; CPU OS 6_1_3 like Mac OS X) AppleWebKit/536.26 (KHTML, like Gecko) Version/6.0 Mobile/10B329 Safari/8536.25"
76.17.45.172 - - [18/Aug/2013:14:22:26 -0400] "GET /graphics/vaught-cutout1.gif HTTP/1.1" 200 9004 "http://www.brainandneurospine.com/colle_bio.html" "Mozilla/5.0 (iPad; CPU OS 6_1_3 like Mac OS X) AppleWebKit/536.26 (KHTML, like Gecko) Version/6.0 Mobile/10B329 Safari/8536.25"
76.17.45.172 - - [18/Aug/2013:14:22:26 -0400] "GET /SpryAssets/SpryMenuBarDown.gif HTTP/1.1" 200 55 "http://www.brainandneurospine.com/colle_bio.html" "Mozilla/5.0 (iPad; CPU OS 6_1_3 like Mac OS X) AppleWebKit/536.26 (KHTML, like Gecko) Version/6.0 Mobile/10B329 Safari/8536.25"
76.17.45.172 - - [18/Aug/2013:14:22:26 -0400] "GET /SpryAssets/SpryMenuBarRight.gif HTTP/1.1" 200 55 "http://www.brainandneurospine.com/colle_bio.html" "Mozilla/5.0 (iPad; CPU OS 6_1_3 like Mac OS X) AppleWebKit/536.26 (KHTML, like Gecko) Version/6.0 Mobile/10B329 Safari/8536.25"
38.111.147.83 - - [18/Aug/2013:09:07:55 -0400] "GET /perryville-clinic.html HTTP/1.0" 304 - "-" "TurnitinBot/2.1 (http://www.turnitin.com/robot/crawlerinfo.html)"
66.249.82.154 - - [18/Aug/2013:18:51:46 -0400] "GET /SpryAssets/SpryMenuBarVertical.css HTTP/1.1" 200 4594 "http://www.brainandneurospine.com/2009-patient-notes.html" "Mozilla/5.0 (X11; Linux x86_64) AppleWebKit/537.4 (KHTML, like Gecko; Google Web Preview) Chrome/22.0.1229 Safari/537.4"
66.249.82.154 - - [18/Aug/2013:18:51:46 -0400] "GET /SpryAssets/SpryMenuBarDown.gif HTTP/1.1" 200 55 "http://www.brainandneurospine.com/2009-patient-notes.html" "Mozilla/5.0 (X11; Linux x86_64) AppleWebKit/537.4 (KHTML, like Gecko; Google Web Preview) Chrome/22.0.1229 Safari/537.4"
99.111.214.7 - - [18/Aug/2013:20:38:19 -0400] "GET /graphics/cleaver-guidos-cutout.gif HTTP/1.1" 200 7051 "http://www.brainandneurospine.com/?utm_source=spineuniverse&utm_medium=website_link&utm_campaign=source" "Mozilla/5.0 (compatible; MSIE 10.0; Windows NT 6.1; WOW64; Trident/6.0)"
99.111.214.7 - - [18/Aug/2013:20:38:20 -0400] "GET /SpryAssets/SpryMenuBarRight.gif HTTP/1.1" 200 55 "http://www.brainandneurospine.com/?utm_source=spineuniverse&utm_medium=website_link&utm_campaign=source" "Mozilla/5.0 (compatible; MSIE 10.0; Windows NT 6.1; WOW64; Trident/6.0)"
99.111.214.7 - - [18/Aug/2013:20:38:20 -0400] "GET /graphics/colle-cutout2.gif HTTP/1.1" 200 7469 "http://www.brainandneurospine.com/?utm_source=spineuniverse&utm_medium=website_link&utm_campaign=source" "Mozilla/5.0 (compatible; MSIE 10.0; Windows NT 6.1; WOW64; Trident/6.0)"
99.111.214.7 - - [18/Aug/2013:20:38:21 -0400] "GET /graphics/SE-medical-plaza-sign%20160.jpg HTTP/1.1" 200 19171 "http://www.brainandneurospine.com/?utm_source=spineuniverse&utm_medium=website_link&utm_campaign=source" "Mozilla/5.0 (compatible; MSIE 10.0; Windows NT 6.1; WOW64; Trident/6.0)"
46.119.118.152 - - [18/Aug/2013:03:43:10 -0400] "GET / HTTP/1.1" 200 40346 "http://www.bravica.su/" "Mozilla/4.0 (compatible; MSIE 6.0; Windows NT 5.1; SV1; YPC 3.0.2; .NET CLR 1.1.4322; yplus 4.4.02b)"
69.64.49.47 - - [18/Aug/2013:00:57:39 -0400] "GET /graphics/SE-medical-plaza-sign%20160.jpg HTTP/1.1" 200 19171 "http://brainandneurospine.com/" "Mozilla/5.0 (X11; Linux i686) AppleWebKit/534.34 (KHTML, like Gecko) Qt/4.8.2 Safari/534.34"
208.115.111.70 - - [18/Aug/2013:17:43:58 -0400] "GET /inthenews.html HTTP/1.1" 200 29248 "-" "Mozilla/5.0 (compatible; Ezooms/1.0; ezooms.bot@gmail.com)"
38.111.147.83 - - [18/Aug/2013:09:00:07 -0400] "GET /robots.txt HTTP/1.0" 404 575 "-" "TurnitinBot/2.1 (http://www.turnitin.com/robot/crawlerinfo.html)"
46.4.25.85 - - [18/Aug/2013:03:29:39 -0400] "GET /images/jason-bowers1.jpg HTTP/1.0" 200 47271 "-" "-"
188.143.232.111 - - [18/Aug/2013:04:40:21 -0400] "GET /bowers_bio.html HTTP/1.1" 200 16139 "-" "Mozilla/4.0 (compatible; MSIE 6.0; Windows NT 5.1; SV1)"
66.249.73.146 - - [18/Aug/2013:18:03:37 -0400] "GET /dr-articles/all%20in%20their%20heads.htm HTTP/1.1" 200 8969 "-" "Mozilla/5.0 (compatible; Googlebot/2.1; +http://www.google.com/bot.html)"
46.165.197.151 - - [18/Aug/2013:20:05:10 -0400] "GET / HTTP/1.0" 200 40346 "-" "Mozilla/5.0 (compatible; MJ12bot/v1.4.3; http://www.majestic12.co.uk/bot.php?+)"
46.165.197.151 - - [18/Aug/2013:20:05:15 -0400] "GET / HTTP/1.0" 200 40346 "-" "Mozilla/5.0 (compatible; MJ12bot/v1.4.3; http://www.majestic12.co.uk/bot.php?+)"
24.251.67.182 - - [18/Aug/2013:07:36:21 -0400] "GET /googlemap-directions-2-SEH-clinic.html HTTP/1.1" 200 6804 "-" "Healthbot/Health_and_Longevity_Project_(HealthHaven.com)"
38.111.147.83 - - [18/Aug/2013:08:17:27 -0400] "GET /dr-articles/what%20is%20autism.htm HTTP/1.0" 304 - "-" "TurnitinBot/2.1 (http://www.turnitin.com/robot/crawlerinfo.html)"
38.111.147.83 - - [18/Aug/2013:08:27:12 -0400] "GET /dr-articles/jargon%20alert%20what%20is%20amd.htm HTTP/1.0" 304 - "-" "TurnitinBot/2.1 (http://www.turnitin.com/robot/crawlerinfo.html)"
38.111.147.83 - - [18/Aug/2013:08:46:32 -0400] "GET /dr-articles/sport's%20concussions.htm HTTP/1.0" 304 - "-" "TurnitinBot/2.1 (http://www.turnitin.com/robot/crawlerinfo.html)"
38.111.147.83 - - [18/Aug/2013:08:50:59 -0400] "GET /dr-articles/think%20first.htm HTTP/1.0" 304 - "-" "TurnitinBot/2.1 (http://www.turnitin.com/robot/crawlerinfo.html)"
182.118.21.235 - - [18/Aug/2013:11:26:33 -0400] "GET / HTTP/1.1" 200 40346 "http://www.brainandneurospine.com/" "Mozilla/5.0 (Windows; U; Windows NT 5.1; zh-CN; rv:1.8.0.11) Firefox/1.5.0.11; 360Spider"
157.55.34.168 - - [18/Aug/2013:00:06:39 -0400] "GET /robots.txt HTTP/1.1" 404 575 "-" "Mozilla/5.0 (compatible; bingbot/2.0; +http://www.bing.com/bingbot.htm)"
46.119.118.152 - - [18/Aug/2013:03:43:10 -0400] "GET / HTTP/1.1" 200 40346 "http://cleaning-uborka.ru/" "Mozilla/4.0 (compatible; MSIE 6.0; Windows NT 5.1; SV1; YPC 3.0.2; .NET CLR 1.1.4322; yplus 4.4.02b)"
66.249.75.160 - - [18/Aug/2013:04:24:36 -0400] "GET /dr-articles/alzheimer.htm HTTP/1.1" 304 - "-" "Mozilla/5.0 (compatible; Googlebot/2.1; +http://www.google.com/bot.html)"
38.111.147.83 - - [18/Aug/2013:08:04:55 -0400] "GET /InTheNews-Items/vaught-prestige%20business%20break%205-2008.wmv HTTP/1.0" 200 7598917 "-" "TurnitinBot/2.1 (http://www.turnitin.com/robot/crawlerinfo.html)"
38.111.147.83 - - [18/Aug/2013:08:05:25 -0400] "GET /pdf%20documents/HIPAA%20Privacy%20Policy%20for%20RBS%206-1-2013.pdf HTTP/1.0" 200 84315 "-" "TurnitinBot/2.1 (http://www.turnitin.com/robot/crawlerinfo.html)"
38.111.147.83 - - [18/Aug/2013:08:12:25 -0400] "GET /2009-office-policies.html HTTP/1.0" 200 16240 "-" "TurnitinBot/2.1 (http://www.turnitin.com/robot/crawlerinfo.html)"
38.111.147.83 - - [18/Aug/2013:08:12:55 -0400] "GET /2009-in-the-news.html HTTP/1.0" 200 34342 "-" "TurnitinBot/2.1 (http://www.turnitin.com/robot/crawlerinfo.html)"
38.111.147.83 - - [18/Aug/2013:08:31:42 -0400] "GET /dr-articles/healthy%20pleasure%20of%20animal%20companions.htm HTTP/1.0" 304 - "-" "TurnitinBot/2.1 (http://www.turnitin.com/robot/crawlerinfo.html)"
206.125.67.64 - - [18/Aug/2013:16:35:08 -0400] "GET /SpryAssets/SpryMenuBar.js HTTP/1.1" 200 10064 "http://www.brainandneurospine.com/" "Mozilla/5.0 (Windows NT 6.0; rv:23.0) Gecko/20100101 Firefox/23.0"
206.125.67.64 - - [18/Aug/2013:16:35:09 -0400] "GET /graphics/rbs-logo-930x125w-v3%20.jpg HTTP/1.1" 200 28337 "http://www.brainandneurospine.com/" "Mozilla/5.0 (Windows NT 6.0; rv:23.0) Gecko/20100101 Firefox/23.0"
206.125.67.64 - - [18/Aug/2013:16:35:10 -0400] "GET /graphics/cleaver-guidos-cutout.gif HTTP/1.1" 200 7051 "http://www.brainandneurospine.com/" "Mozilla/5.0 (Windows NT 6.0; rv:23.0) Gecko/20100101 Firefox/23.0"
46.229.167.149 - - [18/Aug/2013:16:55:56 -0400] "GET / HTTP/1.1" 200 14289 "-" "Mozilla/5.0 (Windows NT 6.1; rv:1.9) Gecko/20100101 Firefox/4.0"
99.111.214.7 - - [18/Aug/2013:20:38:12 -0400] "GET /SpryAssets/SpryMenuBar.js HTTP/1.1" 200 10064 "http://www.brainandneurospine.com/?utm_source=spineuniverse&utm_medium=website_link&utm_campaign=source" "Mozilla/5.0 (compatible; MSIE 10.0; Windows NT 6.1; WOW64; Trident/6.0)"
99.111.214.7 - - [18/Aug/2013:20:38:12 -0400] "GET /graphics/RBS_LogoStackedTAG.jpg HTTP/1.1" 200 127207 "http://www.brainandneurospine.com/?utm_source=spineuniverse&utm_medium=website_link&utm_campaign=source" "Mozilla/5.0 (compatible; MSIE 10.0; Windows NT 6.1; WOW64; Trident/6.0)"
99.111.214.7 - - [18/Aug/2013:20:38:20 -0400] "GET /SpryAssets/SpryMenuBarDownHover.gif HTTP/1.1" 200 55 "http://www.brainandneurospine.com/?utm_source=spineuniverse&utm_medium=website_link&utm_campaign=source" "Mozilla/5.0 (compatible; MSIE 10.0; Windows NT 6.1; WOW64; Trident/6.0)"
194.44.218.226 - - [18/Aug/2013:20:56:43 -0400] "GET /robots.txt HTTP/1.0" 404 575 "-" "Mozilla/5.0 (compatible; MJ12bot/v1.4.3; http://www.majestic12.co.uk/bot.php?+)"
38.111.147.83 - - [18/Aug/2013:08:17:57 -0400] "GET /dr-articles/what%20do%20these%20people%20have%20in%20common.htm HTTP/1.0" 304 - "-" "TurnitinBot/2.1 (http://www.turnitin.com/robot/crawlerinfo.html)"
38.111.147.83 - - [18/Aug/2013:08:20:05 -0400] "GET /bryant_bio.html HTTP/1.0" 304 - "-" "TurnitinBot/2.1 (http://www.turnitin.com/robot/crawlerinfo.html)"
206.125.67.64 - - [18/Aug/2013:16:35:15 -0400] "GET /cleaver_bio.html HTTP/1.1" 200 18389 "http://www.brainandneurospine.com/" "Mozilla/5.0 (Windows NT 6.0; rv:23.0) Gecko/20100101 Firefox/23.0"
206.125.67.64 - - [18/Aug/2013:16:35:16 -0400] "GET /graphics/cloud-background.jpg HTTP/1.1" 200 11928 "http://www.brainandneurospine.com/cleaver_bio.html" "Mozilla/5.0 (Windows NT 6.0; rv:23.0) Gecko/20100101 Firefox/23.0"
5.135.125.177 - - [18/Aug/2013:16:39:40 -0400] "GET /index.html HTTP/1.1" 200 14289 "-" "Mozilla/5.0 (Windows NT 6.0; WOW64) AppleWebKit/535.7 (KHTML, like Gecko) Chrome/16.0.912.75 Safari/535.7"
5.135.125.177 - - [18/Aug/2013:16:39:42 -0400] "GET /performance-academy.html HTTP/1.1" 404 575 "-" "Opera/9.80 (X11; Linux i686; U; en) Presto/2.7.62 Version/11.00Mozilla/5.0 (Macintosh; U; Intel Mac OS X 10_6_7; en-US) AppleWebKit/534.16 (KHTML, like Gecko) Chrome/10.0.648.205 Safari/534.16"
66.249.73.141 - - [18/Aug/2013:01:55:36 -0400] "GET /robots.txt HTTP/1.1" 404 575 "-" "Mozilla/5.0 (compatible; Googlebot/2.1; +http://www.google.com/bot.html)"
46.118.126.194 - - [18/Aug/2013:09:38:17 -0400] "GET / HTTP/1.1" 200 40346 "http://skupkaru.ru/" "Mozilla/4.0 (compatible; MSIE 5.0; Windows 95) Opera 6.01 [en]"
66.249.73.86 - - [18/Aug/2013:09:55:05 -0400] "GET /robots.txt HTTP/1.1" 404 575 "-" "Mozilla/5.0 (compatible; Googlebot/2.1; +http://www.google.com/bot.html)"
131.253.38.98 - - [18/Aug/2013:12:58:45 -0400] "GET /robots.txt HTTP/1.1" 404 575 "-" "msnbot-media/1.1 (+http://search.msn.com/msnbot.htm)"
207.241.226.239 - - [18/Aug/2013:13:29:55 -0400] "GET /robots.txt HTTP/1.1" 404 575 "-" "ia_archiver(OS-Wayback)"
92.249.127.111 - - [18/Aug/2013:04:34:27 -0400] "GET / HTTP/1.1" 200 40346 "http://www.bravica.co/ru/" "Mozilla/5.0 (compatible; news bot /2.1)"
68.52.101.85 - - [18/Aug/2013:19:08:02 -0400] "GET /graphics/cloud-background.jpg HTTP/1.1" 200 11928 "http://brainandneurospine.com/vaught_bio.html" "Mozilla/5.0 (compatible; MSIE 10.0; Windows NT 6.1; WOW64; Trident/6.0)"
68.52.101.85 - - [18/Aug/2013:19:08:02 -0400] "GET /graphics/tolentino-cutout.gif HTTP/1.1" 200 13936 "http://brainandneurospine.com/vaught_bio.html" "Mozilla/5.0 (compatible; MSIE 10.0; Windows NT 6.1; WOW64; Trident/6.0)"
68.52.101.85 - - [18/Aug/2013:19:08:02 -0400] "GET /graphics/colle-cutout2.gif HTTP/1.1" 200 7469 "http://brainandneurospine.com/vaught_bio.html" "Mozilla/5.0 (compatible; MSIE 10.0; Windows NT 6.1; WOW64; Trident/6.0)"
68.52.101.85 - - [18/Aug/2013:19:08:02 -0400] "GET /SpryAssets/SpryMenuBarDown.gif HTTP/1.1" 200 55 "http://brainandneurospine.com/vaught_bio.html" "Mozilla/5.0 (compatible; MSIE 10.0; Windows NT 6.1; WOW64; Trident/6.0)"
66.87.72.165 - - [18/Aug/2013:20:13:28 -0400] "GET /Scripts/AC_RunActiveContent.js HTTP/1.1" 200 8029 "http://www.brainandneurospine.com/" "Mozilla/5.0 (Linux; U; Android 2.2.1; en-us; VM670 Build/FRG83) AppleWebKit/533.1 (KHTML, like Gecko) Version/4.0 Mobile Safari/533.1"
66.87.72.165 - - [18/Aug/2013:20:13:48 -0400] "GET /graphics/Calendar-Appointment-100x75.jpg HTTP/1.1" 200 12359 "http://www.brainandneurospine.com/" "Mozilla/5.0 (Linux; U; Android 2.2.1; en-us; VM670 Build/FRG83) AppleWebKit/533.1 (KHTML, like Gecko) Version/4.0 Mobile Safari/533.1"
66.249.73.128 - - [18/Aug/2013:16:01:32 -0400] "GET /sikeston-clinic.html HTTP/1.1" 200 18781 "-" "Mozilla/5.0 (compatible; Googlebot/2.1; +http://www.google.com/bot.html)"
38.111.147.83 - - [18/Aug/2013:08:03:55 -0400] "GET /pdf%20documents/Tolentino_Boards_NR.pdf HTTP/1.0" 200 71714 "-" "TurnitinBot/2.1 (http://www.turnitin.com/robot/crawlerinfo.html)"
38.111.147.83 - - [18/Aug/2013:08:11:55 -0400] "GET /2009-patient-stories.html HTTP/1.0" 200 20304 "-" "TurnitinBot/2.1 (http://www.turnitin.com/robot/crawlerinfo.html)"
38.111.147.83 - - [18/Aug/2013:08:16:57 -0400] "GET /dr-articles/what%20is%20lupis.htm HTTP/1.0" 304 - "-" "TurnitinBot/2.1 (http://www.turnitin.com/robot/crawlerinfo.html)"
38.111.147.83 - - [18/Aug/2013:08:47:03 -0400] "GET /dr-articles/some%20blossom%20too%20soon.htm HTTP/1.0" 304 - "-" "TurnitinBot/2.1 (http://www.turnitin.com/robot/crawlerinfo.html)"
38.111.147.83 - - [18/Aug/2013:08:57:48 -0400] "GET /dr-articles/impotence.htm HTTP/1.0" 304 - "-" "TurnitinBot/2.1 (http://www.turnitin.com/robot/crawlerinfo.html)"
38.111.147.83 - - [18/Aug/2013:09:04:49 -0400] "GET / HTTP/1.0" 304 - "-" "TurnitinBot/2.1 (http://www.turnitin.com/robot/crawlerinfo.html)"
151.138.13.244 - - [18/Aug/2013:23:31:46 -0400] "GET / HTTP/1.1" 206 40346 "-" "SuperPagesUrlVerifyBot/1.0"
63.142.122.8 - - [18/Aug/2013:12:15:33 -0400] "GET /graphics/rbs-logo-930x125w-v3%20.jpg HTTP/1.1" 200 28337 "http://brainandneurospine.com/tolentino_bio.html" "Mozilla/5.0 (compatible; MSIE 9.0; Windows NT 6.0; Trident/5.0) w:PACBHO60"
207.241.226.239 - - [18/Aug/2013:13:29:56 -0400] "GET /robots.txt HTTP/1.1" 404 575 "-" "ia_archiver(OS-Wayback)"
174.125.84.163 - - [18/Aug/2013:01:04:27 -0400] "GET /videos/photos-for-patient-videos-page/Jason-Jeep1.jpg HTTP/1.1" 200 71704 "-" "Dalvik/1.6.0 (Linux; U; Android 4.1.2; HTCONE Build/JZO54K)"
213.111.233.25 - - [18/Aug/2013:04:02:07 -0400] "GET /rate-vaught.html HTTP/1.0" 200 15695 "http://www.brainandneurospine.com/rate-vaught.html" "Opera/9.80 (Windows NT 6.1; WOW64; MRA 6.0 (build 6001)) Presto/2.12.388 Version/12.11"
66.249.73.189 - - [18/Aug/2013:11:21:02 -0400] "GET /SpryAssets/SpryMenuBar.js HTTP/1.1" 200 10064 "-" "Mozilla/5.0 (compatible; Googlebot/2.1; +http://www.google.com/bot.html)"
38.111.147.83 - - [18/Aug/2013:08:06:55 -0400] "GET /vaught_bio.html HTTP/1.0" 200 21144 "-" "TurnitinBot/2.1 (http://www.turnitin.com/robot/crawlerinfo.html)"
38.111.147.83 - - [18/Aug/2013:08:07:55 -0400] "GET /smith_bio.html HTTP/1.0" 200 15285 "-" "TurnitinBot/2.1 (http://www.turnitin.com/robot/crawlerinfo.html)"
199.30.16.40 - - [18/Aug/2013:08:30:01 -0400] "GET /robots.txt HTTP/1.1" 404 575 "-" "msnbot-media/1.1 (+http://search.msn.com/msnbot.htm)"
38.111.147.83 - - [18/Aug/2013:08:48:24 -0400] "GET /dr-articles/prostate%20cancer.htm HTTP/1.0" 304 - "-" "TurnitinBot/2.1 (http://www.turnitin.com/robot/crawlerinfo.html)"
38.111.147.83 - - [18/Aug/2013:08:54:29 -0400] "GET /dr-articles/what%20is%20autism.htm HTTP/1.0" 304 - "-" "TurnitinBot/2.1 (http://www.turnitin.com/robot/crawlerinfo.html)"
38.111.147.83 - - [18/Aug/2013:08:56:18 -0400] "GET /dr-articles/trick%20or%20treat%20safely.htm HTTP/1.0" 304 - "-" "TurnitinBot/2.1 (http://www.turnitin.com/robot/crawlerinfo.html)"
206.125.67.64 - - [18/Aug/2013:16:35:08 -0400] "GET /SpryAssets/SpryMenuBarVertical.css HTTP/1.1" 200 4594 "http://www.brainandneurospine.com/" "Mozilla/5.0 (Windows NT 6.0; rv:23.0) Gecko/20100101 Firefox/23.0"
206.125.67.64 - - [18/Aug/2013:16:35:09 -0400] "GET /graphics/Calendar-Appointment-100x75.jpg HTTP/1.1" 200 12359 "http://www.brainandneurospine.com/" "Mozilla/5.0 (Windows NT 6.0; rv:23.0) Gecko/20100101 Firefox/23.0"
92.249.127.111 - - [18/Aug/2013:04:34:28 -0400] "GET / HTTP/1.1" 200 40346 "http://www.bravica.co/ru/" "Mozilla/5.0 (compatible; news bot /2.1)"
188.143.232.111 - - [18/Aug/2013:04:40:53 -0400] "GET /2009-what-to-bring.html HTTP/1.1" 200 16202 "-" "Mozilla/4.0 (compatible; MSIE 6.0; Windows NT 5.1; SV1)"
68.52.101.85 - - [18/Aug/2013:19:09:31 -0400] "GET /Scripts/event.js HTTP/1.1" 200 7727 "http://brainandneurospine.com/index.html" "Mozilla/5.0 (compatible; MSIE 10.0; Windows NT 6.1; WOW64; Trident/6.0)"
68.52.101.85 - - [18/Aug/2013:19:09:31 -0400] "GET /graphics/RBS_LogoStackedTAG.jpg HTTP/1.1" 200 127207 "http://brainandneurospine.com/index.html" "Mozilla/5.0 (compatible; MSIE 10.0; Windows NT 6.1; WOW64; Trident/6.0)"
66.87.72.165 - - [18/Aug/2013:20:13:37 -0400] "GET /graphics/vaught-cutout1.gif HTTP/1.1" 200 9004 "http://www.brainandneurospine.com/" "Mozilla/5.0 (Linux; U; Android 2.2.1; en-us; VM670 Build/FRG83) AppleWebKit/533.1 (KHTML, like Gecko) Version/4.0 Mobile Safari/533.1"
5.135.125.177 - - [18/Aug/2013:16:39:38 -0400] "GET / HTTP/1.1" 200 14289 "-" "Mozilla/5.0 (Windows; U; MSIE 9.0; Windows NT 9.0; en-US)"
38.111.147.83 - - [18/Aug/2013:08:25:42 -0400] "GET /dr-articles/education%20to%20improve%20patient%20care.htm HTTP/1.0" 304 - "-" "TurnitinBot/2.1 (http://www.turnitin.com/robot/crawlerinfo.html)"
38.111.147.83 - - [18/Aug/2013:08:33:15 -0400] "GET /dr-articles/preventing%20colorectal%20cancer.htm HTTP/1.0" 304 - "-" "TurnitinBot/2.1 (http://www.turnitin.com/robot/crawlerinfo.html)"
38.111.147.83 - - [18/Aug/2013:08:35:18 -0400] "GET /dr-articles/pharmacies.htm HTTP/1.0" 304 - "-" "TurnitinBot/2.1 (http://www.turnitin.com/robot/crawlerinfo.html)"