131.253.24.33 - - [18/Aug/2013:12:25:32 -0400] "GET /SpryAssets/SpryMenuBarVertical.css HTTP/1.1" 200 4594 "http://brainandneurospine.com/what-to-bring.html" "Mozilla/4.0 (compatible; MSIE 7.0; Windows NT 5.1; SV1; .NET CLR 1.1.4322; .NET CLR 2.0.50727; .NET CLR 3.0.04506.648)"
5.9.60.74 - - [18/Aug/2013:16:17:25 -0400] "GET /tplayer/scripts/tplayer.js HTTP/1.1" 200 60791 "-" "Mozilla/5.0 (compatible; SearchmetricsBot; http://www.searchmetrics.com/en/searchmetrics-bot/)"
5.9.60.74 - - [18/Aug/2013:16:17:26 -0400] "GET /Scripts/AC_RunActiveContent.js HTTP/1.1" 200 8029 "-" "Mozilla/5.0 (compatible; SearchmetricsBot; http://www.searchmetrics.com/en/searchmetrics-bot/)"
66.249.82.154 - - [18/Aug/2013:18:51:46 -0400] "GET /Scripts/AC_RunActiveContent.js HTTP/1.1" 200 8029 "http://www.brainandneurospine.com/2009-patient-notes.html" "Mozilla/5.0 (X11; Linux x86_64) AppleWebKit/537.4 (KHTML, like Gecko; Google Web Preview) Chrome/22.0.1229 Safari/537.4"
66.249.82.154 - - [18/Aug/2013:18:51:46 -0400] "GET /graphics/cloud-background.jpg HTTP/1.1" 200 11928 "http://www.brainandneurospine.com/2009-patient-notes.html" "Mozilla/5.0 (X11; Linux x86_64) AppleWebKit/537.4 (KHTML, like Gecko; Google Web Preview) Chrome/22.0.1229 Safari/537.4"
66.249.73.156 - - [18/Aug/2013:19:18:11 -0400] "GET / HTTP/1.1" 200 40346 "-" "DoCoMo/2.0 N905i(c100;TB;W24H16) (compatible; Googlebot-Mobile/2.1; +http://www.google.com/bot.html)"
188.143.232.111 - - [18/Aug/2013:04:40:05 -0400] "GET /smith_bio.html HTTP/1.1" 200 15285 "-" "Mozilla/4.0 (compatible; MSIE 6.0; Windows NT 5.1; SV1)"
38.111.147.83 - - [18/Aug/2013:08:09:55 -0400] "GET /patient%20education-v2.html HTTP/1.0" 200 18861 "-" "TurnitinBot/2.1 (http://www.turnitin.com/robot/crawlerinfo.html)"
38.111.147.83 - - [18/Aug/2013:08:34:47 -0400] "GET /dr-articles/pituitary%20the%20pentium%20of%20the%20brain.htm HTTP/1.0" 304 - "-" "TurnitinBot/2.1 (http://www.turnitin.com/robot/crawlerinfo.html)"
38.111.147.83 - - [18/Aug/2013:08:22:39 -0400] "GET /dr-articles/flu%20vaccine%20delay.htm HTTP/1.0" 304 - "-" "TurnitinBot/2.1 (http://www.turnitin.com/robot/crawlerinfo.html)"
38.111.147.83 - - [18/Aug/2013:08:30:42 -0400] "GET /dr-articles/hiv%20and%20aids.htm HTTP/1.0" 304 - "-" "TurnitinBot/2.1 (http://www.turnitin.com/robot/crawlerinfo.html)"
66.249.82.154 - - [18/Aug/2013:18:51:46 -0400] "GET /SpryAssets/SpryMenuBar.js HTTP/1.1" 200 10064 "http://www.brainandneurospine.com/2009-patient-notes.html" "Mozilla/5.0 (X11; Linux x86_64) AppleWebKit/537.4 (KHTML, like Gecko; Google Web Preview) Chrome/22.0.1229 Safari/537.4"
66.249.82.154 - - [18/Aug/2013:18:51:46 -0400] "GET /graphics/colle-microscope.gif HTTP/1.1" 200 10069 "http://www.brainandneurospine.com/2009-patient-notes.html" "Mozilla/5.0 (X11; Linux x86_64) AppleWebKit/537.4 (KHTML, like Gecko; Google Web Preview) Chrome/22.0.1229 Safari/537.4"
99.111.214.7 - - [18/Aug/2013:20:38:21 -0400] "GET /favicon.ico HTTP/1.1" 404 575 "-" "Mozilla/5.0 (compatible; MSIE 10.0; Windows NT 6.1; Win64; x64; Trident/6.0)"
77.75.77.11 - - [18/Aug/2013:04:38:38 -0400] "GET /googlemap-directions2clinic.html HTTP/1.1" 304 - "-" "SeznamBot/3.0 (+http://fulltext.sblog.cz/)"
157.55.33.113 - - [18/Aug/2013:00:42:43 -0400] "GET /robots.txt HTTP/1.1" 404 575 "-" "Mozilla/5.0 (compatible; bingbot/2.0; +http://www.bing.com/bingbot.htm)"
38.111.147.83 - - [18/Aug/2013:08:24:42 -0400] "GET /dr-articles/embracing%20menopause.htm HTTP/1.0" 304 - "-" "TurnitinBot/2.1 (http://www.turnitin.com/robot/crawlerinfo.html)"
38.111.147.83 - - [18/Aug/2013:08:25:19 -0400] "GET /dr-articles/elephant%20man.htm HTTP/1.0" 304 - "-" "TurnitinBot/2.1 (http://www.turnitin.com/robot/crawlerinfo.html)"
38.111.147.83 - - [18/Aug/2013:08:26:42 -0400] "GET /dr-articles/learn%20the%20heimlich%20maneuver.htm HTTP/1.0" 304 - "-" "TurnitinBot/2.1 (http://www.turnitin.com/robot/crawlerinfo.html)"
38.111.147.83 - - [18/Aug/2013:08:59:18 -0400] "GET /vimandvigor.html HTTP/1.0" 304 - "-" "TurnitinBot/2.1 (http://www.turnitin.com/robot/crawlerinfo.html)"
65.181.124.121 - - [18/Aug/2013:15:56:26 -0400] "GET / HTTP/1.1" 200 40346 "-" "AdnormCrawler www.adnorm.com/crawler"
66.249.73.178 - - [18/Aug/2013:19:21:46 -0400] "GET /favicon.ico HTTP/1.1" 404 575 "-" "Googlebot-Image/1.0"
66.87.72.165 - - [18/Aug/2013:20:13:30 -0400] "GET /tplayer/scripts/tplayer.js HTTP/1.1" 200 60791 "http://www.brainandneurospine.com/" "Mozilla/5.0 (Linux; U; Android 2.2.1; en-us; VM670 Build/FRG83) AppleWebKit/533.1 (KHTML, like Gecko) Version/4.0 Mobile Safari/533.1"
123.151.42.89 - - [18/Aug/2013:23:01:55 -0400] "GET /Stories-of-Hope/Stories-of-Hope-Home.html HTTP/1.1" 200 4220 "http://stories-of-hope.com/" "Mozilla/5.0 (compatible; Sosospider/2.0; +http://help.soso.com/webspider.htm)"
46.119.118.152 - - [18/Aug/2013:03:43:10 -0400] "GET / HTTP/1.1" 200 40346 "http://www.bravica.su/" "Mozilla/4.0 (compatible; MSIE 6.0; Windows NT 5.1; SV1; YPC 3.0.2; .NET CLR 1.1.4322; yplus 4.4.02b)"
188.143.232.111 - - [18/Aug/2013:04:41:04 -0400] "GET /2009-education.html HTTP/1.1" 200 15330 "-" "Mozilla/4.0 (compatible; MSIE 6.0; Windows NT 5.1; SV1)"
99.155.28.182 - - [18/Aug/2013:00:22:54 -0400] "GET /videos/photos-for-patient-videos-page/MCulley-story.jpg HTTP/1.1" 200 7352 "http://www.google.com/blank.html" "Mozilla/5.0 (compatible; MSIE 10.0; Windows NT 6.1; WOW64; Trident/6.0)"
69.64.49.47 - - [18/Aug/2013:00:57:33 -0400] "GET /tplayer/css/ADPMask.css HTTP/1.1" 200 234 "http://brainandneurospine.com/" "Mozilla/5.0 (X11; Linux i686) AppleWebKit/534.34 (KHTML, like Gecko) Qt/4.8.2 Safari/534.34"
69.64.49.47 - - [18/Aug/2013:00:57:33 -0400] "GET /tplayer/scripts/tplayer.js HTTP/1.1" 200 60791 "http://brainandneurospine.com/" "Mozilla/5.0 (X11; Linux i686) AppleWebKit/534.34 (KHTML, like Gecko) Qt/4.8.2 Safari/534.34"
69.64.49.47 - - [18/Aug/2013:00:57:33 -0400] "GET /graphics/RBS_LogoStackedTAG.jpg HTTP/1.1" 200 127207 "http://brainandneurospine.com/" "Mozilla/5.0 (X11; Linux i686) AppleWebKit/534.34 (KHTML, like Gecko) Qt/4.8.2 Safari/534.34"
38.111.147.83 - - [18/Aug/2013:09:09:55 -0400] "GET /2009-what-to-bring.html HTTP/1.0" 304 - "-" "TurnitinBot/2.1 (http://www.turnitin.com/robot/crawlerinfo.html)"
66.249.73.139 - - [18/Aug/2013:22:20:29 -0400] "GET /gibbs_bio.html HTTP/1.1" 304 - "-" "Mozilla/5.0 (compatible; Googlebot/2.1; +http://www.google.com/bot.html)"
66.249.82.154 - - [18/Aug/2013:18:51:46 -0400] "GET /SpryAssets/SpryMenuBarRightHover.gif HTTP/1.1" 200 55 "http://www.brainandneurospine.com/2009-patient-notes.html" "Mozilla/5.0 (X11; Linux x86_64) AppleWebKit/537.4 (KHTML, like Gecko; Google Web Preview) Chrome/22.0.1229 Safari/537.4"
157.55.35.50 - - [18/Aug/2013:06:50:56 -0400] "GET /robots.txt HTTP/1.1" 404 575 "-" "Mozilla/5.0 (compatible; bingbot/2.0; +http://www.bing.com/bingbot.htm)"
38.111.147.83 - - [18/Aug/2013:08:23:08 -0400] "GET /dr-articles/flu%20shots.htm HTTP/1.0" 304 - "-" "TurnitinBot/2.1 (http://www.turnitin.com/robot/crawlerinfo.html)"
38.111.147.83 - - [18/Aug/2013:08:56:48 -0400] "GET /dr-articles/jargon%20alert%20what%20is%20amd.htm HTTP/1.0" 304 - "-" "TurnitinBot/2.1 (http://www.turnitin.com/robot/crawlerinfo.html)"
38.111.147.83 - - [18/Aug/2013:08:57:18 -0400] "GET /dr-articles/insomnia.htm HTTP/1.0" 304 - "-" "TurnitinBot/2.1 (http://www.turnitin.com/robot/crawlerinfo.html)"
38.111.147.83 - - [18/Aug/2013:08:14:27 -0400] "GET /2009-contact.html HTTP/1.0" 200 14453 "-" "TurnitinBot/2.1 (http://www.turnitin.com/robot/crawlerinfo.html)"
38.111.147.83 - - [18/Aug/2013:08:44:58 -0400] "GET /dr-articles/tobacco%20ads%20promote%20death%20and%20disease.htm HTTP/1.0" 304 - "-" "TurnitinBot/2.1 (http://www.turnitin.com/robot/crawlerinfo.html)"
38.111.147.83 - - [18/Aug/2013:08:45:30 -0400] "GET /dr-articles/timely%20vaccinations%20prevent%20disease.htm HTTP/1.0" 304 - "-" "TurnitinBot/2.1 (http://www.turnitin.com/robot/crawlerinfo.html)"
38.111.147.83 - - [18/Aug/2013:08:48:54 -0400] "GET /pdf%20documents/BNSC-HIPAA-NOTICE.pdf HTTP/1.0" 304 - "-" "TurnitinBot/2.1 (http://www.turnitin.com/robot/crawlerinfo.html)"
206.125.67.64 - - [18/Aug/2013:16:35:16 -0400] "GET /images/Cleaver-12-2011-189x210.jpg HTTP/1.1" 200 28821 "http://www.brainandneurospine.com/cleaver_bio.html" "Mozilla/5.0 (Windows NT 6.0; rv:23.0) Gecko/20100101 Firefox/23.0"
188.143.232.111 - - [18/Aug/2013:04:39:26 -0400] "GET / HTTP/1.1" 200 40346 "-" "Mozilla/4.0 (compatible; MSIE 6.0; Windows NT 5.1; SV1)"
63.142.122.8 - - [18/Aug/2013:12:15:34 -0400] "GET /images/tolentino-2010.jpg HTTP/1.1" 200 25917 "http://brainandneurospine.com/tolentino_bio.html" "Mozilla/5.0 (compatible; MSIE 9.0; Windows NT 6.0; Trident/5.0) w:PACBHO60"
131.253.24.33 - - [18/Aug/2013:12:25:30 -0400] "GET /what-to-bring.html HTTP/1.1" 200 10932 "-" "Mozilla/4.0 (compatible; MSIE 7.0; Windows NT 5.1; SV1; .NET CLR 1.1.4322; .NET CLR 2.0.50727; .NET CLR 3.0.04506.648)"
131.253.24.33 - - [18/Aug/2013:12:25:31 -0400] "GET /SpryAssets/SpryMenuBar.js HTTP/1.1" 200 10064 "http://brainandneurospine.com/what-to-bring.html" "Mozilla/4.0 (compatible; MSIE 7.0; Windows NT 5.1; SV1; .NET CLR 1.1.4322; .NET CLR 2.0.50727; .NET CLR 3.0.04506.648)"
131.253.24.33 - - [18/Aug/2013:12:25:31 -0400] "GET /SpryAssets/SpryMenuBarHorizontal.css HTTP/1.1" 200 5807 "http://brainandneurospine.com/what-to-bring.html" "Mozilla/4.0 (compatible; MSIE 7.0; Windows NT 5.1; SV1; .NET CLR 1.1.4322; .NET CLR 2.0.50727; .NET CLR 3.0.04506.648)"
66.249.73.81 - - [18/Aug/2013:14:01:25 -0400] "GET /robots.txt HTTP/1.1" 404 575 "-" "Mozilla/5.0 (compatible; Googlebot/2.1; +http://www.google.com/bot.html)"
66.249.73.128 - - [18/Aug/2013:01:55:36 -0400] "GET /dr-articles/customized%20hormone%20replacement%20therapy.htm HTTP/1.1" 200 7611 "-" "SAMSUNG-SGH-E250/1.0 Profile/MIDP-2.0 Configuration/CLDC-1.1 UP.Browser/6.2.3.3.c.1.101 (GUI) MMP/2.0 (compatible; Googlebot-Mobile/2.1; +http://www.google.com/bot.html)"
206.125.67.64 - - [18/Aug/2013:16:35:08 -0400] "GET /SpryAssets/SpryMenuBarHorizontal.css HTTP/1.1" 200 5807 "http://www.brainandneurospine.com/" "Mozilla/5.0 (Windows NT 6.0; rv:23.0) Gecko/20100101 Firefox/23.0"
206.125.67.64 - - [18/Aug/2013:16:35:09 -0400] "GET /graphics/RBS_LogoStackedTAG.jpg HTTP/1.1" 200 127207 "http://www.brainandneurospine.com/" "Mozilla/5.0 (Windows NT 6.0; rv:23.0) Gecko/20100101 Firefox/23.0"
206.125.67.64 - - [18/Aug/2013:16:35:11 -0400] "GET /graphics/SE-medical-plaza-sign%20160.jpg HTTP/1.1" 200 19171 "http://www.brainandneurospine.com/" "Mozilla/5.0 (Windows NT 6.0; rv:23.0) Gecko/20100101 Firefox/23.0"
206.125.67.64 - - [18/Aug/2013:16:35:12 -0400] "GET /favicon.ico HTTP/1.1" 404 575 "-" "Mozilla/5.0 (Windows NT 6.0; rv:23.0) Gecko/20100101 Firefox/23.0"
208.115.113.86 - - [18/Aug/2013:17:50:53 -0400] "GET /robots.txt HTTP/1.1" 404 575 "-" "Mozilla/5.0 (compatible; Ezooms/1.0; ezooms.bot@gmail.com)"
98.137.206.213 - - [18/Aug/2013:03:20:05 -0400] "GET /colle_bio.html HTTP/1.1" 200 18325 "-" "Mozilla/5.0 (compatible; Yahoo! Slurp/3.0; http://help.yahoo.com/help/us/ysearch/slurp) NOT Firefox/3.5"
98.137.206.213 - - [18/Aug/2013:03:20:06 -0400] "GET /SpryAssets/SpryMenuBar.js HTTP/1.1" 200 10064 "http://brainandneurospine.com/colle_bio.html" "Mozilla/5.0 (compatible; Yahoo! Slurp/3.0; http://help.yahoo.com/help/us/ysearch/slurp) NOT Firefox/3.5"
98.137.206.213 - - [18/Aug/2013:03:20:06 -0400] "GET /images/colle%20microscope3.jpg HTTP/1.1" 200 59873 "http://brainandneurospine.com/colle_bio.html" "Mozilla/5.0 (compatible; Yahoo! Slurp/3.0; http://help.yahoo.com/help/us/ysearch/slurp) NOT Firefox/3.5"
38.111.147.83 - - [18/Aug/2013:09:06:24 -0400] "GET /Ratings.html HTTP/1.0" 304 - "-" "TurnitinBot/2.1 (http://www.turnitin.com/robot/crawlerinfo.html)"
46.118.126.194 - - [18/Aug/2013:09:38:15 -0400] "GET / HTTP/1.1" 200 40346 "http://skupkaru.ru/" "Mozilla/4.0 (compatible; MSIE 5.0; Windows 95) Opera 6.01 [en]"
66.249.73.190 - - [18/Aug/2013:11:21:02 -0400] "GET /SpryAssets/SpryMenuBarVertical.css HTTP/1.1" 200 4594 "-" "Mozilla/5.0 (compatible; Googlebot/2.1; +http://www.google.com/bot.html)"
65.181.124.121 - - [18/Aug/2013:15:56:36 -0400] "GET /robots.txt HTTP/1.1" 404 575 "-" "AdnormCrawler www.adnorm.com/crawler"
206.125.67.64 - - [18/Aug/2013:16:35:07 -0400] "GET / HTTP/1.1" 200 40346 "http://www.google.com/url?sa=t&rct=j&q=&esrc=s&source=web&cd=1&ved=0CC0QFjAA&url=http%3A%2F%2Fwww.brainandneurospine.com%2F&ei=9i8RUoD4NIqgiAKI9oCwCw&usg=AFQjCNFZYJ_NbPYOSHvmuigpECIiofQwdQ&sig2=Kue39bXFAKn7zO5r_B0LGA&bvm=bv.50768961,d.cGE" "Mozilla/5.0 (Windows NT 6.0; rv:23.0) Gecko/20100101 Firefox/23.0"
206.125.67.64 - - [18/Aug/2013:16:35:09 -0400] "GET /Scripts/AC_RunActiveContent.js HTTP/1.1" 200 8029 "http://www.brainandneurospine.com/" "Mozilla/5.0 (Windows NT 6.0; rv:23.0) Gecko/20100101 Firefox/23.0"
206.125.67.64 - - [18/Aug/2013:16:35:09 -0400] "GET /tplayer/scripts/tplayer-config.js HTTP/1.1" 200 78567 "http://www.brainandneurospine.com/" "Mozilla/5.0 (Windows NT 6.0; rv:23.0) Gecko/20100101 Firefox/23.0"
206.125.67.64 - - [18/Aug/2013:16:35:09 -0400] "GET /graphics/gray-background.jpg HTTP/1.1" 200 7781 "http://www.brainandneurospine.com/" "Mozilla/5.0 (Windows NT 6.0; rv:23.0) Gecko/20100101 Firefox/23.0"
206.125.67.64 - - [18/Aug/2013:16:35:11 -0400] "GET /favicon.ico HTTP/1.1" 404 575 "-" "Mozilla/5.0 (Windows NT 6.0; rv:23.0) Gecko/20100101 Firefox/23.0"
66.249.82.154 - - [18/Aug/2013:18:51:46 -0400] "GET /SpryAssets/SpryMenuBarRight.gif HTTP/1.1" 200 55 "http://www.brainandneurospine.com/2009-patient-notes.html" "Mozilla/5.0 (X11; Linux x86_64) AppleWebKit/537.4 (KHTML, like Gecko; Google Web Preview) Chrome/22.0.1229 Safari/537.4"
172.2.169.104 - - [18/Aug/2013:18:51:50 -0400] "GET /Patient%20letters%20to%20Doctors/carolyn-and-family-note.jpg HTTP/1.1" 200 82152 "-" "Mozilla/5.0 (Linux; U; Android 4.1.1; en-us; GT-P3113 Build/JRO03C) AppleWebKit/534.30 (KHTML, like Gecko) Version/4.0 Safari/534.30"
70.195.74.211 - - [18/Aug/2013:20:15:54 -0400] "GET /vaught_bio.html HTTP/1.1" 304 - "-" "Mozilla/5.0 (Linux; U; Android 4.1.2; en-us; DROID RAZR Build/9.8.2O-72_VZW-16) AppleWebKit/534.30 (KHTML, like Gecko) Version/4.0 Mobile Safari/534.30"
70.195.74.211 - - [18/Aug/2013:20:15:55 -0400] "GET /graphics/gray-background.jpg HTTP/1.1" 304 - "http://www.brainandneurospine.com/vaught_bio.html" "Mozilla/5.0 (Linux; U; Android 4.1.2; en-us; DROID RAZR Build/9.8.2O-72_VZW-16) AppleWebKit/534.30 (KHTML, like Gecko) Version/4.0 Mobile Safari/534.30"
66.249.73.130 - - [18/Aug/2013:20:27:31 -0400] "GET /guidos_bio.html HTTP/1.1" 304 - "-" "Mozilla/5.0 (compatible; Googlebot/2.1; +http://www.google.com/bot.html)"
157.55.35.32 - - [18/Aug/2013:20:56:31 -0400] "GET /robots.txt HTTP/1.1" 404 575 "-" "Mozilla/5.0 (compatible; bingbot/2.0; +http://www.bing.com/bingbot.htm)"
95.31.17.139 - - [18/Aug/2013:07:37:46 -0400] "GET /check_configuration.php HTTP/1.1" 404 575 "http://brainandneurospine.com/check_configuration.php" "Mozilla/4.0 (compatible; MSIE 6.0; Windows NT 5.1; SV1)"
38.111.147.83 - - [18/Aug/2013:08:47:36 -0400] "GET /dr-articles/sleep%20apnea.htm HTTP/1.0" 304 - "-" "TurnitinBot/2.1 (http://www.turnitin.com/robot/crawlerinfo.html)"
38.111.147.83 - - [18/Aug/2013:08:55:00 -0400] "GET /dr-articles/what%20do%20these%20people%20have%20in%20common.htm HTTP/1.0" 304 - "-" "TurnitinBot/2.1 (http://www.turnitin.com/robot/crawlerinfo.html)"
63.142.122.8 - - [18/Aug/2013:12:15:37 -0400] "GET /graphics/cleaver-guidos-cutout.gif HTTP/1.1" 200 7051 "http://brainandneurospine.com/tolentino_bio.html" "Mozilla/5.0 (compatible; MSIE 9.0; Windows NT 6.0; Trident/5.0) w:PACBHO60"
131.253.24.14 - - [18/Aug/2013:14:20:32 -0400] "GET /robots.txt HTTP/1.1" 404 575 "-" "msnbot-media/1.1 (+http://search.msn.com/msnbot.htm)"
66.249.73.135 - - [18/Aug/2013:16:06:36 -0400] "GET /dr-articles/embracing%20menopause.htm HTTP/1.1" 200 8085 "-" "Mozilla/5.0 (compatible; Googlebot/2.1; +http://www.google.com/bot.html)"
131.253.26.226 - - [18/Aug/2013:18:08:33 -0400] "GET /Scripts/AC_RunActiveContent.js HTTP/1.1" 200 8029 "http://brainandneurospine.com/billing.html" "Mozilla/4.0 (compatible; MSIE 7.0; Windows NT 5.1; SV1; .NET CLR 1.1.4325; .NET CLR 2.0.40607)"
131.253.26.226 - - [18/Aug/2013:18:08:35 -0400] "GET /SpryAssets/SpryMenuBarVertical.css HTTP/1.1" 200 4594 "http://brainandneurospine.com/billing.html" "Mozilla/4.0 (compatible; MSIE 7.0; Windows NT 5.1; SV1; .NET CLR 1.1.4325; .NET CLR 2.0.40607)"
68.52.101.85 - - [18/Aug/2013:19:08:02 -0400] "GET /Scripts/AC_RunActiveContent.js HTTP/1.1" 200 8029 "http://brainandneurospine.com/vaught_bio.html" "Mozilla/5.0 (compatible; MSIE 10.0; Windows NT 6.1; WOW64; Trident/6.0)"
68.52.101.85 - - [18/Aug/2013:19:08:02 -0400] "GET /graphics/Vaught-clinic-1.jpg HTTP/1.1" 200 53040 "http://brainandneurospine.com/vaught_bio.html" "Mozilla/5.0 (compatible; MSIE 10.0; Windows NT 6.1; WOW64; Trident/6.0)"
99.111.214.7 - - [18/Aug/2013:20:38:19 -0400] "GET /graphics/gray-background.jpg HTTP/1.1" 200 7781 "http://www.brainandneurospine.com/?utm_source=spineuniverse&utm_medium=website_link&utm_campaign=source" "Mozilla/5.0 (compatible; MSIE 10.0; Windows NT 6.1; WOW64; Trident/6.0)"
99.111.214.7 - - [18/Aug/2013:20:38:20 -0400] "GET /SpryAssets/SpryMenuBarRightHover.gif HTTP/1.1" 200 55 "http://www.brainandneurospine.com/?utm_source=spineuniverse&utm_medium=website_link&utm_campaign=source" "Mozilla/5.0 (compatible; MSIE 10.0; Windows NT 6.1; WOW64; Trident/6.0)"
46.118.126.194 - - [18/Aug/2013:09:38:17 -0400] "GET / HTTP/1.1" 200 40346 "http://skupkaru.ru/" "Mozilla/4.0 (compatible; MSIE 5.0; Windows 95) Opera 6.01 [en]"
46.119.118.152 - - [18/Aug/2013:03:43:10 -0400] "GET / HTTP/1.1" 200 40346 "http://cleaning-uborka.ru/" "Mozilla/4.0 (compatible; MSIE 6.0; Windows NT 5.1; SV1; YPC 3.0.2; .NET CLR 1.1.4322; yplus 4.4.02b)"
188.143.232.111 - - [18/Aug/2013:04:40:44 -0400] "GET /2009-patient-stories.html HTTP/1.1" 200 20304 "-" "Mozilla/4.0 (compatible; MSIE 6.0; Windows NT 5.1; SV1)"
195.242.218.133 - - [18/Aug/2013:05:08:14 -0400] "GET / HTTP/1.1" 200 40346 "http://valdaidom.ru/" "Mozilla/4.0 (compatible; MSIE 6.0; Update a; AOL 6.0; Windows 98)"
38.111.147.83 - - [18/Aug/2013:08:50:29 -0400] "GET /dr-articles/timely%20vaccinations%20prevent%20disease.htm HTTP/1.0" 304 - "-" "TurnitinBot/2.1 (http://www.turnitin.com/robot/crawlerinfo.html)"
38.111.147.83 - - [18/Aug/2013:08:47:54 -0400] "GET /dr-articles/simple%20sun%20safety.htm HTTP/1.0" 304 - "-" "TurnitinBot/2.1 (http://www.turnitin.com/robot/crawlerinfo.html)"
193.106.136.50 - - [18/Aug/2013:19:07:15 -0400] "GET / HTTP/1.1" 200 40346 "http://www.studia-silk.ru/" "Mozilla/6.0 (compatible; MSIE 7.0a1; Windows NT 5.2; SV1)"
99.111.214.7 - - [18/Aug/2013:20:38:19 -0400] "GET /graphics/vaught-cutout1.gif HTTP/1.1" 200 9004 "http://www.brainandneurospine.com/?utm_source=spineuniverse&utm_medium=website_link&utm_campaign=source" "Mozilla/5.0 (compatible; MSIE 10.0; Windows NT 6.1; WOW64; Trident/6.0)"
38.111.147.83 - - [18/Aug/2013:09:08:55 -0400] "GET /guidos_bio.html HTTP/1.0" 304 - "-" "TurnitinBot/2.1 (http://www.turnitin.com/robot/crawlerinfo.html)"
65.181.123.129 - - [18/Aug/2013:03:12:02 -0400] "GET / HTTP/1.1" 200 40346 "-" "AdnormCrawler www.adnorm.com/crawler"
220.181.89.172 - - [18/Aug/2013:03:40:14 -0400] "GET /robots.txt HTTP/1.1" 404 575 "-" "Sogou web spider/4.0\xe3y\xbc\x05A"
92.249.127.111 - - [18/Aug/2013:04:34:27 -0400] "GET / HTTP/1.1" 200 40346 "http://www.bravica.co/ru/" "Mozilla/5.0 (compatible; news bot /2.1)"
157.55.32.225 - - [18/Aug/2013:07:01:31 -0400] "GET /robots.txt HTTP/1.1" 404 575 "-" "Mozilla/5.0 (compatible; bingbot/2.0; +http://www.bing.com/bingbot.htm)"
38.111.147.83 - - [18/Aug/2013:08:11:25 -0400] "GET /forms/WorkCompAuthFormForWebsite.pdf HTTP/1.0" 200 14479 "-" "TurnitinBot/2.1 (http://www.turnitin.com/robot/crawlerinfo.html)"
38.111.147.83 - - [18/Aug/2013:08:49:25 -0400] "GET /dr-articles/tourette's%20syndrome%20what%20is%20it.htm HTTP/1.0" 304 - "-" "TurnitinBot/2.1 (http://www.turnitin.com/robot/crawlerinfo.html)"
38.111.147.83 - - [18/Aug/2013:08:59:48 -0400] "GET /vaught_bio.html HTTP/1.0" 200 21144 "-" "TurnitinBot/2.1 (http://www.turnitin.com/robot/crawlerinfo.html)"
98.137.206.213 - - [18/Aug/2013:03:20:06 -0400] "GET /images/Dr-Kyle-Colle.jpg HTTP/1.1" 200 50756 "http://brainandneurospine.com/colle_bio.html" "Mozilla/5.0 (compatible; Yahoo! Slurp/3.0; http://help.yahoo.com/help/us/ysearch/slurp) NOT Firefox/3.5"
69.64.49.47 - - [18/Aug/2013:00:57:33 -0400] "GET /SpryAssets/SpryMenuBar.js HTTP/1.1" 200 10064 "http://brainandneurospine.com/" "Mozilla/5.0 (X11; Linux i686) AppleWebKit/534.34 (KHTML, like Gecko) Qt/4.8.2 Safari/534.34"
69.64.49.47 - - [18/Aug/2013:00:57:33 -0400] "GET /graphics/gray-background.jpg HTTP/1.1" 200 7781 "http://brainandneurospine.com/" "Mozilla/5.0 (X11; Linux i686) AppleWebKit/534.34 (KHTML, like Gecko) Qt/4.8.2 Safari/534.34"
69.64.49.47 - - [18/Aug/2013:00:57:33 -0400] "GET /images/extenders-rbs5.jpg HTTP/1.1" 200 31217 "http://brainandneurospine.com/" "Mozilla/5.0 (X11; Linux i686) AppleWebKit/534.34 (KHTML, like Gecko) Qt/4.8.2 Safari/534.34"
69.64.49.47 - - [18/Aug/2013:00:57:33 -0400] "GET /graphics/cleaver-guidos-cutout.gif HTTP/1.1" 200 7051 "http://brainandneurospine.com/" "Mozilla/5.0 (X11; Linux i686) AppleWebKit/534.34 (KHTML, like Gecko) Qt/4.8.2 Safari/534.34"
69.64.49.47 - - [18/Aug/2013:00:57:34 -0400] "GET /SpryAssets/SpryMenuBarRightHover.gif HTTP/1.1" 200 55 "http://brainandneurospine.com/" "Mozilla/5.0 (X11; Linux i686) AppleWebKit/534.34 (KHTML, like Gecko) Qt/4.8.2 Safari/534.34"
38.111.147.83 - - [18/Aug/2013:09:05:53 -0400] "GET /appointments2.html HTTP/1.0" 304 - "-" "TurnitinBot/2.1 (http://www.turnitin.com/robot/crawlerinfo.html)"
38.111.147.83 - - [18/Aug/2013:09:08:25 -0400] "GET /one-week-pledge.html HTTP/1.0" 304 - "-" "TurnitinBot/2.1 (http://www.turnitin.com/robot/crawlerinfo.html)"
66.249.73.209 - - [18/Aug/2013:11:21:02 -0400] "GET /SpryAssets/SpryMenuBarHorizontal.css HTTP/1.1" 200 5807 "-" "Mozilla/5.0 (compatible; Googlebot/2.1; +http://www.google.com/bot.html)"
157.55.33.98 - - [18/Aug/2013:11:57:01 -0400] "GET /robots.txt HTTP/1.1" 404 575 "-" "Mozilla/5.0 (compatible; bingbot/2.0; +http://www.bing.com/bingbot.htm)"
66.249.82.154 - - [18/Aug/2013:18:51:46 -0400] "GET /graphics/vaught-cutout1.gif HTTP/1.1" 200 9004 "http://www.brainandneurospine.com/2009-patient-notes.html" "Mozilla/5.0 (X11; Linux x86_64) AppleWebKit/537.4 (KHTML, like Gecko; Google Web Preview) Chrome/22.0.1229 Safari/537.4"
66.87.72.165 - - [18/Aug/2013:20:13:47 -0400] "GET /graphics/5-stars-250x60.jpg HTTP/1.1" 200 15249 "http://www.brainandneurospine.com/" "Mozilla/5.0 (Linux; U; Android 2.2.1; en-us; VM670 Build/FRG83) AppleWebKit/533.1 (KHTML, like Gecko) Version/4.0 Mobile Safari/533.1"
63.142.122.8 - - [18/Aug/2013:12:15:33 -0400] "GET /tolentino_bio.html HTTP/1.1" 200 19608 "http://search.yahoo.com/search;_ylt=A0oG7lIb8RBSCh8ASD.Qorh_;_ylc=X1MDMjE0MjgwNjY3MgRfcgMyBGJjawNhdGcwZDI1NXJsMnFzJTI2YiUzRDQlMjZkJTNEQjVhV3pUTnBZRUtqWEg0U3VJVFNvTnd3NzFTRmJ3V08yZjBHTWctLSUyNnMlM0Q4dCUyNmklM0R6QkxNMkxYbXdNd3lPbVFHUEFKQwRjc3JjcHZpZAMucjk0UlVnZXVyQ3V3QTBSUzdxTFhBZk5QNDU2Q0ZJUThSc0FCMHNHBGZyA3lmcC10LTkwMARmcjIDYWQtc3JwBGdwcmlkA1RLMzdKUzR1UV9lVzhnVnZxcU02V0EEbl9yc2x0AzAEbl9zdWdnAzEwBG9yaWdpbgNzZWFyY2gueWFob28uY29tBHBvcwMwBHBxc3RyAwRwcXN0cmwDBHFzdHJsAzEzBHF1ZXJ5A0RyLiBUb2xlbnRpbm8EdF9zdG1wAzEzNzY4NDI0NzAxNTcEdnRlc3RpZANWSVAyNzQ-?p=Dr.+Tolentino&fr2=ad-srp&fr=yfp-t-900" "Mozilla/5.0 (compatible; MSIE 9.0; Windows NT 6.0; Trident/5.0) w:PACBHO60"
63.142.122.8 - - [18/Aug/2013:12:15:33 -0400] "GET /SpryAssets/SpryMenuBarHorizontal.css HTTP/1.1" 200 5807 "http://brainandneurospine.com/tolentino_bio.html" "Mozilla/5.0 (compatible; MSIE 9.0; Windows NT 6.0; Trident/5.0) w:PACBHO60"
63.142.122.8 - - [18/Aug/2013:12:15:33 -0400] "GET /graphics/tolentino-patient.jpg HTTP/1.1" 200 12163 "http://brainandneurospine.com/tolentino_bio.html" "Mozilla/5.0 (compatible; MSIE 9.0; Windows NT 6.0; Trident/5.0) w:PACBHO60"
63.142.122.8 - - [18/Aug/2013:12:15:33 -0400] "GET /images/award2010.jpg HTTP/1.1" 200 15066 "http://brainandneurospine.com/tolentino_bio.html" "Mozilla/5.0 (compatible; MSIE 9.0; Windows NT 6.0; Trident/5.0) w:PACBHO60"
131.253.38.98 - - [18/Aug/2013:12:58:46 -0400] "GET /dr-articles/graphics/Dr.Gibbs.jpg HTTP/1.1" 404 575 "-" "msnbot-media/1.1 (+http://search.msn.com/msnbot.htm)"
131.253.26.235 - - [18/Aug/2013:01:28:57 -0400] "GET /smith_bio.html HTTP/1.1" 200 15285 "-" "Mozilla/4.0 (compatible; MSIE 7.0; Windows NT 5.1; SLCC1; .NET CLR 1.1.4325; .NET CLR 2.0.50727; .NET CLR 3.0.30729; .NET CLR 3.5.30707; InfoPath.2)"
131.253.26.235 - - [18/Aug/2013:01:28:57 -0400] "GET /SpryAssets/SpryMenuBar.js HTTP/1.1" 200 10064 "http://www.brainandneurospine.com/smith_bio.html" "Mozilla/4.0 (compatible; MSIE 7.0; Windows NT 5.1; SLCC1; .NET CLR 1.1.4325; .NET CLR 2.0.50727; .NET CLR 3.0.30729; .NET CLR 3.5.30707; InfoPath.2)"
131.253.26.235 - - [18/Aug/2013:01:28:58 -0400] "GET /SpryAssets/SpryMenuBarVertical.css HTTP/1.1" 200 4594 "http://www.brainandneurospine.com/smith_bio.html" "Mozilla/4.0 (compatible; MSIE 7.0; Windows NT 5.1; SLCC1; .NET CLR 1.1.4325; .NET CLR 2.0.50727; .NET CLR 3.0.30729; .NET CLR 3.5.30707; InfoPath.2)"
131.253.26.235 - - [18/Aug/2013:01:28:58 -0400] "GET /SpryAssets/SpryMenuBarHorizontal.css HTTP/1.1" 200 5807 "http://www.brainandneurospine.com/smith_bio.html" "Mozilla/4.0 (compatible; MSIE 7.0; Windows NT 5.1; SLCC1; .NET CLR 1.1.4325; .NET CLR 2.0.50727; .NET CLR 3.0.30729; .NET CLR 3.5.30707; InfoPath.2)"
37.9.53.248 - - [18/Aug/2013:22:21:59 -0400] "GET /administrator/index.php HTTP/1.0" 403 225 "-" "Mozilla/5.0 (Windows NT 6.1; rv:19.0) Gecko/20100101 Firefox/19.0"
66.249.73.139 - - [18/Aug/2013:06:24:41 -0400] "GET /vaught_bio.html HTTP/1.1" 200 21144 "-" "Mozilla/5.0 (iPhone; U; CPU iPhone OS 4_1 like Mac OS X; en-us) AppleWebKit/532.9 (KHTML, like Gecko) Version/4.0.5 Mobile/8B117 Safari/6531.22.7 (compatible; Googlebot-Mobile/2.1; +http://www.google.com/bot.html)"
38.111.147.83 - - [18/Aug/2013:08:35:49 -0400] "GET /dr-articles/parkinson's%20disease.htm HTTP/1.0" 304 - "-" "TurnitinBot/2.1 (http://www.turnitin.com/robot/crawlerinfo.html)"
38.111.147.83 - - [18/Aug/2013:08:40:23 -0400] "GET /dr-articles/nit%20pickers%20wanted.htm HTTP/1.0" 304 - "-" "TurnitinBot/2.1 (http://www.turnitin.com/robot/crawlerinfo.html)"
66.249.73.51 - - [18/Aug/2013:14:01:25 -0400] "GET /PDF-Docs/Resume-mclaughlin.pdf HTTP/1.1" 304 - "-" "Mozilla/5.0 (iPhone; U; CPU iPhone OS 4_1 like Mac OS X; en-us) AppleWebKit/532.9 (KHTML, like Gecko) Version/4.0.5 Mobile/8B117 Safari/6531.22.7 (compatible; Googlebot-Mobile/2.1; +http://www.google.com/bot.html)"
98.137.206.213 - - [18/Aug/2013:03:20:10 -0400] "GET /graphics/cleaver-guidos-cutout.gif HTTP/1.1" 200 7051 "http://brainandneurospine.com/colle_bio.html" "Mozilla/5.0 (compatible; Yahoo! Slurp/3.0; http://help.yahoo.com/help/us/ysearch/slurp) NOT Firefox/3.5"
98.137.206.213 - - [18/Aug/2013:03:20:10 -0400] "GET /SpryAssets/SpryMenuBarRight.gif HTTP/1.1" 200 55 "http://brainandneurospine.com/SpryAssets/SpryMenuBarHorizontal.css" "Mozilla/5.0 (compatible; Yahoo! Slurp/3.0; http://help.yahoo.com/help/us/ysearch/slurp) NOT Firefox/3.5"
66.249.75.160 - - [18/Aug/2013:05:54:36 -0400] "GET /sikeston-clinic.html HTTP/1.1" 200 18781 "-" "Mozilla/5.0 (compatible; Googlebot/2.1; +http://www.google.com/bot.html)"
46.229.170.197 - - [18/Aug/2013:15:52:51 -0400] "GET / HTTP/1.1" 200 40346 "-" "Mozilla/5.0 (Windows NT 6.1; Win64; x64; rv:2.2a1pre) Gecko/20110208 Firefox/4.2a1pre"
87.144.126.45 - - [18/Aug/2013:17:10:07 -0400] "GET /SpryAssets/SpryMenuBar.js HTTP/1.1" 200 10064 "http://www.brainandneurospine.com/cancer-treatment.html" "Mozilla/5.0 (Windows NT 6.1; WOW64; rv:23.0) Gecko/20100101 Firefox/23.0"
87.144.126.45 - - [18/Aug/2013:17:10:07 -0400] "GET /graphics/Varian-2.jpg HTTP/1.1" 200 18930 "http://www.brainandneurospine.com/cancer-treatment.html" "Mozilla/5.0 (Windows NT 6.1; WOW64; rv:23.0) Gecko/20100101 Firefox/23.0"
87.144.126.45 - - [18/Aug/2013:17:10:07 -0400] "GET /graphics/Varian-3.jpg HTTP/1.1" 200 16030 "http://www.brainandneurospine.com/cancer-treatment.html" "Mozilla/5.0 (Windows NT 6.1; WOW64; rv:23.0) Gecko/20100101 Firefox/23.0"
87.144.126.45 - - [18/Aug/2013:17:10:07 -0400] "GET /graphics/colle-microscope.gif HTTP/1.1" 200 10069 "http://www.brainandneurospine.com/cancer-treatment.html" "Mozilla/5.0 (Windows NT 6.1; WOW64; rv:23.0) Gecko/20100101 Firefox/23.0"
87.144.126.45 - - [18/Aug/2013:17:10:07 -0400] "GET /graphics/cleaver-guidos-cutout.gif HTTP/1.1" 200 7051 "http://www.brainandneurospine.com/cancer-treatment.html" "Mozilla/5.0 (Windows NT 6.1; WOW64; rv:23.0) Gecko/20100101 Firefox/23.0"
87.144.126.45 - - [18/Aug/2013:17:10:07 -0400] "GET /graphics/cloud-background.jpg HTTP/1.1" 200 11928 "http://www.brainandneurospine.com/cancer-treatment.html" "Mozilla/5.0 (Windows NT 6.1; WOW64; rv:23.0) Gecko/20100101 Firefox/23.0"
87.144.126.45 - - [18/Aug/2013:17:10:08 -0400] "GET /SpryAssets/SpryMenuBarDown.gif HTTP/1.1" 200 55 "http://www.brainandneurospine.com/SpryAssets/SpryMenuBarHorizontal.css" "Mozilla/5.0 (Windows NT 6.1; WOW64; rv:23.0) Gecko/20100101 Firefox/23.0"
87.144.126.45 - - [18/Aug/2013:17:10:08 -0400] "GET /SpryAssets/SpryMenuBarRight.gif HTTP/1.1" 200 55 "http://www.brainandneurospine.com/SpryAssets/SpryMenuBarHorizontal.css" "Mozilla/5.0 (Windows NT 6.1; WOW64; rv:23.0) Gecko/20100101 Firefox/23.0"
65.55.218.39 - - [18/Aug/2013:18:08:24 -0400] "GET /billing.html HTTP/1.1" 200 15842 "-" "Mozilla/4.0 (compatible; MSIE 7.0; Windows NT 5.1; SV1; .NET CLR 1.1.4325; .NET CLR 2.0.40607)"
65.55.218.39 - - [18/Aug/2013:18:08:26 -0400] "GET /SpryAssets/SpryMenuBar.js HTTP/1.1" 200 10064 "http://brainandneurospine.com/billing.html" "Mozilla/4.0 (compatible; MSIE 7.0; Windows NT 5.1; SV1; .NET CLR 1.1.4325; .NET CLR 2.0.40607)"
65.55.218.39 - - [18/Aug/2013:18:08:29 -0400] "GET /SpryAssets/SpryMenuBarHorizontal.css HTTP/1.1" 200 5807 "http://brainandneurospine.com/billing.html" "Mozilla/4.0 (compatible; MSIE 7.0; Windows NT 5.1; SV1; .NET CLR 1.1.4325; .NET CLR 2.0.40607)"
72.14.199.59 - - [18/Aug/2013:20:09:00 -0400] "GET /google426fbfb85bde2b1c.html HTTP/1.1" 200 53 "-" "Mozilla/5.0 (compatible; Google-Site-Verification/1.0)"
77.75.77.11 - - [18/Aug/2013:04:38:49 -0400] "GET /perryville-clinic.html HTTP/1.1" 304 - "-" "SeznamBot/3.0 (+http://fulltext.sblog.cz/)"
38.111.147.83 - - [18/Aug/2013:08:04:25 -0400] "GET /videos/Medical%20Minutes/Vaught%20Bike.wmv HTTP/1.0" 200 3690264 "-" "TurnitinBot/2.1 (http://www.turnitin.com/robot/crawlerinfo.html)"
38.111.147.83 - - [18/Aug/2013:08:05:55 -0400] "GET /pdf%20documents/2013-Spinal-Exchange-Schedule.pdf HTTP/1.0" 200 106532 "-" "TurnitinBot/2.1 (http://www.turnitin.com/robot/crawlerinfo.html)"
38.111.147.83 - - [18/Aug/2013:08:19:35 -0400] "GET /dr-articles/trick%20or%20treat%20safely.htm HTTP/1.0" 304 - "-" "TurnitinBot/2.1 (http://www.turnitin.com/robot/crawlerinfo.html)"
38.111.147.83 - - [18/Aug/2013:08:40:06 -0400] "GET /dr-articles/no%20bones%20about%20it.htm HTTP/1.0" 304 - "-" "TurnitinBot/2.1 (http://www.turnitin.com/robot/crawlerinfo.html)"
38.111.147.83 - - [18/Aug/2013:09:05:22 -0400] "GET /alexander_bio.html HTTP/1.0" 304 - "-" "TurnitinBot/2.1 (http://www.turnitin.com/robot/crawlerinfo.html)"
66.249.75.160 - - [18/Aug/2013:12:56:21 -0400] "GET /cleaver_bio.html HTTP/1.1" 200 18389 "-" "Mozilla/5.0 (compatible; Googlebot/2.1; +http://www.google.com/bot.html)"
87.144.126.45 - - [18/Aug/2013:17:10:06 -0400] "GET /cancer-treatment.html HTTP/1.1" 200 35029 "http://www.google.de/url?sa=t&rct=j&q=&esrc=s&source=web&cd=20&ved=0CH0QFjAJOAo&url=http%3A%2F%2Fwww.brainandneurospine.com%2Fcancer-treatment.html&ei=GzgRUqOxMqqK4ATGyICoDQ&usg=AFQjCNGHNBiHyPYmnaIlW-LhUahOf-b5Sw&sig2=nsfHV9d6XPNG2JWov1uyAA" "Mozilla/5.0 (Windows NT 6.1; WOW64; rv:23.0) Gecko/20100101 Firefox/23.0"
87.144.126.45 - - [18/Aug/2013:17:10:09 -0400] "GET /favicon.ico HTTP/1.1" 404 575 "-" "Mozilla/5.0 (Windows NT 6.1; WOW64; rv:23.0) Gecko/20100101 Firefox/23.0"
87.144.126.45 - - [18/Aug/2013:17:10:09 -0400] "GET /favicon.ico HTTP/1.1" 404 575 "-" "Mozilla/5.0 (Windows NT 6.1; WOW64; rv:23.0) Gecko/20100101 Firefox/23.0"
98.137.206.213 - - [18/Aug/2013:03:20:10 -0400] "GET /graphics/tolentino-cutout.gif HTTP/1.1" 200 13936 "http://brainandneurospine.com/colle_bio.html" "Mozilla/5.0 (compatible; Yahoo! Slurp/3.0; http://help.yahoo.com/help/us/ysearch/slurp) NOT Firefox/3.5"
38.111.147.83 - - [18/Aug/2013:08:20:35 -0400] "GET /dr-articles/women%20and%20healing.htm HTTP/1.0" 304 - "-" "TurnitinBot/2.1 (http://www.turnitin.com/robot/crawlerinfo.html)"
38.111.147.83 - - [18/Aug/2013:08:43:19 -0400] "GET /dr-articles/multiple%20sclerosis.htm HTTP/1.0" 304 - "-" "TurnitinBot/2.1 (http://www.turnitin.com/robot/crawlerinfo.html)"
38.111.147.83 - - [18/Aug/2013:08:44:22 -0400] "GET /dr-articles/tourette's%20syndrome%20what%20is%20it.htm HTTP/1.0" 304 - "-" "TurnitinBot/2.1 (http://www.turnitin.com/robot/crawlerinfo.html)"
38.111.147.83 - - [18/Aug/2013:08:51:29 -0400] "GET /dr-articles/sport's%20concussions.htm HTTP/1.0" 304 - "-" "TurnitinBot/2.1 (http://www.turnitin.com/robot/crawlerinfo.html)"
95.108.158.238 - - [18/Aug/2013:00:13:11 -0400] "GET /Patient%20letters%20to%20Doctors/john-2.jpg HTTP/1.1" 200 101666 "-" "Mozilla/5.0 (compatible; YandexImages/3.0; +http://yandex.com/bots)"
38.111.147.83 - - [18/Aug/2013:09:13:04 -0400] "GET /billing.html HTTP/1.0" 304 - "-" "TurnitinBot/2.1 (http://www.turnitin.com/robot/crawlerinfo.html)"
38.111.147.83 - - [18/Aug/2013:09:13:37 -0400] "GET /googlemap-directions-2-SFMC-clinic.html HTTP/1.0" 304 - "-" "TurnitinBot/2.1 (http://www.turnitin.com/robot/crawlerinfo.html)"
123.151.42.89 - - [18/Aug/2013:11:59:37 -0400] "GET /Stories-of-Hope/Stories-of-Hope-Home.html HTTP/1.1" 200 4220 "http://stories-of-hope.com/" "Mozilla/5.0 (compatible; Sosospider/2.0; +http://help.soso.com/webspider.htm)"
46.4.25.85 - - [18/Aug/2013:19:57:10 -0400] "GET /images/jason-bowers1.jpg HTTP/1.0" 200 47271 "-" "-"
63.142.122.8 - - [18/Aug/2013:12:15:33 -0400] "GET /SpryAssets/SpryMenuBarVertical.css HTTP/1.1" 200 4594 "http://brainandneurospine.com/tolentino_bio.html" "Mozilla/5.0 (compatible; MSIE 9.0; Windows NT 6.0; Trident/5.0) w:PACBHO60"
63.142.122.8 - - [18/Aug/2013:12:15:34 -0400] "GET /graphics/gray-background.jpg HTTP/1.1" 200 7781 "http://brainandneurospine.com/tolentino_bio.html" "Mozilla/5.0 (compatible; MSIE 9.0; Windows NT 6.0; Trident/5.0) w:PACBHO60"
63.142.122.8 - - [18/Aug/2013:12:17:06 -0400] "GET /favicon.ico HTTP/1.1" 404 575 "-" "Mozilla/5.0 (compatible; MSIE 9.0; Windows NT 6.0; Trident/5.0)"
220.181.108.183 - - [18/Aug/2013:13:58:39 -0400] "GET / HTTP/1.1" 200 40346 "-" "Baiduspider-image+(+http://www.baidu.com/search/spider.htm)"
206.125.67.64 - - [18/Aug/2013:16:35:08 -0400] "GET /tplayer/css/ADPMask.css HTTP/1.1" 200 234 "http://www.brainandneurospine.com/" "Mozilla/5.0 (Windows NT 6.0; rv:23.0) Gecko/20100101 Firefox/23.0"
206.125.67.64 - - [18/Aug/2013:16:35:08 -0400] "GET /tplayer/scripts/tplayer.js HTTP/1.1" 200 60791 "http://www.brainandneurospine.com/" "Mozilla/5.0 (Windows NT 6.0; rv:23.0) Gecko/20100101 Firefox/23.0"
206.125.67.64 - - [18/Aug/2013:16:35:09 -0400] "GET /images/extenders-rbs5.jpg HTTP/1.1" 200 31217 "http://www.brainandneurospine.com/" "Mozilla/5.0 (Windows NT 6.0; rv:23.0) Gecko/20100101 Firefox/23.0"
206.125.67.64 - - [18/Aug/2013:16:35:09 -0400] "GET /graphics/5-stars-250x60.jpg HTTP/1.1" 200 15249 "http://www.brainandneurospine.com/" "Mozilla/5.0 (Windows NT 6.0; rv:23.0) Gecko/20100101 Firefox/23.0"
206.125.67.64 - - [18/Aug/2013:16:35:10 -0400] "GET /graphics/tolentino-cutout.gif HTTP/1.1" 200 13936 "http://www.brainandneurospine.com/" "Mozilla/5.0 (Windows NT 6.0; rv:23.0) Gecko/20100101 Firefox/23.0"
206.125.67.64 - - [18/Aug/2013:16:35:10 -0400] "GET /graphics/colle-cutout2.gif HTTP/1.1" 200 7469 "http://www.brainandneurospine.com/" "Mozilla/5.0 (Windows NT 6.0; rv:23.0) Gecko/20100101 Firefox/23.0"
206.125.67.64 - - [18/Aug/2013:16:35:10 -0400] "GET /SpryAssets/SpryMenuBarDownHover.gif HTTP/1.1" 200 55 "http://www.brainandneurospine.com/" "Mozilla/5.0 (Windows NT 6.0; rv:23.0) Gecko/20100101 Firefox/23.0"
206.125.67.64 - - [18/Aug/2013:16:35:10 -0400] "GET /SpryAssets/SpryMenuBarRight.gif HTTP/1.1" 200 55 "http://www.brainandneurospine.com/SpryAssets/SpryMenuBarHorizontal.css" "Mozilla/5.0 (Windows NT 6.0; rv:23.0) Gecko/20100101 Firefox/23.0"
206.125.67.64 - - [18/Aug/2013:16:35:10 -0400] "GET /SpryAssets/SpryMenuBarRightHover.gif HTTP/1.1" 200 55 "http://www.brainandneurospine.com/" "Mozilla/5.0 (Windows NT 6.0; rv:23.0) Gecko/20100101 Firefox/23.0"
206.125.67.64 - - [18/Aug/2013:16:35:10 -0400] "GET /graphics/vaught-cutout1.gif HTTP/1.1" 200 9004 "http://www.brainandneurospine.com/" "Mozilla/5.0 (Windows NT 6.0; rv:23.0) Gecko/20100101 Firefox/23.0"
87.144.126.45 - - [18/Aug/2013:17:10:07 -0400] "GET /graphics/Varian-1.jpg HTTP/1.1" 200 26065 "http://www.brainandneurospine.com/cancer-treatment.html" "Mozilla/5.0 (Windows NT 6.1; WOW64; rv:23.0) Gecko/20100101 Firefox/23.0"
87.144.126.45 - - [18/Aug/2013:17:10:08 -0400] "GET /SpryAssets/SpryMenuBarRightHover.gif HTTP/1.1" 200 55 "http://www.brainandneurospine.com/cancer-treatment.html" "Mozilla/5.0 (Windows NT 6.1; WOW64; rv:23.0) Gecko/20100101 Firefox/23.0"
98.137.206.213 - - [18/Aug/2013:03:20:10 -0400] "GET /graphics/colle-microscope.gif HTTP/1.1" 200 10069 "http://brainandneurospine.com/colle_bio.html" "Mozilla/5.0 (compatible; Yahoo! Slurp/3.0; http://help.yahoo.com/help/us/ysearch/slurp) NOT Firefox/3.5"
188.143.232.111 - - [18/Aug/2013:04:39:32 -0400] "GET /index.html HTTP/1.1" 200 40346 "-" "Mozilla/4.0 (compatible; MSIE 6.0; Windows NT 5.1; SV1)"
188.143.232.111 - - [18/Aug/2013:04:40:11 -0400] "GET /tolentino_bio.html HTTP/1.1" 200 19608 "-" "Mozilla/4.0 (compatible; MSIE 6.0; Windows NT 5.1; SV1)"
38.111.147.83 - - [18/Aug/2013:09:01:19 -0400] "GET /skinner_bio.html HTTP/1.0" 304 - "-" "TurnitinBot/2.1 (http://www.turnitin.com/robot/crawlerinfo.html)"
38.111.147.83 - - [18/Aug/2013:09:03:19 -0400] "GET /perryville-clinic.html HTTP/1.0" 304 - "-" "TurnitinBot/2.1 (http://www.turnitin.com/robot/crawlerinfo.html)"
180.76.5.160 - - [18/Aug/2013:09:59:18 -0400] "GET /InTheNews-Items/EMR-Article.pdf HTTP/1.1" 200 71091 "-" "Mozilla/5.0 (compatible; Baiduspider/2.0; +http://www.baidu.com/search/spider.html)"
157.55.33.83 - - [18/Aug/2013:10:54:20 -0400] "GET /robots.txt HTTP/1.1" 404 575 "-" "Mozilla/5.0 (compatible; bingbot/2.0; +http://www.bing.com/bingbot.htm)"
66.249.73.199 - - [18/Aug/2013:11:12:16 -0400] "GET / HTTP/1.1" 200 40346 "-" "Mozilla/5.0 (compatible; Googlebot/2.1; +http://www.google.com/bot.html)"
205.237.88.148 - - [18/Aug/2013:01:01:38 -0400] "GET / HTTP/1.0" 200 40346 "-" "=Mozilla/5.0 (Windows; U; Windows NT 6.1; en-US) AppleWebKit/534.16 (KHTML, like Gecko) Chrome/10.0.648.204 Safari/534.16"
123.125.71.13 - - [18/Aug/2013:20:07:00 -0400] "GET / HTTP/1.1" 304 - "-" "Mozilla/5.0 (compatible; Baiduspider/2.0; +http://www.baidu.com/search/spider.html)"
99.111.214.7 - - [18/Aug/2013:20:38:13 -0400] "GET /graphics/Calendar-Appointment-100x75.jpg HTTP/1.1" 200 12359 "http://www.brainandneurospine.com/?utm_source=spineuniverse&utm_medium=website_link&utm_campaign=source" "Mozilla/5.0 (compatible; MSIE 10.0; Windows NT 6.1; WOW64; Trident/6.0)"
66.249.73.154 - - [18/Aug/2013:14:18:54 -0400] "GET /dr-articles/anesthesia.htm HTTP/1.1" 200 9505 "-" "DoCoMo/2.0 N905i(c100;TB;W24H16) (compatible; Googlebot-Mobile/2.1; +http://www.google.com/bot.html)"
157.55.33.83 - - [18/Aug/2013:14:27:29 -0400] "GET /robots.txt HTTP/1.1" 404 575 "-" "Mozilla/5.0 (compatible; bingbot/2.0; +http://www.bing.com/bingbot.htm)"
38.111.147.83 - - [18/Aug/2013:08:55:17 -0400] "GET /dr-articles/watch%20our%20for%20ticks.htm HTTP/1.0" 304 - "-" "TurnitinBot/2.1 (http://www.turnitin.com/robot/crawlerinfo.html)"
38.111.147.83 - - [18/Aug/2013:08:55:48 -0400] "GET /dr-articles/tuberculosis.htm HTTP/1.0" 304 - "-" "TurnitinBot/2.1 (http://www.turnitin.com/robot/crawlerinfo.html)"
24.251.67.182 - - [18/Aug/2013:07:36:16 -0400] "GET / HTTP/1.1" 200 40346 "-" "Healthbot/Health_and_Longevity_Project_(HealthHaven.com)"
24.251.67.182 - - [18/Aug/2013:07:36:16 -0400] "GET /index.html HTTP/1.1" 200 40346 "-" "Healthbot/Health_and_Longevity_Project_(HealthHaven.com)"
24.251.67.182 - - [18/Aug/2013:07:36:17 -0400] "GET /cleaver_bio.html HTTP/1.1" 200 18389 "-" "Healthbot/Health_and_Longevity_Project_(HealthHaven.com)"
24.251.67.182 - - [18/Aug/2013:07:36:17 -0400] "GET /colle_bio.html HTTP/1.1" 200 18325 "-" "Healthbot/Health_and_Longevity_Project_(HealthHaven.com)"
24.251.67.182 - - [18/Aug/2013:07:36:17 -0400] "GET /guidos_bio.html HTTP/1.1" 200 16776 "-" "Healthbot/Health_and_Longevity_Project_(HealthHaven.com)"
24.251.67.182 - - [18/Aug/2013:07:36:17 -0400] "GET /reis_bio.html HTTP/1.1" 200 17868 "-" "Healthbot/Health_and_Longevity_Project_(HealthHaven.com)"
24.251.67.182 - - [18/Aug/2013:07:36:17 -0400] "GET /smith_bio.html HTTP/1.1" 200 15285 "-" "Healthbot/Health_and_Longevity_Project_(HealthHaven.com)"
24.251.67.182 - - [18/Aug/2013:07:36:17 -0400] "GET /tolentino_bio.html HTTP/1.1" 200 19608 "-" "Healthbot/Health_and_Longevity_Project_(HealthHaven.com)"
24.251.67.182 - - [18/Aug/2013:07:36:17 -0400] "GET /vaught_bio.html HTTP/1.1" 200 21144 "-" "Healthbot/Health_and_Longevity_Project_(HealthHaven.com)"
24.251.67.182 - - [18/Aug/2013:07:36:17 -0400] "GET /alexander_bio.html HTTP/1.1" 200 16835 "-" "Healthbot/Health_and_Longevity_Project_(HealthHaven.com)"
24.251.67.182 - - [18/Aug/2013:07:36:18 -0400] "GET /bowers_bio.html HTTP/1.1" 200 16139 "-" "Healthbot/Health_and_Longevity_Project_(HealthHaven.com)"
24.251.67.182 - - [18/Aug/2013:07:36:18 -0400] "GET /glisson_bio.html HTTP/1.1" 200 15627 "-" "Healthbot/Health_and_Longevity_Project_(HealthHaven.com)"
24.251.67.182 - - [18/Aug/2013:07:36:18 -0400] "GET /griffith_bio.html HTTP/1.1" 200 15847 "-" "Healthbot/Health_and_Longevity_Project_(HealthHaven.com)"
24.251.67.182 - - [18/Aug/2013:07:36:18 -0400] "GET /hammond_bio.html HTTP/1.1" 200 16504 "-" "Healthbot/Health_and_Longevity_Project_(HealthHaven.com)"
24.251.67.182 - - [18/Aug/2013:07:36:18 -0400] "GET /muckerman_bio.html HTTP/1.1" 200 16037 "-" "Healthbot/Health_and_Longevity_Project_(HealthHaven.com)"
24.251.67.182 - - [18/Aug/2013:07:36:18 -0400] "GET /paul_bio.html HTTP/1.1" 200 16225 "-" "Healthbot/Health_and_Longevity_Project_(HealthHaven.com)"
24.251.67.182 - - [18/Aug/2013:07:36:18 -0400] "GET /skinner_bio.html HTTP/1.1" 200 16532 "-" "Healthbot/Health_and_Longevity_Project_(HealthHaven.com)"
24.251.67.182 - - [18/Aug/2013:07:36:19 -0400] "GET /billing.html HTTP/1.1" 200 15842 "-" "Healthbot/Health_and_Longevity_Project_(HealthHaven.com)"
24.251.67.182 - - [18/Aug/2013:07:36:19 -0400] "GET /googlemap-directions2clinic.html HTTP/1.1" 200 17797 "-" "Healthbot/Health_and_Longevity_Project_(HealthHaven.com)"
24.251.67.182 - - [18/Aug/2013:07:36:19 -0400] "GET /patient%20education-v2.html HTTP/1.1" 200 18861 "-" "Healthbot/Health_and_Longevity_Project_(HealthHaven.com)"
24.251.67.182 - - [18/Aug/2013:07:36:19 -0400] "GET /2009-education-links.html HTTP/1.1" 200 17791 "-" "Healthbot/Health_and_Longevity_Project_(HealthHaven.com)"
24.251.67.182 - - [18/Aug/2013:07:36:19 -0400] "GET /cancer-treatment.html HTTP/1.1" 200 35029 "-" "Healthbot/Health_and_Longevity_Project_(HealthHaven.com)"
24.251.67.182 - - [18/Aug/2013:07:36:19 -0400] "GET /2009-office-policies.html HTTP/1.1" 200 16240 "-" "Healthbot/Health_and_Longevity_Project_(HealthHaven.com)"
24.251.67.182 - - [18/Aug/2013:07:36:19 -0400] "GET /one-week-pledge.html HTTP/1.1" 200 15731 "-" "Healthbot/Health_and_Longevity_Project_(HealthHaven.com)"
24.251.67.182 - - [18/Aug/2013:07:36:19 -0400] "GET /perryville-clinic.html HTTP/1.1" 200 19040 "-" "Healthbot/Health_and_Longevity_Project_(HealthHaven.com)"
24.251.67.182 - - [18/Aug/2013:07:36:20 -0400] "GET /sikeston-clinic.html HTTP/1.1" 200 18781 "-" "Healthbot/Health_and_Longevity_Project_(HealthHaven.com)"
24.251.67.182 - - [18/Aug/2013:07:36:20 -0400] "GET /2009-patient-stories.html HTTP/1.1" 200 20304 "-" "Healthbot/Health_and_Longevity_Project_(HealthHaven.com)"
24.251.67.182 - - [18/Aug/2013:07:36:20 -0400] "GET /2009-what-to-bring.html HTTP/1.1" 200 16202 "-" "Healthbot/Health_and_Longevity_Project_(HealthHaven.com)"
24.251.67.182 - - [18/Aug/2013:07:36:20 -0400] "GET /work-comp.html HTTP/1.1" 200 15405 "-" "Healthbot/Health_and_Longevity_Project_(HealthHaven.com)"
24.251.67.182 - - [18/Aug/2013:07:36:20 -0400] "GET /2009-in-the-news.html HTTP/1.1" 200 34342 "-" "Healthbot/Health_and_Longevity_Project_(HealthHaven.com)"
24.251.67.182 - - [18/Aug/2013:07:36:20 -0400] "GET /2009-education.html HTTP/1.1" 200 15330 "-" "Healthbot/Health_and_Longevity_Project_(HealthHaven.com)"
24.251.67.182 - - [18/Aug/2013:07:36:20 -0400] "GET /2009-contact.html HTTP/1.1" 200 14453 "-" "Healthbot/Health_and_Longevity_Project_(HealthHaven.com)"
24.251.67.182 - - [18/Aug/2013:07:36:21 -0400] "GET /BNSC-Office-Merge.html HTTP/1.1" 200 15499 "-" "Healthbot/Health_and_Longevity_Project_(HealthHaven.com)"
24.251.67.182 - - [18/Aug/2013:07:36:21 -0400] "GET /appointments2.html HTTP/1.1" 200 5595 "-" "Healthbot/Health_and_Longevity_Project_(HealthHaven.com)"
24.251.67.182 - - [18/Aug/2013:07:36:21 -0400] "GET /Ratings.html HTTP/1.1" 200 23763 "-" "Healthbot/Health_and_Longevity_Project_(HealthHaven.com)"
38.111.147.83 - - [18/Aug/2013:08:28:42 -0400] "GET /dr-articles/impotence.htm HTTP/1.0" 304 - "-" "TurnitinBot/2.1 (http://www.turnitin.com/robot/crawlerinfo.html)"
38.111.147.83 - - [18/Aug/2013:08:39:05 -0400] "GET /dr-articles/one%20step%20at%20a%20time.htm HTTP/1.0" 304 - "-" "TurnitinBot/2.1 (http://www.turnitin.com/robot/crawlerinfo.html)"
38.111.147.83 - - [18/Aug/2013:08:52:58 -0400] "GET /dr-articles/when%20antibiotics%20don't%20work.htm HTTP/1.0" 304 - "-" "TurnitinBot/2.1 (http://www.turnitin.com/robot/crawlerinfo.html)"
188.143.232.111 - - [18/Aug/2013:04:39:52 -0400] "GET /colle_bio.html HTTP/1.1" 200 18325 "-" "Mozilla/4.0 (compatible; MSIE 6.0; Windows NT 5.1; SV1)"
188.143.232.111 - - [18/Aug/2013:04:40:36 -0400] "GET /sikeston-clinic.html HTTP/1.1" 200 18781 "-" "Mozilla/4.0 (compatible; MSIE 6.0; Windows NT 5.1; SV1)"
195.242.218.133 - - [18/Aug/2013:05:08:13 -0400] "GET / HTTP/1.1" 200 40346 "http://valdaidom.ru/" "Mozilla/4.0 (compatible; MSIE 6.0; Update a; AOL 6.0; Windows 98)"
66.87.72.165 - - [18/Aug/2013:20:13:28 -0400] "GET /tplayer/css/ADPMask.css HTTP/1.1" 200 234 "http://www.brainandneurospine.com/" "Mozilla/5.0 (Linux; U; Android 2.2.1; en-us; VM670 Build/FRG83) AppleWebKit/533.1 (KHTML, like Gecko) Version/4.0 Mobile Safari/533.1"
66.87.72.165 - - [18/Aug/2013:20:13:30 -0400] "GET /Scripts/event.js HTTP/1.1" 200 7727 "http://www.brainandneurospine.com/" "Mozilla/5.0 (Linux; U; Android 2.2.1; en-us; VM670 Build/FRG83) AppleWebKit/533.1 (KHTML, like Gecko) Version/4.0 Mobile Safari/533.1"
66.87.72.165 - - [18/Aug/2013:20:13:32 -0400] "GET /tplayer/scripts/tplayer-config.js HTTP/1.1" 200 78567 "http://www.brainandneurospine.com/" "Mozilla/5.0 (Linux; U; Android 2.2.1; en-us; VM670 Build/FRG83) AppleWebKit/533.1 (KHTML, like Gecko) Version/4.0 Mobile Safari/533.1"
66.87.72.165 - - [18/Aug/2013:20:13:34 -0400] "GET /graphics/gray-background.jpg HTTP/1.1" 200 7781 "http://www.brainandneurospine.com/" "Mozilla/5.0 (Linux; U; Android 2.2.1; en-us; VM670 Build/FRG83) AppleWebKit/533.1 (KHTML, like Gecko) Version/4.0 Mobile Safari/533.1"
66.87.72.165 - - [18/Aug/2013:20:13:36 -0400] "GET /graphics/tolentino-cutout.gif HTTP/1.1" 200 13936 "http://www.brainandneurospine.com/" "Mozilla/5.0 (Linux; U; Android 2.2.1; en-us; VM670 Build/FRG83) AppleWebKit/533.1 (KHTML, like Gecko) Version/4.0 Mobile Safari/533.1"
66.87.72.165 - - [18/Aug/2013:20:13:36 -0400] "GET /graphics/colle-microscope.gif HTTP/1.1" 200 10069 "http://www.brainandneurospine.com/" "Mozilla/5.0 (Linux; U; Android 2.2.1; en-us; VM670 Build/FRG83) AppleWebKit/533.1 (KHTML, like Gecko) Version/4.0 Mobile Safari/533.1"
99.111.214.7 - - [18/Aug/2013:20:38:12 -0400] "GET /Scripts/event.js HTTP/1.1" 200 7727 "http://www.brainandneurospine.com/?utm_source=spineuniverse&utm_medium=website_link&utm_campaign=source" "Mozilla/5.0 (compatible; MSIE 10.0; Windows NT 6.1; WOW64; Trident/6.0)"
99.111.214.7 - - [18/Aug/2013:20:38:12 -0400] "GET /Scripts/AC_RunActiveContent.js HTTP/1.1" 200 8029 "http://www.brainandneurospine.com/?utm_source=spineuniverse&utm_medium=website_link&utm_campaign=source" "Mozilla/5.0 (compatible; MSIE 10.0; Windows NT 6.1; WOW64; Trident/6.0)"
99.111.214.7 - - [18/Aug/2013:20:38:12 -0400] "GET /images/docs_rbs4.jpg HTTP/1.1" 200 59790 "http://www.brainandneurospine.com/?utm_source=spineuniverse&utm_medium=website_link&utm_campaign=source" "Mozilla/5.0 (compatible; MSIE 10.0; Windows NT 6.1; WOW64; Trident/6.0)"
194.44.218.226 - - [18/Aug/2013:20:56:45 -0400] "GET /?utm_source=spineuniverse&utm_medium=website_link&utm_campaign=source HTTP/1.1" 200 40346 "-" "Mozilla/5.0 (compatible; MJ12bot/v1.4.3; http://www.majestic12.co.uk/bot.php?+)"
178.137.128.12 - - [18/Aug/2013:00:14:21 -0400] "GET / HTTP/1.1" 200 40346 "http://getmortgage.co.il/" "Mozilla/4.0 (compatible; MSIE 4.01; Digital AlphaServer 1000A 4/233; Windows NT; Powered By 64-Bit Alpha Processor)"
66.249.75.160 - - [18/Aug/2013:01:40:51 -0400] "GET /2009-patient-notes.html HTTP/1.1" 200 25805 "-" "Mozilla/5.0 (compatible; Googlebot/2.1; +http://www.google.com/bot.html)"
180.76.5.111 - - [18/Aug/2013:03:18:29 -0400] "GET /dr-articles/atv_children.htm HTTP/1.1" 200 6612 "-" "Mozilla/5.0 (compatible; Baiduspider/2.0; +http://www.baidu.com/search/spider.html)"
