0byt3m1n1
Path:
/
data
/
0
/
0
/
19
/
13
/
19502
/
meta
/
19930
/
logs
/
[
Home
]
File: x-access_log.2013-08-18
38.111.147.83 - - [18/Aug/2013:09:06:54 -0400] "GET /vimandvigor.html HTTP/1.0" 304 - "-" "TurnitinBot/2.1 (http://www.turnitin.com/robot/crawlerinfo.html)"
66.249.73.210 - - [18/Aug/2013:11:21:02 -0400] "GET /Scripts/AC_RunActiveContent.js HTTP/1.1" 200 8029 "-" "Mozilla/5.0 (compatible; Googlebot/2.1; +http://www.google.com/bot.html)"
206.125.67.64 - - [18/Aug/2013:16:35:16 -0400] "GET /images/Cleaver-smiling-300x251.jpg HTTP/1.1" 200 30658 "http://www.brainandneurospine.com/cleaver_bio.html" "Mozilla/5.0 (Windows NT 6.0; rv:23.0) Gecko/20100101 Firefox/23.0"
5.135.125.177 - - [18/Aug/2013:16:39:41 -0400] "GET /Spinal-Exchange-Contact.html HTTP/1.1" 200 7954 "-" "Mozilla/5.0 (Windows NT 6.1; WOW64; rv:6.0a2) Gecko/20110613 Firefox/6.0a2"
46.165.197.151 - - [18/Aug/2013:20:05:13 -0400] "GET /robots.txt HTTP/1.0" 404 575 "-" "Mozilla/5.0 (compatible; MJ12bot/v1.4.3; http://www.majestic12.co.uk/bot.php?+)"
220.181.89.172 - - [18/Aug/2013:03:40:10 -0400] "GET / HTTP/1.1" 304 - "-" "Sogou web spider/4.0(+http://www.sogou.com/docs/help/webmasters.htm#07)"
157.55.33.83 - - [18/Aug/2013:02:07:36 -0400] "GET /robots.txt HTTP/1.1" 404 575 "-" "Mozilla/5.0 (compatible; bingbot/2.0; +http://www.bing.com/bingbot.htm)"
38.111.147.83 - - [18/Aug/2013:08:10:25 -0400] "GET /muckerman_bio.html HTTP/1.0" 200 16037 "-" "TurnitinBot/2.1 (http://www.turnitin.com/robot/crawlerinfo.html)"
63.142.122.8 - - [18/Aug/2013:12:15:33 -0400] "GET /SpryAssets/SpryMenuBar.js HTTP/1.1" 200 10064 "http://brainandneurospine.com/tolentino_bio.html" "Mozilla/5.0 (compatible; MSIE 9.0; Windows NT 6.0; Trident/5.0) w:PACBHO60"
63.142.122.8 - - [18/Aug/2013:12:15:33 -0400] "GET /graphics/Tolentino-MRI.jpg HTTP/1.1" 200 18730 "http://brainandneurospine.com/tolentino_bio.html" "Mozilla/5.0 (compatible; MSIE 9.0; Windows NT 6.0; Trident/5.0) w:PACBHO60"
66.249.73.146 - - [18/Aug/2013:13:28:00 -0400] "GET /patient%20stories.html HTTP/1.1" 304 - "-" "Mozilla/5.0 (iPhone; U; CPU iPhone OS 4_1 like Mac OS X; en-us) AppleWebKit/532.9 (KHTML, like Gecko) Version/4.0.5 Mobile/8B117 Safari/6531.22.7 (compatible; Googlebot-Mobile/2.1; +http://www.google.com/bot.html)"
38.111.147.83 - - [18/Aug/2013:08:07:25 -0400] "GET /tolentino_bio.html HTTP/1.0" 200 19608 "-" "TurnitinBot/2.1 (http://www.turnitin.com/robot/crawlerinfo.html)"
38.111.147.83 - - [18/Aug/2013:08:53:59 -0400] "GET /dr-articles/what%20is%20lupis.htm HTTP/1.0" 304 - "-" "TurnitinBot/2.1 (http://www.turnitin.com/robot/crawlerinfo.html)"
66.249.82.154 - - [18/Aug/2013:18:51:50 -0400] "GET /graphics/colle-cutout2.gif HTTP/1.1" 200 7469 "http://www.brainandneurospine.com/2009-patient-notes.html" "Mozilla/5.0 (X11; Linux x86_64) AppleWebKit/537.4 (KHTML, like Gecko; Google Web Preview) Chrome/22.0.1229 Safari/537.4"
68.52.101.85 - - [18/Aug/2013:19:09:34 -0400] "GET /graphics/Calendar-Appointment-100x75.jpg HTTP/1.1" 200 12359 "http://brainandneurospine.com/index.html" "Mozilla/5.0 (compatible; MSIE 10.0; Windows NT 6.1; WOW64; Trident/6.0)"
68.52.101.85 - - [18/Aug/2013:19:09:34 -0400] "GET /graphics/SE-medical-plaza-sign%20160.jpg HTTP/1.1" 200 19171 "http://brainandneurospine.com/index.html" "Mozilla/5.0 (compatible; MSIE 10.0; Windows NT 6.1; WOW64; Trident/6.0)"
63.142.122.8 - - [18/Aug/2013:12:15:37 -0400] "GET /Scripts/AC_RunActiveContent.js HTTP/1.1" 200 8029 "http://brainandneurospine.com/tolentino_bio.html" "Mozilla/5.0 (compatible; MSIE 9.0; Windows NT 6.0; Trident/5.0) w:PACBHO60"
63.142.122.8 - - [18/Aug/2013:12:15:37 -0400] "GET /graphics/tolentino-cutout.gif HTTP/1.1" 200 13936 "http://brainandneurospine.com/tolentino_bio.html" "Mozilla/5.0 (compatible; MSIE 9.0; Windows NT 6.0; Trident/5.0) w:PACBHO60"
63.142.122.8 - - [18/Aug/2013:12:15:37 -0400] "GET /graphics/cloud-background.jpg HTTP/1.1" 200 11928 "http://brainandneurospine.com/tolentino_bio.html" "Mozilla/5.0 (compatible; MSIE 9.0; Windows NT 6.0; Trident/5.0) w:PACBHO60"
63.142.122.8 - - [18/Aug/2013:12:15:37 -0400] "GET /SpryAssets/SpryMenuBarRightHover.gif HTTP/1.1" 200 55 "http://brainandneurospine.com/tolentino_bio.html" "Mozilla/5.0 (compatible; MSIE 9.0; Windows NT 6.0; Trident/5.0) w:PACBHO60"
63.142.122.8 - - [18/Aug/2013:12:15:41 -0400] "GET /graphics/colle-cutout2.gif HTTP/1.1" 200 7469 "http://brainandneurospine.com/tolentino_bio.html" "Mozilla/5.0 (compatible; MSIE 9.0; Windows NT 6.0; Trident/5.0) w:PACBHO60"
66.249.73.139 - - [18/Aug/2013:15:32:19 -0400] "GET /skinner_bio.html HTTP/1.1" 304 - "-" "Mozilla/5.0 (compatible; Googlebot/2.1; +http://www.google.com/bot.html)"
66.249.73.133 - - [18/Aug/2013:23:40:46 -0400] "GET /dr-articles/jargon%20alert%20what%20is%20amd.htm HTTP/1.1" 304 - "-" "Mozilla/5.0 (compatible; Googlebot/2.1; +http://www.google.com/bot.html)"
98.137.206.213 - - [18/Aug/2013:03:20:06 -0400] "GET /SpryAssets/SpryMenuBarHorizontal.css HTTP/1.1" 200 5807 "http://brainandneurospine.com/colle_bio.html" "Mozilla/5.0 (compatible; Yahoo! Slurp/3.0; http://help.yahoo.com/help/us/ysearch/slurp) NOT Firefox/3.5"
98.137.206.213 - - [18/Aug/2013:03:20:06 -0400] "GET /graphics/gray-background.jpg HTTP/1.1" 200 7781 "http://brainandneurospine.com/colle_bio.html" "Mozilla/5.0 (compatible; Yahoo! Slurp/3.0; http://help.yahoo.com/help/us/ysearch/slurp) NOT Firefox/3.5"
188.143.232.111 - - [18/Aug/2013:04:40:01 -0400] "GET /reis_bio.html HTTP/1.1" 200 17868 "-" "Mozilla/4.0 (compatible; MSIE 6.0; Windows NT 5.1; SV1)"
188.143.232.111 - - [18/Aug/2013:04:40:57 -0400] "GET /2009-in-the-news.html HTTP/1.1" 200 34342 "-" "Mozilla/4.0 (compatible; MSIE 6.0; Windows NT 5.1; SV1)"
180.76.5.168 - - [18/Aug/2013:05:00:01 -0400] "GET /dr-articles/adult%20diabetes_children.htm HTTP/1.1" 200 7082 "-" "Mozilla/5.0 (compatible; Baiduspider/2.0; +http://www.baidu.com/search/spider.html)"
131.253.24.14 - - [18/Aug/2013:14:20:32 -0400] "GET /images/Jack-Bagley.jpg HTTP/1.1" 200 120835 "-" "msnbot-media/1.1 (+http://search.msn.com/msnbot.htm)"
66.249.73.134 - - [18/Aug/2013:17:03:25 -0400] "GET /InTheNews-Items/Consult%20-%20Summer%202009%20x-stop.pdf HTTP/1.1" 304 - "-" "Mozilla/5.0 (compatible; Googlebot/2.1; +http://www.google.com/bot.html)"
66.249.82.154 - - [18/Aug/2013:18:51:46 -0400] "GET /graphics/rbs-logo-930x125w-v3%20.jpg HTTP/1.1" 200 28337 "http://www.brainandneurospine.com/2009-patient-notes.html" "Mozilla/5.0 (X11; Linux x86_64) AppleWebKit/537.4 (KHTML, like Gecko; Google Web Preview) Chrome/22.0.1229 Safari/537.4"
68.52.101.85 - - [18/Aug/2013:19:09:31 -0400] "GET /tplayer/css/ADPMask.css HTTP/1.1" 200 234 "http://brainandneurospine.com/index.html" "Mozilla/5.0 (compatible; MSIE 10.0; Windows NT 6.1; WOW64; Trident/6.0)"
68.52.101.85 - - [18/Aug/2013:19:09:31 -0400] "GET /images/docs_rbs4.jpg HTTP/1.1" 200 59790 "http://brainandneurospine.com/index.html" "Mozilla/5.0 (compatible; MSIE 10.0; Windows NT 6.1; WOW64; Trident/6.0)"
68.52.101.85 - - [18/Aug/2013:19:09:31 -0400] "GET /images/extenders-rbs5.jpg HTTP/1.1" 200 31217 "http://brainandneurospine.com/index.html" "Mozilla/5.0 (compatible; MSIE 10.0; Windows NT 6.1; WOW64; Trident/6.0)"
99.111.214.7 - - [18/Aug/2013:20:38:12 -0400] "GET /tplayer/css/ADPMask.css HTTP/1.1" 200 234 "http://www.brainandneurospine.com/?utm_source=spineuniverse&utm_medium=website_link&utm_campaign=source" "Mozilla/5.0 (compatible; MSIE 10.0; Windows NT 6.1; WOW64; Trident/6.0)"
99.111.214.7 - - [18/Aug/2013:20:38:12 -0400] "GET /tplayer/scripts/tplayer.js HTTP/1.1" 200 60791 "http://www.brainandneurospine.com/?utm_source=spineuniverse&utm_medium=website_link&utm_campaign=source" "Mozilla/5.0 (compatible; MSIE 10.0; Windows NT 6.1; WOW64; Trident/6.0)"
99.111.214.7 - - [18/Aug/2013:20:38:13 -0400] "GET /graphics/5-stars-250x60.jpg HTTP/1.1" 200 15249 "http://www.brainandneurospine.com/?utm_source=spineuniverse&utm_medium=website_link&utm_campaign=source" "Mozilla/5.0 (compatible; MSIE 10.0; Windows NT 6.1; WOW64; Trident/6.0)"
38.111.147.83 - - [18/Aug/2013:08:30:12 -0400] "GET /dr-articles/holiday%20season%20safety.htm HTTP/1.0" 304 - "-" "TurnitinBot/2.1 (http://www.turnitin.com/robot/crawlerinfo.html)"
63.142.122.8 - - [18/Aug/2013:12:15:38 -0400] "GET /favicon.ico HTTP/1.1" 404 575 "-" "Mozilla/5.0 (compatible; MSIE 9.0; Windows NT 6.0; Trident/5.0)"
66.249.73.156 - - [18/Aug/2013:14:18:54 -0400] "GET /robots.txt HTTP/1.1" 404 575 "-" "Mozilla/5.0 (compatible; Googlebot/2.1; +http://www.google.com/bot.html)"
68.52.101.85 - - [18/Aug/2013:19:08:02 -0400] "GET /SpryAssets/SpryMenuBarVertical.css HTTP/1.1" 200 4594 "http://brainandneurospine.com/vaught_bio.html" "Mozilla/5.0 (compatible; MSIE 10.0; Windows NT 6.1; WOW64; Trident/6.0)"
68.52.101.85 - - [18/Aug/2013:19:08:02 -0400] "GET /graphics/Vaught-surgery-2.jpg HTTP/1.1" 200 13153 "http://brainandneurospine.com/vaught_bio.html" "Mozilla/5.0 (compatible; MSIE 10.0; Windows NT 6.1; WOW64; Trident/6.0)"
68.52.101.85 - - [18/Aug/2013:19:08:02 -0400] "GET /graphics/vaught-cutout1.gif HTTP/1.1" 200 9004 "http://brainandneurospine.com/vaught_bio.html" "Mozilla/5.0 (compatible; MSIE 10.0; Windows NT 6.1; WOW64; Trident/6.0)"
68.52.101.85 - - [18/Aug/2013:19:08:02 -0400] "GET /SpryAssets/SpryMenuBarRightHover.gif HTTP/1.1" 200 55 "http://brainandneurospine.com/vaught_bio.html" "Mozilla/5.0 (compatible; MSIE 10.0; Windows NT 6.1; WOW64; Trident/6.0)"
68.52.101.85 - - [18/Aug/2013:19:08:02 -0400] "GET /SpryAssets/SpryMenuBarRight.gif HTTP/1.1" 200 55 "http://brainandneurospine.com/vaught_bio.html" "Mozilla/5.0 (compatible; MSIE 10.0; Windows NT 6.1; WOW64; Trident/6.0)"
208.115.113.86 - - [18/Aug/2013:20:04:02 -0400] "GET /dr-articles/tuberculosis.htm HTTP/1.1" 200 6859 "-" "Mozilla/5.0 (compatible; Ezooms/1.0; ezooms.bot@gmail.com)"
66.87.72.165 - - [18/Aug/2013:20:13:48 -0400] "GET /images/docs_rbs4.jpg HTTP/1.1" 200 59790 "http://www.brainandneurospine.com/" "Mozilla/5.0 (Linux; U; Android 2.2.1; en-us; VM670 Build/FRG83) AppleWebKit/533.1 (KHTML, like Gecko) Version/4.0 Mobile Safari/533.1"
131.253.24.14 - - [18/Aug/2013:21:52:22 -0400] "GET /robots.txt HTTP/1.1" 404 575 "-" "msnbot-media/1.1 (+http://search.msn.com/msnbot.htm)"
69.64.49.47 - - [18/Aug/2013:00:57:33 -0400] "GET / HTTP/1.1" 200 40346 "-" "Mozilla/5.0 (X11; Linux i686) AppleWebKit/534.34 (KHTML, like Gecko) Qt/4.8.2 Safari/534.34"
69.64.49.47 - - [18/Aug/2013:00:57:33 -0400] "GET /Scripts/AC_RunActiveContent.js HTTP/1.1" 200 8029 "http://brainandneurospine.com/" "Mozilla/5.0 (X11; Linux i686) AppleWebKit/534.34 (KHTML, like Gecko) Qt/4.8.2 Safari/534.34"
69.64.49.47 - - [18/Aug/2013:00:57:33 -0400] "GET /tplayer/scripts/tplayer-config.js HTTP/1.1" 200 78567 "http://brainandneurospine.com/" "Mozilla/5.0 (X11; Linux i686) AppleWebKit/534.34 (KHTML, like Gecko) Qt/4.8.2 Safari/534.34"
69.117.20.49 - - [18/Aug/2013:08:30:01 -0400] "GET /images/paul-bio2.jpg HTTP/1.1" 200 31181 "https://www.google.com/" "Mozilla/5.0 (iPhone; CPU iPhone OS 6_1_4 like Mac OS X) AppleWebKit/536.26 (KHTML, like Gecko) Version/6.0 Mobile/10B350 Safari/8536.25"
66.249.75.160 - - [18/Aug/2013:07:25:52 -0400] "GET /gibbs_bio.html HTTP/1.1" 304 - "-" "Mozilla/5.0 (compatible; Googlebot/2.1; +http://www.google.com/bot.html)"
38.111.147.83 - - [18/Aug/2013:08:53:29 -0400] "GET /dr-articles/what%20is%20normal%20pressure%20hydrocephalus.htm HTTP/1.0" 304 - "-" "TurnitinBot/2.1 (http://www.turnitin.com/robot/crawlerinfo.html)"
66.87.72.165 - - [18/Aug/2013:20:13:28 -0400] "GET /SpryAssets/SpryMenuBarVertical.css HTTP/1.1" 200 4594 "http://www.brainandneurospine.com/" "Mozilla/5.0 (Linux; U; Android 2.2.1; en-us; VM670 Build/FRG83) AppleWebKit/533.1 (KHTML, like Gecko) Version/4.0 Mobile Safari/533.1"
91.207.9.226 - - [18/Aug/2013:11:17:17 -0400] "GET / HTTP/1.1" 200 40346 "http://stroikak.com/" "Mozilla/4.0 (compatible; MSIE 7.0b; Windows NT 6.0 ; .NET CLR 2.0.50215; SL Commerce Client v1.0; Tablet PC 2.0"
188.143.232.111 - - [18/Aug/2013:04:40:31 -0400] "GET /perryville-clinic.html HTTP/1.1" 200 19040 "-" "Mozilla/4.0 (compatible; MSIE 6.0; Windows NT 5.1; SV1)"
199.58.86.209 - - [18/Aug/2013:05:09:15 -0400] "GET /Ratings.html HTTP/1.0" 200 23763 "-" "Mozilla/5.0 (compatible; MJ12bot/v1.4.3; http://www.majestic12.co.uk/bot.php?+)"
157.55.33.86 - - [18/Aug/2013:06:09:28 -0400] "GET /robots.txt HTTP/1.1" 404 575 "-" "Mozilla/5.0 (compatible; bingbot/2.0; +http://www.bing.com/bingbot.htm)"
38.111.147.83 - - [18/Aug/2013:08:21:07 -0400] "GET /dr-articles/good%20news%20a%20cure%20for%20ulcers.htm HTTP/1.0" 304 - "-" "TurnitinBot/2.1 (http://www.turnitin.com/robot/crawlerinfo.html)"
66.87.72.165 - - [18/Aug/2013:20:13:28 -0400] "GET /SpryAssets/SpryMenuBarHorizontal.css HTTP/1.1" 200 5807 "http://www.brainandneurospine.com/" "Mozilla/5.0 (Linux; U; Android 2.2.1; en-us; VM670 Build/FRG83) AppleWebKit/533.1 (KHTML, like Gecko) Version/4.0 Mobile Safari/533.1"
99.111.214.7 - - [18/Aug/2013:20:38:19 -0400] "GET /graphics/colle-microscope.gif HTTP/1.1" 200 10069 "http://www.brainandneurospine.com/?utm_source=spineuniverse&utm_medium=website_link&utm_campaign=source" "Mozilla/5.0 (compatible; MSIE 10.0; Windows NT 6.1; WOW64; Trident/6.0)"
38.111.147.83 - - [18/Aug/2013:09:02:19 -0400] "GET /reis_bio.html HTTP/1.0" 304 - "-" "TurnitinBot/2.1 (http://www.turnitin.com/robot/crawlerinfo.html)"
38.111.147.83 - - [18/Aug/2013:09:03:49 -0400] "GET /paul_bio.html HTTP/1.0" 304 - "-" "TurnitinBot/2.1 (http://www.turnitin.com/robot/crawlerinfo.html)"
92.249.127.111 - - [18/Aug/2013:14:00:09 -0400] "GET / HTTP/1.1" 200 40346 "http://www.bravica.ws/ru/" "Mozilla/5.0 (compatible; news bot /2.1)"
180.76.5.136 - - [18/Aug/2013:00:04:15 -0400] "GET /rate-vaught.html HTTP/1.1" 304 - "-" "Mozilla/5.0 (compatible; Baiduspider/2.0; +http://www.baidu.com/search/spider.html)"
220.255.2.239 - - [18/Aug/2013:00:46:42 -0400] "GET /graphics/clipart/newspaper-back1.jpg HTTP/1.1" 200 693 "http://www.brainandneurospine.com/dr-articles/parkinson's%20disease.htm" "Mozilla/5.0 (compatible; MSIE 10.0; Windows NT 6.1; WOW64; Trident/6.0)"
38.111.147.83 - - [18/Aug/2013:09:07:24 -0400] "GET /reading-room.html HTTP/1.0" 304 - "-" "TurnitinBot/2.1 (http://www.turnitin.com/robot/crawlerinfo.html)"
68.52.101.85 - - [18/Aug/2013:19:08:02 -0400] "GET /SpryAssets/SpryMenuBar.js HTTP/1.1" 200 10064 "http://brainandneurospine.com/vaught_bio.html" "Mozilla/5.0 (compatible; MSIE 10.0; Windows NT 6.1; WOW64; Trident/6.0)"
68.52.101.85 - - [18/Aug/2013:19:08:02 -0400] "GET /images/Vaught-206x268.jpg HTTP/1.1" 200 24797 "http://brainandneurospine.com/vaught_bio.html" "Mozilla/5.0 (compatible; MSIE 10.0; Windows NT 6.1; WOW64; Trident/6.0)"
68.52.101.85 - - [18/Aug/2013:19:08:02 -0400] "GET /graphics/cleaver-guidos-cutout.gif HTTP/1.1" 200 7051 "http://brainandneurospine.com/vaught_bio.html" "Mozilla/5.0 (compatible; MSIE 10.0; Windows NT 6.1; WOW64; Trident/6.0)"
38.111.147.83 - - [18/Aug/2013:08:16:27 -0400] "GET /dr-articles/what%20is%20normal%20pressure%20hydrocephalus.htm HTTP/1.0" 304 - "-" "TurnitinBot/2.1 (http://www.turnitin.com/robot/crawlerinfo.html)"
38.111.147.83 - - [18/Aug/2013:08:22:08 -0400] "GET /dr-articles/gastronomic%20consequences.htm HTTP/1.0" 304 - "-" "TurnitinBot/2.1 (http://www.turnitin.com/robot/crawlerinfo.html)"
38.111.147.83 - - [18/Aug/2013:08:24:11 -0400] "GET /dr-articles/erythron.htm HTTP/1.0" 304 - "-" "TurnitinBot/2.1 (http://www.turnitin.com/robot/crawlerinfo.html)"
38.111.147.83 - - [18/Aug/2013:08:50:12 -0400] "GET /dr-articles/tobacco%20ads%20promote%20death%20and%20disease.htm HTTP/1.0" 304 - "-" "TurnitinBot/2.1 (http://www.turnitin.com/robot/crawlerinfo.html)"
66.249.73.148 - - [18/Aug/2013:21:53:07 -0400] "GET /dr-articles/women%20and%20healing.htm HTTP/1.1" 304 - "-" "Mozilla/5.0 (compatible; Googlebot/2.1; +http://www.google.com/bot.html)"
99.111.214.7 - - [18/Aug/2013:20:38:11 -0400] "GET /?utm_source=spineuniverse&utm_medium=website_link&utm_campaign=source HTTP/1.1" 200 40346 "http://www.spineuniverse.com/specialist/neurosurgeon/us/mo/paul-tolentino-22742" "Mozilla/5.0 (compatible; MSIE 10.0; Windows NT 6.1; WOW64; Trident/6.0)"
76.17.45.172 - - [18/Aug/2013:14:22:26 -0400] "GET /SpryAssets/SpryMenuBar.js HTTP/1.1" 200 10064 "http://www.brainandneurospine.com/colle_bio.html" "Mozilla/5.0 (iPad; CPU OS 6_1_3 like Mac OS X) AppleWebKit/536.26 (KHTML, like Gecko) Version/6.0 Mobile/10B329 Safari/8536.25"
76.17.45.172 - - [18/Aug/2013:14:22:26 -0400] "GET /images/colle%20microscope3.jpg HTTP/1.1" 200 59873 "http://www.brainandneurospine.com/colle_bio.html" "Mozilla/5.0 (iPad; CPU OS 6_1_3 like Mac OS X) AppleWebKit/536.26 (KHTML, like Gecko) Version/6.0 Mobile/10B329 Safari/8536.25"
76.17.45.172 - - [18/Aug/2013:14:22:26 -0400] "GET /graphics/colle-microscope.gif HTTP/1.1" 200 10069 "http://www.brainandneurospine.com/colle_bio.html" "Mozilla/5.0 (iPad; CPU OS 6_1_3 like Mac OS X) AppleWebKit/536.26 (KHTML, like Gecko) Version/6.0 Mobile/10B329 Safari/8536.25"
66.249.73.147 - - [18/Aug/2013:23:09:21 -0400] "GET /2009-contact.html HTTP/1.1" 304 - "-" "Mozilla/5.0 (compatible; Googlebot/2.1; +http://www.google.com/bot.html)"
38.111.147.83 - - [18/Aug/2013:09:14:07 -0400] "GET /googlemap-directions-2-SEH-clinic.html HTTP/1.0" 304 - "-" "TurnitinBot/2.1 (http://www.turnitin.com/robot/crawlerinfo.html)"
66.249.73.88 - - [18/Aug/2013:09:55:05 -0400] "GET / HTTP/1.1" 200 14289 "-" "Mozilla/5.0 (iPhone; U; CPU iPhone OS 4_1 like Mac OS X; en-us) AppleWebKit/532.9 (KHTML, like Gecko) Version/4.0.5 Mobile/8B117 Safari/6531.22.7 (compatible; Googlebot-Mobile/2.1; +http://www.google.com/bot.html)"
206.125.67.64 - - [18/Aug/2013:16:35:08 -0400] "GET /Scripts/event.js HTTP/1.1" 200 7727 "http://www.brainandneurospine.com/" "Mozilla/5.0 (Windows NT 6.0; rv:23.0) Gecko/20100101 Firefox/23.0"
206.125.67.64 - - [18/Aug/2013:16:35:09 -0400] "GET /images/docs_rbs4.jpg HTTP/1.1" 200 59790 "http://www.brainandneurospine.com/" "Mozilla/5.0 (Windows NT 6.0; rv:23.0) Gecko/20100101 Firefox/23.0"
206.125.67.64 - - [18/Aug/2013:16:35:10 -0400] "GET /SpryAssets/SpryMenuBarDown.gif HTTP/1.1" 200 55 "http://www.brainandneurospine.com/SpryAssets/SpryMenuBarHorizontal.css" "Mozilla/5.0 (Windows NT 6.0; rv:23.0) Gecko/20100101 Firefox/23.0"
206.125.67.64 - - [18/Aug/2013:16:35:10 -0400] "GET /graphics/colle-microscope.gif HTTP/1.1" 200 10069 "http://www.brainandneurospine.com/" "Mozilla/5.0 (Windows NT 6.0; rv:23.0) Gecko/20100101 Firefox/23.0"
87.144.126.45 - - [18/Aug/2013:17:10:07 -0400] "GET /SpryAssets/SpryMenuBarHorizontal.css HTTP/1.1" 200 5807 "http://www.brainandneurospine.com/cancer-treatment.html" "Mozilla/5.0 (Windows NT 6.1; WOW64; rv:23.0) Gecko/20100101 Firefox/23.0"
87.144.126.45 - - [18/Aug/2013:17:10:07 -0400] "GET /Scripts/AC_RunActiveContent.js HTTP/1.1" 200 8029 "http://www.brainandneurospine.com/cancer-treatment.html" "Mozilla/5.0 (Windows NT 6.1; WOW64; rv:23.0) Gecko/20100101 Firefox/23.0"
87.144.126.45 - - [18/Aug/2013:17:10:07 -0400] "GET /graphics/gray-background.jpg HTTP/1.1" 200 7781 "http://www.brainandneurospine.com/cancer-treatment.html" "Mozilla/5.0 (Windows NT 6.1; WOW64; rv:23.0) Gecko/20100101 Firefox/23.0"
87.144.126.45 - - [18/Aug/2013:17:10:07 -0400] "GET /graphics/tolentino-cutout.gif HTTP/1.1" 200 13936 "http://www.brainandneurospine.com/cancer-treatment.html" "Mozilla/5.0 (Windows NT 6.1; WOW64; rv:23.0) Gecko/20100101 Firefox/23.0"
87.144.126.45 - - [18/Aug/2013:17:10:07 -0400] "GET /graphics/colle-cutout2.gif HTTP/1.1" 200 7469 "http://www.brainandneurospine.com/cancer-treatment.html" "Mozilla/5.0 (Windows NT 6.1; WOW64; rv:23.0) Gecko/20100101 Firefox/23.0"
38.111.147.83 - - [18/Aug/2013:08:19:03 -0400] "GET /dr-articles/tuberculosis.htm HTTP/1.0" 304 - "-" "TurnitinBot/2.1 (http://www.turnitin.com/robot/crawlerinfo.html)"
208.115.113.86 - - [18/Aug/2013:17:50:53 -0400] "GET /robots.txt HTTP/1.1" 404 575 "-" "Mozilla/5.0 (compatible; Ezooms/1.0; ezooms.bot@gmail.com)"
91.207.9.226 - - [18/Aug/2013:11:17:16 -0400] "GET / HTTP/1.1" 200 40346 "http://stroikak.com/" "Mozilla/4.0 (compatible; MSIE 7.0b; Windows NT 6.0 ; .NET CLR 2.0.50215; SL Commerce Client v1.0; Tablet PC 2.0"
66.249.82.154 - - [18/Aug/2013:18:51:46 -0400] "GET /graphics/cleaver-guidos-cutout.gif HTTP/1.1" 200 7051 "http://www.brainandneurospine.com/2009-patient-notes.html" "Mozilla/5.0 (X11; Linux x86_64) AppleWebKit/537.4 (KHTML, like Gecko; Google Web Preview) Chrome/22.0.1229 Safari/537.4"
68.52.101.85 - - [18/Aug/2013:19:08:02 -0400] "GET /SpryAssets/SpryMenuBarHorizontal.css HTTP/1.1" 200 5807 "http://brainandneurospine.com/vaught_bio.html" "Mozilla/5.0 (compatible; MSIE 10.0; Windows NT 6.1; WOW64; Trident/6.0)"
68.52.101.85 - - [18/Aug/2013:19:08:02 -0400] "GET /images/Vaught-Family-230x332.jpg HTTP/1.1" 200 58060 "http://brainandneurospine.com/vaught_bio.html" "Mozilla/5.0 (compatible; MSIE 10.0; Windows NT 6.1; WOW64; Trident/6.0)"
66.87.72.165 - - [18/Aug/2013:20:13:22 -0400] "GET / HTTP/1.1" 200 40346 "http://www.google.com/search?hl=en&redir_esc=&client=ms-android-lge&source=android-launcher-search&v=133247963&qsubts=1376871140477&action=devloc&q=regional+brain+and+spine+cape+girardeau&v=133247963" "Mozilla/5.0 (Linux; U; Android 2.2.1; en-us; VM670 Build/FRG83) AppleWebKit/533.1 (KHTML, like Gecko) Version/4.0 Mobile Safari/533.1"
38.111.147.83 - - [18/Aug/2013:08:06:26 -0400] "GET /work-comp.html HTTP/1.0" 200 15405 "-" "TurnitinBot/2.1 (http://www.turnitin.com/robot/crawlerinfo.html)"
38.111.147.83 - - [18/Aug/2013:08:23:39 -0400] "GET /dr-articles/fetal%20alcohol%20syndrome.htm HTTP/1.0" 304 - "-" "TurnitinBot/2.1 (http://www.turnitin.com/robot/crawlerinfo.html)"
38.111.147.83 - - [18/Aug/2013:08:28:12 -0400] "GET /dr-articles/insight%20to%20eyesight%20for%20diabetics.htm HTTP/1.0" 304 - "-" "TurnitinBot/2.1 (http://www.turnitin.com/robot/crawlerinfo.html)"
38.111.147.83 - - [18/Aug/2013:08:31:12 -0400] "GET /dr-articles/hepatits%20can%20affect%20anyone.htm HTTP/1.0" 304 - "-" "TurnitinBot/2.1 (http://www.turnitin.com/robot/crawlerinfo.html)"
98.137.206.213 - - [18/Aug/2013:03:20:06 -0400] "GET /graphics/rbs-logo-930x125w-v3%20.jpg HTTP/1.1" 200 28337 "http://brainandneurospine.com/colle_bio.html" "Mozilla/5.0 (compatible; Yahoo! Slurp/3.0; http://help.yahoo.com/help/us/ysearch/slurp) NOT Firefox/3.5"
38.111.147.83 - - [18/Aug/2013:08:26:12 -0400] "GET /dr-articles/meniere's%20disease.htm HTTP/1.0" 304 - "-" "TurnitinBot/2.1 (http://www.turnitin.com/robot/crawlerinfo.html)"
38.111.147.83 - - [18/Aug/2013:08:29:42 -0400] "GET /dr-articles/how%20to%20build%20a%20door.htm HTTP/1.0" 304 - "-" "TurnitinBot/2.1 (http://www.turnitin.com/robot/crawlerinfo.html)"
58.251.150.173 - - [18/Aug/2013:00:36:31 -0400] "GET /robots.txt HTTP/1.1" 404 575 "http://www.brainandneurospine.com/" "Mozilla/5.0 (compatible; MSIE 8.0; Windows NT 6.1)"
69.64.49.47 - - [18/Aug/2013:00:57:33 -0400] "GET /Scripts/event.js HTTP/1.1" 200 7727 "http://brainandneurospine.com/" "Mozilla/5.0 (X11; Linux i686) AppleWebKit/534.34 (KHTML, like Gecko) Qt/4.8.2 Safari/534.34"
69.64.49.47 - - [18/Aug/2013:00:57:33 -0400] "GET /graphics/Calendar-Appointment-100x75.jpg HTTP/1.1" 200 12359 "http://brainandneurospine.com/" "Mozilla/5.0 (X11; Linux i686) AppleWebKit/534.34 (KHTML, like Gecko) Qt/4.8.2 Safari/534.34"
69.64.49.47 - - [18/Aug/2013:00:57:33 -0400] "GET /graphics/5-stars-250x60.jpg HTTP/1.1" 200 15249 "http://brainandneurospine.com/" "Mozilla/5.0 (X11; Linux i686) AppleWebKit/534.34 (KHTML, like Gecko) Qt/4.8.2 Safari/534.34"
69.64.49.47 - - [18/Aug/2013:00:57:33 -0400] "GET /graphics/colle-microscope.gif HTTP/1.1" 200 10069 "http://brainandneurospine.com/" "Mozilla/5.0 (X11; Linux i686) AppleWebKit/534.34 (KHTML, like Gecko) Qt/4.8.2 Safari/534.34"
69.64.49.47 - - [18/Aug/2013:00:57:33 -0400] "GET /graphics/colle-cutout2.gif HTTP/1.1" 200 7469 "http://brainandneurospine.com/" "Mozilla/5.0 (X11; Linux i686) AppleWebKit/534.34 (KHTML, like Gecko) Qt/4.8.2 Safari/534.34"
69.64.49.47 - - [18/Aug/2013:00:57:34 -0400] "GET /SpryAssets/SpryMenuBarDown.gif HTTP/1.1" 200 55 "http://brainandneurospine.com/" "Mozilla/5.0 (X11; Linux i686) AppleWebKit/534.34 (KHTML, like Gecko) Qt/4.8.2 Safari/534.34"
63.142.122.8 - - [18/Aug/2013:12:17:05 -0400] "GET /tolentino_bio.html HTTP/1.1" 304 - "http://brainandneurospine.com/tolentino_bio.html" "Mozilla/5.0 (compatible; MSIE 9.0; Windows NT 6.0; Trident/5.0) w:PACBHO60"
66.249.73.137 - - [18/Aug/2013:13:50:21 -0400] "GET /dr-articles/elephant%20man.htm HTTP/1.1" 200 9860 "-" "SAMSUNG-SGH-E250/1.0 Profile/MIDP-2.0 Configuration/CLDC-1.1 UP.Browser/6.2.3.3.c.1.101 (GUI) MMP/2.0 (compatible; Googlebot-Mobile/2.1; +http://www.google.com/bot.html)"
208.115.111.70 - - [18/Aug/2013:15:49:53 -0400] "GET /robots.txt HTTP/1.1" 404 575 "-" "Mozilla/5.0 (compatible; Ezooms/1.0; ezooms.bot@gmail.com)"
66.249.81.43 - - [18/Aug/2013:16:35:06 -0400] "GET /Stories-of-Hope/Stories-of-Hope-Home.html HTTP/1.1" 200 4220 "-" "Mozilla/5.0 (Windows NT 6.1; rv:6.0) Gecko/20110814 Firefox/6.0 Google (+https://developers.google.com/+/web/snippet/)"
38.111.147.83 - - [18/Aug/2013:09:11:33 -0400] "GET /gibbs_bio.html HTTP/1.0" 304 - "-" "TurnitinBot/2.1 (http://www.turnitin.com/robot/crawlerinfo.html)"
157.55.32.84 - - [18/Aug/2013:10:51:57 -0400] "GET /robots.txt HTTP/1.1" 404 575 "-" "Mozilla/5.0 (compatible; bingbot/2.0; +http://www.bing.com/bingbot.htm)"
66.249.73.201 - - [18/Aug/2013:11:21:04 -0400] "GET /tplayer/css/ADPMask.css HTTP/1.1" 200 234 "-" "Mozilla/5.0 (compatible; Googlebot/2.1; +http://www.google.com/bot.html)"
38.111.147.83 - - [18/Aug/2013:08:03:20 -0400] "GET /robots.txt HTTP/1.0" 404 575 "-" "TurnitinBot/2.1 (http://www.turnitin.com/robot/crawlerinfo.html)"
38.111.147.83 - - [18/Aug/2013:08:21:37 -0400] "GET /dr-articles/give%20the%20gift%20of%20site.htm HTTP/1.0" 304 - "-" "TurnitinBot/2.1 (http://www.turnitin.com/robot/crawlerinfo.html)"
66.249.73.139 - - [18/Aug/2013:18:18:00 -0400] "GET /vaught_bio.html HTTP/1.1" 304 - "-" "Mozilla/5.0 (compatible; Googlebot/2.1; +http://www.google.com/bot.html)"
68.52.101.85 - - [18/Aug/2013:19:09:34 -0400] "GET /favicon.ico HTTP/1.1" 404 575 "-" "Mozilla/5.0 (compatible; MSIE 10.0; Windows NT 6.1; Win64; x64; Trident/6.0)"
208.115.113.86 - - [18/Aug/2013:20:04:02 -0400] "GET /bryant_bio.html HTTP/1.1" 200 15206 "-" "Mozilla/5.0 (compatible; Ezooms/1.0; ezooms.bot@gmail.com)"
37.9.53.248 - - [18/Aug/2013:22:21:59 -0400] "GET /admin.php HTTP/1.0" 403 211 "-" "Mozilla/5.0 (Windows NT 6.1; rv:19.0) Gecko/20100101 Firefox/19.0"
63.142.122.8 - - [18/Aug/2013:12:15:37 -0400] "GET /graphics/colle-microscope.gif HTTP/1.1" 200 10069 "http://brainandneurospine.com/tolentino_bio.html" "Mozilla/5.0 (compatible; MSIE 9.0; Windows NT 6.0; Trident/5.0) w:PACBHO60"
63.142.122.8 - - [18/Aug/2013:12:15:37 -0400] "GET /graphics/vaught-cutout1.gif HTTP/1.1" 200 9004 "http://brainandneurospine.com/tolentino_bio.html" "Mozilla/5.0 (compatible; MSIE 9.0; Windows NT 6.0; Trident/5.0) w:PACBHO60"
63.142.122.8 - - [18/Aug/2013:12:15:38 -0400] "GET /SpryAssets/SpryMenuBarDown.gif HTTP/1.1" 200 55 "http://brainandneurospine.com/tolentino_bio.html" "Mozilla/5.0 (compatible; MSIE 9.0; Windows NT 6.0; Trident/5.0) w:PACBHO60"
63.142.122.8 - - [18/Aug/2013:12:15:38 -0400] "GET /SpryAssets/SpryMenuBarRight.gif HTTP/1.1" 200 55 "http://brainandneurospine.com/tolentino_bio.html" "Mozilla/5.0 (compatible; MSIE 9.0; Windows NT 6.0; Trident/5.0) w:PACBHO60"
92.249.127.111 - - [18/Aug/2013:14:00:10 -0400] "GET / HTTP/1.1" 200 40346 "http://www.bravica.ws/ru/" "Mozilla/5.0 (compatible; news bot /2.1)"
157.55.35.45 - - [18/Aug/2013:16:00:47 -0400] "GET /robots.txt HTTP/1.1" 404 575 "-" "Mozilla/5.0 (compatible; bingbot/2.0; +http://www.bing.com/bingbot.htm)"
98.137.206.213 - - [18/Aug/2013:03:20:10 -0400] "GET /graphics/vaught-cutout1.gif HTTP/1.1" 200 9004 "http://brainandneurospine.com/colle_bio.html" "Mozilla/5.0 (compatible; Yahoo! Slurp/3.0; http://help.yahoo.com/help/us/ysearch/slurp) NOT Firefox/3.5"
195.242.218.133 - - [18/Aug/2013:05:08:16 -0400] "GET / HTTP/1.1" 200 40346 "http://valdaidom.ru/" "Mozilla/4.0 (compatible; MSIE 6.0; Update a; AOL 6.0; Windows 98)"
38.111.147.83 - - [18/Aug/2013:08:29:12 -0400] "GET /dr-articles/how%20wise%20men%20travel%20for%20holidays.htm HTTP/1.0" 304 - "-" "TurnitinBot/2.1 (http://www.turnitin.com/robot/crawlerinfo.html)"
38.111.147.83 - - [18/Aug/2013:08:46:02 -0400] "GET /dr-articles/think%20first.htm HTTP/1.0" 304 - "-" "TurnitinBot/2.1 (http://www.turnitin.com/robot/crawlerinfo.html)"
123.151.42.89 - - [18/Aug/2013:01:21:33 -0400] "GET /Stories-of-Hope/Stories-of-Hope-Home.html HTTP/1.1" 200 4220 "http://stories-of-hope.com/" "Mozilla/5.0 (compatible; Sosospider/2.0; +http://help.soso.com/webspider.htm)"
38.111.147.83 - - [18/Aug/2013:09:02:49 -0400] "GET /reading-room.html HTTP/1.0" 304 - "-" "TurnitinBot/2.1 (http://www.turnitin.com/robot/crawlerinfo.html)"
38.111.147.83 - - [18/Aug/2013:09:04:19 -0400] "GET /patient%20education-v2.html HTTP/1.0" 304 - "-" "TurnitinBot/2.1 (http://www.turnitin.com/robot/crawlerinfo.html)"
216.145.14.142 - - [18/Aug/2013:13:57:25 -0400] "GET /rate-vaught.html HTTP/1.1" 200 15695 "http://whois.domaintools.com/ratingsfeedback.info" "Mozilla/5.0 (Windows; U; Windows NT 5.1; en; rv:1.9.0.13) Gecko/2009073022 Firefox/3.5.2 (.NET CLR 3.5.30729) SurveyBot/2.3 (DomainTools)"
92.249.127.111 - - [18/Aug/2013:14:00:11 -0400] "GET / HTTP/1.1" 200 40346 "http://www.bravica.ws/ru/" "Mozilla/5.0 (compatible; news bot /2.1)"
66.249.81.43 - - [18/Aug/2013:16:35:06 -0400] "GET /Stories-of-Hope/Stories-of-Hope-Home.html HTTP/1.1" 200 4220 "-" "Mozilla/5.0 (Windows NT 6.1; rv:6.0) Gecko/20110814 Firefox/6.0 Google (+https://developers.google.com/+/web/snippet/)"
193.106.136.50 - - [18/Aug/2013:19:07:16 -0400] "GET / HTTP/1.1" 200 40346 "http://www.studia-silk.ru/" "Mozilla/6.0 (compatible; MSIE 7.0a1; Windows NT 5.2; SV1)"
66.87.72.165 - - [18/Aug/2013:20:13:28 -0400] "GET /tplayer/scripts/tplayer.js HTTP/1.1" 200 60791 "http://www.brainandneurospine.com/" "Mozilla/5.0 (Linux; U; Android 2.2.1; en-us; VM670 Build/FRG83) AppleWebKit/533.1 (KHTML, like Gecko) Version/4.0 Mobile Safari/533.1"
188.143.232.111 - - [18/Aug/2013:04:39:48 -0400] "GET /cleaver_bio.html HTTP/1.1" 200 18389 "-" "Mozilla/4.0 (compatible; MSIE 6.0; Windows NT 5.1; SV1)"
199.58.86.209 - - [18/Aug/2013:05:09:14 -0400] "GET /robots.txt HTTP/1.0" 404 575 "-" "Mozilla/5.0 (compatible; MJ12bot/v1.4.3; http://www.majestic12.co.uk/bot.php?+)"
157.56.93.148 - - [18/Aug/2013:00:16:57 -0400] "GET /robots.txt HTTP/1.1" 404 575 "-" "Mozilla/5.0 (compatible; bingbot/2.0; +http://www.bing.com/bingbot.htm)"
38.111.147.83 - - [18/Aug/2013:09:00:19 -0400] "GET /tolentino_bio.html HTTP/1.0" 304 - "-" "TurnitinBot/2.1 (http://www.turnitin.com/robot/crawlerinfo.html)"
38.111.147.83 - - [18/Aug/2013:09:11:02 -0400] "GET /googlemap-directions2clinic.html HTTP/1.0" 304 - "-" "TurnitinBot/2.1 (http://www.turnitin.com/robot/crawlerinfo.html)"
66.87.72.165 - - [18/Aug/2013:20:13:28 -0400] "GET /SpryAssets/SpryMenuBar.js HTTP/1.1" 200 10064 "http://www.brainandneurospine.com/" "Mozilla/5.0 (Linux; U; Android 2.2.1; en-us; VM670 Build/FRG83) AppleWebKit/533.1 (KHTML, like Gecko) Version/4.0 Mobile Safari/533.1"
66.87.72.165 - - [18/Aug/2013:20:13:41 -0400] "GET /graphics/cleaver-guidos-cutout.gif HTTP/1.1" 200 7051 "http://www.brainandneurospine.com/" "Mozilla/5.0 (Linux; U; Android 2.2.1; en-us; VM670 Build/FRG83) AppleWebKit/533.1 (KHTML, like Gecko) Version/4.0 Mobile Safari/533.1"
66.87.72.165 - - [18/Aug/2013:20:13:41 -0400] "GET /graphics/colle-cutout2.gif HTTP/1.1" 200 7469 "http://www.brainandneurospine.com/" "Mozilla/5.0 (Linux; U; Android 2.2.1; en-us; VM670 Build/FRG83) AppleWebKit/533.1 (KHTML, like Gecko) Version/4.0 Mobile Safari/533.1"
99.111.214.7 - - [18/Aug/2013:20:38:19 -0400] "GET /SpryAssets/SpryMenuBarHorizontal.css HTTP/1.1" 200 5807 "http://www.brainandneurospine.com/?utm_source=spineuniverse&utm_medium=website_link&utm_campaign=source" "Mozilla/5.0 (compatible; MSIE 10.0; Windows NT 6.1; WOW64; Trident/6.0)"
99.111.214.7 - - [18/Aug/2013:20:38:19 -0400] "GET /tplayer/scripts/tplayer-config.js HTTP/1.1" 200 78567 "http://www.brainandneurospine.com/?utm_source=spineuniverse&utm_medium=website_link&utm_campaign=source" "Mozilla/5.0 (compatible; MSIE 10.0; Windows NT 6.1; WOW64; Trident/6.0)"
99.111.214.7 - - [18/Aug/2013:20:38:20 -0400] "GET /SpryAssets/SpryMenuBarDown.gif HTTP/1.1" 200 55 "http://www.brainandneurospine.com/?utm_source=spineuniverse&utm_medium=website_link&utm_campaign=source" "Mozilla/5.0 (compatible; MSIE 10.0; Windows NT 6.1; WOW64; Trident/6.0)"
204.16.25.236 - - [18/Aug/2013:12:44:37 -0400] "GET /SpryAssets/SpryMenuBarVertical.css HTTP/1.1" 304 - "-" "Mozilla/4.0 (compatible;)"
66.249.73.188 - - [18/Aug/2013:11:12:16 -0400] "GET /robots.txt HTTP/1.1" 404 575 "-" "Mozilla/5.0 (compatible; Googlebot/2.1; +http://www.google.com/bot.html)"
5.9.60.74 - - [18/Aug/2013:16:17:23 -0400] "GET /robots.txt HTTP/1.1" 404 575 "-" "Mozilla/5.0 (compatible; SearchmetricsBot; http://www.searchmetrics.com/en/searchmetrics-bot/)"
5.9.60.74 - - [18/Aug/2013:16:17:24 -0400] "GET / HTTP/1.1" 200 40346 "-" "Mozilla/5.0 (compatible; SearchmetricsBot; http://www.searchmetrics.com/en/searchmetrics-bot/)"
5.9.60.74 - - [18/Aug/2013:16:17:25 -0400] "GET /SpryAssets/SpryMenuBar.js HTTP/1.1" 200 10064 "-" "Mozilla/5.0 (compatible; SearchmetricsBot; http://www.searchmetrics.com/en/searchmetrics-bot/)"
5.9.60.74 - - [18/Aug/2013:16:17:25 -0400] "GET /../Scripts/event.js HTTP/1.1" 400 226 "-" "Mozilla/5.0 (compatible; SearchmetricsBot; http://www.searchmetrics.com/en/searchmetrics-bot/)"
66.87.72.165 - - [18/Aug/2013:20:13:44 -0400] "GET /graphics/RBS_LogoStackedTAG.jpg HTTP/1.1" 200 127207 "http://www.brainandneurospine.com/" "Mozilla/5.0 (Linux; U; Android 2.2.1; en-us; VM670 Build/FRG83) AppleWebKit/533.1 (KHTML, like Gecko) Version/4.0 Mobile Safari/533.1"
69.64.49.47 - - [18/Aug/2013:00:57:33 -0400] "GET /SpryAssets/SpryMenuBarVertical.css HTTP/1.1" 200 4594 "http://brainandneurospine.com/" "Mozilla/5.0 (X11; Linux i686) AppleWebKit/534.34 (KHTML, like Gecko) Qt/4.8.2 Safari/534.34"
69.64.49.47 - - [18/Aug/2013:00:57:33 -0400] "GET /images/docs_rbs4.jpg HTTP/1.1" 200 59790 "http://brainandneurospine.com/" "Mozilla/5.0 (X11; Linux i686) AppleWebKit/534.34 (KHTML, like Gecko) Qt/4.8.2 Safari/534.34"
38.111.147.83 - - [18/Aug/2013:08:08:56 -0400] "GET /reis_bio.html HTTP/1.0" 200 17868 "-" "TurnitinBot/2.1 (http://www.turnitin.com/robot/crawlerinfo.html)"
38.111.147.83 - - [18/Aug/2013:08:18:27 -0400] "GET /dr-articles/watch%20our%20for%20ticks.htm HTTP/1.0" 304 - "-" "TurnitinBot/2.1 (http://www.turnitin.com/robot/crawlerinfo.html)"
38.111.147.83 - - [18/Aug/2013:08:33:45 -0400] "GET /dr-articles/prevent%20birth%20defects.htm HTTP/1.0" 304 - "-" "TurnitinBot/2.1 (http://www.turnitin.com/robot/crawlerinfo.html)"
38.111.147.83 - - [18/Aug/2013:08:34:16 -0400] "GET /dr-articles/prepare%20to%20be%20a%20heart%20saver.htm HTTP/1.0" 304 - "-" "TurnitinBot/2.1 (http://www.turnitin.com/robot/crawlerinfo.html)"
38.111.147.83 - - [18/Aug/2013:08:51:59 -0400] "GET /dr-articles/women%20and%20healing.htm HTTP/1.0" 304 - "-" "TurnitinBot/2.1 (http://www.turnitin.com/robot/crawlerinfo.html)"
38.111.147.83 - - [18/Aug/2013:09:01:49 -0400] "GET /sikeston-clinic.html HTTP/1.0" 304 - "-" "TurnitinBot/2.1 (http://www.turnitin.com/robot/crawlerinfo.html)"
180.76.6.26 - - [18/Aug/2013:18:09:41 -0400] "GET /alexander_bio.html HTTP/1.1" 200 16835 "-" "Mozilla/5.0 (compatible; Baiduspider/2.0; +http://www.baidu.com/search/spider.html)"
66.87.72.165 - - [18/Aug/2013:20:13:41 -0400] "GET /graphics/rbs-logo-930x125w-v3%20.jpg HTTP/1.1" 200 28337 "http://www.brainandneurospine.com/" "Mozilla/5.0 (Linux; U; Android 2.2.1; en-us; VM670 Build/FRG83) AppleWebKit/533.1 (KHTML, like Gecko) Version/4.0 Mobile Safari/533.1"
66.87.72.165 - - [18/Aug/2013:20:13:47 -0400] "GET /images/extenders-rbs5.jpg HTTP/1.1" 200 31217 "http://www.brainandneurospine.com/" "Mozilla/5.0 (Linux; U; Android 2.2.1; en-us; VM670 Build/FRG83) AppleWebKit/533.1 (KHTML, like Gecko) Version/4.0 Mobile Safari/533.1"
66.249.73.149 - - [18/Aug/2013:20:37:42 -0400] "GET /dr-articles/atv_children.htm HTTP/1.1" 200 6612 "-" "Mozilla/5.0 (compatible; Googlebot/2.1; +http://www.google.com/bot.html)"
99.111.214.7 - - [18/Aug/2013:20:38:13 -0400] "GET /images/extenders-rbs5.jpg HTTP/1.1" 200 31217 "http://www.brainandneurospine.com/?utm_source=spineuniverse&utm_medium=website_link&utm_campaign=source" "Mozilla/5.0 (compatible; MSIE 10.0; Windows NT 6.1; WOW64; Trident/6.0)"
98.137.206.213 - - [18/Aug/2013:03:20:10 -0400] "GET /SpryAssets/SpryMenuBarDownHover.gif HTTP/1.1" 200 55 "http://brainandneurospine.com/colle_bio.html" "Mozilla/5.0 (compatible; Yahoo! Slurp/3.0; http://help.yahoo.com/help/us/ysearch/slurp) NOT Firefox/3.5"
98.137.206.213 - - [18/Aug/2013:03:20:10 -0400] "GET /SpryAssets/SpryMenuBarDown.gif HTTP/1.1" 200 55 "http://brainandneurospine.com/SpryAssets/SpryMenuBarHorizontal.css" "Mozilla/5.0 (compatible; Yahoo! Slurp/3.0; http://help.yahoo.com/help/us/ysearch/slurp) NOT Firefox/3.5"
188.143.232.111 - - [18/Aug/2013:04:40:27 -0400] "GET /one-week-pledge.html HTTP/1.1" 200 15731 "-" "Mozilla/4.0 (compatible; MSIE 6.0; Windows NT 5.1; SV1)"
188.143.232.111 - - [18/Aug/2013:04:41:12 -0400] "GET /2009-contact.html HTTP/1.1" 200 14453 "-" "Mozilla/4.0 (compatible; MSIE 6.0; Windows NT 5.1; SV1)"
76.17.45.172 - - [18/Aug/2013:14:22:26 -0400] "GET /graphics/tolentino-cutout.gif HTTP/1.1" 200 13936 "http://www.brainandneurospine.com/colle_bio.html" "Mozilla/5.0 (iPad; CPU OS 6_1_3 like Mac OS X) AppleWebKit/536.26 (KHTML, like Gecko) Version/6.0 Mobile/10B329 Safari/8536.25"
76.17.45.172 - - [18/Aug/2013:14:22:26 -0400] "GET /graphics/cloud-background.jpg HTTP/1.1" 200 11928 "http://www.brainandneurospine.com/colle_bio.html" "Mozilla/5.0 (iPad; CPU OS 6_1_3 like Mac OS X) AppleWebKit/536.26 (KHTML, like Gecko) Version/6.0 Mobile/10B329 Safari/8536.25"
66.249.75.160 - - [18/Aug/2013:01:12:23 -0400] "GET /perryville-clinic.html HTTP/1.1" 200 19040 "-" "Mozilla/5.0 (compatible; Googlebot/2.1; +http://www.google.com/bot.html)"
38.111.147.83 - - [18/Aug/2013:08:08:25 -0400] "GET /sikeston-clinic.html HTTP/1.0" 200 18781 "-" "TurnitinBot/2.1 (http://www.turnitin.com/robot/crawlerinfo.html)"
38.111.147.83 - - [18/Aug/2013:08:10:55 -0400] "GET /glisson_bio.html HTTP/1.0" 200 15627 "-" "TurnitinBot/2.1 (http://www.turnitin.com/robot/crawlerinfo.html)"
38.111.147.83 - - [18/Aug/2013:08:15:57 -0400] "GET /dr-articles/when%20antibiotics%20don't%20work.htm HTTP/1.0" 304 - "-" "TurnitinBot/2.1 (http://www.turnitin.com/robot/crawlerinfo.html)"
38.111.147.83 - - [18/Aug/2013:08:43:51 -0400] "GET /dr-articles/mosquitoes%20may%20spread%20deadly%20disease.htm HTTP/1.0" 304 - "-" "TurnitinBot/2.1 (http://www.turnitin.com/robot/crawlerinfo.html)"
38.111.147.83 - - [18/Aug/2013:08:58:19 -0400] "GET /dr-articles/bees,hornets%20and%20yellow%20jackets.htm HTTP/1.0" 304 - "-" "TurnitinBot/2.1 (http://www.turnitin.com/robot/crawlerinfo.html)"
38.111.147.83 - - [18/Aug/2013:08:03:22 -0400] "GET /robots.txt HTTP/1.0" 404 575 "-" "TurnitinBot/2.1 (http://www.turnitin.com/robot/crawlerinfo.html)"
199.30.16.40 - - [18/Aug/2013:08:30:01 -0400] "GET /graphics/brain-balloon-1.jpg HTTP/1.1" 200 12659 "-" "msnbot-media/1.1 (+http://search.msn.com/msnbot.htm)"
38.111.147.83 - - [18/Aug/2013:08:58:48 -0400] "GET /work-comp.html HTTP/1.0" 304 - "-" "TurnitinBot/2.1 (http://www.turnitin.com/robot/crawlerinfo.html)"
166.137.156.163 - - [18/Aug/2013:11:57:58 -0400] "GET /images/Debbie-Biopage2.jpg HTTP/1.1" 200 46842 "https://www.google.com/" "Mozilla/5.0 (iPhone; CPU iPhone OS 6_1_3 like Mac OS X) AppleWebKit/536.26 (KHTML, like Gecko) Version/6.0 Mobile/10B329 Safari/8536.25"
166.137.156.163 - - [18/Aug/2013:11:57:59 -0400] "GET /images/Debra-Alexander.jpg HTTP/1.1" 200 37473 "https://www.google.com/" "Mozilla/5.0 (iPhone; CPU iPhone OS 6_1_3 like Mac OS X) AppleWebKit/536.26 (KHTML, like Gecko) Version/6.0 Mobile/10B329 Safari/8536.25"
68.52.101.85 - - [18/Aug/2013:19:09:31 -0400] "GET /index.html HTTP/1.1" 200 40346 "http://brainandneurospine.com/vaught_bio.html" "Mozilla/5.0 (compatible; MSIE 10.0; Windows NT 6.1; WOW64; Trident/6.0)"
220.181.89.172 - - [18/Aug/2013:04:08:39 -0400] "GET / HTTP/1.1" 304 - "-" "Sogou web spider/4.0(+http://www.sogou.com/docs/help/webmasters.htm#07)"
188.143.232.111 - - [18/Aug/2013:04:40:13 -0400] "GET /vaught_bio.html HTTP/1.1" 200 21144 "-" "Mozilla/4.0 (compatible; MSIE 6.0; Windows NT 5.1; SV1)"
66.249.75.160 - - [18/Aug/2013:04:52:06 -0400] "GET /2009-education.html HTTP/1.1" 200 15330 "-" "Mozilla/5.0 (compatible; Googlebot/2.1; +http://www.google.com/bot.html)"
66.249.75.160 - - [18/Aug/2013:05:54:36 -0400] "GET /robots.txt HTTP/1.1" 404 575 "-" "Mozilla/5.0 (compatible; Googlebot/2.1; +http://www.google.com/bot.html)"
178.137.128.12 - - [18/Aug/2013:00:14:22 -0400] "GET / HTTP/1.1" 200 40346 "http://getmortgage.co.il/" "Mozilla/4.0 (compatible; MSIE 4.01; Digital AlphaServer 1000A 4/233; Windows NT; Powered By 64-Bit Alpha Processor)"
54.226.230.121 - - [18/Aug/2013:00:42:28 -0400] "GET / HTTP/1.1" 200 40346 "-" "Mozilla/5.0 (compatible; linkdexbot/2.0; +http://www.linkdex.com/about/bots/)"
65.55.212.75 - - [18/Aug/2013:01:28:58 -0400] "GET /Scripts/AC_RunActiveContent.js HTTP/1.1" 200 8029 "http://www.brainandneurospine.com/smith_bio.html" "Mozilla/4.0 (compatible; MSIE 7.0; Windows NT 5.1; SLCC1; .NET CLR 1.1.4325; .NET CLR 2.0.50727; .NET CLR 3.0.30729; .NET CLR 3.5.30707; InfoPath.2)"
38.111.147.83 - - [18/Aug/2013:08:15:27 -0400] "GET /dr-articles/who%20are%20you%20gonna%20call.htm HTTP/1.0" 304 - "-" "TurnitinBot/2.1 (http://www.turnitin.com/robot/crawlerinfo.html)"
38.111.147.83 - - [18/Aug/2013:08:40:53 -0400] "GET /dr-articles/never%20shake%20a%20baby.htm HTTP/1.0" 304 - "-" "TurnitinBot/2.1 (http://www.turnitin.com/robot/crawlerinfo.html)"
38.111.147.83 - - [18/Aug/2013:09:00:49 -0400] "GET /smith_bio.html HTTP/1.0" 304 - "-" "TurnitinBot/2.1 (http://www.turnitin.com/robot/crawlerinfo.html)"
38.111.147.83 - - [18/Aug/2013:09:10:31 -0400] "GET /2009-philosophy-of-care.html HTTP/1.0" 304 - "-" "TurnitinBot/2.1 (http://www.turnitin.com/robot/crawlerinfo.html)"
66.249.73.134 - - [18/Aug/2013:17:24:16 -0400] "GET /dr-articles/insomnia.htm HTTP/1.1" 304 - "-" "Mozilla/5.0 (compatible; Googlebot/2.1; +http://www.google.com/bot.html)"
66.249.73.147 - - [18/Aug/2013:23:05:25 -0400] "GET /education.html HTTP/1.1" 200 10462 "-" "Mozilla/5.0 (compatible; Googlebot/2.1; +http://www.google.com/bot.html)"
208.80.194.127 - - [18/Aug/2013:14:12:26 -0400] "GET / HTTP/1.0" 200 40346 "-" "Mozilla/5.0 (Macintosh; U; Intel Mac OS X 10.6; en-US) Gecko/20101012 Firefox/3.6.11"
157.55.35.50 - - [18/Aug/2013:19:16:14 -0400] "GET /robots.txt HTTP/1.1" 404 575 "-" "Mozilla/5.0 (compatible; bingbot/2.0; +http://www.bing.com/bingbot.htm)"
99.111.214.7 - - [18/Aug/2013:20:38:12 -0400] "GET /SpryAssets/SpryMenuBarVertical.css HTTP/1.1" 200 4594 "http://www.brainandneurospine.com/?utm_source=spineuniverse&utm_medium=website_link&utm_campaign=source" "Mozilla/5.0 (compatible; MSIE 10.0; Windows NT 6.1; WOW64; Trident/6.0)"
99.111.214.7 - - [18/Aug/2013:20:38:12 -0400] "GET /graphics/rbs-logo-930x125w-v3%20.jpg HTTP/1.1" 200 28337 "http://www.brainandneurospine.com/?utm_source=spineuniverse&utm_medium=website_link&utm_campaign=source" "Mozilla/5.0 (compatible; MSIE 10.0; Windows NT 6.1; WOW64; Trident/6.0)"
77.75.77.11 - - [18/Aug/2013:04:38:02 -0400] "GET /robots.txt HTTP/1.1" 404 575 "-" "SeznamBot/3.0 (+http://fulltext.sblog.cz/)"
77.75.77.11 - - [18/Aug/2013:04:38:03 -0400] "GET /bowers_bio.html HTTP/1.1" 304 - "-" "SeznamBot/3.0 (+http://fulltext.sblog.cz/)"
166.137.89.172 - - [18/Aug/2013:15:33:02 -0400] "GET /Patient%20letters%20to%20Doctors/carolyn-and-family-note.jpg HTTP/1.1" 200 82152 "https://www.google.com/" "Mozilla/5.0 (iPhone; CPU iPhone OS 6_1_4 like Mac OS X) AppleWebKit/536.26 (KHTML, like Gecko) Version/6.0 Mobile/10B350 Safari/8536.25"
87.144.126.45 - - [18/Aug/2013:17:10:07 -0400] "GET /SpryAssets/SpryMenuBarVertical.css HTTP/1.1" 200 4594 "http://www.brainandneurospine.com/cancer-treatment.html" "Mozilla/5.0 (Windows NT 6.1; WOW64; rv:23.0) Gecko/20100101 Firefox/23.0"
87.144.126.45 - - [18/Aug/2013:17:10:07 -0400] "GET /graphics/rbs-logo-930x125w-v3%20.jpg HTTP/1.1" 200 28337 "http://www.brainandneurospine.com/cancer-treatment.html" "Mozilla/5.0 (Windows NT 6.1; WOW64; rv:23.0) Gecko/20100101 Firefox/23.0"
87.144.126.45 - - [18/Aug/2013:17:10:07 -0400] "GET /graphics/vaught-cutout1.gif HTTP/1.1" 200 9004 "http://www.brainandneurospine.com/cancer-treatment.html" "Mozilla/5.0 (Windows NT 6.1; WOW64; rv:23.0) Gecko/20100101 Firefox/23.0"
87.144.126.45 - - [18/Aug/2013:17:10:08 -0400] "GET /SpryAssets/SpryMenuBarDownHover.gif HTTP/1.1" 200 55 "http://www.brainandneurospine.com/cancer-treatment.html" "Mozilla/5.0 (Windows NT 6.1; WOW64; rv:23.0) Gecko/20100101 Firefox/23.0"
63.142.122.8 - - [18/Aug/2013:12:15:37 -0400] "GET /SpryAssets/SpryMenuBarDownHover.gif HTTP/1.1" 200 55 "http://brainandneurospine.com/tolentino_bio.html" "Mozilla/5.0 (compatible; MSIE 9.0; Windows NT 6.0; Trident/5.0) w:PACBHO60"
76.17.45.172 - - [18/Aug/2013:14:22:26 -0400] "GET /colle_bio.html HTTP/1.1" 200 18325 "http://www.google.com/url?sa=t&rct=j&q=osteopathic%20neurosurgeon&source=web&cd=90&ved=0CDsQFjAJOFA&url=http%3A%2F%2Fwww.brainandneurospine.com%2Fcolle_bio.html&ei=xxARUqvjKcfSyAG5mYFQ&usg=AFQjCNEn9r41RKQpfyEQUzgNhWxxxeGP0Q&bvm=bv.50768961,d.dmg" "Mozilla/5.0 (iPad; CPU OS 6_1_3 like Mac OS X) AppleWebKit/536.26 (KHTML, like Gecko) Version/6.0 Mobile/10B329 Safari/8536.25"
76.17.45.172 - - [18/Aug/2013:14:22:26 -0400] "GET /SpryAssets/SpryMenuBarVertical.css HTTP/1.1" 200 4594 "http://www.brainandneurospine.com/colle_bio.html" "Mozilla/5.0 (iPad; CPU OS 6_1_3 like Mac OS X) AppleWebKit/536.26 (KHTML, like Gecko) Version/6.0 Mobile/10B329 Safari/8536.25"
76.17.45.172 - - [18/Aug/2013:14:22:26 -0400] "GET /images/Dr-Kyle-Colle.jpg HTTP/1.1" 200 50756 "http://www.brainandneurospine.com/colle_bio.html" "Mozilla/5.0 (iPad; CPU OS 6_1_3 like Mac OS X) AppleWebKit/536.26 (KHTML, like Gecko) Version/6.0 Mobile/10B329 Safari/8536.25"
76.17.45.172 - - [18/Aug/2013:14:22:26 -0400] "GET /graphics/gray-background.jpg HTTP/1.1" 200 7781 "http://www.brainandneurospine.com/colle_bio.html" "Mozilla/5.0 (iPad; CPU OS 6_1_3 like Mac OS X) AppleWebKit/536.26 (KHTML, like Gecko) Version/6.0 Mobile/10B329 Safari/8536.25"
76.17.45.172 - - [18/Aug/2013:14:22:26 -0400] "GET /graphics/colle-cutout2.gif HTTP/1.1" 200 7469 "http://www.brainandneurospine.com/colle_bio.html" "Mozilla/5.0 (iPad; CPU OS 6_1_3 like Mac OS X) AppleWebKit/536.26 (KHTML, like Gecko) Version/6.0 Mobile/10B329 Safari/8536.25"
76.17.45.172 - - [18/Aug/2013:14:22:26 -0400] "GET /SpryAssets/SpryMenuBarDownHover.gif HTTP/1.1" 200 55 "http://www.brainandneurospine.com/colle_bio.html" "Mozilla/5.0 (iPad; CPU OS 6_1_3 like Mac OS X) AppleWebKit/536.26 (KHTML, like Gecko) Version/6.0 Mobile/10B329 Safari/8536.25"
76.17.45.172 - - [18/Aug/2013:14:22:26 -0400] "GET /graphics/cleaver-guidos-cutout.gif HTTP/1.1" 200 7051 "http://www.brainandneurospine.com/colle_bio.html" "Mozilla/5.0 (iPad; CPU OS 6_1_3 like Mac OS X) AppleWebKit/536.26 (KHTML, like Gecko) Version/6.0 Mobile/10B329 Safari/8536.25"
76.17.45.172 - - [18/Aug/2013:14:22:26 -0400] "GET /SpryAssets/SpryMenuBarRightHover.gif HTTP/1.1" 200 55 "http://www.brainandneurospine.com/colle_bio.html" "Mozilla/5.0 (iPad; CPU OS 6_1_3 like Mac OS X) AppleWebKit/536.26 (KHTML, like Gecko) Version/6.0 Mobile/10B329 Safari/8536.25"
46.119.118.152 - - [18/Aug/2013:03:43:11 -0400] "GET / HTTP/1.1" 200 40346 "http://www.bravica.su/" "Mozilla/4.0 (compatible; MSIE 6.0; Windows NT 5.1; SV1; YPC 3.0.2; .NET CLR 1.1.4322; yplus 4.4.02b)"
188.143.232.111 - - [18/Aug/2013:04:40:16 -0400] "GET /alexander_bio.html HTTP/1.1" 200 16835 "-" "Mozilla/4.0 (compatible; MSIE 6.0; Windows NT 5.1; SV1)"
208.115.113.86 - - [18/Aug/2013:20:04:02 -0400] "GET /2009-what-to-bring.html HTTP/1.1" 200 16202 "-" "Mozilla/5.0 (compatible; Ezooms/1.0; ezooms.bot@gmail.com)"
38.111.147.83 - - [18/Aug/2013:08:09:25 -0400] "GET /paul_bio.html HTTP/1.0" 200 16225 "-" "TurnitinBot/2.1 (http://www.turnitin.com/robot/crawlerinfo.html)"
66.249.73.127 - - [18/Aug/2013:23:38:10 -0400] "GET /meet%20the%20doctors.html HTTP/1.1" 304 - "-" "Mozilla/5.0 (compatible; Googlebot/2.1; +http://www.google.com/bot.html)"
184.154.196.195 - - [18/Aug/2013:15:21:43 -0400] "GET /dr-articles/anesthesia.htm HTTP/1.0" 200 9505 "http://www.brainandneurospine.com/" "Mozilla/4.0 (compatible; MSIE 7.0; Windows NT 5.1; Trident/4.0; .NET CLR 1.1.4322)"
178.137.128.12 - - [18/Aug/2013:00:14:21 -0400] "GET / HTTP/1.1" 200 40346 "http://getmortgage.co.il/" "Mozilla/4.0 (compatible; MSIE 4.01; Digital AlphaServer 1000A 4/233; Windows NT; Powered By 64-Bit Alpha Processor)"
220.255.2.178 - - [18/Aug/2013:00:46:41 -0400] "GET /graphics/clipart/newspaper1.gif HTTP/1.1" 200 11605 "http://www.brainandneurospine.com/dr-articles/parkinson's%20disease.htm" "Mozilla/5.0 (compatible; MSIE 10.0; Windows NT 6.1; WOW64; Trident/6.0)"
131.253.24.14 - - [18/Aug/2013:21:52:22 -0400] "GET /images/Jack-Bagley.jpg HTTP/1.1" 200 120835 "-" "msnbot-media/1.1 (+http://search.msn.com/msnbot.htm)"
220.181.108.146 - - [18/Aug/2013:23:16:04 -0400] "GET /Stories-of-Hope/Stories-of-Hope-Home.html HTTP/1.1" 200 4220 "-" "Mozilla/5.0 (compatible; Baiduspider/2.0; +http://www.baidu.com/search/spider.html)"
38.111.147.83 - - [18/Aug/2013:09:12:03 -0400] "GET /colle_bio.html HTTP/1.0" 304 - "-" "TurnitinBot/2.1 (http://www.turnitin.com/robot/crawlerinfo.html)"
