0byt3m1n1
Path:
/
data
/
0
/
0
/
22
/
99
/
22588
/
meta
/
23067
/
logs
/
[
Home
]
File: x-access_log.2013-08-11
157.56.92.164 - - [11/Aug/2013:12:00:41 -0400] "GET /legacyproductinformatio/sy2reviews.html HTTP/1.1" 200 9011 "-" "Mozilla/5.0 (compatible; bingbot/2.0; +http://www.bing.com/bingbot.htm)"
124.190.89.71 - - [11/Aug/2013:13:53:30 -0400] "GET /scripts/website.css HTTP/1.1" 200 1916 "http://www.pharoahaudio.com/syncheckproducthomepage/syncheckii.html" "Mozilla/5.0 (iPhone; CPU iPhone OS 6_1_3 like Mac OS X) AppleWebKit/536.26 (KHTML, like Gecko) Version/6.0 Mobile/10B329 Safari/8536.25"
124.190.89.71 - - [11/Aug/2013:13:53:33 -0400] "GET /images/95_Syncheck_graphic_wide.JPG HTTP/1.1" 200 1944 "http://www.pharoahaudio.com/syncheckproducthomepage/syncheckii.html" "Mozilla/5.0 (iPhone; CPU iPhone OS 6_1_3 like Mac OS X) AppleWebKit/536.26 (KHTML, like Gecko) Version/6.0 Mobile/10B329 Safari/8536.25"
95.108.151.5 - - [11/Aug/2013:00:31:04 -0400] "GET /images/TheOnlyOne_excerpt.mp3 HTTP/1.1" 200 1902927 "-" "Mozilla/5.0 (compatible; YandexMedia/3.0; +http://yandex.com/bots)"
195.242.218.133 - - [11/Aug/2013:01:34:49 -0400] "GET /ptvideosyncstudy.html HTTP/1.1" 200 41918 "http://en.winpm.ws/" "Mozilla/4.0 (compatible; MSIE 6.0; Windows NT 5.2; Win64; x64; SV1; .NET CLR 2.0.50727)"
99.101.230.192 - - [11/Aug/2013:15:15:21 -0400] "GET /scripts/icwebsiteelement.css HTTP/1.1" 200 8132 "http://www.pharoahaudio.com/sy3specialoffer.html" "Mozilla/5.0 (Macintosh; Intel Mac OS X 10_7_5) AppleWebKit/536.28.10 (KHTML, like Gecko) Version/6.0.3 Safari/536.28.10"
178.77.126.55 - - [11/Aug/2013:17:56:35 -0400] "GET /syncheckproducthomepage.html HTTP/1.1" 200 23731 "-" "Mozilla/5.0 (compatible; CareerBot/1.1; +http://www.career-x.de/bot.html)"
72.21.225.66 - - [11/Aug/2013:07:49:42 -0400] "GET /scripts/template.css HTTP/1.1" 200 11360 "http://www.pharoahaudio.com/ptvideosyncstudy.html" "Mozilla/5.0 (Macintosh; U; Intel Mac OS X 10_5_8; en-us) AppleWebKit/533.18.1 (KHTML, like Gecko) Version/5.0.2 Safari/533.18.5"
72.21.225.66 - - [11/Aug/2013:07:49:42 -0400] "GET /scripts/print.css HTTP/1.1" 200 11209 "http://www.pharoahaudio.com/ptvideosyncstudy.html" "Mozilla/5.0 (Macintosh; U; Intel Mac OS X 10_5_8; en-us) AppleWebKit/533.18.1 (KHTML, like Gecko) Version/5.0.2 Safari/533.18.5"
72.21.225.66 - - [11/Aug/2013:07:49:43 -0400] "GET /scripts/icwebsiteelement.css HTTP/1.1" 200 8132 "http://www.pharoahaudio.com/ptvideosyncstudy.html" "Mozilla/5.0 (Macintosh; U; Intel Mac OS X 10_5_8; en-us) AppleWebKit/533.18.1 (KHTML, like Gecko) Version/5.0.2 Safari/533.18.5"
72.21.225.66 - - [11/Aug/2013:07:49:44 -0400] "GET /images/ic_002_banner_bg_wide.jpg HTTP/1.1" 200 5805 "http://www.pharoahaudio.com/ptvideosyncstudy.html" "Mozilla/5.0 (Macintosh; U; Intel Mac OS X 10_5_8; en-us) AppleWebKit/533.18.1 (KHTML, like Gecko) Version/5.0.2 Safari/533.18.5"
72.21.225.66 - - [11/Aug/2013:07:49:44 -0400] "GET /images/deletekey_contrasted_narrow_featurephoto.jpg HTTP/1.1" 200 3702 "http://www.pharoahaudio.com/ptvideosyncstudy.html" "Mozilla/5.0 (Macintosh; U; Intel Mac OS X 10_5_8; en-us) AppleWebKit/533.18.1 (KHTML, like Gecko) Version/5.0.2 Safari/533.18.5"
72.21.225.66 - - [11/Aug/2013:07:49:45 -0400] "GET /favicon.ico HTTP/1.1" 404 575 "http://www.pharoahaudio.com/ptvideosyncstudy.html" "Mozilla/5.0 (Macintosh; U; Intel Mac OS X 10_5_8; en-us) AppleWebKit/533.18.1 (KHTML, like Gecko) Version/5.0.2 Safari/533.18.5"
91.207.9.226 - - [11/Aug/2013:08:25:29 -0400] "GET /ptvideosyncstudy.html HTTP/1.1" 200 41918 "http://dt93.ru/" "Mozilla/4.0 (compatible; MSIE 6.0; Windows ME) Opera 7.11 [en]"
202.46.53.170 - - [11/Aug/2013:18:42:13 -0400] "GET /productswesell/syncheckii.html HTTP/1.1" 404 575 "-" "Mozilla/5.0 (Windows; U; Windows NT 5.1; zh-CN; rv:1.9.1.2) Firefox/3.5.2"
208.83.156.113 - - [11/Aug/2013:18:53:41 -0400] "GET /scripts/526503custom.css HTTP/1.1" 200 1141 "-" "Mozilla/5.0 (compatible; FatBot 2.0; http://www.thefind.com/crawler)"
37.7.216.15 - - [11/Aug/2013:20:38:12 -0400] "GET /scripts/template.css HTTP/1.1" 200 11360 "http://www.pharoahaudio.com/syncheckproducthomepage.html" "Mozilla/5.0 (Macintosh; Intel Mac OS X 10.6; rv:20.0) Gecko/20100101 Firefox/20.0"
37.7.216.15 - - [11/Aug/2013:20:38:13 -0400] "GET /images/250_SynFlash_New_in_boot.jpg HTTP/1.1" 200 7667 "http://www.pharoahaudio.com/syncheckproducthomepage.html" "Mozilla/5.0 (Macintosh; Intel Mac OS X 10.6; rv:20.0) Gecko/20100101 Firefox/20.0"
208.83.156.160 - - [11/Aug/2013:18:48:50 -0400] "GET /scripts/526554custom.css HTTP/1.1" 200 4177 "-" "Mozilla/5.0 (compatible; FatBot 2.0; http://www.thefind.com/crawler)"
24.129.119.196 - - [11/Aug/2013:20:57:33 -0400] "GET /images/432_T5_open_tweeter_parts.jpg HTTP/1.1" 200 15870 "-" "Mozilla/5.0 (iPad; CPU OS 6_1_3 like Mac OS X) AppleWebKit/536.26 (KHTML, like Gecko) Version/6.0 Mobile/10B329 Safari/8536.25"
113.190.156.188 - - [11/Aug/2013:09:16:14 -0400] "GET /images/photoalbum/button_photoPause.jpg HTTP/1.1" 200 605 "http://www.pharoahaudio.com/yeolderadiomuseum.html" "Mozilla/5.0 (Windows NT 6.1; rv:22.0) Gecko/20100101 Firefox/22.0"
113.190.156.188 - - [11/Aug/2013:09:16:15 -0400] "GET /images/216_Atwater_Kent_82_innards_orig.JPG HTTP/1.1" 200 12169 "http://www.pharoahaudio.com/yeolderadiomuseum.html" "Mozilla/5.0 (Windows NT 6.1; rv:22.0) Gecko/20100101 Firefox/22.0"
113.190.156.188 - - [11/Aug/2013:09:16:16 -0400] "GET /images/480_Amer_Bosch_28_open.jpg HTTP/1.1" 200 37731 "http://www.pharoahaudio.com/yeolderadiomuseum.html" "Mozilla/5.0 (Windows NT 6.1; rv:22.0) Gecko/20100101 Firefox/22.0"
91.207.9.226 - - [11/Aug/2013:21:02:15 -0400] "GET /ptvideosyncstudy.html HTTP/1.1" 200 41918 "http://stroikak.com/" "Mozilla/4.0 (compatible; MSIE 6.0; MSIE 5.5; Windows NT 4.0) Opera 7.0 [en]"
66.249.72.72 - - [11/Aug/2013:12:04:35 -0400] "GET /syncheckproducthomepage/returnpolicy.html HTTP/1.1" 200 11495 "-" "Mozilla/5.0 (compatible; Googlebot/2.1; +http://www.google.com/bot.html)"
157.56.92.164 - - [11/Aug/2013:12:00:41 -0400] "GET /legacyproductinformatio/sy2reviews.html HTTP/1.1" 200 9011 "-" "Mozilla/5.0 (compatible; bingbot/2.0; +http://www.bing.com/bingbot.htm)"
124.190.89.71 - - [11/Aug/2013:13:53:30 -0400] "GET /scripts/website.css HTTP/1.1" 200 1916 "http://www.pharoahaudio.com/syncheckproducthomepage/syncheckii.html" "Mozilla/5.0 (iPhone; CPU iPhone OS 6_1_3 like Mac OS X) AppleWebKit/536.26 (KHTML, like Gecko) Version/6.0 Mobile/10B329 Safari/8536.25"
124.190.89.71 - - [11/Aug/2013:13:53:33 -0400] "GET /images/95_Syncheck_graphic_wide.JPG HTTP/1.1" 200 1944 "http://www.pharoahaudio.com/syncheckproducthomepage/syncheckii.html" "Mozilla/5.0 (iPhone; CPU iPhone OS 6_1_3 like Mac OS X) AppleWebKit/536.26 (KHTML, like Gecko) Version/6.0 Mobile/10B329 Safari/8536.25"
95.108.151.5 - - [11/Aug/2013:00:31:04 -0400] "GET /images/TheOnlyOne_excerpt.mp3 HTTP/1.1" 200 1902927 "-" "Mozilla/5.0 (compatible; YandexMedia/3.0; +http://yandex.com/bots)"
195.242.218.133 - - [11/Aug/2013:01:34:49 -0400] "GET /ptvideosyncstudy.html HTTP/1.1" 200 41918 "http://en.winpm.ws/" "Mozilla/4.0 (compatible; MSIE 6.0; Windows NT 5.2; Win64; x64; SV1; .NET CLR 2.0.50727)"
99.101.230.192 - - [11/Aug/2013:15:15:21 -0400] "GET /scripts/icwebsiteelement.css HTTP/1.1" 200 8132 "http://www.pharoahaudio.com/sy3specialoffer.html" "Mozilla/5.0 (Macintosh; Intel Mac OS X 10_7_5) AppleWebKit/536.28.10 (KHTML, like Gecko) Version/6.0.3 Safari/536.28.10"
178.77.126.55 - - [11/Aug/2013:17:56:35 -0400] "GET /syncheckproducthomepage.html HTTP/1.1" 200 23731 "-" "Mozilla/5.0 (compatible; CareerBot/1.1; +http://www.career-x.de/bot.html)"
72.21.225.66 - - [11/Aug/2013:07:49:42 -0400] "GET /scripts/template.css HTTP/1.1" 200 11360 "http://www.pharoahaudio.com/ptvideosyncstudy.html" "Mozilla/5.0 (Macintosh; U; Intel Mac OS X 10_5_8; en-us) AppleWebKit/533.18.1 (KHTML, like Gecko) Version/5.0.2 Safari/533.18.5"
72.21.225.66 - - [11/Aug/2013:07:49:42 -0400] "GET /scripts/print.css HTTP/1.1" 200 11209 "http://www.pharoahaudio.com/ptvideosyncstudy.html" "Mozilla/5.0 (Macintosh; U; Intel Mac OS X 10_5_8; en-us) AppleWebKit/533.18.1 (KHTML, like Gecko) Version/5.0.2 Safari/533.18.5"
72.21.225.66 - - [11/Aug/2013:07:49:43 -0400] "GET /scripts/icwebsiteelement.css HTTP/1.1" 200 8132 "http://www.pharoahaudio.com/ptvideosyncstudy.html" "Mozilla/5.0 (Macintosh; U; Intel Mac OS X 10_5_8; en-us) AppleWebKit/533.18.1 (KHTML, like Gecko) Version/5.0.2 Safari/533.18.5"
72.21.225.66 - - [11/Aug/2013:07:49:44 -0400] "GET /images/ic_002_banner_bg_wide.jpg HTTP/1.1" 200 5805 "http://www.pharoahaudio.com/ptvideosyncstudy.html" "Mozilla/5.0 (Macintosh; U; Intel Mac OS X 10_5_8; en-us) AppleWebKit/533.18.1 (KHTML, like Gecko) Version/5.0.2 Safari/533.18.5"
72.21.225.66 - - [11/Aug/2013:07:49:44 -0400] "GET /images/deletekey_contrasted_narrow_featurephoto.jpg HTTP/1.1" 200 3702 "http://www.pharoahaudio.com/ptvideosyncstudy.html" "Mozilla/5.0 (Macintosh; U; Intel Mac OS X 10_5_8; en-us) AppleWebKit/533.18.1 (KHTML, like Gecko) Version/5.0.2 Safari/533.18.5"
72.21.225.66 - - [11/Aug/2013:07:49:45 -0400] "GET /favicon.ico HTTP/1.1" 404 575 "http://www.pharoahaudio.com/ptvideosyncstudy.html" "Mozilla/5.0 (Macintosh; U; Intel Mac OS X 10_5_8; en-us) AppleWebKit/533.18.1 (KHTML, like Gecko) Version/5.0.2 Safari/533.18.5"
91.207.9.226 - - [11/Aug/2013:08:25:29 -0400] "GET /ptvideosyncstudy.html HTTP/1.1" 200 41918 "http://dt93.ru/" "Mozilla/4.0 (compatible; MSIE 6.0; Windows ME) Opera 7.11 [en]"
202.46.53.170 - - [11/Aug/2013:18:42:13 -0400] "GET /productswesell/syncheckii.html HTTP/1.1" 404 575 "-" "Mozilla/5.0 (Windows; U; Windows NT 5.1; zh-CN; rv:1.9.1.2) Firefox/3.5.2"
208.83.156.113 - - [11/Aug/2013:18:53:41 -0400] "GET /scripts/526503custom.css HTTP/1.1" 200 1141 "-" "Mozilla/5.0 (compatible; FatBot 2.0; http://www.thefind.com/crawler)"
37.7.216.15 - - [11/Aug/2013:20:38:12 -0400] "GET /scripts/template.css HTTP/1.1" 200 11360 "http://www.pharoahaudio.com/syncheckproducthomepage.html" "Mozilla/5.0 (Macintosh; Intel Mac OS X 10.6; rv:20.0) Gecko/20100101 Firefox/20.0"
37.7.216.15 - - [11/Aug/2013:20:38:13 -0400] "GET /images/250_SynFlash_New_in_boot.jpg HTTP/1.1" 200 7667 "http://www.pharoahaudio.com/syncheckproducthomepage.html" "Mozilla/5.0 (Macintosh; Intel Mac OS X 10.6; rv:20.0) Gecko/20100101 Firefox/20.0"
208.83.156.160 - - [11/Aug/2013:18:48:50 -0400] "GET /scripts/526554custom.css HTTP/1.1" 200 4177 "-" "Mozilla/5.0 (compatible; FatBot 2.0; http://www.thefind.com/crawler)"
24.129.119.196 - - [11/Aug/2013:20:57:33 -0400] "GET /images/432_T5_open_tweeter_parts.jpg HTTP/1.1" 200 15870 "-" "Mozilla/5.0 (iPad; CPU OS 6_1_3 like Mac OS X) AppleWebKit/536.26 (KHTML, like Gecko) Version/6.0 Mobile/10B329 Safari/8536.25"
113.190.156.188 - - [11/Aug/2013:09:16:14 -0400] "GET /images/photoalbum/button_photoPause.jpg HTTP/1.1" 200 605 "http://www.pharoahaudio.com/yeolderadiomuseum.html" "Mozilla/5.0 (Windows NT 6.1; rv:22.0) Gecko/20100101 Firefox/22.0"
113.190.156.188 - - [11/Aug/2013:09:16:15 -0400] "GET /images/216_Atwater_Kent_82_innards_orig.JPG HTTP/1.1" 200 12169 "http://www.pharoahaudio.com/yeolderadiomuseum.html" "Mozilla/5.0 (Windows NT 6.1; rv:22.0) Gecko/20100101 Firefox/22.0"
113.190.156.188 - - [11/Aug/2013:09:16:16 -0400] "GET /images/480_Amer_Bosch_28_open.jpg HTTP/1.1" 200 37731 "http://www.pharoahaudio.com/yeolderadiomuseum.html" "Mozilla/5.0 (Windows NT 6.1; rv:22.0) Gecko/20100101 Firefox/22.0"
91.207.9.226 - - [11/Aug/2013:21:02:15 -0400] "GET /ptvideosyncstudy.html HTTP/1.1" 200 41918 "http://stroikak.com/" "Mozilla/4.0 (compatible; MSIE 6.0; MSIE 5.5; Windows NT 4.0) Opera 7.0 [en]"
66.249.72.72 - - [11/Aug/2013:12:04:35 -0400] "GET /syncheckproducthomepage/returnpolicy.html HTTP/1.1" 200 11495 "-" "Mozilla/5.0 (compatible; Googlebot/2.1; +http://www.google.com/bot.html)"
208.83.156.154 - - [11/Aug/2013:14:56:04 -0400] "GET /scripts/526515custom.css HTTP/1.1" 200 3841 "-" "Mozilla/5.0 (compatible; FatBot 2.0; http://www.thefind.com/crawler)"
121.44.219.37 - - [11/Aug/2013:06:05:58 -0400] "GET /images/448_R26_08_antenna_mounted_back.JPG HTTP/1.1" 200 16416 "-" "Mozilla/5.0 (iPad; CPU OS 6_1_3 like Mac OS X) AppleWebKit/536.26 (KHTML, like Gecko) Version/6.0 Mobile/10B329 Safari/8536.25"
173.199.114.195 - - [11/Aug/2013:08:53:41 -0400] "GET /radiola26part4.html HTTP/1.1" 200 26882 "-" "Mozilla/5.0 (compatible; AhrefsBot/4.0; +http://ahrefs.com/robot/)"
208.83.156.158 - - [11/Aug/2013:15:04:52 -0400] "GET /scripts/526551custom.css HTTP/1.1" 200 3835 "-" "Mozilla/5.0 (compatible; FatBot 2.0; http://www.thefind.com/crawler)"
180.76.5.66 - - [11/Aug/2013:18:59:17 -0400] "GET /robots.txt HTTP/1.1" 200 25 "-" "Mozilla/5.0 (Windows NT 5.1; rv:6.0.2) Gecko/20100101 Firefox/6.0.2"
123.125.71.75 - - [11/Aug/2013:19:19:40 -0400] "GET /scripts/user.js HTTP/1.1" 200 23762 "http://www.pharoahaudio.com/soundhomepage/facility.html" "Mozilla/5.0 (X11; U; Linux x86_64; en-US; rv:1.9) Gecko Minefield/3.0"
66.249.85.62 - - [11/Aug/2013:20:56:28 -0400] "GET /scripts/user.js HTTP/1.1" 200 23762 "http://www.pharoahaudio.com/tweeterfixpart2.html" "Mozilla/5.0 (X11; Linux x86_64) AppleWebKit/537.4 (KHTML, like Gecko; Google Web Preview) Chrome/22.0.1229 Safari/537.4"
66.249.72.72 - - [11/Aug/2013:14:38:43 -0400] "GET /syncheckproducthomepage/shippingcosts.html HTTP/1.1" 200 10581 "-" "SAMSUNG-SGH-E250/1.0 Profile/MIDP-2.0 Configuration/CLDC-1.1 UP.Browser/6.2.3.3.c.1.101 (GUI) MMP/2.0 (compatible; Googlebot-Mobile/2.1; +http://www.google.com/bot.html)"
66.249.72.72 - - [11/Aug/2013:14:54:25 -0400] "GET /images/Syncheck_user_manual_v1.0.8.pdf HTTP/1.1" 304 - "-" "Mozilla/5.0 (compatible; Googlebot/2.1; +http://www.google.com/bot.html)"
113.190.156.188 - - [11/Aug/2013:09:16:14 -0400] "GET /images/photoalbum/button_photoPrev.jpg HTTP/1.1" 200 656 "http://www.pharoahaudio.com/yeolderadiomuseum.html" "Mozilla/5.0 (Windows NT 6.1; rv:22.0) Gecko/20100101 Firefox/22.0"
113.190.156.188 - - [11/Aug/2013:09:16:14 -0400] "GET /images/photoalbum/button_photoFirst.jpg HTTP/1.1" 200 637 "http://www.pharoahaudio.com/yeolderadiomuseum.html" "Mozilla/5.0 (Windows NT 6.1; rv:22.0) Gecko/20100101 Firefox/22.0"
113.190.156.188 - - [11/Aug/2013:09:16:15 -0400] "GET /images/photoalbum/button_photoSpeed4.jpg HTTP/1.1" 200 506 "http://www.pharoahaudio.com/yeolderadiomuseum.html" "Mozilla/5.0 (Windows NT 6.1; rv:22.0) Gecko/20100101 Firefox/22.0"
113.190.156.188 - - [11/Aug/2013:09:16:15 -0400] "GET /images/ic_002_body_bg.gif HTTP/1.1" 200 304 "http://www.pharoahaudio.com/scripts/template.css" "Mozilla/5.0 (Windows NT 6.1; rv:22.0) Gecko/20100101 Firefox/22.0"
113.190.156.188 - - [11/Aug/2013:09:16:15 -0400] "GET /images/480_Radiola_26_small_branded.jpg HTTP/1.1" 200 26536 "http://www.pharoahaudio.com/yeolderadiomuseum.html" "Mozilla/5.0 (Windows NT 6.1; rv:22.0) Gecko/20100101 Firefox/22.0"
113.190.156.188 - - [11/Aug/2013:09:16:15 -0400] "GET /images/366_Grigsby_Grunow_Hinds_Majestic.jpg HTTP/1.1" 200 14824 "http://www.pharoahaudio.com/yeolderadiomuseum.html" "Mozilla/5.0 (Windows NT 6.1; rv:22.0) Gecko/20100101 Firefox/22.0"
113.190.156.188 - - [11/Aug/2013:09:16:18 -0400] "GET /images/480_Philco_38-10.jpg HTTP/1.1" 200 29074 "http://www.pharoahaudio.com/yeolderadiomuseum.html" "Mozilla/5.0 (Windows NT 6.1; rv:22.0) Gecko/20100101 Firefox/22.0"
113.190.156.188 - - [11/Aug/2013:09:16:21 -0400] "GET /images/480_Marconi_202.jpg HTTP/1.1" 200 31301 "http://www.pharoahaudio.com/yeolderadiomuseum.html" "Mozilla/5.0 (Windows NT 6.1; rv:22.0) Gecko/20100101 Firefox/22.0"
113.190.156.188 - - [11/Aug/2013:09:16:23 -0400] "GET /images/480_EMUD_RJ196.JPG HTTP/1.1" 200 37308 "http://www.pharoahaudio.com/yeolderadiomuseum.html" "Mozilla/5.0 (Windows NT 6.1; rv:22.0) Gecko/20100101 Firefox/22.0"
193.252.149.16 - - [11/Aug/2013:06:56:45 -0400] "GET /images/SyncheckII_D_marrage_rapide_fr.pdf HTTP/1.1" 200 127554 "-" "Mozilla/5.0 (Windows; U; Windows NT 5.1; fr; rv:1.8.1) VoilaBot BETA 1.2 (support.voilabot@orange-ftgroup.com)"
198.211.105.73 - - [11/Aug/2013:07:02:56 -0400] "GET / HTTP/1.1" 200 14579 "-" "Mozilla/5.0 (Windows NT 6.1; WOW64; rv:21.0) Gecko/20100101 Firefox/21.0"
72.21.225.66 - - [11/Aug/2013:07:49:42 -0400] "GET /scripts/ic_globals_published.js HTTP/1.1" 200 566 "http://www.pharoahaudio.com/ptvideosyncstudy.html" "Mozilla/5.0 (Macintosh; U; Intel Mac OS X 10_5_8; en-us) AppleWebKit/533.18.1 (KHTML, like Gecko) Version/5.0.2 Safari/533.18.5"
72.21.225.66 - - [11/Aug/2013:07:49:42 -0400] "GET /scripts/website.css HTTP/1.1" 200 1916 "http://www.pharoahaudio.com/ptvideosyncstudy.html" "Mozilla/5.0 (Macintosh; U; Intel Mac OS X 10_5_8; en-us) AppleWebKit/533.18.1 (KHTML, like Gecko) Version/5.0.2 Safari/533.18.5"
50.17.198.129 - - [11/Aug/2013:08:36:49 -0400] "GET /contact.html HTTP/1.0" 200 13135 "-" "-"
95.108.151.5 - - [11/Aug/2013:00:24:10 -0400] "GET /images/I_Need_Love_excerpt.mp3 HTTP/1.1" 200 5602000 "-" "Mozilla/5.0 (compatible; YandexMedia/3.0; +http://yandex.com/bots)"
157.55.32.97 - - [11/Aug/2013:00:31:29 -0400] "GET /scripts/526509custom.css HTTP/1.1" 200 1746 "-" "Mozilla/5.0 (compatible; bingbot/2.0; +http://www.bing.com/bingbot.htm)"
220.181.89.166 - - [11/Aug/2013:00:53:03 -0400] "GET /syncheckproducthomepage.html HTTP/1.1" 200 23731 "-" "Sogou web spider/4.0(+http://www.sogou.com/docs/help/webmasters.htm#07)"
157.55.35.78 - - [11/Aug/2013:04:13:35 -0400] "GET /ak55cpart1.html HTTP/1.1" 200 21701 "-" "Mozilla/5.0 (compatible; bingbot/2.0; +http://www.bing.com/bingbot.htm)"
124.190.89.71 - - [11/Aug/2013:13:53:30 -0400] "GET /scripts/photoalbum.js HTTP/1.1" 200 62481 "http://www.pharoahaudio.com/syncheckproducthomepage/syncheckii.html" "Mozilla/5.0 (iPhone; CPU iPhone OS 6_1_3 like Mac OS X) AppleWebKit/536.26 (KHTML, like Gecko) Version/6.0 Mobile/10B329 Safari/8536.25"
124.190.89.71 - - [11/Aug/2013:13:53:36 -0400] "GET /images/560_SY_table_angled_BGwhite.JPG HTTP/1.1" 200 30010 "http://www.pharoahaudio.com/syncheckproducthomepage/syncheckii.html" "Mozilla/5.0 (iPhone; CPU iPhone OS 6_1_3 like Mac OS X) AppleWebKit/536.26 (KHTML, like Gecko) Version/6.0 Mobile/10B329 Safari/8536.25"
124.190.89.71 - - [11/Aug/2013:13:53:38 -0400] "GET /scripts/print.css HTTP/1.1" 200 11209 "http://www.pharoahaudio.com/syncheckproducthomepage/syncheckii.html" "Mozilla/5.0 (iPhone; CPU iPhone OS 6_1_3 like Mac OS X) AppleWebKit/536.26 (KHTML, like Gecko) Version/6.0 Mobile/10B329 Safari/8536.25"
113.190.156.188 - - [11/Aug/2013:09:16:14 -0400] "GET /images/photoalbum/button_photoNext.jpg HTTP/1.1" 200 662 "http://www.pharoahaudio.com/yeolderadiomuseum.html" "Mozilla/5.0 (Windows NT 6.1; rv:22.0) Gecko/20100101 Firefox/22.0"
113.190.156.188 - - [11/Aug/2013:09:16:14 -0400] "GET /images/photoalbum/button_photoSpeed1_ON.jpg HTTP/1.1" 200 476 "http://www.pharoahaudio.com/yeolderadiomuseum.html" "Mozilla/5.0 (Windows NT 6.1; rv:22.0) Gecko/20100101 Firefox/22.0"
113.190.156.188 - - [11/Aug/2013:09:16:15 -0400] "GET /images/170_AK55C_refinished_front.JPG HTTP/1.1" 200 7480 "http://www.pharoahaudio.com/yeolderadiomuseum.html" "Mozilla/5.0 (Windows NT 6.1; rv:22.0) Gecko/20100101 Firefox/22.0"
113.190.156.188 - - [11/Aug/2013:09:16:15 -0400] "GET /images/181_Radiola_26_small_branded.jpg HTTP/1.1" 200 5165 "http://www.pharoahaudio.com/yeolderadiomuseum.html" "Mozilla/5.0 (Windows NT 6.1; rv:22.0) Gecko/20100101 Firefox/22.0"
113.190.156.188 - - [11/Aug/2013:09:16:16 -0400] "GET /images/399_Bosch_Model_28_with_AmplionAR19.jpg HTTP/1.1" 200 26270 "http://www.pharoahaudio.com/yeolderadiomuseum.html" "Mozilla/5.0 (Windows NT 6.1; rv:22.0) Gecko/20100101 Firefox/22.0"
113.190.156.188 - - [11/Aug/2013:09:16:16 -0400] "GET /images/480_Zenith_6-S-27_frontback.jpg HTTP/1.1" 200 41545 "http://www.pharoahaudio.com/yeolderadiomuseum.html" "Mozilla/5.0 (Windows NT 6.1; rv:22.0) Gecko/20100101 Firefox/22.0"
113.190.156.188 - - [11/Aug/2013:09:16:22 -0400] "GET /images/480_Motorola_51M1U_battery_AC_1951_OpCl.jpg HTTP/1.1" 200 24084 "http://www.pharoahaudio.com/yeolderadiomuseum.html" "Mozilla/5.0 (Windows NT 6.1; rv:22.0) Gecko/20100101 Firefox/22.0"
113.190.156.188 - - [11/Aug/2013:09:16:23 -0400] "GET /images/94_Crystal_Whisker_Set_early_20s.JPG HTTP/1.1" 200 2213 "http://www.pharoahaudio.com/yeolderadiomuseum.html" "Mozilla/5.0 (Windows NT 6.1; rv:22.0) Gecko/20100101 Firefox/22.0"
113.190.156.188 - - [11/Aug/2013:09:16:24 -0400] "GET /images/71_Grigsby_Grunow_Hinds_Majestic.jpg HTTP/1.1" 200 1988 "http://www.pharoahaudio.com/yeolderadiomuseum.html" "Mozilla/5.0 (Windows NT 6.1; rv:22.0) Gecko/20100101 Firefox/22.0"
113.190.156.188 - - [11/Aug/2013:09:16:24 -0400] "GET /images/94_Sparton5218.JPG HTTP/1.1" 200 2536 "http://www.pharoahaudio.com/yeolderadiomuseum.html" "Mozilla/5.0 (Windows NT 6.1; rv:22.0) Gecko/20100101 Firefox/22.0"
113.190.156.188 - - [11/Aug/2013:09:16:25 -0400] "GET /images/94_Philco_46-1226_console.jpg HTTP/1.1" 200 3244 "http://www.pharoahaudio.com/yeolderadiomuseum.html" "Mozilla/5.0 (Windows NT 6.1; rv:22.0) Gecko/20100101 Firefox/22.0"
113.190.156.188 - - [11/Aug/2013:09:16:25 -0400] "GET /images/94_EMUD_RJ196.JPG HTTP/1.1" 200 2894 "http://www.pharoahaudio.com/yeolderadiomuseum.html" "Mozilla/5.0 (Windows NT 6.1; rv:22.0) Gecko/20100101 Firefox/22.0"
113.190.156.188 - - [11/Aug/2013:09:16:26 -0400] "GET /images/480_RCA_56X.jpg HTTP/1.1" 200 17302 "http://www.pharoahaudio.com/yeolderadiomuseum.html" "Mozilla/5.0 (Windows NT 6.1; rv:22.0) Gecko/20100101 Firefox/22.0"
108.5.131.146 - - [11/Aug/2013:18:01:12 -0400] "GET /soundhomepage/news.html HTTP/1.1" 200 14487 "-" "panscient.com"
108.5.131.146 - - [11/Aug/2013:18:01:13 -0400] "GET /scripts/images/photoalbum/button_photoSpeed HTTP/1.1" 404 575 "-" "panscient.com"
66.249.83.72 - - [11/Aug/2013:20:56:28 -0400] "GET /tweeterfixpart2.html HTTP/1.1" 200 19845 "http://www.google.com/search" "Mozilla/5.0 (X11; Linux x86_64) AppleWebKit/537.4 (KHTML, like Gecko; Google Web Preview) Chrome/22.0.1229 Safari/537.4"
66.249.83.72 - - [11/Aug/2013:20:56:28 -0400] "GET /scripts/ic_globals_published.js HTTP/1.1" 200 566 "http://www.pharoahaudio.com/tweeterfixpart2.html" "Mozilla/5.0 (X11; Linux x86_64) AppleWebKit/537.4 (KHTML, like Gecko; Google Web Preview) Chrome/22.0.1229 Safari/537.4"
66.249.83.72 - - [11/Aug/2013:20:56:28 -0400] "GET /scripts/website.css HTTP/1.1" 200 1916 "http://www.pharoahaudio.com/tweeterfixpart2.html" "Mozilla/5.0 (X11; Linux x86_64) AppleWebKit/537.4 (KHTML, like Gecko; Google Web Preview) Chrome/22.0.1229 Safari/537.4"
66.249.83.72 - - [11/Aug/2013:20:56:28 -0400] "GET /scripts/526543.css HTTP/1.1" 200 102 "http://www.pharoahaudio.com/tweeterfixpart2.html" "Mozilla/5.0 (X11; Linux x86_64) AppleWebKit/537.4 (KHTML, like Gecko; Google Web Preview) Chrome/22.0.1229 Safari/537.4"
66.249.83.72 - - [11/Aug/2013:20:56:29 -0400] "GET /scripts/icwebsiteelement.css HTTP/1.1" 200 8132 "http://www.pharoahaudio.com/tweeterfixpart2.html" "Mozilla/5.0 (X11; Linux x86_64) AppleWebKit/537.4 (KHTML, like Gecko; Google Web Preview) Chrome/22.0.1229 Safari/537.4"
66.249.83.72 - - [11/Aug/2013:20:56:29 -0400] "GET /images/ic_002_body_bg.gif HTTP/1.1" 200 304 "http://www.pharoahaudio.com/tweeterfixpart2.html" "Mozilla/5.0 (X11; Linux x86_64) AppleWebKit/537.4 (KHTML, like Gecko; Google Web Preview) Chrome/22.0.1229 Safari/537.4"
66.249.83.72 - - [11/Aug/2013:20:56:29 -0400] "GET /images/432_T6_transparent_mylar_disc.jpg HTTP/1.1" 200 25088 "http://www.pharoahaudio.com/tweeterfixpart2.html" "Mozilla/5.0 (X11; Linux x86_64) AppleWebKit/537.4 (KHTML, like Gecko; Google Web Preview) Chrome/22.0.1229 Safari/537.4"
66.249.83.72 - - [11/Aug/2013:20:56:29 -0400] "GET /images/432_T7_fingerprints.jpg HTTP/1.1" 200 21034 "http://www.pharoahaudio.com/tweeterfixpart2.html" "Mozilla/5.0 (X11; Linux x86_64) AppleWebKit/537.4 (KHTML, like Gecko; Google Web Preview) Chrome/22.0.1229 Safari/537.4"
66.249.83.72 - - [11/Aug/2013:20:56:30 -0400] "GET /images/432_T4_strip_pulled_out.jpg HTTP/1.1" 200 35044 "http://www.pharoahaudio.com/tweeterfixpart2.html" "Mozilla/5.0 (X11; Linux x86_64) AppleWebKit/537.4 (KHTML, like Gecko; Google Web Preview) Chrome/22.0.1229 Safari/537.4"
66.249.83.72 - - [11/Aug/2013:20:56:30 -0400] "GET /scripts/print.css HTTP/1.1" 200 11209 "http://www.pharoahaudio.com/tweeterfixpart2.html" "Mozilla/5.0 (X11; Linux x86_64) AppleWebKit/537.4 (KHTML, like Gecko; Google Web Preview) Chrome/22.0.1229 Safari/537.4"
208.83.156.150 - - [11/Aug/2013:15:14:07 -0400] "GET /scripts/icwebsiteelement.css HTTP/1.1" 200 8132 "-" "Mozilla/5.0 (compatible; FatBot 2.0; http://www.thefind.com/crawler)"
178.255.215.83 - - [11/Aug/2013:00:38:39 -0400] "GET /robots.txt HTTP/1.1" 200 25 "-" "Mozilla/5.0 (compatible; Exabot/3.0 (BiggerBetter); +http://www.exabot.com/go/robot)"
81.169.139.145 - - [11/Aug/2013:22:04:43 -0400] "GET / HTTP/1.1" 200 14579 "-" "Mozilla/5.0 (Windows NT 6.1; WOW64) AppleWebKit/537.17 (KHTML, like Gecko) Chrome/24.0.1312.56 Safari/537.17"
157.55.34.179 - - [11/Aug/2013:22:52:38 -0400] "GET /robots.txt HTTP/1.1" 200 25 "-" "Mozilla/5.0 (compatible; bingbot/2.0; +http://www.bing.com/bingbot.htm)"
79.143.189.122 - - [11/Aug/2013:03:07:00 -0400] "GET /syncheckproducthomepage.html HTTP/1.1" 200 23731 "http://www.syncheck.com/" "Mozilla/5.0 (Windows NT 6.1; WOW64) AppleWebKit/537.36 (KHTML, like Gecko) Chrome/28.0.1500.52 Safari/537.36"
199.30.24.180 - - [11/Aug/2013:03:19:26 -0400] "GET /scripts/526531custom.css HTTP/1.1" 200 3506 "http://www.pharoahaudio.com/radiola26part2.html" "Mozilla/5.0 (Windows NT 6.1; WOW64) AppleWebKit/534+ (KHTML, like Gecko) BingPreview/1.0b"
199.30.24.180 - - [11/Aug/2013:03:19:27 -0400] "GET /images/432_R26_02_lid_open_unexposed.jpg HTTP/1.1" 200 26180 "http://www.pharoahaudio.com/radiola26part2.html" "Mozilla/5.0 (Windows NT 6.1; WOW64) AppleWebKit/534+ (KHTML, like Gecko) BingPreview/1.0b"
94.125.216.16 - - [11/Aug/2013:05:34:09 -0400] "GET /scripts/photoalbum.js HTTP/1.1" 200 62481 "http://www.pharoahaudio.com/tweeterfixpart2.html" "Mozilla/5.0 (iPad; CPU OS 6_1_3 like Mac OS X) AppleWebKit/536.26 (KHTML, like Gecko) Version/6.0 Mobile/10B329 Safari/8536.25"
94.125.216.16 - - [11/Aug/2013:05:34:09 -0400] "GET /images/432_T3_strip_damage.jpg HTTP/1.1" 200 24797 "http://www.pharoahaudio.com/tweeterfixpart2.html" "Mozilla/5.0 (iPad; CPU OS 6_1_3 like Mac OS X) AppleWebKit/536.26 (KHTML, like Gecko) Version/6.0 Mobile/10B329 Safari/8536.25"
220.181.89.166 - - [11/Aug/2013:23:46:45 -0400] "GET /robots.txt HTTP/1.1" 200 25 "-" "Sogou web spider/4.0"
124.190.89.71 - - [11/Aug/2013:13:53:30 -0400] "GET /scripts/template.css HTTP/1.1" 200 11360 "http://www.pharoahaudio.com/syncheckproducthomepage/syncheckii.html" "Mozilla/5.0 (iPhone; CPU iPhone OS 6_1_3 like Mac OS X) AppleWebKit/536.26 (KHTML, like Gecko) Version/6.0 Mobile/10B329 Safari/8536.25"
108.5.131.146 - - [11/Aug/2013:18:00:54 -0400] "GET /scripts/ic_globals_published.js HTTP/1.1" 200 566 "-" "panscient.com"
108.5.131.146 - - [11/Aug/2013:18:00:55 -0400] "GET /syncheckproducthomepage/syncheck3.html HTTP/1.1" 200 21686 "-" "panscient.com"
157.55.35.97 - - [11/Aug/2013:00:01:40 -0400] "GET / HTTP/1.1" 200 14579 "-" "Mozilla/5.0 (compatible; bingbot/2.0; +http://www.bing.com/bingbot.htm)"
123.125.71.94 - - [11/Aug/2013:00:38:18 -0400] "GET /scripts/user.js HTTP/1.1" 200 23762 "http://www.pharoahaudio.com/soundhomepage/videoclips.html" "Mozilla/5.0 (X11; U; Linux x86_64; en-US; rv:1.9) Gecko Minefield/3.0"