98.14.251.174 - - [12/Aug/2013:07:59:31 -0400] "GET /images/94_AK35_front_900_branded.jpg HTTP/1.1" 200 1650 "http://www.pharoahaudio.com/yeolderadiomuseum.html" "Mozilla/5.0 (Windows NT 6.0; rv:22.0) Gecko/20100101 Firefox/22.0"
98.14.251.174 - - [12/Aug/2013:07:59:31 -0400] "GET /images/71_Grigsby_Grunow_Hinds_Majestic.jpg HTTP/1.1" 200 1988 "http://www.pharoahaudio.com/yeolderadiomuseum.html" "Mozilla/5.0 (Windows NT 6.0; rv:22.0) Gecko/20100101 Firefox/22.0"
98.14.251.174 - - [12/Aug/2013:07:59:31 -0400] "GET /images/70_GE_K105.jpg HTTP/1.1" 200 2893 "http://www.pharoahaudio.com/yeolderadiomuseum.html" "Mozilla/5.0 (Windows NT 6.0; rv:22.0) Gecko/20100101 Firefox/22.0"
98.14.251.174 - - [12/Aug/2013:07:59:31 -0400] "GET /images/94_Philco_38-10.jpg HTTP/1.1" 200 2604 "http://www.pharoahaudio.com/yeolderadiomuseum.html" "Mozilla/5.0 (Windows NT 6.0; rv:22.0) Gecko/20100101 Firefox/22.0"
98.14.251.174 - - [12/Aug/2013:07:59:31 -0400] "GET /images/94_GE_GD60.jpg HTTP/1.1" 200 3063 "http://www.pharoahaudio.com/yeolderadiomuseum.html" "Mozilla/5.0 (Windows NT 6.0; rv:22.0) Gecko/20100101 Firefox/22.0"
98.14.251.174 - - [12/Aug/2013:07:59:31 -0400] "GET /images/94_Marconi_202.jpg HTTP/1.1" 200 2680 "http://www.pharoahaudio.com/yeolderadiomuseum.html" "Mozilla/5.0 (Windows NT 6.0; rv:22.0) Gecko/20100101 Firefox/22.0"
98.14.251.174 - - [12/Aug/2013:07:59:31 -0400] "GET /images/94_Philco_49-607_rolltop_combo.JPG HTTP/1.1" 200 2217 "http://www.pharoahaudio.com/yeolderadiomuseum.html" "Mozilla/5.0 (Windows NT 6.0; rv:22.0) Gecko/20100101 Firefox/22.0"
98.14.251.174 - - [12/Aug/2013:07:59:31 -0400] "GET /images/94_Zenith_H511_Consoletone.JPG HTTP/1.1" 200 2164 "http://www.pharoahaudio.com/yeolderadiomuseum.html" "Mozilla/5.0 (Windows NT 6.0; rv:22.0) Gecko/20100101 Firefox/22.0"
98.14.251.174 - - [12/Aug/2013:07:59:31 -0400] "GET /images/94_EMUD_RJ196.JPG HTTP/1.1" 200 2894 "http://www.pharoahaudio.com/yeolderadiomuseum.html" "Mozilla/5.0 (Windows NT 6.0; rv:22.0) Gecko/20100101 Firefox/22.0"
98.14.251.174 - - [12/Aug/2013:07:59:31 -0400] "GET /images/216_Atwater_Kent_82_innards_orig.JPG HTTP/1.1" 200 12169 "http://www.pharoahaudio.com/yeolderadiomuseum.html" "Mozilla/5.0 (Windows NT 6.0; rv:22.0) Gecko/20100101 Firefox/22.0"
198.228.201.154 - - [12/Aug/2013:12:22:46 -0400] "GET /scripts/user.js HTTP/1.1" 200 23762 "http://www.pharoahaudio.com/ptvideosyncstudy.html" "Mozilla/5.0 (iPhone; CPU iPhone OS 6_1_4 like Mac OS X) AppleWebKit/536.26 (KHTML, like Gecko) Version/6.0 Mobile/10B350 Safari/8536.25"
161.51.3.235 - - [12/Aug/2013:14:38:47 -0400] "GET /favicon.ico HTTP/1.1" 404 575 "-" "Mozilla/5.0 (Windows NT 5.1) AppleWebKit/537.36 (KHTML, like Gecko) Chrome/28.0.1500.95 Safari/537.36"
67.50.241.34 - - [12/Aug/2013:16:40:08 -0400] "GET /scripts/template.css HTTP/1.1" 200 11360 "http://www.pharoahaudio.com/syncheckproducthomepage.html" "Mozilla/5.0 (Macintosh; Intel Mac OS X 10_8_3) AppleWebKit/537.36 (KHTML, like Gecko) Chrome/28.0.1500.95 Safari/537.36"
67.50.241.34 - - [12/Aug/2013:16:40:11 -0400] "GET /images/100_Syncheck_graphic_wide.JPG HTTP/1.1" 200 2076 "http://www.pharoahaudio.com/syncheckproducthomepage.html" "Mozilla/5.0 (Macintosh; Intel Mac OS X 10_8_3) AppleWebKit/537.36 (KHTML, like Gecko) Chrome/28.0.1500.95 Safari/537.36"
220.181.108.176 - - [12/Aug/2013:18:58:14 -0400] "GET /syncheckproducthomepage/downloads.html HTTP/1.1" 200 24106 "-" "Mozilla/5.0 (compatible; Baiduspider/2.0; +http://www.baidu.com/search/spider.html)"
12.152.170.131 - - [12/Aug/2013:09:05:06 -0400] "GET /scripts/ic_globals_published.js HTTP/1.1" 200 566 "http://www.pharoahaudio.com/syncheckproducthomepage/dvd.html" "Mozilla/5.0 (X11; Ubuntu; Linux x86_64; rv:22.0) Gecko/20100101 Firefox/22.0"
12.152.170.131 - - [12/Aug/2013:09:05:06 -0400] "GET /scripts/526507custom.css HTTP/1.1" 200 1477 "http://www.pharoahaudio.com/syncheckproducthomepage/dvd.html" "Mozilla/5.0 (X11; Ubuntu; Linux x86_64; rv:22.0) Gecko/20100101 Firefox/22.0"
12.152.170.131 - - [12/Aug/2013:09:12:50 -0400] "GET /yeolderadiomuseum.html HTTP/1.1" 200 42663 "http://www.pharoahaudio.com/syncheckproducthomepage/dvd.html" "Mozilla/5.0 (X11; Ubuntu; Linux x86_64; rv:22.0) Gecko/20100101 Firefox/22.0"
12.152.170.131 - - [12/Aug/2013:09:12:50 -0400] "GET /images/181_AK35_front_900_branded.jpg HTTP/1.1" 200 3289 "http://www.pharoahaudio.com/yeolderadiomuseum.html" "Mozilla/5.0 (X11; Ubuntu; Linux x86_64; rv:22.0) Gecko/20100101 Firefox/22.0"
12.152.170.131 - - [12/Aug/2013:09:12:50 -0400] "GET /images/photoalbum/button_photoPause.jpg HTTP/1.1" 200 605 "http://www.pharoahaudio.com/yeolderadiomuseum.html" "Mozilla/5.0 (X11; Ubuntu; Linux x86_64; rv:22.0) Gecko/20100101 Firefox/22.0"
12.152.170.131 - - [12/Aug/2013:09:12:50 -0400] "GET /images/photoalbum/button_photoLast.jpg HTTP/1.1" 200 637 "http://www.pharoahaudio.com/yeolderadiomuseum.html" "Mozilla/5.0 (X11; Ubuntu; Linux x86_64; rv:22.0) Gecko/20100101 Firefox/22.0"
12.152.170.131 - - [12/Aug/2013:09:12:51 -0400] "GET /images/162_Atwater_Kent_Model_82_case_unfinished.JPG HTTP/1.1" 200 7698 "http://www.pharoahaudio.com/yeolderadiomuseum.html" "Mozilla/5.0 (X11; Ubuntu; Linux x86_64; rv:22.0) Gecko/20100101 Firefox/22.0"
12.152.170.131 - - [12/Aug/2013:09:12:51 -0400] "GET /images/480_AK35_front_900_branded.jpg HTTP/1.1" 200 15505 "http://www.pharoahaudio.com/yeolderadiomuseum.html" "Mozilla/5.0 (X11; Ubuntu; Linux x86_64; rv:22.0) Gecko/20100101 Firefox/22.0"
12.152.170.131 - - [12/Aug/2013:09:12:51 -0400] "GET /images/366_Grigsby_Grunow_Hinds_Majestic.jpg HTTP/1.1" 200 14824 "http://www.pharoahaudio.com/yeolderadiomuseum.html" "Mozilla/5.0 (X11; Ubuntu; Linux x86_64; rv:22.0) Gecko/20100101 Firefox/22.0"
12.152.170.131 - - [12/Aug/2013:09:12:51 -0400] "GET /images/480_Zenith_6-S-27_frontback.jpg HTTP/1.1" 200 41545 "http://www.pharoahaudio.com/yeolderadiomuseum.html" "Mozilla/5.0 (X11; Ubuntu; Linux x86_64; rv:22.0) Gecko/20100101 Firefox/22.0"
12.152.170.131 - - [12/Aug/2013:09:12:51 -0400] "GET /images/480_Sparton5218.JPG HTTP/1.1" 200 29409 "http://www.pharoahaudio.com/yeolderadiomuseum.html" "Mozilla/5.0 (X11; Ubuntu; Linux x86_64; rv:22.0) Gecko/20100101 Firefox/22.0"
12.152.170.131 - - [12/Aug/2013:09:12:51 -0400] "GET /images/480_GE_GD60.jpg HTTP/1.1" 200 37777 "http://www.pharoahaudio.com/yeolderadiomuseum.html" "Mozilla/5.0 (X11; Ubuntu; Linux x86_64; rv:22.0) Gecko/20100101 Firefox/22.0"
12.152.170.131 - - [12/Aug/2013:09:12:51 -0400] "GET /images/480_Philco_46-1226_console.jpg HTTP/1.1" 200 34754 "http://www.pharoahaudio.com/yeolderadiomuseum.html" "Mozilla/5.0 (X11; Ubuntu; Linux x86_64; rv:22.0) Gecko/20100101 Firefox/22.0"
12.152.170.131 - - [12/Aug/2013:09:12:51 -0400] "GET /images/480_Motorola_VT107.JPG HTTP/1.1" 200 24097 "http://www.pharoahaudio.com/yeolderadiomuseum.html" "Mozilla/5.0 (X11; Ubuntu; Linux x86_64; rv:22.0) Gecko/20100101 Firefox/22.0"
12.152.170.131 - - [12/Aug/2013:09:12:51 -0400] "GET /images/480_Emerson_830-B.JPG HTTP/1.1" 200 30437 "http://www.pharoahaudio.com/yeolderadiomuseum.html" "Mozilla/5.0 (X11; Ubuntu; Linux x86_64; rv:22.0) Gecko/20100101 Firefox/22.0"
12.152.170.131 - - [12/Aug/2013:09:12:51 -0400] "GET /images/94_Telephone_neckset_earpiece_1919.JPG HTTP/1.1" 200 2323 "http://www.pharoahaudio.com/yeolderadiomuseum.html" "Mozilla/5.0 (X11; Ubuntu; Linux x86_64; rv:22.0) Gecko/20100101 Firefox/22.0"
12.152.170.131 - - [12/Aug/2013:09:12:51 -0400] "GET /images/94_Radiola_26_small_branded.jpg HTTP/1.1" 200 2231 "http://www.pharoahaudio.com/yeolderadiomuseum.html" "Mozilla/5.0 (X11; Ubuntu; Linux x86_64; rv:22.0) Gecko/20100101 Firefox/22.0"
12.152.170.131 - - [12/Aug/2013:09:12:52 -0400] "GET /images/71_Grigsby_Grunow_Hinds_Majestic.jpg HTTP/1.1" 200 1988 "http://www.pharoahaudio.com/yeolderadiomuseum.html" "Mozilla/5.0 (X11; Ubuntu; Linux x86_64; rv:22.0) Gecko/20100101 Firefox/22.0"
12.152.170.131 - - [12/Aug/2013:09:12:52 -0400] "GET /images/70_GE_K105.jpg HTTP/1.1" 200 2893 "http://www.pharoahaudio.com/yeolderadiomuseum.html" "Mozilla/5.0 (X11; Ubuntu; Linux x86_64; rv:22.0) Gecko/20100101 Firefox/22.0"
12.152.170.131 - - [12/Aug/2013:09:12:52 -0400] "GET /images/94_Philco_38-10.jpg HTTP/1.1" 200 2604 "http://www.pharoahaudio.com/yeolderadiomuseum.html" "Mozilla/5.0 (X11; Ubuntu; Linux x86_64; rv:22.0) Gecko/20100101 Firefox/22.0"
12.152.170.131 - - [12/Aug/2013:09:12:52 -0400] "GET /images/94_GE_GD60.jpg HTTP/1.1" 200 3063 "http://www.pharoahaudio.com/yeolderadiomuseum.html" "Mozilla/5.0 (X11; Ubuntu; Linux x86_64; rv:22.0) Gecko/20100101 Firefox/22.0"
12.152.170.131 - - [12/Aug/2013:09:12:52 -0400] "GET /images/94_Marconi_202.jpg HTTP/1.1" 200 2680 "http://www.pharoahaudio.com/yeolderadiomuseum.html" "Mozilla/5.0 (X11; Ubuntu; Linux x86_64; rv:22.0) Gecko/20100101 Firefox/22.0"
12.152.170.131 - - [12/Aug/2013:09:12:52 -0400] "GET /images/94_Philco_49-607_rolltop_combo.JPG HTTP/1.1" 200 2217 "http://www.pharoahaudio.com/yeolderadiomuseum.html" "Mozilla/5.0 (X11; Ubuntu; Linux x86_64; rv:22.0) Gecko/20100101 Firefox/22.0"
12.152.170.131 - - [12/Aug/2013:09:12:52 -0400] "GET /images/94_Emerson_830-B.JPG HTTP/1.1" 200 2950 "http://www.pharoahaudio.com/yeolderadiomuseum.html" "Mozilla/5.0 (X11; Ubuntu; Linux x86_64; rv:22.0) Gecko/20100101 Firefox/22.0"
12.152.170.131 - - [12/Aug/2013:09:12:52 -0400] "GET /images/photoalbum/photo_controlBG.jpg HTTP/1.1" 200 336 "http://www.pharoahaudio.com/scripts/icwebsiteelement.css" "Mozilla/5.0 (X11; Ubuntu; Linux x86_64; rv:22.0) Gecko/20100101 Firefox/22.0"
192.223.163.5 - - [12/Aug/2013:10:25:54 -0400] "GET /scripts/user.js HTTP/1.1" 200 23762 "http://www.pharoahaudio.com/tweeterfixpart1.html" "Mozilla/4.0 (compatible; MSIE 8.0; Windows NT 6.1; WOW64; Trident/4.0; SLCC2; .NET CLR 2.0.50727; .NET CLR 3.5.30729; .NET CLR 3.0.30729; .NET4.0C; .NET4.0E)"
192.223.163.5 - - [12/Aug/2013:10:25:54 -0400] "GET /scripts/526542custom.css HTTP/1.1" 200 2488 "http://www.pharoahaudio.com/tweeterfixpart1.html" "Mozilla/4.0 (compatible; MSIE 8.0; Windows NT 6.1; WOW64; Trident/4.0; SLCC2; .NET CLR 2.0.50727; .NET CLR 3.5.30729; .NET CLR 3.0.30729; .NET4.0C; .NET4.0E)"
67.211.200.121 - - [12/Aug/2013:03:30:49 -0400] "GET /syncheckproducthomepage/distributors.html HTTP/1.0" 200 29733 "-" "Mozilla/5.0 (X11; Ubuntu; Linux x86_64; rv:22.0) Gecko/20100101 Firefox/22.0 support@google.com"
5.199.133.88 - - [12/Aug/2013:03:31:15 -0400] "GET /legacyproductinformatio/synflash.html HTTP/1.0" 200 32246 "-" "Mozilla/5.0 (compatible; MJ12bot/v1.4.3; http://www.majestic12.co.uk/bot.php?+)"
157.55.32.189 - - [12/Aug/2013:00:03:01 -0400] "GET / HTTP/1.1" 200 14579 "-" "Mozilla/5.0 (compatible; bingbot/2.0; +http://www.bing.com/bingbot.htm)"
193.252.118.164 - - [12/Aug/2013:02:32:21 -0400] "GET /images/SynFlash_user_manual_1.05.pdf HTTP/1.1" 200 130442 "-" "Mozilla/5.0 (Windows; U; Windows NT 5.1; fr; rv:1.8.1) VoilaBot BETA 1.2 (support.voilabot@orange-ftgroup.com)"
98.14.251.174 - - [12/Aug/2013:07:59:29 -0400] "GET /scripts/526496custom.css HTTP/1.1" 200 5205 "http://www.pharoahaudio.com/yeolderadiomuseum.html" "Mozilla/5.0 (Windows NT 6.0; rv:22.0) Gecko/20100101 Firefox/22.0"
98.14.251.174 - - [12/Aug/2013:07:59:29 -0400] "GET /images/photoalbum/button_photoPrev.jpg HTTP/1.1" 200 656 "http://www.pharoahaudio.com/yeolderadiomuseum.html" "Mozilla/5.0 (Windows NT 6.0; rv:22.0) Gecko/20100101 Firefox/22.0"
98.14.251.174 - - [12/Aug/2013:07:59:29 -0400] "GET /images/photoalbum/button_photoPause.jpg HTTP/1.1" 200 605 "http://www.pharoahaudio.com/yeolderadiomuseum.html" "Mozilla/5.0 (Windows NT 6.0; rv:22.0) Gecko/20100101 Firefox/22.0"
98.14.251.174 - - [12/Aug/2013:07:59:29 -0400] "GET /images/photoalbum/detail_close.jpg HTTP/1.1" 200 1095 "http://www.pharoahaudio.com/yeolderadiomuseum.html" "Mozilla/5.0 (Windows NT 6.0; rv:22.0) Gecko/20100101 Firefox/22.0"
98.14.251.174 - - [12/Aug/2013:07:59:29 -0400] "GET /images/photoalbum/button_photoSpeed3_ON.jpg HTTP/1.1" 200 587 "http://www.pharoahaudio.com/yeolderadiomuseum.html" "Mozilla/5.0 (Windows NT 6.0; rv:22.0) Gecko/20100101 Firefox/22.0"
98.14.251.174 - - [12/Aug/2013:07:59:29 -0400] "GET /images/480_AK35_front_900_branded.jpg HTTP/1.1" 200 15505 "http://www.pharoahaudio.com/yeolderadiomuseum.html" "Mozilla/5.0 (Windows NT 6.0; rv:22.0) Gecko/20100101 Firefox/22.0"
98.14.251.174 - - [12/Aug/2013:07:59:31 -0400] "GET /images/94_Radiola_26_small_branded.jpg HTTP/1.1" 200 2231 "http://www.pharoahaudio.com/yeolderadiomuseum.html" "Mozilla/5.0 (Windows NT 6.0; rv:22.0) Gecko/20100101 Firefox/22.0"
98.14.251.174 - - [12/Aug/2013:07:59:31 -0400] "GET /images/78_Bosch_Model_28_with_AmplionAR19.jpg HTTP/1.1" 200 2655 "http://www.pharoahaudio.com/yeolderadiomuseum.html" "Mozilla/5.0 (Windows NT 6.0; rv:22.0) Gecko/20100101 Firefox/22.0"
98.14.251.174 - - [12/Aug/2013:07:59:31 -0400] "GET /images/94_Zenith_6-S-27_frontback.jpg HTTP/1.1" 200 3109 "http://www.pharoahaudio.com/yeolderadiomuseum.html" "Mozilla/5.0 (Windows NT 6.0; rv:22.0) Gecko/20100101 Firefox/22.0"
98.14.251.174 - - [12/Aug/2013:07:59:31 -0400] "GET /images/94_Emerson_CX283.jpg HTTP/1.1" 200 2550 "http://www.pharoahaudio.com/yeolderadiomuseum.html" "Mozilla/5.0 (Windows NT 6.0; rv:22.0) Gecko/20100101 Firefox/22.0"
98.14.251.174 - - [12/Aug/2013:07:59:31 -0400] "GET /images/94_Westinghouse_WR169_orig.jpg HTTP/1.1" 200 3267 "http://www.pharoahaudio.com/yeolderadiomuseum.html" "Mozilla/5.0 (Windows NT 6.0; rv:22.0) Gecko/20100101 Firefox/22.0"
98.14.251.174 - - [12/Aug/2013:07:59:31 -0400] "GET /images/94_RCA_56X.jpg HTTP/1.1" 200 1934 "http://www.pharoahaudio.com/yeolderadiomuseum.html" "Mozilla/5.0 (Windows NT 6.0; rv:22.0) Gecko/20100101 Firefox/22.0"
98.14.251.174 - - [12/Aug/2013:07:59:31 -0400] "GET /images/94_Motorola_51M1U_battery_AC_1951_OpCl.jpg HTTP/1.1" 200 2547 "http://www.pharoahaudio.com/yeolderadiomuseum.html" "Mozilla/5.0 (Windows NT 6.0; rv:22.0) Gecko/20100101 Firefox/22.0"
98.14.251.174 - - [12/Aug/2013:07:59:31 -0400] "GET /images/94_Emerson_830-B.JPG HTTP/1.1" 200 2950 "http://www.pharoahaudio.com/yeolderadiomuseum.html" "Mozilla/5.0 (Windows NT 6.0; rv:22.0) Gecko/20100101 Firefox/22.0"
98.14.251.174 - - [12/Aug/2013:07:59:31 -0400] "GET /images/photoalbum/photo_controlBG.jpg HTTP/1.1" 200 336 "http://www.pharoahaudio.com/scripts/icwebsiteelement.css" "Mozilla/5.0 (Windows NT 6.0; rv:22.0) Gecko/20100101 Firefox/22.0"
98.14.251.174 - - [12/Aug/2013:07:59:31 -0400] "GET /images/Majestic_reversed_for_pages.jpg HTTP/1.1" 200 6769 "http://www.pharoahaudio.com/scripts/526496.css" "Mozilla/5.0 (Windows NT 6.0; rv:22.0) Gecko/20100101 Firefox/22.0"
212.156.144.66 - - [12/Aug/2013:08:23:27 -0400] "GET /scripts/template.css HTTP/1.0" 200 11360 "http://www.pharoahaudio.com/syncheckproducthomepage.html" "Mozilla/5.0 (iPhone; CPU iPhone OS 6_1_3 like Mac OS X) AppleWebKit/536.26 (KHTML, like Gecko) Version/6.0 Mobile/10B329 Safari/8536.25"
212.156.144.66 - - [12/Aug/2013:08:23:29 -0400] "GET /images/300_SY3_handheld_toward_tv.jpg HTTP/1.0" 200 10416 "http://www.pharoahaudio.com/syncheckproducthomepage.html" "Mozilla/5.0 (iPhone; CPU iPhone OS 6_1_3 like Mac OS X) AppleWebKit/536.26 (KHTML, like Gecko) Version/6.0 Mobile/10B329 Safari/8536.25"
98.221.180.181 - - [12/Aug/2013:18:28:51 -0400] "GET /images/800_Radiola_26_small_branded.jpg HTTP/1.1" 200 69343 "http://www.google.com/blank.html" "Mozilla/5.0 (compatible; MSIE 10.0; Windows NT 6.1; WOW64; Trident/6.0)"
84.24.44.15 - - [12/Aug/2013:14:25:02 -0400] "GET /scripts/526507custom.css HTTP/1.1" 200 1477 "http://www.pharoahaudio.com/syncheckproducthomepage/dvd.html" "Mozilla/5.0 (iPad; CPU OS 6_1_3 like Mac OS X) AppleWebKit/536.26 (KHTML, like Gecko) Version/6.0 Mobile/10B329 Safari/8536.25"
84.24.44.15 - - [12/Aug/2013:14:25:02 -0400] "GET /images/102_dvd_logo.jpg HTTP/1.1" 200 1688 "http://www.pharoahaudio.com/syncheckproducthomepage/dvd.html" "Mozilla/5.0 (iPad; CPU OS 6_1_3 like Mac OS X) AppleWebKit/536.26 (KHTML, like Gecko) Version/6.0 Mobile/10B329 Safari/8536.25"
216.243.5.76 - - [12/Aug/2013:22:23:28 -0400] "GET /scripts/icwebsiteelement.css HTTP/1.1" 200 8132 "http://www.pharoahaudio.com/syncheckproducthomepage.html" "Mozilla/5.0 (Macintosh; Intel Mac OS X 10_8_4) AppleWebKit/536.30.1 (KHTML, like Gecko) Version/6.0.5 Safari/536.30.1"
216.243.5.76 - - [12/Aug/2013:22:24:55 -0400] "GET /favicon.ico HTTP/1.1" 404 575 "http://www.pharoahaudio.com/syncheckproducthomepage.html" "Mozilla/5.0 (Macintosh; Intel Mac OS X 10_8_4) AppleWebKit/536.30.1 (KHTML, like Gecko) Version/6.0.5 Safari/536.30.1"
81.169.139.145 - - [12/Aug/2013:03:14:53 -0400] "GET / HTTP/1.1" 200 14579 "-" "Mozilla/5.0 (Windows NT 6.1; WOW64) AppleWebKit/537.17 (KHTML, like Gecko) Chrome/24.0.1312.56 Safari/537.17"
220.181.89.174 - - [12/Aug/2013:03:36:57 -0400] "GET /robots.txt HTTP/1.1" 200 25 "-" "Sogou web spider/4.0\x01"
209.66.97.107 - - [12/Aug/2013:04:41:12 -0400] "GET /scripts/website.css HTTP/1.1" 200 1916 "http://www.pharoahaudio.com/syncheckproducthomepage.html" "Mozilla/5.0 (X11; Ubuntu; Linux x86_64; rv:16.0) Gecko/20100101 Firefox/16.0"
209.66.97.107 - - [12/Aug/2013:04:41:13 -0400] "GET /images/300_SY3_handheld_toward_tv.jpg HTTP/1.1" 200 10416 "http://www.pharoahaudio.com/syncheckproducthomepage.html" "Mozilla/5.0 (X11; Ubuntu; Linux x86_64; rv:16.0) Gecko/20100101 Firefox/16.0"
46.118.126.194 - - [12/Aug/2013:09:06:19 -0400] "GET /ptvideosyncstudy.html HTTP/1.1" 200 41918 "http://youtubeviewspromotion.com/" "Mozilla/4.0 (compatible; MSIE 6.0; Windows NT 5.1; .NET CLR 1.0.3705)"
12.152.170.131 - - [12/Aug/2013:09:11:43 -0400] "GET /images/321_SY3_tabletop2_straight.jpg HTTP/1.1" 200 23729 "http://www.pharoahaudio.com/syncheckproducthomepage/syncheck3.html" "Mozilla/5.0 (X11; Ubuntu; Linux x86_64; rv:22.0) Gecko/20100101 Firefox/22.0"
12.152.170.131 - - [12/Aug/2013:09:17:06 -0400] "GET /images/712_GE_K105.jpg HTTP/1.1" 200 89022 "http://www.pharoahaudio.com/yeolderadiomuseum.html" "Mozilla/5.0 (X11; Ubuntu; Linux x86_64; rv:22.0) Gecko/20100101 Firefox/22.0"
12.152.170.131 - - [12/Aug/2013:09:17:08 -0400] "GET /images/950_Zenith_6-S-27_frontback.jpg HTTP/1.1" 200 117284 "http://www.pharoahaudio.com/yeolderadiomuseum.html" "Mozilla/5.0 (X11; Ubuntu; Linux x86_64; rv:22.0) Gecko/20100101 Firefox/22.0"
64.125.177.124 - - [12/Aug/2013:10:51:09 -0400] "GET /scripts/526496.css HTTP/1.1" 200 102 "http://www.pharoahaudio.com/yeolderadiomuseum.html" "Mozilla/5.0 (Windows NT 6.1; WOW64; rv:24.0) Gecko/20100101 Firefox/24.0"
64.125.177.124 - - [12/Aug/2013:10:51:09 -0400] "GET /images/181_AK35_front_900_branded.jpg HTTP/1.1" 200 3289 "http://www.pharoahaudio.com/yeolderadiomuseum.html" "Mozilla/5.0 (Windows NT 6.1; WOW64; rv:24.0) Gecko/20100101 Firefox/24.0"
64.125.177.124 - - [12/Aug/2013:10:51:09 -0400] "GET /images/photoalbum/button_photoPause.jpg HTTP/1.1" 200 605 "http://www.pharoahaudio.com/yeolderadiomuseum.html" "Mozilla/5.0 (Windows NT 6.1; WOW64; rv:24.0) Gecko/20100101 Firefox/24.0"
64.125.177.124 - - [12/Aug/2013:10:51:09 -0400] "GET /images/photoalbum/button_photoFirst.jpg HTTP/1.1" 200 637 "http://www.pharoahaudio.com/yeolderadiomuseum.html" "Mozilla/5.0 (Windows NT 6.1; WOW64; rv:24.0) Gecko/20100101 Firefox/24.0"
64.125.177.124 - - [12/Aug/2013:10:51:09 -0400] "GET /images/photoalbum/button_photoSpeed5.jpg HTTP/1.1" 200 502 "http://www.pharoahaudio.com/yeolderadiomuseum.html" "Mozilla/5.0 (Windows NT 6.1; WOW64; rv:24.0) Gecko/20100101 Firefox/24.0"
64.125.177.124 - - [12/Aug/2013:10:51:09 -0400] "GET /images/480_Lektophone_speaker.jpg HTTP/1.1" 200 37653 "http://www.pharoahaudio.com/yeolderadiomuseum.html" "Mozilla/5.0 (Windows NT 6.1; WOW64; rv:24.0) Gecko/20100101 Firefox/24.0"
64.125.177.124 - - [12/Aug/2013:10:51:09 -0400] "GET /images/480_RCA_56X.jpg HTTP/1.1" 200 17302 "http://www.pharoahaudio.com/yeolderadiomuseum.html" "Mozilla/5.0 (Windows NT 6.1; WOW64; rv:24.0) Gecko/20100101 Firefox/24.0"
64.125.177.124 - - [12/Aug/2013:10:51:09 -0400] "GET /images/94_Crosley51_OpCl.jpg HTTP/1.1" 200 3242 "http://www.pharoahaudio.com/yeolderadiomuseum.html" "Mozilla/5.0 (Windows NT 6.1; WOW64; rv:24.0) Gecko/20100101 Firefox/24.0"
64.125.177.124 - - [12/Aug/2013:10:51:09 -0400] "GET /images/94_Amer_Bosch_28_open.jpg HTTP/1.1" 200 3202 "http://www.pharoahaudio.com/yeolderadiomuseum.html" "Mozilla/5.0 (Windows NT 6.1; WOW64; rv:24.0) Gecko/20100101 Firefox/24.0"
64.125.177.124 - - [12/Aug/2013:10:51:09 -0400] "GET /images/94_Emerson_CX283.jpg HTTP/1.1" 200 2550 "http://www.pharoahaudio.com/yeolderadiomuseum.html" "Mozilla/5.0 (Windows NT 6.1; WOW64; rv:24.0) Gecko/20100101 Firefox/24.0"
64.125.177.124 - - [12/Aug/2013:10:51:09 -0400] "GET /images/94_RCA_56X.jpg HTTP/1.1" 200 1934 "http://www.pharoahaudio.com/yeolderadiomuseum.html" "Mozilla/5.0 (Windows NT 6.1; WOW64; rv:24.0) Gecko/20100101 Firefox/24.0"
64.125.177.124 - - [12/Aug/2013:10:51:09 -0400] "GET /images/77_Tower_6157_Geiger_Counter.JPG HTTP/1.1" 200 3061 "http://www.pharoahaudio.com/yeolderadiomuseum.html" "Mozilla/5.0 (Windows NT 6.1; WOW64; rv:24.0) Gecko/20100101 Firefox/24.0"
31.31.73.93 - - [12/Aug/2013:11:51:19 -0400] "GET /viewforum.php?f=2 HTTP/1.0" 404 575 "-" "Mozilla/5.0 (compatible; MJ12bot/v1.4.3; http://www.majestic12.co.uk/bot.php?+)"
187.37.28.107 - - [12/Aug/2013:21:19:01 -0400] "GET /scripts/website.css HTTP/1.1" 200 1916 "http://www.pharoahaudio.com/syncheckproducthomepage.html" "Mozilla/5.0 (Windows NT 5.1) AppleWebKit/537.36 (KHTML, like Gecko) Chrome/28.0.1500.95 Safari/537.36"
187.37.28.107 - - [12/Aug/2013:21:19:02 -0400] "GET /scripts/photoalbum.js HTTP/1.1" 200 62481 "http://www.pharoahaudio.com/syncheckproducthomepage.html" "Mozilla/5.0 (Windows NT 5.1) AppleWebKit/537.36 (KHTML, like Gecko) Chrome/28.0.1500.95 Safari/537.36"
65.55.213.68 - - [12/Aug/2013:12:38:07 -0400] "GET /syncheckproducthomepage/syncheck3.html HTTP/1.1" 200 21686 "-" "msnbot/2.0b (+http://search.msn.com/msnbot.htm)"
180.76.5.12 - - [12/Aug/2013:12:38:10 -0400] "GET /radiola26part1.html HTTP/1.1" 200 20077 "-" "Mozilla/5.0 (compatible; Baiduspider/2.0; +http://www.baidu.com/search/spider.html)"
84.24.44.15 - - [12/Aug/2013:13:41:57 -0400] "GET /scripts/photoalbum.js HTTP/1.1" 200 62481 "http://www.pharoahaudio.com/ptvideosyncstudy.html" "Mozilla/5.0 (iPad; CPU OS 6_1_3 like Mac OS X) AppleWebKit/536.26 (KHTML, like Gecko) Version/6.0 Mobile/10B329 Safari/8536.25"
84.24.44.15 - - [12/Aug/2013:13:44:44 -0400] "GET /images/250_SynFlash_New_in_boot.jpg HTTP/1.1" 200 7667 "http://www.pharoahaudio.com/syncheckproducthomepage.html" "Mozilla/5.0 (iPad; CPU OS 6_1_3 like Mac OS X) AppleWebKit/536.26 (KHTML, like Gecko) Version/6.0 Mobile/10B329 Safari/8536.25"
84.24.44.15 - - [12/Aug/2013:14:25:02 -0400] "GET /syncheckproducthomepage/dvd.html HTTP/1.1" 200 11942 "http://www.pharoahaudio.com/syncheckproducthomepage/buyonline.html" "Mozilla/5.0 (iPad; CPU OS 6_1_3 like Mac OS X) AppleWebKit/536.26 (KHTML, like Gecko) Version/6.0 Mobile/10B329 Safari/8536.25"
161.254.0.195 - - [12/Aug/2013:15:07:04 -0400] "GET /syncheckproducthomepage.html HTTP/1.1" 304 - "-" "Mozilla/5.0 (iPad; CPU OS 6_1_3 like Mac OS X) AppleWebKit/536.26 (KHTML, like Gecko) Version/6.0 Mobile/10B329 Safari/8536.25"
161.254.0.195 - - [12/Aug/2013:15:07:05 -0400] "GET /scripts/ic_globals_published.js HTTP/1.1" 304 - "http://www.pharoahaudio.com/syncheckproducthomepage.html" "Mozilla/5.0 (iPad; CPU OS 6_1_3 like Mac OS X) AppleWebKit/536.26 (KHTML, like Gecko) Version/6.0 Mobile/10B329 Safari/8536.25"
161.254.0.195 - - [12/Aug/2013:15:07:05 -0400] "GET /scripts/icwebsiteelement.css HTTP/1.1" 304 - "http://www.pharoahaudio.com/syncheckproducthomepage.html" "Mozilla/5.0 (iPad; CPU OS 6_1_3 like Mac OS X) AppleWebKit/536.26 (KHTML, like Gecko) Version/6.0 Mobile/10B329 Safari/8536.25"
161.254.0.195 - - [12/Aug/2013:15:07:05 -0400] "GET /images/ic_002_body_bg.gif HTTP/1.1" 304 - "http://www.pharoahaudio.com/syncheckproducthomepage.html" "Mozilla/5.0 (iPad; CPU OS 6_1_3 like Mac OS X) AppleWebKit/536.26 (KHTML, like Gecko) Version/6.0 Mobile/10B329 Safari/8536.25"
161.254.0.195 - - [12/Aug/2013:15:07:05 -0400] "GET /scripts/print.css HTTP/1.1" 304 - "http://www.pharoahaudio.com/syncheckproducthomepage.html" "Mozilla/5.0 (iPad; CPU OS 6_1_3 like Mac OS X) AppleWebKit/536.26 (KHTML, like Gecko) Version/6.0 Mobile/10B329 Safari/8536.25"
195.198.160.186 - - [12/Aug/2013:16:33:42 -0400] "GET /scripts/ic_globals_published.js HTTP/1.1" 200 566 "http://www.pharoahaudio.com/syncheckproducthomepage.html" "Mozilla/5.0 (Macintosh; Intel Mac OS X 10.8; rv:22.0) Gecko/20100101 Firefox/22.0"
195.198.160.186 - - [12/Aug/2013:16:33:43 -0400] "GET /images/ic_002_body_bg.gif HTTP/1.1" 200 304 "http://www.pharoahaudio.com/scripts/template.css" "Mozilla/5.0 (Macintosh; Intel Mac OS X 10.8; rv:22.0) Gecko/20100101 Firefox/22.0"
94.125.216.16 - - [12/Aug/2013:17:53:35 -0400] "GET /scripts/user.js HTTP/1.1" 304 - "http://www.pharoahaudio.com/tweeterfixpart2.html" "Mozilla/5.0 (iPad; CPU OS 6_1_3 like Mac OS X) AppleWebKit/536.26 (KHTML, like Gecko) Version/6.0 Mobile/10B329 Safari/8536.25"
94.125.216.16 - - [12/Aug/2013:17:53:35 -0400] "GET /images/ic_002_body_bg.gif HTTP/1.1" 304 - "http://www.pharoahaudio.com/tweeterfixpart2.html" "Mozilla/5.0 (iPad; CPU OS 6_1_3 like Mac OS X) AppleWebKit/536.26 (KHTML, like Gecko) Version/6.0 Mobile/10B329 Safari/8536.25"
94.125.216.16 - - [12/Aug/2013:17:53:35 -0400] "GET /images/Majestic_reversed_for_pages.jpg HTTP/1.1" 304 - "http://www.pharoahaudio.com/tweeterfixpart2.html" "Mozilla/5.0 (iPad; CPU OS 6_1_3 like Mac OS X) AppleWebKit/536.26 (KHTML, like Gecko) Version/6.0 Mobile/10B329 Safari/8536.25"
94.125.216.16 - - [12/Aug/2013:17:53:36 -0400] "GET /scripts/print.css HTTP/1.1" 304 - "http://www.pharoahaudio.com/tweeterfixpart2.html" "Mozilla/5.0 (iPad; CPU OS 6_1_3 like Mac OS X) AppleWebKit/536.26 (KHTML, like Gecko) Version/6.0 Mobile/10B329 Safari/8536.25"
81.52.143.36 - - [12/Aug/2013:03:32:17 -0400] "GET /sy3specialoffer.html HTTP/1.1" 200 12085 "-" "Mozilla/5.0 (Windows; U; Windows NT 5.1; fr; rv:1.8.1) VoilaBot BETA 1.2 (support.voilabot@orange-ftgroup.com)"
209.66.97.107 - - [12/Aug/2013:04:41:12 -0400] "GET /scripts/ic_globals_published.js HTTP/1.1" 200 566 "http://www.pharoahaudio.com/syncheckproducthomepage.html" "Mozilla/5.0 (X11; Ubuntu; Linux x86_64; rv:16.0) Gecko/20100101 Firefox/16.0"
209.66.97.107 - - [12/Aug/2013:04:41:13 -0400] "GET /images/292_SY3_tabletop2_straight.jpg HTTP/1.1" 200 20162 "http://www.pharoahaudio.com/syncheckproducthomepage.html" "Mozilla/5.0 (X11; Ubuntu; Linux x86_64; rv:16.0) Gecko/20100101 Firefox/16.0"
94.228.180.6 - - [12/Aug/2013:05:16:37 -0400] "GET /scripts/user.js HTTP/1.1" 200 23762 "http://www.pharoahaudio.com/syncheckproducthomepage.html" "Mozilla/5.0 (Macintosh; Intel Mac OS X 10_6_8) AppleWebKit/534.59.8 (KHTML, like Gecko) Version/5.1.9 Safari/534.59.8"
94.228.180.6 - - [12/Aug/2013:05:16:37 -0400] "GET /images/300_SY3_handheld_toward_tv.jpg HTTP/1.1" 200 10416 "http://www.pharoahaudio.com/syncheckproducthomepage.html" "Mozilla/5.0 (Macintosh; Intel Mac OS X 10_6_8) AppleWebKit/534.59.8 (KHTML, like Gecko) Version/5.1.9 Safari/534.59.8"
12.152.170.131 - - [12/Aug/2013:09:05:06 -0400] "GET /scripts/photoalbum.js HTTP/1.1" 200 62481 "http://www.pharoahaudio.com/syncheckproducthomepage/dvd.html" "Mozilla/5.0 (X11; Ubuntu; Linux x86_64; rv:22.0) Gecko/20100101 Firefox/22.0"
193.252.149.16 - - [12/Aug/2013:09:48:25 -0400] "GET /826mix.html HTTP/1.1" 200 8716 "-" "Mozilla/5.0 (Windows; U; Windows NT 5.1; fr; rv:1.8.1) VoilaBot BETA 1.2 (support.voilabot@orange-ftgroup.com)"
209.66.97.113 - - [12/Aug/2013:10:09:17 -0400] "GET /scripts/ic_globals_published.js HTTP/1.0" 200 566 "http://www.pharoahaudio.com/syncheckproducthomepage/syncheck3.html" "Mozilla/5.0 (Windows NT 6.1) AppleWebKit/537.36 (KHTML, like Gecko) Chrome/28.0.1500.95 Safari/537.36"
101.227.4.27 - - [12/Aug/2013:10:32:44 -0400] "GET / HTTP/1.1" 200 14579 "-" "Mozilla/5.0 (compatible; YYSpider; +http://www.yunyun.com/spider.html)"
99.232.0.11 - - [12/Aug/2013:11:42:10 -0400] "GET /images/94_Telephone_neckset_earpiece_1919.JPG HTTP/1.1" 200 2323 "http://www.pharoahaudio.com/yeolderadiomuseum.html" "Mozilla/5.0 (Macintosh; Intel Mac OS X 10_6_8) AppleWebKit/534.59.8 (KHTML, like Gecko) Version/5.1.9 Safari/534.59.8"
193.43.252.252 - - [12/Aug/2013:11:54:19 -0400] "GET /syncheckproducthomepage.html HTTP/1.0" 200 23731 "http://filesonload.com" "Opera/9.80 (Windows NT 5.1; Edition Ukraine Local) Presto/2.12.388 Version/12.10"
157.55.34.179 - - [12/Aug/2013:21:12:02 -0400] "GET /scripts/526548.css HTTP/1.1" 200 102 "-" "Mozilla/5.0 (compatible; bingbot/2.0; +http://www.bing.com/bingbot.htm)"
123.125.71.69 - - [12/Aug/2013:01:12:09 -0400] "GET /scripts/user.js HTTP/1.1" 200 23762 "http://www.pharoahaudio.com/syncheckproducthomepage.html" "Mozilla/5.0 (X11; U; Linux x86_64; en-US; rv:1.9) Gecko Minefield/3.0"
92.249.127.111 - - [12/Aug/2013:06:12:17 -0400] "GET /ptvideosyncstudy.html HTTP/1.1" 200 41918 "http://sovetogorod.ru/cveti_astri_virashivanie.html" "Mozilla/5.0 (compatible; news bot /2.1)"
93.152.104.66 - - [12/Aug/2013:06:28:37 -0400] "GET /favicon.ico HTTP/1.1" 404 575 "-" "Mozilla/5.0 (Windows NT 5.1) AppleWebKit/537.36 (KHTML, like Gecko) Chrome/28.0.1500.95 Safari/537.36"
98.14.251.174 - - [12/Aug/2013:07:59:24 -0400] "GET /scripts/ic_globals_published.js HTTP/1.1" 200 566 "http://www.pharoahaudio.com/" "Mozilla/5.0 (Windows NT 6.0; rv:22.0) Gecko/20100101 Firefox/22.0"
98.14.251.174 - - [12/Aug/2013:07:59:24 -0400] "GET /scripts/print.css HTTP/1.1" 200 11209 "http://www.pharoahaudio.com/" "Mozilla/5.0 (Windows NT 6.0; rv:22.0) Gecko/20100101 Firefox/22.0"
84.24.44.15 - - [12/Aug/2013:14:24:32 -0400] "GET /syncheckproducthomepage/distributors.html HTTP/1.1" 200 29733 "http://www.pharoahaudio.com/syncheckproducthomepage/buyonline.html" "Mozilla/5.0 (iPad; CPU OS 6_1_3 like Mac OS X) AppleWebKit/536.26 (KHTML, like Gecko) Version/6.0 Mobile/10B329 Safari/8536.25"
84.24.44.15 - - [12/Aug/2013:14:24:33 -0400] "GET /images/130_CyberFarm_bw.gif HTTP/1.1" 200 596 "http://www.pharoahaudio.com/syncheckproducthomepage/distributors.html" "Mozilla/5.0 (iPad; CPU OS 6_1_3 like Mac OS X) AppleWebKit/536.26 (KHTML, like Gecko) Version/6.0 Mobile/10B329 Safari/8536.25"
84.24.44.15 - - [12/Aug/2013:14:24:33 -0400] "GET /images/121_poland_flag.jpg HTTP/1.1" 200 1710 "http://www.pharoahaudio.com/syncheckproducthomepage/distributors.html" "Mozilla/5.0 (iPad; CPU OS 6_1_3 like Mac OS X) AppleWebKit/536.26 (KHTML, like Gecko) Version/6.0 Mobile/10B329 Safari/8536.25"
84.24.44.15 - - [12/Aug/2013:14:24:33 -0400] "GET /images/181_logo_Markertek.jpg HTTP/1.1" 200 4011 "http://www.pharoahaudio.com/syncheckproducthomepage/distributors.html" "Mozilla/5.0 (iPad; CPU OS 6_1_3 like Mac OS X) AppleWebKit/536.26 (KHTML, like Gecko) Version/6.0 Mobile/10B329 Safari/8536.25"
161.51.3.235 - - [12/Aug/2013:14:38:37 -0400] "GET /scripts/template.css HTTP/1.1" 200 11360 "http://www.pharoahaudio.com/mmworthit.html" "Mozilla/5.0 (Windows NT 5.1) AppleWebKit/537.36 (KHTML, like Gecko) Chrome/28.0.1500.95 Safari/537.36"
161.51.3.235 - - [12/Aug/2013:14:38:38 -0400] "GET /images/180_Syncheck_graphic_wide.JPG HTTP/1.1" 200 3403 "http://www.pharoahaudio.com/mmworthit.html" "Mozilla/5.0 (Windows NT 5.1) AppleWebKit/537.36 (KHTML, like Gecko) Chrome/28.0.1500.95 Safari/537.36"
71.227.26.114 - - [12/Aug/2013:18:49:28 -0400] "GET /scripts/template.css HTTP/1.1" 200 11360 "http://www.pharoahaudio.com/ak55cpart1.html" "Mozilla/5.0 (Windows NT 6.1; WOW64) AppleWebKit/537.36 (KHTML, like Gecko) Chrome/28.0.1500.95 Safari/537.36"
71.227.26.114 - - [12/Aug/2013:18:49:30 -0400] "GET /images/448_AK55-05.JPG HTTP/1.1" 200 20154 "http://www.pharoahaudio.com/ak55cpart1.html" "Mozilla/5.0 (Windows NT 6.1; WOW64) AppleWebKit/537.36 (KHTML, like Gecko) Chrome/28.0.1500.95 Safari/537.36"
66.249.74.29 - - [12/Aug/2013:19:48:02 -0400] "GET /ak55cpart4.html HTTP/1.1" 200 24374 "-" "Mozilla/5.0 (compatible; Googlebot/2.1; +http://www.google.com/bot.html)"
46.118.126.194 - - [12/Aug/2013:03:17:23 -0400] "GET /ptvideosyncstudy.html HTTP/1.1" 200 41918 "http://golden-praga.ru/" "Mozilla/4.0 (compatible; MSIE 6.0; Windows NT 5.1; FREE; .NET CLR 1.1.4322)"
67.211.200.121 - - [12/Aug/2013:03:30:47 -0400] "GET /yeolderadiomuseum.html HTTP/1.0" 200 42663 "-" "Mozilla/5.0 (X11; Ubuntu; Linux x86_64; rv:22.0) Gecko/20100101 Firefox/22.0 support@google.com"
180.26.224.205 - - [12/Aug/2013:05:42:21 -0400] "GET /syncheckproducthomepage.html HTTP/1.1" 200 23731 "-" "Mozilla/5.0 (Macintosh; Intel Mac OS X 10_6_8) AppleWebKit/534.57.2 (KHTML, like Gecko) Version/5.1.7 Safari/534.57.2"
180.26.224.205 - - [12/Aug/2013:05:42:22 -0400] "GET /scripts/526493custom.css HTTP/1.1" 200 3102 "http://www.pharoahaudio.com/syncheckproducthomepage.html" "Mozilla/5.0 (Macintosh; Intel Mac OS X 10_6_8) AppleWebKit/534.57.2 (KHTML, like Gecko) Version/5.1.7 Safari/534.57.2"
180.26.224.205 - - [12/Aug/2013:05:42:23 -0400] "GET /images/292_SY3_tabletop2_straight.jpg HTTP/1.1" 200 20162 "http://www.pharoahaudio.com/syncheckproducthomepage.html" "Mozilla/5.0 (Macintosh; Intel Mac OS X 10_6_8) AppleWebKit/534.57.2 (KHTML, like Gecko) Version/5.1.7 Safari/534.57.2"
180.26.224.205 - - [12/Aug/2013:05:42:23 -0400] "GET /scripts/print.css HTTP/1.1" 200 11209 "http://www.pharoahaudio.com/syncheckproducthomepage.html" "Mozilla/5.0 (Macintosh; Intel Mac OS X 10_6_8) AppleWebKit/534.57.2 (KHTML, like Gecko) Version/5.1.7 Safari/534.57.2"
180.26.224.205 - - [12/Aug/2013:05:42:24 -0400] "GET /favicon.ico HTTP/1.1" 404 575 "http://www.pharoahaudio.com/syncheckproducthomepage.html" "Mozilla/5.0 (Macintosh; Intel Mac OS X 10_6_8) AppleWebKit/534.57.2 (KHTML, like Gecko) Version/5.1.7 Safari/534.57.2"
64.125.177.124 - - [12/Aug/2013:10:47:02 -0400] "GET /soundhomepage/aboutrichardfairbanks.html HTTP/1.1" 200 14943 "http://www.pharoahaudio.com/syncheckproducthomepage/syncheck3.html" "Mozilla/5.0 (Windows NT 6.1; WOW64; rv:24.0) Gecko/20100101 Firefox/24.0"
64.125.177.124 - - [12/Aug/2013:10:47:02 -0400] "GET /scripts/526501custom.css HTTP/1.1" 200 2152 "http://www.pharoahaudio.com/soundhomepage/aboutrichardfairbanks.html" "Mozilla/5.0 (Windows NT 6.1; WOW64; rv:24.0) Gecko/20100101 Firefox/24.0"
64.125.177.124 - - [12/Aug/2013:10:47:02 -0400] "GET /images/359_Richard_Fairbanks.JPG HTTP/1.1" 200 20024 "http://www.pharoahaudio.com/soundhomepage/aboutrichardfairbanks.html" "Mozilla/5.0 (Windows NT 6.1; WOW64; rv:24.0) Gecko/20100101 Firefox/24.0"
64.125.177.124 - - [12/Aug/2013:10:47:02 -0400] "GET /images/deletekey_contrasted_narrow_featurephoto.jpg HTTP/1.1" 200 3702 "http://www.pharoahaudio.com/scripts/website.css" "Mozilla/5.0 (Windows NT 6.1; WOW64; rv:24.0) Gecko/20100101 Firefox/24.0"
64.125.177.124 - - [12/Aug/2013:10:51:08 -0400] "GET /yeolderadiomuseum.html HTTP/1.1" 200 42663 "http://www.pharoahaudio.com/soundhomepage/aboutrichardfairbanks.html" "Mozilla/5.0 (Windows NT 6.1; WOW64; rv:24.0) Gecko/20100101 Firefox/24.0"
64.125.177.124 - - [12/Aug/2013:10:51:09 -0400] "GET /images/photoalbum/button_photoPlay.jpg HTTP/1.1" 200 613 "http://www.pharoahaudio.com/yeolderadiomuseum.html" "Mozilla/5.0 (Windows NT 6.1; WOW64; rv:24.0) Gecko/20100101 Firefox/24.0"
64.125.177.124 - - [12/Aug/2013:10:51:09 -0400] "GET /images/photoalbum/detail_close.jpg HTTP/1.1" 200 1095 "http://www.pharoahaudio.com/yeolderadiomuseum.html" "Mozilla/5.0 (Windows NT 6.1; WOW64; rv:24.0) Gecko/20100101 Firefox/24.0"
64.125.177.124 - - [12/Aug/2013:10:51:09 -0400] "GET /images/photoalbum/button_photoSpeed4.jpg HTTP/1.1" 200 506 "http://www.pharoahaudio.com/yeolderadiomuseum.html" "Mozilla/5.0 (Windows NT 6.1; WOW64; rv:24.0) Gecko/20100101 Firefox/24.0"
64.125.177.124 - - [12/Aug/2013:10:51:09 -0400] "GET /images/480_Telephone_neckset_earpiece_1919.JPG HTTP/1.1" 200 17786 "http://www.pharoahaudio.com/yeolderadiomuseum.html" "Mozilla/5.0 (Windows NT 6.1; WOW64; rv:24.0) Gecko/20100101 Firefox/24.0"
64.125.177.124 - - [12/Aug/2013:10:51:09 -0400] "GET /images/399_Bosch_Model_28_with_AmplionAR19.jpg HTTP/1.1" 200 26270 "http://www.pharoahaudio.com/yeolderadiomuseum.html" "Mozilla/5.0 (Windows NT 6.1; WOW64; rv:24.0) Gecko/20100101 Firefox/24.0"
64.125.177.124 - - [12/Aug/2013:10:51:09 -0400] "GET /images/480_Sparton5218.JPG HTTP/1.1" 200 29409 "http://www.pharoahaudio.com/yeolderadiomuseum.html" "Mozilla/5.0 (Windows NT 6.1; WOW64; rv:24.0) Gecko/20100101 Firefox/24.0"
64.125.177.124 - - [12/Aug/2013:10:51:09 -0400] "GET /images/480_Motorola_VT107.JPG HTTP/1.1" 200 24097 "http://www.pharoahaudio.com/yeolderadiomuseum.html" "Mozilla/5.0 (Windows NT 6.1; WOW64; rv:24.0) Gecko/20100101 Firefox/24.0"
64.125.177.124 - - [12/Aug/2013:10:51:09 -0400] "GET /images/94_Crystal_Whisker_Set_early_20s.JPG HTTP/1.1" 200 2213 "http://www.pharoahaudio.com/yeolderadiomuseum.html" "Mozilla/5.0 (Windows NT 6.1; WOW64; rv:24.0) Gecko/20100101 Firefox/24.0"
64.125.177.124 - - [12/Aug/2013:10:51:09 -0400] "GET /images/78_Bosch_Model_28_with_AmplionAR19.jpg HTTP/1.1" 200 2655 "http://www.pharoahaudio.com/yeolderadiomuseum.html" "Mozilla/5.0 (Windows NT 6.1; WOW64; rv:24.0) Gecko/20100101 Firefox/24.0"
64.125.177.124 - - [12/Aug/2013:10:51:09 -0400] "GET /images/94_Sparton5218.JPG HTTP/1.1" 200 2536 "http://www.pharoahaudio.com/yeolderadiomuseum.html" "Mozilla/5.0 (Windows NT 6.1; WOW64; rv:24.0) Gecko/20100101 Firefox/24.0"
64.125.177.124 - - [12/Aug/2013:10:51:09 -0400] "GET /images/94_Philco_46-1226_console.jpg HTTP/1.1" 200 3244 "http://www.pharoahaudio.com/yeolderadiomuseum.html" "Mozilla/5.0 (Windows NT 6.1; WOW64; rv:24.0) Gecko/20100101 Firefox/24.0"
64.125.177.124 - - [12/Aug/2013:10:51:09 -0400] "GET /images/94_Emerson_830-B.JPG HTTP/1.1" 200 2950 "http://www.pharoahaudio.com/yeolderadiomuseum.html" "Mozilla/5.0 (Windows NT 6.1; WOW64; rv:24.0) Gecko/20100101 Firefox/24.0"
139.18.11.251 - - [12/Aug/2013:11:05:46 -0400] "GET /scripts/user.js HTTP/1.1" 200 23762 "http://www.pharoahaudio.com/legacyproductinformatio/sy2testimonials.html" "Opera/9.80 (Windows NT 6.1) Presto/2.12.388 Version/12.16"
139.18.11.251 - - [12/Aug/2013:11:05:46 -0400] "GET /scripts/icwebsiteelement.css HTTP/1.1" 200 8132 "http://www.pharoahaudio.com/legacyproductinformatio/sy2testimonials.html" "Opera/9.80 (Windows NT 6.1) Presto/2.12.388 Version/12.16"
27.38.6.48 - - [12/Aug/2013:11:30:36 -0400] "GET /favicon.ico HTTP/1.1" 404 575 "-" "Mozilla/4.0 (compatible; MSIE 7.0; Windows NT 5.1; Trident/4.0; .NET CLR 2.0.50727; 360space)"
99.232.0.11 - - [12/Aug/2013:11:42:14 -0400] "GET /images/94_Westinghouse_WR169_orig.jpg HTTP/1.1" 200 3267 "http://www.pharoahaudio.com/yeolderadiomuseum.html" "Mozilla/5.0 (Macintosh; Intel Mac OS X 10_6_8) AppleWebKit/534.59.8 (KHTML, like Gecko) Version/5.1.9 Safari/534.59.8"
99.232.0.11 - - [12/Aug/2013:11:42:14 -0400] "GET /images/480_Westinghouse_WR169_orig.jpg HTTP/1.1" 200 42320 "http://www.pharoahaudio.com/yeolderadiomuseum.html" "Mozilla/5.0 (Macintosh; Intel Mac OS X 10_6_8) AppleWebKit/534.59.8 (KHTML, like Gecko) Version/5.1.9 Safari/534.59.8"
99.232.0.11 - - [12/Aug/2013:11:42:14 -0400] "GET /images/950_Marconi_202.jpg HTTP/1.1" 200 89926 "http://www.pharoahaudio.com/yeolderadiomuseum.html" "Mozilla/5.0 (Macintosh; Intel Mac OS X 10_6_8) AppleWebKit/534.59.8 (KHTML, like Gecko) Version/5.1.9 Safari/534.59.8"
99.232.0.11 - - [12/Aug/2013:11:42:14 -0400] "GET /images/94_Marconi_202.jpg HTTP/1.1" 200 2680 "http://www.pharoahaudio.com/yeolderadiomuseum.html" "Mozilla/5.0 (Macintosh; Intel Mac OS X 10_6_8) AppleWebKit/534.59.8 (KHTML, like Gecko) Version/5.1.9 Safari/534.59.8"
76.246.233.49 - - [12/Aug/2013:22:05:18 -0400] "GET /scripts/template.css HTTP/1.1" 200 11360 "http://www.pharoahaudio.com/syncheckproducthomepage/syncheck3.html" "Mozilla/5.0 (Macintosh; Intel Mac OS X 10_6_8) AppleWebKit/537.36 (KHTML, like Gecko) Chrome/28.0.1500.95 Safari/537.36"
76.246.233.49 - - [12/Aug/2013:22:05:19 -0400] "GET /scripts/print.css HTTP/1.1" 200 11209 "http://www.pharoahaudio.com/syncheckproducthomepage/syncheck3.html" "Mozilla/5.0 (Macintosh; Intel Mac OS X 10_6_8) AppleWebKit/537.36 (KHTML, like Gecko) Chrome/28.0.1500.95 Safari/537.36"
50.17.113.97 - - [12/Aug/2013:01:08:24 -0400] "HEAD /syncheckproducthomepage.html HTTP/1.1" 200 - "-" "python-requests/1.1.0 CPython/2.7.4 Linux/3.8.0-19-generic"
193.43.252.252 - - [12/Aug/2013:12:05:29 -0400] "GET /syncheckproducthomepage.html HTTP/1.0" 200 23731 "http://filesonload.com" "Mozilla/5.0 (Windows NT 5.1; rv:13.0) Gecko/20100101 Firefox/13.0"
84.24.44.15 - - [12/Aug/2013:13:41:57 -0400] "GET /scripts/template.css HTTP/1.1" 200 11360 "http://www.pharoahaudio.com/ptvideosyncstudy.html" "Mozilla/5.0 (iPad; CPU OS 6_1_3 like Mac OS X) AppleWebKit/536.26 (KHTML, like Gecko) Version/6.0 Mobile/10B329 Safari/8536.25"
208.83.156.117 - - [12/Aug/2013:16:49:40 -0400] "GET /scripts/526496.css HTTP/1.1" 200 102 "-" "Mozilla/5.0 (compatible; FatBot 2.0; http://www.thefind.com/crawler)"
71.227.26.114 - - [12/Aug/2013:18:49:19 -0400] "GET /images/360_AK55-00.JPG HTTP/1.1" 200 21995 "http://www.google.com/blank.html" "Mozilla/5.0 (Windows NT 6.1; WOW64) AppleWebKit/537.36 (KHTML, like Gecko) Chrome/28.0.1500.95 Safari/537.36"
157.55.35.78 - - [12/Aug/2013:20:17:56 -0400] "GET /fusex.html HTTP/1.1" 200 39474 "-" "Mozilla/5.0 (compatible; bingbot/2.0; +http://www.bing.com/bingbot.htm)"
208.83.156.117 - - [12/Aug/2013:16:25:35 -0400] "GET /scripts/526516custom.css HTTP/1.1" 200 1476 "-" "Mozilla/5.0 (compatible; FatBot 2.0; http://www.thefind.com/crawler)"
94.125.216.16 - - [12/Aug/2013:17:53:32 -0400] "GET /scripts/526543.css HTTP/1.1" 304 - "http://www.pharoahaudio.com/tweeterfixpart2.html" "Mozilla/5.0 (iPad; CPU OS 6_1_3 like Mac OS X) AppleWebKit/536.26 (KHTML, like Gecko) Version/6.0 Mobile/10B329 Safari/8536.25"
12.152.170.131 - - [12/Aug/2013:09:20:23 -0400] "GET /images/886_AK35_front_900_branded.jpg HTTP/1.1" 200 37924 "http://www.pharoahaudio.com/yeolderadiomuseum.html" "Mozilla/5.0 (X11; Ubuntu; Linux x86_64; rv:22.0) Gecko/20100101 Firefox/22.0"
93.215.93.128 - - [12/Aug/2013:10:07:37 -0400] "GET /scripts/526493custom.css HTTP/1.1" 200 3102 "http://www.pharoahaudio.com/syncheckproducthomepage.html" "Mozilla/5.0 (Macintosh; Intel Mac OS X 10.7; rv:22.0) Gecko/20100101 Firefox/22.0"
93.215.93.128 - - [12/Aug/2013:10:07:37 -0400] "GET /images/ic_002_banner_bg_wide.jpg HTTP/1.1" 200 5805 "http://www.pharoahaudio.com/scripts/template.css" "Mozilla/5.0 (Macintosh; Intel Mac OS X 10.7; rv:22.0) Gecko/20100101 Firefox/22.0"
93.215.93.128 - - [12/Aug/2013:10:07:52 -0400] "GET /images/hand_left_blue.gif HTTP/1.1" 200 932 "http://www.pharoahaudio.com/ideviceapp.html" "Mozilla/5.0 (Macintosh; Intel Mac OS X 10.7; rv:22.0) Gecko/20100101 Firefox/22.0"
96.33.28.5 - - [12/Aug/2013:10:44:48 -0400] "GET /scripts/print.css HTTP/1.1" 200 11209 "http://www.pharoahaudio.com/ak35repair5.html" "Mozilla/5.0 (Windows NT 6.1; WOW64; rv:22.0) Gecko/20100101 Firefox/22.0"
96.33.28.5 - - [12/Aug/2013:10:44:48 -0400] "GET /images/448_AK35_wiring_completed.JPG HTTP/1.1" 200 27831 "http://www.pharoahaudio.com/ak35repair5.html" "Mozilla/5.0 (Windows NT 6.1; WOW64; rv:22.0) Gecko/20100101 Firefox/22.0"
96.33.28.5 - - [12/Aug/2013:10:44:49 -0400] "GET /images/ic_002_body_bg.gif HTTP/1.1" 200 304 "http://www.pharoahaudio.com/scripts/template.css" "Mozilla/5.0 (Windows NT 6.1; WOW64; rv:22.0) Gecko/20100101 Firefox/22.0"
96.33.28.5 - - [12/Aug/2013:10:44:49 -0400] "GET /images/Majestic_reversed_for_pages.jpg HTTP/1.1" 200 6769 "http://www.pharoahaudio.com/scripts/526525.css" "Mozilla/5.0 (Windows NT 6.1; WOW64; rv:22.0) Gecko/20100101 Firefox/22.0"
31.31.73.93 - - [12/Aug/2013:11:51:42 -0400] "GET /viewtopic.php?f=1&t=7105&st=0&sk=t&sd=a&start=30 HTTP/1.0" 404 575 "-" "Mozilla/5.0 (compatible; MJ12bot/v1.4.3; http://www.majestic12.co.uk/bot.php?+)"
193.43.252.252 - - [12/Aug/2013:11:54:19 -0400] "GET /syncheckproducthomepage.html HTTP/1.0" 200 23731 "http://filesonload.com" "Opera/9.80 (Windows NT 6.1; WOW64; U; ru) Presto/2.10.289 Version/12.02"
157.55.35.78 - - [12/Aug/2013:06:33:32 -0400] "GET /productswesell/faqsyncheckii.html HTTP/1.1" 404 575 "-" "Mozilla/5.0 (compatible; bingbot/2.0; +http://www.bing.com/bingbot.htm)"
83.156.246.124 - - [12/Aug/2013:06:50:53 -0400] "GET /scripts/template.css HTTP/1.1" 200 11360 "http://www.pharoahaudio.com/syncheckproducthomepage.html" "Mozilla/5.0 (iPad; CPU OS 6_1_3 like Mac OS X) AppleWebKit/536.26 (KHTML, like Gecko) Version/6.0 Mobile/10B329 Safari/8536.25"
83.156.246.124 - - [12/Aug/2013:06:50:55 -0400] "GET /images/ic_002_body_bg.gif HTTP/1.1" 200 304 "http://www.pharoahaudio.com/syncheckproducthomepage.html" "Mozilla/5.0 (iPad; CPU OS 6_1_3 like Mac OS X) AppleWebKit/536.26 (KHTML, like Gecko) Version/6.0 Mobile/10B329 Safari/8536.25"
98.14.251.174 - - [12/Aug/2013:07:59:57 -0400] "GET /syncheckproducthomepage/syncheck3.html HTTP/1.1" 200 21686 "http://www.pharoahaudio.com/news.html" "Mozilla/5.0 (Windows NT 6.0; rv:22.0) Gecko/20100101 Firefox/22.0"
82.56.160.136 - - [12/Aug/2013:08:39:18 -0400] "GET /images/540_T1_tweeter_unopened.jpg HTTP/1.1" 200 56975 "https://www.google.it/" "Mozilla/5.0 (iPhone; CPU iPhone OS 6_1_3 like Mac OS X) AppleWebKit/536.26 (KHTML, like Gecko) Version/6.0 Mobile/10B329 Safari/8536.25"
67.211.200.121 - - [12/Aug/2013:03:30:50 -0400] "GET /legacyproductinformatio/sy2testimonials.html HTTP/1.0" 200 13495 "-" "Mozilla/5.0 (X11; Ubuntu; Linux x86_64; rv:22.0) Gecko/20100101 Firefox/22.0 support@google.com"
81.52.143.34 - - [12/Aug/2013:04:13:48 -0400] "GET /ac55cpart5.html HTTP/1.1" 200 23669 "-" "Mozilla/5.0 (Windows; U; Windows NT 5.1; fr; rv:1.8.1) VoilaBot BETA 1.2 (support.voilabot@orange-ftgroup.com)"
65.55.213.69 - - [12/Aug/2013:12:38:05 -0400] "GET /syncheckproducthomepage/distributors.html HTTP/1.1" 200 29733 "-" "msnbot/2.0b (+http://search.msn.com/msnbot.htm)"
5.135.214.224 - - [12/Aug/2013:13:40:38 -0400] "GET /legacyproductinformatio/originalsyncheck.html HTTP/1.0" 200 15206 "http://www.pharoahaudio.com/" "Mozilla/5.0 (Windows NT 5.1) AppleWebKit/537.36 (KHTML, like Gecko) Chrome/28.0.1500.71 Safari/537.36"
187.37.28.107 - - [12/Aug/2013:21:19:01 -0400] "GET /scripts/template.css HTTP/1.1" 200 11360 "http://www.pharoahaudio.com/syncheckproducthomepage.html" "Mozilla/5.0 (Windows NT 5.1) AppleWebKit/537.36 (KHTML, like Gecko) Chrome/28.0.1500.95 Safari/537.36"
216.243.5.76 - - [12/Aug/2013:22:24:46 -0400] "GET /images/250_SynFlash_New_in_boot.jpg HTTP/1.1" 200 7667 "http://www.pharoahaudio.com/syncheckproducthomepage.html" "Mozilla/5.0 (Macintosh; Intel Mac OS X 10_8_4) AppleWebKit/536.30.1 (KHTML, like Gecko) Version/6.0.5 Safari/536.30.1"
5.199.133.88 - - [12/Aug/2013:03:32:30 -0400] "GET /news.html HTTP/1.0" 200 38070 "-" "Mozilla/5.0 (compatible; MJ12bot/v1.4.3; http://www.majestic12.co.uk/bot.php?+)"
61.55.185.108 - - [12/Aug/2013:04:19:50 -0400] "GET /syncheckproducthomepage.html HTTP/1.1" 200 23731 "http://www.pharoahaudio.com/syncheckproducthomepage.html" "Mozilla/5.0 (Windows; U; Windows NT 5.1; zh-CN; rv:1.8.0.11) Firefox/1.5.0.11; 360Spider"
94.228.180.6 - - [12/Aug/2013:05:16:37 -0400] "GET /scripts/ic_globals_published.js HTTP/1.1" 200 566 "http://www.pharoahaudio.com/syncheckproducthomepage.html" "Mozilla/5.0 (Macintosh; Intel Mac OS X 10_6_8) AppleWebKit/534.59.8 (KHTML, like Gecko) Version/5.1.9 Safari/534.59.8"
94.228.180.6 - - [12/Aug/2013:05:16:37 -0400] "GET /images/250_SynFlash_New_in_boot.jpg HTTP/1.1" 200 7667 "http://www.pharoahaudio.com/syncheckproducthomepage.html" "Mozilla/5.0 (Macintosh; Intel Mac OS X 10_6_8) AppleWebKit/534.59.8 (KHTML, like Gecko) Version/5.1.9 Safari/534.59.8"
12.152.170.131 - - [12/Aug/2013:09:13:30 -0400] "GET /images/787_Tower_6157_Geiger_Counter.JPG HTTP/1.1" 200 71743 "http://www.pharoahaudio.com/yeolderadiomuseum.html" "Mozilla/5.0 (X11; Ubuntu; Linux x86_64; rv:22.0) Gecko/20100101 Firefox/22.0"
12.152.170.131 - - [12/Aug/2013:09:19:46 -0400] "GET /images/950_Crosley51_OpCl.jpg HTTP/1.1" 200 80060 "http://www.pharoahaudio.com/yeolderadiomuseum.html" "Mozilla/5.0 (X11; Ubuntu; Linux x86_64; rv:22.0) Gecko/20100101 Firefox/22.0"
12.152.170.131 - - [12/Aug/2013:09:19:48 -0400] "GET /images/800_Radiola_26_small_branded.jpg HTTP/1.1" 200 69343 "http://www.pharoahaudio.com/yeolderadiomuseum.html" "Mozilla/5.0 (X11; Ubuntu; Linux x86_64; rv:22.0) Gecko/20100101 Firefox/22.0"
96.33.28.5 - - [12/Aug/2013:10:44:48 -0400] "GET /scripts/template.css HTTP/1.1" 200 11360 "http://www.pharoahaudio.com/ak35repair5.html" "Mozilla/5.0 (Windows NT 6.1; WOW64; rv:22.0) Gecko/20100101 Firefox/22.0"
96.33.28.5 - - [12/Aug/2013:10:44:48 -0400] "GET /images/448_AK35_tuning_linkage.jpg HTTP/1.1" 200 25172 "http://www.pharoahaudio.com/ak35repair5.html" "Mozilla/5.0 (Windows NT 6.1; WOW64; rv:22.0) Gecko/20100101 Firefox/22.0"
96.33.28.5 - - [12/Aug/2013:10:44:49 -0400] "GET /images/ic_002_banner_bg_wide.jpg HTTP/1.1" 200 5805 "http://www.pharoahaudio.com/scripts/template.css" "Mozilla/5.0 (Windows NT 6.1; WOW64; rv:22.0) Gecko/20100101 Firefox/22.0"
139.18.11.251 - - [12/Aug/2013:11:05:45 -0400] "GET /legacyproductinformatio/sy2testimonials.html HTTP/1.1" 200 13495 "-" "Opera/9.80 (Windows NT 6.1) Presto/2.12.388 Version/12.16"
139.18.11.251 - - [12/Aug/2013:11:05:46 -0400] "GET /scripts/ic_globals_published.js HTTP/1.1" 200 566 "http://www.pharoahaudio.com/legacyproductinformatio/sy2testimonials.html" "Opera/9.80 (Windows NT 6.1) Presto/2.12.388 Version/12.16"
139.18.11.251 - - [12/Aug/2013:11:05:46 -0400] "GET /scripts/526497custom.css HTTP/1.1" 200 1814 "http://www.pharoahaudio.com/legacyproductinformatio/sy2testimonials.html" "Opera/9.80 (Windows NT 6.1) Presto/2.12.388 Version/12.16"
139.18.11.251 - - [12/Aug/2013:11:05:46 -0400] "GET /scripts/icwebsiteelement.css HTTP/1.1" 200 8132 "http://www.pharoahaudio.com/legacyproductinformatio/sy2testimonials.html" "Opera/9.80 (Windows NT 6.1) Presto/2.12.388 Version/12.16"
