139.18.11.251 - - [12/Aug/2013:11:05:46 -0400] "GET /images/hand_left_blue.gif HTTP/1.1" 200 932 "http://www.pharoahaudio.com/legacyproductinformatio/sy2testimonials.html" "Opera/9.80 (Windows NT 6.1) Presto/2.12.388 Version/12.16"
139.18.11.251 - - [12/Aug/2013:11:05:47 -0400] "GET /images/ic_002_banner_bg_wide.jpg HTTP/1.1" 200 5805 "http://www.pharoahaudio.com/legacyproductinformatio/sy2testimonials.html" "Opera/9.80 (Windows NT 6.1) Presto/2.12.388 Version/12.16"
99.232.0.11 - - [12/Aug/2013:11:42:09 -0400] "GET /images/181_Radiola_26_small_branded.jpg HTTP/1.1" 200 5165 "http://www.pharoahaudio.com/yeolderadiomuseum.html" "Mozilla/5.0 (Macintosh; Intel Mac OS X 10_6_8) AppleWebKit/534.59.8 (KHTML, like Gecko) Version/5.1.9 Safari/534.59.8"
99.232.0.11 - - [12/Aug/2013:11:42:09 -0400] "GET /images/photoalbum/detail_close.jpg HTTP/1.1" 200 1095 "http://www.pharoahaudio.com/yeolderadiomuseum.html" "Mozilla/5.0 (Macintosh; Intel Mac OS X 10_6_8) AppleWebKit/534.59.8 (KHTML, like Gecko) Version/5.1.9 Safari/534.59.8"
99.232.0.11 - - [12/Aug/2013:11:42:09 -0400] "GET /images/photoalbum/button_photoFirst.jpg HTTP/1.1" 200 637 "http://www.pharoahaudio.com/yeolderadiomuseum.html" "Mozilla/5.0 (Macintosh; Intel Mac OS X 10_6_8) AppleWebKit/534.59.8 (KHTML, like Gecko) Version/5.1.9 Safari/534.59.8"
208.83.156.153 - - [12/Aug/2013:11:58:44 -0400] "GET /scripts/526544.css HTTP/1.1" 200 102 "-" "Mozilla/5.0 (compatible; FatBot 2.0; http://www.thefind.com/crawler)"
187.37.28.107 - - [12/Aug/2013:21:19:01 -0400] "GET /scripts/icwebsiteelement.css HTTP/1.1" 200 8132 "http://www.pharoahaudio.com/syncheckproducthomepage.html" "Mozilla/5.0 (Windows NT 5.1) AppleWebKit/537.36 (KHTML, like Gecko) Chrome/28.0.1500.95 Safari/537.36"
157.55.33.146 - - [12/Aug/2013:00:50:23 -0400] "GET /robots.txt HTTP/1.1" 200 25 "-" "Mozilla/5.0 (compatible; bingbot/2.0; +http://www.bing.com/bingbot.htm)"
220.181.89.166 - - [12/Aug/2013:07:34:57 -0400] "GET /syncheckproducthomepage.html HTTP/1.1" 200 23731 "-" "Sogou web spider/4.0(+http://www.sogou.com/docs/help/webmasters.htm#07)"
198.228.201.154 - - [12/Aug/2013:12:22:44 -0400] "GET /scripts/website.css HTTP/1.1" 200 1916 "http://www.pharoahaudio.com/ptvideosyncstudy.html" "Mozilla/5.0 (iPhone; CPU iPhone OS 6_1_4 like Mac OS X) AppleWebKit/536.26 (KHTML, like Gecko) Version/6.0 Mobile/10B350 Safari/8536.25"
161.51.3.235 - - [12/Aug/2013:14:38:37 -0400] "GET /scripts/website.css HTTP/1.1" 200 1916 "http://www.pharoahaudio.com/mmworthit.html" "Mozilla/5.0 (Windows NT 5.1) AppleWebKit/537.36 (KHTML, like Gecko) Chrome/28.0.1500.95 Safari/537.36"
161.51.3.235 - - [12/Aug/2013:14:38:38 -0400] "GET /images/hand_left_blue.gif HTTP/1.1" 200 932 "http://www.pharoahaudio.com/mmworthit.html" "Mozilla/5.0 (Windows NT 5.1) AppleWebKit/537.36 (KHTML, like Gecko) Chrome/28.0.1500.95 Safari/537.36"
54.242.23.175 - - [12/Aug/2013:15:09:07 -0400] "GET /syncheckproducthomepage.html HTTP/1.1" 200 23731 "-" "User-Agent: Mozilla/5.0 (Windows NT 6.1; WOW64) AppleWebKit/537.31 (KHTML, like Gecko) Chrome/26.0.1410.64 Safari/537.31"
195.198.160.186 - - [12/Aug/2013:16:33:39 -0400] "GET /scripts/website.css HTTP/1.1" 200 1916 "http://www.pharoahaudio.com/syncheckproducthomepage.html" "Mozilla/5.0 (Macintosh; Intel Mac OS X 10.8; rv:22.0) Gecko/20100101 Firefox/22.0"
180.76.5.59 - - [12/Aug/2013:17:00:02 -0400] "GET /bypassbug.html HTTP/1.1" 200 9900 "-" "Mozilla/5.0 (compatible; Baiduspider/2.0; +http://www.baidu.com/search/spider.html)"
94.125.216.16 - - [12/Aug/2013:17:53:32 -0400] "GET /scripts/photoalbum.js HTTP/1.1" 304 - "http://www.pharoahaudio.com/tweeterfixpart2.html" "Mozilla/5.0 (iPad; CPU OS 6_1_3 like Mac OS X) AppleWebKit/536.26 (KHTML, like Gecko) Version/6.0 Mobile/10B329 Safari/8536.25"
123.125.71.87 - - [12/Aug/2013:18:58:22 -0400] "GET /scripts/ic_globals_published.js HTTP/1.1" 200 566 "http://www.pharoahaudio.com/syncheckproducthomepage/downloads.html" "Mozilla/5.0 (X11; U; Linux x86_64; en-US; rv:1.9) Gecko Minefield/3.0"
208.83.156.157 - - [12/Aug/2013:20:08:30 -0400] "GET /ak35repair2.html HTTP/1.1" 200 22611 "-" "Mozilla/5.0 (compatible; FatBot 2.0; http://www.thefind.com/crawler)"
208.83.156.155 - - [12/Aug/2013:21:49:00 -0400] "GET /scripts/526513custom.css HTTP/1.1" 200 9241 "-" "Mozilla/5.0 (compatible; FatBot 2.0; http://www.thefind.com/crawler)"
216.243.5.76 - - [12/Aug/2013:22:24:46 -0400] "GET /images/292_SY3_tabletop2_straight.jpg HTTP/1.1" 200 20162 "http://www.pharoahaudio.com/syncheckproducthomepage.html" "Mozilla/5.0 (Macintosh; Intel Mac OS X 10_8_4) AppleWebKit/536.30.1 (KHTML, like Gecko) Version/6.0.5 Safari/536.30.1"
208.83.156.156 - - [12/Aug/2013:12:23:26 -0400] "GET /scripts/526550custom.css HTTP/1.1" 200 3161 "-" "Mozilla/5.0 (compatible; FatBot 2.0; http://www.thefind.com/crawler)"
92.249.127.111 - - [12/Aug/2013:12:34:57 -0400] "GET /ptvideosyncstudy.html HTTP/1.1" 200 41918 "http://www.bravica.me/ru/" "Mozilla/5.0 (compatible; news bot /2.1)"
65.55.213.69 - - [12/Aug/2013:12:37:50 -0400] "GET /legacyproductinformatio/sy2testimonials.html HTTP/1.1" 200 13495 "-" "msnbot/2.0b (+http://search.msn.com/msnbot.htm)"
12.152.170.131 - - [12/Aug/2013:09:17:32 -0400] "GET /images/950_Philco_46-1226_console.jpg HTTP/1.1" 200 96461 "http://www.pharoahaudio.com/yeolderadiomuseum.html" "Mozilla/5.0 (X11; Ubuntu; Linux x86_64; rv:22.0) Gecko/20100101 Firefox/22.0"
12.152.170.131 - - [12/Aug/2013:09:17:34 -0400] "GET /images/600_RCA_56X.jpg HTTP/1.1" 200 23869 "http://www.pharoahaudio.com/yeolderadiomuseum.html" "Mozilla/5.0 (X11; Ubuntu; Linux x86_64; rv:22.0) Gecko/20100101 Firefox/22.0"
12.152.170.131 - - [12/Aug/2013:09:17:35 -0400] "GET /images/950_Philco_49-607_rolltop_combo.JPG HTTP/1.1" 200 71668 "http://www.pharoahaudio.com/yeolderadiomuseum.html" "Mozilla/5.0 (X11; Ubuntu; Linux x86_64; rv:22.0) Gecko/20100101 Firefox/22.0"
99.232.0.11 - - [12/Aug/2013:11:42:10 -0400] "GET /images/162_Atwater_Kent_Model_82_case_unfinished.JPG HTTP/1.1" 200 7698 "http://www.pharoahaudio.com/yeolderadiomuseum.html" "Mozilla/5.0 (Macintosh; Intel Mac OS X 10_6_8) AppleWebKit/534.59.8 (KHTML, like Gecko) Version/5.1.9 Safari/534.59.8"
193.43.252.252 - - [12/Aug/2013:11:54:19 -0400] "GET /syncheckproducthomepage.html HTTP/1.0" 200 23731 "http://filesonload.com" "Mozilla/5.0 (Windows; U; Windows NT 6.1; ru; rv:1.9.2.28) Gecko/20120306 Firefox/3.6.28 sputnik 2.5.2.8"
123.125.71.113 - - [12/Aug/2013:15:22:25 -0400] "GET /syncheckproducthomepage/shippingcosts.html HTTP/1.1" 200 10581 "-" "Mozilla/5.0 (compatible; Baiduspider/2.0; +http://www.baidu.com/search/spider.html)"
93.152.104.66 - - [12/Aug/2013:06:27:30 -0400] "GET /scripts/ic_globals_published.js HTTP/1.1" 200 566 "http://www.pharoahaudio.com/syncheckproducthomepage.html" "Mozilla/5.0 (Windows NT 5.1) AppleWebKit/537.36 (KHTML, like Gecko) Chrome/28.0.1500.95 Safari/537.36"
93.152.104.66 - - [12/Aug/2013:06:27:30 -0400] "GET /scripts/template.css HTTP/1.1" 200 11360 "http://www.pharoahaudio.com/syncheckproducthomepage.html" "Mozilla/5.0 (Windows NT 5.1) AppleWebKit/537.36 (KHTML, like Gecko) Chrome/28.0.1500.95 Safari/537.36"
46.119.118.152 - - [12/Aug/2013:04:14:27 -0400] "GET /ptvideosyncstudy.html HTTP/1.1" 200 41918 "http://moscow-clining.ru/" "Mozilla/4.0 (compatible; MSIE 6.0; Windows NT 5.1; FREE; .NET CLR 1.1.4322)"
66.249.72.72 - - [12/Aug/2013:03:30:50 -0400] "GET /ftplist.html HTTP/1.1" 304 - "-" "Mozilla/5.0 (iPhone; U; CPU iPhone OS 4_1 like Mac OS X; en-us) AppleWebKit/532.9 (KHTML, like Gecko) Version/4.0.5 Mobile/8B117 Safari/6531.22.7 (compatible; Googlebot-Mobile/2.1; +http://www.google.com/bot.html)"
67.50.241.34 - - [12/Aug/2013:16:40:08 -0400] "GET /scripts/icwebsiteelement.css HTTP/1.1" 200 8132 "http://www.pharoahaudio.com/syncheckproducthomepage.html" "Mozilla/5.0 (Macintosh; Intel Mac OS X 10_8_3) AppleWebKit/537.36 (KHTML, like Gecko) Chrome/28.0.1500.95 Safari/537.36"
67.50.241.34 - - [12/Aug/2013:16:40:11 -0400] "GET /images/250_SynFlash_New_in_boot.jpg HTTP/1.1" 200 7667 "http://www.pharoahaudio.com/syncheckproducthomepage.html" "Mozilla/5.0 (Macintosh; Intel Mac OS X 10_8_3) AppleWebKit/537.36 (KHTML, like Gecko) Chrome/28.0.1500.95 Safari/537.36"
67.50.241.34 - - [12/Aug/2013:16:40:12 -0400] "GET /favicon.ico HTTP/1.1" 404 575 "-" "Mozilla/5.0 (Macintosh; Intel Mac OS X 10_8_3) AppleWebKit/537.36 (KHTML, like Gecko) Chrome/28.0.1500.95 Safari/537.36"
193.43.252.252 - - [12/Aug/2013:12:05:30 -0400] "GET /syncheckproducthomepage.html HTTP/1.0" 200 23731 "http://filesonload.com" "Opera/9.80 (Windows NT 6.1; Edition Yx) Presto/2.12.388 Version/12.11"
65.55.213.69 - - [12/Aug/2013:12:37:58 -0400] "GET /syncheckproducthomepage/returnpolicy.html HTTP/1.1" 200 11495 "-" "msnbot/2.0b (+http://search.msn.com/msnbot.htm)"
84.24.44.15 - - [12/Aug/2013:13:44:44 -0400] "GET /syncheckproducthomepage.html HTTP/1.1" 200 23731 "-" "Mozilla/5.0 (iPad; CPU OS 6_1_3 like Mac OS X) AppleWebKit/536.26 (KHTML, like Gecko) Version/6.0 Mobile/10B329 Safari/8536.25"
84.24.44.15 - - [12/Aug/2013:13:44:44 -0400] "GET /images/300_SY3_handheld_toward_tv.jpg HTTP/1.1" 200 10416 "http://www.pharoahaudio.com/syncheckproducthomepage.html" "Mozilla/5.0 (iPad; CPU OS 6_1_3 like Mac OS X) AppleWebKit/536.26 (KHTML, like Gecko) Version/6.0 Mobile/10B329 Safari/8536.25"
161.51.3.235 - - [12/Aug/2013:14:38:37 -0400] "GET /scripts/user.js HTTP/1.1" 200 23762 "http://www.pharoahaudio.com/mmworthit.html" "Mozilla/5.0 (Windows NT 5.1) AppleWebKit/537.36 (KHTML, like Gecko) Chrome/28.0.1500.95 Safari/537.36"
161.51.3.235 - - [12/Aug/2013:14:38:38 -0400] "GET /images/ic_002_banner_bg_wide.jpg HTTP/1.1" 200 5805 "http://www.pharoahaudio.com/mmworthit.html" "Mozilla/5.0 (Windows NT 5.1) AppleWebKit/537.36 (KHTML, like Gecko) Chrome/28.0.1500.95 Safari/537.36"
12.152.170.131 - - [12/Aug/2013:09:05:06 -0400] "GET /syncheckproducthomepage/dvd.html HTTP/1.1" 200 11942 "http://www.google.com/url?sa=t&rct=j&q=&esrc=s&source=web&cd=15&cad=rja&ved=0CHcQFjAO&url=http%3A%2F%2Fwww.pharoahaudio.com%2Fsyncheckproducthomepage%2Fdvd.html&ei=TN0IUu37GKi52wWGqICADw&usg=AFQjCNGvkVqV8aY1eYKPPm-JBW_EbEDzSA&sig2=QBs1IfciFkgvPuLGE7BD1Q&bvm=bv.50500085,d.aWc" "Mozilla/5.0 (X11; Ubuntu; Linux x86_64; rv:22.0) Gecko/20100101 Firefox/22.0"
12.152.170.131 - - [12/Aug/2013:09:05:06 -0400] "GET /scripts/print.css HTTP/1.1" 200 11209 "http://www.pharoahaudio.com/syncheckproducthomepage/dvd.html" "Mozilla/5.0 (X11; Ubuntu; Linux x86_64; rv:22.0) Gecko/20100101 Firefox/22.0"
12.152.170.131 - - [12/Aug/2013:09:12:50 -0400] "GET /images/170_AK55C_refinished_front.JPG HTTP/1.1" 200 7480 "http://www.pharoahaudio.com/yeolderadiomuseum.html" "Mozilla/5.0 (X11; Ubuntu; Linux x86_64; rv:22.0) Gecko/20100101 Firefox/22.0"
12.152.170.131 - - [12/Aug/2013:09:12:50 -0400] "GET /images/photoalbum/button_photoSpeed3_ON.jpg HTTP/1.1" 200 587 "http://www.pharoahaudio.com/yeolderadiomuseum.html" "Mozilla/5.0 (X11; Ubuntu; Linux x86_64; rv:22.0) Gecko/20100101 Firefox/22.0"
12.152.170.131 - - [12/Aug/2013:09:12:51 -0400] "GET /images/480_Crystal_Whisker_Set_early_20s.JPG HTTP/1.1" 200 20164 "http://www.pharoahaudio.com/yeolderadiomuseum.html" "Mozilla/5.0 (X11; Ubuntu; Linux x86_64; rv:22.0) Gecko/20100101 Firefox/22.0"
12.152.170.131 - - [12/Aug/2013:09:12:51 -0400] "GET /images/480_Amer_Bosch_28_open.jpg HTTP/1.1" 200 37731 "http://www.pharoahaudio.com/yeolderadiomuseum.html" "Mozilla/5.0 (X11; Ubuntu; Linux x86_64; rv:22.0) Gecko/20100101 Firefox/22.0"
12.152.170.131 - - [12/Aug/2013:09:12:51 -0400] "GET /images/480_Emerson_CX283.jpg HTTP/1.1" 200 32326 "http://www.pharoahaudio.com/yeolderadiomuseum.html" "Mozilla/5.0 (X11; Ubuntu; Linux x86_64; rv:22.0) Gecko/20100101 Firefox/22.0"
12.152.170.131 - - [12/Aug/2013:09:12:51 -0400] "GET /images/480_Westinghouse_WR169_orig.jpg HTTP/1.1" 200 42320 "http://www.pharoahaudio.com/yeolderadiomuseum.html" "Mozilla/5.0 (X11; Ubuntu; Linux x86_64; rv:22.0) Gecko/20100101 Firefox/22.0"
12.152.170.131 - - [12/Aug/2013:09:12:51 -0400] "GET /images/480_Philco_49-607_rolltop_combo.JPG HTTP/1.1" 200 24389 "http://www.pharoahaudio.com/yeolderadiomuseum.html" "Mozilla/5.0 (X11; Ubuntu; Linux x86_64; rv:22.0) Gecko/20100101 Firefox/22.0"
12.152.170.131 - - [12/Aug/2013:09:12:51 -0400] "GET /images/480_Zenith_H511_Consoletone.JPG HTTP/1.1" 200 18427 "http://www.pharoahaudio.com/yeolderadiomuseum.html" "Mozilla/5.0 (X11; Ubuntu; Linux x86_64; rv:22.0) Gecko/20100101 Firefox/22.0"
12.152.170.131 - - [12/Aug/2013:09:12:51 -0400] "GET /images/480_EMUD_RJ196.JPG HTTP/1.1" 200 37308 "http://www.pharoahaudio.com/yeolderadiomuseum.html" "Mozilla/5.0 (X11; Ubuntu; Linux x86_64; rv:22.0) Gecko/20100101 Firefox/22.0"
12.152.170.131 - - [12/Aug/2013:09:12:51 -0400] "GET /images/94_Crosley51_OpCl.jpg HTTP/1.1" 200 3242 "http://www.pharoahaudio.com/yeolderadiomuseum.html" "Mozilla/5.0 (X11; Ubuntu; Linux x86_64; rv:22.0) Gecko/20100101 Firefox/22.0"
12.152.170.131 - - [12/Aug/2013:09:12:52 -0400] "GET /images/94_Lektophone_speaker.jpg HTTP/1.1" 200 3100 "http://www.pharoahaudio.com/yeolderadiomuseum.html" "Mozilla/5.0 (X11; Ubuntu; Linux x86_64; rv:22.0) Gecko/20100101 Firefox/22.0"
12.152.170.131 - - [12/Aug/2013:09:12:52 -0400] "GET /images/94_Amer_Bosch_28_open.jpg HTTP/1.1" 200 3202 "http://www.pharoahaudio.com/yeolderadiomuseum.html" "Mozilla/5.0 (X11; Ubuntu; Linux x86_64; rv:22.0) Gecko/20100101 Firefox/22.0"
12.152.170.131 - - [12/Aug/2013:09:12:52 -0400] "GET /images/94_Universal_4tube_branded.JPG HTTP/1.1" 200 3286 "http://www.pharoahaudio.com/yeolderadiomuseum.html" "Mozilla/5.0 (X11; Ubuntu; Linux x86_64; rv:22.0) Gecko/20100101 Firefox/22.0"
12.152.170.131 - - [12/Aug/2013:09:12:52 -0400] "GET /images/94_Emerson_CX283.jpg HTTP/1.1" 200 2550 "http://www.pharoahaudio.com/yeolderadiomuseum.html" "Mozilla/5.0 (X11; Ubuntu; Linux x86_64; rv:22.0) Gecko/20100101 Firefox/22.0"
12.152.170.131 - - [12/Aug/2013:09:12:52 -0400] "GET /images/94_Westinghouse_WR169_orig.jpg HTTP/1.1" 200 3267 "http://www.pharoahaudio.com/yeolderadiomuseum.html" "Mozilla/5.0 (X11; Ubuntu; Linux x86_64; rv:22.0) Gecko/20100101 Firefox/22.0"
12.152.170.131 - - [12/Aug/2013:09:12:52 -0400] "GET /images/94_RCA_56X.jpg HTTP/1.1" 200 1934 "http://www.pharoahaudio.com/yeolderadiomuseum.html" "Mozilla/5.0 (X11; Ubuntu; Linux x86_64; rv:22.0) Gecko/20100101 Firefox/22.0"
12.152.170.131 - - [12/Aug/2013:09:12:52 -0400] "GET /images/94_Zenith_H511_Consoletone.JPG HTTP/1.1" 200 2164 "http://www.pharoahaudio.com/yeolderadiomuseum.html" "Mozilla/5.0 (X11; Ubuntu; Linux x86_64; rv:22.0) Gecko/20100101 Firefox/22.0"
12.152.170.131 - - [12/Aug/2013:09:12:52 -0400] "GET /images/94_EMUD_RJ196.JPG HTTP/1.1" 200 2894 "http://www.pharoahaudio.com/yeolderadiomuseum.html" "Mozilla/5.0 (X11; Ubuntu; Linux x86_64; rv:22.0) Gecko/20100101 Firefox/22.0"
64.179.60.230 - - [12/Aug/2013:10:30:59 -0400] "GET /radiola26part6.html HTTP/1.1" 200 28375 "http://www.google.com/url?sa=t&rct=j&q=caulk%20cup%20metal&source=web&cd=6&ved=0CEgQFjAF&url=http%3A%2F%2Fwww.pharoahaudio.com%2Fradiola26part6.html&ei=m_EIUo3sDIWWyAG12IC4Aw&usg=AFQjCNHemEpPQy1DfnGixXQDTpGliU5tuA" "Mozilla/5.0 (compatible; MSIE 10.0; Windows NT 6.1; WOW64; Trident/6.0; MDDRJS)"
64.179.60.230 - - [12/Aug/2013:10:30:59 -0400] "GET /scripts/template.css HTTP/1.1" 200 11360 "http://www.pharoahaudio.com/radiola26part6.html" "Mozilla/5.0 (compatible; MSIE 10.0; Windows NT 6.1; WOW64; Trident/6.0; MDDRJS)"
64.179.60.230 - - [12/Aug/2013:10:31:00 -0400] "GET /scripts/icwebsiteelement.css HTTP/1.1" 200 8132 "http://www.pharoahaudio.com/radiola26part6.html" "Mozilla/5.0 (compatible; MSIE 10.0; Windows NT 6.1; WOW64; Trident/6.0; MDDRJS)"
64.179.60.230 - - [12/Aug/2013:10:31:00 -0400] "GET /images/432_R26_27_order_form.JPG HTTP/1.1" 200 36814 "http://www.pharoahaudio.com/radiola26part6.html" "Mozilla/5.0 (compatible; MSIE 10.0; Windows NT 6.1; WOW64; Trident/6.0; MDDRJS)"
64.179.60.230 - - [12/Aug/2013:10:31:00 -0400] "GET /images/432_R26_25_speaker_old_pad.JPG HTTP/1.1" 200 22107 "http://www.pharoahaudio.com/radiola26part6.html" "Mozilla/5.0 (compatible; MSIE 10.0; Windows NT 6.1; WOW64; Trident/6.0; MDDRJS)"
64.179.60.230 - - [12/Aug/2013:10:31:00 -0400] "GET /images/432_R26_28_make_pad1.JPG HTTP/1.1" 200 29768 "http://www.pharoahaudio.com/radiola26part6.html" "Mozilla/5.0 (compatible; MSIE 10.0; Windows NT 6.1; WOW64; Trident/6.0; MDDRJS)"
64.179.60.230 - - [12/Aug/2013:10:31:00 -0400] "GET /images/282_R26_30_make_pad3.JPG HTTP/1.1" 200 12912 "http://www.pharoahaudio.com/radiola26part6.html" "Mozilla/5.0 (compatible; MSIE 10.0; Windows NT 6.1; WOW64; Trident/6.0; MDDRJS)"
64.179.60.230 - - [12/Aug/2013:10:31:00 -0400] "GET /images/282_R26_32_make_pad5.JPG HTTP/1.1" 200 11601 "http://www.pharoahaudio.com/radiola26part6.html" "Mozilla/5.0 (compatible; MSIE 10.0; Windows NT 6.1; WOW64; Trident/6.0; MDDRJS)"
64.179.60.230 - - [12/Aug/2013:10:31:00 -0400] "GET /images/282_R26_33_make_pad6.JPG HTTP/1.1" 200 12775 "http://www.pharoahaudio.com/radiola26part6.html" "Mozilla/5.0 (compatible; MSIE 10.0; Windows NT 6.1; WOW64; Trident/6.0; MDDRJS)"
64.179.60.230 - - [12/Aug/2013:10:31:03 -0400] "GET /images/Majestic_reversed_for_pages.jpg HTTP/1.1" 200 6769 "http://www.pharoahaudio.com/radiola26part6.html" "Mozilla/5.0 (compatible; MSIE 10.0; Windows NT 6.1; WOW64; Trident/6.0; MDDRJS)"
99.232.0.11 - - [12/Aug/2013:11:39:38 -0400] "GET /scripts/user.js HTTP/1.1" 200 23762 "http://www.pharoahaudio.com/syncheckproducthomepage.html" "Mozilla/5.0 (Macintosh; Intel Mac OS X 10_6_8) AppleWebKit/534.59.8 (KHTML, like Gecko) Version/5.1.9 Safari/534.59.8"
99.232.0.11 - - [12/Aug/2013:11:39:39 -0400] "GET /images/ic_002_body_bg.gif HTTP/1.1" 200 304 "http://www.pharoahaudio.com/syncheckproducthomepage.html" "Mozilla/5.0 (Macintosh; Intel Mac OS X 10_6_8) AppleWebKit/534.59.8 (KHTML, like Gecko) Version/5.1.9 Safari/534.59.8"
99.232.0.11 - - [12/Aug/2013:11:42:09 -0400] "GET /images/photoalbum/button_photoSpeed3_ON.jpg HTTP/1.1" 200 587 "http://www.pharoahaudio.com/yeolderadiomuseum.html" "Mozilla/5.0 (Macintosh; Intel Mac OS X 10_6_8) AppleWebKit/534.59.8 (KHTML, like Gecko) Version/5.1.9 Safari/534.59.8"
99.232.0.11 - - [12/Aug/2013:11:42:10 -0400] "GET /images/480_Radiola_26_small_branded.jpg HTTP/1.1" 200 26536 "http://www.pharoahaudio.com/yeolderadiomuseum.html" "Mozilla/5.0 (Macintosh; Intel Mac OS X 10_6_8) AppleWebKit/534.59.8 (KHTML, like Gecko) Version/5.1.9 Safari/534.59.8"
99.232.0.11 - - [12/Aug/2013:11:42:11 -0400] "GET /images/480_AK35_front_900_branded.jpg HTTP/1.1" 200 15505 "http://www.pharoahaudio.com/yeolderadiomuseum.html" "Mozilla/5.0 (Macintosh; Intel Mac OS X 10_6_8) AppleWebKit/534.59.8 (KHTML, like Gecko) Version/5.1.9 Safari/534.59.8"
99.232.0.11 - - [12/Aug/2013:11:42:11 -0400] "GET /images/94_Lektophone_speaker.jpg HTTP/1.1" 200 3100 "http://www.pharoahaudio.com/yeolderadiomuseum.html" "Mozilla/5.0 (Macintosh; Intel Mac OS X 10_6_8) AppleWebKit/534.59.8 (KHTML, like Gecko) Version/5.1.9 Safari/534.59.8"
99.232.0.11 - - [12/Aug/2013:11:42:11 -0400] "GET /images/480_Lektophone_speaker.jpg HTTP/1.1" 200 37653 "http://www.pharoahaudio.com/yeolderadiomuseum.html" "Mozilla/5.0 (Macintosh; Intel Mac OS X 10_6_8) AppleWebKit/534.59.8 (KHTML, like Gecko) Version/5.1.9 Safari/534.59.8"
99.232.0.11 - - [12/Aug/2013:11:42:11 -0400] "GET /images/71_Grigsby_Grunow_Hinds_Majestic.jpg HTTP/1.1" 200 1988 "http://www.pharoahaudio.com/yeolderadiomuseum.html" "Mozilla/5.0 (Macintosh; Intel Mac OS X 10_6_8) AppleWebKit/534.59.8 (KHTML, like Gecko) Version/5.1.9 Safari/534.59.8"
99.232.0.11 - - [12/Aug/2013:11:42:11 -0400] "GET /images/790_Bosch_Model_28_with_AmplionAR19.jpg HTTP/1.1" 200 77155 "http://www.pharoahaudio.com/yeolderadiomuseum.html" "Mozilla/5.0 (Macintosh; Intel Mac OS X 10_6_8) AppleWebKit/534.59.8 (KHTML, like Gecko) Version/5.1.9 Safari/534.59.8"
99.232.0.11 - - [12/Aug/2013:11:42:11 -0400] "GET /images/950_Amer_Bosch_28_open.jpg HTTP/1.1" 200 109244 "http://www.pharoahaudio.com/yeolderadiomuseum.html" "Mozilla/5.0 (Macintosh; Intel Mac OS X 10_6_8) AppleWebKit/534.59.8 (KHTML, like Gecko) Version/5.1.9 Safari/534.59.8"
99.232.0.11 - - [12/Aug/2013:11:42:11 -0400] "GET /images/480_Amer_Bosch_28_open.jpg HTTP/1.1" 200 37731 "http://www.pharoahaudio.com/yeolderadiomuseum.html" "Mozilla/5.0 (Macintosh; Intel Mac OS X 10_6_8) AppleWebKit/534.59.8 (KHTML, like Gecko) Version/5.1.9 Safari/534.59.8"
99.232.0.11 - - [12/Aug/2013:11:42:11 -0400] "GET /images/70_GE_K105.jpg HTTP/1.1" 200 2893 "http://www.pharoahaudio.com/yeolderadiomuseum.html" "Mozilla/5.0 (Macintosh; Intel Mac OS X 10_6_8) AppleWebKit/534.59.8 (KHTML, like Gecko) Version/5.1.9 Safari/534.59.8"
99.232.0.11 - - [12/Aug/2013:11:42:12 -0400] "GET /images/950_Zenith_6-S-27_frontback.jpg HTTP/1.1" 200 117284 "http://www.pharoahaudio.com/yeolderadiomuseum.html" "Mozilla/5.0 (Macintosh; Intel Mac OS X 10_6_8) AppleWebKit/534.59.8 (KHTML, like Gecko) Version/5.1.9 Safari/534.59.8"
99.232.0.11 - - [12/Aug/2013:11:42:12 -0400] "GET /images/950_Universal_4tube_branded.JPG HTTP/1.1" 200 132515 "http://www.pharoahaudio.com/yeolderadiomuseum.html" "Mozilla/5.0 (Macintosh; Intel Mac OS X 10_6_8) AppleWebKit/534.59.8 (KHTML, like Gecko) Version/5.1.9 Safari/534.59.8"
99.232.0.11 - - [12/Aug/2013:11:42:12 -0400] "GET /images/950_Philco_38-10.jpg HTTP/1.1" 200 83411 "http://www.pharoahaudio.com/yeolderadiomuseum.html" "Mozilla/5.0 (Macintosh; Intel Mac OS X 10_6_8) AppleWebKit/534.59.8 (KHTML, like Gecko) Version/5.1.9 Safari/534.59.8"
99.232.0.11 - - [12/Aug/2013:11:42:12 -0400] "GET /images/94_Sparton5218.JPG HTTP/1.1" 200 2536 "http://www.pharoahaudio.com/yeolderadiomuseum.html" "Mozilla/5.0 (Macintosh; Intel Mac OS X 10_6_8) AppleWebKit/534.59.8 (KHTML, like Gecko) Version/5.1.9 Safari/534.59.8"
99.232.0.11 - - [12/Aug/2013:11:42:12 -0400] "GET /images/480_Sparton5218.JPG HTTP/1.1" 200 29409 "http://www.pharoahaudio.com/yeolderadiomuseum.html" "Mozilla/5.0 (Macintosh; Intel Mac OS X 10_6_8) AppleWebKit/534.59.8 (KHTML, like Gecko) Version/5.1.9 Safari/534.59.8"
99.232.0.11 - - [12/Aug/2013:11:42:12 -0400] "GET /images/94_Emerson_CX283.jpg HTTP/1.1" 200 2550 "http://www.pharoahaudio.com/yeolderadiomuseum.html" "Mozilla/5.0 (Macintosh; Intel Mac OS X 10_6_8) AppleWebKit/534.59.8 (KHTML, like Gecko) Version/5.1.9 Safari/534.59.8"
96.51.73.202 - - [12/Aug/2013:02:09:46 -0400] "GET /scripts/526522custom.css HTTP/1.1" 200 3503 "http://www.pharoahaudio.com/ak35repair1.html" "Mozilla/5.0 (Windows NT 6.2; WOW64) AppleWebKit/537.36 (KHTML, like Gecko) Chrome/28.0.1500.95 Safari/537.36"
96.51.73.202 - - [12/Aug/2013:02:09:46 -0400] "GET /scripts/photoalbum.js HTTP/1.1" 200 62481 "http://www.pharoahaudio.com/ak35repair1.html" "Mozilla/5.0 (Windows NT 6.2; WOW64) AppleWebKit/537.36 (KHTML, like Gecko) Chrome/28.0.1500.95 Safari/537.36"
96.51.73.202 - - [12/Aug/2013:02:09:47 -0400] "GET /images/hand_left_blue.gif HTTP/1.1" 200 932 "http://www.pharoahaudio.com/ak35repair1.html" "Mozilla/5.0 (Windows NT 6.2; WOW64) AppleWebKit/537.36 (KHTML, like Gecko) Chrome/28.0.1500.95 Safari/537.36"
81.52.143.15 - - [12/Aug/2013:07:23:15 -0400] "GET /soundhomepage/aboutrichardfairbanks.html HTTP/1.1" 200 14943 "-" "Mozilla/5.0 (Windows; U; Windows NT 5.1; fr; rv:1.8.1) VoilaBot BETA 1.2 (support.voilabot@orange-ftgroup.com)"
98.14.251.174 - - [12/Aug/2013:07:59:49 -0400] "GET /images/350_OutOfPrint.JPG HTTP/1.1" 200 13401 "http://www.pharoahaudio.com/news.html" "Mozilla/5.0 (Windows NT 6.0; rv:22.0) Gecko/20100101 Firefox/22.0"
46.119.118.152 - - [12/Aug/2013:08:59:50 -0400] "GET /ptvideosyncstudy.html HTTP/1.1" 200 41918 "http://www.bravica.net/ru/" "Mozilla/4.0 (compatible; MSIE 6.0; Windows NT 5.1; SV1; .NET CLR 1.1.4322) NS8/0.9.6"
81.52.143.26 - - [12/Aug/2013:03:51:14 -0400] "GET /radiola26part4.html HTTP/1.1" 200 26882 "-" "Mozilla/5.0 (Windows; U; Windows NT 5.1; fr; rv:1.8.1) VoilaBot BETA 1.2 (support.voilabot@orange-ftgroup.com)"
220.181.89.174 - - [12/Aug/2013:04:11:34 -0400] "GET / HTTP/1.1" 200 14579 "-" "Sogou web spider/4.0(+http://www.sogou.com/docs/help/webmasters.htm#07)"
213.161.66.130 - - [12/Aug/2013:04:40:11 -0400] "GET /images/Syncheck3_user_manual_v1.01.pdf HTTP/1.1" 206 32768 "http://www.pharoahaudio.com/images/Syncheck3_user_manual_v1.01.pdf" "Mozilla/5.0 (Windows NT 6.1; WOW64) AppleWebKit/537.36 (KHTML, like Gecko) Chrome/28.0.1500.95 Safari/537.36"
213.161.66.130 - - [12/Aug/2013:04:40:11 -0400] "GET /images/Syncheck3_user_manual_v1.01.pdf HTTP/1.1" 206 32768 "http://www.pharoahaudio.com/images/Syncheck3_user_manual_v1.01.pdf" "Mozilla/5.0 (Windows NT 6.1; WOW64) AppleWebKit/537.36 (KHTML, like Gecko) Chrome/28.0.1500.95 Safari/537.36"
213.161.66.130 - - [12/Aug/2013:04:40:12 -0400] "GET /images/Syncheck3_user_manual_v1.01.pdf HTTP/1.1" 206 32768 "http://www.pharoahaudio.com/images/Syncheck3_user_manual_v1.01.pdf" "Mozilla/5.0 (Windows NT 6.1; WOW64) AppleWebKit/537.36 (KHTML, like Gecko) Chrome/28.0.1500.95 Safari/537.36"
213.161.66.130 - - [12/Aug/2013:04:40:12 -0400] "GET /images/Syncheck3_user_manual_v1.01.pdf HTTP/1.1" 206 32768 "http://www.pharoahaudio.com/images/Syncheck3_user_manual_v1.01.pdf" "Mozilla/5.0 (Windows NT 6.1; WOW64) AppleWebKit/537.36 (KHTML, like Gecko) Chrome/28.0.1500.95 Safari/537.36"
213.161.66.130 - - [12/Aug/2013:04:40:12 -0400] "GET /images/Syncheck3_user_manual_v1.01.pdf HTTP/1.1" 206 32768 "http://www.pharoahaudio.com/images/Syncheck3_user_manual_v1.01.pdf" "Mozilla/5.0 (Windows NT 6.1; WOW64) AppleWebKit/537.36 (KHTML, like Gecko) Chrome/28.0.1500.95 Safari/537.36"
213.161.66.130 - - [12/Aug/2013:04:40:12 -0400] "GET /images/Syncheck3_user_manual_v1.01.pdf HTTP/1.1" 206 32768 "http://www.pharoahaudio.com/images/Syncheck3_user_manual_v1.01.pdf" "Mozilla/5.0 (Windows NT 6.1; WOW64) AppleWebKit/537.36 (KHTML, like Gecko) Chrome/28.0.1500.95 Safari/537.36"
213.161.66.130 - - [12/Aug/2013:04:40:13 -0400] "GET /images/Syncheck3_user_manual_v1.01.pdf HTTP/1.1" 206 32768 "http://www.pharoahaudio.com/images/Syncheck3_user_manual_v1.01.pdf" "Mozilla/5.0 (Windows NT 6.1; WOW64) AppleWebKit/537.36 (KHTML, like Gecko) Chrome/28.0.1500.95 Safari/537.36"
213.161.66.130 - - [12/Aug/2013:04:40:13 -0400] "GET /images/Syncheck3_user_manual_v1.01.pdf HTTP/1.1" 206 61185 "http://www.pharoahaudio.com/images/Syncheck3_user_manual_v1.01.pdf" "Mozilla/5.0 (Windows NT 6.1; WOW64) AppleWebKit/537.36 (KHTML, like Gecko) Chrome/28.0.1500.95 Safari/537.36"
213.161.66.130 - - [12/Aug/2013:04:40:14 -0400] "GET /favicon.ico HTTP/1.1" 404 575 "-" "Mozilla/5.0 (Windows NT 6.1; WOW64) AppleWebKit/537.36 (KHTML, like Gecko) Chrome/28.0.1500.95 Safari/537.36"
180.26.224.205 - - [12/Aug/2013:05:42:22 -0400] "GET /scripts/photoalbum.js HTTP/1.1" 200 62481 "http://www.pharoahaudio.com/syncheckproducthomepage.html" "Mozilla/5.0 (Macintosh; Intel Mac OS X 10_6_8) AppleWebKit/534.57.2 (KHTML, like Gecko) Version/5.1.7 Safari/534.57.2"
180.26.224.205 - - [12/Aug/2013:05:42:23 -0400] "GET /images/250_SynFlash_New_in_boot.jpg HTTP/1.1" 200 7667 "http://www.pharoahaudio.com/syncheckproducthomepage.html" "Mozilla/5.0 (Macintosh; Intel Mac OS X 10_6_8) AppleWebKit/534.57.2 (KHTML, like Gecko) Version/5.1.7 Safari/534.57.2"
208.83.156.155 - - [12/Aug/2013:21:14:12 -0400] "GET /scripts/526565custom.css HTTP/1.1" 200 8228 "-" "Mozilla/5.0 (compatible; FatBot 2.0; http://www.thefind.com/crawler)"
180.76.5.164 - - [12/Aug/2013:21:18:08 -0400] "GET /radiola26part4.html HTTP/1.1" 200 26882 "-" "Mozilla/5.0 (compatible; Baiduspider/2.0; +http://www.baidu.com/search/spider.html)"
208.83.156.115 - - [12/Aug/2013:10:51:18 -0400] "GET /scripts/526542custom.css HTTP/1.1" 200 2488 "-" "Mozilla/5.0 (compatible; FatBot 2.0; http://www.thefind.com/crawler)"
99.232.0.11 - - [12/Aug/2013:11:42:09 -0400] "GET /scripts/526496custom.css HTTP/1.1" 200 5205 "http://www.pharoahaudio.com/yeolderadiomuseum.html" "Mozilla/5.0 (Macintosh; Intel Mac OS X 10_6_8) AppleWebKit/534.59.8 (KHTML, like Gecko) Version/5.1.9 Safari/534.59.8"
195.198.160.186 - - [12/Aug/2013:16:33:43 -0400] "GET /images/100_Syncheck_graphic_wide.JPG HTTP/1.1" 200 2076 "http://www.pharoahaudio.com/syncheckproducthomepage.html" "Mozilla/5.0 (Macintosh; Intel Mac OS X 10.8; rv:22.0) Gecko/20100101 Firefox/22.0"
65.55.213.68 - - [12/Aug/2013:07:46:23 -0400] "GET /robots.txt HTTP/1.1" 200 25 "-" "msnbot/2.0b (+http://search.msn.com/msnbot.htm)"
98.14.251.174 - - [12/Aug/2013:07:59:24 -0400] "GET /scripts/website.css HTTP/1.1" 200 1916 "http://www.pharoahaudio.com/" "Mozilla/5.0 (Windows NT 6.0; rv:22.0) Gecko/20100101 Firefox/22.0"
98.14.251.174 - - [12/Aug/2013:07:59:24 -0400] "GET /scripts/526509custom.css HTTP/1.1" 200 1746 "http://www.pharoahaudio.com/" "Mozilla/5.0 (Windows NT 6.0; rv:22.0) Gecko/20100101 Firefox/22.0"
98.14.251.174 - - [12/Aug/2013:07:59:24 -0400] "GET /scripts/icwebsiteelement.css HTTP/1.1" 200 8132 "http://www.pharoahaudio.com/" "Mozilla/5.0 (Windows NT 6.0; rv:22.0) Gecko/20100101 Firefox/22.0"
98.14.251.174 - - [12/Aug/2013:07:59:57 -0400] "GET /images/321_SY3_tabletop2_straight.jpg HTTP/1.1" 200 23729 "http://www.pharoahaudio.com/syncheckproducthomepage/syncheck3.html" "Mozilla/5.0 (Windows NT 6.0; rv:22.0) Gecko/20100101 Firefox/22.0"
98.14.251.174 - - [12/Aug/2013:07:59:58 -0400] "GET /images/hand_left_blue.gif HTTP/1.1" 200 932 "http://www.pharoahaudio.com/syncheckproducthomepage/syncheck3.html" "Mozilla/5.0 (Windows NT 6.0; rv:22.0) Gecko/20100101 Firefox/22.0"
81.52.143.30 - - [12/Aug/2013:01:21:39 -0400] "GET /dialogcleanupexample.html HTTP/1.1" 200 10718 "-" "Mozilla/5.0 (Windows; U; Windows NT 5.1; fr; rv:1.8.1) VoilaBot BETA 1.2 (support.voilabot@orange-ftgroup.com)"
96.51.73.202 - - [12/Aug/2013:02:09:46 -0400] "GET /scripts/website.css HTTP/1.1" 200 1916 "http://www.pharoahaudio.com/ak35repair1.html" "Mozilla/5.0 (Windows NT 6.2; WOW64) AppleWebKit/537.36 (KHTML, like Gecko) Chrome/28.0.1500.95 Safari/537.36"
96.51.73.202 - - [12/Aug/2013:02:09:46 -0400] "GET /scripts/user.js HTTP/1.1" 200 23762 "http://www.pharoahaudio.com/ak35repair1.html" "Mozilla/5.0 (Windows NT 6.2; WOW64) AppleWebKit/537.36 (KHTML, like Gecko) Chrome/28.0.1500.95 Safari/537.36"
96.51.73.202 - - [12/Aug/2013:02:09:47 -0400] "GET /images/886_AK35_front_900_branded.jpg HTTP/1.1" 200 37924 "http://www.pharoahaudio.com/ak35repair1.html" "Mozilla/5.0 (Windows NT 6.2; WOW64) AppleWebKit/537.36 (KHTML, like Gecko) Chrome/28.0.1500.95 Safari/537.36"
91.239.15.161 - - [12/Aug/2013:14:06:03 -0400] "GET /syncheckproducthomepage.html HTTP/1.1" 200 23731 "http://www.syncheck.com/" "Mozilla/5.0 (compatible; MSIE 10.0; Windows NT 6.1; WOW64; Trident/6.0)"
84.24.44.15 - - [12/Aug/2013:14:20:28 -0400] "GET /legacyproductinformatio/faqsyncheckii.html HTTP/1.1" 200 17550 "-" "Mozilla/5.0 (iPad; CPU OS 6_1_3 like Mac OS X) AppleWebKit/536.26 (KHTML, like Gecko) Version/6.0 Mobile/10B329 Safari/8536.25"
130.219.235.214 - - [12/Aug/2013:15:55:17 -0400] "GET /scripts/photoalbum.js HTTP/1.1" 200 62481 "http://www.pharoahaudio.com/mmloudness.html" "Mozilla/5.0 (Windows NT 6.1; WOW64; rv:21.0) Gecko/20100101 Firefox/21.0"
130.219.235.214 - - [12/Aug/2013:15:55:17 -0400] "GET /images/ic_002_body_bg.gif HTTP/1.1" 200 304 "http://www.pharoahaudio.com/scripts/template.css" "Mozilla/5.0 (Windows NT 6.1; WOW64; rv:21.0) Gecko/20100101 Firefox/21.0"
130.219.235.214 - - [12/Aug/2013:15:55:17 -0400] "GET /images/deletekey_contrasted_narrow_featurephoto.jpg HTTP/1.1" 200 3702 "http://www.pharoahaudio.com/scripts/website.css" "Mozilla/5.0 (Windows NT 6.1; WOW64; rv:21.0) Gecko/20100101 Firefox/21.0"
130.219.235.214 - - [12/Aug/2013:15:55:18 -0400] "GET /favicon.ico HTTP/1.1" 404 575 "-" "Mozilla/5.0 (Windows NT 6.1; WOW64; rv:21.0) Gecko/20100101 Firefox/21.0"
91.207.9.226 - - [12/Aug/2013:19:47:30 -0400] "GET /ptvideosyncstudy.html HTTP/1.1" 200 41918 "http://moregirls.org/" "Mozilla/4.0 (compatible; MSIE 6.0; Windows NT 5.0; .NET CLR 1.0.3705; .NET CLR 1.1.4322)"
216.243.5.76 - - [12/Aug/2013:22:24:46 -0400] "GET /images/300_SY3_handheld_toward_tv.jpg HTTP/1.1" 200 10416 "http://www.pharoahaudio.com/syncheckproducthomepage.html" "Mozilla/5.0 (Macintosh; Intel Mac OS X 10_8_4) AppleWebKit/536.30.1 (KHTML, like Gecko) Version/6.0.5 Safari/536.30.1"
81.52.143.16 - - [12/Aug/2013:03:10:23 -0400] "GET /ak35repair3.html HTTP/1.1" 200 22318 "-" "Mozilla/5.0 (Windows; U; Windows NT 5.1; fr; rv:1.8.1) VoilaBot BETA 1.2 (support.voilabot@orange-ftgroup.com)"
5.199.133.88 - - [12/Aug/2013:03:32:07 -0400] "GET /mmworthit.html HTTP/1.0" 200 22151 "-" "Mozilla/5.0 (compatible; MJ12bot/v1.4.3; http://www.majestic12.co.uk/bot.php?+)"
188.138.220.213 - - [12/Aug/2013:03:57:52 -0400] "GET / HTTP/1.1" 200 14579 "http://www.akama.com/company/CENTURY_TOOL_GAGE_INC_a0a091.html" "Mozilla/5.0 (Macintosh; Intel Mac OS X 10.6; rv:20.0) Gecko/20100101 Firefox/20.0"
92.249.127.111 - - [12/Aug/2013:06:12:17 -0400] "GET /ptvideosyncstudy.html HTTP/1.1" 200 41918 "http://sovetogorod.ru/cveti_astri_virashivanie.html" "Mozilla/5.0 (compatible; news bot /2.1)"
93.215.93.128 - - [12/Aug/2013:10:07:37 -0400] "GET /scripts/print.css HTTP/1.1" 200 11209 "http://www.pharoahaudio.com/syncheckproducthomepage.html" "Mozilla/5.0 (Macintosh; Intel Mac OS X 10.7; rv:22.0) Gecko/20100101 Firefox/22.0"
93.215.93.128 - - [12/Aug/2013:10:07:37 -0400] "GET /images/100_Syncheck_graphic_wide.JPG HTTP/1.1" 200 2076 "http://www.pharoahaudio.com/syncheckproducthomepage.html" "Mozilla/5.0 (Macintosh; Intel Mac OS X 10.7; rv:22.0) Gecko/20100101 Firefox/22.0"
160.48.234.78 - - [12/Aug/2013:10:15:12 -0400] "GET /images/428_AK35_RF2_severed_CU_hilite.jpg HTTP/1.1" 200 28240 "-" "Mozilla/5.0 (Windows NT 6.1) AppleWebKit/537.36 (KHTML, like Gecko) Chrome/28.0.1500.72 Safari/537.36"
64.179.60.230 - - [12/Aug/2013:10:30:59 -0400] "GET /scripts/website.css HTTP/1.1" 200 1916 "http://www.pharoahaudio.com/radiola26part6.html" "Mozilla/5.0 (compatible; MSIE 10.0; Windows NT 6.1; WOW64; Trident/6.0; MDDRJS)"
64.179.60.230 - - [12/Aug/2013:10:31:00 -0400] "GET /scripts/print.css HTTP/1.1" 200 11209 "http://www.pharoahaudio.com/radiola26part6.html" "Mozilla/5.0 (compatible; MSIE 10.0; Windows NT 6.1; WOW64; Trident/6.0; MDDRJS)"
64.179.60.230 - - [12/Aug/2013:10:31:00 -0400] "GET /images/432_R26_26_speaker_pads.JPG HTTP/1.1" 200 14023 "http://www.pharoahaudio.com/radiola26part6.html" "Mozilla/5.0 (compatible; MSIE 10.0; Windows NT 6.1; WOW64; Trident/6.0; MDDRJS)"
64.179.60.230 - - [12/Aug/2013:10:31:00 -0400] "GET /images/448_R26_34_almost_ready1.JPG HTTP/1.1" 200 31684 "http://www.pharoahaudio.com/radiola26part6.html" "Mozilla/5.0 (compatible; MSIE 10.0; Windows NT 6.1; WOW64; Trident/6.0; MDDRJS)"
64.179.60.230 - - [12/Aug/2013:10:31:03 -0400] "GET /images/ic_002_body_bg.gif HTTP/1.1" 200 304 "http://www.pharoahaudio.com/radiola26part6.html" "Mozilla/5.0 (compatible; MSIE 10.0; Windows NT 6.1; WOW64; Trident/6.0; MDDRJS)"
91.207.9.226 - - [12/Aug/2013:19:47:32 -0400] "GET /ptvideosyncstudy.html HTTP/1.1" 200 41918 "http://moregirls.org/" "Mozilla/4.0 (compatible; MSIE 6.0; Windows NT 5.0; .NET CLR 1.0.3705; .NET CLR 1.1.4322)"
213.161.66.130 - - [12/Aug/2013:04:38:42 -0400] "GET /scripts/template.css HTTP/1.1" 200 11360 "http://www.pharoahaudio.com/syncheckproducthomepage/syncheck3.html" "Mozilla/5.0 (Windows NT 6.1; WOW64) AppleWebKit/537.36 (KHTML, like Gecko) Chrome/28.0.1500.95 Safari/537.36"
180.76.5.171 - - [12/Aug/2013:06:46:42 -0400] "GET / HTTP/1.1" 200 14579 "-" "Mozilla/5.0 (compatible; Baiduspider/2.0; +http://www.baidu.com/search/spider.html)"
123.125.71.79 - - [12/Aug/2013:06:49:49 -0400] "GET /scripts/ic_globals_published.js HTTP/1.1" 200 566 "http://www.pharoahaudio.com/sy3specialoffer.html" "Mozilla/5.0 (X11; U; Linux x86_64; en-US; rv:1.9) Gecko Minefield/3.0"
83.156.246.124 - - [12/Aug/2013:06:50:53 -0400] "GET /scripts/ic_globals_published.js HTTP/1.1" 200 566 "http://www.pharoahaudio.com/syncheckproducthomepage.html" "Mozilla/5.0 (iPad; CPU OS 6_1_3 like Mac OS X) AppleWebKit/536.26 (KHTML, like Gecko) Version/6.0 Mobile/10B329 Safari/8536.25"
83.156.246.124 - - [12/Aug/2013:06:50:55 -0400] "GET /images/250_SynFlash_New_in_boot.jpg HTTP/1.1" 200 7667 "http://www.pharoahaudio.com/syncheckproducthomepage.html" "Mozilla/5.0 (iPad; CPU OS 6_1_3 like Mac OS X) AppleWebKit/536.26 (KHTML, like Gecko) Version/6.0 Mobile/10B329 Safari/8536.25"
99.232.0.11 - - [12/Aug/2013:11:39:38 -0400] "GET /syncheckproducthomepage.html HTTP/1.1" 200 23731 "-" "Mozilla/5.0 (Macintosh; Intel Mac OS X 10_6_8) AppleWebKit/534.59.8 (KHTML, like Gecko) Version/5.1.9 Safari/534.59.8"
99.232.0.11 - - [12/Aug/2013:11:39:38 -0400] "GET /scripts/website.css HTTP/1.1" 200 1916 "http://www.pharoahaudio.com/syncheckproducthomepage.html" "Mozilla/5.0 (Macintosh; Intel Mac OS X 10_6_8) AppleWebKit/534.59.8 (KHTML, like Gecko) Version/5.1.9 Safari/534.59.8"
99.232.0.11 - - [12/Aug/2013:11:42:13 -0400] "GET /images/photoalbum/button_photoSpeed4.jpg HTTP/1.1" 200 506 "http://www.pharoahaudio.com/yeolderadiomuseum.html" "Mozilla/5.0 (Macintosh; Intel Mac OS X 10_6_8) AppleWebKit/534.59.8 (KHTML, like Gecko) Version/5.1.9 Safari/534.59.8"
216.243.5.76 - - [12/Aug/2013:22:23:28 -0400] "GET /scripts/ic_globals_published.js HTTP/1.1" 200 566 "http://www.pharoahaudio.com/syncheckproducthomepage.html" "Mozilla/5.0 (Macintosh; Intel Mac OS X 10_8_4) AppleWebKit/536.30.1 (KHTML, like Gecko) Version/6.0.5 Safari/536.30.1"
216.243.5.76 - - [12/Aug/2013:22:23:28 -0400] "GET /scripts/photoalbum.js HTTP/1.1" 200 62481 "http://www.pharoahaudio.com/syncheckproducthomepage.html" "Mozilla/5.0 (Macintosh; Intel Mac OS X 10_8_4) AppleWebKit/536.30.1 (KHTML, like Gecko) Version/6.0.5 Safari/536.30.1"
23.23.49.145 - - [12/Aug/2013:23:34:22 -0400] "GET /yeolderadiomuseum.html HTTP/1.1" 200 42663 "-" "User-Agent: Mozilla/5.0 (Windows NT 6.1; WOW64) AppleWebKit/537.31 (KHTML, like Gecko) Chrome/26.0.1410.64 Safari/537.31"
65.55.213.69 - - [12/Aug/2013:12:38:03 -0400] "GET /syncheckproducthomepage/shippingcosts.html HTTP/1.1" 200 10581 "-" "msnbot/2.0b (+http://search.msn.com/msnbot.htm)"
161.254.0.195 - - [12/Aug/2013:15:07:05 -0400] "GET /scripts/template.css HTTP/1.1" 304 - "http://www.pharoahaudio.com/syncheckproducthomepage.html" "Mozilla/5.0 (iPad; CPU OS 6_1_3 like Mac OS X) AppleWebKit/536.26 (KHTML, like Gecko) Version/6.0 Mobile/10B329 Safari/8536.25"
128.187.97.20 - - [12/Aug/2013:17:30:19 -0400] "GET /scripts/user.js HTTP/1.1" 200 23762 "http://www.pharoahaudio.com/syncheckproducthomepage.html" "Mozilla/5.0 (Linux; Android 4.2.2; SPH-L720 Build/JDQ39) AppleWebKit/537.36 (KHTML, like Gecko) Chrome/28.0.1500.94 Mobile Safari/537.36"
128.187.97.20 - - [12/Aug/2013:17:30:21 -0400] "GET /images/292_SY3_tabletop2_straight.jpg HTTP/1.1" 200 20162 "http://www.pharoahaudio.com/syncheckproducthomepage.html" "Mozilla/5.0 (Linux; Android 4.2.2; SPH-L720 Build/JDQ39) AppleWebKit/537.36 (KHTML, like Gecko) Chrome/28.0.1500.94 Mobile Safari/537.36"
66.249.74.6 - - [12/Aug/2013:17:45:09 -0400] "GET /images/SyncheckII_user_manual_v1.6.pdf HTTP/1.1" 200 224107 "-" "Mozilla/5.0 (compatible; Googlebot/2.1; +http://www.google.com/bot.html)"
199.30.24.175 - - [12/Aug/2013:22:12:05 -0400] "GET /scripts/photoalbum.js HTTP/1.1" 200 62481 "http://www.pharoahaudio.com/ak55cpart1.html" "Mozilla/5.0 (Windows NT 6.1; WOW64) AppleWebKit/534+ (KHTML, like Gecko) BingPreview/1.0b"
199.30.24.175 - - [12/Aug/2013:22:12:06 -0400] "GET /images/ic_002_body_bg.gif HTTP/1.1" 200 304 "http://www.pharoahaudio.com/ak55cpart1.html" "Mozilla/5.0 (Windows NT 6.1; WOW64) AppleWebKit/534+ (KHTML, like Gecko) BingPreview/1.0b"
199.30.24.175 - - [12/Aug/2013:22:12:07 -0400] "GET /images/Majestic_reversed_for_pages.jpg HTTP/1.1" 200 6769 "http://www.pharoahaudio.com/ak55cpart1.html" "Mozilla/5.0 (Windows NT 6.1; WOW64) AppleWebKit/534+ (KHTML, like Gecko) BingPreview/1.0b"
81.52.143.16 - - [12/Aug/2013:23:54:58 -0400] "GET /radiola26part8.html HTTP/1.1" 200 17837 "-" "Mozilla/5.0 (Windows; U; Windows NT 5.1; fr; rv:1.8.1) VoilaBot BETA 1.2 (support.voilabot@orange-ftgroup.com)"
92.249.127.111 - - [12/Aug/2013:12:34:53 -0400] "GET /ptvideosyncstudy.html HTTP/1.1" 200 41918 "http://www.bravica.me/ru/" "Mozilla/5.0 (compatible; news bot /2.1)"
65.55.213.68 - - [12/Aug/2013:12:37:44 -0400] "GET /legacyproductinformatio/originalsyncheck.html HTTP/1.1" 200 15206 "-" "msnbot/2.0b (+http://search.msn.com/msnbot.htm)"
66.249.72.72 - - [12/Aug/2013:14:55:55 -0400] "GET /radiola26part8.html HTTP/1.1" 200 17837 "-" "DoCoMo/2.0 N905i(c100;TB;W24H16) (compatible; Googlebot-Mobile/2.1; +http://www.google.com/bot.html)"
64.179.60.230 - - [12/Aug/2013:10:30:59 -0400] "GET /scripts/photoalbum.js HTTP/1.1" 200 62481 "http://www.pharoahaudio.com/radiola26part6.html" "Mozilla/5.0 (compatible; MSIE 10.0; Windows NT 6.1; WOW64; Trident/6.0; MDDRJS)"
96.33.28.5 - - [12/Aug/2013:10:44:48 -0400] "GET /scripts/526525custom.css HTTP/1.1" 200 2830 "http://www.pharoahaudio.com/ak35repair5.html" "Mozilla/5.0 (Windows NT 6.1; WOW64; rv:22.0) Gecko/20100101 Firefox/22.0"
37.153.204.36 - - [12/Aug/2013:11:03:30 -0400] "GET /scripts/template.css HTTP/1.1" 200 11360 "http://www.pharoahaudio.com/syncheckproducthomepage/syncheck3.html" "Mozilla/5.0 (Macintosh; Intel Mac OS X 10_8_4) AppleWebKit/537.36 (KHTML, like Gecko) Chrome/28.0.1500.95 Safari/537.36"
37.153.204.36 - - [12/Aug/2013:11:03:31 -0400] "GET /scripts/print.css HTTP/1.1" 200 11209 "http://www.pharoahaudio.com/syncheckproducthomepage/syncheck3.html" "Mozilla/5.0 (Macintosh; Intel Mac OS X 10_8_4) AppleWebKit/537.36 (KHTML, like Gecko) Chrome/28.0.1500.95 Safari/537.36"
99.232.0.11 - - [12/Aug/2013:11:42:09 -0400] "GET /images/photoalbum/button_photoPlay.jpg HTTP/1.1" 200 613 "http://www.pharoahaudio.com/yeolderadiomuseum.html" "Mozilla/5.0 (Macintosh; Intel Mac OS X 10_6_8) AppleWebKit/534.59.8 (KHTML, like Gecko) Version/5.1.9 Safari/534.59.8"
31.31.73.93 - - [12/Aug/2013:11:50:57 -0400] "GET /viewforum.php?f=1 HTTP/1.0" 404 575 "-" "Mozilla/5.0 (compatible; MJ12bot/v1.4.3; http://www.majestic12.co.uk/bot.php?+)"
212.156.144.66 - - [12/Aug/2013:08:23:27 -0400] "GET /scripts/user.js HTTP/1.0" 200 23762 "http://www.pharoahaudio.com/syncheckproducthomepage.html" "Mozilla/5.0 (iPhone; CPU iPhone OS 6_1_3 like Mac OS X) AppleWebKit/536.26 (KHTML, like Gecko) Version/6.0 Mobile/10B329 Safari/8536.25"
212.156.144.66 - - [12/Aug/2013:08:23:29 -0400] "GET /images/292_SY3_tabletop2_straight.jpg HTTP/1.0" 200 20162 "http://www.pharoahaudio.com/syncheckproducthomepage.html" "Mozilla/5.0 (iPhone; CPU iPhone OS 6_1_3 like Mac OS X) AppleWebKit/536.26 (KHTML, like Gecko) Version/6.0 Mobile/10B329 Safari/8536.25"
212.156.144.66 - - [12/Aug/2013:08:23:30 -0400] "GET /scripts/print.css HTTP/1.0" 200 11209 "http://www.pharoahaudio.com/syncheckproducthomepage.html" "Mozilla/5.0 (iPhone; CPU iPhone OS 6_1_3 like Mac OS X) AppleWebKit/536.26 (KHTML, like Gecko) Version/6.0 Mobile/10B329 Safari/8536.25"
157.55.35.78 - - [12/Aug/2013:21:11:02 -0400] "GET /scripts/icwebsiteelement.css HTTP/1.1" 200 8132 "-" "Mozilla/5.0 (compatible; bingbot/2.0; +http://www.bing.com/bingbot.htm)"
208.83.156.113 - - [12/Aug/2013:22:48:37 -0400] "GET /scripts/526494custom.css HTTP/1.1" 200 4508 "-" "Mozilla/5.0 (compatible; FatBot 2.0; http://www.thefind.com/crawler)"
96.51.73.202 - - [12/Aug/2013:02:09:43 -0400] "GET /images/550_AK35_bottom_900.jpg HTTP/1.1" 200 29141 "-" "Mozilla/5.0 (Windows NT 6.2; WOW64) AppleWebKit/537.36 (KHTML, like Gecko) Chrome/28.0.1500.95 Safari/537.36"
96.51.73.202 - - [12/Aug/2013:02:09:46 -0400] "GET /ak35repair1.html HTTP/1.1" 200 18956 "https://www.google.ca/" "Mozilla/5.0 (Windows NT 6.2; WOW64) AppleWebKit/537.36 (KHTML, like Gecko) Chrome/28.0.1500.95 Safari/537.36"
96.51.73.202 - - [12/Aug/2013:02:09:47 -0400] "GET /images/ic_002_banner_bg_wide.jpg HTTP/1.1" 200 5805 "http://www.pharoahaudio.com/ak35repair1.html" "Mozilla/5.0 (Windows NT 6.2; WOW64) AppleWebKit/537.36 (KHTML, like Gecko) Chrome/28.0.1500.95 Safari/537.36"
96.51.73.202 - - [12/Aug/2013:02:09:47 -0400] "GET /images/Majestic_reversed_for_pages.jpg HTTP/1.1" 200 6769 "http://www.pharoahaudio.com/ak35repair1.html" "Mozilla/5.0 (Windows NT 6.2; WOW64) AppleWebKit/537.36 (KHTML, like Gecko) Chrome/28.0.1500.95 Safari/537.36"
65.55.213.68 - - [12/Aug/2013:12:38:09 -0400] "GET /syncheckproducthomepage.html HTTP/1.1" 200 23731 "-" "msnbot/2.0b (+http://search.msn.com/msnbot.htm)"
67.211.200.121 - - [12/Aug/2013:03:30:48 -0400] "GET /syncheckproducthomepage/syncheck3.html HTTP/1.0" 200 21686 "-" "Mozilla/5.0 (X11; Ubuntu; Linux x86_64; rv:22.0) Gecko/20100101 Firefox/22.0 support@google.com"
81.52.143.16 - - [12/Aug/2013:05:35:48 -0400] "GET /syncheckproducthomepage/distributors.html HTTP/1.1" 200 29733 "-" "Mozilla/5.0 (Windows; U; Windows NT 5.1; fr; rv:1.8.1) VoilaBot BETA 1.2 (support.voilabot@orange-ftgroup.com)"
193.252.149.16 - - [12/Aug/2013:05:36:55 -0400] "GET /robots.txt HTTP/1.1" 200 25 "-" "Mozilla/5.0 (Windows; U; Windows NT 5.1; fr; rv:1.8.1) VoilaBot BETA 1.2 (support.voilabot@orange-ftgroup.com)"
180.26.224.205 - - [12/Aug/2013:05:42:22 -0400] "GET /scripts/website.css HTTP/1.1" 200 1916 "http://www.pharoahaudio.com/syncheckproducthomepage.html" "Mozilla/5.0 (Macintosh; Intel Mac OS X 10_6_8) AppleWebKit/534.57.2 (KHTML, like Gecko) Version/5.1.7 Safari/534.57.2"
180.26.224.205 - - [12/Aug/2013:05:42:23 -0400] "GET /images/ic_002_banner_bg_wide.jpg HTTP/1.1" 200 5805 "http://www.pharoahaudio.com/syncheckproducthomepage.html" "Mozilla/5.0 (Macintosh; Intel Mac OS X 10_6_8) AppleWebKit/534.57.2 (KHTML, like Gecko) Version/5.1.7 Safari/534.57.2"
46.118.126.194 - - [12/Aug/2013:09:06:17 -0400] "GET /ptvideosyncstudy.html HTTP/1.1" 200 41918 "http://youtubeviewspromotion.com/" "Mozilla/4.0 (compatible; MSIE 6.0; Windows NT 5.1; .NET CLR 1.0.3705)"
12.152.170.131 - - [12/Aug/2013:09:11:09 -0400] "GET /soundhomepage.html HTTP/1.1" 200 14579 "http://www.pharoahaudio.com/syncheckproducthomepage/dvd.html" "Mozilla/5.0 (X11; Ubuntu; Linux x86_64; rv:22.0) Gecko/20100101 Firefox/22.0"
12.152.170.131 - - [12/Aug/2013:09:11:11 -0400] "GET /images/deletekey_contrasted_narrow_featurephoto.jpg HTTP/1.1" 200 3702 "http://www.pharoahaudio.com/scripts/website.css" "Mozilla/5.0 (X11; Ubuntu; Linux x86_64; rv:22.0) Gecko/20100101 Firefox/22.0"
209.66.97.113 - - [12/Aug/2013:10:10:03 -0400] "GET /images/270_SY2_hand_antique_spkr.JPG HTTP/1.0" 200 10842 "http://www.pharoahaudio.com/legacyproductinformatio/syncheckii.html" "Mozilla/5.0 (Windows NT 6.1) AppleWebKit/537.36 (KHTML, like Gecko) Chrome/28.0.1500.95 Safari/537.36"
99.232.0.11 - - [12/Aug/2013:11:42:09 -0400] "GET /images/170_AK55C_refinished_front.JPG HTTP/1.1" 200 7480 "http://www.pharoahaudio.com/yeolderadiomuseum.html" "Mozilla/5.0 (Macintosh; Intel Mac OS X 10_6_8) AppleWebKit/534.59.8 (KHTML, like Gecko) Version/5.1.9 Safari/534.59.8"
83.156.246.124 - - [12/Aug/2013:06:50:53 -0400] "GET /syncheckproducthomepage.html HTTP/1.1" 200 23731 "-" "Mozilla/5.0 (iPad; CPU OS 6_1_3 like Mac OS X) AppleWebKit/536.26 (KHTML, like Gecko) Version/6.0 Mobile/10B329 Safari/8536.25"
83.156.246.124 - - [12/Aug/2013:06:50:53 -0400] "GET /scripts/526493custom.css HTTP/1.1" 200 3102 "http://www.pharoahaudio.com/syncheckproducthomepage.html" "Mozilla/5.0 (iPad; CPU OS 6_1_3 like Mac OS X) AppleWebKit/536.26 (KHTML, like Gecko) Version/6.0 Mobile/10B329 Safari/8536.25"
83.156.246.124 - - [12/Aug/2013:06:50:53 -0400] "GET /scripts/icwebsiteelement.css HTTP/1.1" 200 8132 "http://www.pharoahaudio.com/syncheckproducthomepage.html" "Mozilla/5.0 (iPad; CPU OS 6_1_3 like Mac OS X) AppleWebKit/536.26 (KHTML, like Gecko) Version/6.0 Mobile/10B329 Safari/8536.25"
83.156.246.124 - - [12/Aug/2013:06:50:55 -0400] "GET /images/300_SY3_handheld_toward_tv.jpg HTTP/1.1" 200 10416 "http://www.pharoahaudio.com/syncheckproducthomepage.html" "Mozilla/5.0 (iPad; CPU OS 6_1_3 like Mac OS X) AppleWebKit/536.26 (KHTML, like Gecko) Version/6.0 Mobile/10B329 Safari/8536.25"
83.156.246.124 - - [12/Aug/2013:06:50:55 -0400] "GET /images/ic_002_banner_bg_wide.jpg HTTP/1.1" 200 5805 "http://www.pharoahaudio.com/syncheckproducthomepage.html" "Mozilla/5.0 (iPad; CPU OS 6_1_3 like Mac OS X) AppleWebKit/536.26 (KHTML, like Gecko) Version/6.0 Mobile/10B329 Safari/8536.25"
83.156.246.124 - - [12/Aug/2013:06:50:56 -0400] "GET /scripts/print.css HTTP/1.1" 200 11209 "http://www.pharoahaudio.com/syncheckproducthomepage.html" "Mozilla/5.0 (iPad; CPU OS 6_1_3 like Mac OS X) AppleWebKit/536.26 (KHTML, like Gecko) Version/6.0 Mobile/10B329 Safari/8536.25"
195.198.160.186 - - [12/Aug/2013:16:33:39 -0400] "GET /scripts/template.css HTTP/1.1" 200 11360 "http://www.pharoahaudio.com/syncheckproducthomepage.html" "Mozilla/5.0 (Macintosh; Intel Mac OS X 10.8; rv:22.0) Gecko/20100101 Firefox/22.0"
213.161.66.130 - - [12/Aug/2013:04:38:42 -0400] "GET /scripts/user.js HTTP/1.1" 200 23762 "http://www.pharoahaudio.com/syncheckproducthomepage/syncheck3.html" "Mozilla/5.0 (Windows NT 6.1; WOW64) AppleWebKit/537.36 (KHTML, like Gecko) Chrome/28.0.1500.95 Safari/537.36"
65.55.213.68 - - [12/Aug/2013:12:38:10 -0400] "GET /yeolderadiomuseum.html HTTP/1.1" 200 42663 "-" "msnbot/2.0b (+http://search.msn.com/msnbot.htm)"
65.55.213.68 - - [12/Aug/2013:12:38:19 -0400] "GET /soundhomepage/facility.html HTTP/1.1" 200 12409 "-" "msnbot/2.0b (+http://search.msn.com/msnbot.htm)"
220.181.108.99 - - [12/Aug/2013:14:09:32 -0400] "GET / HTTP/1.1" 200 14579 "-" "Mozilla/5.0 (compatible; Baiduspider/2.0; +http://www.baidu.com/search/spider.html)"
5.10.83.83 - - [12/Aug/2013:18:22:35 -0400] "GET /syncheckproducthomepage/testimonials.html HTTP/1.1" 200 12569 "-" "Mozilla/5.0 (compatible; AhrefsBot/5.0; +http://ahrefs.com/robot/)"
208.83.156.155 - - [12/Aug/2013:20:22:12 -0400] "GET /scripts/526537custom.css HTTP/1.1" 200 1813 "-" "Mozilla/5.0 (compatible; FatBot 2.0; http://www.thefind.com/crawler)"
