0byt3m1n1
Path:
/
data
/
0
/
0
/
22
/
99
/
22588
/
meta
/
23067
/
logs
/
[
Home
]
File: x-access_log.2013-08-12
81.52.143.32 - - [12/Aug/2013:03:42:00 -0400] "GET /radiola26part1.html HTTP/1.1" 200 20077 "-" "Mozilla/5.0 (Windows; U; Windows NT 5.1; fr; rv:1.8.1) VoilaBot BETA 1.2 (support.voilabot@orange-ftgroup.com)"
193.252.118.167 - - [12/Aug/2013:21:52:41 -0400] "GET /audioprep.html HTTP/1.1" 200 64912 "-" "Mozilla/5.0 (Windows; U; Windows NT 5.1; fr; rv:1.8.1) VoilaBot BETA 1.2 (support.voilabot@orange-ftgroup.com)"
216.243.5.76 - - [12/Aug/2013:22:23:28 -0400] "GET /scripts/526493custom.css HTTP/1.1" 200 3102 "http://www.pharoahaudio.com/syncheckproducthomepage.html" "Mozilla/5.0 (Macintosh; Intel Mac OS X 10_8_4) AppleWebKit/536.30.1 (KHTML, like Gecko) Version/6.0.5 Safari/536.30.1"
216.243.5.76 - - [12/Aug/2013:22:23:28 -0400] "GET /scripts/user.js HTTP/1.1" 200 23762 "http://www.pharoahaudio.com/syncheckproducthomepage.html" "Mozilla/5.0 (Macintosh; Intel Mac OS X 10_8_4) AppleWebKit/536.30.1 (KHTML, like Gecko) Version/6.0.5 Safari/536.30.1"
98.14.251.174 - - [12/Aug/2013:08:02:30 -0400] "GET /soundhomepage/aboutrichardfairbanks.html HTTP/1.1" 200 14943 "http://www.pharoahaudio.com/syncheckproducthomepage/syncheck3.html" "Mozilla/5.0 (Windows NT 6.0; rv:22.0) Gecko/20100101 Firefox/22.0"
98.14.251.174 - - [12/Aug/2013:08:02:30 -0400] "GET /scripts/526501custom.css HTTP/1.1" 200 2152 "http://www.pharoahaudio.com/soundhomepage/aboutrichardfairbanks.html" "Mozilla/5.0 (Windows NT 6.0; rv:22.0) Gecko/20100101 Firefox/22.0"
98.14.251.174 - - [12/Aug/2013:08:02:30 -0400] "GET /images/359_Richard_Fairbanks.JPG HTTP/1.1" 200 20024 "http://www.pharoahaudio.com/soundhomepage/aboutrichardfairbanks.html" "Mozilla/5.0 (Windows NT 6.0; rv:22.0) Gecko/20100101 Firefox/22.0"
208.83.156.153 - - [12/Aug/2013:12:03:53 -0400] "GET /scripts/526544custom.css HTTP/1.1" 200 2151 "-" "Mozilla/5.0 (compatible; FatBot 2.0; http://www.thefind.com/crawler)"
84.24.44.15 - - [12/Aug/2013:14:22:44 -0400] "GET /scripts/526503custom.css HTTP/1.1" 200 1141 "http://www.pharoahaudio.com/syncheckproducthomepage/buyonline.html" "Mozilla/5.0 (iPad; CPU OS 6_1_3 like Mac OS X) AppleWebKit/536.26 (KHTML, like Gecko) Version/6.0 Mobile/10B329 Safari/8536.25"
84.24.44.15 - - [12/Aug/2013:14:24:32 -0400] "GET /scripts/526513custom.css HTTP/1.1" 200 9241 "http://www.pharoahaudio.com/syncheckproducthomepage/distributors.html" "Mozilla/5.0 (iPad; CPU OS 6_1_3 like Mac OS X) AppleWebKit/536.26 (KHTML, like Gecko) Version/6.0 Mobile/10B329 Safari/8536.25"
84.24.44.15 - - [12/Aug/2013:14:24:33 -0400] "GET /images/130_CEV.jpg HTTP/1.1" 200 4315 "http://www.pharoahaudio.com/syncheckproducthomepage/distributors.html" "Mozilla/5.0 (iPad; CPU OS 6_1_3 like Mac OS X) AppleWebKit/536.26 (KHTML, like Gecko) Version/6.0 Mobile/10B329 Safari/8536.25"
5.10.83.65 - - [12/Aug/2013:00:15:13 -0400] "GET /syncheckproducthomepage/syncheckii.html HTTP/1.1" 200 19625 "-" "Mozilla/5.0 (compatible; AhrefsBot/5.0; +http://ahrefs.com/robot/)"
193.252.118.174 - - [12/Aug/2013:00:36:22 -0400] "GET /ak35repair5.html HTTP/1.1" 200 21319 "-" "Mozilla/5.0 (Windows; U; Windows NT 5.1; fr; rv:1.8.1) VoilaBot BETA 1.2 (support.voilabot@orange-ftgroup.com)"
157.55.35.95 - - [12/Aug/2013:16:01:41 -0400] "GET /robots.txt HTTP/1.1" 200 25 "-" "Mozilla/5.0 (compatible; bingbot/2.0; +http://www.bing.com/bingbot.htm)"
131.253.24.153 - - [12/Aug/2013:09:15:25 -0400] "GET /scripts/website.css HTTP/1.1" 200 1916 "http://www.pharoahaudio.com/ak55cpart1.html" "Mozilla/4.0 (compatible; MSIE 7.0; Windows NT 5.1; SLCC1; .NET CLR 1.1.4325; .NET CLR 2.0.40607; .NET CLR 3.0.04506.648)"
131.253.24.153 - - [12/Aug/2013:09:15:26 -0400] "GET /scripts/526548custom.css HTTP/1.1" 200 4173 "http://www.pharoahaudio.com/ak55cpart1.html" "Mozilla/4.0 (compatible; MSIE 7.0; Windows NT 5.1; SLCC1; .NET CLR 1.1.4325; .NET CLR 2.0.40607; .NET CLR 3.0.04506.648)"
131.253.24.153 - - [12/Aug/2013:09:15:26 -0400] "GET /scripts/icwebsiteelement.css HTTP/1.1" 200 8132 "http://www.pharoahaudio.com/ak55cpart1.html" "Mozilla/4.0 (compatible; MSIE 7.0; Windows NT 5.1; SLCC1; .NET CLR 1.1.4325; .NET CLR 2.0.40607; .NET CLR 3.0.04506.648)"
66.249.72.72 - - [12/Aug/2013:09:16:35 -0400] "GET /syncheckproducthomepage.html HTTP/1.1" 304 - "-" "Mozilla/5.0 (iPhone; U; CPU iPhone OS 4_1 like Mac OS X; en-us) AppleWebKit/532.9 (KHTML, like Gecko) Version/4.0.5 Mobile/8B117 Safari/6531.22.7 (compatible; Googlebot-Mobile/2.1; +http://www.google.com/bot.html)"
12.152.170.131 - - [12/Aug/2013:09:17:21 -0400] "GET /images/950_Philco_38-10.jpg HTTP/1.1" 200 83411 "http://www.pharoahaudio.com/yeolderadiomuseum.html" "Mozilla/5.0 (X11; Ubuntu; Linux x86_64; rv:22.0) Gecko/20100101 Firefox/22.0"
12.152.170.131 - - [12/Aug/2013:09:17:23 -0400] "GET /images/950_Sparton5218.JPG HTTP/1.1" 200 88446 "http://www.pharoahaudio.com/yeolderadiomuseum.html" "Mozilla/5.0 (X11; Ubuntu; Linux x86_64; rv:22.0) Gecko/20100101 Firefox/22.0"
12.152.170.131 - - [12/Aug/2013:09:17:24 -0400] "GET /images/950_Emerson_CX283.jpg HTTP/1.1" 200 97898 "http://www.pharoahaudio.com/yeolderadiomuseum.html" "Mozilla/5.0 (X11; Ubuntu; Linux x86_64; rv:22.0) Gecko/20100101 Firefox/22.0"
12.152.170.131 - - [12/Aug/2013:09:17:25 -0400] "GET /images/950_GE_GD60.jpg HTTP/1.1" 200 113467 "http://www.pharoahaudio.com/yeolderadiomuseum.html" "Mozilla/5.0 (X11; Ubuntu; Linux x86_64; rv:22.0) Gecko/20100101 Firefox/22.0"
93.215.93.128 - - [12/Aug/2013:10:07:37 -0400] "GET /scripts/template.css HTTP/1.1" 200 11360 "http://www.pharoahaudio.com/syncheckproducthomepage.html" "Mozilla/5.0 (Macintosh; Intel Mac OS X 10.7; rv:22.0) Gecko/20100101 Firefox/22.0"
93.215.93.128 - - [12/Aug/2013:10:07:37 -0400] "GET /images/250_SynFlash_New_in_boot.jpg HTTP/1.1" 200 7667 "http://www.pharoahaudio.com/syncheckproducthomepage.html" "Mozilla/5.0 (Macintosh; Intel Mac OS X 10.7; rv:22.0) Gecko/20100101 Firefox/22.0"
99.232.0.11 - - [12/Aug/2013:11:39:39 -0400] "GET /images/300_SY3_handheld_toward_tv.jpg HTTP/1.1" 200 10416 "http://www.pharoahaudio.com/syncheckproducthomepage.html" "Mozilla/5.0 (Macintosh; Intel Mac OS X 10_6_8) AppleWebKit/534.59.8 (KHTML, like Gecko) Version/5.1.9 Safari/534.59.8"
99.232.0.11 - - [12/Aug/2013:11:40:15 -0400] "GET /legacyproductinformatio.html HTTP/1.1" 200 8626 "http://www.pharoahaudio.com/syncheckproducthomepage.html" "Mozilla/5.0 (Macintosh; Intel Mac OS X 10_6_8) AppleWebKit/534.59.8 (KHTML, like Gecko) Version/5.1.9 Safari/534.59.8"
99.232.0.11 - - [12/Aug/2013:11:40:15 -0400] "GET /scripts/526560custom.css HTTP/1.1" 200 1141 "http://www.pharoahaudio.com/legacyproductinformatio.html" "Mozilla/5.0 (Macintosh; Intel Mac OS X 10_6_8) AppleWebKit/534.59.8 (KHTML, like Gecko) Version/5.1.9 Safari/534.59.8"
99.232.0.11 - - [12/Aug/2013:11:42:10 -0400] "GET /images/480_Crystal_Whisker_Set_early_20s.JPG HTTP/1.1" 200 20164 "http://www.pharoahaudio.com/yeolderadiomuseum.html" "Mozilla/5.0 (Macintosh; Intel Mac OS X 10_6_8) AppleWebKit/534.59.8 (KHTML, like Gecko) Version/5.1.9 Safari/534.59.8"
5.199.133.88 - - [12/Aug/2013:03:30:28 -0400] "GET /legacyproductinformatio/sy2reviews.html HTTP/1.0" 200 9011 "-" "Mozilla/5.0 (compatible; MJ12bot/v1.4.3; http://www.majestic12.co.uk/bot.php?+)"
66.249.72.72 - - [12/Aug/2013:04:20:36 -0400] "GET /scripts/icwebsiteelement.css HTTP/1.1" 200 8132 "-" "Mozilla/5.0 (compatible; Googlebot/2.1; +http://www.google.com/bot.html)"
12.152.170.131 - - [12/Aug/2013:09:16:13 -0400] "GET /images/photoalbum/button_photoNext_ON.jpg HTTP/1.1" 200 664 "http://www.pharoahaudio.com/yeolderadiomuseum.html" "Mozilla/5.0 (X11; Ubuntu; Linux x86_64; rv:22.0) Gecko/20100101 Firefox/22.0"
12.152.170.131 - - [12/Aug/2013:09:16:13 -0400] "GET /images/790_Bosch_Model_28_with_AmplionAR19.jpg HTTP/1.1" 200 77155 "http://www.pharoahaudio.com/yeolderadiomuseum.html" "Mozilla/5.0 (X11; Ubuntu; Linux x86_64; rv:22.0) Gecko/20100101 Firefox/22.0"
64.125.177.124 - - [12/Aug/2013:10:46:52 -0400] "GET /scripts/photoalbum.js HTTP/1.1" 200 62481 "http://www.pharoahaudio.com/syncheckproducthomepage/syncheck3.html" "Mozilla/5.0 (Windows NT 6.1; WOW64; rv:24.0) Gecko/20100101 Firefox/24.0"
64.125.177.124 - - [12/Aug/2013:10:46:52 -0400] "GET /images/ic_002_body_bg.gif HTTP/1.1" 200 304 "http://www.pharoahaudio.com/scripts/template.css" "Mozilla/5.0 (Windows NT 6.1; WOW64; rv:24.0) Gecko/20100101 Firefox/24.0"
64.125.177.124 - - [12/Aug/2013:10:46:52 -0400] "GET /favicon.ico HTTP/1.1" 404 575 "-" "Mozilla/5.0 (Windows NT 6.1; WOW64; rv:24.0) Gecko/20100101 Firefox/24.0"
99.232.0.11 - - [12/Aug/2013:11:39:39 -0400] "GET /scripts/526493custom.css HTTP/1.1" 200 3102 "http://www.pharoahaudio.com/syncheckproducthomepage.html" "Mozilla/5.0 (Macintosh; Intel Mac OS X 10_6_8) AppleWebKit/534.59.8 (KHTML, like Gecko) Version/5.1.9 Safari/534.59.8"
99.232.0.11 - - [12/Aug/2013:11:42:10 -0400] "GET /images/950_Crosley51_OpCl.jpg HTTP/1.1" 200 80060 "http://www.pharoahaudio.com/yeolderadiomuseum.html" "Mozilla/5.0 (Macintosh; Intel Mac OS X 10_6_8) AppleWebKit/534.59.8 (KHTML, like Gecko) Version/5.1.9 Safari/534.59.8"
31.31.73.93 - - [12/Aug/2013:11:52:57 -0400] "GET /viewtopic.php?f=1&t=7105&st=0&sk=t&sd=a&start=75 HTTP/1.0" 404 575 "-" "Mozilla/5.0 (compatible; MJ12bot/v1.4.3; http://www.majestic12.co.uk/bot.php?+)"
123.125.71.72 - - [12/Aug/2013:01:12:07 -0400] "GET /syncheckproducthomepage.html HTTP/1.1" 200 23731 "-" "Mozilla/5.0 (X11; U; Linux x86_64; en-US; rv:1.9) Gecko Minefield/3.0"
71.227.26.114 - - [12/Aug/2013:18:49:28 -0400] "GET /scripts/icwebsiteelement.css HTTP/1.1" 200 8132 "http://www.pharoahaudio.com/ak55cpart1.html" "Mozilla/5.0 (Windows NT 6.1; WOW64) AppleWebKit/537.36 (KHTML, like Gecko) Chrome/28.0.1500.95 Safari/537.36"
71.227.26.114 - - [12/Aug/2013:18:49:30 -0400] "GET /images/448_AK55-02.JPG HTTP/1.1" 200 26155 "http://www.pharoahaudio.com/ak55cpart1.html" "Mozilla/5.0 (Windows NT 6.1; WOW64) AppleWebKit/537.36 (KHTML, like Gecko) Chrome/28.0.1500.95 Safari/537.36"
71.227.26.114 - - [12/Aug/2013:18:49:30 -0400] "GET /scripts/print.css HTTP/1.1" 200 11209 "http://www.pharoahaudio.com/ak55cpart1.html" "Mozilla/5.0 (Windows NT 6.1; WOW64) AppleWebKit/537.36 (KHTML, like Gecko) Chrome/28.0.1500.95 Safari/537.36"
84.24.44.15 - - [12/Aug/2013:13:41:57 -0400] "GET /ptvideosyncstudy.html HTTP/1.1" 200 41918 "-" "Mozilla/5.0 (iPad; CPU OS 6_1_3 like Mac OS X) AppleWebKit/536.26 (KHTML, like Gecko) Version/6.0 Mobile/10B329 Safari/8536.25"
84.24.44.15 - - [12/Aug/2013:13:41:58 -0400] "GET /images/ic_002_body_bg.gif HTTP/1.1" 200 304 "http://www.pharoahaudio.com/ptvideosyncstudy.html" "Mozilla/5.0 (iPad; CPU OS 6_1_3 like Mac OS X) AppleWebKit/536.26 (KHTML, like Gecko) Version/6.0 Mobile/10B329 Safari/8536.25"
208.83.156.161 - - [12/Aug/2013:13:53:09 -0400] "GET /scripts/526491custom.css HTTP/1.1" 200 8558 "-" "Mozilla/5.0 (compatible; FatBot 2.0; http://www.thefind.com/crawler)"
84.24.44.15 - - [12/Aug/2013:14:24:33 -0400] "GET /images/120_logo_tac_system.jpg HTTP/1.1" 200 2592 "http://www.pharoahaudio.com/syncheckproducthomepage/distributors.html" "Mozilla/5.0 (iPad; CPU OS 6_1_3 like Mac OS X) AppleWebKit/536.26 (KHTML, like Gecko) Version/6.0 Mobile/10B329 Safari/8536.25"
84.24.44.15 - - [12/Aug/2013:14:24:33 -0400] "GET /images/131_Flag_UK.jpg HTTP/1.1" 200 3692 "http://www.pharoahaudio.com/syncheckproducthomepage/distributors.html" "Mozilla/5.0 (iPad; CPU OS 6_1_3 like Mac OS X) AppleWebKit/536.26 (KHTML, like Gecko) Version/6.0 Mobile/10B329 Safari/8536.25"
76.246.233.49 - - [12/Aug/2013:22:05:18 -0400] "GET /scripts/526559custom.css HTTP/1.1" 200 2490 "http://www.pharoahaudio.com/syncheckproducthomepage/syncheck3.html" "Mozilla/5.0 (Macintosh; Intel Mac OS X 10_6_8) AppleWebKit/537.36 (KHTML, like Gecko) Chrome/28.0.1500.95 Safari/537.36"
76.246.233.49 - - [12/Aug/2013:22:05:19 -0400] "GET /images/ic_002_banner_bg_wide.jpg HTTP/1.1" 200 5805 "http://www.pharoahaudio.com/syncheckproducthomepage/syncheck3.html" "Mozilla/5.0 (Macintosh; Intel Mac OS X 10_6_8) AppleWebKit/537.36 (KHTML, like Gecko) Chrome/28.0.1500.95 Safari/537.36"
76.246.233.49 - - [12/Aug/2013:22:05:20 -0400] "GET /favicon.ico HTTP/1.1" 404 575 "-" "Mozilla/5.0 (Macintosh; Intel Mac OS X 10_6_8) AppleWebKit/537.36 (KHTML, like Gecko) Chrome/28.0.1500.95 Safari/537.36"
216.243.5.76 - - [12/Aug/2013:22:24:46 -0400] "GET /images/100_Syncheck_graphic_wide.JPG HTTP/1.1" 200 2076 "http://www.pharoahaudio.com/syncheckproducthomepage.html" "Mozilla/5.0 (Macintosh; Intel Mac OS X 10_8_4) AppleWebKit/536.30.1 (KHTML, like Gecko) Version/6.0.5 Safari/536.30.1"
199.119.227.133 - - [12/Aug/2013:22:47:56 -0400] "GET /legacyproductinformatio/originalsyncheck.html HTTP/1.0" 200 15206 "http://www.pharoahaudio.com/" "Mozilla/5.0 (Windows NT 6.1; rv:5.0) Gecko/20100101 Firefox/5.02"
83.156.246.124 - - [12/Aug/2013:06:50:53 -0400] "GET /scripts/user.js HTTP/1.1" 200 23762 "http://www.pharoahaudio.com/syncheckproducthomepage.html" "Mozilla/5.0 (iPad; CPU OS 6_1_3 like Mac OS X) AppleWebKit/536.26 (KHTML, like Gecko) Version/6.0 Mobile/10B329 Safari/8536.25"
83.156.246.124 - - [12/Aug/2013:06:50:55 -0400] "GET /images/100_Syncheck_graphic_wide.JPG HTTP/1.1" 200 2076 "http://www.pharoahaudio.com/syncheckproducthomepage.html" "Mozilla/5.0 (iPad; CPU OS 6_1_3 like Mac OS X) AppleWebKit/536.26 (KHTML, like Gecko) Version/6.0 Mobile/10B329 Safari/8536.25"
98.14.251.174 - - [12/Aug/2013:08:00:06 -0400] "GET /soundhomepage/facility.html HTTP/1.1" 200 12409 "http://www.pharoahaudio.com/syncheckproducthomepage/syncheck3.html" "Mozilla/5.0 (Windows NT 6.0; rv:22.0) Gecko/20100101 Firefox/22.0"
98.14.251.174 - - [12/Aug/2013:08:00:06 -0400] "GET /scripts/526564custom.css HTTP/1.1" 200 1141 "http://www.pharoahaudio.com/soundhomepage/facility.html" "Mozilla/5.0 (Windows NT 6.0; rv:22.0) Gecko/20100101 Firefox/22.0"
46.229.170.197 - - [12/Aug/2013:12:57:28 -0400] "GET / HTTP/1.1" 200 14579 "-" "Mozilla/5.0 (Windows NT 6.1; Win64; x64; rv:2.2a1pre) Gecko/20110208 Firefox/4.2a1pre"
84.24.44.15 - - [12/Aug/2013:13:41:57 -0400] "GET /scripts/website.css HTTP/1.1" 200 1916 "http://www.pharoahaudio.com/ptvideosyncstudy.html" "Mozilla/5.0 (iPad; CPU OS 6_1_3 like Mac OS X) AppleWebKit/536.26 (KHTML, like Gecko) Version/6.0 Mobile/10B329 Safari/8536.25"
130.219.235.214 - - [12/Aug/2013:15:55:17 -0400] "GET /scripts/user.js HTTP/1.1" 200 23762 "http://www.pharoahaudio.com/mmloudness.html" "Mozilla/5.0 (Windows NT 6.1; WOW64; rv:21.0) Gecko/20100101 Firefox/21.0"
130.219.235.214 - - [12/Aug/2013:15:55:17 -0400] "GET /images/181_Syncheck_graphic_wide.JPG HTTP/1.1" 200 3445 "http://www.pharoahaudio.com/mmloudness.html" "Mozilla/5.0 (Windows NT 6.1; WOW64; rv:21.0) Gecko/20100101 Firefox/21.0"
50.115.173.224 - - [12/Aug/2013:22:47:52 -0400] "GET /syncheckproducthomepage.html HTTP/1.1" 200 23731 "http://www.syncheck.com/" "Mozilla/5.0 (Windows NT 6.1; rv:5.0) Gecko/20100101 Firefox/5.02"
180.76.5.99 - - [12/Aug/2013:23:28:01 -0400] "GET /richworks.html HTTP/1.1" 200 15736 "-" "Mozilla/5.0 (compatible; Baiduspider/2.0; +http://www.baidu.com/search/spider.html)"
99.232.0.11 - - [12/Aug/2013:11:39:38 -0400] "GET /scripts/ic_globals_published.js HTTP/1.1" 200 566 "http://www.pharoahaudio.com/syncheckproducthomepage.html" "Mozilla/5.0 (Macintosh; Intel Mac OS X 10_6_8) AppleWebKit/534.59.8 (KHTML, like Gecko) Version/5.1.9 Safari/534.59.8"
99.232.0.11 - - [12/Aug/2013:11:42:09 -0400] "GET /images/photoalbum/button_photoPause.jpg HTTP/1.1" 200 605 "http://www.pharoahaudio.com/yeolderadiomuseum.html" "Mozilla/5.0 (Macintosh; Intel Mac OS X 10_6_8) AppleWebKit/534.59.8 (KHTML, like Gecko) Version/5.1.9 Safari/534.59.8"
99.232.0.11 - - [12/Aug/2013:11:42:10 -0400] "GET /images/94_Crosley51_OpCl.jpg HTTP/1.1" 200 3242 "http://www.pharoahaudio.com/yeolderadiomuseum.html" "Mozilla/5.0 (Macintosh; Intel Mac OS X 10_6_8) AppleWebKit/534.59.8 (KHTML, like Gecko) Version/5.1.9 Safari/534.59.8"
67.211.200.121 - - [12/Aug/2013:03:13:10 -0400] "GET /contact.html HTTP/1.0" 200 13135 "-" "Mozilla/5.0 (X11; Ubuntu; Linux x86_64; rv:22.0) Gecko/20100101 Firefox/22.0 support@google.com"
46.119.118.152 - - [12/Aug/2013:04:14:25 -0400] "GET /ptvideosyncstudy.html HTTP/1.1" 200 41918 "http://moscow-clining.ru/" "Mozilla/4.0 (compatible; MSIE 6.0; Windows NT 5.1; FREE; .NET CLR 1.1.4322)"
54.224.147.189 - - [12/Aug/2013:06:22:08 -0400] "HEAD / HTTP/1.1" 200 - "-" "python-requests/1.1.0 CPython/2.7.4 Linux/3.8.0-19-generic"
99.232.0.11 - - [12/Aug/2013:11:42:09 -0400] "GET /images/photoalbum/button_photoSpeed2_ON.jpg HTTP/1.1" 200 492 "http://www.pharoahaudio.com/yeolderadiomuseum.html" "Mozilla/5.0 (Macintosh; Intel Mac OS X 10_6_8) AppleWebKit/534.59.8 (KHTML, like Gecko) Version/5.1.9 Safari/534.59.8"
99.232.0.11 - - [12/Aug/2013:11:42:10 -0400] "GET /images/photoalbum/photo_controlBG.jpg HTTP/1.1" 200 336 "http://www.pharoahaudio.com/yeolderadiomuseum.html" "Mozilla/5.0 (Macintosh; Intel Mac OS X 10_6_8) AppleWebKit/534.59.8 (KHTML, like Gecko) Version/5.1.9 Safari/534.59.8"
99.232.0.11 - - [12/Aug/2013:11:42:10 -0400] "GET /images/480_Telephone_neckset_earpiece_1919.JPG HTTP/1.1" 200 17786 "http://www.pharoahaudio.com/yeolderadiomuseum.html" "Mozilla/5.0 (Macintosh; Intel Mac OS X 10_6_8) AppleWebKit/534.59.8 (KHTML, like Gecko) Version/5.1.9 Safari/534.59.8"
31.31.73.93 - - [12/Aug/2013:11:50:20 -0400] "GET /index.php HTTP/1.0" 404 575 "-" "Mozilla/5.0 (compatible; MJ12bot/v1.4.3; http://www.majestic12.co.uk/bot.php?+)"
208.83.156.151 - - [12/Aug/2013:11:51:03 -0400] "GET /scripts/print.css HTTP/1.1" 200 11209 "-" "Mozilla/5.0 (compatible; FatBot 2.0; http://www.thefind.com/crawler)"
71.227.26.114 - - [12/Aug/2013:18:54:09 -0400] "GET /favicon.ico HTTP/1.1" 404 575 "-" "Mozilla/5.0 (Windows NT 6.1; WOW64) AppleWebKit/537.36 (KHTML, like Gecko) Chrome/28.0.1500.95 Safari/537.36"
161.254.0.195 - - [12/Aug/2013:15:07:05 -0400] "GET /scripts/526493custom.css HTTP/1.1" 304 - "http://www.pharoahaudio.com/syncheckproducthomepage.html" "Mozilla/5.0 (iPad; CPU OS 6_1_3 like Mac OS X) AppleWebKit/536.26 (KHTML, like Gecko) Version/6.0 Mobile/10B329 Safari/8536.25"
130.219.235.214 - - [12/Aug/2013:15:55:17 -0400] "GET /scripts/ic_globals_published.js HTTP/1.1" 200 566 "http://www.pharoahaudio.com/mmloudness.html" "Mozilla/5.0 (Windows NT 6.1; WOW64; rv:21.0) Gecko/20100101 Firefox/21.0"
195.198.160.186 - - [12/Aug/2013:16:33:39 -0400] "GET /scripts/526493custom.css HTTP/1.1" 200 3102 "http://www.pharoahaudio.com/syncheckproducthomepage.html" "Mozilla/5.0 (Macintosh; Intel Mac OS X 10.8; rv:22.0) Gecko/20100101 Firefox/22.0"
193.43.252.252 - - [12/Aug/2013:12:05:27 -0400] "GET /syncheckproducthomepage.html HTTP/1.0" 200 23731 "http://filesonload.com" "Mozilla/5.0 (Windows NT 6.1; WOW64) AppleWebKit/537.4 (KHTML, like Gecko) Chrome/22.0.1229.92 Safari/537.4"
66.249.72.72 - - [12/Aug/2013:12:18:16 -0400] "GET /ptvideosyncstudy.html HTTP/1.1" 304 - "-" "Mozilla/5.0 (iPhone; U; CPU iPhone OS 4_1 like Mac OS X; en-us) AppleWebKit/532.9 (KHTML, like Gecko) Version/4.0.5 Mobile/8B117 Safari/6531.22.7 (compatible; Googlebot-Mobile/2.1; +http://www.google.com/bot.html)"
84.24.44.15 - - [12/Aug/2013:13:41:57 -0400] "GET /scripts/ic_globals_published.js HTTP/1.1" 200 566 "http://www.pharoahaudio.com/ptvideosyncstudy.html" "Mozilla/5.0 (iPad; CPU OS 6_1_3 like Mac OS X) AppleWebKit/536.26 (KHTML, like Gecko) Version/6.0 Mobile/10B329 Safari/8536.25"
84.24.44.15 - - [12/Aug/2013:13:41:57 -0400] "GET /scripts/526494custom.css HTTP/1.1" 200 4508 "http://www.pharoahaudio.com/ptvideosyncstudy.html" "Mozilla/5.0 (iPad; CPU OS 6_1_3 like Mac OS X) AppleWebKit/536.26 (KHTML, like Gecko) Version/6.0 Mobile/10B329 Safari/8536.25"
84.24.44.15 - - [12/Aug/2013:13:41:57 -0400] "GET /scripts/icwebsiteelement.css HTTP/1.1" 200 8132 "http://www.pharoahaudio.com/ptvideosyncstudy.html" "Mozilla/5.0 (iPad; CPU OS 6_1_3 like Mac OS X) AppleWebKit/536.26 (KHTML, like Gecko) Version/6.0 Mobile/10B329 Safari/8536.25"
84.24.44.15 - - [12/Aug/2013:13:41:58 -0400] "GET /images/ic_002_banner_bg_wide.jpg HTTP/1.1" 200 5805 "http://www.pharoahaudio.com/ptvideosyncstudy.html" "Mozilla/5.0 (iPad; CPU OS 6_1_3 like Mac OS X) AppleWebKit/536.26 (KHTML, like Gecko) Version/6.0 Mobile/10B329 Safari/8536.25"
84.24.44.15 - - [12/Aug/2013:13:41:58 -0400] "GET /images/deletekey_contrasted_narrow_featurephoto.jpg HTTP/1.1" 200 3702 "http://www.pharoahaudio.com/ptvideosyncstudy.html" "Mozilla/5.0 (iPad; CPU OS 6_1_3 like Mac OS X) AppleWebKit/536.26 (KHTML, like Gecko) Version/6.0 Mobile/10B329 Safari/8536.25"
84.24.44.15 - - [12/Aug/2013:13:41:58 -0400] "GET /scripts/print.css HTTP/1.1" 200 11209 "http://www.pharoahaudio.com/ptvideosyncstudy.html" "Mozilla/5.0 (iPad; CPU OS 6_1_3 like Mac OS X) AppleWebKit/536.26 (KHTML, like Gecko) Version/6.0 Mobile/10B329 Safari/8536.25"
66.249.72.72 - - [12/Aug/2013:14:07:52 -0400] "GET /mmworthit.html HTTP/1.1" 200 22151 "-" "SAMSUNG-SGH-E250/1.0 Profile/MIDP-2.0 Configuration/CLDC-1.1 UP.Browser/6.2.3.3.c.1.101 (GUI) MMP/2.0 (compatible; Googlebot-Mobile/2.1; +http://www.google.com/bot.html)"
65.55.215.104 - - [12/Aug/2013:04:05:29 -0400] "GET /images/hand_left_blue.gif HTTP/1.1" 200 932 "-" "msnbot-media/1.1 (+http://search.msn.com/msnbot.htm)"
180.26.224.205 - - [12/Aug/2013:05:42:22 -0400] "GET /scripts/ic_globals_published.js HTTP/1.1" 200 566 "http://www.pharoahaudio.com/syncheckproducthomepage.html" "Mozilla/5.0 (Macintosh; Intel Mac OS X 10_6_8) AppleWebKit/534.57.2 (KHTML, like Gecko) Version/5.1.7 Safari/534.57.2"
180.26.224.205 - - [12/Aug/2013:05:42:22 -0400] "GET /scripts/icwebsiteelement.css HTTP/1.1" 200 8132 "http://www.pharoahaudio.com/syncheckproducthomepage.html" "Mozilla/5.0 (Macintosh; Intel Mac OS X 10_6_8) AppleWebKit/534.57.2 (KHTML, like Gecko) Version/5.1.7 Safari/534.57.2"
180.26.224.205 - - [12/Aug/2013:05:42:23 -0400] "GET /images/300_SY3_handheld_toward_tv.jpg HTTP/1.1" 200 10416 "http://www.pharoahaudio.com/syncheckproducthomepage.html" "Mozilla/5.0 (Macintosh; Intel Mac OS X 10_6_8) AppleWebKit/534.57.2 (KHTML, like Gecko) Version/5.1.7 Safari/534.57.2"
157.55.33.146 - - [12/Aug/2013:02:10:00 -0400] "GET /scripts/print.css HTTP/1.1" 200 11209 "-" "Mozilla/5.0 (compatible; bingbot/2.0; +http://www.bing.com/bingbot.htm)"
195.198.160.186 - - [12/Aug/2013:16:33:39 -0400] "GET /scripts/photoalbum.js HTTP/1.1" 200 62481 "http://www.pharoahaudio.com/syncheckproducthomepage.html" "Mozilla/5.0 (Macintosh; Intel Mac OS X 10.8; rv:22.0) Gecko/20100101 Firefox/22.0"
220.181.108.114 - - [12/Aug/2013:16:34:29 -0400] "GET / HTTP/1.1" 200 14579 "-" "Mozilla/5.0 (compatible; Baiduspider/2.0; +http://www.baidu.com/search/spider.html)"
157.55.35.95 - - [12/Aug/2013:18:00:29 -0400] "GET / HTTP/1.1" 200 14579 "-" "Mozilla/5.0 (compatible; bingbot/2.0; +http://www.bing.com/bingbot.htm)"
5.10.83.83 - - [12/Aug/2013:18:44:17 -0400] "GET /syncheckproducthomepage/synflash.html HTTP/1.1" 200 31348 "-" "Mozilla/5.0 (compatible; AhrefsBot/5.0; +http://ahrefs.com/robot/)"
123.125.71.115 - - [12/Aug/2013:18:58:23 -0400] "GET /scripts/user.js HTTP/1.1" 200 23762 "http://www.pharoahaudio.com/syncheckproducthomepage/downloads.html" "Mozilla/5.0 (X11; U; Linux x86_64; en-US; rv:1.9) Gecko Minefield/3.0"
157.56.229.184 - - [12/Aug/2013:21:11:23 -0400] "GET /images/360_AK55-00.JPG HTTP/1.1" 200 21995 "-" "Mozilla/5.0 (compatible; bingbot/2.0; +http://www.bing.com/bingbot.htm)"
208.83.156.117 - - [12/Aug/2013:22:31:55 -0400] "GET /scripts/526556custom.css HTTP/1.1" 200 2489 "-" "Mozilla/5.0 (compatible; FatBot 2.0; http://www.thefind.com/crawler)"
98.14.251.174 - - [12/Aug/2013:07:59:57 -0400] "GET /scripts/526559custom.css HTTP/1.1" 200 2490 "http://www.pharoahaudio.com/syncheckproducthomepage/syncheck3.html" "Mozilla/5.0 (Windows NT 6.0; rv:22.0) Gecko/20100101 Firefox/22.0"
182.118.25.232 - - [12/Aug/2013:14:15:46 -0400] "GET /robots.txt HTTP/1.1" 200 25 "http://www.pharoahaudio.com/robots.txt" "Mozilla/5.0 (Windows; U; Windows NT 5.1; zh-CN; rv:1.8.0.11) Firefox/1.5.0.11; 360Spider"
99.232.0.11 - - [12/Aug/2013:11:42:09 -0400] "GET /images/181_T1_tweeter_unopened.jpg HTTP/1.1" 200 8783 "http://www.pharoahaudio.com/yeolderadiomuseum.html" "Mozilla/5.0 (Macintosh; Intel Mac OS X 10_6_8) AppleWebKit/534.59.8 (KHTML, like Gecko) Version/5.1.9 Safari/534.59.8"
99.232.0.11 - - [12/Aug/2013:11:42:09 -0400] "GET /images/photoalbum/button_photoSpeed1_ON.jpg HTTP/1.1" 200 476 "http://www.pharoahaudio.com/yeolderadiomuseum.html" "Mozilla/5.0 (Macintosh; Intel Mac OS X 10_6_8) AppleWebKit/534.59.8 (KHTML, like Gecko) Version/5.1.9 Safari/534.59.8"
96.51.73.202 - - [12/Aug/2013:02:09:46 -0400] "GET /scripts/icwebsiteelement.css HTTP/1.1" 200 8132 "http://www.pharoahaudio.com/ak35repair1.html" "Mozilla/5.0 (Windows NT 6.2; WOW64) AppleWebKit/537.36 (KHTML, like Gecko) Chrome/28.0.1500.95 Safari/537.36"
96.51.73.202 - - [12/Aug/2013:02:09:47 -0400] "GET /images/50_hand-arrow-red-left.gif HTTP/1.1" 200 477 "http://www.pharoahaudio.com/ak35repair1.html" "Mozilla/5.0 (Windows NT 6.2; WOW64) AppleWebKit/537.36 (KHTML, like Gecko) Chrome/28.0.1500.95 Safari/537.36"
204.12.208.234 - - [12/Aug/2013:03:04:34 -0400] "GET /syncheckproducthomepage.html HTTP/1.0" 200 23731 "-" "Mozilla/5.0 (compatible; MJ12bot/v1.4.3; http://www.majestic12.co.uk/bot.php?+)"
220.181.89.174 - - [12/Aug/2013:03:36:47 -0400] "GET / HTTP/1.1" 200 14579 "-" "Sogou web spider/4.0(+http://www.sogou.com/docs/help/webmasters.htm#07)"
12.152.170.131 - - [12/Aug/2013:09:12:50 -0400] "GET /scripts/526496.css HTTP/1.1" 200 102 "http://www.pharoahaudio.com/yeolderadiomuseum.html" "Mozilla/5.0 (X11; Ubuntu; Linux x86_64; rv:22.0) Gecko/20100101 Firefox/22.0"
12.152.170.131 - - [12/Aug/2013:09:12:50 -0400] "GET /images/181_Radiola_26_small_branded.jpg HTTP/1.1" 200 5165 "http://www.pharoahaudio.com/yeolderadiomuseum.html" "Mozilla/5.0 (X11; Ubuntu; Linux x86_64; rv:22.0) Gecko/20100101 Firefox/22.0"
12.152.170.131 - - [12/Aug/2013:09:12:50 -0400] "GET /images/photoalbum/button_photoFirst.jpg HTTP/1.1" 200 637 "http://www.pharoahaudio.com/yeolderadiomuseum.html" "Mozilla/5.0 (X11; Ubuntu; Linux x86_64; rv:22.0) Gecko/20100101 Firefox/22.0"
12.152.170.131 - - [12/Aug/2013:09:12:50 -0400] "GET /images/photoalbum/button_photoSpeed5.jpg HTTP/1.1" 200 502 "http://www.pharoahaudio.com/yeolderadiomuseum.html" "Mozilla/5.0 (X11; Ubuntu; Linux x86_64; rv:22.0) Gecko/20100101 Firefox/22.0"
12.152.170.131 - - [12/Aug/2013:09:12:51 -0400] "GET /images/480_Radiola_26_small_branded.jpg HTTP/1.1" 200 26536 "http://www.pharoahaudio.com/yeolderadiomuseum.html" "Mozilla/5.0 (X11; Ubuntu; Linux x86_64; rv:22.0) Gecko/20100101 Firefox/22.0"
12.152.170.131 - - [12/Aug/2013:09:12:51 -0400] "GET /images/360_GE_K105.jpg HTTP/1.1" 200 30923 "http://www.pharoahaudio.com/yeolderadiomuseum.html" "Mozilla/5.0 (X11; Ubuntu; Linux x86_64; rv:22.0) Gecko/20100101 Firefox/22.0"
12.152.170.131 - - [12/Aug/2013:09:12:52 -0400] "GET /images/950_Telephone_neckset_earpiece_1919.JPG HTTP/1.1" 200 45170 "http://www.pharoahaudio.com/yeolderadiomuseum.html" "Mozilla/5.0 (X11; Ubuntu; Linux x86_64; rv:22.0) Gecko/20100101 Firefox/22.0"
123.151.148.161 - - [12/Aug/2013:10:18:46 -0400] "GET /robots.txt HTTP/1.1" 200 25 "http://www.pharoahaudio.com/" "Mozilla/5.0 (compatible; MSIE 8.0; Windows NT 6.1)"
99.232.0.11 - - [12/Aug/2013:11:39:39 -0400] "GET /images/100_Syncheck_graphic_wide.JPG HTTP/1.1" 200 2076 "http://www.pharoahaudio.com/syncheckproducthomepage.html" "Mozilla/5.0 (Macintosh; Intel Mac OS X 10_6_8) AppleWebKit/534.59.8 (KHTML, like Gecko) Version/5.1.9 Safari/534.59.8"
195.198.160.186 - - [12/Aug/2013:16:33:43 -0400] "GET /images/250_SynFlash_New_in_boot.jpg HTTP/1.1" 200 7667 "http://www.pharoahaudio.com/syncheckproducthomepage.html" "Mozilla/5.0 (Macintosh; Intel Mac OS X 10.8; rv:22.0) Gecko/20100101 Firefox/22.0"
67.50.241.34 - - [12/Aug/2013:16:40:08 -0400] "GET /syncheckproducthomepage.html HTTP/1.1" 200 23731 "http://duc.avid.com/showthread.php?t=296256" "Mozilla/5.0 (Macintosh; Intel Mac OS X 10_8_3) AppleWebKit/537.36 (KHTML, like Gecko) Chrome/28.0.1500.95 Safari/537.36"
67.50.241.34 - - [12/Aug/2013:16:40:08 -0400] "GET /scripts/photoalbum.js HTTP/1.1" 200 62481 "http://www.pharoahaudio.com/syncheckproducthomepage.html" "Mozilla/5.0 (Macintosh; Intel Mac OS X 10_8_3) AppleWebKit/537.36 (KHTML, like Gecko) Chrome/28.0.1500.95 Safari/537.36"
67.50.241.34 - - [12/Aug/2013:16:40:11 -0400] "GET /images/300_SY3_handheld_toward_tv.jpg HTTP/1.1" 200 10416 "http://www.pharoahaudio.com/syncheckproducthomepage.html" "Mozilla/5.0 (Macintosh; Intel Mac OS X 10_8_3) AppleWebKit/537.36 (KHTML, like Gecko) Chrome/28.0.1500.95 Safari/537.36"
67.50.241.34 - - [12/Aug/2013:16:40:12 -0400] "GET /images/ic_002_body_bg.gif HTTP/1.1" 200 304 "http://www.pharoahaudio.com/syncheckproducthomepage.html" "Mozilla/5.0 (Macintosh; Intel Mac OS X 10_8_3) AppleWebKit/537.36 (KHTML, like Gecko) Chrome/28.0.1500.95 Safari/537.36"
220.181.89.166 - - [12/Aug/2013:17:14:46 -0400] "GET /syncheckproducthomepage.html HTTP/1.1" 200 23731 "-" "Sogou web spider/4.0(+http://www.sogou.com/docs/help/webmasters.htm#07)"
93.152.104.66 - - [12/Aug/2013:06:27:30 -0400] "GET /scripts/website.css HTTP/1.1" 200 1916 "http://www.pharoahaudio.com/syncheckproducthomepage.html" "Mozilla/5.0 (Windows NT 5.1) AppleWebKit/537.36 (KHTML, like Gecko) Chrome/28.0.1500.95 Safari/537.36"
93.152.104.66 - - [12/Aug/2013:06:27:30 -0400] "GET /scripts/icwebsiteelement.css HTTP/1.1" 200 8132 "http://www.pharoahaudio.com/syncheckproducthomepage.html" "Mozilla/5.0 (Windows NT 5.1) AppleWebKit/537.36 (KHTML, like Gecko) Chrome/28.0.1500.95 Safari/537.36"
93.152.104.66 - - [12/Aug/2013:06:27:30 -0400] "GET /images/100_Syncheck_graphic_wide.JPG HTTP/1.1" 200 2076 "http://www.pharoahaudio.com/syncheckproducthomepage.html" "Mozilla/5.0 (Windows NT 5.1) AppleWebKit/537.36 (KHTML, like Gecko) Chrome/28.0.1500.95 Safari/537.36"
93.152.104.66 - - [12/Aug/2013:06:27:30 -0400] "GET /images/ic_002_body_bg.gif HTTP/1.1" 200 304 "http://www.pharoahaudio.com/syncheckproducthomepage.html" "Mozilla/5.0 (Windows NT 5.1) AppleWebKit/537.36 (KHTML, like Gecko) Chrome/28.0.1500.95 Safari/537.36"
83.156.246.124 - - [12/Aug/2013:06:50:53 -0400] "GET /scripts/website.css HTTP/1.1" 200 1916 "http://www.pharoahaudio.com/syncheckproducthomepage.html" "Mozilla/5.0 (iPad; CPU OS 6_1_3 like Mac OS X) AppleWebKit/536.26 (KHTML, like Gecko) Version/6.0 Mobile/10B329 Safari/8536.25"
98.14.251.174 - - [12/Aug/2013:07:59:24 -0400] "GET /scripts/template.css HTTP/1.1" 200 11360 "http://www.pharoahaudio.com/" "Mozilla/5.0 (Windows NT 6.0; rv:22.0) Gecko/20100101 Firefox/22.0"
98.14.251.174 - - [12/Aug/2013:07:59:29 -0400] "GET /images/170_AK55C_refinished_front.JPG HTTP/1.1" 200 7480 "http://www.pharoahaudio.com/yeolderadiomuseum.html" "Mozilla/5.0 (Windows NT 6.0; rv:22.0) Gecko/20100101 Firefox/22.0"
98.14.251.174 - - [12/Aug/2013:07:59:29 -0400] "GET /images/photoalbum/button_photoLast.jpg HTTP/1.1" 200 637 "http://www.pharoahaudio.com/yeolderadiomuseum.html" "Mozilla/5.0 (Windows NT 6.0; rv:22.0) Gecko/20100101 Firefox/22.0"
98.14.251.174 - - [12/Aug/2013:07:59:29 -0400] "GET /images/162_Atwater_Kent_Model_82_case_unfinished.JPG HTTP/1.1" 200 7698 "http://www.pharoahaudio.com/yeolderadiomuseum.html" "Mozilla/5.0 (Windows NT 6.0; rv:22.0) Gecko/20100101 Firefox/22.0"
98.14.251.174 - - [12/Aug/2013:07:59:29 -0400] "GET /images/480_Radiola_26_small_branded.jpg HTTP/1.1" 200 26536 "http://www.pharoahaudio.com/yeolderadiomuseum.html" "Mozilla/5.0 (Windows NT 6.0; rv:22.0) Gecko/20100101 Firefox/22.0"
98.14.251.174 - - [12/Aug/2013:08:03:15 -0400] "GET /scripts/526491custom.css HTTP/1.1" 200 8558 "http://www.pharoahaudio.com/soundhomepage/portfolio.html" "Mozilla/5.0 (Windows NT 6.0; rv:22.0) Gecko/20100101 Firefox/22.0"
187.37.28.107 - - [12/Aug/2013:21:19:05 -0400] "GET /scripts/print.css HTTP/1.1" 200 11209 "http://www.pharoahaudio.com/syncheckproducthomepage.html" "Mozilla/5.0 (Windows NT 5.1) AppleWebKit/537.36 (KHTML, like Gecko) Chrome/28.0.1500.95 Safari/537.36"
193.252.118.167 - - [12/Aug/2013:21:52:16 -0400] "GET /robots.txt HTTP/1.1" 200 25 "-" "Mozilla/5.0 (Windows; U; Windows NT 5.1; fr; rv:1.8.1) VoilaBot BETA 1.2 (support.voilabot@orange-ftgroup.com)"
208.83.156.113 - - [12/Aug/2013:21:59:13 -0400] "GET /scripts/526503custom.css HTTP/1.1" 200 1141 "-" "Mozilla/5.0 (compatible; FatBot 2.0; http://www.thefind.com/crawler)"
208.83.156.155 - - [12/Aug/2013:23:27:05 -0400] "GET /scripts/526518custom.css HTTP/1.1" 200 1479 "-" "Mozilla/5.0 (compatible; FatBot 2.0; http://www.thefind.com/crawler)"
157.55.33.146 - - [12/Aug/2013:01:52:42 -0400] "GET /robots.txt HTTP/1.1" 200 25 "-" "Mozilla/5.0 (compatible; bingbot/2.0; +http://www.bing.com/bingbot.htm)"
84.112.75.98 - - [12/Aug/2013:02:52:51 -0400] "GET /images/359_Pharoah826_Mixroom.JPG HTTP/1.1" 200 21099 "-" "Mozilla/5.0 (iPad; CPU OS 6_1 like Mac OS X) AppleWebKit/536.26 (KHTML, like Gecko) Version/6.0 Mobile/10B141 Safari/8536.25"
208.83.156.151 - - [12/Aug/2013:12:26:23 -0400] "GET /scripts/user.js HTTP/1.1" 200 23762 "-" "Mozilla/5.0 (compatible; FatBot 2.0; http://www.thefind.com/crawler)"
65.55.213.69 - - [12/Aug/2013:12:37:48 -0400] "GET /legacyproductinformatio/sy2reviews.html HTTP/1.1" 200 9011 "-" "msnbot/2.0b (+http://search.msn.com/msnbot.htm)"
65.55.213.68 - - [12/Aug/2013:12:38:12 -0400] "GET /soundhomepage/portfolio.html HTTP/1.1" 200 41316 "-" "msnbot/2.0b (+http://search.msn.com/msnbot.htm)"
65.55.213.68 - - [12/Aug/2013:12:37:31 -0400] "GET /robots.txt HTTP/1.1" 200 25 "-" "msnbot/2.0b (+http://search.msn.com/msnbot.htm)"
96.51.73.202 - - [12/Aug/2013:02:09:46 -0400] "GET /scripts/template.css HTTP/1.1" 200 11360 "http://www.pharoahaudio.com/ak35repair1.html" "Mozilla/5.0 (Windows NT 6.2; WOW64) AppleWebKit/537.36 (KHTML, like Gecko) Chrome/28.0.1500.95 Safari/537.36"
96.51.73.202 - - [12/Aug/2013:02:09:47 -0400] "GET /images/ic_002_body_bg.gif HTTP/1.1" 200 304 "http://www.pharoahaudio.com/ak35repair1.html" "Mozilla/5.0 (Windows NT 6.2; WOW64) AppleWebKit/537.36 (KHTML, like Gecko) Chrome/28.0.1500.95 Safari/537.36"
161.254.0.195 - - [12/Aug/2013:15:07:05 -0400] "GET /scripts/photoalbum.js HTTP/1.1" 304 - "http://www.pharoahaudio.com/syncheckproducthomepage.html" "Mozilla/5.0 (iPad; CPU OS 6_1_3 like Mac OS X) AppleWebKit/536.26 (KHTML, like Gecko) Version/6.0 Mobile/10B329 Safari/8536.25"
195.198.160.186 - - [12/Aug/2013:16:34:47 -0400] "GET /ideviceapp.html HTTP/1.1" 200 22676 "http://www.pharoahaudio.com/syncheckproducthomepage.html" "Mozilla/5.0 (Macintosh; Intel Mac OS X 10.8; rv:22.0) Gecko/20100101 Firefox/22.0"
195.198.160.186 - - [12/Aug/2013:16:34:47 -0400] "GET /images/hand_left_blue.gif HTTP/1.1" 200 932 "http://www.pharoahaudio.com/ideviceapp.html" "Mozilla/5.0 (Macintosh; Intel Mac OS X 10.8; rv:22.0) Gecko/20100101 Firefox/22.0"
195.198.160.186 - - [12/Aug/2013:16:34:48 -0400] "GET /images/deletekey_contrasted_narrow_featurephoto.jpg HTTP/1.1" 200 3702 "http://www.pharoahaudio.com/scripts/website.css" "Mozilla/5.0 (Macintosh; Intel Mac OS X 10.8; rv:22.0) Gecko/20100101 Firefox/22.0"
67.50.241.34 - - [12/Aug/2013:16:40:08 -0400] "GET /scripts/website.css HTTP/1.1" 200 1916 "http://www.pharoahaudio.com/syncheckproducthomepage.html" "Mozilla/5.0 (Macintosh; Intel Mac OS X 10_8_3) AppleWebKit/537.36 (KHTML, like Gecko) Chrome/28.0.1500.95 Safari/537.36"
67.50.241.34 - - [12/Aug/2013:16:40:08 -0400] "GET /scripts/526493custom.css HTTP/1.1" 200 3102 "http://www.pharoahaudio.com/syncheckproducthomepage.html" "Mozilla/5.0 (Macintosh; Intel Mac OS X 10_8_3) AppleWebKit/537.36 (KHTML, like Gecko) Chrome/28.0.1500.95 Safari/537.36"
67.50.241.34 - - [12/Aug/2013:16:40:08 -0400] "GET /scripts/user.js HTTP/1.1" 200 23762 "http://www.pharoahaudio.com/syncheckproducthomepage.html" "Mozilla/5.0 (Macintosh; Intel Mac OS X 10_8_3) AppleWebKit/537.36 (KHTML, like Gecko) Chrome/28.0.1500.95 Safari/537.36"
67.50.241.34 - - [12/Aug/2013:16:40:11 -0400] "GET /images/292_SY3_tabletop2_straight.jpg HTTP/1.1" 200 20162 "http://www.pharoahaudio.com/syncheckproducthomepage.html" "Mozilla/5.0 (Macintosh; Intel Mac OS X 10_8_3) AppleWebKit/537.36 (KHTML, like Gecko) Chrome/28.0.1500.95 Safari/537.36"
12.152.170.131 - - [12/Aug/2013:09:05:20 -0400] "GET /images/hand_left_blue.gif HTTP/1.1" 200 932 "http://www.pharoahaudio.com/syncheckproducthomepage/dvd.html" "Mozilla/5.0 (X11; Ubuntu; Linux x86_64; rv:22.0) Gecko/20100101 Firefox/22.0"
12.152.170.131 - - [12/Aug/2013:09:05:20 -0400] "GET /images/ic_002_body_bg.gif HTTP/1.1" 200 304 "http://www.pharoahaudio.com/scripts/template.css" "Mozilla/5.0 (X11; Ubuntu; Linux x86_64; rv:22.0) Gecko/20100101 Firefox/22.0"
12.152.170.131 - - [12/Aug/2013:09:05:20 -0400] "GET /images/ic_002_banner_bg_wide.jpg HTTP/1.1" 200 5805 "http://www.pharoahaudio.com/scripts/template.css" "Mozilla/5.0 (X11; Ubuntu; Linux x86_64; rv:22.0) Gecko/20100101 Firefox/22.0"
204.12.208.234 - - [12/Aug/2013:03:04:32 -0400] "GET /robots.txt HTTP/1.0" 200 25 "-" "Mozilla/5.0 (compatible; MJ12bot/v1.4.3; http://www.majestic12.co.uk/bot.php?+)"
66.249.72.72 - - [12/Aug/2013:04:11:28 -0400] "GET / HTTP/1.1" 200 14579 "-" "Mozilla/5.0 (compatible; Googlebot/2.1; +http://www.google.com/bot.html)"
66.249.72.72 - - [12/Aug/2013:04:20:41 -0400] "GET /scripts/print.css HTTP/1.1" 200 11209 "-" "Mozilla/5.0 (compatible; Googlebot/2.1; +http://www.google.com/bot.html)"
94.228.180.6 - - [12/Aug/2013:05:16:37 -0400] "GET /syncheckproducthomepage.html HTTP/1.1" 200 23731 "http://www.google.fr/url?sa=t&rct=j&q=syncheck&source=web&cd=1&ved=0CDQQFjAA&url=http%3A%2F%2Fwww.pharoahaudio.com%2Fsyncheckproducthomepage.html&ei=76cIUoDdNJTH7AaA64DgDA&usg=AFQjCNGMjbZUcHMhEIkqCO32IunlgXYtlw&bvm=bv.50500085,d.ZGU" "Mozilla/5.0 (Macintosh; Intel Mac OS X 10_6_8) AppleWebKit/534.59.8 (KHTML, like Gecko) Version/5.1.9 Safari/534.59.8"
94.228.180.6 - - [12/Aug/2013:05:16:37 -0400] "GET /scripts/template.css HTTP/1.1" 200 11360 "http://www.pharoahaudio.com/syncheckproducthomepage.html" "Mozilla/5.0 (Macintosh; Intel Mac OS X 10_6_8) AppleWebKit/534.59.8 (KHTML, like Gecko) Version/5.1.9 Safari/534.59.8"
94.228.180.6 - - [12/Aug/2013:05:16:37 -0400] "GET /scripts/526493custom.css HTTP/1.1" 200 3102 "http://www.pharoahaudio.com/syncheckproducthomepage.html" "Mozilla/5.0 (Macintosh; Intel Mac OS X 10_6_8) AppleWebKit/534.59.8 (KHTML, like Gecko) Version/5.1.9 Safari/534.59.8"
94.228.180.6 - - [12/Aug/2013:05:16:37 -0400] "GET /images/ic_002_banner_bg_wide.jpg HTTP/1.1" 200 5805 "http://www.pharoahaudio.com/syncheckproducthomepage.html" "Mozilla/5.0 (Macintosh; Intel Mac OS X 10_6_8) AppleWebKit/534.59.8 (KHTML, like Gecko) Version/5.1.9 Safari/534.59.8"
94.228.180.6 - - [12/Aug/2013:05:16:37 -0400] "GET /images/ic_002_body_bg.gif HTTP/1.1" 200 304 "http://www.pharoahaudio.com/syncheckproducthomepage.html" "Mozilla/5.0 (Macintosh; Intel Mac OS X 10_6_8) AppleWebKit/534.59.8 (KHTML, like Gecko) Version/5.1.9 Safari/534.59.8"
94.228.180.6 - - [12/Aug/2013:05:16:39 -0400] "GET /scripts/print.css HTTP/1.1" 200 11209 "http://www.pharoahaudio.com/syncheckproducthomepage.html" "Mozilla/5.0 (Macintosh; Intel Mac OS X 10_6_8) AppleWebKit/534.59.8 (KHTML, like Gecko) Version/5.1.9 Safari/534.59.8"
94.228.180.6 - - [12/Aug/2013:05:16:40 -0400] "GET /favicon.ico HTTP/1.1" 404 575 "http://www.pharoahaudio.com/syncheckproducthomepage.html" "Mozilla/5.0 (Macintosh; Intel Mac OS X 10_6_8) AppleWebKit/534.59.8 (KHTML, like Gecko) Version/5.1.9 Safari/534.59.8"
157.55.34.179 - - [12/Aug/2013:21:12:03 -0400] "GET /images/hand_left_blue.gif HTTP/1.1" 200 932 "-" "Mozilla/5.0 (compatible; bingbot/2.0; +http://www.bing.com/bingbot.htm)"
93.152.104.66 - - [12/Aug/2013:06:27:30 -0400] "GET /scripts/user.js HTTP/1.1" 200 23762 "http://www.pharoahaudio.com/syncheckproducthomepage.html" "Mozilla/5.0 (Windows NT 5.1) AppleWebKit/537.36 (KHTML, like Gecko) Chrome/28.0.1500.95 Safari/537.36"
93.152.104.66 - - [12/Aug/2013:06:27:30 -0400] "GET /images/300_SY3_handheld_toward_tv.jpg HTTP/1.1" 200 10416 "http://www.pharoahaudio.com/syncheckproducthomepage.html" "Mozilla/5.0 (Windows NT 5.1) AppleWebKit/537.36 (KHTML, like Gecko) Chrome/28.0.1500.95 Safari/537.36"
93.152.104.66 - - [12/Aug/2013:06:27:30 -0400] "GET /images/ic_002_banner_bg_wide.jpg HTTP/1.1" 200 5805 "http://www.pharoahaudio.com/syncheckproducthomepage.html" "Mozilla/5.0 (Windows NT 5.1) AppleWebKit/537.36 (KHTML, like Gecko) Chrome/28.0.1500.95 Safari/537.36"
220.181.89.166 - - [12/Aug/2013:06:47:08 -0400] "GET /syncheckproducthomepage.html HTTP/1.1" 200 23731 "-" "Sogou web spider/4.0(+http://www.sogou.com/docs/help/webmasters.htm#07)"
65.55.213.68 - - [12/Aug/2013:12:37:34 -0400] "GET /soundhomepage/aboutrichardfairbanks.html HTTP/1.1" 200 14943 "-" "msnbot/2.0b (+http://search.msn.com/msnbot.htm)"
65.55.213.68 - - [12/Aug/2013:12:38:13 -0400] "GET /contact.html HTTP/1.1" 200 13135 "-" "msnbot/2.0b (+http://search.msn.com/msnbot.htm)"
193.252.118.165 - - [12/Aug/2013:02:37:38 -0400] "GET /ak35repair4.html HTTP/1.1" 200 22340 "-" "Mozilla/5.0 (Windows; U; Windows NT 5.1; fr; rv:1.8.1) VoilaBot BETA 1.2 (support.voilabot@orange-ftgroup.com)"
123.151.148.161 - - [12/Aug/2013:02:46:52 -0400] "GET / HTTP/1.1" 200 14579 "http://www.pharoahaudio.com/" "Mozilla/5.0 (compatible; Sosospider/2.0; +http://help.soso.com/webspider.htm)"
157.55.35.95 - - [12/Aug/2013:02:50:20 -0400] "GET / HTTP/1.1" 200 14579 "-" "Mozilla/5.0 (compatible; bingbot/2.0; +http://www.bing.com/bingbot.htm)"
88.77.163.187 - - [12/Aug/2013:16:05:25 -0400] "GET /scripts/website.css HTTP/1.1" 200 1916 "-" "Opera/9.80 (Windows NT 6.1; Win64; x64) Presto/2.12.388 Version/12.16"
220.181.89.166 - - [12/Aug/2013:17:29:37 -0400] "GET /syncheckproducthomepage.html HTTP/1.1" 200 23731 "-" "Sogou web spider/4.0(+http://www.sogou.com/docs/help/webmasters.htm#07)"
128.187.97.20 - - [12/Aug/2013:17:30:18 -0400] "GET /syncheckproducthomepage.html HTTP/1.1" 200 23731 "https://www.google.com/" "Mozilla/5.0 (Linux; Android 4.2.2; SPH-L720 Build/JDQ39) AppleWebKit/537.36 (KHTML, like Gecko) Chrome/28.0.1500.94 Mobile Safari/537.36"
128.187.97.20 - - [12/Aug/2013:17:30:19 -0400] "GET /scripts/ic_globals_published.js HTTP/1.1" 200 566 "http://www.pharoahaudio.com/syncheckproducthomepage.html" "Mozilla/5.0 (Linux; Android 4.2.2; SPH-L720 Build/JDQ39) AppleWebKit/537.36 (KHTML, like Gecko) Chrome/28.0.1500.94 Mobile Safari/537.36"
128.187.97.20 - - [12/Aug/2013:17:30:19 -0400] "GET /scripts/icwebsiteelement.css HTTP/1.1" 200 8132 "http://www.pharoahaudio.com/syncheckproducthomepage.html" "Mozilla/5.0 (Linux; Android 4.2.2; SPH-L720 Build/JDQ39) AppleWebKit/537.36 (KHTML, like Gecko) Chrome/28.0.1500.94 Mobile Safari/537.36"
128.187.97.20 - - [12/Aug/2013:17:30:21 -0400] "GET /images/100_Syncheck_graphic_wide.JPG HTTP/1.1" 200 2076 "http://www.pharoahaudio.com/syncheckproducthomepage.html" "Mozilla/5.0 (Linux; Android 4.2.2; SPH-L720 Build/JDQ39) AppleWebKit/537.36 (KHTML, like Gecko) Chrome/28.0.1500.94 Mobile Safari/537.36"
128.187.97.20 - - [12/Aug/2013:17:31:15 -0400] "GET /images/hand_left_blue.gif HTTP/1.1" 200 932 "http://www.pharoahaudio.com/sy3specialoffer.html" "Mozilla/5.0 (Linux; Android 4.2.2; SPH-L720 Build/JDQ39) AppleWebKit/537.36 (KHTML, like Gecko) Chrome/28.0.1500.94 Mobile Safari/537.36"
94.125.216.16 - - [12/Aug/2013:17:53:32 -0400] "GET /tweeterfixpart2.html HTTP/1.1" 304 - "-" "Mozilla/5.0 (iPad; CPU OS 6_1_3 like Mac OS X) AppleWebKit/536.26 (KHTML, like Gecko) Version/6.0 Mobile/10B329 Safari/8536.25"
94.125.216.16 - - [12/Aug/2013:17:53:32 -0400] "GET /scripts/ic_globals_published.js HTTP/1.1" 304 - "http://www.pharoahaudio.com/tweeterfixpart2.html" "Mozilla/5.0 (iPad; CPU OS 6_1_3 like Mac OS X) AppleWebKit/536.26 (KHTML, like Gecko) Version/6.0 Mobile/10B329 Safari/8536.25"
94.125.216.16 - - [12/Aug/2013:17:53:32 -0400] "GET /scripts/526543custom.css HTTP/1.1" 304 - "http://www.pharoahaudio.com/tweeterfixpart2.html" "Mozilla/5.0 (iPad; CPU OS 6_1_3 like Mac OS X) AppleWebKit/536.26 (KHTML, like Gecko) Version/6.0 Mobile/10B329 Safari/8536.25"
94.125.216.16 - - [12/Aug/2013:17:53:32 -0400] "GET /scripts/icwebsiteelement.css HTTP/1.1" 304 - "http://www.pharoahaudio.com/tweeterfixpart2.html" "Mozilla/5.0 (iPad; CPU OS 6_1_3 like Mac OS X) AppleWebKit/536.26 (KHTML, like Gecko) Version/6.0 Mobile/10B329 Safari/8536.25"
94.125.216.16 - - [12/Aug/2013:17:53:32 -0400] "GET /scripts/website.css HTTP/1.1" 304 - "http://www.pharoahaudio.com/tweeterfixpart2.html" "Mozilla/5.0 (iPad; CPU OS 6_1_3 like Mac OS X) AppleWebKit/536.26 (KHTML, like Gecko) Version/6.0 Mobile/10B329 Safari/8536.25"
208.83.156.160 - - [12/Aug/2013:17:55:50 -0400] "GET /scripts/526511custom.css HTTP/1.1" 200 2834 "-" "Mozilla/5.0 (compatible; FatBot 2.0; http://www.thefind.com/crawler)"
46.118.126.194 - - [12/Aug/2013:09:06:20 -0400] "GET /ptvideosyncstudy.html HTTP/1.1" 200 41918 "http://youtubeviewspromotion.com/" "Mozilla/4.0 (compatible; MSIE 6.0; Windows NT 5.1; .NET CLR 1.0.3705)"
66.249.81.197 - - [12/Aug/2013:09:51:48 -0400] "GET /favicon.ico HTTP/1.1" 404 575 "-" "Mozilla/5.0 (Windows NT 6.1; rv:6.0) Gecko/20110814 Firefox/6.0 Google (+https://developers.google.com/+/web/snippet/)"
101.227.4.27 - - [12/Aug/2013:10:32:43 -0400] "HEAD / HTTP/1.1" 200 - "-" "Mozilla/5.0 (compatible; YYSpider; +http://www.yunyun.com/spider.html)"
139.18.11.251 - - [12/Aug/2013:11:05:46 -0400] "GET /scripts/photoalbum.js HTTP/1.1" 200 62481 "http://www.pharoahaudio.com/legacyproductinformatio/sy2testimonials.html" "Opera/9.80 (Windows NT 6.1) Presto/2.12.388 Version/12.16"
139.18.11.251 - - [12/Aug/2013:11:05:47 -0400] "GET /images/90_Syncheck_graphic_wide.JPG HTTP/1.1" 200 1768 "http://www.pharoahaudio.com/legacyproductinformatio/sy2testimonials.html" "Opera/9.80 (Windows NT 6.1) Presto/2.12.388 Version/12.16"
67.211.200.121 - - [12/Aug/2013:03:30:47 -0400] "GET /robots.txt HTTP/1.0" 200 25 "-" "Mozilla/5.0 (X11; Ubuntu; Linux x86_64; rv:22.0) Gecko/20100101 Firefox/22.0 (support@google.com)"
5.199.133.88 - - [12/Aug/2013:03:30:57 -0400] "GET /legacyproductinformatio/synflash.html HTTP/1.0" 200 32246 "-" "Mozilla/5.0 (compatible; MJ12bot/v1.4.3; http://www.majestic12.co.uk/bot.php?+)"
213.161.66.130 - - [12/Aug/2013:04:38:42 -0400] "GET /scripts/photoalbum.js HTTP/1.1" 200 62481 "http://www.pharoahaudio.com/syncheckproducthomepage/syncheck3.html" "Mozilla/5.0 (Windows NT 6.1; WOW64) AppleWebKit/537.36 (KHTML, like Gecko) Chrome/28.0.1500.95 Safari/537.36"
213.161.66.130 - - [12/Aug/2013:04:38:43 -0400] "GET /scripts/print.css HTTP/1.1" 200 11209 "http://www.pharoahaudio.com/syncheckproducthomepage/syncheck3.html" "Mozilla/5.0 (Windows NT 6.1; WOW64) AppleWebKit/537.36 (KHTML, like Gecko) Chrome/28.0.1500.95 Safari/537.36"
209.66.97.107 - - [12/Aug/2013:04:41:12 -0400] "GET /scripts/print.css HTTP/1.1" 200 11209 "http://www.pharoahaudio.com/syncheckproducthomepage.html" "Mozilla/5.0 (X11; Ubuntu; Linux x86_64; rv:16.0) Gecko/20100101 Firefox/16.0"
12.152.170.131 - - [12/Aug/2013:09:12:50 -0400] "GET /images/photoalbum/button_photoPrev.jpg HTTP/1.1" 200 656 "http://www.pharoahaudio.com/yeolderadiomuseum.html" "Mozilla/5.0 (X11; Ubuntu; Linux x86_64; rv:22.0) Gecko/20100101 Firefox/22.0"
12.152.170.131 - - [12/Aug/2013:09:12:50 -0400] "GET /images/photoalbum/detail_close.jpg HTTP/1.1" 200 1095 "http://www.pharoahaudio.com/yeolderadiomuseum.html" "Mozilla/5.0 (X11; Ubuntu; Linux x86_64; rv:22.0) Gecko/20100101 Firefox/22.0"
12.152.170.131 - - [12/Aug/2013:09:12:50 -0400] "GET /images/photoalbum/button_photoSpeed4.jpg HTTP/1.1" 200 506 "http://www.pharoahaudio.com/yeolderadiomuseum.html" "Mozilla/5.0 (X11; Ubuntu; Linux x86_64; rv:22.0) Gecko/20100101 Firefox/22.0"
12.152.170.131 - - [12/Aug/2013:09:12:51 -0400] "GET /images/480_Crosley51_OpCl.jpg HTTP/1.1" 200 29265 "http://www.pharoahaudio.com/yeolderadiomuseum.html" "Mozilla/5.0 (X11; Ubuntu; Linux x86_64; rv:22.0) Gecko/20100101 Firefox/22.0"
12.152.170.131 - - [12/Aug/2013:09:12:51 -0400] "GET /images/480_Universal_4tube_branded.JPG HTTP/1.1" 200 44458 "http://www.pharoahaudio.com/yeolderadiomuseum.html" "Mozilla/5.0 (X11; Ubuntu; Linux x86_64; rv:22.0) Gecko/20100101 Firefox/22.0"
12.152.170.131 - - [12/Aug/2013:09:12:51 -0400] "GET /images/480_GM_985775_pocket_portable.jpg HTTP/1.1" 200 26420 "http://www.pharoahaudio.com/yeolderadiomuseum.html" "Mozilla/5.0 (X11; Ubuntu; Linux x86_64; rv:22.0) Gecko/20100101 Firefox/22.0"
12.152.170.131 - - [12/Aug/2013:09:12:51 -0400] "GET /images/480_RCA_56X.jpg HTTP/1.1" 200 17302 "http://www.pharoahaudio.com/yeolderadiomuseum.html" "Mozilla/5.0 (X11; Ubuntu; Linux x86_64; rv:22.0) Gecko/20100101 Firefox/22.0"
12.152.170.131 - - [12/Aug/2013:09:12:51 -0400] "GET /images/480_Motorola_51M1U_battery_AC_1951_OpCl.jpg HTTP/1.1" 200 24084 "http://www.pharoahaudio.com/yeolderadiomuseum.html" "Mozilla/5.0 (X11; Ubuntu; Linux x86_64; rv:22.0) Gecko/20100101 Firefox/22.0"
12.152.170.131 - - [12/Aug/2013:09:12:51 -0400] "GET /images/398_Tower_6157_Geiger_Counter.JPG HTTP/1.1" 200 27494 "http://www.pharoahaudio.com/yeolderadiomuseum.html" "Mozilla/5.0 (X11; Ubuntu; Linux x86_64; rv:22.0) Gecko/20100101 Firefox/22.0"
12.152.170.131 - - [12/Aug/2013:09:12:51 -0400] "GET /images/94_Crystal_Whisker_Set_early_20s.JPG HTTP/1.1" 200 2213 "http://www.pharoahaudio.com/yeolderadiomuseum.html" "Mozilla/5.0 (X11; Ubuntu; Linux x86_64; rv:22.0) Gecko/20100101 Firefox/22.0"
12.152.170.131 - - [12/Aug/2013:09:12:51 -0400] "GET /images/94_AK35_front_900_branded.jpg HTTP/1.1" 200 1650 "http://www.pharoahaudio.com/yeolderadiomuseum.html" "Mozilla/5.0 (X11; Ubuntu; Linux x86_64; rv:22.0) Gecko/20100101 Firefox/22.0"
