64.179.60.230 - - [12/Aug/2013:10:31:03 -0400] "GET /favicon.ico HTTP/1.1" 404 575 "-" "Mozilla/5.0 (compatible; MSIE 10.0; Windows NT 6.1; Win64; x64; Trident/6.0; MDDRJS)"
64.125.177.124 - - [12/Aug/2013:10:51:09 -0400] "GET /images/181_Radiola_26_small_branded.jpg HTTP/1.1" 200 5165 "http://www.pharoahaudio.com/yeolderadiomuseum.html" "Mozilla/5.0 (Windows NT 6.1; WOW64; rv:24.0) Gecko/20100101 Firefox/24.0"
64.125.177.124 - - [12/Aug/2013:10:51:09 -0400] "GET /images/photoalbum/button_photoSpeed1_ON.jpg HTTP/1.1" 200 476 "http://www.pharoahaudio.com/yeolderadiomuseum.html" "Mozilla/5.0 (Windows NT 6.1; WOW64; rv:24.0) Gecko/20100101 Firefox/24.0"
64.125.177.124 - - [12/Aug/2013:10:51:09 -0400] "GET /images/216_Atwater_Kent_82_innards_orig.JPG HTTP/1.1" 200 12169 "http://www.pharoahaudio.com/yeolderadiomuseum.html" "Mozilla/5.0 (Windows NT 6.1; WOW64; rv:24.0) Gecko/20100101 Firefox/24.0"
64.125.177.124 - - [12/Aug/2013:10:51:09 -0400] "GET /images/480_Crystal_Whisker_Set_early_20s.JPG HTTP/1.1" 200 20164 "http://www.pharoahaudio.com/yeolderadiomuseum.html" "Mozilla/5.0 (Windows NT 6.1; WOW64; rv:24.0) Gecko/20100101 Firefox/24.0"
64.125.177.124 - - [12/Aug/2013:10:51:09 -0400] "GET /images/366_Grigsby_Grunow_Hinds_Majestic.jpg HTTP/1.1" 200 14824 "http://www.pharoahaudio.com/yeolderadiomuseum.html" "Mozilla/5.0 (Windows NT 6.1; WOW64; rv:24.0) Gecko/20100101 Firefox/24.0"
64.125.177.124 - - [12/Aug/2013:10:51:09 -0400] "GET /images/480_Zenith_6-S-27_frontback.jpg HTTP/1.1" 200 41545 "http://www.pharoahaudio.com/yeolderadiomuseum.html" "Mozilla/5.0 (Windows NT 6.1; WOW64; rv:24.0) Gecko/20100101 Firefox/24.0"
64.125.177.124 - - [12/Aug/2013:10:51:09 -0400] "GET /images/480_Philco_38-10.jpg HTTP/1.1" 200 29074 "http://www.pharoahaudio.com/yeolderadiomuseum.html" "Mozilla/5.0 (Windows NT 6.1; WOW64; rv:24.0) Gecko/20100101 Firefox/24.0"
64.125.177.124 - - [12/Aug/2013:10:51:09 -0400] "GET /images/480_GM_985775_pocket_portable.jpg HTTP/1.1" 200 26420 "http://www.pharoahaudio.com/yeolderadiomuseum.html" "Mozilla/5.0 (Windows NT 6.1; WOW64; rv:24.0) Gecko/20100101 Firefox/24.0"
64.125.177.124 - - [12/Aug/2013:10:51:09 -0400] "GET /images/480_Marconi_202.jpg HTTP/1.1" 200 31301 "http://www.pharoahaudio.com/yeolderadiomuseum.html" "Mozilla/5.0 (Windows NT 6.1; WOW64; rv:24.0) Gecko/20100101 Firefox/24.0"
64.125.177.124 - - [12/Aug/2013:10:51:09 -0400] "GET /images/480_Zenith_H511_Consoletone.JPG HTTP/1.1" 200 18427 "http://www.pharoahaudio.com/yeolderadiomuseum.html" "Mozilla/5.0 (Windows NT 6.1; WOW64; rv:24.0) Gecko/20100101 Firefox/24.0"
64.125.177.124 - - [12/Aug/2013:10:51:09 -0400] "GET /images/480_EMUD_RJ196.JPG HTTP/1.1" 200 37308 "http://www.pharoahaudio.com/yeolderadiomuseum.html" "Mozilla/5.0 (Windows NT 6.1; WOW64; rv:24.0) Gecko/20100101 Firefox/24.0"
64.125.177.124 - - [12/Aug/2013:10:51:09 -0400] "GET /images/94_AK35_front_900_branded.jpg HTTP/1.1" 200 1650 "http://www.pharoahaudio.com/yeolderadiomuseum.html" "Mozilla/5.0 (Windows NT 6.1; WOW64; rv:24.0) Gecko/20100101 Firefox/24.0"
64.125.177.124 - - [12/Aug/2013:10:51:09 -0400] "GET /images/94_Zenith_6-S-27_frontback.jpg HTTP/1.1" 200 3109 "http://www.pharoahaudio.com/yeolderadiomuseum.html" "Mozilla/5.0 (Windows NT 6.1; WOW64; rv:24.0) Gecko/20100101 Firefox/24.0"
64.125.177.124 - - [12/Aug/2013:10:51:09 -0400] "GET /images/94_GM_985775_pocket_portable.jpg HTTP/1.1" 200 2851 "http://www.pharoahaudio.com/yeolderadiomuseum.html" "Mozilla/5.0 (Windows NT 6.1; WOW64; rv:24.0) Gecko/20100101 Firefox/24.0"
64.125.177.124 - - [12/Aug/2013:10:51:09 -0400] "GET /images/94_Motorola_51M1U_battery_AC_1951_OpCl.jpg HTTP/1.1" 200 2547 "http://www.pharoahaudio.com/yeolderadiomuseum.html" "Mozilla/5.0 (Windows NT 6.1; WOW64; rv:24.0) Gecko/20100101 Firefox/24.0"
64.125.177.124 - - [12/Aug/2013:10:51:09 -0400] "GET /images/950_Telephone_neckset_earpiece_1919.JPG HTTP/1.1" 200 45170 "http://www.pharoahaudio.com/yeolderadiomuseum.html" "Mozilla/5.0 (Windows NT 6.1; WOW64; rv:24.0) Gecko/20100101 Firefox/24.0"
99.232.0.11 - - [12/Aug/2013:11:42:09 -0400] "GET /images/181_AK35_front_900_branded.jpg HTTP/1.1" 200 3289 "http://www.pharoahaudio.com/yeolderadiomuseum.html" "Mozilla/5.0 (Macintosh; Intel Mac OS X 10_6_8) AppleWebKit/534.59.8 (KHTML, like Gecko) Version/5.1.9 Safari/534.59.8"
220.181.108.84 - - [12/Aug/2013:06:49:43 -0400] "GET /sy3specialoffer.html HTTP/1.1" 200 12085 "-" "Mozilla/5.0 (compatible; Baiduspider/2.0; +http://www.baidu.com/search/spider.html)"
66.249.72.56 - - [12/Aug/2013:08:26:16 -0400] "GET /robots.txt HTTP/1.1" 200 25 "-" "Mozilla/5.0 (compatible; Googlebot/2.1; +http://www.google.com/bot.html)"
66.249.72.56 - - [12/Aug/2013:08:26:16 -0400] "GET /2pop.html HTTP/1.1" 200 9677 "-" "Mozilla/5.0 (compatible; Googlebot/2.1; +http://www.google.com/bot.html)"
76.246.233.49 - - [12/Aug/2013:22:05:18 -0400] "GET /syncheckproducthomepage/syncheck3.html HTTP/1.1" 200 21686 "http://duc.avid.com/showthread.php?t=324558" "Mozilla/5.0 (Macintosh; Intel Mac OS X 10_6_8) AppleWebKit/537.36 (KHTML, like Gecko) Chrome/28.0.1500.95 Safari/537.36"
76.246.233.49 - - [12/Aug/2013:22:05:18 -0400] "GET /scripts/user.js HTTP/1.1" 200 23762 "http://www.pharoahaudio.com/syncheckproducthomepage/syncheck3.html" "Mozilla/5.0 (Macintosh; Intel Mac OS X 10_6_8) AppleWebKit/537.36 (KHTML, like Gecko) Chrome/28.0.1500.95 Safari/537.36"
76.246.233.49 - - [12/Aug/2013:22:05:19 -0400] "GET /images/ic_002_body_bg.gif HTTP/1.1" 200 304 "http://www.pharoahaudio.com/syncheckproducthomepage/syncheck3.html" "Mozilla/5.0 (Macintosh; Intel Mac OS X 10_6_8) AppleWebKit/537.36 (KHTML, like Gecko) Chrome/28.0.1500.95 Safari/537.36"
216.243.5.76 - - [12/Aug/2013:22:23:28 -0400] "GET /syncheckproducthomepage.html HTTP/1.1" 200 23731 "-" "Mozilla/5.0 (Macintosh; Intel Mac OS X 10_8_4) AppleWebKit/536.30.1 (KHTML, like Gecko) Version/6.0.5 Safari/536.30.1"
157.55.33.146 - - [12/Aug/2013:01:53:28 -0400] "GET /scripts/ic_globals_published.js HTTP/1.1" 200 566 "-" "Mozilla/5.0 (compatible; bingbot/2.0; +http://www.bing.com/bingbot.htm)"
157.55.34.179 - - [12/Aug/2013:01:54:29 -0400] "GET /scripts/user.js HTTP/1.1" 200 23762 "-" "Mozilla/5.0 (compatible; bingbot/2.0; +http://www.bing.com/bingbot.htm)"
81.52.143.16 - - [12/Aug/2013:03:24:08 -0400] "GET /syncheckproducthomepage.html HTTP/1.1" 200 23731 "-" "Mozilla/5.0 (Windows; U; Windows NT 5.1; fr; rv:1.8.1) VoilaBot BETA 1.2 (support.voilabot@orange-ftgroup.com)"
220.181.108.187 - - [12/Aug/2013:03:49:59 -0400] "GET /yeolderadiomuseum.html HTTP/1.1" 200 42663 "-" "Mozilla/5.0 (compatible; Baiduspider/2.0; +http://www.baidu.com/search/spider.html)"
213.161.66.130 - - [12/Aug/2013:04:38:42 -0400] "GET /scripts/website.css HTTP/1.1" 200 1916 "http://www.pharoahaudio.com/syncheckproducthomepage/syncheck3.html" "Mozilla/5.0 (Windows NT 6.1; WOW64) AppleWebKit/537.36 (KHTML, like Gecko) Chrome/28.0.1500.95 Safari/537.36"
180.26.224.205 - - [12/Aug/2013:05:42:22 -0400] "GET /scripts/user.js HTTP/1.1" 200 23762 "http://www.pharoahaudio.com/syncheckproducthomepage.html" "Mozilla/5.0 (Macintosh; Intel Mac OS X 10_6_8) AppleWebKit/534.57.2 (KHTML, like Gecko) Version/5.1.7 Safari/534.57.2"
180.26.224.205 - - [12/Aug/2013:05:42:23 -0400] "GET /images/100_Syncheck_graphic_wide.JPG HTTP/1.1" 200 2076 "http://www.pharoahaudio.com/syncheckproducthomepage.html" "Mozilla/5.0 (Macintosh; Intel Mac OS X 10_6_8) AppleWebKit/534.57.2 (KHTML, like Gecko) Version/5.1.7 Safari/534.57.2"
67.159.44.55 - - [12/Aug/2013:06:54:32 -0400] "GET / HTTP/1.1" 200 14579 "-" "Mozilla/5.0 (Windows; U; Windows NT 5.1; rv:1.7.3) Gecko/20041001 Firefox/0.10.1"
76.246.233.49 - - [12/Aug/2013:22:05:18 -0400] "GET /scripts/icwebsiteelement.css HTTP/1.1" 200 8132 "http://www.pharoahaudio.com/syncheckproducthomepage/syncheck3.html" "Mozilla/5.0 (Macintosh; Intel Mac OS X 10_6_8) AppleWebKit/537.36 (KHTML, like Gecko) Chrome/28.0.1500.95 Safari/537.36"
76.246.233.49 - - [12/Aug/2013:22:05:19 -0400] "GET /images/hand_left_blue.gif HTTP/1.1" 200 932 "http://www.pharoahaudio.com/syncheckproducthomepage/syncheck3.html" "Mozilla/5.0 (Macintosh; Intel Mac OS X 10_6_8) AppleWebKit/537.36 (KHTML, like Gecko) Chrome/28.0.1500.95 Safari/537.36"
199.30.24.175 - - [12/Aug/2013:22:12:05 -0400] "GET /scripts/526548custom.css HTTP/1.1" 200 4173 "http://www.pharoahaudio.com/ak55cpart1.html" "Mozilla/5.0 (Windows NT 6.1; WOW64) AppleWebKit/534+ (KHTML, like Gecko) BingPreview/1.0b"
199.30.24.175 - - [12/Aug/2013:22:12:06 -0400] "GET /images/ic_002_banner_bg_wide.jpg HTTP/1.1" 200 5805 "http://www.pharoahaudio.com/ak55cpart1.html" "Mozilla/5.0 (Windows NT 6.1; WOW64) AppleWebKit/534+ (KHTML, like Gecko) BingPreview/1.0b"
198.228.201.154 - - [12/Aug/2013:12:22:43 -0400] "GET /ptvideosyncstudy.html HTTP/1.1" 200 41918 "https://www.google.com/" "Mozilla/5.0 (iPhone; CPU iPhone OS 6_1_4 like Mac OS X) AppleWebKit/536.26 (KHTML, like Gecko) Version/6.0 Mobile/10B350 Safari/8536.25"
198.228.201.154 - - [12/Aug/2013:12:22:44 -0400] "GET /scripts/ic_globals_published.js HTTP/1.1" 200 566 "http://www.pharoahaudio.com/ptvideosyncstudy.html" "Mozilla/5.0 (iPhone; CPU iPhone OS 6_1_4 like Mac OS X) AppleWebKit/536.26 (KHTML, like Gecko) Version/6.0 Mobile/10B350 Safari/8536.25"
198.228.201.154 - - [12/Aug/2013:12:22:44 -0400] "GET /scripts/526494custom.css HTTP/1.1" 200 4508 "http://www.pharoahaudio.com/ptvideosyncstudy.html" "Mozilla/5.0 (iPhone; CPU iPhone OS 6_1_4 like Mac OS X) AppleWebKit/536.26 (KHTML, like Gecko) Version/6.0 Mobile/10B350 Safari/8536.25"
198.228.201.154 - - [12/Aug/2013:12:22:44 -0400] "GET /scripts/icwebsiteelement.css HTTP/1.1" 200 8132 "http://www.pharoahaudio.com/ptvideosyncstudy.html" "Mozilla/5.0 (iPhone; CPU iPhone OS 6_1_4 like Mac OS X) AppleWebKit/536.26 (KHTML, like Gecko) Version/6.0 Mobile/10B350 Safari/8536.25"
198.228.201.154 - - [12/Aug/2013:12:22:47 -0400] "GET /images/ic_002_banner_bg_wide.jpg HTTP/1.1" 200 5805 "http://www.pharoahaudio.com/ptvideosyncstudy.html" "Mozilla/5.0 (iPhone; CPU iPhone OS 6_1_4 like Mac OS X) AppleWebKit/536.26 (KHTML, like Gecko) Version/6.0 Mobile/10B350 Safari/8536.25"
198.228.201.154 - - [12/Aug/2013:12:22:47 -0400] "GET /images/deletekey_contrasted_narrow_featurephoto.jpg HTTP/1.1" 200 3702 "http://www.pharoahaudio.com/ptvideosyncstudy.html" "Mozilla/5.0 (iPhone; CPU iPhone OS 6_1_4 like Mac OS X) AppleWebKit/536.26 (KHTML, like Gecko) Version/6.0 Mobile/10B350 Safari/8536.25"
198.228.201.154 - - [12/Aug/2013:12:22:47 -0400] "GET /scripts/print.css HTTP/1.1" 200 11209 "http://www.pharoahaudio.com/ptvideosyncstudy.html" "Mozilla/5.0 (iPhone; CPU iPhone OS 6_1_4 like Mac OS X) AppleWebKit/536.26 (KHTML, like Gecko) Version/6.0 Mobile/10B350 Safari/8536.25"
65.55.213.68 - - [12/Aug/2013:12:38:06 -0400] "GET /syncheckproducthomepage/dvd.html HTTP/1.1" 200 11942 "-" "msnbot/2.0b (+http://search.msn.com/msnbot.htm)"
5.135.214.242 - - [12/Aug/2013:13:40:38 -0400] "GET /syncheckproducthomepage.html HTTP/1.0" 200 23731 "http://www.syncheck.com/" "Mozilla/5.0 (Windows NT 5.1) AppleWebKit/537.36 (KHTML, like Gecko) Chrome/28.0.1500.71 Safari/537.36"
130.219.235.214 - - [12/Aug/2013:15:55:17 -0400] "GET /scripts/template.css HTTP/1.1" 200 11360 "http://www.pharoahaudio.com/mmloudness.html" "Mozilla/5.0 (Windows NT 6.1; WOW64; rv:21.0) Gecko/20100101 Firefox/21.0"
130.219.235.214 - - [12/Aug/2013:15:55:17 -0400] "GET /images/ic_002_banner_bg_wide.jpg HTTP/1.1" 200 5805 "http://www.pharoahaudio.com/scripts/template.css" "Mozilla/5.0 (Windows NT 6.1; WOW64; rv:21.0) Gecko/20100101 Firefox/21.0"
88.77.163.187 - - [12/Aug/2013:16:05:25 -0400] "GET /scripts/print.css HTTP/1.1" 200 11209 "-" "Opera/9.80 (Windows NT 6.1; Win64; x64) Presto/2.12.388 Version/12.16"
88.77.163.187 - - [12/Aug/2013:16:05:25 -0400] "GET /favicon.ico HTTP/1.1" 404 575 "-" "Opera/9.80 (Windows NT 6.1; Win64; x64) Presto/2.12.388 Version/12.16"
123.125.71.95 - - [12/Aug/2013:16:34:39 -0400] "GET /scripts/user.js HTTP/1.1" 200 23762 "http://pharoahaudio.com/" "Mozilla/5.0 (X11; U; Linux x86_64; en-US; rv:1.9) Gecko Minefield/3.0"
128.187.97.20 - - [12/Aug/2013:17:30:19 -0400] "GET /scripts/template.css HTTP/1.1" 200 11360 "http://www.pharoahaudio.com/syncheckproducthomepage.html" "Mozilla/5.0 (Linux; Android 4.2.2; SPH-L720 Build/JDQ39) AppleWebKit/537.36 (KHTML, like Gecko) Chrome/28.0.1500.94 Mobile Safari/537.36"
128.187.97.20 - - [12/Aug/2013:17:30:21 -0400] "GET /images/250_SynFlash_New_in_boot.jpg HTTP/1.1" 200 7667 "http://www.pharoahaudio.com/syncheckproducthomepage.html" "Mozilla/5.0 (Linux; Android 4.2.2; SPH-L720 Build/JDQ39) AppleWebKit/537.36 (KHTML, like Gecko) Chrome/28.0.1500.94 Mobile Safari/537.36"
128.187.97.20 - - [12/Aug/2013:17:31:15 -0400] "GET /images/760_Checkout_Capture_Coupon_highlights.jpg HTTP/1.1" 200 59709 "http://www.pharoahaudio.com/sy3specialoffer.html" "Mozilla/5.0 (Linux; Android 4.2.2; SPH-L720 Build/JDQ39) AppleWebKit/537.36 (KHTML, like Gecko) Chrome/28.0.1500.94 Mobile Safari/537.36"
128.187.97.20 - - [12/Aug/2013:17:31:15 -0400] "GET /apple-touch-icon-precomposed.png HTTP/1.1" 404 575 "-" "Mozilla/5.0 (Linux; Android 4.2.2; SPH-L720 Build/JDQ39) AppleWebKit/537.36 (KHTML, like Gecko) Chrome/28.0.1500.94 Mobile Safari/537.36"
65.55.215.104 - - [12/Aug/2013:04:05:29 -0400] "GET /robots.txt HTTP/1.1" 200 25 "-" "msnbot-media/1.1 (+http://search.msn.com/msnbot.htm)"
46.119.118.152 - - [12/Aug/2013:04:14:28 -0400] "GET /ptvideosyncstudy.html HTTP/1.1" 200 41918 "http://moscow-clining.ru/" "Mozilla/4.0 (compatible; MSIE 6.0; Windows NT 5.1; FREE; .NET CLR 1.1.4322)"
123.125.71.117 - - [12/Aug/2013:06:49:50 -0400] "GET /scripts/photoalbum.js HTTP/1.1" 200 62481 "http://www.pharoahaudio.com/sy3specialoffer.html" "Mozilla/5.0 (X11; U; Linux x86_64; en-US; rv:1.9) Gecko Minefield/3.0"
83.5.207.211 - - [12/Aug/2013:07:53:00 -0400] "GET /images/800_Radiola_26_small_branded.jpg HTTP/1.1" 200 69343 "-" "Mozilla/5.0 (Windows NT 5.1; rv:22.0) Gecko/20100101 Firefox/22.0"
98.14.251.174 - - [12/Aug/2013:07:59:29 -0400] "GET /images/181_Radiola_26_small_branded.jpg HTTP/1.1" 200 5165 "http://www.pharoahaudio.com/yeolderadiomuseum.html" "Mozilla/5.0 (Windows NT 6.0; rv:22.0) Gecko/20100101 Firefox/22.0"
98.14.251.174 - - [12/Aug/2013:07:59:29 -0400] "GET /images/photoalbum/button_photoNext.jpg HTTP/1.1" 200 662 "http://www.pharoahaudio.com/yeolderadiomuseum.html" "Mozilla/5.0 (Windows NT 6.0; rv:22.0) Gecko/20100101 Firefox/22.0"
98.14.251.174 - - [12/Aug/2013:07:59:29 -0400] "GET /images/photoalbum/button_photoSpeed2_ON.jpg HTTP/1.1" 200 492 "http://www.pharoahaudio.com/yeolderadiomuseum.html" "Mozilla/5.0 (Windows NT 6.0; rv:22.0) Gecko/20100101 Firefox/22.0"
98.14.251.174 - - [12/Aug/2013:07:59:29 -0400] "GET /images/480_Lektophone_speaker.jpg HTTP/1.1" 200 37653 "http://www.pharoahaudio.com/yeolderadiomuseum.html" "Mozilla/5.0 (Windows NT 6.0; rv:22.0) Gecko/20100101 Firefox/22.0"
98.14.251.174 - - [12/Aug/2013:08:03:14 -0400] "GET /soundhomepage/portfolio.html HTTP/1.1" 200 41316 "http://www.pharoahaudio.com/syncheckproducthomepage/syncheck3.html" "Mozilla/5.0 (Windows NT 6.0; rv:22.0) Gecko/20100101 Firefox/22.0"
117.198.172.7 - - [12/Aug/2013:09:01:43 -0400] "GET /images/432_T9_new_foam1.jpg HTTP/1.1" 200 21331 "http://www.google.co.in/blank.html" "Mozilla/5.0 (Windows NT 5.1) AppleWebKit/537.36 (KHTML, like Gecko) Chrome/28.0.1500.95 Safari/537.36"
12.152.170.131 - - [12/Aug/2013:09:14:35 -0400] "GET /images/725_Grigsby_Grunow_Hinds_Majestic.jpg HTTP/1.1" 200 41070 "http://www.pharoahaudio.com/yeolderadiomuseum.html" "Mozilla/5.0 (X11; Ubuntu; Linux x86_64; rv:22.0) Gecko/20100101 Firefox/22.0"
66.249.72.72 - - [12/Aug/2013:09:16:35 -0400] "GET /robots.txt HTTP/1.1" 200 25 "-" "Mozilla/5.0 (compatible; Googlebot/2.1; +http://www.google.com/bot.html)"
12.152.170.131 - - [12/Aug/2013:09:17:30 -0400] "GET /images/950_Marconi_202.jpg HTTP/1.1" 200 89926 "http://www.pharoahaudio.com/yeolderadiomuseum.html" "Mozilla/5.0 (X11; Ubuntu; Linux x86_64; rv:22.0) Gecko/20100101 Firefox/22.0"
12.152.170.131 - - [12/Aug/2013:09:19:08 -0400] "GET /images/950_Emerson_830-B.JPG HTTP/1.1" 200 80443 "http://www.pharoahaudio.com/yeolderadiomuseum.html" "Mozilla/5.0 (X11; Ubuntu; Linux x86_64; rv:22.0) Gecko/20100101 Firefox/22.0"
93.215.93.128 - - [12/Aug/2013:10:07:51 -0400] "GET /ideviceapp.html HTTP/1.1" 200 22676 "http://www.pharoahaudio.com/syncheckproducthomepage.html" "Mozilla/5.0 (Macintosh; Intel Mac OS X 10.7; rv:22.0) Gecko/20100101 Firefox/22.0"
93.215.93.128 - - [12/Aug/2013:10:07:51 -0400] "GET /scripts/526567custom.css HTTP/1.1" 200 3499 "http://www.pharoahaudio.com/ideviceapp.html" "Mozilla/5.0 (Macintosh; Intel Mac OS X 10.7; rv:22.0) Gecko/20100101 Firefox/22.0"
93.215.93.128 - - [12/Aug/2013:10:07:52 -0400] "GET /images/deletekey_contrasted_narrow_featurephoto.jpg HTTP/1.1" 200 3702 "http://www.pharoahaudio.com/scripts/website.css" "Mozilla/5.0 (Macintosh; Intel Mac OS X 10.7; rv:22.0) Gecko/20100101 Firefox/22.0"
161.7.103.223 - - [12/Aug/2013:10:40:49 -0400] "GET /images/432_T9_new_foam1.jpg HTTP/1.1" 200 21331 "-" "Mozilla/5.0 (Windows NT 6.1; WOW64; rv:22.0) Gecko/20100101 Firefox/22.0"
208.83.156.153 - - [12/Aug/2013:11:53:08 -0400] "GET /tweeterfixpart3.html HTTP/1.1" 200 16756 "-" "Mozilla/5.0 (compatible; FatBot 2.0; http://www.thefind.com/crawler)"
195.198.160.186 - - [12/Aug/2013:16:33:48 -0400] "GET /favicon.ico HTTP/1.1" 404 575 "-" "Mozilla/5.0 (Macintosh; Intel Mac OS X 10.8; rv:22.0) Gecko/20100101 Firefox/22.0"
195.198.160.186 - - [12/Aug/2013:16:33:48 -0400] "GET /favicon.ico HTTP/1.1" 404 575 "-" "Mozilla/5.0 (Macintosh; Intel Mac OS X 10.8; rv:22.0) Gecko/20100101 Firefox/22.0"
5.10.83.83 - - [12/Aug/2013:16:50:25 -0400] "GET /syncheckproducthomepage/reviews.html HTTP/1.1" 200 8085 "-" "Mozilla/5.0 (compatible; AhrefsBot/5.0; +http://ahrefs.com/robot/)"
123.125.71.99 - - [12/Aug/2013:18:58:24 -0400] "GET /scripts/photoalbum.js HTTP/1.1" 200 62481 "http://www.pharoahaudio.com/syncheckproducthomepage/downloads.html" "Mozilla/5.0 (X11; U; Linux x86_64; en-US; rv:1.9) Gecko Minefield/3.0"
187.64.15.51 - - [12/Aug/2013:19:51:03 -0400] "GET /images/432_T9_new_foam1.jpg HTTP/1.1" 200 21331 "http://www.google.com.br/blank.html" "Mozilla/5.0 (Windows NT 6.1; WOW64) AppleWebKit/537.36 (KHTML, like Gecko) Chrome/28.0.1500.95 Safari/537.36"
5.10.83.83 - - [12/Aug/2013:20:38:20 -0400] "GET /soundhomepage/contact.html HTTP/1.1" 200 11275 "-" "Mozilla/5.0 (compatible; AhrefsBot/5.0; +http://ahrefs.com/robot/)"
65.55.213.68 - - [12/Aug/2013:12:37:46 -0400] "GET /legacyproductinformatio/synflash.html HTTP/1.1" 200 32246 "-" "msnbot/2.0b (+http://search.msn.com/msnbot.htm)"
65.55.213.69 - - [12/Aug/2013:12:37:52 -0400] "GET /legacyproductinformatio/faqsyncheckii.html HTTP/1.1" 200 17550 "-" "msnbot/2.0b (+http://search.msn.com/msnbot.htm)"
157.55.34.179 - - [12/Aug/2013:04:40:41 -0400] "GET /robots.txt HTTP/1.1" 200 25 "-" "Mozilla/5.0 (compatible; bingbot/2.0; +http://www.bing.com/bingbot.htm)"
94.228.180.6 - - [12/Aug/2013:05:16:37 -0400] "GET /scripts/photoalbum.js HTTP/1.1" 200 62481 "http://www.pharoahaudio.com/syncheckproducthomepage.html" "Mozilla/5.0 (Macintosh; Intel Mac OS X 10_6_8) AppleWebKit/534.59.8 (KHTML, like Gecko) Version/5.1.9 Safari/534.59.8"
94.228.180.6 - - [12/Aug/2013:05:16:37 -0400] "GET /images/292_SY3_tabletop2_straight.jpg HTTP/1.1" 200 20162 "http://www.pharoahaudio.com/syncheckproducthomepage.html" "Mozilla/5.0 (Macintosh; Intel Mac OS X 10_6_8) AppleWebKit/534.59.8 (KHTML, like Gecko) Version/5.1.9 Safari/534.59.8"
88.77.163.187 - - [12/Aug/2013:16:05:25 -0400] "GET /scripts/526494custom.css HTTP/1.1" 200 4508 "-" "Opera/9.80 (Windows NT 6.1; Win64; x64) Presto/2.12.388 Version/12.16"
88.77.163.187 - - [12/Aug/2013:16:05:26 -0400] "GET /images/ic_002_banner_bg_wide.jpg HTTP/1.1" 200 5805 "-" "Opera/9.80 (Windows NT 6.1; Win64; x64) Presto/2.12.388 Version/12.16"
71.227.26.114 - - [12/Aug/2013:18:49:28 -0400] "GET /scripts/526548.css HTTP/1.1" 200 102 "http://www.pharoahaudio.com/ak55cpart1.html" "Mozilla/5.0 (Windows NT 6.1; WOW64) AppleWebKit/537.36 (KHTML, like Gecko) Chrome/28.0.1500.95 Safari/537.36"
71.227.26.114 - - [12/Aug/2013:18:49:30 -0400] "GET /images/448_AK55-04.JPG HTTP/1.1" 200 19786 "http://www.pharoahaudio.com/ak55cpart1.html" "Mozilla/5.0 (Windows NT 6.1; WOW64) AppleWebKit/537.36 (KHTML, like Gecko) Chrome/28.0.1500.95 Safari/537.36"
71.227.26.114 - - [12/Aug/2013:18:49:30 -0400] "GET /images/ic_002_banner_bg_wide.jpg HTTP/1.1" 200 5805 "http://www.pharoahaudio.com/ak55cpart1.html" "Mozilla/5.0 (Windows NT 6.1; WOW64) AppleWebKit/537.36 (KHTML, like Gecko) Chrome/28.0.1500.95 Safari/537.36"
187.37.28.107 - - [12/Aug/2013:21:19:01 -0400] "GET /scripts/ic_globals_published.js HTTP/1.1" 200 566 "http://www.pharoahaudio.com/syncheckproducthomepage.html" "Mozilla/5.0 (Windows NT 5.1) AppleWebKit/537.36 (KHTML, like Gecko) Chrome/28.0.1500.95 Safari/537.36"
76.246.233.49 - - [12/Aug/2013:22:05:18 -0400] "GET /scripts/ic_globals_published.js HTTP/1.1" 200 566 "http://www.pharoahaudio.com/syncheckproducthomepage/syncheck3.html" "Mozilla/5.0 (Macintosh; Intel Mac OS X 10_6_8) AppleWebKit/537.36 (KHTML, like Gecko) Chrome/28.0.1500.95 Safari/537.36"
66.249.72.72 - - [12/Aug/2013:07:09:06 -0400] "GET /radiola26part8.html HTTP/1.1" 304 - "-" "Mozilla/5.0 (iPhone; U; CPU iPhone OS 4_1 like Mac OS X; en-us) AppleWebKit/532.9 (KHTML, like Gecko) Version/4.0.5 Mobile/8B117 Safari/6531.22.7 (compatible; Googlebot-Mobile/2.1; +http://www.google.com/bot.html)"
220.181.89.166 - - [12/Aug/2013:01:03:43 -0400] "GET /robots.txt HTTP/1.1" 200 25 "-" "Sogou web spider/4.0"
12.152.170.131 - - [12/Aug/2013:09:16:53 -0400] "GET /images/950_Amer_Bosch_28_open.jpg HTTP/1.1" 200 109244 "http://www.pharoahaudio.com/yeolderadiomuseum.html" "Mozilla/5.0 (X11; Ubuntu; Linux x86_64; rv:22.0) Gecko/20100101 Firefox/22.0"
12.152.170.131 - - [12/Aug/2013:09:19:03 -0400] "GET /images/950_Zenith_H511_Consoletone.JPG HTTP/1.1" 200 50666 "http://www.pharoahaudio.com/yeolderadiomuseum.html" "Mozilla/5.0 (X11; Ubuntu; Linux x86_64; rv:22.0) Gecko/20100101 Firefox/22.0"
209.66.97.113 - - [12/Aug/2013:10:09:55 -0400] "GET /scripts/526510custom.css HTTP/1.0" 200 3840 "http://www.pharoahaudio.com/legacyproductinformatio/syncheckii.html" "Mozilla/5.0 (Windows NT 6.1) AppleWebKit/537.36 (KHTML, like Gecko) Chrome/28.0.1500.95 Safari/537.36"
209.66.97.113 - - [12/Aug/2013:10:09:55 -0400] "GET /images/270_SY2_in_hand_at_screen.JPG HTTP/1.0" 200 8461 "http://www.pharoahaudio.com/legacyproductinformatio/syncheckii.html" "Mozilla/5.0 (Windows NT 6.1) AppleWebKit/537.36 (KHTML, like Gecko) Chrome/28.0.1500.95 Safari/537.36"
209.66.97.113 - - [12/Aug/2013:10:09:58 -0400] "GET /legacyproductinformatio.html HTTP/1.0" 200 8626 "http://www.pharoahaudio.com/legacyproductinformatio/syncheckii.html" "Mozilla/5.0 (Windows NT 6.1) AppleWebKit/537.36 (KHTML, like Gecko) Chrome/28.0.1500.95 Safari/537.36"
209.66.97.113 - - [12/Aug/2013:10:09:58 -0400] "GET /scripts/526560custom.css HTTP/1.0" 200 1141 "http://www.pharoahaudio.com/legacyproductinformatio.html" "Mozilla/5.0 (Windows NT 6.1) AppleWebKit/537.36 (KHTML, like Gecko) Chrome/28.0.1500.95 Safari/537.36"
192.223.163.5 - - [12/Aug/2013:10:25:54 -0400] "GET /scripts/ic_globals_published.js HTTP/1.1" 200 566 "http://www.pharoahaudio.com/tweeterfixpart1.html" "Mozilla/4.0 (compatible; MSIE 8.0; Windows NT 6.1; WOW64; Trident/4.0; SLCC2; .NET CLR 2.0.50727; .NET CLR 3.5.30729; .NET CLR 3.0.30729; .NET4.0C; .NET4.0E)"
192.223.163.5 - - [12/Aug/2013:10:25:54 -0400] "GET /scripts/website.css HTTP/1.1" 200 1916 "http://www.pharoahaudio.com/tweeterfixpart1.html" "Mozilla/4.0 (compatible; MSIE 8.0; Windows NT 6.1; WOW64; Trident/4.0; SLCC2; .NET CLR 2.0.50727; .NET CLR 3.5.30729; .NET CLR 3.0.30729; .NET4.0C; .NET4.0E)"
192.223.163.5 - - [12/Aug/2013:10:25:54 -0400] "GET /scripts/526542.css HTTP/1.1" 200 102 "http://www.pharoahaudio.com/tweeterfixpart1.html" "Mozilla/4.0 (compatible; MSIE 8.0; Windows NT 6.1; WOW64; Trident/4.0; SLCC2; .NET CLR 2.0.50727; .NET CLR 3.5.30729; .NET CLR 3.0.30729; .NET4.0C; .NET4.0E)"
192.223.163.5 - - [12/Aug/2013:10:25:54 -0400] "GET /scripts/print.css HTTP/1.1" 200 11209 "http://www.pharoahaudio.com/tweeterfixpart1.html" "Mozilla/4.0 (compatible; MSIE 8.0; Windows NT 6.1; WOW64; Trident/4.0; SLCC2; .NET CLR 2.0.50727; .NET CLR 3.5.30729; .NET CLR 3.0.30729; .NET4.0C; .NET4.0E)"
192.223.163.5 - - [12/Aug/2013:10:25:54 -0400] "GET /scripts/icwebsiteelement.css HTTP/1.1" 200 8132 "http://www.pharoahaudio.com/tweeterfixpart1.html" "Mozilla/4.0 (compatible; MSIE 8.0; Windows NT 6.1; WOW64; Trident/4.0; SLCC2; .NET CLR 2.0.50727; .NET CLR 3.5.30729; .NET CLR 3.0.30729; .NET4.0C; .NET4.0E)"
192.223.163.5 - - [12/Aug/2013:10:25:56 -0400] "GET /images/540_T1_tweeter_unopened.jpg HTTP/1.1" 200 56975 "http://www.pharoahaudio.com/tweeterfixpart1.html" "Mozilla/4.0 (compatible; MSIE 8.0; Windows NT 6.1; WOW64; Trident/4.0; SLCC2; .NET CLR 2.0.50727; .NET CLR 3.5.30729; .NET CLR 3.0.30729; .NET4.0C; .NET4.0E)"
192.223.163.5 - - [12/Aug/2013:10:25:57 -0400] "GET /favicon.ico HTTP/1.1" 404 575 "-" "Mozilla/4.0 (compatible; MSIE 8.0; Windows NT 6.1; WOW64; Trident/4.0; SLCC2; .NET CLR 2.0.50727; .NET CLR 3.5.30729; .NET CLR 3.0.30729; .NET4.0C; .NET4.0E)"
64.125.177.124 - - [12/Aug/2013:10:46:52 -0400] "GET /scripts/user.js HTTP/1.1" 200 23762 "http://www.pharoahaudio.com/syncheckproducthomepage/syncheck3.html" "Mozilla/5.0 (Windows NT 6.1; WOW64; rv:24.0) Gecko/20100101 Firefox/24.0"
64.125.177.124 - - [12/Aug/2013:10:46:52 -0400] "GET /images/321_SY3_tabletop2_straight.jpg HTTP/1.1" 200 23729 "http://www.pharoahaudio.com/syncheckproducthomepage/syncheck3.html" "Mozilla/5.0 (Windows NT 6.1; WOW64; rv:24.0) Gecko/20100101 Firefox/24.0"
139.18.11.251 - - [12/Aug/2013:11:05:46 -0400] "GET /scripts/print.css HTTP/1.1" 200 11209 "http://www.pharoahaudio.com/legacyproductinformatio/sy2testimonials.html" "Opera/9.80 (Windows NT 6.1) Presto/2.12.388 Version/12.16"
139.18.11.251 - - [12/Aug/2013:11:05:47 -0400] "GET /images/ic_002_body_bg.gif HTTP/1.1" 200 304 "http://www.pharoahaudio.com/legacyproductinformatio/sy2testimonials.html" "Opera/9.80 (Windows NT 6.1) Presto/2.12.388 Version/12.16"
99.232.0.11 - - [12/Aug/2013:11:42:09 -0400] "GET /images/photoalbum/button_photoSpeed5.jpg HTTP/1.1" 200 502 "http://www.pharoahaudio.com/yeolderadiomuseum.html" "Mozilla/5.0 (Macintosh; Intel Mac OS X 10_6_8) AppleWebKit/534.59.8 (KHTML, like Gecko) Version/5.1.9 Safari/534.59.8"
99.232.0.11 - - [12/Aug/2013:11:42:13 -0400] "GET /images/950_GM_985775_pocket_portable.jpg HTTP/1.1" 200 70978 "http://www.pharoahaudio.com/yeolderadiomuseum.html" "Mozilla/5.0 (Macintosh; Intel Mac OS X 10_6_8) AppleWebKit/534.59.8 (KHTML, like Gecko) Version/5.1.9 Safari/534.59.8"
198.228.201.154 - - [12/Aug/2013:12:22:44 -0400] "GET /scripts/template.css HTTP/1.1" 200 11360 "http://www.pharoahaudio.com/ptvideosyncstudy.html" "Mozilla/5.0 (iPhone; CPU iPhone OS 6_1_4 like Mac OS X) AppleWebKit/536.26 (KHTML, like Gecko) Version/6.0 Mobile/10B350 Safari/8536.25"
212.156.144.66 - - [12/Aug/2013:08:23:27 -0400] "GET /scripts/website.css HTTP/1.0" 200 1916 "http://www.pharoahaudio.com/syncheckproducthomepage.html" "Mozilla/5.0 (iPhone; CPU iPhone OS 6_1_3 like Mac OS X) AppleWebKit/536.26 (KHTML, like Gecko) Version/6.0 Mobile/10B329 Safari/8536.25"
212.156.144.66 - - [12/Aug/2013:08:23:29 -0400] "GET /images/100_Syncheck_graphic_wide.JPG HTTP/1.0" 200 2076 "http://www.pharoahaudio.com/syncheckproducthomepage.html" "Mozilla/5.0 (iPhone; CPU iPhone OS 6_1_3 like Mac OS X) AppleWebKit/536.26 (KHTML, like Gecko) Version/6.0 Mobile/10B329 Safari/8536.25"
84.24.44.15 - - [12/Aug/2013:13:44:44 -0400] "GET /images/100_Syncheck_graphic_wide.JPG HTTP/1.1" 200 2076 "http://www.pharoahaudio.com/syncheckproducthomepage.html" "Mozilla/5.0 (iPad; CPU OS 6_1_3 like Mac OS X) AppleWebKit/536.26 (KHTML, like Gecko) Version/6.0 Mobile/10B329 Safari/8536.25"
161.51.3.235 - - [12/Aug/2013:14:38:37 -0400] "GET /scripts/photoalbum.js HTTP/1.1" 200 62481 "http://www.pharoahaudio.com/mmworthit.html" "Mozilla/5.0 (Windows NT 5.1) AppleWebKit/537.36 (KHTML, like Gecko) Chrome/28.0.1500.95 Safari/537.36"
161.51.3.235 - - [12/Aug/2013:14:38:38 -0400] "GET /scripts/print.css HTTP/1.1" 200 11209 "http://www.pharoahaudio.com/mmworthit.html" "Mozilla/5.0 (Windows NT 5.1) AppleWebKit/537.36 (KHTML, like Gecko) Chrome/28.0.1500.95 Safari/537.36"
182.118.21.250 - - [12/Aug/2013:15:36:41 -0400] "GET /syncheckproducthomepage.html HTTP/1.1" 200 23731 "http://www.pharoahaudio.com/syncheckproducthomepage.html" "Mozilla/5.0 (Windows; U; Windows NT 5.1; zh-CN; rv:1.8.0.11) Firefox/1.5.0.11; 360Spider"
88.77.163.187 - - [12/Aug/2013:16:05:25 -0400] "GET /scripts/template.css HTTP/1.1" 200 11360 "-" "Opera/9.80 (Windows NT 6.1; Win64; x64) Presto/2.12.388 Version/12.16"
187.37.28.107 - - [12/Aug/2013:21:19:01 -0400] "GET /scripts/526493custom.css HTTP/1.1" 200 3102 "http://www.pharoahaudio.com/syncheckproducthomepage.html" "Mozilla/5.0 (Windows NT 5.1) AppleWebKit/537.36 (KHTML, like Gecko) Chrome/28.0.1500.95 Safari/537.36"
81.52.143.31 - - [12/Aug/2013:23:46:36 -0400] "GET /radiola26part5.html HTTP/1.1" 200 22617 "-" "Mozilla/5.0 (Windows; U; Windows NT 5.1; fr; rv:1.8.1) VoilaBot BETA 1.2 (support.voilabot@orange-ftgroup.com)"
64.125.177.124 - - [12/Aug/2013:10:51:09 -0400] "GET /images/170_AK55C_refinished_front.JPG HTTP/1.1" 200 7480 "http://www.pharoahaudio.com/yeolderadiomuseum.html" "Mozilla/5.0 (Windows NT 6.1; WOW64; rv:24.0) Gecko/20100101 Firefox/24.0"
64.125.177.124 - - [12/Aug/2013:10:51:09 -0400] "GET /images/photoalbum/button_photoSpeed3_ON.jpg HTTP/1.1" 200 587 "http://www.pharoahaudio.com/yeolderadiomuseum.html" "Mozilla/5.0 (Windows NT 6.1; WOW64; rv:24.0) Gecko/20100101 Firefox/24.0"
64.125.177.124 - - [12/Aug/2013:10:51:09 -0400] "GET /images/480_AK35_front_900_branded.jpg HTTP/1.1" 200 15505 "http://www.pharoahaudio.com/yeolderadiomuseum.html" "Mozilla/5.0 (Windows NT 6.1; WOW64; rv:24.0) Gecko/20100101 Firefox/24.0"
64.125.177.124 - - [12/Aug/2013:10:51:09 -0400] "GET /images/360_GE_K105.jpg HTTP/1.1" 200 30923 "http://www.pharoahaudio.com/yeolderadiomuseum.html" "Mozilla/5.0 (Windows NT 6.1; WOW64; rv:24.0) Gecko/20100101 Firefox/24.0"
64.125.177.124 - - [12/Aug/2013:10:51:09 -0400] "GET /images/480_Emerson_CX283.jpg HTTP/1.1" 200 32326 "http://www.pharoahaudio.com/yeolderadiomuseum.html" "Mozilla/5.0 (Windows NT 6.1; WOW64; rv:24.0) Gecko/20100101 Firefox/24.0"
64.125.177.124 - - [12/Aug/2013:10:51:09 -0400] "GET /images/480_Westinghouse_WR169_orig.jpg HTTP/1.1" 200 42320 "http://www.pharoahaudio.com/yeolderadiomuseum.html" "Mozilla/5.0 (Windows NT 6.1; WOW64; rv:24.0) Gecko/20100101 Firefox/24.0"
64.125.177.124 - - [12/Aug/2013:10:51:09 -0400] "GET /images/480_Motorola_51M1U_battery_AC_1951_OpCl.jpg HTTP/1.1" 200 24084 "http://www.pharoahaudio.com/yeolderadiomuseum.html" "Mozilla/5.0 (Windows NT 6.1; WOW64; rv:24.0) Gecko/20100101 Firefox/24.0"
64.125.177.124 - - [12/Aug/2013:10:51:09 -0400] "GET /images/398_Tower_6157_Geiger_Counter.JPG HTTP/1.1" 200 27494 "http://www.pharoahaudio.com/yeolderadiomuseum.html" "Mozilla/5.0 (Windows NT 6.1; WOW64; rv:24.0) Gecko/20100101 Firefox/24.0"
64.125.177.124 - - [12/Aug/2013:10:51:09 -0400] "GET /images/94_Radiola_26_small_branded.jpg HTTP/1.1" 200 2231 "http://www.pharoahaudio.com/yeolderadiomuseum.html" "Mozilla/5.0 (Windows NT 6.1; WOW64; rv:24.0) Gecko/20100101 Firefox/24.0"
64.125.177.124 - - [12/Aug/2013:10:51:09 -0400] "GET /images/70_GE_K105.jpg HTTP/1.1" 200 2893 "http://www.pharoahaudio.com/yeolderadiomuseum.html" "Mozilla/5.0 (Windows NT 6.1; WOW64; rv:24.0) Gecko/20100101 Firefox/24.0"
64.125.177.124 - - [12/Aug/2013:10:51:09 -0400] "GET /images/94_GE_GD60.jpg HTTP/1.1" 200 3063 "http://www.pharoahaudio.com/yeolderadiomuseum.html" "Mozilla/5.0 (Windows NT 6.1; WOW64; rv:24.0) Gecko/20100101 Firefox/24.0"
64.125.177.124 - - [12/Aug/2013:10:51:09 -0400] "GET /images/94_Philco_49-607_rolltop_combo.JPG HTTP/1.1" 200 2217 "http://www.pharoahaudio.com/yeolderadiomuseum.html" "Mozilla/5.0 (Windows NT 6.1; WOW64; rv:24.0) Gecko/20100101 Firefox/24.0"
64.125.177.124 - - [12/Aug/2013:10:51:09 -0400] "GET /images/94_EMUD_RJ196.JPG HTTP/1.1" 200 2894 "http://www.pharoahaudio.com/yeolderadiomuseum.html" "Mozilla/5.0 (Windows NT 6.1; WOW64; rv:24.0) Gecko/20100101 Firefox/24.0"
99.232.0.11 - - [12/Aug/2013:11:42:09 -0400] "GET /scripts/526496.css HTTP/1.1" 200 102 "http://www.pharoahaudio.com/yeolderadiomuseum.html" "Mozilla/5.0 (Macintosh; Intel Mac OS X 10_6_8) AppleWebKit/534.59.8 (KHTML, like Gecko) Version/5.1.9 Safari/534.59.8"
193.252.118.176 - - [12/Aug/2013:02:36:58 -0400] "GET /syncheckproducthomepage/downloads.html HTTP/1.1" 200 24106 "-" "Mozilla/5.0 (Windows; U; Windows NT 5.1; fr; rv:1.8.1) VoilaBot BETA 1.2 (support.voilabot@orange-ftgroup.com)"
12.152.170.131 - - [12/Aug/2013:09:12:50 -0400] "GET /images/181_T1_tweeter_unopened.jpg HTTP/1.1" 200 8783 "http://www.pharoahaudio.com/yeolderadiomuseum.html" "Mozilla/5.0 (X11; Ubuntu; Linux x86_64; rv:22.0) Gecko/20100101 Firefox/22.0"
12.152.170.131 - - [12/Aug/2013:09:12:50 -0400] "GET /images/photoalbum/button_photoSpeed2_ON.jpg HTTP/1.1" 200 492 "http://www.pharoahaudio.com/yeolderadiomuseum.html" "Mozilla/5.0 (X11; Ubuntu; Linux x86_64; rv:22.0) Gecko/20100101 Firefox/22.0"
12.152.170.131 - - [12/Aug/2013:09:12:51 -0400] "GET /images/480_Telephone_neckset_earpiece_1919.JPG HTTP/1.1" 200 17786 "http://www.pharoahaudio.com/yeolderadiomuseum.html" "Mozilla/5.0 (X11; Ubuntu; Linux x86_64; rv:22.0) Gecko/20100101 Firefox/22.0"
12.152.170.131 - - [12/Aug/2013:09:12:51 -0400] "GET /images/399_Bosch_Model_28_with_AmplionAR19.jpg HTTP/1.1" 200 26270 "http://www.pharoahaudio.com/yeolderadiomuseum.html" "Mozilla/5.0 (X11; Ubuntu; Linux x86_64; rv:22.0) Gecko/20100101 Firefox/22.0"
12.152.170.131 - - [12/Aug/2013:09:12:51 -0400] "GET /images/480_Philco_38-10.jpg HTTP/1.1" 200 29074 "http://www.pharoahaudio.com/yeolderadiomuseum.html" "Mozilla/5.0 (X11; Ubuntu; Linux x86_64; rv:22.0) Gecko/20100101 Firefox/22.0"
12.152.170.131 - - [12/Aug/2013:09:12:51 -0400] "GET /images/480_Marconi_202.jpg HTTP/1.1" 200 31301 "http://www.pharoahaudio.com/yeolderadiomuseum.html" "Mozilla/5.0 (X11; Ubuntu; Linux x86_64; rv:22.0) Gecko/20100101 Firefox/22.0"
12.152.170.131 - - [12/Aug/2013:09:12:52 -0400] "GET /images/94_Motorola_51M1U_battery_AC_1951_OpCl.jpg HTTP/1.1" 200 2547 "http://www.pharoahaudio.com/yeolderadiomuseum.html" "Mozilla/5.0 (X11; Ubuntu; Linux x86_64; rv:22.0) Gecko/20100101 Firefox/22.0"
64.125.177.124 - - [12/Aug/2013:10:51:09 -0400] "GET /images/181_T1_tweeter_unopened.jpg HTTP/1.1" 200 8783 "http://www.pharoahaudio.com/yeolderadiomuseum.html" "Mozilla/5.0 (Windows NT 6.1; WOW64; rv:24.0) Gecko/20100101 Firefox/24.0"
64.125.177.124 - - [12/Aug/2013:10:51:09 -0400] "GET /images/photoalbum/button_photoSpeed2_ON.jpg HTTP/1.1" 200 492 "http://www.pharoahaudio.com/yeolderadiomuseum.html" "Mozilla/5.0 (Windows NT 6.1; WOW64; rv:24.0) Gecko/20100101 Firefox/24.0"
64.125.177.124 - - [12/Aug/2013:10:51:09 -0400] "GET /images/480_Crosley51_OpCl.jpg HTTP/1.1" 200 29265 "http://www.pharoahaudio.com/yeolderadiomuseum.html" "Mozilla/5.0 (Windows NT 6.1; WOW64; rv:24.0) Gecko/20100101 Firefox/24.0"
64.125.177.124 - - [12/Aug/2013:10:51:09 -0400] "GET /images/480_Amer_Bosch_28_open.jpg HTTP/1.1" 200 37731 "http://www.pharoahaudio.com/yeolderadiomuseum.html" "Mozilla/5.0 (Windows NT 6.1; WOW64; rv:24.0) Gecko/20100101 Firefox/24.0"
64.125.177.124 - - [12/Aug/2013:10:51:09 -0400] "GET /images/480_Universal_4tube_branded.JPG HTTP/1.1" 200 44458 "http://www.pharoahaudio.com/yeolderadiomuseum.html" "Mozilla/5.0 (Windows NT 6.1; WOW64; rv:24.0) Gecko/20100101 Firefox/24.0"
64.125.177.124 - - [12/Aug/2013:10:51:09 -0400] "GET /images/480_GE_GD60.jpg HTTP/1.1" 200 37777 "http://www.pharoahaudio.com/yeolderadiomuseum.html" "Mozilla/5.0 (Windows NT 6.1; WOW64; rv:24.0) Gecko/20100101 Firefox/24.0"
64.125.177.124 - - [12/Aug/2013:10:51:09 -0400] "GET /images/480_Philco_46-1226_console.jpg HTTP/1.1" 200 34754 "http://www.pharoahaudio.com/yeolderadiomuseum.html" "Mozilla/5.0 (Windows NT 6.1; WOW64; rv:24.0) Gecko/20100101 Firefox/24.0"
64.125.177.124 - - [12/Aug/2013:10:51:09 -0400] "GET /images/480_Emerson_830-B.JPG HTTP/1.1" 200 30437 "http://www.pharoahaudio.com/yeolderadiomuseum.html" "Mozilla/5.0 (Windows NT 6.1; WOW64; rv:24.0) Gecko/20100101 Firefox/24.0"
64.125.177.124 - - [12/Aug/2013:10:51:09 -0400] "GET /images/94_Telephone_neckset_earpiece_1919.JPG HTTP/1.1" 200 2323 "http://www.pharoahaudio.com/yeolderadiomuseum.html" "Mozilla/5.0 (Windows NT 6.1; WOW64; rv:24.0) Gecko/20100101 Firefox/24.0"
64.125.177.124 - - [12/Aug/2013:10:51:09 -0400] "GET /images/94_Lektophone_speaker.jpg HTTP/1.1" 200 3100 "http://www.pharoahaudio.com/yeolderadiomuseum.html" "Mozilla/5.0 (Windows NT 6.1; WOW64; rv:24.0) Gecko/20100101 Firefox/24.0"
64.125.177.124 - - [12/Aug/2013:10:51:09 -0400] "GET /images/94_Universal_4tube_branded.JPG HTTP/1.1" 200 3286 "http://www.pharoahaudio.com/yeolderadiomuseum.html" "Mozilla/5.0 (Windows NT 6.1; WOW64; rv:24.0) Gecko/20100101 Firefox/24.0"
64.125.177.124 - - [12/Aug/2013:10:51:09 -0400] "GET /images/94_Westinghouse_WR169_orig.jpg HTTP/1.1" 200 3267 "http://www.pharoahaudio.com/yeolderadiomuseum.html" "Mozilla/5.0 (Windows NT 6.1; WOW64; rv:24.0) Gecko/20100101 Firefox/24.0"
64.125.177.124 - - [12/Aug/2013:10:51:09 -0400] "GET /images/94_Motorola_VT107.JPG HTTP/1.1" 200 2551 "http://www.pharoahaudio.com/yeolderadiomuseum.html" "Mozilla/5.0 (Windows NT 6.1; WOW64; rv:24.0) Gecko/20100101 Firefox/24.0"
64.125.177.124 - - [12/Aug/2013:10:51:09 -0400] "GET /images/photoalbum/photo_controlBG.jpg HTTP/1.1" 200 336 "http://www.pharoahaudio.com/scripts/icwebsiteelement.css" "Mozilla/5.0 (Windows NT 6.1; WOW64; rv:24.0) Gecko/20100101 Firefox/24.0"
99.232.0.11 - - [12/Aug/2013:11:39:38 -0400] "GET /scripts/template.css HTTP/1.1" 200 11360 "http://www.pharoahaudio.com/syncheckproducthomepage.html" "Mozilla/5.0 (Macintosh; Intel Mac OS X 10_6_8) AppleWebKit/534.59.8 (KHTML, like Gecko) Version/5.1.9 Safari/534.59.8"
99.232.0.11 - - [12/Aug/2013:11:39:40 -0400] "GET /scripts/print.css HTTP/1.1" 200 11209 "http://www.pharoahaudio.com/syncheckproducthomepage.html" "Mozilla/5.0 (Macintosh; Intel Mac OS X 10_6_8) AppleWebKit/534.59.8 (KHTML, like Gecko) Version/5.1.9 Safari/534.59.8"
99.232.0.11 - - [12/Aug/2013:11:39:40 -0400] "GET /favicon.ico HTTP/1.1" 404 575 "http://www.pharoahaudio.com/syncheckproducthomepage.html" "Mozilla/5.0 (Macintosh; Intel Mac OS X 10_6_8) AppleWebKit/534.59.8 (KHTML, like Gecko) Version/5.1.9 Safari/534.59.8"
99.232.0.11 - - [12/Aug/2013:11:42:10 -0400] "GET /images/800_Radiola_26_small_branded.jpg HTTP/1.1" 200 69343 "http://www.pharoahaudio.com/yeolderadiomuseum.html" "Mozilla/5.0 (Macintosh; Intel Mac OS X 10_6_8) AppleWebKit/534.59.8 (KHTML, like Gecko) Version/5.1.9 Safari/534.59.8"
99.232.0.11 - - [12/Aug/2013:11:42:11 -0400] "GET /images/950_Crystal_Whisker_Set_early_20s.JPG HTTP/1.1" 200 55887 "http://www.pharoahaudio.com/yeolderadiomuseum.html" "Mozilla/5.0 (Macintosh; Intel Mac OS X 10_6_8) AppleWebKit/534.59.8 (KHTML, like Gecko) Version/5.1.9 Safari/534.59.8"
99.232.0.11 - - [12/Aug/2013:11:42:13 -0400] "GET /images/480_Emerson_CX283.jpg HTTP/1.1" 200 32326 "http://www.pharoahaudio.com/yeolderadiomuseum.html" "Mozilla/5.0 (Macintosh; Intel Mac OS X 10_6_8) AppleWebKit/534.59.8 (KHTML, like Gecko) Version/5.1.9 Safari/534.59.8"
99.232.0.11 - - [12/Aug/2013:11:42:13 -0400] "GET /images/94_GE_GD60.jpg HTTP/1.1" 200 3063 "http://www.pharoahaudio.com/yeolderadiomuseum.html" "Mozilla/5.0 (Macintosh; Intel Mac OS X 10_6_8) AppleWebKit/534.59.8 (KHTML, like Gecko) Version/5.1.9 Safari/534.59.8"
99.232.0.11 - - [12/Aug/2013:11:42:17 -0400] "GET /images/480_GM_985775_pocket_portable.jpg HTTP/1.1" 200 26420 "http://www.pharoahaudio.com/yeolderadiomuseum.html" "Mozilla/5.0 (Macintosh; Intel Mac OS X 10_6_8) AppleWebKit/534.59.8 (KHTML, like Gecko) Version/5.1.9 Safari/534.59.8"
99.232.0.11 - - [12/Aug/2013:11:42:10 -0400] "GET /images/94_Crystal_Whisker_Set_early_20s.JPG HTTP/1.1" 200 2213 "http://www.pharoahaudio.com/yeolderadiomuseum.html" "Mozilla/5.0 (Macintosh; Intel Mac OS X 10_6_8) AppleWebKit/534.59.8 (KHTML, like Gecko) Version/5.1.9 Safari/534.59.8"
187.37.28.107 - - [12/Aug/2013:21:19:05 -0400] "GET /images/ic_002_body_bg.gif HTTP/1.1" 200 304 "http://www.pharoahaudio.com/syncheckproducthomepage.html" "Mozilla/5.0 (Windows NT 5.1) AppleWebKit/537.36 (KHTML, like Gecko) Chrome/28.0.1500.95 Safari/537.36"
187.37.28.107 - - [12/Aug/2013:21:19:05 -0400] "GET /images/292_SY3_tabletop2_straight.jpg HTTP/1.1" 200 20162 "http://www.pharoahaudio.com/syncheckproducthomepage.html" "Mozilla/5.0 (Windows NT 5.1) AppleWebKit/537.36 (KHTML, like Gecko) Chrome/28.0.1500.95 Safari/537.36"
187.37.28.107 - - [12/Aug/2013:21:19:07 -0400] "GET /favicon.ico HTTP/1.1" 404 575 "-" "Mozilla/5.0 (Windows NT 5.1) AppleWebKit/537.36 (KHTML, like Gecko) Chrome/28.0.1500.95 Safari/537.36"
93.152.104.66 - - [12/Aug/2013:06:28:14 -0400] "GET /scripts/526503custom.css HTTP/1.1" 200 1141 "http://www.pharoahaudio.com/syncheckproducthomepage/buyonline.html" "Mozilla/5.0 (Windows NT 5.1) AppleWebKit/537.36 (KHTML, like Gecko) Chrome/28.0.1500.95 Safari/537.36"
66.249.72.72 - - [12/Aug/2013:06:57:24 -0400] "GET /images/doctype_zip.gif HTTP/1.1" 200 1227 "-" "Googlebot-Image/1.0"
98.14.251.174 - - [12/Aug/2013:07:59:49 -0400] "GET /news.html HTTP/1.1" 200 38070 "http://www.pharoahaudio.com/" "Mozilla/5.0 (Windows NT 6.0; rv:22.0) Gecko/20100101 Firefox/22.0"
46.119.118.152 - - [12/Aug/2013:08:59:49 -0400] "GET /ptvideosyncstudy.html HTTP/1.1" 200 41918 "http://www.bravica.net/ru/" "Mozilla/4.0 (compatible; MSIE 6.0; Windows NT 5.1; SV1; .NET CLR 1.1.4322) NS8/0.9.6"
65.55.213.68 - - [12/Aug/2013:12:37:39 -0400] "GET /syncheckproducthomepage/buyonline.html HTTP/1.1" 200 10340 "-" "msnbot/2.0b (+http://search.msn.com/msnbot.htm)"
12.152.170.131 - - [12/Aug/2013:09:20:28 -0400] "GET /images/900_Lektophone_speaker.jpg HTTP/1.1" 200 98838 "http://www.pharoahaudio.com/yeolderadiomuseum.html" "Mozilla/5.0 (X11; Ubuntu; Linux x86_64; rv:22.0) Gecko/20100101 Firefox/22.0"
209.66.97.113 - - [12/Aug/2013:10:09:17 -0400] "GET /syncheckproducthomepage/syncheck3.html HTTP/1.0" 200 21686 "-" "Mozilla/5.0 (Windows NT 6.1) AppleWebKit/537.36 (KHTML, like Gecko) Chrome/28.0.1500.95 Safari/537.36"
123.151.148.161 - - [12/Aug/2013:10:11:23 -0400] "GET / HTTP/1.1" 200 14579 "http://www.pharoahaudio.com/" "Mozilla/5.0 (compatible; Sosospider/2.0; +http://help.soso.com/webspider.htm)"
99.232.0.11 - - [12/Aug/2013:11:42:13 -0400] "GET /images/94_GM_985775_pocket_portable.jpg HTTP/1.1" 200 2851 "http://www.pharoahaudio.com/yeolderadiomuseum.html" "Mozilla/5.0 (Macintosh; Intel Mac OS X 10_6_8) AppleWebKit/534.59.8 (KHTML, like Gecko) Version/5.1.9 Safari/534.59.8"
99.232.0.11 - - [12/Aug/2013:11:42:13 -0400] "GET /images/950_Westinghouse_WR169_orig.jpg HTTP/1.1" 200 125389 "http://www.pharoahaudio.com/yeolderadiomuseum.html" "Mozilla/5.0 (Macintosh; Intel Mac OS X 10_6_8) AppleWebKit/534.59.8 (KHTML, like Gecko) Version/5.1.9 Safari/534.59.8"
93.152.104.66 - - [12/Aug/2013:06:28:03 -0400] "GET /favicon.ico HTTP/1.1" 404 575 "-" "Mozilla/5.0 (Windows NT 5.1) AppleWebKit/537.36 (KHTML, like Gecko) Chrome/28.0.1500.95 Safari/537.36"
98.14.251.174 - - [12/Aug/2013:07:59:49 -0400] "GET /images/200_Makers_PBS_announce.jpg HTTP/1.1" 200 12511 "http://www.pharoahaudio.com/news.html" "Mozilla/5.0 (Windows NT 6.0; rv:22.0) Gecko/20100101 Firefox/22.0"
161.254.0.195 - - [12/Aug/2013:15:07:05 -0400] "GET /scripts/user.js HTTP/1.1" 304 - "http://www.pharoahaudio.com/syncheckproducthomepage.html" "Mozilla/5.0 (iPad; CPU OS 6_1_3 like Mac OS X) AppleWebKit/536.26 (KHTML, like Gecko) Version/6.0 Mobile/10B329 Safari/8536.25"
161.254.0.195 - - [12/Aug/2013:15:07:05 -0400] "GET /images/ic_002_banner_bg_wide.jpg HTTP/1.1" 304 - "http://www.pharoahaudio.com/syncheckproducthomepage.html" "Mozilla/5.0 (iPad; CPU OS 6_1_3 like Mac OS X) AppleWebKit/536.26 (KHTML, like Gecko) Version/6.0 Mobile/10B329 Safari/8536.25"
88.77.163.187 - - [12/Aug/2013:16:04:58 -0400] "GET /scripts/ic_globals_published.js HTTP/1.1" 200 566 "-" "Opera/9.80 (Windows NT 6.1; Win64; x64) Presto/2.12.388 Version/12.16"
88.77.163.187 - - [12/Aug/2013:16:05:00 -0400] "GET /scripts/user.js HTTP/1.1" 200 23762 "-" "Opera/9.80 (Windows NT 6.1; Win64; x64) Presto/2.12.388 Version/12.16"
88.77.163.187 - - [12/Aug/2013:16:05:08 -0400] "GET /scripts/user.js HTTP/1.1" 200 23762 "-" "Opera/9.80 (Windows NT 6.1; Win64; x64) Presto/2.12.388 Version/12.16"
213.161.66.130 - - [12/Aug/2013:04:38:42 -0400] "GET /scripts/ic_globals_published.js HTTP/1.1" 200 566 "http://www.pharoahaudio.com/syncheckproducthomepage/syncheck3.html" "Mozilla/5.0 (Windows NT 6.1; WOW64) AppleWebKit/537.36 (KHTML, like Gecko) Chrome/28.0.1500.95 Safari/537.36"
213.161.66.130 - - [12/Aug/2013:04:38:42 -0400] "GET /scripts/526559custom.css HTTP/1.1" 200 2490 "http://www.pharoahaudio.com/syncheckproducthomepage/syncheck3.html" "Mozilla/5.0 (Windows NT 6.1; WOW64) AppleWebKit/537.36 (KHTML, like Gecko) Chrome/28.0.1500.95 Safari/537.36"
213.161.66.130 - - [12/Aug/2013:04:38:42 -0400] "GET /images/321_SY3_tabletop2_straight.jpg HTTP/1.1" 200 23729 "http://www.pharoahaudio.com/syncheckproducthomepage/syncheck3.html" "Mozilla/5.0 (Windows NT 6.1; WOW64) AppleWebKit/537.36 (KHTML, like Gecko) Chrome/28.0.1500.95 Safari/537.36"
213.161.66.130 - - [12/Aug/2013:04:38:43 -0400] "GET /images/ic_002_banner_bg_wide.jpg HTTP/1.1" 200 5805 "http://www.pharoahaudio.com/syncheckproducthomepage/syncheck3.html" "Mozilla/5.0 (Windows NT 6.1; WOW64) AppleWebKit/537.36 (KHTML, like Gecko) Chrome/28.0.1500.95 Safari/537.36"
213.161.66.130 - - [12/Aug/2013:04:38:45 -0400] "GET /favicon.ico HTTP/1.1" 404 575 "-" "Mozilla/5.0 (Windows NT 6.1; WOW64) AppleWebKit/537.36 (KHTML, like Gecko) Chrome/28.0.1500.95 Safari/537.36"
213.161.66.130 - - [12/Aug/2013:04:40:10 -0400] "GET /images/Syncheck3_user_manual_v1.01.pdf HTTP/1.1" 206 32768 "http://www.pharoahaudio.com/images/Syncheck3_user_manual_v1.01.pdf" "Mozilla/5.0 (Windows NT 6.1; WOW64) AppleWebKit/537.36 (KHTML, like Gecko) Chrome/28.0.1500.95 Safari/537.36"
213.161.66.130 - - [12/Aug/2013:04:40:11 -0400] "GET /favicon.ico HTTP/1.1" 404 575 "-" "Mozilla/5.0 (Windows NT 6.1; WOW64) AppleWebKit/537.36 (KHTML, like Gecko) Chrome/28.0.1500.95 Safari/537.36"
209.66.97.107 - - [12/Aug/2013:04:41:12 -0400] "GET /scripts/photoalbum.js HTTP/1.1" 200 62481 "http://www.pharoahaudio.com/syncheckproducthomepage.html" "Mozilla/5.0 (X11; Ubuntu; Linux x86_64; rv:16.0) Gecko/20100101 Firefox/16.0"
209.66.97.107 - - [12/Aug/2013:04:41:14 -0400] "GET /images/ic_002_banner_bg_wide.jpg HTTP/1.1" 200 5805 "http://www.pharoahaudio.com/scripts/template.css" "Mozilla/5.0 (X11; Ubuntu; Linux x86_64; rv:16.0) Gecko/20100101 Firefox/16.0"
65.55.213.68 - - [12/Aug/2013:12:37:37 -0400] "GET /news.html HTTP/1.1" 200 38070 "-" "msnbot/2.0b (+http://search.msn.com/msnbot.htm)"
84.24.44.15 - - [12/Aug/2013:13:41:57 -0400] "GET /scripts/user.js HTTP/1.1" 200 23762 "http://www.pharoahaudio.com/ptvideosyncstudy.html" "Mozilla/5.0 (iPad; CPU OS 6_1_3 like Mac OS X) AppleWebKit/536.26 (KHTML, like Gecko) Version/6.0 Mobile/10B329 Safari/8536.25"
84.24.44.15 - - [12/Aug/2013:14:24:33 -0400] "GET /images/181_logo-RS422_short.gif HTTP/1.1" 200 2149 "http://www.pharoahaudio.com/syncheckproducthomepage/distributors.html" "Mozilla/5.0 (iPad; CPU OS 6_1_3 like Mac OS X) AppleWebKit/536.26 (KHTML, like Gecko) Version/6.0 Mobile/10B329 Safari/8536.25"
84.24.44.15 - - [12/Aug/2013:14:24:33 -0400] "GET /images/120_CentralEng._Logo.jpg HTTP/1.1" 200 2825 "http://www.pharoahaudio.com/syncheckproducthomepage/distributors.html" "Mozilla/5.0 (iPad; CPU OS 6_1_3 like Mac OS X) AppleWebKit/536.26 (KHTML, like Gecko) Version/6.0 Mobile/10B329 Safari/8536.25"
180.76.5.138 - - [12/Aug/2013:00:09:02 -0400] "GET /ak55cpart3.html HTTP/1.1" 200 21608 "-" "Mozilla/5.0 (compatible; Baiduspider/2.0; +http://www.baidu.com/search/spider.html)"
220.181.108.178 - - [12/Aug/2013:01:11:58 -0400] "GET /syncheckproducthomepage.html HTTP/1.1" 200 23731 "-" "Mozilla/5.0 (compatible; Baiduspider/2.0; +http://www.baidu.com/search/spider.html)"
157.55.33.146 - - [12/Aug/2013:02:09:58 -0400] "GET /scripts/526494custom.css HTTP/1.1" 200 4508 "-" "Mozilla/5.0 (compatible; bingbot/2.0; +http://www.bing.com/bingbot.htm)"
12.152.170.131 - - [12/Aug/2013:09:17:26 -0400] "GET /images/950_GM_985775_pocket_portable.jpg HTTP/1.1" 200 70978 "http://www.pharoahaudio.com/yeolderadiomuseum.html" "Mozilla/5.0 (X11; Ubuntu; Linux x86_64; rv:22.0) Gecko/20100101 Firefox/22.0"
12.152.170.131 - - [12/Aug/2013:09:17:29 -0400] "GET /images/950_Westinghouse_WR169_orig.jpg HTTP/1.1" 200 125389 "http://www.pharoahaudio.com/yeolderadiomuseum.html" "Mozilla/5.0 (X11; Ubuntu; Linux x86_64; rv:22.0) Gecko/20100101 Firefox/22.0"
220.181.108.158 - - [12/Aug/2013:09:49:27 -0400] "GET /scripts/website.css HTTP/1.1" 200 1916 "-" "Mozilla/5.0 (compatible; Baiduspider/2.0; +http://www.baidu.com/search/spider.html)"
37.153.204.36 - - [12/Aug/2013:11:03:30 -0400] "GET /scripts/ic_globals_published.js HTTP/1.1" 200 566 "http://www.pharoahaudio.com/syncheckproducthomepage/syncheck3.html" "Mozilla/5.0 (Macintosh; Intel Mac OS X 10_8_4) AppleWebKit/537.36 (KHTML, like Gecko) Chrome/28.0.1500.95 Safari/537.36"
37.153.204.36 - - [12/Aug/2013:11:03:31 -0400] "GET /images/ic_002_banner_bg_wide.jpg HTTP/1.1" 200 5805 "http://www.pharoahaudio.com/syncheckproducthomepage/syncheck3.html" "Mozilla/5.0 (Macintosh; Intel Mac OS X 10_8_4) AppleWebKit/537.36 (KHTML, like Gecko) Chrome/28.0.1500.95 Safari/537.36"
