99.232.0.11 - - [12/Aug/2013:11:42:09 -0400] "GET /images/photoalbum/button_photoPrev.jpg HTTP/1.1" 200 656 "http://www.pharoahaudio.com/yeolderadiomuseum.html" "Mozilla/5.0 (Macintosh; Intel Mac OS X 10_6_8) AppleWebKit/534.59.8 (KHTML, like Gecko) Version/5.1.9 Safari/534.59.8"
193.43.252.252 - - [12/Aug/2013:11:54:16 -0400] "GET /syncheckproducthomepage.html HTTP/1.0" 200 23731 "http://filesonload.com" "Mozilla/5.0 (Windows NT 5.1) AppleWebKit/537.4 (KHTML, like Gecko) Chrome/22.0.1229.94 Safari/537.4"
157.55.32.189 - - [12/Aug/2013:00:01:47 -0400] "GET /robots.txt HTTP/1.1" 200 25 "-" "Mozilla/5.0 (compatible; bingbot/2.0; +http://www.bing.com/bingbot.htm)"
100.43.83.136 - - [12/Aug/2013:00:20:37 -0400] "GET /soundhomepage/news.html HTTP/1.1" 200 14487 "-" "Mozilla/5.0 (compatible; YandexBot/3.0; +http://yandex.com/bots)"
96.227.124.37 - - [12/Aug/2013:01:03:40 -0400] "GET /syncheckproducthomepage.html HTTP/1.1" 200 23731 "-" "Mozilla/4.0 (compatible; MSIE 6.0; Windows NT 5.1; SV1; .NET CLR 1.1.4322)"
66.249.72.72 - - [12/Aug/2013:01:45:08 -0400] "GET /prevfacility.html HTTP/1.1" 200 12058 "-" "SAMSUNG-SGH-E250/1.0 Profile/MIDP-2.0 Configuration/CLDC-1.1 UP.Browser/6.2.3.3.c.1.101 (GUI) MMP/2.0 (compatible; Googlebot-Mobile/2.1; +http://www.google.com/bot.html)"
54.225.50.101 - - [12/Aug/2013:09:03:55 -0400] "GET /syncheckproducthomepage.html HTTP/1.0" 200 23731 "-" "Mozilla/5.0 (compatible; Windows; U; Windows NT 6.2; WOW64; en-US; rv:12.0) Gecko/20120403211507 Firefox/12.0"
12.152.170.131 - - [12/Aug/2013:09:05:06 -0400] "GET /scripts/website.css HTTP/1.1" 200 1916 "http://www.pharoahaudio.com/syncheckproducthomepage/dvd.html" "Mozilla/5.0 (X11; Ubuntu; Linux x86_64; rv:22.0) Gecko/20100101 Firefox/22.0"
12.152.170.131 - - [12/Aug/2013:09:05:06 -0400] "GET /scripts/icwebsiteelement.css HTTP/1.1" 200 8132 "http://www.pharoahaudio.com/syncheckproducthomepage/dvd.html" "Mozilla/5.0 (X11; Ubuntu; Linux x86_64; rv:22.0) Gecko/20100101 Firefox/22.0"
31.31.73.93 - - [12/Aug/2013:11:48:14 -0400] "GET /robots.txt HTTP/1.0" 200 25 "-" "Mozilla/5.0 (compatible; MJ12bot/v1.4.3; http://www.majestic12.co.uk/bot.php?+)"
31.31.73.93 - - [12/Aug/2013:11:51:29 -0400] "GET /viewtopic.php?f=1&t=7105&st=0&sk=t&sd=a HTTP/1.0" 404 575 "-" "Mozilla/5.0 (compatible; MJ12bot/v1.4.3; http://www.majestic12.co.uk/bot.php?+)"
157.55.35.78 - - [12/Aug/2013:20:16:28 -0400] "GET /robots.txt HTTP/1.1" 200 25 "-" "Mozilla/5.0 (compatible; bingbot/2.0; +http://www.bing.com/bingbot.htm)"
187.37.28.107 - - [12/Aug/2013:21:19:05 -0400] "GET /images/ic_002_banner_bg_wide.jpg HTTP/1.1" 200 5805 "http://www.pharoahaudio.com/syncheckproducthomepage.html" "Mozilla/5.0 (Windows NT 5.1) AppleWebKit/537.36 (KHTML, like Gecko) Chrome/28.0.1500.95 Safari/537.36"
93.152.104.66 - - [12/Aug/2013:06:27:30 -0400] "GET /scripts/photoalbum.js HTTP/1.1" 200 62481 "http://www.pharoahaudio.com/syncheckproducthomepage.html" "Mozilla/5.0 (Windows NT 5.1) AppleWebKit/537.36 (KHTML, like Gecko) Chrome/28.0.1500.95 Safari/537.36"
65.55.212.94 - - [12/Aug/2013:06:39:13 -0400] "GET /scripts/website.css HTTP/1.1" 200 1916 "http://www.pharoahaudio.com/radiola26part1.html" "Mozilla/4.0 (compatible; MSIE 7.0; Windows NT 5.2; SLCC1; .NET CLR 1.1.4325; .NET CLR 2.0.40607; .NET CLR 3.0.30729)"
65.55.212.94 - - [12/Aug/2013:06:39:13 -0400] "GET /scripts/526530.css HTTP/1.1" 200 102 "http://www.pharoahaudio.com/radiola26part1.html" "Mozilla/4.0 (compatible; MSIE 7.0; Windows NT 5.2; SLCC1; .NET CLR 1.1.4325; .NET CLR 2.0.40607; .NET CLR 3.0.30729)"
65.55.212.94 - - [12/Aug/2013:06:39:13 -0400] "GET /scripts/print.css HTTP/1.1" 200 11209 "http://www.pharoahaudio.com/radiola26part1.html" "Mozilla/4.0 (compatible; MSIE 7.0; Windows NT 5.2; SLCC1; .NET CLR 1.1.4325; .NET CLR 2.0.40607; .NET CLR 3.0.30729)"
65.55.213.68 - - [12/Aug/2013:07:46:23 -0400] "GET / HTTP/1.1" 200 14579 "-" "msnbot/2.0b (+http://search.msn.com/msnbot.htm)"
98.14.251.174 - - [12/Aug/2013:07:59:24 -0400] "GET / HTTP/1.1" 200 14579 "-" "Mozilla/5.0 (Windows NT 6.0; rv:22.0) Gecko/20100101 Firefox/22.0"
98.14.251.174 - - [12/Aug/2013:07:59:26 -0400] "GET /images/92_Syncheck_graphic_wide.JPG HTTP/1.1" 200 1976 "http://www.pharoahaudio.com/" "Mozilla/5.0 (Windows NT 6.0; rv:22.0) Gecko/20100101 Firefox/22.0"
98.14.251.174 - - [12/Aug/2013:07:59:49 -0400] "GET /scripts/526565custom.css HTTP/1.1" 200 8228 "http://www.pharoahaudio.com/news.html" "Mozilla/5.0 (Windows NT 6.0; rv:22.0) Gecko/20100101 Firefox/22.0"
98.14.251.174 - - [12/Aug/2013:07:59:49 -0400] "GET /images/130_MoneyMedicine.jpg HTTP/1.1" 200 4944 "http://www.pharoahaudio.com/news.html" "Mozilla/5.0 (Windows NT 6.0; rv:22.0) Gecko/20100101 Firefox/22.0"
100.43.83.136 - - [12/Aug/2013:08:50:38 -0400] "GET /soundhomepage/audioclips.html HTTP/1.1" 304 - "-" "Mozilla/5.0 (compatible; YandexBot/3.0; +http://yandex.com/bots)"
92.249.127.111 - - [12/Aug/2013:12:34:52 -0400] "GET /ptvideosyncstudy.html HTTP/1.1" 200 41918 "http://www.bravica.me/ru/" "Mozilla/5.0 (compatible; news bot /2.1)"
84.24.44.15 - - [12/Aug/2013:14:23:40 -0400] "GET /syncheckproducthomepage/syncheck3.html HTTP/1.1" 200 21686 "http://www.pharoahaudio.com/syncheckproducthomepage/buyonline.html" "Mozilla/5.0 (iPad; CPU OS 6_1_3 like Mac OS X) AppleWebKit/536.26 (KHTML, like Gecko) Version/6.0 Mobile/10B329 Safari/8536.25"
123.125.71.111 - - [12/Aug/2013:16:34:38 -0400] "GET /scripts/ic_globals_published.js HTTP/1.1" 200 566 "http://pharoahaudio.com/" "Mozilla/5.0 (X11; U; Linux x86_64; en-US; rv:1.9) Gecko Minefield/3.0"
5.10.83.83 - - [12/Aug/2013:16:47:11 -0400] "GET /sy2improvements.html HTTP/1.1" 200 13945 "-" "Mozilla/5.0 (compatible; AhrefsBot/5.0; +http://ahrefs.com/robot/)"
81.52.143.36 - - [12/Aug/2013:03:51:16 -0400] "GET /radiola26part3.html HTTP/1.1" 200 24750 "-" "Mozilla/5.0 (Windows; U; Windows NT 5.1; fr; rv:1.8.1) VoilaBot BETA 1.2 (support.voilabot@orange-ftgroup.com)"
12.152.170.131 - - [12/Aug/2013:09:11:43 -0400] "GET /syncheckproducthomepage/syncheck3.html HTTP/1.1" 200 21686 "http://www.pharoahaudio.com/soundhomepage.html" "Mozilla/5.0 (X11; Ubuntu; Linux x86_64; rv:22.0) Gecko/20100101 Firefox/22.0"
131.253.36.206 - - [12/Aug/2013:09:15:23 -0400] "GET /ak55cpart1.html HTTP/1.1" 200 21701 "-" "Mozilla/4.0 (compatible; MSIE 7.0; Windows NT 5.1; SLCC1; .NET CLR 1.1.4325; .NET CLR 2.0.40607; .NET CLR 3.0.04506.648)"
131.253.36.206 - - [12/Aug/2013:09:15:25 -0400] "GET /scripts/ic_globals_published.js HTTP/1.1" 200 566 "http://www.pharoahaudio.com/ak55cpart1.html" "Mozilla/4.0 (compatible; MSIE 7.0; Windows NT 5.1; SLCC1; .NET CLR 1.1.4325; .NET CLR 2.0.40607; .NET CLR 3.0.04506.648)"
131.253.36.206 - - [12/Aug/2013:09:15:25 -0400] "GET /scripts/user.js HTTP/1.1" 200 23762 "http://www.pharoahaudio.com/ak55cpart1.html" "Mozilla/4.0 (compatible; MSIE 7.0; Windows NT 5.1; SLCC1; .NET CLR 1.1.4325; .NET CLR 2.0.40607; .NET CLR 3.0.04506.648)"
131.253.36.206 - - [12/Aug/2013:09:15:25 -0400] "GET /scripts/photoalbum.js HTTP/1.1" 200 62481 "http://www.pharoahaudio.com/ak55cpart1.html" "Mozilla/4.0 (compatible; MSIE 7.0; Windows NT 5.1; SLCC1; .NET CLR 1.1.4325; .NET CLR 2.0.40607; .NET CLR 3.0.04506.648)"
131.253.36.206 - - [12/Aug/2013:09:15:25 -0400] "GET /scripts/template.css HTTP/1.1" 200 11360 "http://www.pharoahaudio.com/ak55cpart1.html" "Mozilla/4.0 (compatible; MSIE 7.0; Windows NT 5.1; SLCC1; .NET CLR 1.1.4325; .NET CLR 2.0.40607; .NET CLR 3.0.04506.648)"
131.253.36.206 - - [12/Aug/2013:09:15:25 -0400] "GET /scripts/526548.css HTTP/1.1" 200 102 "http://www.pharoahaudio.com/ak55cpart1.html" "Mozilla/4.0 (compatible; MSIE 7.0; Windows NT 5.1; SLCC1; .NET CLR 1.1.4325; .NET CLR 2.0.40607; .NET CLR 3.0.04506.648)"
131.253.36.206 - - [12/Aug/2013:09:15:26 -0400] "GET /scripts/print.css HTTP/1.1" 200 11209 "http://www.pharoahaudio.com/ak55cpart1.html" "Mozilla/4.0 (compatible; MSIE 7.0; Windows NT 5.1; SLCC1; .NET CLR 1.1.4325; .NET CLR 2.0.40607; .NET CLR 3.0.04506.648)"
209.66.97.113 - - [12/Aug/2013:10:09:17 -0400] "GET /scripts/526559custom.css HTTP/1.0" 200 2490 "http://www.pharoahaudio.com/syncheckproducthomepage/syncheck3.html" "Mozilla/5.0 (Windows NT 6.1) AppleWebKit/537.36 (KHTML, like Gecko) Chrome/28.0.1500.95 Safari/537.36"
209.66.97.113 - - [12/Aug/2013:10:09:17 -0400] "GET /scripts/user.js HTTP/1.0" 200 23762 "http://www.pharoahaudio.com/syncheckproducthomepage/syncheck3.html" "Mozilla/5.0 (Windows NT 6.1) AppleWebKit/537.36 (KHTML, like Gecko) Chrome/28.0.1500.95 Safari/537.36"
209.66.97.113 - - [12/Aug/2013:10:09:18 -0400] "GET /scripts/print.css HTTP/1.0" 200 11209 "http://www.pharoahaudio.com/syncheckproducthomepage/syncheck3.html" "Mozilla/5.0 (Windows NT 6.1) AppleWebKit/537.36 (KHTML, like Gecko) Chrome/28.0.1500.95 Safari/537.36"
96.33.28.5 - - [12/Aug/2013:10:44:48 -0400] "GET /ak35repair5.html HTTP/1.1" 200 21319 "http://www.webcrawler.com/search/web?qsi=21&q=71a%20tube%20radio%20circuit&aid=cb6b0693-421b-450c-b682-1f7b7ec79058&ridx=4&fcoid=4&fcop=results-bottom&fpid=2" "Mozilla/5.0 (Windows NT 6.1; WOW64; rv:22.0) Gecko/20100101 Firefox/22.0"
96.33.28.5 - - [12/Aug/2013:10:44:48 -0400] "GET /scripts/ic_globals_published.js HTTP/1.1" 200 566 "http://www.pharoahaudio.com/ak35repair5.html" "Mozilla/5.0 (Windows NT 6.1; WOW64; rv:22.0) Gecko/20100101 Firefox/22.0"
96.33.28.5 - - [12/Aug/2013:10:44:48 -0400] "GET /scripts/user.js HTTP/1.1" 200 23762 "http://www.pharoahaudio.com/ak35repair5.html" "Mozilla/5.0 (Windows NT 6.1; WOW64; rv:22.0) Gecko/20100101 Firefox/22.0"
96.33.28.5 - - [12/Aug/2013:10:44:48 -0400] "GET /scripts/photoalbum.js HTTP/1.1" 200 62481 "http://www.pharoahaudio.com/ak35repair5.html" "Mozilla/5.0 (Windows NT 6.1; WOW64; rv:22.0) Gecko/20100101 Firefox/22.0"
96.33.28.5 - - [12/Aug/2013:10:44:48 -0400] "GET /images/550_AK_ship_logo1_CC.jpg HTTP/1.1" 200 62847 "http://www.pharoahaudio.com/ak35repair5.html" "Mozilla/5.0 (Windows NT 6.1; WOW64; rv:22.0) Gecko/20100101 Firefox/22.0"
96.33.28.5 - - [12/Aug/2013:10:44:50 -0400] "GET /favicon.ico HTTP/1.1" 404 575 "-" "Mozilla/5.0 (Windows NT 6.1; WOW64; rv:22.0) Gecko/20100101 Firefox/22.0"
64.125.177.124 - - [12/Aug/2013:10:46:52 -0400] "GET /scripts/website.css HTTP/1.1" 200 1916 "http://www.pharoahaudio.com/syncheckproducthomepage/syncheck3.html" "Mozilla/5.0 (Windows NT 6.1; WOW64; rv:24.0) Gecko/20100101 Firefox/24.0"
64.125.177.124 - - [12/Aug/2013:10:46:52 -0400] "GET /scripts/icwebsiteelement.css HTTP/1.1" 200 8132 "http://www.pharoahaudio.com/syncheckproducthomepage/syncheck3.html" "Mozilla/5.0 (Windows NT 6.1; WOW64; rv:24.0) Gecko/20100101 Firefox/24.0"
99.232.0.11 - - [12/Aug/2013:11:42:09 -0400] "GET /images/photoalbum/button_photoLast.jpg HTTP/1.1" 200 637 "http://www.pharoahaudio.com/yeolderadiomuseum.html" "Mozilla/5.0 (Macintosh; Intel Mac OS X 10_6_8) AppleWebKit/534.59.8 (KHTML, like Gecko) Version/5.1.9 Safari/534.59.8"
99.232.0.11 - - [12/Aug/2013:11:42:10 -0400] "GET /images/216_Atwater_Kent_82_innards_orig.JPG HTTP/1.1" 200 12169 "http://www.pharoahaudio.com/yeolderadiomuseum.html" "Mozilla/5.0 (Macintosh; Intel Mac OS X 10_6_8) AppleWebKit/534.59.8 (KHTML, like Gecko) Version/5.1.9 Safari/534.59.8"
31.31.73.93 - - [12/Aug/2013:11:49:42 -0400] "GET /faq.php HTTP/1.0" 404 575 "-" "Mozilla/5.0 (compatible; MJ12bot/v1.4.3; http://www.majestic12.co.uk/bot.php?+)"
66.249.72.72 - - [12/Aug/2013:01:41:01 -0400] "GET /images/SynFlash_F1V3_modification_instructions.pdf HTTP/1.1" 200 368511 "-" "DoCoMo/2.0 N905i(c100;TB;W24H16) (compatible; Googlebot-Mobile/2.1; +http://www.google.com/bot.html)"
83.156.246.124 - - [12/Aug/2013:06:51:19 -0400] "GET /scripts/526567custom.css HTTP/1.1" 200 3499 "http://www.pharoahaudio.com/ideviceapp.html" "Mozilla/5.0 (iPad; CPU OS 6_1_3 like Mac OS X) AppleWebKit/536.26 (KHTML, like Gecko) Version/6.0 Mobile/10B329 Safari/8536.25"
83.156.246.124 - - [12/Aug/2013:06:51:19 -0400] "GET /images/hand_left_blue.gif HTTP/1.1" 200 932 "http://www.pharoahaudio.com/ideviceapp.html" "Mozilla/5.0 (iPad; CPU OS 6_1_3 like Mac OS X) AppleWebKit/536.26 (KHTML, like Gecko) Version/6.0 Mobile/10B329 Safari/8536.25"
208.83.156.156 - - [12/Aug/2013:12:18:33 -0400] "GET /scripts/526550.css HTTP/1.1" 200 102 "-" "Mozilla/5.0 (compatible; FatBot 2.0; http://www.thefind.com/crawler)"
161.51.3.235 - - [12/Aug/2013:14:38:37 -0400] "GET /scripts/ic_globals_published.js HTTP/1.1" 200 566 "http://www.pharoahaudio.com/mmworthit.html" "Mozilla/5.0 (Windows NT 5.1) AppleWebKit/537.36 (KHTML, like Gecko) Chrome/28.0.1500.95 Safari/537.36"
161.51.3.235 - - [12/Aug/2013:14:38:37 -0400] "GET /scripts/icwebsiteelement.css HTTP/1.1" 200 8132 "http://www.pharoahaudio.com/mmworthit.html" "Mozilla/5.0 (Windows NT 5.1) AppleWebKit/537.36 (KHTML, like Gecko) Chrome/28.0.1500.95 Safari/537.36"
161.51.3.235 - - [12/Aug/2013:14:38:38 -0400] "GET /images/deletekey_contrasted_narrow_featurephoto.jpg HTTP/1.1" 200 3702 "http://www.pharoahaudio.com/mmworthit.html" "Mozilla/5.0 (Windows NT 5.1) AppleWebKit/537.36 (KHTML, like Gecko) Chrome/28.0.1500.95 Safari/537.36"
166.147.120.147 - - [12/Aug/2013:17:28:35 -0400] "GET /images/540_T1_tweeter_unopened.jpg HTTP/1.1" 200 56975 "https://www.google.com/" "Mozilla/5.0 (iPhone; CPU iPhone OS 6_1_4 like Mac OS X) AppleWebKit/536.26 (KHTML, like Gecko) Version/6.0 Mobile/10B350 Safari/8536.25"
213.161.66.130 - - [12/Aug/2013:04:40:05 -0400] "GET /syncheckproducthomepage/downloads.html HTTP/1.1" 200 24106 "http://www.pharoahaudio.com/syncheckproducthomepage/syncheck3.html" "Mozilla/5.0 (Windows NT 6.1; WOW64) AppleWebKit/537.36 (KHTML, like Gecko) Chrome/28.0.1500.95 Safari/537.36"
213.161.66.130 - - [12/Aug/2013:04:40:06 -0400] "GET /scripts/526515custom.css HTTP/1.1" 200 3841 "http://www.pharoahaudio.com/syncheckproducthomepage/downloads.html" "Mozilla/5.0 (Windows NT 6.1; WOW64) AppleWebKit/537.36 (KHTML, like Gecko) Chrome/28.0.1500.95 Safari/537.36"
213.161.66.130 - - [12/Aug/2013:04:40:06 -0400] "GET /images/doctype_pdf.gif HTTP/1.1" 200 1257 "http://www.pharoahaudio.com/syncheckproducthomepage/downloads.html" "Mozilla/5.0 (Windows NT 6.1; WOW64) AppleWebKit/537.36 (KHTML, like Gecko) Chrome/28.0.1500.95 Safari/537.36"
209.66.97.107 - - [12/Aug/2013:04:41:12 -0400] "GET /scripts/template.css HTTP/1.1" 200 11360 "http://www.pharoahaudio.com/syncheckproducthomepage.html" "Mozilla/5.0 (X11; Ubuntu; Linux x86_64; rv:16.0) Gecko/20100101 Firefox/16.0"
209.66.97.107 - - [12/Aug/2013:04:41:13 -0400] "GET /images/100_Syncheck_graphic_wide.JPG HTTP/1.1" 200 2076 "http://www.pharoahaudio.com/syncheckproducthomepage.html" "Mozilla/5.0 (X11; Ubuntu; Linux x86_64; rv:16.0) Gecko/20100101 Firefox/16.0"
94.228.180.6 - - [12/Aug/2013:05:16:37 -0400] "GET /scripts/website.css HTTP/1.1" 200 1916 "http://www.pharoahaudio.com/syncheckproducthomepage.html" "Mozilla/5.0 (Macintosh; Intel Mac OS X 10_6_8) AppleWebKit/534.59.8 (KHTML, like Gecko) Version/5.1.9 Safari/534.59.8"
94.228.180.6 - - [12/Aug/2013:05:16:37 -0400] "GET /scripts/icwebsiteelement.css HTTP/1.1" 200 8132 "http://www.pharoahaudio.com/syncheckproducthomepage.html" "Mozilla/5.0 (Macintosh; Intel Mac OS X 10_6_8) AppleWebKit/534.59.8 (KHTML, like Gecko) Version/5.1.9 Safari/534.59.8"
94.228.180.6 - - [12/Aug/2013:05:16:37 -0400] "GET /images/100_Syncheck_graphic_wide.JPG HTTP/1.1" 200 2076 "http://www.pharoahaudio.com/syncheckproducthomepage.html" "Mozilla/5.0 (Macintosh; Intel Mac OS X 10_6_8) AppleWebKit/534.59.8 (KHTML, like Gecko) Version/5.1.9 Safari/534.59.8"
96.33.28.5 - - [12/Aug/2013:10:44:48 -0400] "GET /scripts/website.css HTTP/1.1" 200 1916 "http://www.pharoahaudio.com/ak35repair5.html" "Mozilla/5.0 (Windows NT 6.1; WOW64; rv:22.0) Gecko/20100101 Firefox/22.0"
96.33.28.5 - - [12/Aug/2013:10:44:48 -0400] "GET /scripts/icwebsiteelement.css HTTP/1.1" 200 8132 "http://www.pharoahaudio.com/ak35repair5.html" "Mozilla/5.0 (Windows NT 6.1; WOW64; rv:22.0) Gecko/20100101 Firefox/22.0"
64.125.177.124 - - [12/Aug/2013:10:46:52 -0400] "GET /syncheckproducthomepage/syncheck3.html HTTP/1.1" 200 21686 "-" "Mozilla/5.0 (Windows NT 6.1; WOW64; rv:24.0) Gecko/20100101 Firefox/24.0"
64.125.177.124 - - [12/Aug/2013:10:46:52 -0400] "GET /scripts/ic_globals_published.js HTTP/1.1" 200 566 "http://www.pharoahaudio.com/syncheckproducthomepage/syncheck3.html" "Mozilla/5.0 (Windows NT 6.1; WOW64; rv:24.0) Gecko/20100101 Firefox/24.0"
64.125.177.124 - - [12/Aug/2013:10:46:52 -0400] "GET /scripts/526559custom.css HTTP/1.1" 200 2490 "http://www.pharoahaudio.com/syncheckproducthomepage/syncheck3.html" "Mozilla/5.0 (Windows NT 6.1; WOW64; rv:24.0) Gecko/20100101 Firefox/24.0"
64.125.177.124 - - [12/Aug/2013:10:46:52 -0400] "GET /images/hand_left_blue.gif HTTP/1.1" 200 932 "http://www.pharoahaudio.com/syncheckproducthomepage/syncheck3.html" "Mozilla/5.0 (Windows NT 6.1; WOW64; rv:24.0) Gecko/20100101 Firefox/24.0"
64.125.177.124 - - [12/Aug/2013:10:46:52 -0400] "GET /images/ic_002_banner_bg_wide.jpg HTTP/1.1" 200 5805 "http://www.pharoahaudio.com/scripts/template.css" "Mozilla/5.0 (Windows NT 6.1; WOW64; rv:24.0) Gecko/20100101 Firefox/24.0"
37.153.204.36 - - [12/Aug/2013:11:03:30 -0400] "GET /scripts/526559custom.css HTTP/1.1" 200 2490 "http://www.pharoahaudio.com/syncheckproducthomepage/syncheck3.html" "Mozilla/5.0 (Macintosh; Intel Mac OS X 10_8_4) AppleWebKit/537.36 (KHTML, like Gecko) Chrome/28.0.1500.95 Safari/537.36"
37.153.204.36 - - [12/Aug/2013:11:03:30 -0400] "GET /scripts/photoalbum.js HTTP/1.1" 200 62481 "http://www.pharoahaudio.com/syncheckproducthomepage/syncheck3.html" "Mozilla/5.0 (Macintosh; Intel Mac OS X 10_8_4) AppleWebKit/537.36 (KHTML, like Gecko) Chrome/28.0.1500.95 Safari/537.36"
37.153.204.36 - - [12/Aug/2013:11:03:31 -0400] "GET /images/321_SY3_tabletop2_straight.jpg HTTP/1.1" 200 23729 "http://www.pharoahaudio.com/syncheckproducthomepage/syncheck3.html" "Mozilla/5.0 (Macintosh; Intel Mac OS X 10_8_4) AppleWebKit/537.36 (KHTML, like Gecko) Chrome/28.0.1500.95 Safari/537.36"
208.83.156.119 - - [12/Aug/2013:11:44:54 -0400] "GET /scripts/526557custom.css HTTP/1.1" 200 1808 "-" "Mozilla/5.0 (compatible; FatBot 2.0; http://www.thefind.com/crawler)"
31.31.73.93 - - [12/Aug/2013:11:53:34 -0400] "GET /viewtopic.php?f=1&t=7105&start=90&st=0&sk=t&sd=a&view=print HTTP/1.0" 404 575 "-" "Mozilla/5.0 (compatible; MJ12bot/v1.4.3; http://www.majestic12.co.uk/bot.php?+)"
212.156.144.66 - - [12/Aug/2013:08:23:26 -0400] "GET /syncheckproducthomepage.html HTTP/1.0" 200 23731 "-" "Mozilla/5.0 (iPhone; CPU iPhone OS 6_1_3 like Mac OS X) AppleWebKit/536.26 (KHTML, like Gecko) Version/6.0 Mobile/10B329 Safari/8536.25"
212.156.144.66 - - [12/Aug/2013:08:23:27 -0400] "GET /scripts/photoalbum.js HTTP/1.0" 200 62481 "http://www.pharoahaudio.com/syncheckproducthomepage.html" "Mozilla/5.0 (iPhone; CPU iPhone OS 6_1_3 like Mac OS X) AppleWebKit/536.26 (KHTML, like Gecko) Version/6.0 Mobile/10B329 Safari/8536.25"
212.156.144.66 - - [12/Aug/2013:08:23:29 -0400] "GET /images/ic_002_banner_bg_wide.jpg HTTP/1.0" 200 5805 "http://www.pharoahaudio.com/syncheckproducthomepage.html" "Mozilla/5.0 (iPhone; CPU iPhone OS 6_1_3 like Mac OS X) AppleWebKit/536.26 (KHTML, like Gecko) Version/6.0 Mobile/10B329 Safari/8536.25"
66.249.72.72 - - [12/Aug/2013:13:52:33 -0400] "GET /tweeterfixpart1.html HTTP/1.1" 304 - "-" "Mozilla/5.0 (iPhone; U; CPU iPhone OS 4_1 like Mac OS X; en-us) AppleWebKit/532.9 (KHTML, like Gecko) Version/4.0.5 Mobile/8B117 Safari/6531.22.7 (compatible; Googlebot-Mobile/2.1; +http://www.google.com/bot.html)"
84.24.44.15 - - [12/Aug/2013:14:22:44 -0400] "GET /syncheckproducthomepage/buyonline.html HTTP/1.1" 200 10340 "http://www.pharoahaudio.com/legacyproductinformatio/faqsyncheckii.html" "Mozilla/5.0 (iPad; CPU OS 6_1_3 like Mac OS X) AppleWebKit/536.26 (KHTML, like Gecko) Version/6.0 Mobile/10B329 Safari/8536.25"
88.77.163.187 - - [12/Aug/2013:16:05:25 -0400] "GET /scripts/icwebsiteelement.css HTTP/1.1" 200 8132 "-" "Opera/9.80 (Windows NT 6.1; Win64; x64) Presto/2.12.388 Version/12.16"
195.198.160.186 - - [12/Aug/2013:16:34:47 -0400] "GET /scripts/526567custom.css HTTP/1.1" 200 3499 "http://www.pharoahaudio.com/ideviceapp.html" "Mozilla/5.0 (Macintosh; Intel Mac OS X 10.8; rv:22.0) Gecko/20100101 Firefox/22.0"
66.249.74.233 - - [12/Aug/2013:19:39:50 -0400] "GET /ak55cpart1.html HTTP/1.1" 200 21701 "-" "Mozilla/5.0 (compatible; Googlebot/2.1; +http://www.google.com/bot.html)"
12.152.170.131 - - [12/Aug/2013:09:11:10 -0400] "GET /images/92_Syncheck_graphic_wide.JPG HTTP/1.1" 200 1976 "http://www.pharoahaudio.com/soundhomepage.html" "Mozilla/5.0 (X11; Ubuntu; Linux x86_64; rv:22.0) Gecko/20100101 Firefox/22.0"
209.66.97.113 - - [12/Aug/2013:10:09:17 -0400] "GET /scripts/template.css HTTP/1.0" 200 11360 "http://www.pharoahaudio.com/syncheckproducthomepage/syncheck3.html" "Mozilla/5.0 (Windows NT 6.1) AppleWebKit/537.36 (KHTML, like Gecko) Chrome/28.0.1500.95 Safari/537.36"
209.66.97.113 - - [12/Aug/2013:10:09:18 -0400] "GET /images/ic_002_banner_bg_wide.jpg HTTP/1.0" 200 5805 "http://www.pharoahaudio.com/syncheckproducthomepage/syncheck3.html" "Mozilla/5.0 (Windows NT 6.1) AppleWebKit/537.36 (KHTML, like Gecko) Chrome/28.0.1500.95 Safari/537.36"
192.223.163.5 - - [12/Aug/2013:10:25:54 -0400] "GET /tweeterfixpart1.html HTTP/1.1" 200 18654 "http://www.google.com/url?sa=t&rct=j&q=electrostatic%20tweeter&source=web&cd=8&cad=rja&ved=0CFAQFjAH&url=http%3A%2F%2Fwww.pharoahaudio.com%2Ftweeterfixpart1.html&ei=XfAIUs6TCLPwyAGVi4D4Aw&usg=AFQjCNE0yCYzrFFTixRH2o_YQLYj8TxLMQ&bvm=bv.50500085,d.dmg" "Mozilla/4.0 (compatible; MSIE 8.0; Windows NT 6.1; WOW64; Trident/4.0; SLCC2; .NET CLR 2.0.50727; .NET CLR 3.5.30729; .NET CLR 3.0.30729; .NET4.0C; .NET4.0E)"
192.223.163.5 - - [12/Aug/2013:10:25:56 -0400] "GET /images/hand_left_blue.gif HTTP/1.1" 200 932 "http://www.pharoahaudio.com/tweeterfixpart1.html" "Mozilla/4.0 (compatible; MSIE 8.0; Windows NT 6.1; WOW64; Trident/4.0; SLCC2; .NET CLR 2.0.50727; .NET CLR 3.5.30729; .NET CLR 3.0.30729; .NET4.0C; .NET4.0E)"
192.223.163.5 - - [12/Aug/2013:10:25:56 -0400] "GET /images/431_T2_contact_cellotape_cu.jpg HTTP/1.1" 200 21279 "http://www.pharoahaudio.com/tweeterfixpart1.html" "Mozilla/4.0 (compatible; MSIE 8.0; Windows NT 6.1; WOW64; Trident/4.0; SLCC2; .NET CLR 2.0.50727; .NET CLR 3.5.30729; .NET CLR 3.0.30729; .NET4.0C; .NET4.0E)"
99.232.0.11 - - [12/Aug/2013:11:42:10 -0400] "GET /images/950_Telephone_neckset_earpiece_1919.JPG HTTP/1.1" 200 45170 "http://www.pharoahaudio.com/yeolderadiomuseum.html" "Mozilla/5.0 (Macintosh; Intel Mac OS X 10_6_8) AppleWebKit/534.59.8 (KHTML, like Gecko) Version/5.1.9 Safari/534.59.8"
99.232.0.11 - - [12/Aug/2013:11:42:10 -0400] "GET /images/480_Crosley51_OpCl.jpg HTTP/1.1" 200 29265 "http://www.pharoahaudio.com/yeolderadiomuseum.html" "Mozilla/5.0 (Macintosh; Intel Mac OS X 10_6_8) AppleWebKit/534.59.8 (KHTML, like Gecko) Version/5.1.9 Safari/534.59.8"
99.232.0.11 - - [12/Aug/2013:11:42:10 -0400] "GET /images/94_Radiola_26_small_branded.jpg HTTP/1.1" 200 2231 "http://www.pharoahaudio.com/yeolderadiomuseum.html" "Mozilla/5.0 (Macintosh; Intel Mac OS X 10_6_8) AppleWebKit/534.59.8 (KHTML, like Gecko) Version/5.1.9 Safari/534.59.8"
99.232.0.11 - - [12/Aug/2013:11:42:10 -0400] "GET /images/886_AK35_front_900_branded.jpg HTTP/1.1" 200 37924 "http://www.pharoahaudio.com/yeolderadiomuseum.html" "Mozilla/5.0 (Macintosh; Intel Mac OS X 10_6_8) AppleWebKit/534.59.8 (KHTML, like Gecko) Version/5.1.9 Safari/534.59.8"
99.232.0.11 - - [12/Aug/2013:11:42:11 -0400] "GET /images/94_AK35_front_900_branded.jpg HTTP/1.1" 200 1650 "http://www.pharoahaudio.com/yeolderadiomuseum.html" "Mozilla/5.0 (Macintosh; Intel Mac OS X 10_6_8) AppleWebKit/534.59.8 (KHTML, like Gecko) Version/5.1.9 Safari/534.59.8"
99.232.0.11 - - [12/Aug/2013:11:42:11 -0400] "GET /images/900_Lektophone_speaker.jpg HTTP/1.1" 200 98838 "http://www.pharoahaudio.com/yeolderadiomuseum.html" "Mozilla/5.0 (Macintosh; Intel Mac OS X 10_6_8) AppleWebKit/534.59.8 (KHTML, like Gecko) Version/5.1.9 Safari/534.59.8"
99.232.0.11 - - [12/Aug/2013:11:42:11 -0400] "GET /images/725_Grigsby_Grunow_Hinds_Majestic.jpg HTTP/1.1" 200 41070 "http://www.pharoahaudio.com/yeolderadiomuseum.html" "Mozilla/5.0 (Macintosh; Intel Mac OS X 10_6_8) AppleWebKit/534.59.8 (KHTML, like Gecko) Version/5.1.9 Safari/534.59.8"
99.232.0.11 - - [12/Aug/2013:11:42:11 -0400] "GET /images/366_Grigsby_Grunow_Hinds_Majestic.jpg HTTP/1.1" 200 14824 "http://www.pharoahaudio.com/yeolderadiomuseum.html" "Mozilla/5.0 (Macintosh; Intel Mac OS X 10_6_8) AppleWebKit/534.59.8 (KHTML, like Gecko) Version/5.1.9 Safari/534.59.8"
99.232.0.11 - - [12/Aug/2013:11:42:11 -0400] "GET /images/78_Bosch_Model_28_with_AmplionAR19.jpg HTTP/1.1" 200 2655 "http://www.pharoahaudio.com/yeolderadiomuseum.html" "Mozilla/5.0 (Macintosh; Intel Mac OS X 10_6_8) AppleWebKit/534.59.8 (KHTML, like Gecko) Version/5.1.9 Safari/534.59.8"
99.232.0.11 - - [12/Aug/2013:11:42:11 -0400] "GET /images/399_Bosch_Model_28_with_AmplionAR19.jpg HTTP/1.1" 200 26270 "http://www.pharoahaudio.com/yeolderadiomuseum.html" "Mozilla/5.0 (Macintosh; Intel Mac OS X 10_6_8) AppleWebKit/534.59.8 (KHTML, like Gecko) Version/5.1.9 Safari/534.59.8"
99.232.0.11 - - [12/Aug/2013:11:42:11 -0400] "GET /images/94_Amer_Bosch_28_open.jpg HTTP/1.1" 200 3202 "http://www.pharoahaudio.com/yeolderadiomuseum.html" "Mozilla/5.0 (Macintosh; Intel Mac OS X 10_6_8) AppleWebKit/534.59.8 (KHTML, like Gecko) Version/5.1.9 Safari/534.59.8"
99.232.0.11 - - [12/Aug/2013:11:42:11 -0400] "GET /images/712_GE_K105.jpg HTTP/1.1" 200 89022 "http://www.pharoahaudio.com/yeolderadiomuseum.html" "Mozilla/5.0 (Macintosh; Intel Mac OS X 10_6_8) AppleWebKit/534.59.8 (KHTML, like Gecko) Version/5.1.9 Safari/534.59.8"
99.232.0.11 - - [12/Aug/2013:11:42:12 -0400] "GET /images/360_GE_K105.jpg HTTP/1.1" 200 30923 "http://www.pharoahaudio.com/yeolderadiomuseum.html" "Mozilla/5.0 (Macintosh; Intel Mac OS X 10_6_8) AppleWebKit/534.59.8 (KHTML, like Gecko) Version/5.1.9 Safari/534.59.8"
99.232.0.11 - - [12/Aug/2013:11:42:12 -0400] "GET /images/94_Zenith_6-S-27_frontback.jpg HTTP/1.1" 200 3109 "http://www.pharoahaudio.com/yeolderadiomuseum.html" "Mozilla/5.0 (Macintosh; Intel Mac OS X 10_6_8) AppleWebKit/534.59.8 (KHTML, like Gecko) Version/5.1.9 Safari/534.59.8"
99.232.0.11 - - [12/Aug/2013:11:42:12 -0400] "GET /images/480_Zenith_6-S-27_frontback.jpg HTTP/1.1" 200 41545 "http://www.pharoahaudio.com/yeolderadiomuseum.html" "Mozilla/5.0 (Macintosh; Intel Mac OS X 10_6_8) AppleWebKit/534.59.8 (KHTML, like Gecko) Version/5.1.9 Safari/534.59.8"
99.232.0.11 - - [12/Aug/2013:11:42:12 -0400] "GET /images/94_Universal_4tube_branded.JPG HTTP/1.1" 200 3286 "http://www.pharoahaudio.com/yeolderadiomuseum.html" "Mozilla/5.0 (Macintosh; Intel Mac OS X 10_6_8) AppleWebKit/534.59.8 (KHTML, like Gecko) Version/5.1.9 Safari/534.59.8"
99.232.0.11 - - [12/Aug/2013:11:42:12 -0400] "GET /images/480_Universal_4tube_branded.JPG HTTP/1.1" 200 44458 "http://www.pharoahaudio.com/yeolderadiomuseum.html" "Mozilla/5.0 (Macintosh; Intel Mac OS X 10_6_8) AppleWebKit/534.59.8 (KHTML, like Gecko) Version/5.1.9 Safari/534.59.8"
99.232.0.11 - - [12/Aug/2013:11:42:12 -0400] "GET /images/94_Philco_38-10.jpg HTTP/1.1" 200 2604 "http://www.pharoahaudio.com/yeolderadiomuseum.html" "Mozilla/5.0 (Macintosh; Intel Mac OS X 10_6_8) AppleWebKit/534.59.8 (KHTML, like Gecko) Version/5.1.9 Safari/534.59.8"
99.232.0.11 - - [12/Aug/2013:11:42:12 -0400] "GET /images/480_Philco_38-10.jpg HTTP/1.1" 200 29074 "http://www.pharoahaudio.com/yeolderadiomuseum.html" "Mozilla/5.0 (Macintosh; Intel Mac OS X 10_6_8) AppleWebKit/534.59.8 (KHTML, like Gecko) Version/5.1.9 Safari/534.59.8"
99.232.0.11 - - [12/Aug/2013:11:42:12 -0400] "GET /images/950_Sparton5218.JPG HTTP/1.1" 200 88446 "http://www.pharoahaudio.com/yeolderadiomuseum.html" "Mozilla/5.0 (Macintosh; Intel Mac OS X 10_6_8) AppleWebKit/534.59.8 (KHTML, like Gecko) Version/5.1.9 Safari/534.59.8"
99.232.0.11 - - [12/Aug/2013:11:42:12 -0400] "GET /images/950_Emerson_CX283.jpg HTTP/1.1" 200 97898 "http://www.pharoahaudio.com/yeolderadiomuseum.html" "Mozilla/5.0 (Macintosh; Intel Mac OS X 10_6_8) AppleWebKit/534.59.8 (KHTML, like Gecko) Version/5.1.9 Safari/534.59.8"
157.55.33.146 - - [12/Aug/2013:00:51:32 -0400] "GET /ptvideosyncstudy.html HTTP/1.1" 200 41918 "-" "Mozilla/5.0 (compatible; bingbot/2.0; +http://www.bing.com/bingbot.htm)"
220.181.89.166 - - [12/Aug/2013:06:35:29 -0400] "GET /syncheckproducthomepage.html HTTP/1.1" 200 23731 "-" "Sogou web spider/4.0(+http://www.sogou.com/docs/help/webmasters.htm#07)"
131.253.26.237 - - [12/Aug/2013:06:39:12 -0400] "GET /radiola26part1.html HTTP/1.1" 200 20077 "-" "Mozilla/4.0 (compatible; MSIE 7.0; Windows NT 5.2; SLCC1; .NET CLR 1.1.4325; .NET CLR 2.0.40607; .NET CLR 3.0.30729)"
131.253.26.237 - - [12/Aug/2013:06:39:13 -0400] "GET /scripts/ic_globals_published.js HTTP/1.1" 200 566 "http://www.pharoahaudio.com/radiola26part1.html" "Mozilla/4.0 (compatible; MSIE 7.0; Windows NT 5.2; SLCC1; .NET CLR 1.1.4325; .NET CLR 2.0.40607; .NET CLR 3.0.30729)"
131.253.26.237 - - [12/Aug/2013:06:39:13 -0400] "GET /scripts/user.js HTTP/1.1" 200 23762 "http://www.pharoahaudio.com/radiola26part1.html" "Mozilla/4.0 (compatible; MSIE 7.0; Windows NT 5.2; SLCC1; .NET CLR 1.1.4325; .NET CLR 2.0.40607; .NET CLR 3.0.30729)"
131.253.26.237 - - [12/Aug/2013:06:39:13 -0400] "GET /scripts/photoalbum.js HTTP/1.1" 200 62481 "http://www.pharoahaudio.com/radiola26part1.html" "Mozilla/4.0 (compatible; MSIE 7.0; Windows NT 5.2; SLCC1; .NET CLR 1.1.4325; .NET CLR 2.0.40607; .NET CLR 3.0.30729)"
131.253.26.237 - - [12/Aug/2013:06:39:13 -0400] "GET /scripts/template.css HTTP/1.1" 200 11360 "http://www.pharoahaudio.com/radiola26part1.html" "Mozilla/4.0 (compatible; MSIE 7.0; Windows NT 5.2; SLCC1; .NET CLR 1.1.4325; .NET CLR 2.0.40607; .NET CLR 3.0.30729)"
131.253.26.237 - - [12/Aug/2013:06:39:13 -0400] "GET /scripts/526530custom.css HTTP/1.1" 200 3504 "http://www.pharoahaudio.com/radiola26part1.html" "Mozilla/4.0 (compatible; MSIE 7.0; Windows NT 5.2; SLCC1; .NET CLR 1.1.4325; .NET CLR 2.0.40607; .NET CLR 3.0.30729)"
131.253.26.237 - - [12/Aug/2013:06:39:13 -0400] "GET /scripts/icwebsiteelement.css HTTP/1.1" 200 8132 "http://www.pharoahaudio.com/radiola26part1.html" "Mozilla/4.0 (compatible; MSIE 7.0; Windows NT 5.2; SLCC1; .NET CLR 1.1.4325; .NET CLR 2.0.40607; .NET CLR 3.0.30729)"
208.83.156.156 - - [12/Aug/2013:12:12:31 -0400] "GET /ak55cpart3.html HTTP/1.1" 200 21608 "-" "Mozilla/5.0 (compatible; FatBot 2.0; http://www.thefind.com/crawler)"
50.16.113.122 - - [12/Aug/2013:15:34:11 -0400] "GET /ak35repair1.html HTTP/1.1" 200 18956 "-" "User-Agent: Mozilla/5.0 (Windows NT 6.1; WOW64) AppleWebKit/537.31 (KHTML, like Gecko) Chrome/26.0.1410.64 Safari/537.31"
130.219.235.214 - - [12/Aug/2013:15:55:17 -0400] "GET /mmloudness.html HTTP/1.1" 200 22000 "http://www.google.com/url?sa=t&rct=j&q=&esrc=s&source=web&cd=29&ved=0CFsQFjAIOBQ&url=http%3A%2F%2Fwww.pharoahaudio.com%2Fmmloudness.html&ei=mz0JUq7qJpX64APkg4HIDA&usg=AFQjCNHdaUDJf1ZIbDFpHmZM7Gk2ydqBgw&bvm=bv.50500085,d.dmg" "Mozilla/5.0 (Windows NT 6.1; WOW64; rv:21.0) Gecko/20100101 Firefox/21.0"
130.219.235.214 - - [12/Aug/2013:15:55:17 -0400] "GET /scripts/print.css HTTP/1.1" 200 11209 "http://www.pharoahaudio.com/mmloudness.html" "Mozilla/5.0 (Windows NT 6.1; WOW64; rv:21.0) Gecko/20100101 Firefox/21.0"
130.219.235.214 - - [12/Aug/2013:15:55:17 -0400] "GET /scripts/526527custom.css HTTP/1.1" 200 1814 "http://www.pharoahaudio.com/mmloudness.html" "Mozilla/5.0 (Windows NT 6.1; WOW64; rv:21.0) Gecko/20100101 Firefox/21.0"
130.219.235.214 - - [12/Aug/2013:15:55:17 -0400] "GET /images/hand_left_blue.gif HTTP/1.1" 200 932 "http://www.pharoahaudio.com/mmloudness.html" "Mozilla/5.0 (Windows NT 6.1; WOW64; rv:21.0) Gecko/20100101 Firefox/21.0"
128.187.97.20 - - [12/Aug/2013:17:31:14 -0400] "GET /sy3specialoffer.html HTTP/1.1" 200 12085 "http://www.pharoahaudio.com/syncheckproducthomepage.html" "Mozilla/5.0 (Linux; Android 4.2.2; SPH-L720 Build/JDQ39) AppleWebKit/537.36 (KHTML, like Gecko) Chrome/28.0.1500.94 Mobile Safari/537.36"
128.187.97.20 - - [12/Aug/2013:17:31:14 -0400] "GET /scripts/526561custom.css HTTP/1.1" 200 1815 "http://www.pharoahaudio.com/sy3specialoffer.html" "Mozilla/5.0 (Linux; Android 4.2.2; SPH-L720 Build/JDQ39) AppleWebKit/537.36 (KHTML, like Gecko) Chrome/28.0.1500.94 Mobile Safari/537.36"
88.77.163.187 - - [12/Aug/2013:16:05:20 -0400] "GET /scripts/photoalbum.js HTTP/1.1" 200 62481 "-" "Opera/9.80 (Windows NT 6.1; Win64; x64) Presto/2.12.388 Version/12.16"
195.198.160.186 - - [12/Aug/2013:16:33:41 -0400] "GET /scripts/icwebsiteelement.css HTTP/1.1" 200 8132 "http://www.pharoahaudio.com/syncheckproducthomepage.html" "Mozilla/5.0 (Macintosh; Intel Mac OS X 10.8; rv:22.0) Gecko/20100101 Firefox/22.0"
195.198.160.186 - - [12/Aug/2013:16:33:42 -0400] "GET /scripts/user.js HTTP/1.1" 200 23762 "http://www.pharoahaudio.com/syncheckproducthomepage.html" "Mozilla/5.0 (Macintosh; Intel Mac OS X 10.8; rv:22.0) Gecko/20100101 Firefox/22.0"
195.198.160.186 - - [12/Aug/2013:16:33:43 -0400] "GET /images/292_SY3_tabletop2_straight.jpg HTTP/1.1" 200 20162 "http://www.pharoahaudio.com/syncheckproducthomepage.html" "Mozilla/5.0 (Macintosh; Intel Mac OS X 10.8; rv:22.0) Gecko/20100101 Firefox/22.0"
195.198.160.186 - - [12/Aug/2013:16:33:43 -0400] "GET /images/300_SY3_handheld_toward_tv.jpg HTTP/1.1" 200 10416 "http://www.pharoahaudio.com/syncheckproducthomepage.html" "Mozilla/5.0 (Macintosh; Intel Mac OS X 10.8; rv:22.0) Gecko/20100101 Firefox/22.0"
195.198.160.186 - - [12/Aug/2013:16:33:43 -0400] "GET /images/ic_002_banner_bg_wide.jpg HTTP/1.1" 200 5805 "http://www.pharoahaudio.com/scripts/template.css" "Mozilla/5.0 (Macintosh; Intel Mac OS X 10.8; rv:22.0) Gecko/20100101 Firefox/22.0"
67.50.241.34 - - [12/Aug/2013:16:40:11 -0400] "GET /scripts/ic_globals_published.js HTTP/1.1" 200 566 "http://www.pharoahaudio.com/syncheckproducthomepage.html" "Mozilla/5.0 (Macintosh; Intel Mac OS X 10_8_3) AppleWebKit/537.36 (KHTML, like Gecko) Chrome/28.0.1500.95 Safari/537.36"
67.50.241.34 - - [12/Aug/2013:16:40:11 -0400] "GET /scripts/print.css HTTP/1.1" 200 11209 "http://www.pharoahaudio.com/syncheckproducthomepage.html" "Mozilla/5.0 (Macintosh; Intel Mac OS X 10_8_3) AppleWebKit/537.36 (KHTML, like Gecko) Chrome/28.0.1500.95 Safari/537.36"
67.50.241.34 - - [12/Aug/2013:16:40:12 -0400] "GET /images/ic_002_banner_bg_wide.jpg HTTP/1.1" 200 5805 "http://www.pharoahaudio.com/syncheckproducthomepage.html" "Mozilla/5.0 (Macintosh; Intel Mac OS X 10_8_3) AppleWebKit/537.36 (KHTML, like Gecko) Chrome/28.0.1500.95 Safari/537.36"
187.37.28.107 - - [12/Aug/2013:21:19:01 -0400] "GET /syncheckproducthomepage.html HTTP/1.1" 200 23731 "http://www.avid.com/US/products/icon-d-control-es" "Mozilla/5.0 (Windows NT 5.1) AppleWebKit/537.36 (KHTML, like Gecko) Chrome/28.0.1500.95 Safari/537.36"
187.37.28.107 - - [12/Aug/2013:21:19:02 -0400] "GET /scripts/user.js HTTP/1.1" 200 23762 "http://www.pharoahaudio.com/syncheckproducthomepage.html" "Mozilla/5.0 (Windows NT 5.1) AppleWebKit/537.36 (KHTML, like Gecko) Chrome/28.0.1500.95 Safari/537.36"
187.37.28.107 - - [12/Aug/2013:21:19:05 -0400] "GET /images/250_SynFlash_New_in_boot.jpg HTTP/1.1" 200 7667 "http://www.pharoahaudio.com/syncheckproducthomepage.html" "Mozilla/5.0 (Windows NT 5.1) AppleWebKit/537.36 (KHTML, like Gecko) Chrome/28.0.1500.95 Safari/537.36"
216.243.5.76 - - [12/Aug/2013:22:24:46 -0400] "GET /scripts/website.css HTTP/1.1" 200 1916 "http://www.pharoahaudio.com/syncheckproducthomepage.html" "Mozilla/5.0 (Macintosh; Intel Mac OS X 10_8_4) AppleWebKit/536.30.1 (KHTML, like Gecko) Version/6.0.5 Safari/536.30.1"
216.243.5.76 - - [12/Aug/2013:22:24:46 -0400] "GET /images/ic_002_banner_bg_wide.jpg HTTP/1.1" 200 5805 "http://www.pharoahaudio.com/syncheckproducthomepage.html" "Mozilla/5.0 (Macintosh; Intel Mac OS X 10_8_4) AppleWebKit/536.30.1 (KHTML, like Gecko) Version/6.0.5 Safari/536.30.1"
178.77.126.55 - - [12/Aug/2013:23:44:21 -0400] "GET /robots.txt HTTP/1.1" 200 25 "-" "Mozilla/5.0 (compatible; CareerBot/1.1; +http://www.career-x.de/bot.html)"
178.77.126.55 - - [12/Aug/2013:23:44:21 -0400] "GET / HTTP/1.1" 200 14579 "-" "Mozilla/5.0 (compatible; CareerBot/1.1; +http://www.career-x.de/bot.html)"
157.55.35.78 - - [12/Aug/2013:02:59:44 -0400] "GET /yeolderadiomuseum.html HTTP/1.1" 200 42663 "-" "Mozilla/5.0 (compatible; bingbot/2.0; +http://www.bing.com/bingbot.htm)"
65.55.213.69 - - [12/Aug/2013:12:37:59 -0400] "GET /syncheckproducthomepage/downloads.html HTTP/1.1" 200 24106 "-" "msnbot/2.0b (+http://search.msn.com/msnbot.htm)"
84.24.44.15 - - [12/Aug/2013:14:20:29 -0400] "GET /scripts/526516custom.css HTTP/1.1" 200 1476 "http://www.pharoahaudio.com/legacyproductinformatio/faqsyncheckii.html" "Mozilla/5.0 (iPad; CPU OS 6_1_3 like Mac OS X) AppleWebKit/536.26 (KHTML, like Gecko) Version/6.0 Mobile/10B329 Safari/8536.25"
208.83.156.157 - - [12/Aug/2013:20:13:53 -0400] "GET /scripts/526521.css HTTP/1.1" 200 102 "-" "Mozilla/5.0 (compatible; FatBot 2.0; http://www.thefind.com/crawler)"
67.211.200.121 - - [12/Aug/2013:03:13:10 -0400] "GET /robots.txt HTTP/1.0" 200 25 "-" "Mozilla/5.0 (X11; Ubuntu; Linux x86_64; rv:22.0) Gecko/20100101 Firefox/22.0 (support@google.com)"
5.199.133.88 - - [12/Aug/2013:03:30:44 -0400] "GET /legacyproductinformatio/syncheckii.html HTTP/1.0" 200 19051 "-" "Mozilla/5.0 (compatible; MJ12bot/v1.4.3; http://www.majestic12.co.uk/bot.php?+)"
209.66.97.113 - - [12/Aug/2013:10:09:54 -0400] "GET /legacyproductinformatio/syncheckii.html HTTP/1.0" 200 19051 "http://www.pharoahaudio.com/syncheckproducthomepage/syncheck3.html" "Mozilla/5.0 (Windows NT 6.1) AppleWebKit/537.36 (KHTML, like Gecko) Chrome/28.0.1500.95 Safari/537.36"
209.66.97.113 - - [12/Aug/2013:10:09:55 -0400] "GET /images/95_Syncheck_graphic_wide.JPG HTTP/1.0" 200 1944 "http://www.pharoahaudio.com/legacyproductinformatio/syncheckii.html" "Mozilla/5.0 (Windows NT 6.1) AppleWebKit/537.36 (KHTML, like Gecko) Chrome/28.0.1500.95 Safari/537.36"
37.153.204.36 - - [12/Aug/2013:11:03:30 -0400] "GET /scripts/website.css HTTP/1.1" 200 1916 "http://www.pharoahaudio.com/syncheckproducthomepage/syncheck3.html" "Mozilla/5.0 (Macintosh; Intel Mac OS X 10_8_4) AppleWebKit/537.36 (KHTML, like Gecko) Chrome/28.0.1500.95 Safari/537.36"
99.232.0.11 - - [12/Aug/2013:11:39:38 -0400] "GET /scripts/photoalbum.js HTTP/1.1" 200 62481 "http://www.pharoahaudio.com/syncheckproducthomepage.html" "Mozilla/5.0 (Macintosh; Intel Mac OS X 10_6_8) AppleWebKit/534.59.8 (KHTML, like Gecko) Version/5.1.9 Safari/534.59.8"
99.232.0.11 - - [12/Aug/2013:11:42:09 -0400] "GET /images/photoalbum/button_photoNext.jpg HTTP/1.1" 200 662 "http://www.pharoahaudio.com/yeolderadiomuseum.html" "Mozilla/5.0 (Macintosh; Intel Mac OS X 10_6_8) AppleWebKit/534.59.8 (KHTML, like Gecko) Version/5.1.9 Safari/534.59.8"
31.31.73.93 - - [12/Aug/2013:11:50:34 -0400] "GET /memberlist.php?mode=leaders HTTP/1.0" 404 575 "-" "Mozilla/5.0 (compatible; MJ12bot/v1.4.3; http://www.majestic12.co.uk/bot.php?+)"
93.152.104.66 - - [12/Aug/2013:06:28:14 -0400] "GET /syncheckproducthomepage/buyonline.html HTTP/1.1" 200 10340 "http://www.pharoahaudio.com/syncheckproducthomepage.html" "Mozilla/5.0 (Windows NT 5.1) AppleWebKit/537.36 (KHTML, like Gecko) Chrome/28.0.1500.95 Safari/537.36"
100.43.83.136 - - [12/Aug/2013:08:50:35 -0400] "GET /richworks.html HTTP/1.1" 304 - "-" "Mozilla/5.0 (compatible; YandexBot/3.0; +http://yandex.com/bots)"
213.161.66.130 - - [12/Aug/2013:04:40:10 -0400] "GET /images/Syncheck3_user_manual_v1.01.pdf HTTP/1.1" 200 323329 "http://www.pharoahaudio.com/syncheckproducthomepage/downloads.html" "Mozilla/5.0 (Windows NT 6.1; WOW64) AppleWebKit/537.36 (KHTML, like Gecko) Chrome/28.0.1500.95 Safari/537.36"
209.66.97.107 - - [12/Aug/2013:04:41:12 -0400] "GET /syncheckproducthomepage.html HTTP/1.1" 200 23731 "http://www.google.co.uk/url?sa=t&rct=j&q=&esrc=s&source=web&cd=1&ved=0CDEQFjAA&url=http%3A%2F%2Fsyncheck.com%2F&ei=pZ8IUuGtLoWy0AWd3IG4BQ&usg=AFQjCNFSzqF0kh6EdVCm84SmkGmAzBO1sA&sig2=vsmKfJw-ZBr67qbItYCpnQ&bvm=bv.50500085,d.d2k" "Mozilla/5.0 (X11; Ubuntu; Linux x86_64; rv:16.0) Gecko/20100101 Firefox/16.0"
209.66.97.107 - - [12/Aug/2013:04:41:12 -0400] "GET /scripts/526493custom.css HTTP/1.1" 200 3102 "http://www.pharoahaudio.com/syncheckproducthomepage.html" "Mozilla/5.0 (X11; Ubuntu; Linux x86_64; rv:16.0) Gecko/20100101 Firefox/16.0"
209.66.97.107 - - [12/Aug/2013:04:41:13 -0400] "GET /scripts/icwebsiteelement.css HTTP/1.1" 200 8132 "http://www.pharoahaudio.com/syncheckproducthomepage.html" "Mozilla/5.0 (X11; Ubuntu; Linux x86_64; rv:16.0) Gecko/20100101 Firefox/16.0"
209.66.97.107 - - [12/Aug/2013:04:41:13 -0400] "GET /images/250_SynFlash_New_in_boot.jpg HTTP/1.1" 200 7667 "http://www.pharoahaudio.com/syncheckproducthomepage.html" "Mozilla/5.0 (X11; Ubuntu; Linux x86_64; rv:16.0) Gecko/20100101 Firefox/16.0"
37.153.204.36 - - [12/Aug/2013:11:03:30 -0400] "GET /scripts/icwebsiteelement.css HTTP/1.1" 200 8132 "http://www.pharoahaudio.com/syncheckproducthomepage/syncheck3.html" "Mozilla/5.0 (Macintosh; Intel Mac OS X 10_8_4) AppleWebKit/537.36 (KHTML, like Gecko) Chrome/28.0.1500.95 Safari/537.36"
37.153.204.36 - - [12/Aug/2013:11:03:31 -0400] "GET /images/hand_left_blue.gif HTTP/1.1" 200 932 "http://www.pharoahaudio.com/syncheckproducthomepage/syncheck3.html" "Mozilla/5.0 (Macintosh; Intel Mac OS X 10_8_4) AppleWebKit/537.36 (KHTML, like Gecko) Chrome/28.0.1500.95 Safari/537.36"
139.18.11.251 - - [12/Aug/2013:11:05:46 -0400] "GET /scripts/website.css HTTP/1.1" 200 1916 "http://www.pharoahaudio.com/legacyproductinformatio/sy2testimonials.html" "Opera/9.80 (Windows NT 6.1) Presto/2.12.388 Version/12.16"
139.18.11.251 - - [12/Aug/2013:11:05:46 -0400] "GET /images/90_Syncheck_graphic_wide.JPG HTTP/1.1" 200 1768 "http://www.pharoahaudio.com/legacyproductinformatio/sy2testimonials.html" "Opera/9.80 (Windows NT 6.1) Presto/2.12.388 Version/12.16"
139.18.11.251 - - [12/Aug/2013:11:05:47 -0400] "GET /favicon.ico HTTP/1.1" 404 575 "http://www.pharoahaudio.com/legacyproductinformatio/sy2testimonials.html" "Opera/9.80 (Windows NT 6.1) Presto/2.12.388 Version/12.16"
54.211.53.0 - - [12/Aug/2013:06:23:53 -0400] "HEAD / HTTP/1.1" 200 - "-" "python-requests/1.1.0 CPython/2.7.4 Linux/3.8.0-19-generic"
98.14.251.174 - - [12/Aug/2013:07:59:24 -0400] "GET /scripts/user.js HTTP/1.1" 200 23762 "http://www.pharoahaudio.com/" "Mozilla/5.0 (Windows NT 6.0; rv:22.0) Gecko/20100101 Firefox/22.0"
98.14.251.174 - - [12/Aug/2013:07:59:26 -0400] "GET /images/150_Radiola_26.jpg HTTP/1.1" 200 4013 "http://www.pharoahaudio.com/" "Mozilla/5.0 (Windows NT 6.0; rv:22.0) Gecko/20100101 Firefox/22.0"
98.14.251.174 - - [12/Aug/2013:07:59:26 -0400] "GET /images/ic_002_banner_bg_wide.jpg HTTP/1.1" 200 5805 "http://www.pharoahaudio.com/scripts/template.css" "Mozilla/5.0 (Windows NT 6.0; rv:22.0) Gecko/20100101 Firefox/22.0"
98.14.251.174 - - [12/Aug/2013:07:59:29 -0400] "GET /scripts/526496.css HTTP/1.1" 200 102 "http://www.pharoahaudio.com/yeolderadiomuseum.html" "Mozilla/5.0 (Windows NT 6.0; rv:22.0) Gecko/20100101 Firefox/22.0"
98.14.251.174 - - [12/Aug/2013:07:59:29 -0400] "GET /images/181_AK35_front_900_branded.jpg HTTP/1.1" 200 3289 "http://www.pharoahaudio.com/yeolderadiomuseum.html" "Mozilla/5.0 (Windows NT 6.0; rv:22.0) Gecko/20100101 Firefox/22.0"
98.14.251.174 - - [12/Aug/2013:07:59:29 -0400] "GET /images/181_T1_tweeter_unopened.jpg HTTP/1.1" 200 8783 "http://www.pharoahaudio.com/yeolderadiomuseum.html" "Mozilla/5.0 (Windows NT 6.0; rv:22.0) Gecko/20100101 Firefox/22.0"
98.14.251.174 - - [12/Aug/2013:07:59:29 -0400] "GET /images/photoalbum/button_photoPlay.jpg HTTP/1.1" 200 613 "http://www.pharoahaudio.com/yeolderadiomuseum.html" "Mozilla/5.0 (Windows NT 6.0; rv:22.0) Gecko/20100101 Firefox/22.0"
98.14.251.174 - - [12/Aug/2013:07:59:29 -0400] "GET /images/photoalbum/button_photoFirst.jpg HTTP/1.1" 200 637 "http://www.pharoahaudio.com/yeolderadiomuseum.html" "Mozilla/5.0 (Windows NT 6.0; rv:22.0) Gecko/20100101 Firefox/22.0"
98.14.251.174 - - [12/Aug/2013:07:59:29 -0400] "GET /images/photoalbum/button_photoSpeed1_ON.jpg HTTP/1.1" 200 476 "http://www.pharoahaudio.com/yeolderadiomuseum.html" "Mozilla/5.0 (Windows NT 6.0; rv:22.0) Gecko/20100101 Firefox/22.0"
98.14.251.174 - - [12/Aug/2013:07:59:29 -0400] "GET /images/photoalbum/button_photoSpeed4.jpg HTTP/1.1" 200 506 "http://www.pharoahaudio.com/yeolderadiomuseum.html" "Mozilla/5.0 (Windows NT 6.0; rv:22.0) Gecko/20100101 Firefox/22.0"
98.14.251.174 - - [12/Aug/2013:07:59:29 -0400] "GET /images/photoalbum/button_photoSpeed5.jpg HTTP/1.1" 200 502 "http://www.pharoahaudio.com/yeolderadiomuseum.html" "Mozilla/5.0 (Windows NT 6.0; rv:22.0) Gecko/20100101 Firefox/22.0"
98.14.251.174 - - [12/Aug/2013:07:59:29 -0400] "GET /images/480_Crosley51_OpCl.jpg HTTP/1.1" 200 29265 "http://www.pharoahaudio.com/yeolderadiomuseum.html" "Mozilla/5.0 (Windows NT 6.0; rv:22.0) Gecko/20100101 Firefox/22.0"
98.14.251.174 - - [12/Aug/2013:07:59:29 -0400] "GET /images/480_Crystal_Whisker_Set_early_20s.JPG HTTP/1.1" 200 20164 "http://www.pharoahaudio.com/yeolderadiomuseum.html" "Mozilla/5.0 (Windows NT 6.0; rv:22.0) Gecko/20100101 Firefox/22.0"
98.14.251.174 - - [12/Aug/2013:07:59:30 -0400] "GET /images/366_Grigsby_Grunow_Hinds_Majestic.jpg HTTP/1.1" 200 14824 "http://www.pharoahaudio.com/yeolderadiomuseum.html" "Mozilla/5.0 (Windows NT 6.0; rv:22.0) Gecko/20100101 Firefox/22.0"
98.14.251.174 - - [12/Aug/2013:07:59:30 -0400] "GET /images/399_Bosch_Model_28_with_AmplionAR19.jpg HTTP/1.1" 200 26270 "http://www.pharoahaudio.com/yeolderadiomuseum.html" "Mozilla/5.0 (Windows NT 6.0; rv:22.0) Gecko/20100101 Firefox/22.0"
98.14.251.174 - - [12/Aug/2013:07:59:30 -0400] "GET /images/360_GE_K105.jpg HTTP/1.1" 200 30923 "http://www.pharoahaudio.com/yeolderadiomuseum.html" "Mozilla/5.0 (Windows NT 6.0; rv:22.0) Gecko/20100101 Firefox/22.0"
98.14.251.174 - - [12/Aug/2013:07:59:30 -0400] "GET /images/480_Zenith_6-S-27_frontback.jpg HTTP/1.1" 200 41545 "http://www.pharoahaudio.com/yeolderadiomuseum.html" "Mozilla/5.0 (Windows NT 6.0; rv:22.0) Gecko/20100101 Firefox/22.0"
98.14.251.174 - - [12/Aug/2013:07:59:30 -0400] "GET /images/480_Universal_4tube_branded.JPG HTTP/1.1" 200 44458 "http://www.pharoahaudio.com/yeolderadiomuseum.html" "Mozilla/5.0 (Windows NT 6.0; rv:22.0) Gecko/20100101 Firefox/22.0"
98.14.251.174 - - [12/Aug/2013:07:59:30 -0400] "GET /images/480_Sparton5218.JPG HTTP/1.1" 200 29409 "http://www.pharoahaudio.com/yeolderadiomuseum.html" "Mozilla/5.0 (Windows NT 6.0; rv:22.0) Gecko/20100101 Firefox/22.0"
98.14.251.174 - - [12/Aug/2013:07:59:30 -0400] "GET /images/480_Emerson_CX283.jpg HTTP/1.1" 200 32326 "http://www.pharoahaudio.com/yeolderadiomuseum.html" "Mozilla/5.0 (Windows NT 6.0; rv:22.0) Gecko/20100101 Firefox/22.0"
98.14.251.174 - - [12/Aug/2013:07:59:30 -0400] "GET /images/480_GE_GD60.jpg HTTP/1.1" 200 37777 "http://www.pharoahaudio.com/yeolderadiomuseum.html" "Mozilla/5.0 (Windows NT 6.0; rv:22.0) Gecko/20100101 Firefox/22.0"
98.14.251.174 - - [12/Aug/2013:07:59:30 -0400] "GET /images/480_GM_985775_pocket_portable.jpg HTTP/1.1" 200 26420 "http://www.pharoahaudio.com/yeolderadiomuseum.html" "Mozilla/5.0 (Windows NT 6.0; rv:22.0) Gecko/20100101 Firefox/22.0"
98.14.251.174 - - [12/Aug/2013:07:59:30 -0400] "GET /images/480_Westinghouse_WR169_orig.jpg HTTP/1.1" 200 42320 "http://www.pharoahaudio.com/yeolderadiomuseum.html" "Mozilla/5.0 (Windows NT 6.0; rv:22.0) Gecko/20100101 Firefox/22.0"
98.14.251.174 - - [12/Aug/2013:07:59:30 -0400] "GET /images/480_Marconi_202.jpg HTTP/1.1" 200 31301 "http://www.pharoahaudio.com/yeolderadiomuseum.html" "Mozilla/5.0 (Windows NT 6.0; rv:22.0) Gecko/20100101 Firefox/22.0"
98.14.251.174 - - [12/Aug/2013:07:59:30 -0400] "GET /images/480_Philco_46-1226_console.jpg HTTP/1.1" 200 34754 "http://www.pharoahaudio.com/yeolderadiomuseum.html" "Mozilla/5.0 (Windows NT 6.0; rv:22.0) Gecko/20100101 Firefox/22.0"
98.14.251.174 - - [12/Aug/2013:07:59:30 -0400] "GET /images/480_RCA_56X.jpg HTTP/1.1" 200 17302 "http://www.pharoahaudio.com/yeolderadiomuseum.html" "Mozilla/5.0 (Windows NT 6.0; rv:22.0) Gecko/20100101 Firefox/22.0"
98.14.251.174 - - [12/Aug/2013:07:59:30 -0400] "GET /images/480_Philco_49-607_rolltop_combo.JPG HTTP/1.1" 200 24389 "http://www.pharoahaudio.com/yeolderadiomuseum.html" "Mozilla/5.0 (Windows NT 6.0; rv:22.0) Gecko/20100101 Firefox/22.0"
98.14.251.174 - - [12/Aug/2013:07:59:30 -0400] "GET /images/480_Motorola_VT107.JPG HTTP/1.1" 200 24097 "http://www.pharoahaudio.com/yeolderadiomuseum.html" "Mozilla/5.0 (Windows NT 6.0; rv:22.0) Gecko/20100101 Firefox/22.0"
98.14.251.174 - - [12/Aug/2013:07:59:30 -0400] "GET /images/480_Motorola_51M1U_battery_AC_1951_OpCl.jpg HTTP/1.1" 200 24084 "http://www.pharoahaudio.com/yeolderadiomuseum.html" "Mozilla/5.0 (Windows NT 6.0; rv:22.0) Gecko/20100101 Firefox/22.0"
98.14.251.174 - - [12/Aug/2013:07:59:30 -0400] "GET /images/480_Zenith_H511_Consoletone.JPG HTTP/1.1" 200 18427 "http://www.pharoahaudio.com/yeolderadiomuseum.html" "Mozilla/5.0 (Windows NT 6.0; rv:22.0) Gecko/20100101 Firefox/22.0"
98.14.251.174 - - [12/Aug/2013:07:59:31 -0400] "GET /images/480_Emerson_830-B.JPG HTTP/1.1" 200 30437 "http://www.pharoahaudio.com/yeolderadiomuseum.html" "Mozilla/5.0 (Windows NT 6.0; rv:22.0) Gecko/20100101 Firefox/22.0"
98.14.251.174 - - [12/Aug/2013:07:59:31 -0400] "GET /images/480_EMUD_RJ196.JPG HTTP/1.1" 200 37308 "http://www.pharoahaudio.com/yeolderadiomuseum.html" "Mozilla/5.0 (Windows NT 6.0; rv:22.0) Gecko/20100101 Firefox/22.0"
98.14.251.174 - - [12/Aug/2013:07:59:31 -0400] "GET /images/94_Telephone_neckset_earpiece_1919.JPG HTTP/1.1" 200 2323 "http://www.pharoahaudio.com/yeolderadiomuseum.html" "Mozilla/5.0 (Windows NT 6.0; rv:22.0) Gecko/20100101 Firefox/22.0"
98.14.251.174 - - [12/Aug/2013:07:59:31 -0400] "GET /images/94_Crosley51_OpCl.jpg HTTP/1.1" 200 3242 "http://www.pharoahaudio.com/yeolderadiomuseum.html" "Mozilla/5.0 (Windows NT 6.0; rv:22.0) Gecko/20100101 Firefox/22.0"
