0byt3m1n1
Path:
/
data
/
0
/
0
/
22
/
99
/
22588
/
meta
/
23067
/
logs
/
[
Home
]
File: x-access_log.2013-08-17
220.181.89.166 - - [17/Aug/2013:23:17:26 -0400] "GET /syncheckproducthomepage.html HTTP/1.1" 200 23731 "-" "Sogou web spider/4.0(+http://www.sogou.com/docs/help/webmasters.htm#07)"
66.249.72.223 - - [17/Aug/2013:09:52:32 -0400] "GET /scripts/526558custom.css HTTP/1.1" 200 1477 "-" "Mozilla/5.0 (compatible; Googlebot/2.1; +http://www.google.com/bot.html)"
98.231.217.156 - - [17/Aug/2013:10:22:19 -0400] "GET /ftplist.html HTTP/1.1" 200 11193 "http://www.pharoahaudio.com/syncheckproducthomepage/syncheck3.html" "Mozilla/5.0 (Windows NT 6.1; WOW64; rv:23.0) Gecko/20100101 Firefox/23.0"
98.231.217.156 - - [17/Aug/2013:10:22:20 -0400] "GET /scripts/526520custom.css HTTP/1.1" 200 1476 "http://www.pharoahaudio.com/ftplist.html" "Mozilla/5.0 (Windows NT 6.1; WOW64; rv:23.0) Gecko/20100101 Firefox/23.0"
98.231.217.156 - - [17/Aug/2013:10:24:03 -0400] "GET /images/181_logo-RS422_short.gif HTTP/1.1" 200 2149 "http://www.pharoahaudio.com/syncheckproducthomepage/distributors.html" "Mozilla/5.0 (Windows NT 6.1; WOW64; rv:23.0) Gecko/20100101 Firefox/23.0"
98.231.217.156 - - [17/Aug/2013:10:24:03 -0400] "GET /images/181_logo_Markertek.jpg HTTP/1.1" 200 4011 "http://www.pharoahaudio.com/syncheckproducthomepage/distributors.html" "Mozilla/5.0 (Windows NT 6.1; WOW64; rv:23.0) Gecko/20100101 Firefox/23.0"
174.237.128.117 - - [17/Aug/2013:11:41:30 -0400] "GET /scripts/user.js HTTP/1.1" 200 23762 "http://www.pharoahaudio.com/yeolderadiomuseum.html" "Mozilla/5.0 (iPhone; CPU iPhone OS 6_1_3 like Mac OS X) AppleWebKit/536.26 (KHTML, like Gecko) Version/6.0 Mobile/10B329 Safari/8536.25"
174.237.128.117 - - [17/Aug/2013:11:41:30 -0400] "GET /scripts/website.css HTTP/1.1" 200 1916 "http://www.pharoahaudio.com/yeolderadiomuseum.html" "Mozilla/5.0 (iPhone; CPU iPhone OS 6_1_3 like Mac OS X) AppleWebKit/536.26 (KHTML, like Gecko) Version/6.0 Mobile/10B329 Safari/8536.25"
174.237.128.117 - - [17/Aug/2013:11:41:30 -0400] "GET /images/181_T1_tweeter_unopened.jpg HTTP/1.1" 200 8783 "http://www.pharoahaudio.com/yeolderadiomuseum.html" "Mozilla/5.0 (iPhone; CPU iPhone OS 6_1_3 like Mac OS X) AppleWebKit/536.26 (KHTML, like Gecko) Version/6.0 Mobile/10B329 Safari/8536.25"
174.237.128.117 - - [17/Aug/2013:11:41:31 -0400] "GET /images/216_Atwater_Kent_82_innards_orig.JPG HTTP/1.1" 200 12169 "http://www.pharoahaudio.com/yeolderadiomuseum.html" "Mozilla/5.0 (iPhone; CPU iPhone OS 6_1_3 like Mac OS X) AppleWebKit/536.26 (KHTML, like Gecko) Version/6.0 Mobile/10B329 Safari/8536.25"
174.237.128.117 - - [17/Aug/2013:11:41:31 -0400] "GET /images/ic_002_body_bg.gif HTTP/1.1" 200 304 "http://www.pharoahaudio.com/yeolderadiomuseum.html" "Mozilla/5.0 (iPhone; CPU iPhone OS 6_1_3 like Mac OS X) AppleWebKit/536.26 (KHTML, like Gecko) Version/6.0 Mobile/10B329 Safari/8536.25"
174.237.128.117 - - [17/Aug/2013:11:41:31 -0400] "GET /images/ic_002_banner_bg_wide.jpg HTTP/1.1" 200 5805 "http://www.pharoahaudio.com/yeolderadiomuseum.html" "Mozilla/5.0 (iPhone; CPU iPhone OS 6_1_3 like Mac OS X) AppleWebKit/536.26 (KHTML, like Gecko) Version/6.0 Mobile/10B329 Safari/8536.25"
174.237.128.117 - - [17/Aug/2013:11:41:31 -0400] "GET /images/94_Telephone_neckset_earpiece_1919.JPG HTTP/1.1" 200 2323 "http://www.pharoahaudio.com/yeolderadiomuseum.html" "Mozilla/5.0 (iPhone; CPU iPhone OS 6_1_3 like Mac OS X) AppleWebKit/536.26 (KHTML, like Gecko) Version/6.0 Mobile/10B329 Safari/8536.25"
174.237.128.117 - - [17/Aug/2013:11:41:31 -0400] "GET /images/950_Crosley51_OpCl.jpg HTTP/1.1" 200 80060 "http://www.pharoahaudio.com/yeolderadiomuseum.html" "Mozilla/5.0 (iPhone; CPU iPhone OS 6_1_3 like Mac OS X) AppleWebKit/536.26 (KHTML, like Gecko) Version/6.0 Mobile/10B329 Safari/8536.25"
174.237.128.117 - - [17/Aug/2013:11:41:31 -0400] "GET /images/480_Radiola_26_small_branded.jpg HTTP/1.1" 200 26536 "http://www.pharoahaudio.com/yeolderadiomuseum.html" "Mozilla/5.0 (iPhone; CPU iPhone OS 6_1_3 like Mac OS X) AppleWebKit/536.26 (KHTML, like Gecko) Version/6.0 Mobile/10B329 Safari/8536.25"
174.237.128.117 - - [17/Aug/2013:11:41:31 -0400] "GET /images/94_Lektophone_speaker.jpg HTTP/1.1" 200 3100 "http://www.pharoahaudio.com/yeolderadiomuseum.html" "Mozilla/5.0 (iPhone; CPU iPhone OS 6_1_3 like Mac OS X) AppleWebKit/536.26 (KHTML, like Gecko) Version/6.0 Mobile/10B329 Safari/8536.25"
174.237.128.117 - - [17/Aug/2013:11:41:33 -0400] "GET /images/94_Amer_Bosch_28_open.jpg HTTP/1.1" 200 3202 "http://www.pharoahaudio.com/yeolderadiomuseum.html" "Mozilla/5.0 (iPhone; CPU iPhone OS 6_1_3 like Mac OS X) AppleWebKit/536.26 (KHTML, like Gecko) Version/6.0 Mobile/10B329 Safari/8536.25"
174.237.128.117 - - [17/Aug/2013:11:41:33 -0400] "GET /images/480_Amer_Bosch_28_open.jpg HTTP/1.1" 200 37731 "http://www.pharoahaudio.com/yeolderadiomuseum.html" "Mozilla/5.0 (iPhone; CPU iPhone OS 6_1_3 like Mac OS X) AppleWebKit/536.26 (KHTML, like Gecko) Version/6.0 Mobile/10B329 Safari/8536.25"
174.237.128.117 - - [17/Aug/2013:11:41:33 -0400] "GET /images/480_Universal_4tube_branded.JPG HTTP/1.1" 200 44458 "http://www.pharoahaudio.com/yeolderadiomuseum.html" "Mozilla/5.0 (iPhone; CPU iPhone OS 6_1_3 like Mac OS X) AppleWebKit/536.26 (KHTML, like Gecko) Version/6.0 Mobile/10B329 Safari/8536.25"
174.237.128.117 - - [17/Aug/2013:11:41:33 -0400] "GET /images/950_Philco_38-10.jpg HTTP/1.1" 200 83411 "http://www.pharoahaudio.com/yeolderadiomuseum.html" "Mozilla/5.0 (iPhone; CPU iPhone OS 6_1_3 like Mac OS X) AppleWebKit/536.26 (KHTML, like Gecko) Version/6.0 Mobile/10B329 Safari/8536.25"
174.237.128.117 - - [17/Aug/2013:11:41:34 -0400] "GET /images/480_Sparton5218.JPG HTTP/1.1" 200 29409 "http://www.pharoahaudio.com/yeolderadiomuseum.html" "Mozilla/5.0 (iPhone; CPU iPhone OS 6_1_3 like Mac OS X) AppleWebKit/536.26 (KHTML, like Gecko) Version/6.0 Mobile/10B329 Safari/8536.25"
174.237.128.117 - - [17/Aug/2013:11:41:34 -0400] "GET /images/950_Emerson_CX283.jpg HTTP/1.1" 200 97898 "http://www.pharoahaudio.com/yeolderadiomuseum.html" "Mozilla/5.0 (iPhone; CPU iPhone OS 6_1_3 like Mac OS X) AppleWebKit/536.26 (KHTML, like Gecko) Version/6.0 Mobile/10B329 Safari/8536.25"
174.237.128.117 - - [17/Aug/2013:11:41:36 -0400] "GET /images/94_Marconi_202.jpg HTTP/1.1" 200 2680 "http://www.pharoahaudio.com/yeolderadiomuseum.html" "Mozilla/5.0 (iPhone; CPU iPhone OS 6_1_3 like Mac OS X) AppleWebKit/536.26 (KHTML, like Gecko) Version/6.0 Mobile/10B329 Safari/8536.25"
174.237.128.117 - - [17/Aug/2013:11:41:36 -0400] "GET /images/480_Marconi_202.jpg HTTP/1.1" 200 31301 "http://www.pharoahaudio.com/yeolderadiomuseum.html" "Mozilla/5.0 (iPhone; CPU iPhone OS 6_1_3 like Mac OS X) AppleWebKit/536.26 (KHTML, like Gecko) Version/6.0 Mobile/10B329 Safari/8536.25"
174.237.128.117 - - [17/Aug/2013:11:41:38 -0400] "GET /images/950_Motorola_VT107.JPG HTTP/1.1" 200 68396 "http://www.pharoahaudio.com/yeolderadiomuseum.html" "Mozilla/5.0 (iPhone; CPU iPhone OS 6_1_3 like Mac OS X) AppleWebKit/536.26 (KHTML, like Gecko) Version/6.0 Mobile/10B329 Safari/8536.25"
174.237.128.117 - - [17/Aug/2013:11:41:38 -0400] "GET /images/94_Motorola_VT107.JPG HTTP/1.1" 200 2551 "http://www.pharoahaudio.com/yeolderadiomuseum.html" "Mozilla/5.0 (iPhone; CPU iPhone OS 6_1_3 like Mac OS X) AppleWebKit/536.26 (KHTML, like Gecko) Version/6.0 Mobile/10B329 Safari/8536.25"
174.237.128.117 - - [17/Aug/2013:11:41:38 -0400] "GET /images/480_Motorola_VT107.JPG HTTP/1.1" 200 24097 "http://www.pharoahaudio.com/yeolderadiomuseum.html" "Mozilla/5.0 (iPhone; CPU iPhone OS 6_1_3 like Mac OS X) AppleWebKit/536.26 (KHTML, like Gecko) Version/6.0 Mobile/10B329 Safari/8536.25"
174.237.128.117 - - [17/Aug/2013:11:41:38 -0400] "GET /images/950_Motorola_51M1U_battery_AC_1951_OpCl.jpg HTTP/1.1" 200 64853 "http://www.pharoahaudio.com/yeolderadiomuseum.html" "Mozilla/5.0 (iPhone; CPU iPhone OS 6_1_3 like Mac OS X) AppleWebKit/536.26 (KHTML, like Gecko) Version/6.0 Mobile/10B329 Safari/8536.25"
174.237.128.117 - - [17/Aug/2013:11:41:39 -0400] "GET /images/480_Emerson_830-B.JPG HTTP/1.1" 200 30437 "http://www.pharoahaudio.com/yeolderadiomuseum.html" "Mozilla/5.0 (iPhone; CPU iPhone OS 6_1_3 like Mac OS X) AppleWebKit/536.26 (KHTML, like Gecko) Version/6.0 Mobile/10B329 Safari/8536.25"
174.237.128.117 - - [17/Aug/2013:11:41:39 -0400] "GET /images/787_Tower_6157_Geiger_Counter.JPG HTTP/1.1" 200 71743 "http://www.pharoahaudio.com/yeolderadiomuseum.html" "Mozilla/5.0 (iPhone; CPU iPhone OS 6_1_3 like Mac OS X) AppleWebKit/536.26 (KHTML, like Gecko) Version/6.0 Mobile/10B329 Safari/8536.25"
208.83.156.158 - - [17/Aug/2013:07:26:23 -0400] "GET /scripts/526538custom.css HTTP/1.1" 200 1140 "-" "Mozilla/5.0 (compatible; FatBot 2.0; http://www.thefind.com/crawler)"
99.12.198.195 - - [17/Aug/2013:15:02:38 -0400] "GET /scripts/photoalbum.js HTTP/1.1" 200 62481 "http://www.pharoahaudio.com/ptvideosyncstudy.html" "Mozilla/5.0 (Windows NT 6.1; WOW64) AppleWebKit/537.36 (KHTML, like Gecko) Chrome/28.0.1500.95 Safari/537.36"
99.12.198.195 - - [17/Aug/2013:15:02:38 -0400] "GET /scripts/print.css HTTP/1.1" 200 11209 "http://www.pharoahaudio.com/ptvideosyncstudy.html" "Mozilla/5.0 (Windows NT 6.1; WOW64) AppleWebKit/537.36 (KHTML, like Gecko) Chrome/28.0.1500.95 Safari/537.36"
68.111.238.246 - - [17/Aug/2013:17:59:16 -0400] "GET /radiola26part1.html HTTP/1.1" 200 20077 "https://www.google.com/" "Mozilla/5.0 (Windows NT 5.1) AppleWebKit/537.36 (KHTML, like Gecko) Chrome/28.0.1500.95 Safari/537.36"
68.111.238.246 - - [17/Aug/2013:17:59:16 -0400] "GET /scripts/website.css HTTP/1.1" 200 1916 "http://www.pharoahaudio.com/radiola26part1.html" "Mozilla/5.0 (Windows NT 5.1) AppleWebKit/537.36 (KHTML, like Gecko) Chrome/28.0.1500.95 Safari/537.36"
95.10.217.85 - - [17/Aug/2013:14:43:33 -0400] "GET /images/432_T9_new_foam1.jpg HTTP/1.1" 200 21331 "-" "Mozilla/5.0 (Windows NT 6.1) AppleWebKit/537.36 (KHTML, like Gecko) Chrome/28.0.1500.95 Safari/537.36"
66.249.72.56 - - [17/Aug/2013:08:33:47 -0400] "GET /legacyproductinformatio/faqsyncheckii.html HTTP/1.1" 200 17550 "-" "Mozilla/5.0 (compatible; Googlebot/2.1; +http://www.google.com/bot.html)"
81.52.143.30 - - [17/Aug/2013:10:53:50 -0400] "GET /images/SyncheckII_user_manual_v1.6.pdf HTTP/1.1" 200 224107 "-" "Mozilla/5.0 (Windows; U; Windows NT 5.1; fr; rv:1.8.1) VoilaBot BETA 1.2 (support.voilabot@orange-ftgroup.com)"
24.185.214.128 - - [17/Aug/2013:23:01:22 -0400] "GET /images/100_Syncheck_graphic_wide.JPG HTTP/1.1" 200 2076 "http://www.pharoahaudio.com/syncheckproducthomepage.html" "Mozilla/5.0 (Macintosh; Intel Mac OS X 10_8_3) AppleWebKit/536.29.13 (KHTML, like Gecko) Version/6.0.4 Safari/536.29.13"
199.30.20.100 - - [17/Aug/2013:18:28:07 -0400] "GET /images/432_T6_transparent_mylar_disc.jpg HTTP/1.1" 200 25088 "-" "msnbot-media/1.1 (+http://search.msn.com/msnbot.htm)"
213.113.51.152 - - [17/Aug/2013:19:49:18 -0400] "GET /scripts/icwebsiteelement.css HTTP/1.1" 200 8132 "http://www.pharoahaudio.com/syncheckproducthomepage/somethingnew.html" "Mozilla/5.0 (Macintosh; Intel Mac OS X 10_8_4) AppleWebKit/536.30.1 (KHTML, like Gecko) Version/6.0.5 Safari/536.30.1"
213.113.51.152 - - [17/Aug/2013:19:49:21 -0400] "GET /images/hand_left_blue.gif HTTP/1.1" 200 932 "http://www.pharoahaudio.com/syncheckproducthomepage/somethingnew.html" "Mozilla/5.0 (Macintosh; Intel Mac OS X 10_8_4) AppleWebKit/536.30.1 (KHTML, like Gecko) Version/6.0.5 Safari/536.30.1"
83.247.94.190 - - [17/Aug/2013:04:10:15 -0400] "GET /scripts/template.css HTTP/1.1" 200 11360 "http://www.pharoahaudio.com/syncheckproducthomepage.html" "Mozilla/5.0 (Windows NT 6.1; WOW64) AppleWebKit/537.36 (KHTML, like Gecko) Chrome/28.0.1500.95 Safari/537.36"
208.83.156.161 - - [17/Aug/2013:05:43:43 -0400] "GET /scripts/526491custom.css HTTP/1.1" 200 8558 "-" "Mozilla/5.0 (compatible; FatBot 2.0; http://www.thefind.com/crawler)"
199.30.16.40 - - [17/Aug/2013:01:22:44 -0400] "GET /robots.txt HTTP/1.1" 200 25 "-" "msnbot-media/1.1 (+http://search.msn.com/msnbot.htm)"
66.249.80.179 - - [17/Aug/2013:02:32:37 -0400] "GET /scripts/526536.css HTTP/1.1" 200 102 "http://www.pharoahaudio.com/radiola26part7.html" "Mozilla/5.0 (X11; Linux x86_64) AppleWebKit/537.4 (KHTML, like Gecko; Google Web Preview) Chrome/22.0.1229 Safari/537.4"
31.147.122.151 - - [17/Aug/2013:12:20:06 -0400] "GET /images/432_T4_strip_pulled_out.jpg HTTP/1.1" 200 35044 "http://www.google.hr/blank.html" "Mozilla/5.0 (Windows NT 5.1) AppleWebKit/537.36 (KHTML, like Gecko) Chrome/28.0.1500.95 Safari/537.36"
66.249.72.72 - - [17/Aug/2013:13:02:20 -0400] "GET /deliverables.html HTTP/1.1" 304 - "-" "Mozilla/5.0 (compatible; Googlebot/2.1; +http://www.google.com/bot.html)"
178.33.143.24 - - [17/Aug/2013:14:01:29 -0400] "GET /legacyproductinformatio/originalsyncheck.html HTTP/1.0" 200 15206 "http://www.pharoahaudio.com/" "Mozilla/5.0 (Macintosh; Intel Mac OS X 10_7_5) AppleWebKit/536.30.1 (KHTML, like Gecko) Version/6.0.5 Safari/536.30.1"
89.226.66.42 - - [17/Aug/2013:00:11:29 -0400] "GET /scripts/ic_globals_published.js HTTP/1.1" 200 566 "http://www.pharoahaudio.com/syncheckproducthomepage.html" "Mozilla/5.0 (Macintosh; Intel Mac OS X 10.8; rv:22.0) Gecko/20100101 Firefox/22.0"
89.226.66.42 - - [17/Aug/2013:00:11:29 -0400] "GET /scripts/user.js HTTP/1.1" 200 23762 "http://www.pharoahaudio.com/syncheckproducthomepage.html" "Mozilla/5.0 (Macintosh; Intel Mac OS X 10.8; rv:22.0) Gecko/20100101 Firefox/22.0"
89.226.66.42 - - [17/Aug/2013:00:11:29 -0400] "GET /scripts/print.css HTTP/1.1" 200 11209 "http://www.pharoahaudio.com/syncheckproducthomepage.html" "Mozilla/5.0 (Macintosh; Intel Mac OS X 10.8; rv:22.0) Gecko/20100101 Firefox/22.0"
89.226.66.42 - - [17/Aug/2013:00:11:30 -0400] "GET /images/292_SY3_tabletop2_straight.jpg HTTP/1.1" 200 20162 "http://www.pharoahaudio.com/syncheckproducthomepage.html" "Mozilla/5.0 (Macintosh; Intel Mac OS X 10.8; rv:22.0) Gecko/20100101 Firefox/22.0"
89.226.66.42 - - [17/Aug/2013:00:11:30 -0400] "GET /images/100_Syncheck_graphic_wide.JPG HTTP/1.1" 200 2076 "http://www.pharoahaudio.com/syncheckproducthomepage.html" "Mozilla/5.0 (Macintosh; Intel Mac OS X 10.8; rv:22.0) Gecko/20100101 Firefox/22.0"
157.55.36.37 - - [17/Aug/2013:00:43:32 -0400] "GET /robots.txt HTTP/1.1" 200 25 "-" "Mozilla/5.0 (compatible; bingbot/2.0; +http://www.bing.com/bingbot.htm)"
178.137.128.238 - - [17/Aug/2013:01:54:40 -0400] "GET /ptvideosyncstudy.html HTTP/1.1" 200 41918 "http://web-uroki.ru/" "Mozilla/4.0 (compatible; MSIE 6.0; Windows NT 5.1; SV1; .NET CLR 1.0.3705; .NET CLR 1.1.4322; .NET CLR 2.0.40607)"
208.83.156.150 - - [17/Aug/2013:15:58:15 -0400] "GET /scripts/526541custom.css HTTP/1.1" 200 3499 "-" "Mozilla/5.0 (compatible; FatBot 2.0; http://www.thefind.com/crawler)"
192.0.241.74 - - [17/Aug/2013:17:38:03 -0400] "GET /scripts/ic_globals_published.js HTTP/1.1" 200 566 "http://www.pharoahaudio.com/syncheckproducthomepage/syncheck3.html" "Mozilla/5.0 (iPhone; CPU iPhone OS 6_1_4 like Mac OS X) AppleWebKit/536.26 (KHTML, like Gecko) Version/6.0 Mobile/10B350 Safari/8536.25"
192.0.241.74 - - [17/Aug/2013:17:38:04 -0400] "GET /images/ic_002_body_bg.gif HTTP/1.1" 200 304 "http://www.pharoahaudio.com/syncheckproducthomepage/syncheck3.html" "Mozilla/5.0 (iPhone; CPU iPhone OS 6_1_4 like Mac OS X) AppleWebKit/536.26 (KHTML, like Gecko) Version/6.0 Mobile/10B350 Safari/8536.25"
5.135.112.205 - - [17/Aug/2013:21:13:35 -0400] "GET /legacyproductinformatio/originalsyncheck.html HTTP/1.1" 200 15206 "http://www.pharoahaudio.com/" "Mozilla/5.0 (X11; Ubuntu; Linux i686; rv:22.0) Gecko/20100101 Firefox/22.0"
208.83.156.155 - - [17/Aug/2013:19:43:36 -0400] "GET /scripts/526513custom.css HTTP/1.1" 200 9241 "-" "Mozilla/5.0 (compatible; FatBot 2.0; http://www.thefind.com/crawler)"
176.31.44.239 - - [17/Aug/2013:21:13:33 -0400] "GET /syncheckproducthomepage.html HTTP/1.1" 200 23731 "http://www.syncheck.com/" "Mozilla/5.0 (X11; Ubuntu; Linux i686; rv:22.0) Gecko/20100101 Firefox/22.0"
24.233.173.166 - - [17/Aug/2013:00:39:50 -0400] "GET /scripts/user.js HTTP/1.1" 200 23762 "http://www.pharoahaudio.com/syncheckproducthomepage.html" "Mozilla/5.0 (iPad; CPU OS 6_1_3 like Mac OS X) AppleWebKit/536.26 (KHTML, like Gecko) Version/6.0 Mobile/10B329 Safari/8536.25"
24.233.173.166 - - [17/Aug/2013:00:39:51 -0400] "GET /images/100_Syncheck_graphic_wide.JPG HTTP/1.1" 200 2076 "http://www.pharoahaudio.com/syncheckproducthomepage.html" "Mozilla/5.0 (iPad; CPU OS 6_1_3 like Mac OS X) AppleWebKit/536.26 (KHTML, like Gecko) Version/6.0 Mobile/10B329 Safari/8536.25"
193.252.118.164 - - [17/Aug/2013:07:59:43 -0400] "GET /images/SynFlash_user_manual_1.05.pdf HTTP/1.1" 200 130442 "-" "Mozilla/5.0 (Windows; U; Windows NT 5.1; fr; rv:1.8.1) VoilaBot BETA 1.2 (support.voilabot@orange-ftgroup.com)"
66.249.72.56 - - [17/Aug/2013:08:44:26 -0400] "GET /scripts/website.css HTTP/1.1" 200 1916 "http://www.pharoaheditorial.com/legacyproductinformatio/faqsyncheckii.html" "Mozilla/5.0 (compatible; Googlebot/2.1; +http://www.google.com/bot.html)"
98.231.217.156 - - [17/Aug/2013:10:24:03 -0400] "GET /scripts/526513custom.css HTTP/1.1" 200 9241 "http://www.pharoahaudio.com/syncheckproducthomepage/distributors.html" "Mozilla/5.0 (Windows NT 6.1; WOW64; rv:23.0) Gecko/20100101 Firefox/23.0"
98.231.217.156 - - [17/Aug/2013:10:24:03 -0400] "GET /images/121_poland_flag.jpg HTTP/1.1" 200 1710 "http://www.pharoahaudio.com/syncheckproducthomepage/distributors.html" "Mozilla/5.0 (Windows NT 6.1; WOW64; rv:23.0) Gecko/20100101 Firefox/23.0"
98.231.217.156 - - [17/Aug/2013:10:24:03 -0400] "GET /images/120_CentralEng._Logo.jpg HTTP/1.1" 200 2825 "http://www.pharoahaudio.com/syncheckproducthomepage/distributors.html" "Mozilla/5.0 (Windows NT 6.1; WOW64; rv:23.0) Gecko/20100101 Firefox/23.0"
179.219.73.240 - - [17/Aug/2013:10:54:03 -0400] "GET /scripts/526531.css HTTP/1.1" 200 102 "http://www.pharoahaudio.com/radiola26part2.html" "Mozilla/5.0 (Macintosh; Intel Mac OS X 10_8_4) AppleWebKit/536.30.1 (KHTML, like Gecko) Version/6.0.5 Safari/536.30.1"
179.219.73.240 - - [17/Aug/2013:10:54:04 -0400] "GET /images/432_R26_02_lid_open_unexposed.jpg HTTP/1.1" 200 26180 "http://www.pharoahaudio.com/radiola26part2.html" "Mozilla/5.0 (Macintosh; Intel Mac OS X 10_8_4) AppleWebKit/536.30.1 (KHTML, like Gecko) Version/6.0.5 Safari/536.30.1"
65.55.213.68 - - [17/Aug/2013:11:59:45 -0400] "GET /yeolderadiomuseum.html HTTP/1.1" 200 42663 "-" "msnbot/2.0b (+http://search.msn.com/msnbot.htm)"
208.83.156.119 - - [17/Aug/2013:03:46:32 -0400] "GET /scripts/526553custom.css HTTP/1.1" 200 3835 "-" "Mozilla/5.0 (compatible; FatBot 2.0; http://www.thefind.com/crawler)"
81.52.143.30 - - [17/Aug/2013:05:51:16 -0400] "GET /radiola26part7.html HTTP/1.1" 200 26077 "-" "Mozilla/5.0 (Windows; U; Windows NT 5.1; fr; rv:1.8.1) VoilaBot BETA 1.2 (support.voilabot@orange-ftgroup.com)"
179.219.73.240 - - [17/Aug/2013:10:53:13 -0400] "GET /radiola26part1.html HTTP/1.1" 200 20077 "http://www.google.com.br/url?sa=t&rct=j&q=&esrc=s&source=web&cd=5&ved=0CFAQFjAE&url=http%3A%2F%2Fwww.pharoahaudio.com%2Fradiola26part1.html&ei=dosPUuPpIaTL2gX9j4D4DA&usg=AFQjCNFfXmCczdtAznCj8ahBqsI2HLK3Tg&sig2=fn4hL6pRJtSlu81f75WLqQ&bvm=bv.50768961,d.aWc" "Mozilla/5.0 (Macintosh; Intel Mac OS X 10_8_4) AppleWebKit/536.30.1 (KHTML, like Gecko) Version/6.0.5 Safari/536.30.1"
179.219.73.240 - - [17/Aug/2013:10:53:14 -0400] "GET /scripts/ic_globals_published.js HTTP/1.1" 200 566 "http://www.pharoahaudio.com/radiola26part1.html" "Mozilla/5.0 (Macintosh; Intel Mac OS X 10_8_4) AppleWebKit/536.30.1 (KHTML, like Gecko) Version/6.0.5 Safari/536.30.1"
179.219.73.240 - - [17/Aug/2013:10:53:15 -0400] "GET /images/ic_002_banner_bg_wide.jpg HTTP/1.1" 200 5805 "http://www.pharoahaudio.com/radiola26part1.html" "Mozilla/5.0 (Macintosh; Intel Mac OS X 10_8_4) AppleWebKit/536.30.1 (KHTML, like Gecko) Version/6.0.5 Safari/536.30.1"
179.219.73.240 - - [17/Aug/2013:10:53:16 -0400] "GET /scripts/print.css HTTP/1.1" 200 11209 "http://www.pharoahaudio.com/radiola26part1.html" "Mozilla/5.0 (Macintosh; Intel Mac OS X 10_8_4) AppleWebKit/536.30.1 (KHTML, like Gecko) Version/6.0.5 Safari/536.30.1"
65.55.213.68 - - [17/Aug/2013:11:59:47 -0400] "GET /soundhomepage/portfolio.html HTTP/1.1" 200 41316 "-" "msnbot/2.0b (+http://search.msn.com/msnbot.htm)"
66.249.72.223 - - [17/Aug/2013:03:41:22 -0400] "GET /images/Versapay_web.wmv HTTP/1.1" 200 4350759 "-" "Googlebot-Video/1.0"
65.55.213.68 - - [17/Aug/2013:07:16:11 -0400] "GET / HTTP/1.1" 200 14579 "-" "msnbot/2.0b (+http://search.msn.com/msnbot.htm)"
66.249.72.72 - - [17/Aug/2013:19:13:35 -0400] "GET /sy3specialoffer.html HTTP/1.1" 304 - "-" "Mozilla/5.0 (compatible; Googlebot/2.1; +http://www.google.com/bot.html)"
71.34.245.157 - - [17/Aug/2013:19:19:51 -0400] "GET /scripts/ic_globals_published.js HTTP/1.1" 200 566 "http://www.pharoahaudio.com/yeolderadiomuseum.html" "Mozilla/5.0 (Windows NT 5.1; rv:23.0) Gecko/20100101 Firefox/23.0"
71.34.245.157 - - [17/Aug/2013:19:19:51 -0400] "GET /scripts/526496.css HTTP/1.1" 200 102 "http://www.pharoahaudio.com/yeolderadiomuseum.html" "Mozilla/5.0 (Windows NT 5.1; rv:23.0) Gecko/20100101 Firefox/23.0"
71.34.245.157 - - [17/Aug/2013:19:19:51 -0400] "GET /scripts/icwebsiteelement.css HTTP/1.1" 200 8132 "http://www.pharoahaudio.com/yeolderadiomuseum.html" "Mozilla/5.0 (Windows NT 5.1; rv:23.0) Gecko/20100101 Firefox/23.0"
71.34.245.157 - - [17/Aug/2013:19:19:52 -0400] "GET /images/photoalbum/button_photoPrev.jpg HTTP/1.1" 200 656 "http://www.pharoahaudio.com/yeolderadiomuseum.html" "Mozilla/5.0 (Windows NT 5.1; rv:23.0) Gecko/20100101 Firefox/23.0"
71.34.245.157 - - [17/Aug/2013:19:19:52 -0400] "GET /images/photoalbum/button_photoLast.jpg HTTP/1.1" 200 637 "http://www.pharoahaudio.com/yeolderadiomuseum.html" "Mozilla/5.0 (Windows NT 5.1; rv:23.0) Gecko/20100101 Firefox/23.0"
71.34.245.157 - - [17/Aug/2013:19:19:52 -0400] "GET /images/ic_002_body_bg.gif HTTP/1.1" 200 304 "http://www.pharoahaudio.com/scripts/template.css" "Mozilla/5.0 (Windows NT 5.1; rv:23.0) Gecko/20100101 Firefox/23.0"
71.34.245.157 - - [17/Aug/2013:19:19:52 -0400] "GET /images/480_Lektophone_speaker.jpg HTTP/1.1" 200 37653 "http://www.pharoahaudio.com/yeolderadiomuseum.html" "Mozilla/5.0 (Windows NT 5.1; rv:23.0) Gecko/20100101 Firefox/23.0"
71.34.245.157 - - [17/Aug/2013:19:19:55 -0400] "GET /images/480_Sparton5218.JPG HTTP/1.1" 200 29409 "http://www.pharoahaudio.com/yeolderadiomuseum.html" "Mozilla/5.0 (Windows NT 5.1; rv:23.0) Gecko/20100101 Firefox/23.0"
71.34.245.157 - - [17/Aug/2013:19:19:57 -0400] "GET /images/480_Philco_49-607_rolltop_combo.JPG HTTP/1.1" 200 24389 "http://www.pharoahaudio.com/yeolderadiomuseum.html" "Mozilla/5.0 (Windows NT 5.1; rv:23.0) Gecko/20100101 Firefox/23.0"
71.34.245.157 - - [17/Aug/2013:19:19:57 -0400] "GET /images/480_EMUD_RJ196.JPG HTTP/1.1" 200 37308 "http://www.pharoahaudio.com/yeolderadiomuseum.html" "Mozilla/5.0 (Windows NT 5.1; rv:23.0) Gecko/20100101 Firefox/23.0"
71.34.245.157 - - [17/Aug/2013:19:19:58 -0400] "GET /images/94_Philco_38-10.jpg HTTP/1.1" 200 2604 "http://www.pharoahaudio.com/yeolderadiomuseum.html" "Mozilla/5.0 (Windows NT 5.1; rv:23.0) Gecko/20100101 Firefox/23.0"
71.34.245.157 - - [17/Aug/2013:19:19:58 -0400] "GET /images/94_Marconi_202.jpg HTTP/1.1" 200 2680 "http://www.pharoahaudio.com/yeolderadiomuseum.html" "Mozilla/5.0 (Windows NT 5.1; rv:23.0) Gecko/20100101 Firefox/23.0"
71.34.245.157 - - [17/Aug/2013:19:19:58 -0400] "GET /images/94_Zenith_H511_Consoletone.JPG HTTP/1.1" 200 2164 "http://www.pharoahaudio.com/yeolderadiomuseum.html" "Mozilla/5.0 (Windows NT 5.1; rv:23.0) Gecko/20100101 Firefox/23.0"
71.34.245.157 - - [17/Aug/2013:19:19:59 -0400] "GET /images/Majestic_reversed_for_pages.jpg HTTP/1.1" 200 6769 "http://www.pharoahaudio.com/scripts/526496.css" "Mozilla/5.0 (Windows NT 5.1; rv:23.0) Gecko/20100101 Firefox/23.0"
192.96.204.42 - - [17/Aug/2013:06:01:27 -0400] "GET / HTTP/1.0" 200 14579 "-" "Mozilla/4.0 (compatible; MSIE 5.5; Windows NT)"
85.73.151.32 - - [17/Aug/2013:06:14:56 -0400] "GET /scripts/website.css HTTP/1.1" 200 1916 "http://www.pharoahaudio.com/ideviceapp.html" "Mozilla/5.0 (Windows NT 5.1; rv:12.0) Gecko/20100101 Firefox/12.0"
85.73.151.32 - - [17/Aug/2013:06:14:56 -0400] "GET /images/hand_left_blue.gif HTTP/1.1" 200 932 "http://www.pharoahaudio.com/ideviceapp.html" "Mozilla/5.0 (Windows NT 5.1; rv:12.0) Gecko/20100101 Firefox/12.0"
208.83.156.118 - - [17/Aug/2013:03:20:59 -0400] "GET /scripts/526507custom.css HTTP/1.1" 200 1477 "-" "Mozilla/5.0 (compatible; FatBot 2.0; http://www.thefind.com/crawler)"
83.247.94.190 - - [17/Aug/2013:04:10:14 -0400] "GET /syncheckproducthomepage.html HTTP/1.1" 200 23731 "http://www.google.nl/url?sa=f&rct=j&url=http://www.pharoahaudio.com/syncheckproducthomepage.html&q=audio+video+sync+checker&ei=3i8PUtuyBsXTtAbc04HoCw&usg=AFQjCNEBfCMCdXnG7qWUMHmLkV5GwpjHcQ" "Mozilla/5.0 (Windows NT 6.1; WOW64) AppleWebKit/537.36 (KHTML, like Gecko) Chrome/28.0.1500.95 Safari/537.36"
83.247.94.190 - - [17/Aug/2013:04:10:15 -0400] "GET /images/292_SY3_tabletop2_straight.jpg HTTP/1.1" 200 20162 "http://www.pharoahaudio.com/syncheckproducthomepage.html" "Mozilla/5.0 (Windows NT 6.1; WOW64) AppleWebKit/537.36 (KHTML, like Gecko) Chrome/28.0.1500.95 Safari/537.36"
83.247.94.190 - - [17/Aug/2013:04:10:15 -0400] "GET /images/250_SynFlash_New_in_boot.jpg HTTP/1.1" 200 7667 "http://www.pharoahaudio.com/syncheckproducthomepage.html" "Mozilla/5.0 (Windows NT 6.1; WOW64) AppleWebKit/537.36 (KHTML, like Gecko) Chrome/28.0.1500.95 Safari/537.36"
71.34.245.157 - - [17/Aug/2013:19:19:41 -0400] "GET /images/216_Atwater_Kent_82_innards_orig.JPG HTTP/1.1" 200 12169 "-" "Mozilla/5.0 (Windows NT 5.1; rv:23.0) Gecko/20100101 Firefox/23.0"
92.249.127.111 - - [17/Aug/2013:21:22:03 -0400] "GET /ptvideosyncstudy.html HTTP/1.1" 200 41918 "http://www.bravica.me/ru/" "Mozilla/5.0 (compatible; news bot /2.1)"
24.185.214.128 - - [17/Aug/2013:23:01:06 -0400] "GET /scripts/526510custom.css HTTP/1.1" 200 3840 "http://www.pharoahaudio.com/syncheckproducthomepage/syncheckii.html" "Mozilla/5.0 (Macintosh; Intel Mac OS X 10_8_3) AppleWebKit/536.29.13 (KHTML, like Gecko) Version/6.0.4 Safari/536.29.13"
24.185.214.128 - - [17/Aug/2013:23:01:07 -0400] "GET /images/ic_002_banner_bg_wide.jpg HTTP/1.1" 200 5805 "http://www.pharoahaudio.com/syncheckproducthomepage/syncheckii.html" "Mozilla/5.0 (Macintosh; Intel Mac OS X 10_8_3) AppleWebKit/536.29.13 (KHTML, like Gecko) Version/6.0.4 Safari/536.29.13"
208.83.156.117 - - [17/Aug/2013:09:46:58 -0400] "GET /scripts/526496.css HTTP/1.1" 200 102 "-" "Mozilla/5.0 (compatible; FatBot 2.0; http://www.thefind.com/crawler)"
179.219.73.240 - - [17/Aug/2013:10:53:14 -0400] "GET /scripts/526530custom.css HTTP/1.1" 200 3504 "http://www.pharoahaudio.com/radiola26part1.html" "Mozilla/5.0 (Macintosh; Intel Mac OS X 10_8_4) AppleWebKit/536.30.1 (KHTML, like Gecko) Version/6.0.5 Safari/536.30.1"
179.219.73.240 - - [17/Aug/2013:10:53:15 -0400] "GET /images/hand_left_blue.gif HTTP/1.1" 200 932 "http://www.pharoahaudio.com/radiola26part1.html" "Mozilla/5.0 (Macintosh; Intel Mac OS X 10_8_4) AppleWebKit/536.30.1 (KHTML, like Gecko) Version/6.0.5 Safari/536.30.1"
208.83.156.149 - - [17/Aug/2013:16:07:20 -0400] "GET /scripts/526514custom.css HTTP/1.1" 200 1814 "-" "Mozilla/5.0 (compatible; FatBot 2.0; http://www.thefind.com/crawler)"
24.185.214.128 - - [17/Aug/2013:23:01:07 -0400] "GET /favicon.ico HTTP/1.1" 404 575 "http://www.pharoahaudio.com/syncheckproducthomepage/syncheckii.html" "Mozilla/5.0 (Macintosh; Intel Mac OS X 10_8_3) AppleWebKit/536.29.13 (KHTML, like Gecko) Version/6.0.4 Safari/536.29.13"
220.181.89.166 - - [17/Aug/2013:01:46:37 -0400] "GET /syncheckproducthomepage.html HTTP/1.1" 200 23731 "-" "Sogou web spider/4.0(+http://www.sogou.com/docs/help/webmasters.htm#07)"
95.108.158.230 - - [17/Aug/2013:02:02:08 -0400] "GET /images/121_poland_flag.jpg HTTP/1.1" 304 - "-" "Mozilla/5.0 (compatible; YandexImages/3.0; +http://yandex.com/bots)"
216.2.75.118 - - [17/Aug/2013:16:48:01 -0400] "GET /scripts/user.js HTTP/1.1" 200 23762 "http://www.pharoahaudio.com/syncheckproducthomepage.html" "Mozilla/5.0 (Macintosh; Intel Mac OS X 10_7_5) AppleWebKit/534.57.7 (KHTML, like Gecko) Version/5.1.7 Safari/534.57.7"
216.2.75.118 - - [17/Aug/2013:16:48:02 -0400] "GET /images/292_SY3_tabletop2_straight.jpg HTTP/1.1" 200 20162 "http://www.pharoahaudio.com/syncheckproducthomepage.html" "Mozilla/5.0 (Macintosh; Intel Mac OS X 10_7_5) AppleWebKit/534.57.7 (KHTML, like Gecko) Version/5.1.7 Safari/534.57.7"
209.145.80.46 - - [17/Aug/2013:17:14:22 -0400] "GET /soundhomepage.html HTTP/1.1" 200 14579 "-" "Mozilla/4.0 (compatible; MSIE 6.0; Windows NT 5.0)"
68.111.238.246 - - [17/Aug/2013:17:59:16 -0400] "GET /scripts/526530.css HTTP/1.1" 200 102 "http://www.pharoahaudio.com/radiola26part1.html" "Mozilla/5.0 (Windows NT 5.1) AppleWebKit/537.36 (KHTML, like Gecko) Chrome/28.0.1500.95 Safari/537.36"
98.231.217.156 - - [17/Aug/2013:09:54:54 -0400] "GET /scripts/template.css HTTP/1.1" 200 11360 "http://www.pharoahaudio.com/ideviceapp.html" "Mozilla/5.0 (Windows NT 6.1; WOW64; rv:23.0) Gecko/20100101 Firefox/23.0"
179.219.73.240 - - [17/Aug/2013:10:54:23 -0400] "GET /images/448_R26_09_hinge_old_soldered.JPG HTTP/1.1" 200 17773 "http://www.pharoahaudio.com/radiola26part3.html" "Mozilla/5.0 (Macintosh; Intel Mac OS X 10_8_4) AppleWebKit/536.30.1 (KHTML, like Gecko) Version/6.0.5 Safari/536.30.1"
208.83.156.113 - - [17/Aug/2013:11:22:56 -0400] "GET /scripts/526543custom.css HTTP/1.1" 200 3161 "-" "Mozilla/5.0 (compatible; FatBot 2.0; http://www.thefind.com/crawler)"
174.237.128.117 - - [17/Aug/2013:11:41:30 -0400] "GET /scripts/photoalbum.js HTTP/1.1" 200 62481 "http://www.pharoahaudio.com/yeolderadiomuseum.html" "Mozilla/5.0 (iPhone; CPU iPhone OS 6_1_3 like Mac OS X) AppleWebKit/536.26 (KHTML, like Gecko) Version/6.0 Mobile/10B329 Safari/8536.25"
174.237.128.117 - - [17/Aug/2013:11:41:30 -0400] "GET /images/181_AK35_front_900_branded.jpg HTTP/1.1" 200 3289 "http://www.pharoahaudio.com/yeolderadiomuseum.html" "Mozilla/5.0 (iPhone; CPU iPhone OS 6_1_3 like Mac OS X) AppleWebKit/536.26 (KHTML, like Gecko) Version/6.0 Mobile/10B329 Safari/8536.25"
174.237.128.117 - - [17/Aug/2013:11:41:30 -0400] "GET /images/photoalbum/detail_close.jpg HTTP/1.1" 200 1095 "http://www.pharoahaudio.com/yeolderadiomuseum.html" "Mozilla/5.0 (iPhone; CPU iPhone OS 6_1_3 like Mac OS X) AppleWebKit/536.26 (KHTML, like Gecko) Version/6.0 Mobile/10B329 Safari/8536.25"
174.237.128.117 - - [17/Aug/2013:11:41:30 -0400] "GET /images/photoalbum/button_photoFirst.jpg HTTP/1.1" 200 637 "http://www.pharoahaudio.com/yeolderadiomuseum.html" "Mozilla/5.0 (iPhone; CPU iPhone OS 6_1_3 like Mac OS X) AppleWebKit/536.26 (KHTML, like Gecko) Version/6.0 Mobile/10B329 Safari/8536.25"
174.237.128.117 - - [17/Aug/2013:11:41:30 -0400] "GET /images/photoalbum/button_photoLast.jpg HTTP/1.1" 200 637 "http://www.pharoahaudio.com/yeolderadiomuseum.html" "Mozilla/5.0 (iPhone; CPU iPhone OS 6_1_3 like Mac OS X) AppleWebKit/536.26 (KHTML, like Gecko) Version/6.0 Mobile/10B329 Safari/8536.25"
174.237.128.117 - - [17/Aug/2013:11:41:31 -0400] "GET /images/480_Telephone_neckset_earpiece_1919.JPG HTTP/1.1" 200 17786 "http://www.pharoahaudio.com/yeolderadiomuseum.html" "Mozilla/5.0 (iPhone; CPU iPhone OS 6_1_3 like Mac OS X) AppleWebKit/536.26 (KHTML, like Gecko) Version/6.0 Mobile/10B329 Safari/8536.25"
174.237.128.117 - - [17/Aug/2013:11:41:31 -0400] "GET /images/94_Crosley51_OpCl.jpg HTTP/1.1" 200 3242 "http://www.pharoahaudio.com/yeolderadiomuseum.html" "Mozilla/5.0 (iPhone; CPU iPhone OS 6_1_3 like Mac OS X) AppleWebKit/536.26 (KHTML, like Gecko) Version/6.0 Mobile/10B329 Safari/8536.25"
174.237.128.117 - - [17/Aug/2013:11:41:31 -0400] "GET /images/886_AK35_front_900_branded.jpg HTTP/1.1" 200 37924 "http://www.pharoahaudio.com/yeolderadiomuseum.html" "Mozilla/5.0 (iPhone; CPU iPhone OS 6_1_3 like Mac OS X) AppleWebKit/536.26 (KHTML, like Gecko) Version/6.0 Mobile/10B329 Safari/8536.25"
174.237.128.117 - - [17/Aug/2013:11:41:31 -0400] "GET /images/480_Lektophone_speaker.jpg HTTP/1.1" 200 37653 "http://www.pharoahaudio.com/yeolderadiomuseum.html" "Mozilla/5.0 (iPhone; CPU iPhone OS 6_1_3 like Mac OS X) AppleWebKit/536.26 (KHTML, like Gecko) Version/6.0 Mobile/10B329 Safari/8536.25"
174.237.128.117 - - [17/Aug/2013:11:41:32 -0400] "GET /images/790_Bosch_Model_28_with_AmplionAR19.jpg HTTP/1.1" 200 77155 "http://www.pharoahaudio.com/yeolderadiomuseum.html" "Mozilla/5.0 (iPhone; CPU iPhone OS 6_1_3 like Mac OS X) AppleWebKit/536.26 (KHTML, like Gecko) Version/6.0 Mobile/10B329 Safari/8536.25"
174.237.128.117 - - [17/Aug/2013:11:41:33 -0400] "GET /images/78_Bosch_Model_28_with_AmplionAR19.jpg HTTP/1.1" 200 2655 "http://www.pharoahaudio.com/yeolderadiomuseum.html" "Mozilla/5.0 (iPhone; CPU iPhone OS 6_1_3 like Mac OS X) AppleWebKit/536.26 (KHTML, like Gecko) Version/6.0 Mobile/10B329 Safari/8536.25"
174.237.128.117 - - [17/Aug/2013:11:41:33 -0400] "GET /images/480_Zenith_6-S-27_frontback.jpg HTTP/1.1" 200 41545 "http://www.pharoahaudio.com/yeolderadiomuseum.html" "Mozilla/5.0 (iPhone; CPU iPhone OS 6_1_3 like Mac OS X) AppleWebKit/536.26 (KHTML, like Gecko) Version/6.0 Mobile/10B329 Safari/8536.25"
174.237.128.117 - - [17/Aug/2013:11:41:33 -0400] "GET /images/950_Zenith_6-S-27_frontback.jpg HTTP/1.1" 200 117284 "http://www.pharoahaudio.com/yeolderadiomuseum.html" "Mozilla/5.0 (iPhone; CPU iPhone OS 6_1_3 like Mac OS X) AppleWebKit/536.26 (KHTML, like Gecko) Version/6.0 Mobile/10B329 Safari/8536.25"
174.237.128.117 - - [17/Aug/2013:11:41:34 -0400] "GET /images/950_Sparton5218.JPG HTTP/1.1" 200 88446 "http://www.pharoahaudio.com/yeolderadiomuseum.html" "Mozilla/5.0 (iPhone; CPU iPhone OS 6_1_3 like Mac OS X) AppleWebKit/536.26 (KHTML, like Gecko) Version/6.0 Mobile/10B329 Safari/8536.25"
174.237.128.117 - - [17/Aug/2013:11:41:36 -0400] "GET /images/94_Sparton5218.JPG HTTP/1.1" 200 2536 "http://www.pharoahaudio.com/yeolderadiomuseum.html" "Mozilla/5.0 (iPhone; CPU iPhone OS 6_1_3 like Mac OS X) AppleWebKit/536.26 (KHTML, like Gecko) Version/6.0 Mobile/10B329 Safari/8536.25"
174.237.128.117 - - [17/Aug/2013:11:41:36 -0400] "GET /images/950_Philco_46-1226_console.jpg HTTP/1.1" 200 96461 "http://www.pharoahaudio.com/yeolderadiomuseum.html" "Mozilla/5.0 (iPhone; CPU iPhone OS 6_1_3 like Mac OS X) AppleWebKit/536.26 (KHTML, like Gecko) Version/6.0 Mobile/10B329 Safari/8536.25"
174.237.128.117 - - [17/Aug/2013:11:41:37 -0400] "GET /images/480_RCA_56X.jpg HTTP/1.1" 200 17302 "http://www.pharoahaudio.com/yeolderadiomuseum.html" "Mozilla/5.0 (iPhone; CPU iPhone OS 6_1_3 like Mac OS X) AppleWebKit/536.26 (KHTML, like Gecko) Version/6.0 Mobile/10B329 Safari/8536.25"
174.237.128.117 - - [17/Aug/2013:11:41:38 -0400] "GET /images/950_Philco_49-607_rolltop_combo.JPG HTTP/1.1" 200 71668 "http://www.pharoahaudio.com/yeolderadiomuseum.html" "Mozilla/5.0 (iPhone; CPU iPhone OS 6_1_3 like Mac OS X) AppleWebKit/536.26 (KHTML, like Gecko) Version/6.0 Mobile/10B329 Safari/8536.25"
174.237.128.117 - - [17/Aug/2013:11:41:39 -0400] "GET /images/480_Zenith_H511_Consoletone.JPG HTTP/1.1" 200 18427 "http://www.pharoahaudio.com/yeolderadiomuseum.html" "Mozilla/5.0 (iPhone; CPU iPhone OS 6_1_3 like Mac OS X) AppleWebKit/536.26 (KHTML, like Gecko) Version/6.0 Mobile/10B329 Safari/8536.25"
174.237.128.117 - - [17/Aug/2013:11:41:39 -0400] "GET /images/950_Emerson_830-B.JPG HTTP/1.1" 200 80443 "http://www.pharoahaudio.com/yeolderadiomuseum.html" "Mozilla/5.0 (iPhone; CPU iPhone OS 6_1_3 like Mac OS X) AppleWebKit/536.26 (KHTML, like Gecko) Version/6.0 Mobile/10B329 Safari/8536.25"
174.237.128.117 - - [17/Aug/2013:11:41:40 -0400] "GET /images/94_Emerson_830-B.JPG HTTP/1.1" 200 2950 "http://www.pharoahaudio.com/yeolderadiomuseum.html" "Mozilla/5.0 (iPhone; CPU iPhone OS 6_1_3 like Mac OS X) AppleWebKit/536.26 (KHTML, like Gecko) Version/6.0 Mobile/10B329 Safari/8536.25"
66.249.72.223 - - [17/Aug/2013:11:52:42 -0400] "GET /scripts/526523custom.css HTTP/1.1" 200 3168 "-" "Mozilla/5.0 (compatible; Googlebot/2.1; +http://www.google.com/bot.html)"
65.55.213.68 - - [17/Aug/2013:11:59:38 -0400] "GET /syncheckproducthomepage/shippingcosts.html HTTP/1.1" 200 10581 "-" "msnbot/2.0b (+http://search.msn.com/msnbot.htm)"
66.249.72.56 - - [17/Aug/2013:08:44:30 -0400] "GET /scripts/print.css HTTP/1.1" 200 11209 "http://www.pharoaheditorial.com/legacyproductinformatio/faqsyncheckii.html" "Mozilla/5.0 (compatible; Googlebot/2.1; +http://www.google.com/bot.html)"
123.125.71.80 - - [17/Aug/2013:19:53:22 -0400] "GET /syncheckproducthomepage.html HTTP/1.1" 200 23731 "-" "Mozilla/5.0 (X11; U; Linux x86_64; en-US; rv:1.9) Gecko Minefield/3.0"
24.233.173.166 - - [17/Aug/2013:00:39:50 -0400] "GET /scripts/photoalbum.js HTTP/1.1" 200 62481 "http://www.pharoahaudio.com/syncheckproducthomepage.html" "Mozilla/5.0 (iPad; CPU OS 6_1_3 like Mac OS X) AppleWebKit/536.26 (KHTML, like Gecko) Version/6.0 Mobile/10B329 Safari/8536.25"
24.233.173.166 - - [17/Aug/2013:00:39:51 -0400] "GET /images/292_SY3_tabletop2_straight.jpg HTTP/1.1" 200 20162 "http://www.pharoahaudio.com/syncheckproducthomepage.html" "Mozilla/5.0 (iPad; CPU OS 6_1_3 like Mac OS X) AppleWebKit/536.26 (KHTML, like Gecko) Version/6.0 Mobile/10B329 Safari/8536.25"
66.249.80.179 - - [17/Aug/2013:02:32:38 -0400] "GET /scripts/ic_globals_published.js HTTP/1.1" 200 566 "http://www.pharoahaudio.com/radiola26part7.html" "Mozilla/5.0 (X11; Linux x86_64) AppleWebKit/537.4 (KHTML, like Gecko; Google Web Preview) Chrome/22.0.1229 Safari/537.4"
66.249.80.179 - - [17/Aug/2013:02:32:38 -0400] "GET /images/ic_002_body_bg.gif HTTP/1.1" 200 304 "http://www.pharoahaudio.com/radiola26part7.html" "Mozilla/5.0 (X11; Linux x86_64) AppleWebKit/537.4 (KHTML, like Gecko; Google Web Preview) Chrome/22.0.1229 Safari/537.4"
66.249.72.72 - - [17/Aug/2013:04:24:21 -0400] "GET /ac55cpart5.html HTTP/1.1" 200 23669 "-" "Mozilla/5.0 (compatible; Googlebot/2.1; +http://www.google.com/bot.html)"
86.26.10.142 - - [17/Aug/2013:06:57:37 -0400] "GET /soundhomepage.html HTTP/1.1" 200 14579 "http://www.pharoahaudio.com/syncheckproducthomepage.html" "Mozilla/5.0 (Macintosh; Intel Mac OS X 10_8_4) AppleWebKit/536.30.1 (KHTML, like Gecko) Version/6.0.5 Safari/536.30.1"
86.26.10.142 - - [17/Aug/2013:06:57:38 -0400] "GET /images/92_Syncheck_graphic_wide.JPG HTTP/1.1" 200 1976 "http://www.pharoahaudio.com/soundhomepage.html" "Mozilla/5.0 (Macintosh; Intel Mac OS X 10_8_4) AppleWebKit/536.30.1 (KHTML, like Gecko) Version/6.0.5 Safari/536.30.1"
86.26.10.142 - - [17/Aug/2013:06:57:38 -0400] "GET /images/deletekey_contrasted_narrow_featurephoto.jpg HTTP/1.1" 200 3702 "http://www.pharoahaudio.com/soundhomepage.html" "Mozilla/5.0 (Macintosh; Intel Mac OS X 10_8_4) AppleWebKit/536.30.1 (KHTML, like Gecko) Version/6.0.5 Safari/536.30.1"
66.249.72.72 - - [17/Aug/2013:08:18:48 -0400] "GET /ptvideosyncstudy.html HTTP/1.1" 304 - "-" "Mozilla/5.0 (compatible; Googlebot/2.1; +http://www.google.com/bot.html)"
66.249.72.223 - - [17/Aug/2013:09:45:47 -0400] "GET /syncheckproducthomepage/shippingcosts.html HTTP/1.1" 200 10581 "-" "Mozilla/5.0 (compatible; Googlebot/2.1; +http://www.google.com/bot.html)"
46.229.160.208 - - [17/Aug/2013:17:49:58 -0400] "GET /images/Syncheck3_preliminary_user_manual.pdf HTTP/1.1" 200 204912 "-" "Mozilla/5.0 (Macintosh; U; Intel Mac OS X 10.5; en-US; rv:1.9.0.5) Gecko/2008120121 Firefox/3.0.5"
66.249.72.223 - - [17/Aug/2013:10:15:17 -0400] "GET /tweeterfixpart2.html HTTP/1.1" 200 19845 "-" "Mozilla/5.0 (compatible; Googlebot/2.1; +http://www.google.com/bot.html)"
66.249.72.72 - - [17/Aug/2013:10:45:28 -0400] "GET /tweeterfixpart4.html HTTP/1.1" 304 - "-" "Mozilla/5.0 (compatible; Googlebot/2.1; +http://www.google.com/bot.html)"
179.219.73.240 - - [17/Aug/2013:10:54:03 -0400] "GET /scripts/526531custom.css HTTP/1.1" 200 3506 "http://www.pharoahaudio.com/radiola26part2.html" "Mozilla/5.0 (Macintosh; Intel Mac OS X 10_8_4) AppleWebKit/536.30.1 (KHTML, like Gecko) Version/6.0.5 Safari/536.30.1"
179.219.73.240 - - [17/Aug/2013:10:54:04 -0400] "GET /images/432_R26_03_mounted_exposed.jpg HTTP/1.1" 200 30856 "http://www.pharoahaudio.com/radiola26part2.html" "Mozilla/5.0 (Macintosh; Intel Mac OS X 10_8_4) AppleWebKit/536.30.1 (KHTML, like Gecko) Version/6.0.5 Safari/536.30.1"
65.55.213.68 - - [17/Aug/2013:11:59:48 -0400] "GET /contact.html HTTP/1.1" 200 13135 "-" "msnbot/2.0b (+http://search.msn.com/msnbot.htm)"
74.196.53.58 - - [17/Aug/2013:18:40:52 -0400] "GET /images/950_Philco_46-1226_console.jpg HTTP/1.1" 200 96461 "http://www.pharoahaudio.com/yeolderadiomuseum.html" "Mozilla/5.0 (compatible; MSIE 10.0; Windows NT 6.2; WOW64; Trident/6.0; MAGWJS)"
180.76.5.25 - - [17/Aug/2013:17:56:51 -0400] "GET /robots.txt HTTP/1.1" 200 25 "-" "Mozilla/5.0 (Windows NT 5.1; rv:6.0.2) Gecko/20100101 Firefox/6.0.2"
88.14.146.159 - - [17/Aug/2013:06:27:44 -0400] "GET /images/359_Richard_Fairbanks.JPG HTTP/1.1" 200 20024 "http://www.google.es/search?q=who+is+richard&client=ms-android-samsung&hl=es&source=android-browser-type&v=133247963&source=lnms&tbm=isch&sa=X&ei=w08PUox8gYztBsWegaAE&ved=0CAgQ_AUoAA&biw=320&bih=401" "Mozilla/5.0 (Linux; U; Android 2.3.5; es-es; GT-S5570 Build/GINGERBREAD) AppleWebKit/533.1 (KHTML, like Gecko) Version/4.0 Mobile Safari/533.1"
157.55.33.29 - - [17/Aug/2013:04:53:11 -0400] "GET /robots.txt HTTP/1.1" 200 25 "-" "Mozilla/5.0 (compatible; bingbot/2.0; +http://www.bing.com/bingbot.htm)"
180.76.5.153 - - [17/Aug/2013:23:24:21 -0400] "GET /deliverables.html HTTP/1.1" 200 24741 "-" "Mozilla/5.0 (compatible; Baiduspider/2.0; +http://www.baidu.com/search/spider.html)"
66.249.72.72 - - [17/Aug/2013:01:40:18 -0400] "GET / HTTP/1.1" 200 14579 "-" "Mozilla/5.0 (compatible; Googlebot/2.1; +http://www.google.com/bot.html)"
71.93.210.82 - - [17/Aug/2013:13:42:56 -0400] "GET /images/432_T9_new_foam1.jpg HTTP/1.1" 200 21331 "http://www.google.com/blank.html" "Mozilla/5.0 (compatible; MSIE 9.0; Windows NT 6.0; Trident/5.0)"
60.6.241.100 - - [17/Aug/2013:13:45:16 -0400] "GET /syncheckproducthomepage.html HTTP/1.1" 200 23731 "http://www.syncheck.com/" "Mozilla/5.0 (Macintosh; Intel Mac OS X 10.8; rv:21.0) Gecko/20100101 Firefox/21.0"
208.83.156.117 - - [17/Aug/2013:13:51:34 -0400] "GET /scripts/526556custom.css HTTP/1.1" 200 2489 "-" "Mozilla/5.0 (compatible; FatBot 2.0; http://www.thefind.com/crawler)"
208.83.156.115 - - [17/Aug/2013:16:19:06 -0400] "GET /robots.txt HTTP/1.1" 200 25 "-" "Mozilla/5.0 (compatible; FatBot 2.0; http://www.thefind.com/crawler)"
66.249.72.72 - - [17/Aug/2013:16:19:57 -0400] "GET /images/Dolby_surround_definitions.pdf HTTP/1.1" 200 16816 "-" "Mozilla/5.0 (compatible; Googlebot/2.1; +http://www.google.com/bot.html)"
209.145.80.46 - - [17/Aug/2013:17:16:21 -0400] "GET /syncheckproducthomepage/buyonline.html HTTP/1.1" 200 10340 "-" "Mozilla/4.0 (compatible; MSIE 6.0; Windows NT 5.0)"