186.148.159.131 - - [18/Aug/2013:16:47:04 -0400] "GET /images/350_R26_12C_broken_wire.JPG HTTP/1.1" 200 16600 "http://www.pharoahaudio.com/radiola26part3.html" "Mozilla/5.0 (Windows NT 6.1) AppleWebKit/537.36 (KHTML, like Gecko) Chrome/28.0.1500.95 Safari/537.36"
186.148.159.130 - - [18/Aug/2013:16:47:45 -0400] "GET /images/448_R26_35_almost_ready2.JPG HTTP/1.1" 200 30129 "http://www.pharoahaudio.com/radiola26part6.html" "Mozilla/5.0 (Windows NT 6.1) AppleWebKit/537.36 (KHTML, like Gecko) Chrome/28.0.1500.95 Safari/537.36"
78.52.236.186 - - [18/Aug/2013:18:10:51 -0400] "GET /scripts/photoalbum.js HTTP/1.1" 200 62481 "http://www.pharoahaudio.com/syncheckproducthomepage/syncheck3.html" "Opera/9.80 (Windows NT 6.2; WOW64) Presto/2.12.388 Version/12.16"
78.52.236.186 - - [18/Aug/2013:18:10:52 -0400] "GET /scripts/icwebsiteelement.css HTTP/1.1" 200 8132 "http://www.pharoahaudio.com/syncheckproducthomepage/syncheck3.html" "Opera/9.80 (Windows NT 6.2; WOW64) Presto/2.12.388 Version/12.16"
98.14.251.174 - - [18/Aug/2013:19:45:12 -0400] "GET /scripts/526536.css HTTP/1.1" 200 102 "http://www.pharoahaudio.com/radiola26part7.html" "Mozilla/5.0 (Windows NT 6.0; rv:22.0) Gecko/20100101 Firefox/22.0"
98.14.251.174 - - [18/Aug/2013:19:45:12 -0400] "GET /images/432_R26_36_dial_scale.JPG HTTP/1.1" 200 33562 "http://www.pharoahaudio.com/radiola26part7.html" "Mozilla/5.0 (Windows NT 6.0; rv:22.0) Gecko/20100101 Firefox/22.0"
65.55.215.82 - - [18/Aug/2013:05:36:12 -0400] "GET /images/292_SY3_tabletop2_straight.jpg HTTP/1.1" 200 20162 "-" "msnbot-media/1.1 (+http://search.msn.com/msnbot.htm)"
98.151.248.134 - - [18/Aug/2013:01:34:53 -0400] "GET /syncheckproducthomepage/syncheck3.html HTTP/1.1" 200 21686 "http://www.pharoahaudio.com/syncheckproducthomepage.html" "Mozilla/5.0 (Macintosh; Intel Mac OS X 10.8; rv:23.0) Gecko/20100101 Firefox/23.0"
98.151.248.134 - - [18/Aug/2013:01:34:53 -0400] "GET /images/321_SY3_tabletop2_straight.jpg HTTP/1.1" 200 23729 "http://www.pharoahaudio.com/syncheckproducthomepage/syncheck3.html" "Mozilla/5.0 (Macintosh; Intel Mac OS X 10.8; rv:23.0) Gecko/20100101 Firefox/23.0"
188.143.234.127 - - [18/Aug/2013:01:38:46 -0400] "GET /soundhomepage/videoclips.html HTTP/1.1" 200 23272 "-" "Mozilla/4.0 (compatible; MSIE 6.0; Windows NT 5.1; SV1)"
188.143.234.127 - - [18/Aug/2013:01:38:55 -0400] "GET /soundhomepage/facility.html HTTP/1.1" 200 12409 "-" "Mozilla/4.0 (compatible; MSIE 6.0; Windows NT 5.1; SV1)"
188.143.234.127 - - [18/Aug/2013:01:39:40 -0400] "GET /syncheckproducthomepage/syncheck3.html HTTP/1.1" 200 21686 "-" "Mozilla/4.0 (compatible; MSIE 6.0; Windows NT 5.1; SV1)"
66.249.72.72 - - [18/Aug/2013:06:55:32 -0400] "GET /soundhomepage/videoclips.html HTTP/1.1" 304 - "-" "Mozilla/5.0 (iPhone; U; CPU iPhone OS 4_1 like Mac OS X; en-us) AppleWebKit/532.9 (KHTML, like Gecko) Version/4.0.5 Mobile/8B117 Safari/6531.22.7 (compatible; Googlebot-Mobile/2.1; +http://www.google.com/bot.html)"
65.55.213.68 - - [18/Aug/2013:08:53:31 -0400] "GET / HTTP/1.1" 200 14579 "-" "msnbot/2.0b (+http://search.msn.com/msnbot.htm)"
157.55.35.78 - - [18/Aug/2013:09:23:49 -0400] "GET /radiola26part4.html HTTP/1.1" 200 26882 "-" "Mozilla/5.0 (compatible; bingbot/2.0; +http://www.bing.com/bingbot.htm)"
96.38.178.76 - - [18/Aug/2013:10:16:48 -0400] "GET /images/540_T1_tweeter_unopened.jpg HTTP/1.1" 200 56975 "https://www.google.com/" "Mozilla/5.0 (iPhone; CPU iPhone OS 6_1_3 like Mac OS X) AppleWebKit/536.26 (KHTML, like Gecko) Version/6.0 Mobile/10B329 Safari/8536.25"
78.29.243.6 - - [18/Aug/2013:16:37:12 -0400] "GET /scripts/ic_globals_published.js HTTP/1.1" 200 566 "http://www.pharoahaudio.com/syncheckproducthomepage.html" "Mozilla/5.0 (Macintosh; Intel Mac OS X 10_8_4) AppleWebKit/536.30.1 (KHTML, like Gecko)"
78.29.243.6 - - [18/Aug/2013:16:37:12 -0400] "GET /images/100_Syncheck_graphic_wide.JPG HTTP/1.1" 200 2076 "http://www.pharoahaudio.com/syncheckproducthomepage.html" "Mozilla/5.0 (Macintosh; Intel Mac OS X 10_8_4) AppleWebKit/536.30.1 (KHTML, like Gecko)"
186.148.151.130 - - [18/Aug/2013:16:47:03 -0400] "GET /images/350_R26_10_hinge_old_braid_bits.JPG HTTP/1.1" 200 18442 "http://www.pharoahaudio.com/radiola26part3.html" "Mozilla/5.0 (Windows NT 6.1) AppleWebKit/537.36 (KHTML, like Gecko) Chrome/28.0.1500.95 Safari/537.36"
157.55.32.146 - - [18/Aug/2013:21:08:15 -0400] "GET /robots.txt HTTP/1.1" 200 25 "-" "Mozilla/5.0 (compatible; bingbot/2.0; +http://www.bing.com/bingbot.htm)"
65.55.213.68 - - [18/Aug/2013:12:37:36 -0400] "GET /syncheckproducthomepage/distributors.html HTTP/1.1" 200 29733 "-" "msnbot/2.0b (+http://search.msn.com/msnbot.htm)"
192.96.204.42 - - [18/Aug/2013:09:27:13 -0400] "GET /domainsigma_removal_1abfb779ffccb15a3abf6396f2e811458945ab05.html HTTP/1.1" 404 575 "-" "Mozilla/4.0 (compatible; MSIE 5.5; Windows NT)"
186.148.151.10 - - [18/Aug/2013:16:46:43 -0400] "GET /radiola26part2.html HTTP/1.1" 200 28329 "http://www.pharoahaudio.com/radiola26part1.html" "Mozilla/5.0 (Windows NT 6.1) AppleWebKit/537.36 (KHTML, like Gecko) Chrome/28.0.1500.95 Safari/537.36"
186.148.151.10 - - [18/Aug/2013:16:47:03 -0400] "GET /radiola26part3.html HTTP/1.1" 200 24750 "http://www.pharoahaudio.com/radiola26part2.html" "Mozilla/5.0 (Windows NT 6.1) AppleWebKit/537.36 (KHTML, like Gecko) Chrome/28.0.1500.95 Safari/537.36"
186.148.151.10 - - [18/Aug/2013:16:47:04 -0400] "GET /favicon.ico HTTP/1.1" 404 575 "-" "Mozilla/5.0 (Windows NT 6.1) AppleWebKit/537.36 (KHTML, like Gecko) Chrome/28.0.1500.95 Safari/537.36"
186.148.159.129 - - [18/Aug/2013:16:47:44 -0400] "GET /images/432_R26_27_order_form.JPG HTTP/1.1" 200 36814 "http://www.pharoahaudio.com/radiola26part6.html" "Mozilla/5.0 (Windows NT 6.1) AppleWebKit/537.36 (KHTML, like Gecko) Chrome/28.0.1500.95 Safari/537.36"
186.148.159.131 - - [18/Aug/2013:16:47:45 -0400] "GET /images/448_R26_34_almost_ready1.JPG HTTP/1.1" 200 31684 "http://www.pharoahaudio.com/radiola26part6.html" "Mozilla/5.0 (Windows NT 6.1) AppleWebKit/537.36 (KHTML, like Gecko) Chrome/28.0.1500.95 Safari/537.36"
98.14.251.174 - - [18/Aug/2013:19:39:47 -0400] "GET /radiola26part3.html HTTP/1.1" 200 24750 "http://www.pharoahaudio.com/radiola26part2.html" "Mozilla/5.0 (Windows NT 6.0; rv:22.0) Gecko/20100101 Firefox/22.0"
98.14.251.174 - - [18/Aug/2013:19:39:47 -0400] "GET /images/448_R26_09_hinge_old_soldered.JPG HTTP/1.1" 200 17773 "http://www.pharoahaudio.com/radiola26part3.html" "Mozilla/5.0 (Windows NT 6.0; rv:22.0) Gecko/20100101 Firefox/22.0"
98.14.251.174 - - [18/Aug/2013:19:41:45 -0400] "GET /scripts/526534.css HTTP/1.1" 200 102 "http://www.pharoahaudio.com/radiola26part5.html" "Mozilla/5.0 (Windows NT 6.0; rv:22.0) Gecko/20100101 Firefox/22.0"
98.14.251.174 - - [18/Aug/2013:19:41:45 -0400] "GET /images/432_R26_20_tuning_gears1.JPG HTTP/1.1" 200 19927 "http://www.pharoahaudio.com/radiola26part5.html" "Mozilla/5.0 (Windows NT 6.0; rv:22.0) Gecko/20100101 Firefox/22.0"
199.30.16.4 - - [18/Aug/2013:20:43:00 -0400] "GET /images/photoalbum/button_photoFirst.jpg HTTP/1.1" 200 637 "-" "msnbot-media/1.1 (+http://search.msn.com/msnbot.htm)"
180.76.5.14 - - [18/Aug/2013:05:17:05 -0400] "GET / HTTP/1.1" 200 14579 "-" "Mozilla/5.0 (compatible; Baiduspider/2.0; +http://www.baidu.com/search/spider.html)"
180.180.79.116 - - [18/Aug/2013:01:30:44 -0400] "GET /legacyproductinformatio/originalsyncheck.html HTTP/1.1" 200 15206 "http://www.pharoahaudio.com/" "Mozilla/5.0 (Macintosh; Intel Mac OS X 10_7_5) AppleWebKit/536.30.1 (KHTML, like Gecko) Version/6.0.5 Safari/536.30.1"
121.44.30.110 - - [18/Aug/2013:07:54:00 -0400] "GET /scripts/526525custom.css HTTP/1.1" 200 2830 "http://www.pharoahaudio.com/ak35repair5.html" "Mozilla/5.0 (Windows NT 6.1; rv:22.0) Gecko/20100101 Firefox/22.0"
208.83.156.158 - - [18/Aug/2013:08:06:37 -0400] "GET /scripts/526538custom.css HTTP/1.1" 200 1140 "-" "Mozilla/5.0 (compatible; FatBot 2.0; http://www.thefind.com/crawler)"
220.181.89.166 - - [18/Aug/2013:10:01:00 -0400] "GET /syncheckproducthomepage.html HTTP/1.1" 200 23731 "-" "Sogou web spider/4.0(+http://www.sogou.com/docs/help/webmasters.htm#07)"
208.115.113.92 - - [18/Aug/2013:19:12:59 -0400] "GET /robots.txt HTTP/1.1" 200 25 "-" "Mozilla/5.0 (compatible; Ezooms/1.0; ezooms.bot@gmail.com)"
98.14.251.174 - - [18/Aug/2013:19:39:24 -0400] "GET /scripts/526509custom.css HTTP/1.1" 200 1746 "http://www.pharoahaudio.com/" "Mozilla/5.0 (Windows NT 6.0; rv:22.0) Gecko/20100101 Firefox/22.0"
157.55.32.146 - - [18/Aug/2013:21:08:57 -0400] "GET / HTTP/1.1" 200 14579 "-" "Mozilla/5.0 (compatible; bingbot/2.0; +http://www.bing.com/bingbot.htm)"
208.83.156.116 - - [18/Aug/2013:21:37:17 -0400] "GET /scripts/526493custom.css HTTP/1.1" 200 3102 "-" "Mozilla/5.0 (compatible; FatBot 2.0; http://www.thefind.com/crawler)"
66.249.72.72 - - [18/Aug/2013:22:12:07 -0400] "GET /scripts/526509custom.css HTTP/1.1" 200 1746 "-" "Mozilla/5.0 (compatible; Googlebot/2.1; +http://www.google.com/bot.html)"
208.83.156.117 - - [18/Aug/2013:23:09:49 -0400] "GET /scripts/526556custom.css HTTP/1.1" 200 2489 "-" "Mozilla/5.0 (compatible; FatBot 2.0; http://www.thefind.com/crawler)"
65.55.215.110 - - [18/Aug/2013:03:17:36 -0400] "GET /images/350_OutOfPrint.JPG HTTP/1.1" 200 13401 "-" "msnbot-media/1.1 (+http://search.msn.com/msnbot.htm)"
208.83.156.114 - - [18/Aug/2013:01:42:41 -0400] "GET /scripts/526530custom.css HTTP/1.1" 200 3504 "-" "Mozilla/5.0 (compatible; FatBot 2.0; http://www.thefind.com/crawler)"
157.55.35.78 - - [18/Aug/2013:07:54:49 -0400] "GET /robots.txt HTTP/1.1" 200 25 "-" "Mozilla/5.0 (compatible; bingbot/2.0; +http://www.bing.com/bingbot.htm)"
65.55.213.68 - - [18/Aug/2013:08:53:31 -0400] "GET /robots.txt HTTP/1.1" 200 25 "-" "msnbot/2.0b (+http://search.msn.com/msnbot.htm)"
208.83.156.115 - - [18/Aug/2013:16:03:44 -0400] "GET /scripts/526522custom.css HTTP/1.1" 200 3503 "-" "Mozilla/5.0 (compatible; FatBot 2.0; http://www.thefind.com/crawler)"
78.29.243.6 - - [18/Aug/2013:16:37:13 -0400] "GET /favicon.ico HTTP/1.1" 404 575 "http://www.pharoahaudio.com/syncheckproducthomepage.html" "Mozilla/5.0 (Macintosh; Intel Mac OS X 10_8_4) AppleWebKit/536.30.1 (KHTML, like Gecko)"
186.148.151.10 - - [18/Aug/2013:16:47:15 -0400] "GET /scripts/526533.css HTTP/1.1" 200 102 "http://www.pharoahaudio.com/radiola26part4.html" "Mozilla/5.0 (Windows NT 6.1) AppleWebKit/537.36 (KHTML, like Gecko) Chrome/28.0.1500.95 Safari/537.36"
64.246.165.200 - - [18/Aug/2013:07:32:02 -0400] "GET /robots.txt HTTP/1.0" 200 25 "-" "Mozilla/5.0 (Windows; U; Windows NT 5.1; en; rv:1.9.0.13) Gecko/2009073022 Firefox/3.5.2 (.NET CLR 3.5.30729) SurveyBot/2.3 (DomainTools)"
188.143.234.127 - - [18/Aug/2013:01:39:04 -0400] "GET /soundhomepage/portfolio.html HTTP/1.1" 200 41316 "-" "Mozilla/4.0 (compatible; MSIE 6.0; Windows NT 5.1; SV1)"
193.252.118.165 - - [18/Aug/2013:01:49:03 -0400] "GET /tweeterfixpart2.html HTTP/1.1" 200 19845 "-" "Mozilla/5.0 (Windows; U; Windows NT 5.1; fr; rv:1.8.1) VoilaBot BETA 1.2 (support.voilabot@orange-ftgroup.com)"
178.77.126.55 - - [18/Aug/2013:10:44:36 -0400] "GET /robots.txt HTTP/1.1" 200 25 "-" "Mozilla/5.0 (compatible; CareerBot/1.1; +http://www.career-x.de/bot.html)"
178.77.126.55 - - [18/Aug/2013:10:44:36 -0400] "GET / HTTP/1.1" 200 14579 "-" "Mozilla/5.0 (compatible; CareerBot/1.1; +http://www.career-x.de/bot.html)"
24.236.207.79 - - [18/Aug/2013:21:30:44 -0400] "GET /images/432_T3_strip_damage.jpg HTTP/1.1" 200 24797 "-" "Mozilla/5.0 (iPad; CPU OS 6_1_2 like Mac OS X) AppleWebKit/536.26 (KHTML, like Gecko) Version/6.0 Mobile/10B146 Safari/8536.25"
75.80.37.51 - - [18/Aug/2013:23:40:17 -0400] "GET /scripts/website.css HTTP/1.1" 200 1916 "http://www.pharoahaudio.com/mmloudness.html" "Mozilla/5.0 (compatible; MSIE 10.0; Windows NT 6.1; WOW64; Trident/6.0)"
75.80.37.51 - - [18/Aug/2013:23:40:17 -0400] "GET /scripts/526527custom.css HTTP/1.1" 200 1814 "http://www.pharoahaudio.com/mmloudness.html" "Mozilla/5.0 (compatible; MSIE 10.0; Windows NT 6.1; WOW64; Trident/6.0)"
65.55.213.68 - - [18/Aug/2013:12:37:18 -0400] "GET /legacyproductinformatio/sy2reviews.html HTTP/1.1" 200 9011 "-" "msnbot/2.0b (+http://search.msn.com/msnbot.htm)"
123.125.71.92 - - [18/Aug/2013:12:55:03 -0400] "GET /images/hand_left_blue.gif HTTP/1.1" 200 932 "-" "Baiduspider-image+(+http://www.baidu.com/search/spider.htm)"
65.55.215.110 - - [18/Aug/2013:15:49:20 -0400] "GET /images/350_OutOfPrint.JPG HTTP/1.1" 200 13401 "-" "msnbot-media/1.1 (+http://search.msn.com/msnbot.htm)"
208.83.156.115 - - [18/Aug/2013:18:20:12 -0400] "GET /scripts/526442custom.css HTTP/1.1" 200 2491 "-" "Mozilla/5.0 (compatible; FatBot 2.0; http://www.thefind.com/crawler)"
98.14.251.174 - - [18/Aug/2013:19:39:40 -0400] "GET /scripts/526531custom.css HTTP/1.1" 200 3506 "http://www.pharoahaudio.com/radiola26part2.html" "Mozilla/5.0 (Windows NT 6.0; rv:22.0) Gecko/20100101 Firefox/22.0"
98.14.251.174 - - [18/Aug/2013:19:39:40 -0400] "GET /images/432_R26_07_antenna_clip_CU.JPG HTTP/1.1" 200 24325 "http://www.pharoahaudio.com/radiola26part2.html" "Mozilla/5.0 (Windows NT 6.0; rv:22.0) Gecko/20100101 Firefox/22.0"
98.14.251.174 - - [18/Aug/2013:19:39:41 -0400] "GET /images/448_R26_08_antenna_mounted_back.JPG HTTP/1.1" 200 16416 "http://www.pharoahaudio.com/radiola26part2.html" "Mozilla/5.0 (Windows NT 6.0; rv:22.0) Gecko/20100101 Firefox/22.0"
98.14.251.174 - - [18/Aug/2013:19:39:47 -0400] "GET /scripts/526532custom.css HTTP/1.1" 200 3170 "http://www.pharoahaudio.com/radiola26part3.html" "Mozilla/5.0 (Windows NT 6.0; rv:22.0) Gecko/20100101 Firefox/22.0"
98.14.251.174 - - [18/Aug/2013:19:39:47 -0400] "GET /images/350_R26_12C_broken_wire.JPG HTTP/1.1" 200 16600 "http://www.pharoahaudio.com/radiola26part3.html" "Mozilla/5.0 (Windows NT 6.0; rv:22.0) Gecko/20100101 Firefox/22.0"
98.14.251.174 - - [18/Aug/2013:19:43:49 -0400] "GET /images/432_R26_26_speaker_pads.JPG HTTP/1.1" 200 14023 "http://www.pharoahaudio.com/radiola26part6.html" "Mozilla/5.0 (Windows NT 6.0; rv:22.0) Gecko/20100101 Firefox/22.0"
98.14.251.174 - - [18/Aug/2013:19:43:49 -0400] "GET /images/282_R26_32_make_pad5.JPG HTTP/1.1" 200 11601 "http://www.pharoahaudio.com/radiola26part6.html" "Mozilla/5.0 (Windows NT 6.0; rv:22.0) Gecko/20100101 Firefox/22.0"
98.14.251.174 - - [18/Aug/2013:19:43:49 -0400] "GET /images/448_R26_35_almost_ready2.JPG HTTP/1.1" 200 30129 "http://www.pharoahaudio.com/radiola26part6.html" "Mozilla/5.0 (Windows NT 6.0; rv:22.0) Gecko/20100101 Firefox/22.0"
210.160.8.73 - - [18/Aug/2013:03:19:44 -0400] "GET /images/Syncheck3_user_manual_v1.01.pdf HTTP/1.1" 304 - "-" "Mozilla/4.0 (compatible;)"
68.107.123.1 - - [18/Aug/2013:03:40:12 -0400] "GET /images/micSpits_original.mp3 HTTP/1.1" 206 2 "-" "AppleCoreMedia/1.0.0.11G63 (Macintosh; U; Intel Mac OS X 10_7_5; en_us)"
68.107.123.1 - - [18/Aug/2013:03:40:12 -0400] "GET /images/micSpits_original.mp3 HTTP/1.1" 206 118766 "-" "AppleCoreMedia/1.0.0.11G63 (Macintosh; U; Intel Mac OS X 10_7_5; en_us)"
157.55.35.78 - - [18/Aug/2013:07:55:49 -0400] "GET /ak55cpart6.html HTTP/1.1" 200 20720 "-" "Mozilla/5.0 (compatible; bingbot/2.0; +http://www.bing.com/bingbot.htm)"
94.125.216.16 - - [18/Aug/2013:10:28:01 -0400] "GET /tweeterfixpart2.html HTTP/1.1" 200 19845 "-" "Mozilla/5.0 (iPad; CPU OS 6_1_3 like Mac OS X) AppleWebKit/536.26 (KHTML, like Gecko) Version/6.0 Mobile/10B329 Safari/8536.25"
94.125.216.16 - - [18/Aug/2013:10:28:01 -0400] "GET /scripts/526543.css HTTP/1.1" 200 102 "http://www.pharoahaudio.com/tweeterfixpart2.html" "Mozilla/5.0 (iPad; CPU OS 6_1_3 like Mac OS X) AppleWebKit/536.26 (KHTML, like Gecko) Version/6.0 Mobile/10B329 Safari/8536.25"
94.125.216.16 - - [18/Aug/2013:10:28:01 -0400] "GET /scripts/526543custom.css HTTP/1.1" 200 3161 "http://www.pharoahaudio.com/tweeterfixpart2.html" "Mozilla/5.0 (iPad; CPU OS 6_1_3 like Mac OS X) AppleWebKit/536.26 (KHTML, like Gecko) Version/6.0 Mobile/10B329 Safari/8536.25"
94.125.216.16 - - [18/Aug/2013:10:28:01 -0400] "GET /scripts/icwebsiteelement.css HTTP/1.1" 200 8132 "http://www.pharoahaudio.com/tweeterfixpart2.html" "Mozilla/5.0 (iPad; CPU OS 6_1_3 like Mac OS X) AppleWebKit/536.26 (KHTML, like Gecko) Version/6.0 Mobile/10B329 Safari/8536.25"
94.125.216.16 - - [18/Aug/2013:10:28:02 -0400] "GET /images/432_T4_strip_pulled_out.jpg HTTP/1.1" 200 35044 "http://www.pharoahaudio.com/tweeterfixpart2.html" "Mozilla/5.0 (iPad; CPU OS 6_1_3 like Mac OS X) AppleWebKit/536.26 (KHTML, like Gecko) Version/6.0 Mobile/10B329 Safari/8536.25"
94.125.216.16 - - [18/Aug/2013:10:28:02 -0400] "GET /images/ic_002_body_bg.gif HTTP/1.1" 200 304 "http://www.pharoahaudio.com/tweeterfixpart2.html" "Mozilla/5.0 (iPad; CPU OS 6_1_3 like Mac OS X) AppleWebKit/536.26 (KHTML, like Gecko) Version/6.0 Mobile/10B329 Safari/8536.25"
94.125.216.16 - - [18/Aug/2013:10:28:04 -0400] "GET /scripts/print.css HTTP/1.1" 200 11209 "http://www.pharoahaudio.com/tweeterfixpart2.html" "Mozilla/5.0 (iPad; CPU OS 6_1_3 like Mac OS X) AppleWebKit/536.26 (KHTML, like Gecko) Version/6.0 Mobile/10B329 Safari/8536.25"
46.118.126.194 - - [18/Aug/2013:11:21:38 -0400] "GET /ptvideosyncstudy.html HTTP/1.1" 200 41918 "http://soptv.ru/" "Mozilla/4.0 (compatible; MSIE 6.0; Windows NT 5.1; SV1; .NET CLR 1.1.4322; .NET CLR 2.0.50727)"
186.148.159.129 - - [18/Aug/2013:16:46:16 -0400] "GET /images/ic_002_banner_bg_wide.jpg HTTP/1.1" 200 5805 "http://www.pharoahaudio.com/radiola26part1.html" "Mozilla/5.0 (Windows NT 6.1) AppleWebKit/537.36 (KHTML, like Gecko) Chrome/28.0.1500.95 Safari/537.36"
186.148.151.10 - - [18/Aug/2013:16:47:03 -0400] "GET /scripts/526532custom.css HTTP/1.1" 200 3170 "http://www.pharoahaudio.com/radiola26part3.html" "Mozilla/5.0 (Windows NT 6.1) AppleWebKit/537.36 (KHTML, like Gecko) Chrome/28.0.1500.95 Safari/537.36"
186.148.151.10 - - [18/Aug/2013:16:48:06 -0400] "GET /scripts/526536.css HTTP/1.1" 200 102 "http://www.pharoahaudio.com/radiola26part7.html" "Mozilla/5.0 (Windows NT 6.1) AppleWebKit/537.36 (KHTML, like Gecko) Chrome/28.0.1500.95 Safari/537.36"
208.83.156.155 - - [18/Aug/2013:18:57:07 -0400] "GET /scripts/526537custom.css HTTP/1.1" 200 1813 "-" "Mozilla/5.0 (compatible; FatBot 2.0; http://www.thefind.com/crawler)"
66.249.72.72 - - [18/Aug/2013:19:20:15 -0400] "GET /soundhomepage/portfolio.html HTTP/1.1" 304 - "-" "Mozilla/5.0 (iPhone; U; CPU iPhone OS 4_1 like Mac OS X; en-us) AppleWebKit/532.9 (KHTML, like Gecko) Version/4.0.5 Mobile/8B117 Safari/6531.22.7 (compatible; Googlebot-Mobile/2.1; +http://www.google.com/bot.html)"
98.14.251.174 - - [18/Aug/2013:19:43:49 -0400] "GET /scripts/526535custom.css HTTP/1.1" 200 3846 "http://www.pharoahaudio.com/radiola26part6.html" "Mozilla/5.0 (Windows NT 6.0; rv:22.0) Gecko/20100101 Firefox/22.0"
98.14.251.174 - - [18/Aug/2013:19:43:49 -0400] "GET /images/432_R26_24B_speaker_rust.JPG HTTP/1.1" 200 23256 "http://www.pharoahaudio.com/radiola26part6.html" "Mozilla/5.0 (Windows NT 6.0; rv:22.0) Gecko/20100101 Firefox/22.0"
98.14.251.174 - - [18/Aug/2013:19:43:49 -0400] "GET /images/282_R26_30_make_pad3.JPG HTTP/1.1" 200 12912 "http://www.pharoahaudio.com/radiola26part6.html" "Mozilla/5.0 (Windows NT 6.0; rv:22.0) Gecko/20100101 Firefox/22.0"
98.14.251.174 - - [18/Aug/2013:19:43:49 -0400] "GET /images/282_R26_33_make_pad6.JPG HTTP/1.1" 200 12775 "http://www.pharoahaudio.com/radiola26part6.html" "Mozilla/5.0 (Windows NT 6.0; rv:22.0) Gecko/20100101 Firefox/22.0"
98.14.251.174 - - [18/Aug/2013:19:45:12 -0400] "GET /scripts/526536custom.css HTTP/1.1" 200 3508 "http://www.pharoahaudio.com/radiola26part7.html" "Mozilla/5.0 (Windows NT 6.0; rv:22.0) Gecko/20100101 Firefox/22.0"
68.107.123.1 - - [18/Aug/2013:03:41:04 -0400] "GET /images/photoalbum/button_photoPlay.jpg HTTP/1.1" 200 613 "http://www.pharoahaudio.com/yeolderadiomuseum.html" "Mozilla/5.0 (Macintosh; Intel Mac OS X 10_7_5) AppleWebKit/536.30.1 (KHTML, like Gecko) Version/6.0.5 Safari/536.30.1"
68.107.123.1 - - [18/Aug/2013:03:41:04 -0400] "GET /images/photoalbum/button_photoLast.jpg HTTP/1.1" 200 637 "http://www.pharoahaudio.com/yeolderadiomuseum.html" "Mozilla/5.0 (Macintosh; Intel Mac OS X 10_7_5) AppleWebKit/536.30.1 (KHTML, like Gecko) Version/6.0.5 Safari/536.30.1"
68.107.123.1 - - [18/Aug/2013:03:41:04 -0400] "GET /images/162_Atwater_Kent_Model_82_case_unfinished.JPG HTTP/1.1" 200 7698 "http://www.pharoahaudio.com/yeolderadiomuseum.html" "Mozilla/5.0 (Macintosh; Intel Mac OS X 10_7_5) AppleWebKit/536.30.1 (KHTML, like Gecko) Version/6.0.5 Safari/536.30.1"
68.107.123.1 - - [18/Aug/2013:03:41:04 -0400] "GET /images/480_Crystal_Whisker_Set_early_20s.JPG HTTP/1.1" 200 20164 "http://www.pharoahaudio.com/yeolderadiomuseum.html" "Mozilla/5.0 (Macintosh; Intel Mac OS X 10_7_5) AppleWebKit/536.30.1 (KHTML, like Gecko) Version/6.0.5 Safari/536.30.1"
68.107.123.1 - - [18/Aug/2013:03:41:04 -0400] "GET /images/94_Radiola_26_small_branded.jpg HTTP/1.1" 200 2231 "http://www.pharoahaudio.com/yeolderadiomuseum.html" "Mozilla/5.0 (Macintosh; Intel Mac OS X 10_7_5) AppleWebKit/536.30.1 (KHTML, like Gecko) Version/6.0.5 Safari/536.30.1"
68.107.123.1 - - [18/Aug/2013:03:41:05 -0400] "GET /images/480_AK35_front_900_branded.jpg HTTP/1.1" 200 15505 "http://www.pharoahaudio.com/yeolderadiomuseum.html" "Mozilla/5.0 (Macintosh; Intel Mac OS X 10_7_5) AppleWebKit/536.30.1 (KHTML, like Gecko) Version/6.0.5 Safari/536.30.1"
68.107.123.1 - - [18/Aug/2013:03:41:05 -0400] "GET /images/480_Lektophone_speaker.jpg HTTP/1.1" 200 37653 "http://www.pharoahaudio.com/yeolderadiomuseum.html" "Mozilla/5.0 (Macintosh; Intel Mac OS X 10_7_5) AppleWebKit/536.30.1 (KHTML, like Gecko) Version/6.0.5 Safari/536.30.1"
68.107.123.1 - - [18/Aug/2013:03:41:05 -0400] "GET /images/790_Bosch_Model_28_with_AmplionAR19.jpg HTTP/1.1" 200 77155 "http://www.pharoahaudio.com/yeolderadiomuseum.html" "Mozilla/5.0 (Macintosh; Intel Mac OS X 10_7_5) AppleWebKit/536.30.1 (KHTML, like Gecko) Version/6.0.5 Safari/536.30.1"
68.107.123.1 - - [18/Aug/2013:03:41:05 -0400] "GET /images/70_GE_K105.jpg HTTP/1.1" 200 2893 "http://www.pharoahaudio.com/yeolderadiomuseum.html" "Mozilla/5.0 (Macintosh; Intel Mac OS X 10_7_5) AppleWebKit/536.30.1 (KHTML, like Gecko) Version/6.0.5 Safari/536.30.1"
68.107.123.1 - - [18/Aug/2013:03:41:06 -0400] "GET /images/950_Zenith_6-S-27_frontback.jpg HTTP/1.1" 200 117284 "http://www.pharoahaudio.com/yeolderadiomuseum.html" "Mozilla/5.0 (Macintosh; Intel Mac OS X 10_7_5) AppleWebKit/536.30.1 (KHTML, like Gecko) Version/6.0.5 Safari/536.30.1"
186.148.151.10 - - [18/Aug/2013:16:46:15 -0400] "GET /scripts/526530custom.css HTTP/1.1" 200 3504 "http://www.pharoahaudio.com/radiola26part1.html" "Mozilla/5.0 (Windows NT 6.1) AppleWebKit/537.36 (KHTML, like Gecko) Chrome/28.0.1500.95 Safari/537.36"
186.148.151.130 - - [18/Aug/2013:16:46:16 -0400] "GET /images/ic_002_body_bg.gif HTTP/1.1" 200 304 "http://www.pharoahaudio.com/radiola26part1.html" "Mozilla/5.0 (Windows NT 6.1) AppleWebKit/537.36 (KHTML, like Gecko) Chrome/28.0.1500.95 Safari/537.36"
186.148.151.10 - - [18/Aug/2013:16:47:26 -0400] "GET /scripts/526534.css HTTP/1.1" 200 102 "http://www.pharoahaudio.com/radiola26part5.html" "Mozilla/5.0 (Windows NT 6.1) AppleWebKit/537.36 (KHTML, like Gecko) Chrome/28.0.1500.95 Safari/537.36"
186.148.151.129 - - [18/Aug/2013:16:47:27 -0400] "GET /images/432_R26_22_bypass_broken_tabs.JPG HTTP/1.1" 200 16076 "http://www.pharoahaudio.com/radiola26part5.html" "Mozilla/5.0 (Windows NT 6.1) AppleWebKit/537.36 (KHTML, like Gecko) Chrome/28.0.1500.95 Safari/537.36"
193.252.149.16 - - [18/Aug/2013:16:56:54 -0400] "GET /images/SynFlash_Manuel_utilisateur_v2.2_fr.pdf HTTP/1.1" 200 286247 "-" "Mozilla/5.0 (Windows; U; Windows NT 5.1; fr; rv:1.8.1) VoilaBot BETA 1.2 (support.voilabot@orange-ftgroup.com)"
91.207.9.226 - - [18/Aug/2013:06:35:39 -0400] "GET /ptvideosyncstudy.html HTTP/1.1" 200 41918 "http://invetdollare.net/" "Mozilla/4.0 (compatible; MSIE 6.0; Windows NT 5.1; SV1; FunWebProducts; MRA 4.6 (build 01425); .NET CLR 1.1.4322; .NET CLR 2.0.50727)"
208.83.156.155 - - [18/Aug/2013:08:10:08 -0400] "GET /scripts/526509custom.css HTTP/1.1" 200 1746 "-" "Mozilla/5.0 (compatible; FatBot 2.0; http://www.thefind.com/crawler)"
65.55.213.69 - - [18/Aug/2013:12:37:54 -0400] "GET /soundhomepage/videoclips.html HTTP/1.1" 200 23272 "-" "msnbot/2.0b (+http://search.msn.com/msnbot.htm)"
157.55.33.24 - - [18/Aug/2013:04:24:19 -0400] "GET /robots.txt HTTP/1.1" 200 25 "-" "Mozilla/5.0 (compatible; bingbot/2.0; +http://www.bing.com/bingbot.htm)"
98.14.251.174 - - [18/Aug/2013:19:43:49 -0400] "GET /images/432_R26_28_make_pad1.JPG HTTP/1.1" 200 29768 "http://www.pharoahaudio.com/radiola26part6.html" "Mozilla/5.0 (Windows NT 6.0; rv:22.0) Gecko/20100101 Firefox/22.0"
121.44.30.110 - - [18/Aug/2013:07:53:59 -0400] "GET /images/448_AK35_tuning_linkage.jpg HTTP/1.1" 200 25172 "-" "Mozilla/5.0 (Windows NT 6.1; rv:22.0) Gecko/20100101 Firefox/22.0"
121.44.30.110 - - [18/Aug/2013:07:54:00 -0400] "GET /scripts/photoalbum.js HTTP/1.1" 200 62481 "http://www.pharoahaudio.com/ak35repair5.html" "Mozilla/5.0 (Windows NT 6.1; rv:22.0) Gecko/20100101 Firefox/22.0"
121.44.30.110 - - [18/Aug/2013:07:54:04 -0400] "GET /images/448_AK35_wiring_completed.JPG HTTP/1.1" 200 27831 "http://www.pharoahaudio.com/ak35repair5.html" "Mozilla/5.0 (Windows NT 6.1; rv:22.0) Gecko/20100101 Firefox/22.0"
71.91.70.108 - - [18/Aug/2013:21:34:31 -0400] "GET /scripts/print.css HTTP/1.1" 200 11209 "http://www.pharoahaudio.com/ak55cpart1.html" "Mozilla/5.0 (compatible; MSIE 10.0; Windows Phone 8.0; Trident/6.0; IEMobile/10.0; ARM; Touch; NOKIA; Lumia 822)"
71.91.70.108 - - [18/Aug/2013:21:34:31 -0400] "GET /images/ic_002_body_bg.gif HTTP/1.1" 200 304 "http://www.pharoahaudio.com/ak55cpart1.html" "Mozilla/5.0 (compatible; MSIE 10.0; Windows Phone 8.0; Trident/6.0; IEMobile/10.0; ARM; Touch; NOKIA; Lumia 822)"
71.91.70.108 - - [18/Aug/2013:21:34:31 -0400] "GET /images/Majestic_reversed_for_pages.jpg HTTP/1.1" 200 6769 "http://www.pharoahaudio.com/ak55cpart1.html" "Mozilla/5.0 (compatible; MSIE 10.0; Windows Phone 8.0; Trident/6.0; IEMobile/10.0; ARM; Touch; NOKIA; Lumia 822)"
65.55.213.68 - - [18/Aug/2013:12:36:48 -0400] "GET /soundhomepage/facility.html HTTP/1.1" 200 12409 "-" "msnbot/2.0b (+http://search.msn.com/msnbot.htm)"
208.83.156.117 - - [18/Aug/2013:09:03:12 -0400] "GET /scripts/526525custom.css HTTP/1.1" 200 2830 "-" "Mozilla/5.0 (compatible; FatBot 2.0; http://www.thefind.com/crawler)"
186.148.159.131 - - [18/Aug/2013:16:46:44 -0400] "GET /images/432_R26_03_mounted_exposed.jpg HTTP/1.1" 200 30856 "http://www.pharoahaudio.com/radiola26part2.html" "Mozilla/5.0 (Windows NT 6.1) AppleWebKit/537.36 (KHTML, like Gecko) Chrome/28.0.1500.95 Safari/537.36"
186.148.151.129 - - [18/Aug/2013:16:47:45 -0400] "GET /images/282_R26_32_make_pad5.JPG HTTP/1.1" 200 11601 "http://www.pharoahaudio.com/radiola26part6.html" "Mozilla/5.0 (Windows NT 6.1) AppleWebKit/537.36 (KHTML, like Gecko) Chrome/28.0.1500.95 Safari/537.36"
24.193.29.176 - - [18/Aug/2013:00:42:48 -0400] "GET /scripts/template.css HTTP/1.1" 200 11360 "http://www.pharoahaudio.com/ptvideosyncstudy.html" "Mozilla/5.0 (Macintosh; Intel Mac OS X 10_6_8) AppleWebKit/537.36 (KHTML, like Gecko) Chrome/28.0.1500.95 Safari/537.36"
109.120.157.179 - - [18/Aug/2013:01:02:56 -0400] "GET /ptvideosyncstudy.html HTTP/1.1" 200 41918 "http://bowlingadvisor.com/" "Mozilla/5.0 (compatible; Add Catalog/2.1;)"
66.249.74.36 - - [18/Aug/2013:01:58:05 -0400] "GET /images/SyncheckII_Manuel_utilisateur_v1.0_fr.pdf HTTP/1.1" 200 270231 "-" "Googlebot/2.1 (+http://www.google.com/bot.html)"
24.193.29.176 - - [18/Aug/2013:00:42:48 -0400] "GET /scripts/526494custom.css HTTP/1.1" 200 4508 "http://www.pharoahaudio.com/ptvideosyncstudy.html" "Mozilla/5.0 (Macintosh; Intel Mac OS X 10_6_8) AppleWebKit/537.36 (KHTML, like Gecko) Chrome/28.0.1500.95 Safari/537.36"
188.143.234.127 - - [18/Aug/2013:01:42:41 -0400] "GET /images/Valkyries_web.wmv HTTP/1.1" 200 19386079 "-" "Mozilla/4.0 (compatible; MSIE 6.0; Windows NT 5.1; SV1)"
65.55.213.68 - - [18/Aug/2013:12:37:46 -0400] "GET /yeolderadiomuseum.html HTTP/1.1" 200 42663 "-" "msnbot/2.0b (+http://search.msn.com/msnbot.htm)"
66.249.72.72 - - [18/Aug/2013:15:08:24 -0400] "GET /ak35repair1.html HTTP/1.1" 200 18956 "-" "DoCoMo/2.0 N905i(c100;TB;W24H16) (compatible; Googlebot-Mobile/2.1; +http://www.google.com/bot.html)"
186.148.151.10 - - [18/Aug/2013:16:46:15 -0400] "GET /scripts/website.css HTTP/1.1" 200 1916 "http://www.pharoahaudio.com/radiola26part1.html" "Mozilla/5.0 (Windows NT 6.1) AppleWebKit/537.36 (KHTML, like Gecko) Chrome/28.0.1500.95 Safari/537.36"
186.148.151.10 - - [18/Aug/2013:16:46:15 -0400] "GET /scripts/photoalbum.js HTTP/1.1" 200 62481 "http://www.pharoahaudio.com/radiola26part1.html" "Mozilla/5.0 (Windows NT 6.1) AppleWebKit/537.36 (KHTML, like Gecko) Chrome/28.0.1500.95 Safari/537.36"
78.52.236.186 - - [18/Aug/2013:18:10:52 -0400] "GET /images/ic_002_banner_bg_wide.jpg HTTP/1.1" 200 5805 "http://www.pharoahaudio.com/syncheckproducthomepage/syncheck3.html" "Opera/9.80 (Windows NT 6.2; WOW64) Presto/2.12.388 Version/12.16"
208.83.156.155 - - [18/Aug/2013:20:10:10 -0400] "GET /scripts/526565custom.css HTTP/1.1" 200 8228 "-" "Mozilla/5.0 (compatible; FatBot 2.0; http://www.thefind.com/crawler)"
220.181.89.166 - - [18/Aug/2013:20:30:58 -0400] "GET /syncheckproducthomepage.html HTTP/1.1" 200 23731 "-" "Sogou web spider/4.0(+http://www.sogou.com/docs/help/webmasters.htm#07)"
68.107.123.1 - - [18/Aug/2013:03:41:03 -0400] "GET /yeolderadiomuseum.html HTTP/1.1" 200 42663 "http://www.pharoahaudio.com/dialogcleanupexample.html" "Mozilla/5.0 (Macintosh; Intel Mac OS X 10_7_5) AppleWebKit/536.30.1 (KHTML, like Gecko) Version/6.0.5 Safari/536.30.1"
68.107.123.1 - - [18/Aug/2013:03:41:03 -0400] "GET /images/181_AK35_front_900_branded.jpg HTTP/1.1" 200 3289 "http://www.pharoahaudio.com/yeolderadiomuseum.html" "Mozilla/5.0 (Macintosh; Intel Mac OS X 10_7_5) AppleWebKit/536.30.1 (KHTML, like Gecko) Version/6.0.5 Safari/536.30.1"
68.107.123.1 - - [18/Aug/2013:03:41:04 -0400] "GET /images/photoalbum/button_photoPause.jpg HTTP/1.1" 200 605 "http://www.pharoahaudio.com/yeolderadiomuseum.html" "Mozilla/5.0 (Macintosh; Intel Mac OS X 10_7_5) AppleWebKit/536.30.1 (KHTML, like Gecko) Version/6.0.5 Safari/536.30.1"
68.107.123.1 - - [18/Aug/2013:03:41:04 -0400] "GET /images/photoalbum/button_photoSpeed2_ON.jpg HTTP/1.1" 200 492 "http://www.pharoahaudio.com/yeolderadiomuseum.html" "Mozilla/5.0 (Macintosh; Intel Mac OS X 10_7_5) AppleWebKit/536.30.1 (KHTML, like Gecko) Version/6.0.5 Safari/536.30.1"
68.107.123.1 - - [18/Aug/2013:03:41:04 -0400] "GET /images/950_Telephone_neckset_earpiece_1919.JPG HTTP/1.1" 200 45170 "http://www.pharoahaudio.com/yeolderadiomuseum.html" "Mozilla/5.0 (Macintosh; Intel Mac OS X 10_7_5) AppleWebKit/536.30.1 (KHTML, like Gecko) Version/6.0.5 Safari/536.30.1"
68.107.123.1 - - [18/Aug/2013:03:41:04 -0400] "GET /images/480_Crosley51_OpCl.jpg HTTP/1.1" 200 29265 "http://www.pharoahaudio.com/yeolderadiomuseum.html" "Mozilla/5.0 (Macintosh; Intel Mac OS X 10_7_5) AppleWebKit/536.30.1 (KHTML, like Gecko) Version/6.0.5 Safari/536.30.1"
68.107.123.1 - - [18/Aug/2013:03:41:04 -0400] "GET /images/886_AK35_front_900_branded.jpg HTTP/1.1" 200 37924 "http://www.pharoahaudio.com/yeolderadiomuseum.html" "Mozilla/5.0 (Macintosh; Intel Mac OS X 10_7_5) AppleWebKit/536.30.1 (KHTML, like Gecko) Version/6.0.5 Safari/536.30.1"
68.107.123.1 - - [18/Aug/2013:03:41:05 -0400] "GET /images/94_Lektophone_speaker.jpg HTTP/1.1" 200 3100 "http://www.pharoahaudio.com/yeolderadiomuseum.html" "Mozilla/5.0 (Macintosh; Intel Mac OS X 10_7_5) AppleWebKit/536.30.1 (KHTML, like Gecko) Version/6.0.5 Safari/536.30.1"
68.107.123.1 - - [18/Aug/2013:03:41:05 -0400] "GET /images/725_Grigsby_Grunow_Hinds_Majestic.jpg HTTP/1.1" 200 41070 "http://www.pharoahaudio.com/yeolderadiomuseum.html" "Mozilla/5.0 (Macintosh; Intel Mac OS X 10_7_5) AppleWebKit/536.30.1 (KHTML, like Gecko) Version/6.0.5 Safari/536.30.1"
68.107.123.1 - - [18/Aug/2013:03:41:05 -0400] "GET /images/399_Bosch_Model_28_with_AmplionAR19.jpg HTTP/1.1" 200 26270 "http://www.pharoahaudio.com/yeolderadiomuseum.html" "Mozilla/5.0 (Macintosh; Intel Mac OS X 10_7_5) AppleWebKit/536.30.1 (KHTML, like Gecko) Version/6.0.5 Safari/536.30.1"
64.246.165.50 - - [18/Aug/2013:04:46:06 -0400] "GET / HTTP/1.1" 200 14579 "http://whois.domaintools.com/pharoahaudio.com" "Mozilla/5.0 (Windows; U; Windows NT 5.1; en; rv:1.9.0.13) Gecko/2009073022 Firefox/3.5.2 (.NET CLR 3.5.30729) SurveyBot/2.3 (DomainTools)"
208.83.156.155 - - [18/Aug/2013:06:10:03 -0400] "GET /scripts/526518custom.css HTTP/1.1" 200 1479 "-" "Mozilla/5.0 (compatible; FatBot 2.0; http://www.thefind.com/crawler)"
157.55.35.43 - - [18/Aug/2013:08:00:38 -0400] "GET /scripts/ic_globals_published.js HTTP/1.1" 200 566 "-" "Mozilla/5.0 (compatible; bingbot/2.0; +http://www.bing.com/bingbot.htm)"
86.17.4.223 - - [18/Aug/2013:12:39:30 -0400] "GET /wp-login.php HTTP/1.0" 403 214 "-" "Mozilla/5.0 (Windows NT 6.1; rv:19.0) Gecko/20100101 Firefox/19.0"
208.83.156.155 - - [18/Aug/2013:18:54:03 -0400] "GET /robots.txt HTTP/1.1" 200 25 "-" "Mozilla/5.0 (compatible; FatBot 2.0; http://www.thefind.com/crawler)"
192.96.204.42 - - [18/Aug/2013:09:27:13 -0400] "GET / HTTP/1.0" 200 14579 "-" "Mozilla/4.0 (compatible; MSIE 5.5; Windows NT)"
188.143.234.127 - - [18/Aug/2013:01:39:53 -0400] "GET /legacyproductinformatio/originalsyncheck.html HTTP/1.1" 200 15206 "-" "Mozilla/4.0 (compatible; MSIE 6.0; Windows NT 5.1; SV1)"
68.107.123.1 - - [18/Aug/2013:03:39:29 -0400] "GET /scripts/icwebsiteelement.css HTTP/1.1" 200 8132 "http://www.pharoahaudio.com/" "Mozilla/5.0 (Macintosh; Intel Mac OS X 10_7_5) AppleWebKit/536.30.1 (KHTML, like Gecko) Version/6.0.5 Safari/536.30.1"
68.107.123.1 - - [18/Aug/2013:03:39:30 -0400] "GET /images/deletekey_contrasted_narrow_featurephoto.jpg HTTP/1.1" 200 3702 "http://www.pharoahaudio.com/" "Mozilla/5.0 (Macintosh; Intel Mac OS X 10_7_5) AppleWebKit/536.30.1 (KHTML, like Gecko) Version/6.0.5 Safari/536.30.1"
186.148.151.131 - - [18/Aug/2013:16:46:45 -0400] "GET /images/448_R26_08_antenna_mounted_back.JPG HTTP/1.1" 200 16416 "http://www.pharoahaudio.com/radiola26part2.html" "Mozilla/5.0 (Windows NT 6.1) AppleWebKit/537.36 (KHTML, like Gecko) Chrome/28.0.1500.95 Safari/537.36"
186.148.151.129 - - [18/Aug/2013:16:47:04 -0400] "GET /images/350_R26_12B_osc_coils.JPG HTTP/1.1" 200 17928 "http://www.pharoahaudio.com/radiola26part3.html" "Mozilla/5.0 (Windows NT 6.1) AppleWebKit/537.36 (KHTML, like Gecko) Chrome/28.0.1500.95 Safari/537.36"
186.148.151.131 - - [18/Aug/2013:16:47:45 -0400] "GET /images/282_R26_30_make_pad3.JPG HTTP/1.1" 200 12912 "http://www.pharoahaudio.com/radiola26part6.html" "Mozilla/5.0 (Windows NT 6.1) AppleWebKit/537.36 (KHTML, like Gecko) Chrome/28.0.1500.95 Safari/537.36"
72.208.114.149 - - [18/Aug/2013:00:25:46 -0400] "GET /scripts/526527custom.css HTTP/1.1" 200 1814 "http://www.pharoahaudio.com/mmloudness.html" "Mozilla/5.0 (Macintosh; Intel Mac OS X 10_7_5) AppleWebKit/536.30.1 (KHTML, like Gecko) Version/6.0.5 Safari/536.30.1"
72.208.114.149 - - [18/Aug/2013:00:25:47 -0400] "GET /scripts/photoalbum.js HTTP/1.1" 200 62481 "http://www.pharoahaudio.com/mmloudness.html" "Mozilla/5.0 (Macintosh; Intel Mac OS X 10_7_5) AppleWebKit/536.30.1 (KHTML, like Gecko) Version/6.0.5 Safari/536.30.1"
72.208.114.149 - - [18/Aug/2013:00:25:47 -0400] "GET /images/hand_left_blue.gif HTTP/1.1" 200 932 "http://www.pharoahaudio.com/mmloudness.html" "Mozilla/5.0 (Macintosh; Intel Mac OS X 10_7_5) AppleWebKit/536.30.1 (KHTML, like Gecko) Version/6.0.5 Safari/536.30.1"
180.180.79.116 - - [18/Aug/2013:01:30:42 -0400] "GET /syncheckproducthomepage.html HTTP/1.1" 200 23731 "http://www.syncheck.com/" "Mozilla/5.0 (Macintosh; Intel Mac OS X 10_7_5) AppleWebKit/536.30.1 (KHTML, like Gecko) Version/6.0.5 Safari/536.30.1"
188.143.234.127 - - [18/Aug/2013:01:39:46 -0400] "GET /syncheckproducthomepage/dvd.html HTTP/1.1" 200 11942 "-" "Mozilla/4.0 (compatible; MSIE 6.0; Windows NT 5.1; SV1)"
188.143.234.127 - - [18/Aug/2013:01:42:44 -0400] "GET /images/OutBound_web.wmv HTTP/1.1" 200 18012223 "-" "Mozilla/4.0 (compatible; MSIE 6.0; Windows NT 5.1; SV1)"
81.52.143.35 - - [18/Aug/2013:06:15:45 -0400] "GET /mmworthit.html HTTP/1.1" 200 22151 "-" "Mozilla/5.0 (Windows; U; Windows NT 5.1; fr; rv:1.8.1) VoilaBot BETA 1.2 (support.voilabot@orange-ftgroup.com)"
192.119.154.142 - - [18/Aug/2013:07:13:30 -0400] "GET /syncheckproducthomepage.html HTTP/1.0" 200 23731 "http://www.syncheck.com/" "Mozilla/4.0 (compatible; MSIE 6.0; Windows NT 5.1; SV1; FunWebProducts; .NET CLR 1.1.4322; PeoplePal 6.2)"
180.76.5.161 - - [18/Aug/2013:15:38:15 -0400] "GET /audioprep.html HTTP/1.1" 200 64912 "-" "Mozilla/5.0 (compatible; Baiduspider/2.0; +http://www.baidu.com/search/spider.html)"
186.148.159.129 - - [18/Aug/2013:16:45:56 -0400] "GET /images/800_Radiola_26_small_branded.jpg HTTP/1.1" 200 69343 "-" "Mozilla/5.0 (Windows NT 6.1) AppleWebKit/537.36 (KHTML, like Gecko) Chrome/28.0.1500.95 Safari/537.36"
186.148.159.129 - - [18/Aug/2013:16:47:27 -0400] "GET /images/432_R26_20_tuning_gears1.JPG HTTP/1.1" 200 19927 "http://www.pharoahaudio.com/radiola26part5.html" "Mozilla/5.0 (Windows NT 6.1) AppleWebKit/537.36 (KHTML, like Gecko) Chrome/28.0.1500.95 Safari/537.36"
46.119.118.152 - - [18/Aug/2013:13:36:53 -0400] "GET /ptvideosyncstudy.html HTTP/1.1" 200 41918 "http://ilya-muromec.ru/" "Mozilla/4.0 (compatible; MSIE 6.0; Windows NT 5.1; FREE; .NET CLR 1.1.4322)"
208.83.156.158 - - [18/Aug/2013:18:14:22 -0400] "GET /scripts/526558custom.css HTTP/1.1" 200 1477 "-" "Mozilla/5.0 (compatible; FatBot 2.0; http://www.thefind.com/crawler)"
98.14.251.174 - - [18/Aug/2013:19:41:45 -0400] "GET /images/432_R26_23_bypass_new_tabs.JPG HTTP/1.1" 200 13927 "http://www.pharoahaudio.com/radiola26part5.html" "Mozilla/5.0 (Windows NT 6.0; rv:22.0) Gecko/20100101 Firefox/22.0"
204.236.226.210 - - [18/Aug/2013:20:46:31 -0400] "GET /syncheckproducthomepage/syncheckii.html HTTP/1.0" 200 19625 "-" "ia_archiver (+http://www.alexa.com/site/help/webmasters; crawler@alexa.com)"
157.55.35.43 - - [18/Aug/2013:09:27:47 -0400] "GET /scripts/template.css HTTP/1.1" 200 11360 "-" "Mozilla/5.0 (compatible; bingbot/2.0; +http://www.bing.com/bingbot.htm)"
157.56.92.149 - - [18/Aug/2013:09:54:24 -0400] "GET /images/deletekey_contrasted_narrow_featurephoto.jpg HTTP/1.1" 200 3702 "-" "Mozilla/5.0 (compatible; bingbot/2.0; +http://www.bing.com/bingbot.htm)"
199.30.24.35 - - [18/Aug/2013:10:25:19 -0400] "GET /images/ic_002_body_bg.gif HTTP/1.1" 200 304 "http://www.pharoahaudio.com/radiola26part4.html" "Mozilla/5.0 (Windows NT 6.1; WOW64) AppleWebKit/534+ (KHTML, like Gecko) BingPreview/1.0b"
46.118.126.194 - - [18/Aug/2013:11:22:02 -0400] "GET /ptvideosyncstudy.html HTTP/1.1" 200 41918 "http://videosoc.ru/" "Mozilla/4.0 (compatible; MSIE 6.0; Windows NT 5.1; SV1; .NET CLR 1.1.4322)"
71.91.70.108 - - [18/Aug/2013:21:34:28 -0400] "GET /scripts/photoalbum.js HTTP/1.1" 200 62481 "http://www.pharoahaudio.com/ak55cpart1.html" "Mozilla/5.0 (compatible; MSIE 10.0; Windows Phone 8.0; Trident/6.0; IEMobile/10.0; ARM; Touch; NOKIA; Lumia 822)"
5.135.112.205 - - [18/Aug/2013:22:25:13 -0400] "GET /legacyproductinformatio/originalsyncheck.html HTTP/1.0" 200 15206 "http://www.pharoahaudio.com/" "Mozilla/5.0 (Macintosh; Intel Mac OS X 10_8_3) AppleWebKit/536.28.10 (KHTML, like Gecko) Version/6.0.3 Safari/536.28.10"
68.107.123.1 - - [18/Aug/2013:03:40:06 -0400] "GET /dialogcleanupexample.html HTTP/1.1" 200 10718 "http://www.pharoahaudio.com/soundhomepage/facility.html" "Mozilla/5.0 (Macintosh; Intel Mac OS X 10_7_5) AppleWebKit/536.30.1 (KHTML, like Gecko) Version/6.0.5 Safari/536.30.1"
68.107.123.1 - - [18/Aug/2013:03:40:07 -0400] "GET /images/media_snd.gif HTTP/1.1" 200 1379 "http://www.pharoahaudio.com/dialogcleanupexample.html" "Mozilla/5.0 (Macintosh; Intel Mac OS X 10_7_5) AppleWebKit/536.30.1 (KHTML, like Gecko) Version/6.0.5 Safari/536.30.1"
157.55.33.24 - - [18/Aug/2013:04:24:40 -0400] "GET /scripts/user.js HTTP/1.1" 200 23762 "-" "Mozilla/5.0 (compatible; bingbot/2.0; +http://www.bing.com/bingbot.htm)"
188.143.234.127 - - [18/Aug/2013:01:38:57 -0400] "GET /soundhomepage/aboutrichardfairbanks.html HTTP/1.1" 200 14943 "-" "Mozilla/4.0 (compatible; MSIE 6.0; Windows NT 5.1; SV1)"
188.143.234.127 - - [18/Aug/2013:01:39:02 -0400] "GET /soundhomepage/audioclips.html HTTP/1.1" 200 18078 "-" "Mozilla/4.0 (compatible; MSIE 6.0; Windows NT 5.1; SV1)"
188.143.234.127 - - [18/Aug/2013:01:39:30 -0400] "GET /contact.html HTTP/1.1" 200 13135 "-" "Mozilla/4.0 (compatible; MSIE 6.0; Windows NT 5.1; SV1)"
94.125.216.16 - - [18/Aug/2013:10:28:01 -0400] "GET /scripts/template.css HTTP/1.1" 200 11360 "http://www.pharoahaudio.com/tweeterfixpart2.html" "Mozilla/5.0 (iPad; CPU OS 6_1_3 like Mac OS X) AppleWebKit/536.26 (KHTML, like Gecko) Version/6.0 Mobile/10B329 Safari/8536.25"
94.125.216.16 - - [18/Aug/2013:10:28:02 -0400] "GET /images/432_T7_fingerprints.jpg HTTP/1.1" 200 21034 "http://www.pharoahaudio.com/tweeterfixpart2.html" "Mozilla/5.0 (iPad; CPU OS 6_1_3 like Mac OS X) AppleWebKit/536.26 (KHTML, like Gecko) Version/6.0 Mobile/10B329 Safari/8536.25"
208.43.225.84 - - [18/Aug/2013:10:33:52 -0400] "GET /robots.txt HTTP/1.1" 200 25 "-" "Mozilla/5.0 (compatible; SiteExplorer/1.0b; +http://siteexplorer.info/)"
193.252.149.15 - - [18/Aug/2013:10:53:09 -0400] "GET /legacyproductinformatio/synflash.html HTTP/1.1" 200 32246 "-" "Mozilla/5.0 (Windows; U; Windows NT 5.1; fr; rv:1.8.1) VoilaBot BETA 1.2 (support.voilabot@orange-ftgroup.com)"
68.102.60.18 - - [18/Aug/2013:22:37:57 -0400] "GET /scripts/526567custom.css HTTP/1.1" 200 3499 "http://www.pharoahaudio.com/ideviceapp.html" "Mozilla/5.0 (iPhone; CPU iPhone OS 6_1_4 like Mac OS X) AppleWebKit/536.26 (KHTML, like Gecko) Version/6.0 Mobile/10B350 Safari/8536.25"
68.102.60.18 - - [18/Aug/2013:22:37:57 -0400] "GET /images/hand_left_blue.gif HTTP/1.1" 200 932 "http://www.pharoahaudio.com/ideviceapp.html" "Mozilla/5.0 (iPhone; CPU iPhone OS 6_1_4 like Mac OS X) AppleWebKit/536.26 (KHTML, like Gecko) Version/6.0 Mobile/10B350 Safari/8536.25"
65.55.213.68 - - [18/Aug/2013:12:37:37 -0400] "GET /syncheckproducthomepage/dvd.html HTTP/1.1" 200 11942 "-" "msnbot/2.0b (+http://search.msn.com/msnbot.htm)"
46.4.25.85 - - [18/Aug/2013:15:10:41 -0400] "GET /images/359_Richard_Fairbanks.JPG HTTP/1.0" 200 20024 "-" "-"
186.148.151.10 - - [18/Aug/2013:16:48:06 -0400] "GET /radiola26part7.html HTTP/1.1" 200 26077 "http://www.pharoahaudio.com/radiola26part6.html" "Mozilla/5.0 (Windows NT 6.1) AppleWebKit/537.36 (KHTML, like Gecko) Chrome/28.0.1500.95 Safari/537.36"
186.148.151.10 - - [18/Aug/2013:16:48:07 -0400] "GET /favicon.ico HTTP/1.1" 404 575 "-" "Mozilla/5.0 (Windows NT 6.1) AppleWebKit/537.36 (KHTML, like Gecko) Chrome/28.0.1500.95 Safari/537.36"
98.14.251.174 - - [18/Aug/2013:19:39:52 -0400] "GET /images/432_R26_15_ready_to_melt1.JPG HTTP/1.1" 200 25969 "http://www.pharoahaudio.com/radiola26part4.html" "Mozilla/5.0 (Windows NT 6.0; rv:22.0) Gecko/20100101 Firefox/22.0"
68.107.123.1 - - [18/Aug/2013:03:40:11 -0400] "GET /images/micSpits_original.mp3 HTTP/1.1" 200 118766 "http://www.pharoahaudio.com/dialogcleanupexample.html" "Mozilla/5.0 (Macintosh; Intel Mac OS X 10_7_5) AppleWebKit/536.30.1 (KHTML, like Gecko) Version/6.0.5 Safari/536.30.1"
157.55.35.43 - - [18/Aug/2013:04:17:28 -0400] "GET / HTTP/1.1" 200 14579 "-" "Mozilla/5.0 (compatible; bingbot/2.0; +http://www.bing.com/bingbot.htm)"
166.78.191.87 - - [18/Aug/2013:06:28:35 -0400] "GET /legacyproductinformatio/originalsyncheck.html HTTP/1.1" 200 15206 "http://www.pharoahaudio.com/" "Mozilla/5.0 (Macintosh; Intel Mac OS X 10_8_3) AppleWebKit/537.36 (KHTML, like Gecko) Chrome/27.0.1453.116 Safari/537.36"
65.55.213.68 - - [18/Aug/2013:12:37:33 -0400] "GET /syncheckproducthomepage/downloads.html HTTP/1.1" 200 24106 "-" "msnbot/2.0b (+http://search.msn.com/msnbot.htm)"
186.148.159.129 - - [18/Aug/2013:16:46:44 -0400] "GET /images/432_R26_05_loop_wired_top.JPG HTTP/1.1" 200 28676 "http://www.pharoahaudio.com/radiola26part2.html" "Mozilla/5.0 (Windows NT 6.1) AppleWebKit/537.36 (KHTML, like Gecko) Chrome/28.0.1500.95 Safari/537.36"
186.148.151.129 - - [18/Aug/2013:16:47:27 -0400] "GET /images/432_R26_24_bypass_reinstalled.JPG HTTP/1.1" 200 26120 "http://www.pharoahaudio.com/radiola26part5.html" "Mozilla/5.0 (Windows NT 6.1) AppleWebKit/537.36 (KHTML, like Gecko) Chrome/28.0.1500.95 Safari/537.36"
192.96.204.42 - - [18/Aug/2013:09:27:13 -0400] "GET /robots.txt HTTP/1.1" 200 25 "http://domainsigma.com/whois/pharoaheditorial.com" "Mozilla/4.0 (compatible; MSIE 5.5; Windows NT)"
192.96.204.42 - - [18/Aug/2013:09:27:14 -0400] "GET /favicon.ico HTTP/1.1" 404 575 "-" "Mozilla/4.0 (compatible; MSIE 5.5; Windows NT)"
208.83.156.149 - - [18/Aug/2013:11:14:09 -0400] "GET /scripts/526497custom.css HTTP/1.1" 200 1814 "-" "Mozilla/5.0 (compatible; FatBot 2.0; http://www.thefind.com/crawler)"
98.14.251.174 - - [18/Aug/2013:19:39:23 -0400] "GET / HTTP/1.1" 200 14579 "-" "Mozilla/5.0 (Windows NT 6.0; rv:22.0) Gecko/20100101 Firefox/22.0"
98.14.251.174 - - [18/Aug/2013:19:39:24 -0400] "GET /scripts/ic_globals_published.js HTTP/1.1" 200 566 "http://www.pharoahaudio.com/" "Mozilla/5.0 (Windows NT 6.0; rv:22.0) Gecko/20100101 Firefox/22.0"
98.14.251.174 - - [18/Aug/2013:19:39:24 -0400] "GET /scripts/photoalbum.js HTTP/1.1" 200 62481 "http://www.pharoahaudio.com/" "Mozilla/5.0 (Windows NT 6.0; rv:22.0) Gecko/20100101 Firefox/22.0"
98.14.251.174 - - [18/Aug/2013:19:39:24 -0400] "GET /scripts/icwebsiteelement.css HTTP/1.1" 200 8132 "http://www.pharoahaudio.com/" "Mozilla/5.0 (Windows NT 6.0; rv:22.0) Gecko/20100101 Firefox/22.0"
98.14.251.174 - - [18/Aug/2013:19:39:24 -0400] "GET /images/150_Radiola_26.jpg HTTP/1.1" 200 4013 "http://www.pharoahaudio.com/" "Mozilla/5.0 (Windows NT 6.0; rv:22.0) Gecko/20100101 Firefox/22.0"
98.14.251.174 - - [18/Aug/2013:19:39:47 -0400] "GET /images/350_R26_12B_osc_coils.JPG HTTP/1.1" 200 17928 "http://www.pharoahaudio.com/radiola26part3.html" "Mozilla/5.0 (Windows NT 6.0; rv:22.0) Gecko/20100101 Firefox/22.0"
98.14.251.174 - - [18/Aug/2013:19:43:49 -0400] "GET /radiola26part6.html HTTP/1.1" 200 28375 "http://www.pharoahaudio.com/radiola26part5.html" "Mozilla/5.0 (Windows NT 6.0; rv:22.0) Gecko/20100101 Firefox/22.0"
98.14.251.174 - - [18/Aug/2013:19:43:49 -0400] "GET /images/432_R26_27_order_form.JPG HTTP/1.1" 200 36814 "http://www.pharoahaudio.com/radiola26part6.html" "Mozilla/5.0 (Windows NT 6.0; rv:22.0) Gecko/20100101 Firefox/22.0"
98.14.251.174 - - [18/Aug/2013:19:45:11 -0400] "GET /radiola26part7.html HTTP/1.1" 200 26077 "http://www.pharoahaudio.com/radiola26part6.html" "Mozilla/5.0 (Windows NT 6.0; rv:22.0) Gecko/20100101 Firefox/22.0"
98.14.251.174 - - [18/Aug/2013:19:45:12 -0400] "GET /images/432_R26_35_almost_ready2.JPG HTTP/1.1" 200 28379 "http://www.pharoahaudio.com/radiola26part7.html" "Mozilla/5.0 (Windows NT 6.0; rv:22.0) Gecko/20100101 Firefox/22.0"
98.14.251.174 - - [18/Aug/2013:19:45:12 -0400] "GET /images/400_R26_37_finished_without_covers.JPG HTTP/1.1" 200 24300 "http://www.pharoahaudio.com/radiola26part7.html" "Mozilla/5.0 (Windows NT 6.0; rv:22.0) Gecko/20100101 Firefox/22.0"
220.181.89.166 - - [18/Aug/2013:20:16:47 -0400] "GET /robots.txt HTTP/1.1" 200 25 "-" "Sogou web spider/4.0"
68.107.123.1 - - [18/Aug/2013:03:40:31 -0400] "GET /images/micSpits_cleanup1.mp3 HTTP/1.1" 200 118766 "http://www.pharoahaudio.com/dialogcleanupexample.html" "Mozilla/5.0 (Macintosh; Intel Mac OS X 10_7_5) AppleWebKit/536.30.1 (KHTML, like Gecko) Version/6.0.5 Safari/536.30.1"
68.107.123.1 - - [18/Aug/2013:03:40:32 -0400] "GET /images/micSpits_cleanup1.mp3 HTTP/1.1" 206 2 "-" "AppleCoreMedia/1.0.0.11G63 (Macintosh; U; Intel Mac OS X 10_7_5; en_us)"
68.107.123.1 - - [18/Aug/2013:03:40:32 -0400] "GET /images/micSpits_cleanup1.mp3 HTTP/1.1" 206 118766 "-" "AppleCoreMedia/1.0.0.11G63 (Macintosh; U; Intel Mac OS X 10_7_5; en_us)"
66.249.72.72 - - [18/Aug/2013:04:39:58 -0400] "GET /fusex.html HTTP/1.1" 304 - "-" "Mozilla/5.0 (iPhone; U; CPU iPhone OS 4_1 like Mac OS X; en-us) AppleWebKit/532.9 (KHTML, like Gecko) Version/4.0.5 Mobile/8B117 Safari/6531.22.7 (compatible; Googlebot-Mobile/2.1; +http://www.google.com/bot.html)"
208.89.212.211 - - [18/Aug/2013:00:08:39 -0400] "GET /legacyproductinformatio/originalsyncheck.html HTTP/1.1" 200 15206 "http://www.pharoahaudio.com/" "Mozilla/5.0 (Windows NT 6.1; WOW64; rv:5.0) Gecko/20100101 Firefox/5.0"
72.208.114.149 - - [18/Aug/2013:00:25:46 -0400] "GET /scripts/icwebsiteelement.css HTTP/1.1" 200 8132 "http://www.pharoahaudio.com/mmloudness.html" "Mozilla/5.0 (Macintosh; Intel Mac OS X 10_7_5) AppleWebKit/536.30.1 (KHTML, like Gecko) Version/6.0.5 Safari/536.30.1"
72.208.114.149 - - [18/Aug/2013:00:25:47 -0400] "GET /images/deletekey_contrasted_narrow_featurephoto.jpg HTTP/1.1" 200 3702 "http://www.pharoahaudio.com/mmloudness.html" "Mozilla/5.0 (Macintosh; Intel Mac OS X 10_7_5) AppleWebKit/536.30.1 (KHTML, like Gecko) Version/6.0.5 Safari/536.30.1"
166.78.191.87 - - [18/Aug/2013:06:28:31 -0400] "GET /syncheckproducthomepage.html HTTP/1.1" 200 23731 "http://www.syncheck.com/" "Mozilla/5.0 (Macintosh; Intel Mac OS X 10_8_3) AppleWebKit/537.36 (KHTML, like Gecko) Chrome/27.0.1453.116 Safari/537.36"
199.30.16.29 - - [18/Aug/2013:07:44:01 -0400] "GET /robots.txt HTTP/1.1" 200 25 "-" "msnbot-media/1.1 (+http://search.msn.com/msnbot.htm)"
186.148.151.10 - - [18/Aug/2013:16:47:14 -0400] "GET /radiola26part4.html HTTP/1.1" 200 26882 "http://www.pharoahaudio.com/radiola26part3.html" "Mozilla/5.0 (Windows NT 6.1) AppleWebKit/537.36 (KHTML, like Gecko) Chrome/28.0.1500.95 Safari/537.36"
186.148.151.10 - - [18/Aug/2013:16:47:19 -0400] "GET /favicon.ico HTTP/1.1" 404 575 "-" "Mozilla/5.0 (Windows NT 6.1) AppleWebKit/537.36 (KHTML, like Gecko) Chrome/28.0.1500.95 Safari/537.36"
