0byt3m1n1
Path:
/
data
/
0
/
0
/
22
/
99
/
22588
/
meta
/
23067
/
logs
/
[
Home
]
File: x-access_log.2013-08-18
157.55.35.78 - - [18/Aug/2013:09:25:48 -0400] "GET /scripts/526533.css HTTP/1.1" 200 102 "-" "Mozilla/5.0 (compatible; bingbot/2.0; +http://www.bing.com/bingbot.htm)"
81.52.143.35 - - [18/Aug/2013:09:44:45 -0400] "GET /soundhomepage/portfolio.html HTTP/1.1" 200 41316 "-" "Mozilla/5.0 (Windows; U; Windows NT 5.1; fr; rv:1.8.1) VoilaBot BETA 1.2 (support.voilabot@orange-ftgroup.com)"
46.118.126.194 - - [18/Aug/2013:11:21:31 -0400] "GET /ptvideosyncstudy.html HTTP/1.1" 200 41918 "http://www.vmk-logistics.ru/" "Mozilla/4.0 (compatible; MSIE 6.0; Windows NT 5.1; FREE; .NET CLR 1.1.4322)"
208.115.113.82 - - [18/Aug/2013:18:32:20 -0400] "GET /soundhomepage/facility.html HTTP/1.1" 200 12409 "-" "Mozilla/5.0 (compatible; Ezooms/1.0; ezooms.bot@gmail.com)"
98.14.251.174 - - [18/Aug/2013:19:39:24 -0400] "GET /scripts/website.css HTTP/1.1" 200 1916 "http://www.pharoahaudio.com/" "Mozilla/5.0 (Windows NT 6.0; rv:22.0) Gecko/20100101 Firefox/22.0"
98.14.251.174 - - [18/Aug/2013:19:39:29 -0400] "GET /images/deletekey_contrasted_narrow_featurephoto.jpg HTTP/1.1" 200 3702 "http://www.pharoahaudio.com/scripts/website.css" "Mozilla/5.0 (Windows NT 6.0; rv:22.0) Gecko/20100101 Firefox/22.0"
98.14.251.174 - - [18/Aug/2013:19:39:31 -0400] "GET /scripts/526496.css HTTP/1.1" 200 102 "http://www.pharoahaudio.com/yeolderadiomuseum.html" "Mozilla/5.0 (Windows NT 6.0; rv:22.0) Gecko/20100101 Firefox/22.0"
98.14.251.174 - - [18/Aug/2013:19:39:52 -0400] "GET /images/432_R26_17_catacomb_melted.JPG HTTP/1.1" 200 27525 "http://www.pharoahaudio.com/radiola26part4.html" "Mozilla/5.0 (Windows NT 6.0; rv:22.0) Gecko/20100101 Firefox/22.0"
71.91.70.108 - - [18/Aug/2013:21:34:28 -0400] "GET /scripts/template.css HTTP/1.1" 200 11360 "http://www.pharoahaudio.com/ak55cpart1.html" "Mozilla/5.0 (compatible; MSIE 10.0; Windows Phone 8.0; Trident/6.0; IEMobile/10.0; ARM; Touch; NOKIA; Lumia 822)"
71.91.70.108 - - [18/Aug/2013:21:34:28 -0400] "GET /images/hand_left_blue.gif HTTP/1.1" 200 932 "http://www.pharoahaudio.com/ak55cpart1.html" "Mozilla/5.0 (compatible; MSIE 10.0; Windows Phone 8.0; Trident/6.0; IEMobile/10.0; ARM; Touch; NOKIA; Lumia 822)"
71.91.70.108 - - [18/Aug/2013:21:34:28 -0400] "GET /images/448_AK55-02.JPG HTTP/1.1" 200 26155 "http://www.pharoahaudio.com/ak55cpart1.html" "Mozilla/5.0 (compatible; MSIE 10.0; Windows Phone 8.0; Trident/6.0; IEMobile/10.0; ARM; Touch; NOKIA; Lumia 822)"
208.83.156.157 - - [18/Aug/2013:21:34:56 -0400] "GET /scripts/526535custom.css HTTP/1.1" 200 3846 "-" "Mozilla/5.0 (compatible; FatBot 2.0; http://www.thefind.com/crawler)"
68.107.123.1 - - [18/Aug/2013:03:39:29 -0400] "GET /scripts/website.css HTTP/1.1" 200 1916 "http://www.pharoahaudio.com/" "Mozilla/5.0 (Macintosh; Intel Mac OS X 10_7_5) AppleWebKit/536.30.1 (KHTML, like Gecko) Version/6.0.5 Safari/536.30.1"
68.107.123.1 - - [18/Aug/2013:03:39:29 -0400] "GET /scripts/photoalbum.js HTTP/1.1" 200 62481 "http://www.pharoahaudio.com/" "Mozilla/5.0 (Macintosh; Intel Mac OS X 10_7_5) AppleWebKit/536.30.1 (KHTML, like Gecko) Version/6.0.5 Safari/536.30.1"
68.107.123.1 - - [18/Aug/2013:03:39:30 -0400] "GET /images/150_Radiola_26.jpg HTTP/1.1" 200 4013 "http://www.pharoahaudio.com/" "Mozilla/5.0 (Macintosh; Intel Mac OS X 10_7_5) AppleWebKit/536.30.1 (KHTML, like Gecko) Version/6.0.5 Safari/536.30.1"
119.147.146.118 - - [18/Aug/2013:06:43:23 -0400] "GET /syncheckproduct...%c2%a02013-8-1%c2%a0 HTTP/1.1" 404 575 "-" "Mozilla/4.0 (compatible; MSIE 6.0; Windows NT 5.1; SV1; .NET CLR 2.0.50727; MAXTHON 2.0)"
199.30.16.29 - - [18/Aug/2013:07:44:01 -0400] "GET /images/200_Makers_PBS_announce.jpg HTTP/1.1" 200 12511 "-" "msnbot-media/1.1 (+http://search.msn.com/msnbot.htm)"
68.38.206.45 - - [18/Aug/2013:13:53:00 -0400] "GET /images/540_T1_tweeter_unopened.jpg HTTP/1.1" 200 56975 "-" "Mozilla/5.0 (iPad; CPU OS 6_1_3 like Mac OS X) AppleWebKit/536.26 (KHTML, like Gecko) Version/6.0 Mobile/10B329 Safari/8536.25"
208.83.156.149 - - [18/Aug/2013:11:08:57 -0400] "GET /scripts/526523custom.css HTTP/1.1" 200 3168 "-" "Mozilla/5.0 (compatible; FatBot 2.0; http://www.thefind.com/crawler)"
98.14.251.174 - - [18/Aug/2013:19:39:24 -0400] "GET /scripts/template.css HTTP/1.1" 200 11360 "http://www.pharoahaudio.com/" "Mozilla/5.0 (Windows NT 6.0; rv:22.0) Gecko/20100101 Firefox/22.0"
98.14.251.174 - - [18/Aug/2013:19:39:24 -0400] "GET /images/92_Syncheck_graphic_wide.JPG HTTP/1.1" 200 1976 "http://www.pharoahaudio.com/" "Mozilla/5.0 (Windows NT 6.0; rv:22.0) Gecko/20100101 Firefox/22.0"
157.56.92.149 - - [18/Aug/2013:21:07:57 -0400] "GET /images/Syncheck3_user_manual_v1.01.pdf HTTP/1.1" 200 323329 "-" "Mozilla/5.0 (compatible; bingbot/2.0; +http://www.bing.com/bingbot.htm)"
68.102.60.18 - - [18/Aug/2013:22:37:17 -0400] "GET /scripts/ic_globals_published.js HTTP/1.1" 200 566 "http://www.pharoahaudio.com/syncheckproducthomepage.html" "Mozilla/5.0 (iPhone; CPU iPhone OS 6_1_4 like Mac OS X) AppleWebKit/536.26 (KHTML, like Gecko) Version/6.0 Mobile/10B350 Safari/8536.25"
68.102.60.18 - - [18/Aug/2013:22:37:17 -0400] "GET /scripts/526493custom.css HTTP/1.1" 200 3102 "http://www.pharoahaudio.com/syncheckproducthomepage.html" "Mozilla/5.0 (iPhone; CPU iPhone OS 6_1_4 like Mac OS X) AppleWebKit/536.26 (KHTML, like Gecko) Version/6.0 Mobile/10B350 Safari/8536.25"
68.102.60.18 - - [18/Aug/2013:22:37:17 -0400] "GET /scripts/icwebsiteelement.css HTTP/1.1" 200 8132 "http://www.pharoahaudio.com/syncheckproducthomepage.html" "Mozilla/5.0 (iPhone; CPU iPhone OS 6_1_4 like Mac OS X) AppleWebKit/536.26 (KHTML, like Gecko) Version/6.0 Mobile/10B350 Safari/8536.25"
208.83.156.115 - - [18/Aug/2013:22:52:58 -0400] "GET /scripts/526545custom.css HTTP/1.1" 200 2487 "-" "Mozilla/5.0 (compatible; FatBot 2.0; http://www.thefind.com/crawler)"
208.83.156.157 - - [18/Aug/2013:03:33:06 -0400] "GET /scripts/526532custom.css HTTP/1.1" 200 3170 "-" "Mozilla/5.0 (compatible; FatBot 2.0; http://www.thefind.com/crawler)"
208.83.156.153 - - [18/Aug/2013:03:36:22 -0400] "GET /scripts/526559custom.css HTTP/1.1" 200 2490 "-" "Mozilla/5.0 (compatible; FatBot 2.0; http://www.thefind.com/crawler)"
188.143.234.127 - - [18/Aug/2013:01:40:29 -0400] "GET /images/CommandZ_web.wmv HTTP/1.1" 200 15990018 "-" "Mozilla/4.0 (compatible; MSIE 6.0; Windows NT 5.1; SV1)"
65.55.213.69 - - [18/Aug/2013:12:37:05 -0400] "GET /news.html HTTP/1.1" 200 38070 "-" "msnbot/2.0b (+http://search.msn.com/msnbot.htm)"
65.55.213.68 - - [18/Aug/2013:12:37:30 -0400] "GET /syncheckproducthomepage/returnpolicy.html HTTP/1.1" 200 11495 "-" "msnbot/2.0b (+http://search.msn.com/msnbot.htm)"
173.192.235.226 - - [18/Aug/2013:13:13:36 -0400] "GET /robots.txt HTTP/1.1" 200 25 "-" "Mozilla/5.0 (compatible; SiteExplorer/1.0b; +http://siteexplorer.info/)"
180.76.5.55 - - [18/Aug/2013:09:22:43 -0400] "GET /scripts/526528custom.css HTTP/1.1" 200 1814 "-" "Mozilla/5.0 (compatible; Baiduspider/2.0; +http://www.baidu.com/search/spider.html)"
65.55.215.110 - - [18/Aug/2013:15:49:20 -0400] "GET /robots.txt HTTP/1.1" 200 25 "-" "msnbot-media/1.1 (+http://search.msn.com/msnbot.htm)"
208.83.156.156 - - [18/Aug/2013:17:57:45 -0400] "GET /scripts/526492custom.css HTTP/1.1" 200 2151 "-" "Mozilla/5.0 (compatible; FatBot 2.0; http://www.thefind.com/crawler)"
78.52.236.186 - - [18/Aug/2013:18:12:04 -0400] "GET /syncheckproducthomepage/buyonline.html HTTP/1.1" 200 10340 "http://www.pharoahaudio.com/syncheckproducthomepage/syncheck3.html" "Opera/9.80 (Windows NT 6.2; WOW64) Presto/2.12.388 Version/12.16"
98.14.251.174 - - [18/Aug/2013:19:39:34 -0400] "GET /images/Majestic_reversed_for_pages.jpg HTTP/1.1" 200 6769 "http://www.pharoahaudio.com/scripts/526496.css" "Mozilla/5.0 (Windows NT 6.0; rv:22.0) Gecko/20100101 Firefox/22.0"
98.14.251.174 - - [18/Aug/2013:19:39:34 -0400] "GET /images/photoalbum/photo_controlBG.jpg HTTP/1.1" 200 336 "http://www.pharoahaudio.com/scripts/icwebsiteelement.css" "Mozilla/5.0 (Windows NT 6.0; rv:22.0) Gecko/20100101 Firefox/22.0"
98.14.251.174 - - [18/Aug/2013:19:39:34 -0400] "GET /scripts/526530.css HTTP/1.1" 200 102 "http://www.pharoahaudio.com/radiola26part1.html" "Mozilla/5.0 (Windows NT 6.0; rv:22.0) Gecko/20100101 Firefox/22.0"
98.14.251.174 - - [18/Aug/2013:19:39:34 -0400] "GET /scripts/526530custom.css HTTP/1.1" 200 3504 "http://www.pharoahaudio.com/radiola26part1.html" "Mozilla/5.0 (Windows NT 6.0; rv:22.0) Gecko/20100101 Firefox/22.0"
98.14.251.174 - - [18/Aug/2013:19:39:34 -0400] "GET /images/800_Radiola_26_small_branded.jpg HTTP/1.1" 200 69343 "http://www.pharoahaudio.com/radiola26part1.html" "Mozilla/5.0 (Windows NT 6.0; rv:22.0) Gecko/20100101 Firefox/22.0"
98.14.251.174 - - [18/Aug/2013:19:39:40 -0400] "GET /images/432_R26_05_loop_wired_top.JPG HTTP/1.1" 200 28676 "http://www.pharoahaudio.com/radiola26part2.html" "Mozilla/5.0 (Windows NT 6.0; rv:22.0) Gecko/20100101 Firefox/22.0"
98.14.251.174 - - [18/Aug/2013:19:39:47 -0400] "GET /images/350_R26_12_hinges_repaired.JPG HTTP/1.1" 200 18919 "http://www.pharoahaudio.com/radiola26part3.html" "Mozilla/5.0 (Windows NT 6.0; rv:22.0) Gecko/20100101 Firefox/22.0"
98.14.251.174 - - [18/Aug/2013:19:41:45 -0400] "GET /images/432_R26_22_bypass_broken_tabs.JPG HTTP/1.1" 200 16076 "http://www.pharoahaudio.com/radiola26part5.html" "Mozilla/5.0 (Windows NT 6.0; rv:22.0) Gecko/20100101 Firefox/22.0"
208.83.156.116 - - [18/Aug/2013:20:53:11 -0400] "GET /scripts/526564custom.css HTTP/1.1" 200 1141 "-" "Mozilla/5.0 (compatible; FatBot 2.0; http://www.thefind.com/crawler)"
5.135.113.159 - - [18/Aug/2013:22:25:12 -0400] "GET /syncheckproducthomepage.html HTTP/1.1" 200 23731 "http://www.syncheck.com/" "Mozilla/5.0 (Macintosh; Intel Mac OS X 10_8_3) AppleWebKit/536.28.10 (KHTML, like Gecko) Version/6.0.3 Safari/536.28.10"
68.102.60.18 - - [18/Aug/2013:22:37:27 -0400] "GET /images/100_Syncheck_graphic_wide.JPG HTTP/1.1" 200 2076 "http://www.pharoahaudio.com/syncheckproducthomepage.html" "Mozilla/5.0 (iPhone; CPU iPhone OS 6_1_4 like Mac OS X) AppleWebKit/536.26 (KHTML, like Gecko) Version/6.0 Mobile/10B350 Safari/8536.25"
68.102.60.18 - - [18/Aug/2013:22:37:29 -0400] "GET /scripts/print.css HTTP/1.1" 200 11209 "http://www.pharoahaudio.com/syncheckproducthomepage.html" "Mozilla/5.0 (iPhone; CPU iPhone OS 6_1_4 like Mac OS X) AppleWebKit/536.26 (KHTML, like Gecko) Version/6.0 Mobile/10B350 Safari/8536.25"
121.44.30.110 - - [18/Aug/2013:07:54:04 -0400] "GET /images/ic_002_body_bg.gif HTTP/1.1" 200 304 "http://www.pharoahaudio.com/scripts/template.css" "Mozilla/5.0 (Windows NT 6.1; rv:22.0) Gecko/20100101 Firefox/22.0"
121.44.30.110 - - [18/Aug/2013:07:54:04 -0400] "GET /images/Majestic_reversed_for_pages.jpg HTTP/1.1" 200 6769 "http://www.pharoahaudio.com/scripts/526525.css" "Mozilla/5.0 (Windows NT 6.1; rv:22.0) Gecko/20100101 Firefox/22.0"
98.14.251.174 - - [18/Aug/2013:19:41:45 -0400] "GET /scripts/526534custom.css HTTP/1.1" 200 2832 "http://www.pharoahaudio.com/radiola26part5.html" "Mozilla/5.0 (Windows NT 6.0; rv:22.0) Gecko/20100101 Firefox/22.0"
98.14.251.174 - - [18/Aug/2013:19:41:45 -0400] "GET /images/432_R26_24_bypass_reinstalled.JPG HTTP/1.1" 200 26120 "http://www.pharoahaudio.com/radiola26part5.html" "Mozilla/5.0 (Windows NT 6.0; rv:22.0) Gecko/20100101 Firefox/22.0"
204.236.226.210 - - [18/Aug/2013:20:46:31 -0400] "GET /robots.txt HTTP/1.0" 200 25 "-" "ia_archiver (+http://www.alexa.com/site/help/webmasters; crawler@alexa.com)"
66.249.72.72 - - [18/Aug/2013:22:12:26 -0400] "GET /scripts/template.css HTTP/1.1" 200 11360 "-" "Mozilla/5.0 (compatible; Googlebot/2.1; +http://www.google.com/bot.html)"
157.55.32.146 - - [18/Aug/2013:23:03:03 -0400] "GET /robots.txt HTTP/1.1" 200 25 "-" "Mozilla/5.0 (compatible; bingbot/2.0; +http://www.bing.com/bingbot.htm)"
108.62.151.238 - - [18/Aug/2013:09:03:29 -0400] "GET /syncheckproducthomepage.html HTTP/1.1" 200 23731 "-" "Opera/9.80 (Windows NT 6.2; Win64; x64) Presto/2.12.388 Version/12.15"
65.55.215.82 - - [18/Aug/2013:05:36:12 -0400] "GET /robots.txt HTTP/1.1" 200 25 "-" "msnbot-media/1.1 (+http://search.msn.com/msnbot.htm)"
78.29.243.6 - - [18/Aug/2013:16:37:12 -0400] "GET /scripts/template.css HTTP/1.1" 200 11360 "http://www.pharoahaudio.com/syncheckproducthomepage.html" "Mozilla/5.0 (Macintosh; Intel Mac OS X 10_8_4) AppleWebKit/536.30.1 (KHTML, like Gecko)"
78.29.243.6 - - [18/Aug/2013:16:37:12 -0400] "GET /images/292_SY3_tabletop2_straight.jpg HTTP/1.1" 200 20162 "http://www.pharoahaudio.com/syncheckproducthomepage.html" "Mozilla/5.0 (Macintosh; Intel Mac OS X 10_8_4) AppleWebKit/536.30.1 (KHTML, like Gecko)"
186.148.159.129 - - [18/Aug/2013:16:46:16 -0400] "GET /images/hand_left_blue.gif HTTP/1.1" 200 932 "http://www.pharoahaudio.com/radiola26part1.html" "Mozilla/5.0 (Windows NT 6.1) AppleWebKit/537.36 (KHTML, like Gecko) Chrome/28.0.1500.95 Safari/537.36"
186.148.151.10 - - [18/Aug/2013:16:47:03 -0400] "GET /scripts/526532.css HTTP/1.1" 200 102 "http://www.pharoahaudio.com/radiola26part3.html" "Mozilla/5.0 (Windows NT 6.1) AppleWebKit/537.36 (KHTML, like Gecko) Chrome/28.0.1500.95 Safari/537.36"
208.83.156.159 - - [18/Aug/2013:07:25:17 -0400] "GET /scripts/526502custom.css HTTP/1.1" 200 1141 "-" "Mozilla/5.0 (compatible; FatBot 2.0; http://www.thefind.com/crawler)"
186.148.151.129 - - [18/Aug/2013:16:46:44 -0400] "GET /images/432_R26_06_loop_wired_bottom.JPG HTTP/1.1" 200 25391 "http://www.pharoahaudio.com/radiola26part2.html" "Mozilla/5.0 (Windows NT 6.1) AppleWebKit/537.36 (KHTML, like Gecko) Chrome/28.0.1500.95 Safari/537.36"
91.207.9.226 - - [18/Aug/2013:06:50:06 -0400] "GET /ptvideosyncstudy.html HTTP/1.1" 200 41918 "http://hdseven.ru/" "Mozilla/4.0 (compatible; MSIE 6.0; Windows NT 5.1; SV1; FunWebProducts; MRA 4.6 (build 01425); .NET CLR 1.1.4322; .NET CLR 2.0.50727)"
78.52.236.186 - - [18/Aug/2013:18:10:51 -0400] "GET /scripts/user.js HTTP/1.1" 200 23762 "http://www.pharoahaudio.com/syncheckproducthomepage/syncheck3.html" "Opera/9.80 (Windows NT 6.2; WOW64) Presto/2.12.388 Version/12.16"
78.52.236.186 - - [18/Aug/2013:18:10:51 -0400] "GET /scripts/526559custom.css HTTP/1.1" 200 2490 "http://www.pharoahaudio.com/syncheckproducthomepage/syncheck3.html" "Opera/9.80 (Windows NT 6.2; WOW64) Presto/2.12.388 Version/12.16"
123.151.148.188 - - [18/Aug/2013:18:30:15 -0400] "GET /images/100_Syncheck_graphic_wide.JPG HTTP/1.1" 200 2076 "http://www.pharoahaudio.com/" "Mozilla/5.0 (compatible; Sosospider/2.0; +http://help.soso.com/webspider.htm)"
98.14.251.174 - - [18/Aug/2013:19:39:29 -0400] "GET /images/ic_002_banner_bg_wide.jpg HTTP/1.1" 200 5805 "http://www.pharoahaudio.com/scripts/template.css" "Mozilla/5.0 (Windows NT 6.0; rv:22.0) Gecko/20100101 Firefox/22.0"
98.14.251.174 - - [18/Aug/2013:19:39:30 -0400] "GET /favicon.ico HTTP/1.1" 404 575 "-" "Mozilla/5.0 (Windows NT 6.0; rv:22.0) Gecko/20100101 Firefox/22.0"
98.14.251.174 - - [18/Aug/2013:19:39:31 -0400] "GET /yeolderadiomuseum.html HTTP/1.1" 200 42663 "http://www.pharoahaudio.com/" "Mozilla/5.0 (Windows NT 6.0; rv:22.0) Gecko/20100101 Firefox/22.0"
98.14.251.174 - - [18/Aug/2013:19:39:31 -0400] "GET /images/181_AK35_front_900_branded.jpg HTTP/1.1" 200 3289 "http://www.pharoahaudio.com/yeolderadiomuseum.html" "Mozilla/5.0 (Windows NT 6.0; rv:22.0) Gecko/20100101 Firefox/22.0"
98.14.251.174 - - [18/Aug/2013:19:39:31 -0400] "GET /images/photoalbum/button_photoPlay.jpg HTTP/1.1" 200 613 "http://www.pharoahaudio.com/yeolderadiomuseum.html" "Mozilla/5.0 (Windows NT 6.0; rv:22.0) Gecko/20100101 Firefox/22.0"
98.14.251.174 - - [18/Aug/2013:19:39:31 -0400] "GET /images/photoalbum/detail_close.jpg HTTP/1.1" 200 1095 "http://www.pharoahaudio.com/yeolderadiomuseum.html" "Mozilla/5.0 (Windows NT 6.0; rv:22.0) Gecko/20100101 Firefox/22.0"
98.14.251.174 - - [18/Aug/2013:19:39:31 -0400] "GET /images/photoalbum/button_photoSpeed2_ON.jpg HTTP/1.1" 200 492 "http://www.pharoahaudio.com/yeolderadiomuseum.html" "Mozilla/5.0 (Windows NT 6.0; rv:22.0) Gecko/20100101 Firefox/22.0"
98.14.251.174 - - [18/Aug/2013:19:39:32 -0400] "GET /images/480_Telephone_neckset_earpiece_1919.JPG HTTP/1.1" 200 17786 "http://www.pharoahaudio.com/yeolderadiomuseum.html" "Mozilla/5.0 (Windows NT 6.0; rv:22.0) Gecko/20100101 Firefox/22.0"
98.14.251.174 - - [18/Aug/2013:19:39:32 -0400] "GET /images/366_Grigsby_Grunow_Hinds_Majestic.jpg HTTP/1.1" 200 14824 "http://www.pharoahaudio.com/yeolderadiomuseum.html" "Mozilla/5.0 (Windows NT 6.0; rv:22.0) Gecko/20100101 Firefox/22.0"
98.14.251.174 - - [18/Aug/2013:19:39:32 -0400] "GET /images/480_Amer_Bosch_28_open.jpg HTTP/1.1" 200 37731 "http://www.pharoahaudio.com/yeolderadiomuseum.html" "Mozilla/5.0 (Windows NT 6.0; rv:22.0) Gecko/20100101 Firefox/22.0"
98.14.251.174 - - [18/Aug/2013:19:39:32 -0400] "GET /images/480_Sparton5218.JPG HTTP/1.1" 200 29409 "http://www.pharoahaudio.com/yeolderadiomuseum.html" "Mozilla/5.0 (Windows NT 6.0; rv:22.0) Gecko/20100101 Firefox/22.0"
98.14.251.174 - - [18/Aug/2013:19:39:33 -0400] "GET /images/480_Westinghouse_WR169_orig.jpg HTTP/1.1" 200 42320 "http://www.pharoahaudio.com/yeolderadiomuseum.html" "Mozilla/5.0 (Windows NT 6.0; rv:22.0) Gecko/20100101 Firefox/22.0"
98.14.251.174 - - [18/Aug/2013:19:39:33 -0400] "GET /images/480_RCA_56X.jpg HTTP/1.1" 200 17302 "http://www.pharoahaudio.com/yeolderadiomuseum.html" "Mozilla/5.0 (Windows NT 6.0; rv:22.0) Gecko/20100101 Firefox/22.0"
98.14.251.174 - - [18/Aug/2013:19:39:33 -0400] "GET /images/480_Philco_49-607_rolltop_combo.JPG HTTP/1.1" 200 24389 "http://www.pharoahaudio.com/yeolderadiomuseum.html" "Mozilla/5.0 (Windows NT 6.0; rv:22.0) Gecko/20100101 Firefox/22.0"
98.14.251.174 - - [18/Aug/2013:19:39:33 -0400] "GET /images/480_Motorola_51M1U_battery_AC_1951_OpCl.jpg HTTP/1.1" 200 24084 "http://www.pharoahaudio.com/yeolderadiomuseum.html" "Mozilla/5.0 (Windows NT 6.0; rv:22.0) Gecko/20100101 Firefox/22.0"
98.14.251.174 - - [18/Aug/2013:19:39:33 -0400] "GET /images/480_Zenith_H511_Consoletone.JPG HTTP/1.1" 200 18427 "http://www.pharoahaudio.com/yeolderadiomuseum.html" "Mozilla/5.0 (Windows NT 6.0; rv:22.0) Gecko/20100101 Firefox/22.0"
98.14.251.174 - - [18/Aug/2013:19:39:33 -0400] "GET /images/398_Tower_6157_Geiger_Counter.JPG HTTP/1.1" 200 27494 "http://www.pharoahaudio.com/yeolderadiomuseum.html" "Mozilla/5.0 (Windows NT 6.0; rv:22.0) Gecko/20100101 Firefox/22.0"
98.14.251.174 - - [18/Aug/2013:19:39:33 -0400] "GET /images/94_Telephone_neckset_earpiece_1919.JPG HTTP/1.1" 200 2323 "http://www.pharoahaudio.com/yeolderadiomuseum.html" "Mozilla/5.0 (Windows NT 6.0; rv:22.0) Gecko/20100101 Firefox/22.0"
98.14.251.174 - - [18/Aug/2013:19:39:33 -0400] "GET /images/94_Crystal_Whisker_Set_early_20s.JPG HTTP/1.1" 200 2213 "http://www.pharoahaudio.com/yeolderadiomuseum.html" "Mozilla/5.0 (Windows NT 6.0; rv:22.0) Gecko/20100101 Firefox/22.0"
98.14.251.174 - - [18/Aug/2013:19:39:33 -0400] "GET /images/94_Radiola_26_small_branded.jpg HTTP/1.1" 200 2231 "http://www.pharoahaudio.com/yeolderadiomuseum.html" "Mozilla/5.0 (Windows NT 6.0; rv:22.0) Gecko/20100101 Firefox/22.0"
98.14.251.174 - - [18/Aug/2013:19:39:33 -0400] "GET /images/94_Lektophone_speaker.jpg HTTP/1.1" 200 3100 "http://www.pharoahaudio.com/yeolderadiomuseum.html" "Mozilla/5.0 (Windows NT 6.0; rv:22.0) Gecko/20100101 Firefox/22.0"
98.14.251.174 - - [18/Aug/2013:19:39:33 -0400] "GET /images/78_Bosch_Model_28_with_AmplionAR19.jpg HTTP/1.1" 200 2655 "http://www.pharoahaudio.com/yeolderadiomuseum.html" "Mozilla/5.0 (Windows NT 6.0; rv:22.0) Gecko/20100101 Firefox/22.0"
98.14.251.174 - - [18/Aug/2013:19:39:33 -0400] "GET /images/70_GE_K105.jpg HTTP/1.1" 200 2893 "http://www.pharoahaudio.com/yeolderadiomuseum.html" "Mozilla/5.0 (Windows NT 6.0; rv:22.0) Gecko/20100101 Firefox/22.0"
98.14.251.174 - - [18/Aug/2013:19:39:34 -0400] "GET /images/94_Universal_4tube_branded.JPG HTTP/1.1" 200 3286 "http://www.pharoahaudio.com/yeolderadiomuseum.html" "Mozilla/5.0 (Windows NT 6.0; rv:22.0) Gecko/20100101 Firefox/22.0"
98.14.251.174 - - [18/Aug/2013:19:39:34 -0400] "GET /images/94_Sparton5218.JPG HTTP/1.1" 200 2536 "http://www.pharoahaudio.com/yeolderadiomuseum.html" "Mozilla/5.0 (Windows NT 6.0; rv:22.0) Gecko/20100101 Firefox/22.0"
98.14.251.174 - - [18/Aug/2013:19:39:34 -0400] "GET /images/94_GE_GD60.jpg HTTP/1.1" 200 3063 "http://www.pharoahaudio.com/yeolderadiomuseum.html" "Mozilla/5.0 (Windows NT 6.0; rv:22.0) Gecko/20100101 Firefox/22.0"
98.14.251.174 - - [18/Aug/2013:19:39:34 -0400] "GET /images/94_GM_985775_pocket_portable.jpg HTTP/1.1" 200 2851 "http://www.pharoahaudio.com/yeolderadiomuseum.html" "Mozilla/5.0 (Windows NT 6.0; rv:22.0) Gecko/20100101 Firefox/22.0"
98.14.251.174 - - [18/Aug/2013:19:39:34 -0400] "GET /images/94_Marconi_202.jpg HTTP/1.1" 200 2680 "http://www.pharoahaudio.com/yeolderadiomuseum.html" "Mozilla/5.0 (Windows NT 6.0; rv:22.0) Gecko/20100101 Firefox/22.0"
98.14.251.174 - - [18/Aug/2013:19:39:34 -0400] "GET /images/94_RCA_56X.jpg HTTP/1.1" 200 1934 "http://www.pharoahaudio.com/yeolderadiomuseum.html" "Mozilla/5.0 (Windows NT 6.0; rv:22.0) Gecko/20100101 Firefox/22.0"
98.14.251.174 - - [18/Aug/2013:19:39:34 -0400] "GET /images/94_Motorola_VT107.JPG HTTP/1.1" 200 2551 "http://www.pharoahaudio.com/yeolderadiomuseum.html" "Mozilla/5.0 (Windows NT 6.0; rv:22.0) Gecko/20100101 Firefox/22.0"
98.14.251.174 - - [18/Aug/2013:19:39:34 -0400] "GET /images/94_Zenith_H511_Consoletone.JPG HTTP/1.1" 200 2164 "http://www.pharoahaudio.com/yeolderadiomuseum.html" "Mozilla/5.0 (Windows NT 6.0; rv:22.0) Gecko/20100101 Firefox/22.0"
157.55.35.78 - - [18/Aug/2013:09:23:51 -0400] "GET /ak35repair3.html HTTP/1.1" 200 22318 "-" "Mozilla/5.0 (compatible; bingbot/2.0; +http://www.bing.com/bingbot.htm)"
157.55.33.24 - - [18/Aug/2013:09:32:25 -0400] "GET /scripts/526533custom.css HTTP/1.1" 200 4184 "-" "Mozilla/5.0 (compatible; bingbot/2.0; +http://www.bing.com/bingbot.htm)"
180.76.5.19 - - [18/Aug/2013:01:28:07 -0400] "GET /scripts/526502custom.css HTTP/1.1" 200 1141 "-" "Mozilla/5.0 (compatible; Baiduspider/2.0; +http://www.baidu.com/search/spider.html)"
65.55.213.68 - - [18/Aug/2013:12:37:21 -0400] "GET /legacyproductinformatio/sy2testimonials.html HTTP/1.1" 200 13495 "-" "msnbot/2.0b (+http://search.msn.com/msnbot.htm)"
220.181.89.166 - - [18/Aug/2013:21:07:31 -0400] "GET /syncheckproducthomepage.html HTTP/1.1" 200 23731 "-" "Sogou web spider/4.0(+http://www.sogou.com/docs/help/webmasters.htm#07)"
68.102.60.18 - - [18/Aug/2013:22:37:17 -0400] "GET /scripts/website.css HTTP/1.1" 200 1916 "http://www.pharoahaudio.com/syncheckproducthomepage.html" "Mozilla/5.0 (iPhone; CPU iPhone OS 6_1_4 like Mac OS X) AppleWebKit/536.26 (KHTML, like Gecko) Version/6.0 Mobile/10B350 Safari/8536.25"
75.80.37.51 - - [18/Aug/2013:23:40:17 -0400] "GET /scripts/photoalbum.js HTTP/1.1" 200 62481 "http://www.pharoahaudio.com/mmloudness.html" "Mozilla/5.0 (compatible; MSIE 10.0; Windows NT 6.1; WOW64; Trident/6.0)"
75.80.37.51 - - [18/Aug/2013:23:40:17 -0400] "GET /images/ic_002_body_bg.gif HTTP/1.1" 200 304 "http://www.pharoahaudio.com/mmloudness.html" "Mozilla/5.0 (compatible; MSIE 10.0; Windows NT 6.1; WOW64; Trident/6.0)"
68.107.123.1 - - [18/Aug/2013:03:41:04 -0400] "GET /images/181_T1_tweeter_unopened.jpg HTTP/1.1" 200 8783 "http://www.pharoahaudio.com/yeolderadiomuseum.html" "Mozilla/5.0 (Macintosh; Intel Mac OS X 10_7_5) AppleWebKit/536.30.1 (KHTML, like Gecko) Version/6.0.5 Safari/536.30.1"
68.107.123.1 - - [18/Aug/2013:03:41:04 -0400] "GET /images/photoalbum/button_photoSpeed1_ON.jpg HTTP/1.1" 200 476 "http://www.pharoahaudio.com/yeolderadiomuseum.html" "Mozilla/5.0 (Macintosh; Intel Mac OS X 10_7_5) AppleWebKit/536.30.1 (KHTML, like Gecko) Version/6.0.5 Safari/536.30.1"
68.107.123.1 - - [18/Aug/2013:03:41:04 -0400] "GET /images/216_Atwater_Kent_82_innards_orig.JPG HTTP/1.1" 200 12169 "http://www.pharoahaudio.com/yeolderadiomuseum.html" "Mozilla/5.0 (Macintosh; Intel Mac OS X 10_7_5) AppleWebKit/536.30.1 (KHTML, like Gecko) Version/6.0.5 Safari/536.30.1"
68.107.123.1 - - [18/Aug/2013:03:41:04 -0400] "GET /images/950_Crystal_Whisker_Set_early_20s.JPG HTTP/1.1" 200 55887 "http://www.pharoahaudio.com/yeolderadiomuseum.html" "Mozilla/5.0 (Macintosh; Intel Mac OS X 10_7_5) AppleWebKit/536.30.1 (KHTML, like Gecko) Version/6.0.5 Safari/536.30.1"
68.107.123.1 - - [18/Aug/2013:03:41:04 -0400] "GET /images/480_Radiola_26_small_branded.jpg HTTP/1.1" 200 26536 "http://www.pharoahaudio.com/yeolderadiomuseum.html" "Mozilla/5.0 (Macintosh; Intel Mac OS X 10_7_5) AppleWebKit/536.30.1 (KHTML, like Gecko) Version/6.0.5 Safari/536.30.1"
68.107.123.1 - - [18/Aug/2013:03:41:05 -0400] "GET /images/900_Lektophone_speaker.jpg HTTP/1.1" 200 98838 "http://www.pharoahaudio.com/yeolderadiomuseum.html" "Mozilla/5.0 (Macintosh; Intel Mac OS X 10_7_5) AppleWebKit/536.30.1 (KHTML, like Gecko) Version/6.0.5 Safari/536.30.1"
68.107.123.1 - - [18/Aug/2013:03:41:05 -0400] "GET /images/94_Amer_Bosch_28_open.jpg HTTP/1.1" 200 3202 "http://www.pharoahaudio.com/yeolderadiomuseum.html" "Mozilla/5.0 (Macintosh; Intel Mac OS X 10_7_5) AppleWebKit/536.30.1 (KHTML, like Gecko) Version/6.0.5 Safari/536.30.1"
68.107.123.1 - - [18/Aug/2013:03:41:05 -0400] "GET /images/360_GE_K105.jpg HTTP/1.1" 200 30923 "http://www.pharoahaudio.com/yeolderadiomuseum.html" "Mozilla/5.0 (Macintosh; Intel Mac OS X 10_7_5) AppleWebKit/536.30.1 (KHTML, like Gecko) Version/6.0.5 Safari/536.30.1"
121.44.30.110 - - [18/Aug/2013:07:53:59 -0400] "GET /ak35repair5.html HTTP/1.1" 200 21319 "http://www.google.com.au/url?sa=i&rct=j&q=&esrc=s&source=images&cd=&docid=DvkTqMBkM9Pv5M&tbnid=H8-uFhvOAMWr0M:&ved=0CAUQjRw&url=http%3A%2F%2Fwww.pharoahaudio.com%2Fak35repair5.html&ei=1rUQUo26EMGQkAX5koCwAg&bvm=bv.50768961,d.dGI&psig=AFQjCNFwMNcNIb5gJ78WB3BgybIAXQQUQg&ust=1376913207999074" "Mozilla/5.0 (Windows NT 6.1; rv:22.0) Gecko/20100101 Firefox/22.0"
121.44.30.110 - - [18/Aug/2013:07:54:00 -0400] "GET /scripts/print.css HTTP/1.1" 200 11209 "http://www.pharoahaudio.com/ak35repair5.html" "Mozilla/5.0 (Windows NT 6.1; rv:22.0) Gecko/20100101 Firefox/22.0"
78.52.236.186 - - [18/Aug/2013:18:10:51 -0400] "GET /scripts/template.css HTTP/1.1" 200 11360 "http://www.pharoahaudio.com/syncheckproducthomepage/syncheck3.html" "Opera/9.80 (Windows NT 6.2; WOW64) Presto/2.12.388 Version/12.16"
78.52.236.186 - - [18/Aug/2013:18:10:51 -0400] "GET /images/hand_left_blue.gif HTTP/1.1" 200 932 "http://www.pharoahaudio.com/syncheckproducthomepage/syncheck3.html" "Opera/9.80 (Windows NT 6.2; WOW64) Presto/2.12.388 Version/12.16"
78.52.236.186 - - [18/Aug/2013:18:12:04 -0400] "GET /scripts/526503custom.css HTTP/1.1" 200 1141 "http://www.pharoahaudio.com/syncheckproducthomepage/buyonline.html" "Opera/9.80 (Windows NT 6.2; WOW64) Presto/2.12.388 Version/12.16"
98.151.248.134 - - [18/Aug/2013:01:34:53 -0400] "GET /images/hand_left_blue.gif HTTP/1.1" 200 932 "http://www.pharoahaudio.com/syncheckproducthomepage/syncheck3.html" "Mozilla/5.0 (Macintosh; Intel Mac OS X 10.8; rv:23.0) Gecko/20100101 Firefox/23.0"
188.143.234.127 - - [18/Aug/2013:01:38:52 -0400] "GET /soundhomepage.html HTTP/1.1" 200 14579 "-" "Mozilla/4.0 (compatible; MSIE 6.0; Windows NT 5.1; SV1)"
46.118.126.194 - - [18/Aug/2013:11:21:38 -0400] "GET /ptvideosyncstudy.html HTTP/1.1" 200 41918 "http://soptv.ru/" "Mozilla/4.0 (compatible; MSIE 6.0; Windows NT 5.1; SV1; .NET CLR 1.1.4322; .NET CLR 2.0.50727)"
66.249.72.72 - - [18/Aug/2013:14:43:40 -0400] "GET /robots.txt HTTP/1.1" 200 25 "-" "Mozilla/5.0 (compatible; Googlebot/2.1; +http://www.google.com/bot.html)"
66.249.72.72 - - [18/Aug/2013:14:43:40 -0400] "GET /ideviceapp.html HTTP/1.1" 200 22676 "-" "SAMSUNG-SGH-E250/1.0 Profile/MIDP-2.0 Configuration/CLDC-1.1 UP.Browser/6.2.3.3.c.1.101 (GUI) MMP/2.0 (compatible; Googlebot-Mobile/2.1; +http://www.google.com/bot.html)"
193.252.118.176 - - [18/Aug/2013:13:48:00 -0400] "GET /robots.txt HTTP/1.1" 200 25 "-" "Mozilla/5.0 (Windows; U; Windows NT 5.1; fr; rv:1.8.1) VoilaBot BETA 1.2 (support.voilabot@orange-ftgroup.com)"
78.29.243.6 - - [18/Aug/2013:16:37:12 -0400] "GET /scripts/526493custom.css HTTP/1.1" 200 3102 "http://www.pharoahaudio.com/syncheckproducthomepage.html" "Mozilla/5.0 (Macintosh; Intel Mac OS X 10_8_4) AppleWebKit/536.30.1 (KHTML, like Gecko)"
78.29.243.6 - - [18/Aug/2013:16:37:12 -0400] "GET /images/250_SynFlash_New_in_boot.jpg HTTP/1.1" 200 7667 "http://www.pharoahaudio.com/syncheckproducthomepage.html" "Mozilla/5.0 (Macintosh; Intel Mac OS X 10_8_4) AppleWebKit/536.30.1 (KHTML, like Gecko)"
186.148.159.130 - - [18/Aug/2013:16:47:15 -0400] "GET /images/432_R26_15_ready_to_melt1.JPG HTTP/1.1" 200 25969 "http://www.pharoahaudio.com/radiola26part4.html" "Mozilla/5.0 (Windows NT 6.1) AppleWebKit/537.36 (KHTML, like Gecko) Chrome/28.0.1500.95 Safari/537.36"
186.148.151.131 - - [18/Aug/2013:16:47:27 -0400] "GET /images/432_R26_19_cat_reinstalled.JPG HTTP/1.1" 200 33024 "http://www.pharoahaudio.com/radiola26part5.html" "Mozilla/5.0 (Windows NT 6.1) AppleWebKit/537.36 (KHTML, like Gecko) Chrome/28.0.1500.95 Safari/537.36"
193.252.118.164 - - [18/Aug/2013:03:29:15 -0400] "GET /ptvideosyncstudy.html HTTP/1.1" 200 41918 "-" "Mozilla/5.0 (Windows; U; Windows NT 5.1; fr; rv:1.8.1) VoilaBot BETA 1.2 (support.voilabot@orange-ftgroup.com)"
123.125.71.78 - - [18/Aug/2013:00:02:06 -0400] "GET /images/hand_left_blue.gif HTTP/1.1" 200 932 "-" "Baiduspider-image+(+http://www.baidu.com/search/spider.htm)"
157.55.35.86 - - [18/Aug/2013:11:38:37 -0400] "GET /soundhomepage/audioclips.html HTTP/1.1" 200 18078 "-" "Mozilla/5.0 (compatible; bingbot/2.0; +http://www.bing.com/bingbot.htm)"
98.14.251.174 - - [18/Aug/2013:19:39:24 -0400] "GET /scripts/print.css HTTP/1.1" 200 11209 "http://www.pharoahaudio.com/" "Mozilla/5.0 (Windows NT 6.0; rv:22.0) Gecko/20100101 Firefox/22.0"
98.14.251.174 - - [18/Aug/2013:19:39:52 -0400] "GET /images/432_R26_16_ready_to_melt2.JPG HTTP/1.1" 200 28927 "http://www.pharoahaudio.com/radiola26part4.html" "Mozilla/5.0 (Windows NT 6.0; rv:22.0) Gecko/20100101 Firefox/22.0"
111.235.193.205 - - [18/Aug/2013:21:42:34 -0400] "GET /scripts/template.css HTTP/1.1" 200 11360 "http://www.pharoahaudio.com/syncheckproducthomepage/distributors.html" "Mozilla/5.0 (Windows NT 6.1; WOW64) AppleWebKit/537.36 (KHTML, like Gecko) Chrome/28.0.1500.95 Safari/537.36"
111.235.193.205 - - [18/Aug/2013:21:42:35 -0400] "GET /images/130_CyberFarm_bw.gif HTTP/1.1" 200 596 "http://www.pharoahaudio.com/syncheckproducthomepage/distributors.html" "Mozilla/5.0 (Windows NT 6.1; WOW64) AppleWebKit/537.36 (KHTML, like Gecko) Chrome/28.0.1500.95 Safari/537.36"
111.235.193.205 - - [18/Aug/2013:21:42:35 -0400] "GET /images/181_SMM.jpg HTTP/1.1" 200 3096 "http://www.pharoahaudio.com/syncheckproducthomepage/distributors.html" "Mozilla/5.0 (Windows NT 6.1; WOW64) AppleWebKit/537.36 (KHTML, like Gecko) Chrome/28.0.1500.95 Safari/537.36"
111.235.193.205 - - [18/Aug/2013:21:42:36 -0400] "GET /images/131_Flag_UK.jpg HTTP/1.1" 200 3692 "http://www.pharoahaudio.com/syncheckproducthomepage/distributors.html" "Mozilla/5.0 (Windows NT 6.1; WOW64) AppleWebKit/537.36 (KHTML, like Gecko) Chrome/28.0.1500.95 Safari/537.36"
78.52.236.186 - - [18/Aug/2013:18:10:51 -0400] "GET /scripts/ic_globals_published.js HTTP/1.1" 200 566 "http://www.pharoahaudio.com/syncheckproducthomepage/syncheck3.html" "Opera/9.80 (Windows NT 6.2; WOW64) Presto/2.12.388 Version/12.16"
78.52.236.186 - - [18/Aug/2013:18:10:51 -0400] "GET /scripts/print.css HTTP/1.1" 200 11209 "http://www.pharoahaudio.com/syncheckproducthomepage/syncheck3.html" "Opera/9.80 (Windows NT 6.2; WOW64) Presto/2.12.388 Version/12.16"
98.14.251.174 - - [18/Aug/2013:19:39:31 -0400] "GET /images/170_AK55C_refinished_front.JPG HTTP/1.1" 200 7480 "http://www.pharoahaudio.com/yeolderadiomuseum.html" "Mozilla/5.0 (Windows NT 6.0; rv:22.0) Gecko/20100101 Firefox/22.0"
98.14.251.174 - - [18/Aug/2013:19:39:31 -0400] "GET /images/photoalbum/button_photoLast.jpg HTTP/1.1" 200 637 "http://www.pharoahaudio.com/yeolderadiomuseum.html" "Mozilla/5.0 (Windows NT 6.0; rv:22.0) Gecko/20100101 Firefox/22.0"
98.14.251.174 - - [18/Aug/2013:19:39:31 -0400] "GET /images/162_Atwater_Kent_Model_82_case_unfinished.JPG HTTP/1.1" 200 7698 "http://www.pharoahaudio.com/yeolderadiomuseum.html" "Mozilla/5.0 (Windows NT 6.0; rv:22.0) Gecko/20100101 Firefox/22.0"
98.14.251.174 - - [18/Aug/2013:19:39:32 -0400] "GET /images/480_Radiola_26_small_branded.jpg HTTP/1.1" 200 26536 "http://www.pharoahaudio.com/yeolderadiomuseum.html" "Mozilla/5.0 (Windows NT 6.0; rv:22.0) Gecko/20100101 Firefox/22.0"
98.14.251.174 - - [18/Aug/2013:19:39:32 -0400] "GET /images/480_GE_GD60.jpg HTTP/1.1" 200 37777 "http://www.pharoahaudio.com/yeolderadiomuseum.html" "Mozilla/5.0 (Windows NT 6.0; rv:22.0) Gecko/20100101 Firefox/22.0"
98.14.251.174 - - [18/Aug/2013:19:41:45 -0400] "GET /images/432_R26_21_tuning_gears2.JPG HTTP/1.1" 200 19750 "http://www.pharoahaudio.com/radiola26part5.html" "Mozilla/5.0 (Windows NT 6.0; rv:22.0) Gecko/20100101 Firefox/22.0"
199.30.16.4 - - [18/Aug/2013:20:43:00 -0400] "GET /robots.txt HTTP/1.1" 200 25 "-" "msnbot-media/1.1 (+http://search.msn.com/msnbot.htm)"
65.55.213.68 - - [18/Aug/2013:12:37:39 -0400] "GET /legacyproductinformatio/synflash.html HTTP/1.1" 200 32246 "-" "msnbot/2.0b (+http://search.msn.com/msnbot.htm)"
68.38.206.45 - - [18/Aug/2013:13:48:42 -0400] "GET /images/432_T5_open_tweeter_parts.jpg HTTP/1.1" 200 15870 "-" "Mozilla/5.0 (iPad; CPU OS 6_1_3 like Mac OS X) AppleWebKit/536.26 (KHTML, like Gecko) Version/6.0 Mobile/10B329 Safari/8536.25"
65.55.215.108 - - [18/Aug/2013:14:13:52 -0400] "GET /robots.txt HTTP/1.1" 200 25 "-" "msnbot-media/1.1 (+http://search.msn.com/msnbot.htm)"
157.55.32.146 - - [18/Aug/2013:21:57:57 -0400] "GET /syncheckproducthomepage.html. HTTP/1.1" 404 575 "-" "Mozilla/5.0 (compatible; bingbot/2.0; +http://www.bing.com/bingbot.htm)"
97.64.182.206 - - [18/Aug/2013:22:50:29 -0400] "GET /images/432_T9_new_foam1.jpg HTTP/1.1" 200 21331 "-" "Mozilla/5.0 (Windows NT 6.1; WOW64; rv:23.0) Gecko/20100101 Firefox/23.0"
66.249.72.72 - - [18/Aug/2013:03:36:14 -0400] "GET /syncheckproducthomepage/buyonline.html HTTP/1.1" 304 - "-" "Mozilla/5.0 (iPhone; U; CPU iPhone OS 4_1 like Mac OS X; en-us) AppleWebKit/532.9 (KHTML, like Gecko) Version/4.0.5 Mobile/8B117 Safari/6531.22.7 (compatible; Googlebot-Mobile/2.1; +http://www.google.com/bot.html)"
208.83.156.153 - - [18/Aug/2013:00:34:03 -0400] "GET /scripts/526534custom.css HTTP/1.1" 200 2832 "-" "Mozilla/5.0 (compatible; FatBot 2.0; http://www.thefind.com/crawler)"
180.76.5.159 - - [18/Aug/2013:02:04:01 -0400] "GET /brokenlink.html HTTP/1.1" 200 8959 "-" "Mozilla/5.0 (compatible; Baiduspider/2.0; +http://www.baidu.com/search/spider.html)"
186.148.159.131 - - [18/Aug/2013:16:46:44 -0400] "GET /images/432_R26_04_loop_exposed_flat.JPG HTTP/1.1" 200 25897 "http://www.pharoahaudio.com/radiola26part2.html" "Mozilla/5.0 (Windows NT 6.1) AppleWebKit/537.36 (KHTML, like Gecko) Chrome/28.0.1500.95 Safari/537.36"
186.148.151.129 - - [18/Aug/2013:16:47:44 -0400] "GET /images/432_R26_28_make_pad1.JPG HTTP/1.1" 200 29768 "http://www.pharoahaudio.com/radiola26part6.html" "Mozilla/5.0 (Windows NT 6.1) AppleWebKit/537.36 (KHTML, like Gecko) Chrome/28.0.1500.95 Safari/537.36"
91.207.9.226 - - [18/Aug/2013:06:50:06 -0400] "GET /ptvideosyncstudy.html HTTP/1.1" 200 41918 "http://hdseven.ru/" "Mozilla/4.0 (compatible; MSIE 6.0; Windows NT 5.1; SV1; FunWebProducts; MRA 4.6 (build 01425); .NET CLR 1.1.4322; .NET CLR 2.0.50727)"
24.193.29.176 - - [18/Aug/2013:00:42:48 -0400] "GET /scripts/ic_globals_published.js HTTP/1.1" 200 566 "http://www.pharoahaudio.com/ptvideosyncstudy.html" "Mozilla/5.0 (Macintosh; Intel Mac OS X 10_6_8) AppleWebKit/537.36 (KHTML, like Gecko) Chrome/28.0.1500.95 Safari/537.36"
24.193.29.176 - - [18/Aug/2013:00:42:48 -0400] "GET /scripts/photoalbum.js HTTP/1.1" 200 62481 "http://www.pharoahaudio.com/ptvideosyncstudy.html" "Mozilla/5.0 (Macintosh; Intel Mac OS X 10_6_8) AppleWebKit/537.36 (KHTML, like Gecko) Chrome/28.0.1500.95 Safari/537.36"
24.193.29.176 - - [18/Aug/2013:00:42:48 -0400] "GET /scripts/print.css HTTP/1.1" 200 11209 "http://www.pharoahaudio.com/ptvideosyncstudy.html" "Mozilla/5.0 (Macintosh; Intel Mac OS X 10_6_8) AppleWebKit/537.36 (KHTML, like Gecko) Chrome/28.0.1500.95 Safari/537.36"
66.249.74.21 - - [18/Aug/2013:01:58:05 -0400] "GET /robots.txt HTTP/1.1" 200 25 "-" "Mozilla/5.0 (compatible; Googlebot/2.1; +http://www.google.com/bot.html)"
208.83.156.115 - - [18/Aug/2013:16:27:50 -0400] "GET /scripts/526542custom.css HTTP/1.1" 200 2488 "-" "Mozilla/5.0 (compatible; FatBot 2.0; http://www.thefind.com/crawler)"
186.148.151.10 - - [18/Aug/2013:16:46:22 -0400] "GET /favicon.ico HTTP/1.1" 404 575 "-" "Mozilla/5.0 (Windows NT 6.1) AppleWebKit/537.36 (KHTML, like Gecko) Chrome/28.0.1500.95 Safari/537.36"
186.148.151.10 - - [18/Aug/2013:16:46:44 -0400] "GET /scripts/526531.css HTTP/1.1" 200 102 "http://www.pharoahaudio.com/radiola26part2.html" "Mozilla/5.0 (Windows NT 6.1) AppleWebKit/537.36 (KHTML, like Gecko) Chrome/28.0.1500.95 Safari/537.36"
157.55.35.43 - - [18/Aug/2013:11:38:25 -0400] "GET /robots.txt HTTP/1.1" 200 25 "-" "Mozilla/5.0 (compatible; bingbot/2.0; +http://www.bing.com/bingbot.htm)"
208.83.156.116 - - [18/Aug/2013:18:18:41 -0400] "GET /scripts/526499custom.css HTTP/1.1" 200 5186 "-" "Mozilla/5.0 (compatible; FatBot 2.0; http://www.thefind.com/crawler)"
208.83.156.150 - - [18/Aug/2013:19:29:05 -0400] "GET /scripts/526541custom.css HTTP/1.1" 200 3499 "-" "Mozilla/5.0 (compatible; FatBot 2.0; http://www.thefind.com/crawler)"
31.148.246.52 - - [18/Aug/2013:07:38:31 -0400] "GET /contact.html HTTP/1.1" 200 13135 "-" "mozilla/3.0 (Windows NT 6.1; rv:2.0.1) Gecko/20100101 Firefox/5.0.1"
121.44.30.110 - - [18/Aug/2013:07:54:00 -0400] "GET /scripts/website.css HTTP/1.1" 200 1916 "http://www.pharoahaudio.com/ak35repair5.html" "Mozilla/5.0 (Windows NT 6.1; rv:22.0) Gecko/20100101 Firefox/22.0"
65.55.213.68 - - [18/Aug/2013:12:37:16 -0400] "GET /deliverables.html HTTP/1.1" 200 24741 "-" "msnbot/2.0b (+http://search.msn.com/msnbot.htm)"
111.235.193.205 - - [18/Aug/2013:21:42:34 -0400] "GET /scripts/photoalbum.js HTTP/1.1" 200 62481 "http://www.pharoahaudio.com/syncheckproducthomepage/distributors.html" "Mozilla/5.0 (Windows NT 6.1; WOW64) AppleWebKit/537.36 (KHTML, like Gecko) Chrome/28.0.1500.95 Safari/537.36"
111.235.193.205 - - [18/Aug/2013:21:42:36 -0400] "GET /images/ic_002_body_bg.gif HTTP/1.1" 200 304 "http://www.pharoahaudio.com/syncheckproducthomepage/distributors.html" "Mozilla/5.0 (Windows NT 6.1; WOW64) AppleWebKit/537.36 (KHTML, like Gecko) Chrome/28.0.1500.95 Safari/537.36"
208.83.156.115 - - [18/Aug/2013:22:47:19 -0400] "GET /robots.txt HTTP/1.1" 200 25 "-" "Mozilla/5.0 (compatible; FatBot 2.0; http://www.thefind.com/crawler)"
208.83.156.113 - - [18/Aug/2013:23:28:48 -0400] "GET /scripts/526494custom.css HTTP/1.1" 200 4508 "-" "Mozilla/5.0 (compatible; FatBot 2.0; http://www.thefind.com/crawler)"
75.80.37.51 - - [18/Aug/2013:23:40:17 -0400] "GET /scripts/ic_globals_published.js HTTP/1.1" 200 566 "http://www.pharoahaudio.com/mmloudness.html" "Mozilla/5.0 (compatible; MSIE 10.0; Windows NT 6.1; WOW64; Trident/6.0)"
75.80.37.51 - - [18/Aug/2013:23:40:17 -0400] "GET /scripts/print.css HTTP/1.1" 200 11209 "http://www.pharoahaudio.com/mmloudness.html" "Mozilla/5.0 (compatible; MSIE 10.0; Windows NT 6.1; WOW64; Trident/6.0)"
75.80.37.51 - - [18/Aug/2013:23:40:17 -0400] "GET /images/181_Syncheck_graphic_wide.JPG HTTP/1.1" 200 3445 "http://www.pharoahaudio.com/mmloudness.html" "Mozilla/5.0 (compatible; MSIE 10.0; Windows NT 6.1; WOW64; Trident/6.0)"
208.83.156.119 - - [18/Aug/2013:05:06:37 -0400] "GET /scripts/526553custom.css HTTP/1.1" 200 3835 "-" "Mozilla/5.0 (compatible; FatBot 2.0; http://www.thefind.com/crawler)"
98.14.251.174 - - [18/Aug/2013:19:39:40 -0400] "GET /scripts/526531.css HTTP/1.1" 200 102 "http://www.pharoahaudio.com/radiola26part2.html" "Mozilla/5.0 (Windows NT 6.0; rv:22.0) Gecko/20100101 Firefox/22.0"
98.14.251.174 - - [18/Aug/2013:19:39:40 -0400] "GET /images/432_R26_03_mounted_exposed.jpg HTTP/1.1" 200 30856 "http://www.pharoahaudio.com/radiola26part2.html" "Mozilla/5.0 (Windows NT 6.0; rv:22.0) Gecko/20100101 Firefox/22.0"
68.107.123.1 - - [18/Aug/2013:03:39:29 -0400] "GET /scripts/526509custom.css HTTP/1.1" 200 1746 "http://www.pharoahaudio.com/" "Mozilla/5.0 (Macintosh; Intel Mac OS X 10_7_5) AppleWebKit/536.30.1 (KHTML, like Gecko) Version/6.0.5 Safari/536.30.1"
68.107.123.1 - - [18/Aug/2013:03:39:30 -0400] "GET /images/92_Syncheck_graphic_wide.JPG HTTP/1.1" 200 1976 "http://www.pharoahaudio.com/" "Mozilla/5.0 (Macintosh; Intel Mac OS X 10_7_5) AppleWebKit/536.30.1 (KHTML, like Gecko) Version/6.0.5 Safari/536.30.1"
68.102.60.18 - - [18/Aug/2013:22:37:17 -0400] "GET /syncheckproducthomepage.html HTTP/1.1" 200 23731 "-" "Mozilla/5.0 (iPhone; CPU iPhone OS 6_1_4 like Mac OS X) AppleWebKit/536.26 (KHTML, like Gecko) Version/6.0 Mobile/10B350 Safari/8536.25"
75.80.37.51 - - [18/Aug/2013:23:40:17 -0400] "GET /scripts/template.css HTTP/1.1" 200 11360 "http://www.pharoahaudio.com/mmloudness.html" "Mozilla/5.0 (compatible; MSIE 10.0; Windows NT 6.1; WOW64; Trident/6.0)"
75.80.37.51 - - [18/Aug/2013:23:40:17 -0400] "GET /images/hand_left_blue.gif HTTP/1.1" 200 932 "http://www.pharoahaudio.com/mmloudness.html" "Mozilla/5.0 (compatible; MSIE 10.0; Windows NT 6.1; WOW64; Trident/6.0)"
75.80.37.51 - - [18/Aug/2013:23:40:17 -0400] "GET /images/deletekey_contrasted_narrow_featurephoto.jpg HTTP/1.1" 200 3702 "http://www.pharoahaudio.com/mmloudness.html" "Mozilla/5.0 (compatible; MSIE 10.0; Windows NT 6.1; WOW64; Trident/6.0)"
91.207.9.226 - - [18/Aug/2013:06:35:39 -0400] "GET /ptvideosyncstudy.html HTTP/1.1" 200 41918 "http://invetdollare.net/" "Mozilla/4.0 (compatible; MSIE 6.0; Windows NT 5.1; SV1; FunWebProducts; MRA 4.6 (build 01425); .NET CLR 1.1.4322; .NET CLR 2.0.50727)"
208.83.156.152 - - [18/Aug/2013:07:02:02 -0400] "GET /scripts/526550custom.css HTTP/1.1" 200 3161 "-" "Mozilla/5.0 (compatible; FatBot 2.0; http://www.thefind.com/crawler)"
72.208.114.149 - - [18/Aug/2013:00:25:46 -0400] "GET /scripts/template.css HTTP/1.1" 200 11360 "http://www.pharoahaudio.com/mmloudness.html" "Mozilla/5.0 (Macintosh; Intel Mac OS X 10_7_5) AppleWebKit/536.30.1 (KHTML, like Gecko) Version/6.0.5 Safari/536.30.1"
72.208.114.149 - - [18/Aug/2013:00:25:47 -0400] "GET /images/ic_002_banner_bg_wide.jpg HTTP/1.1" 200 5805 "http://www.pharoahaudio.com/mmloudness.html" "Mozilla/5.0 (Macintosh; Intel Mac OS X 10_7_5) AppleWebKit/536.30.1 (KHTML, like Gecko) Version/6.0.5 Safari/536.30.1"
98.151.248.134 - - [18/Aug/2013:01:33:55 -0400] "GET /syncheckproducthomepage.html HTTP/1.1" 200 23731 "http://www.avid.com/US/products/icon-d-command-es" "Mozilla/5.0 (Macintosh; Intel Mac OS X 10.8; rv:23.0) Gecko/20100101 Firefox/23.0"
98.151.248.134 - - [18/Aug/2013:01:33:55 -0400] "GET /scripts/photoalbum.js HTTP/1.1" 200 62481 "http://www.pharoahaudio.com/syncheckproducthomepage.html" "Mozilla/5.0 (Macintosh; Intel Mac OS X 10.8; rv:23.0) Gecko/20100101 Firefox/23.0"
98.151.248.134 - - [18/Aug/2013:01:33:55 -0400] "GET /scripts/print.css HTTP/1.1" 200 11209 "http://www.pharoahaudio.com/syncheckproducthomepage.html" "Mozilla/5.0 (Macintosh; Intel Mac OS X 10.8; rv:23.0) Gecko/20100101 Firefox/23.0"
98.151.248.134 - - [18/Aug/2013:01:33:55 -0400] "GET /images/300_SY3_handheld_toward_tv.jpg HTTP/1.1" 200 10416 "http://www.pharoahaudio.com/syncheckproducthomepage.html" "Mozilla/5.0 (Macintosh; Intel Mac OS X 10.8; rv:23.0) Gecko/20100101 Firefox/23.0"
98.151.248.134 - - [18/Aug/2013:01:33:55 -0400] "GET /images/ic_002_body_bg.gif HTTP/1.1" 200 304 "http://www.pharoahaudio.com/scripts/template.css" "Mozilla/5.0 (Macintosh; Intel Mac OS X 10.8; rv:23.0) Gecko/20100101 Firefox/23.0"
98.151.248.134 - - [18/Aug/2013:01:33:56 -0400] "GET /favicon.ico HTTP/1.1" 404 575 "-" "Mozilla/5.0 (Macintosh; Intel Mac OS X 10.8; rv:23.0) Gecko/20100101 Firefox/23.0"
188.143.234.127 - - [18/Aug/2013:01:39:54 -0400] "GET /images/Gen911_web.wmv HTTP/1.1" 200 21086285 "-" "Mozilla/4.0 (compatible; MSIE 6.0; Windows NT 5.1; SV1)"
94.125.216.16 - - [18/Aug/2013:10:28:01 -0400] "GET /scripts/website.css HTTP/1.1" 200 1916 "http://www.pharoahaudio.com/tweeterfixpart2.html" "Mozilla/5.0 (iPad; CPU OS 6_1_3 like Mac OS X) AppleWebKit/536.26 (KHTML, like Gecko) Version/6.0 Mobile/10B329 Safari/8536.25"
199.30.16.4 - - [18/Aug/2013:11:57:27 -0400] "GET /images/181_SynFlash_Black_table_cable_R.jpg HTTP/1.1" 200 5521 "-" "msnbot-media/1.1 (+http://search.msn.com/msnbot.htm)"
65.55.215.90 - - [18/Aug/2013:12:13:09 -0400] "GET /images/photoalbum/button_photoNext.jpg HTTP/1.1" 200 662 "-" "msnbot-media/1.1 (+http://search.msn.com/msnbot.htm)"
208.83.156.117 - - [18/Aug/2013:09:30:10 -0400] "GET /scripts/526516custom.css HTTP/1.1" 200 1476 "-" "Mozilla/5.0 (compatible; FatBot 2.0; http://www.thefind.com/crawler)"
199.30.16.4 - - [18/Aug/2013:11:57:27 -0400] "GET /robots.txt HTTP/1.1" 200 25 "-" "msnbot-media/1.1 (+http://search.msn.com/msnbot.htm)"
46.119.118.152 - - [18/Aug/2013:07:26:11 -0400] "GET /ptvideosyncstudy.html HTTP/1.1" 200 41918 "http://komputernaya-pomosh-moscow.ru/" "Mozilla/4.0 (compatible; MSIE 6.0; Windows NT 5.1; FREE; .NET CLR 1.1.4322)"
121.44.30.110 - - [18/Aug/2013:07:54:00 -0400] "GET /scripts/icwebsiteelement.css HTTP/1.1" 200 8132 "http://www.pharoahaudio.com/ak35repair5.html" "Mozilla/5.0 (Windows NT 6.1; rv:22.0) Gecko/20100101 Firefox/22.0"
166.78.191.87 - - [18/Aug/2013:20:13:14 -0400] "GET /legacyproductinformatio/originalsyncheck.html HTTP/1.1" 200 15206 "http://www.pharoahaudio.com/" "Mozilla/5.0 (Windows NT 6.1) AppleWebKit/537.36 (KHTML, like Gecko) Chrome/28.0.1500.72 Safari/537.36"
208.83.156.116 - - [18/Aug/2013:20:48:39 -0400] "GET /robots.txt HTTP/1.1" 200 25 "-" "Mozilla/5.0 (compatible; FatBot 2.0; http://www.thefind.com/crawler)"
71.91.70.108 - - [18/Aug/2013:21:34:28 -0400] "GET /scripts/ic_globals_published.js HTTP/1.1" 200 566 "http://www.pharoahaudio.com/ak55cpart1.html" "Mozilla/5.0 (compatible; MSIE 10.0; Windows Phone 8.0; Trident/6.0; IEMobile/10.0; ARM; Touch; NOKIA; Lumia 822)"
71.91.70.108 - - [18/Aug/2013:21:34:28 -0400] "GET /scripts/user.js HTTP/1.1" 200 23762 "http://www.pharoahaudio.com/ak55cpart1.html" "Mozilla/5.0 (compatible; MSIE 10.0; Windows Phone 8.0; Trident/6.0; IEMobile/10.0; ARM; Touch; NOKIA; Lumia 822)"
71.91.70.108 - - [18/Aug/2013:21:34:28 -0400] "GET /images/448_AK55-01.JPG HTTP/1.1" 200 37514 "http://www.pharoahaudio.com/ak55cpart1.html" "Mozilla/5.0 (compatible; MSIE 10.0; Windows Phone 8.0; Trident/6.0; IEMobile/10.0; ARM; Touch; NOKIA; Lumia 822)"
71.91.70.108 - - [18/Aug/2013:21:34:28 -0400] "GET /images/448_AK55-04.JPG HTTP/1.1" 200 19786 "http://www.pharoahaudio.com/ak55cpart1.html" "Mozilla/5.0 (compatible; MSIE 10.0; Windows Phone 8.0; Trident/6.0; IEMobile/10.0; ARM; Touch; NOKIA; Lumia 822)"
71.91.70.108 - - [18/Aug/2013:21:34:31 -0400] "GET /images/ic_002_banner_bg_wide.jpg HTTP/1.1" 200 5805 "http://www.pharoahaudio.com/ak55cpart1.html" "Mozilla/5.0 (compatible; MSIE 10.0; Windows Phone 8.0; Trident/6.0; IEMobile/10.0; ARM; Touch; NOKIA; Lumia 822)"
65.98.90.138 - - [18/Aug/2013:12:29:18 -0400] "GET / HTTP/1.0" 200 14579 "-" "-"
24.193.29.176 - - [18/Aug/2013:00:42:47 -0400] "GET /ptvideosyncstudy.html HTTP/1.1" 200 41918 "https://www.google.com/" "Mozilla/5.0 (Macintosh; Intel Mac OS X 10_6_8) AppleWebKit/537.36 (KHTML, like Gecko) Chrome/28.0.1500.95 Safari/537.36"
24.193.29.176 - - [18/Aug/2013:00:42:49 -0400] "GET /images/deletekey_contrasted_narrow_featurephoto.jpg HTTP/1.1" 200 3702 "http://www.pharoahaudio.com/ptvideosyncstudy.html" "Mozilla/5.0 (Macintosh; Intel Mac OS X 10_6_8) AppleWebKit/537.36 (KHTML, like Gecko) Chrome/28.0.1500.95 Safari/537.36"
24.193.29.176 - - [18/Aug/2013:00:42:49 -0400] "GET /favicon.ico HTTP/1.1" 404 575 "-" "Mozilla/5.0 (Macintosh; Intel Mac OS X 10_6_8) AppleWebKit/537.36 (KHTML, like Gecko) Chrome/28.0.1500.95 Safari/537.36"
188.143.234.127 - - [18/Aug/2013:01:39:39 -0400] "GET /syncheckproducthomepage.html HTTP/1.1" 200 23731 "-" "Mozilla/4.0 (compatible; MSIE 6.0; Windows NT 5.1; SV1)"
186.148.151.10 - - [18/Aug/2013:16:46:44 -0400] "GET /scripts/526531custom.css HTTP/1.1" 200 3506 "http://www.pharoahaudio.com/radiola26part2.html" "Mozilla/5.0 (Windows NT 6.1) AppleWebKit/537.36 (KHTML, like Gecko) Chrome/28.0.1500.95 Safari/537.36"
186.148.151.10 - - [18/Aug/2013:16:47:15 -0400] "GET /scripts/526533custom.css HTTP/1.1" 200 4184 "http://www.pharoahaudio.com/radiola26part4.html" "Mozilla/5.0 (Windows NT 6.1) AppleWebKit/537.36 (KHTML, like Gecko) Chrome/28.0.1500.95 Safari/537.36"
186.148.151.131 - - [18/Aug/2013:16:47:15 -0400] "GET /images/432_R26_18_catacomb_melted_CU.JPG HTTP/1.1" 200 28564 "http://www.pharoahaudio.com/radiola26part4.html" "Mozilla/5.0 (Windows NT 6.1) AppleWebKit/537.36 (KHTML, like Gecko) Chrome/28.0.1500.95 Safari/537.36"
109.169.70.126 - - [18/Aug/2013:17:09:28 -0400] "GET /legacyproductinformatio/originalsyncheck.html HTTP/1.1" 200 15206 "http://www.pharoahaudio.com/" "Mozilla/5.0 (Windows NT 6.1; rv:22.0) Gecko/20100101 Firefox/22.0"
91.207.9.226 - - [18/Aug/2013:06:50:07 -0400] "GET /ptvideosyncstudy.html HTTP/1.1" 200 41918 "http://hdseven.ru/" "Mozilla/4.0 (compatible; MSIE 6.0; Windows NT 5.1; SV1; FunWebProducts; MRA 4.6 (build 01425); .NET CLR 1.1.4322; .NET CLR 2.0.50727)"
188.143.234.127 - - [18/Aug/2013:01:39:19 -0400] "GET /news.html HTTP/1.1" 200 38070 "-" "Mozilla/4.0 (compatible; MSIE 6.0; Windows NT 5.1; SV1)"
66.249.72.72 - - [18/Aug/2013:22:09:18 -0400] "GET /soundhomepage.html HTTP/1.1" 200 14579 "-" "Mozilla/5.0 (compatible; Googlebot/2.1; +http://www.google.com/bot.html)"
208.83.156.157 - - [18/Aug/2013:13:59:05 -0400] "GET /scripts/526549custom.css HTTP/1.1" 200 3162 "-" "Mozilla/5.0 (compatible; FatBot 2.0; http://www.thefind.com/crawler)"
