98.14.251.174 - - [18/Aug/2013:19:39:34 -0400] "GET /images/hand_left_blue.gif HTTP/1.1" 200 932 "http://www.pharoahaudio.com/radiola26part1.html" "Mozilla/5.0 (Windows NT 6.0; rv:22.0) Gecko/20100101 Firefox/22.0"
192.96.204.42 - - [18/Aug/2013:09:27:13 -0400] "GET / HTTP/1.1" 200 14579 "http://domainsigma.com/whois/pharoaheditorial.com" "Mozilla/4.0 (compatible; MSIE 5.5; Windows NT)"
111.235.193.205 - - [18/Aug/2013:21:42:34 -0400] "GET /scripts/website.css HTTP/1.1" 200 1916 "http://www.pharoahaudio.com/syncheckproducthomepage/distributors.html" "Mozilla/5.0 (Windows NT 6.1; WOW64) AppleWebKit/537.36 (KHTML, like Gecko) Chrome/28.0.1500.95 Safari/537.36"
111.235.193.205 - - [18/Aug/2013:21:42:34 -0400] "GET /scripts/icwebsiteelement.css HTTP/1.1" 200 8132 "http://www.pharoahaudio.com/syncheckproducthomepage/distributors.html" "Mozilla/5.0 (Windows NT 6.1; WOW64) AppleWebKit/537.36 (KHTML, like Gecko) Chrome/28.0.1500.95 Safari/537.36"
111.235.193.205 - - [18/Aug/2013:21:42:35 -0400] "GET /images/121_poland_flag.jpg HTTP/1.1" 200 1710 "http://www.pharoahaudio.com/syncheckproducthomepage/distributors.html" "Mozilla/5.0 (Windows NT 6.1; WOW64) AppleWebKit/537.36 (KHTML, like Gecko) Chrome/28.0.1500.95 Safari/537.36"
111.235.193.205 - - [18/Aug/2013:21:42:36 -0400] "GET /syncheckproducthomepage/syncheck3.html HTTP/1.1" 200 21686 "https://www.google.com/" "Mozilla/5.0 (Windows NT 6.1; WOW64) AppleWebKit/537.36 (KHTML, like Gecko) Chrome/28.0.1500.95 Safari/537.36"
111.235.193.205 - - [18/Aug/2013:21:42:36 -0400] "GET /images/321_SY3_tabletop2_straight.jpg HTTP/1.1" 200 23729 "http://www.pharoahaudio.com/syncheckproducthomepage/syncheck3.html" "Mozilla/5.0 (Windows NT 6.1; WOW64) AppleWebKit/537.36 (KHTML, like Gecko) Chrome/28.0.1500.95 Safari/537.36"
111.235.193.205 - - [18/Aug/2013:21:42:37 -0400] "GET /favicon.ico HTTP/1.1" 404 575 "-" "Mozilla/5.0 (Windows NT 6.1; WOW64) AppleWebKit/537.36 (KHTML, like Gecko) Chrome/28.0.1500.95 Safari/537.36"
111.235.193.205 - - [18/Aug/2013:21:42:37 -0400] "GET /favicon.ico HTTP/1.1" 404 575 "-" "Mozilla/5.0 (Windows NT 6.1; WOW64) AppleWebKit/537.36 (KHTML, like Gecko) Chrome/28.0.1500.95 Safari/537.36"
68.102.60.18 - - [18/Aug/2013:22:37:17 -0400] "GET /scripts/photoalbum.js HTTP/1.1" 200 62481 "http://www.pharoahaudio.com/syncheckproducthomepage.html" "Mozilla/5.0 (iPhone; CPU iPhone OS 6_1_4 like Mac OS X) AppleWebKit/536.26 (KHTML, like Gecko) Version/6.0 Mobile/10B350 Safari/8536.25"
157.55.35.43 - - [18/Aug/2013:04:18:01 -0400] "GET /scripts/print.css HTTP/1.1" 200 11209 "-" "Mozilla/5.0 (compatible; bingbot/2.0; +http://www.bing.com/bingbot.htm)"
65.55.213.68 - - [18/Aug/2013:12:37:25 -0400] "GET /legacyproductinformatio/syncheckii.html HTTP/1.1" 200 19051 "-" "msnbot/2.0b (+http://search.msn.com/msnbot.htm)"
65.55.213.68 - - [18/Aug/2013:12:37:34 -0400] "GET /syncheckproducthomepage/shippingcosts.html HTTP/1.1" 200 10581 "-" "msnbot/2.0b (+http://search.msn.com/msnbot.htm)"
46.119.118.152 - - [18/Aug/2013:13:36:54 -0400] "GET /ptvideosyncstudy.html HTTP/1.1" 200 41918 "http://ilya-muromec.ru/" "Mozilla/4.0 (compatible; MSIE 6.0; Windows NT 5.1; FREE; .NET CLR 1.1.4322)"
78.29.243.6 - - [18/Aug/2013:16:37:12 -0400] "GET /scripts/icwebsiteelement.css HTTP/1.1" 200 8132 "http://www.pharoahaudio.com/syncheckproducthomepage.html" "Mozilla/5.0 (Macintosh; Intel Mac OS X 10_8_4) AppleWebKit/536.30.1 (KHTML, like Gecko)"
78.29.243.6 - - [18/Aug/2013:16:37:12 -0400] "GET /images/ic_002_body_bg.gif HTTP/1.1" 200 304 "http://www.pharoahaudio.com/syncheckproducthomepage.html" "Mozilla/5.0 (Macintosh; Intel Mac OS X 10_8_4) AppleWebKit/536.30.1 (KHTML, like Gecko)"
186.148.151.10 - - [18/Aug/2013:16:46:15 -0400] "GET /scripts/526530.css HTTP/1.1" 200 102 "http://www.pharoahaudio.com/radiola26part1.html" "Mozilla/5.0 (Windows NT 6.1) AppleWebKit/537.36 (KHTML, like Gecko) Chrome/28.0.1500.95 Safari/537.36"
186.148.151.10 - - [18/Aug/2013:16:46:15 -0400] "GET /scripts/user.js HTTP/1.1" 200 23762 "http://www.pharoahaudio.com/radiola26part1.html" "Mozilla/5.0 (Windows NT 6.1) AppleWebKit/537.36 (KHTML, like Gecko) Chrome/28.0.1500.95 Safari/537.36"
186.148.151.10 - - [18/Aug/2013:16:46:16 -0400] "GET /scripts/print.css HTTP/1.1" 200 11209 "http://www.pharoahaudio.com/radiola26part1.html" "Mozilla/5.0 (Windows NT 6.1) AppleWebKit/537.36 (KHTML, like Gecko) Chrome/28.0.1500.95 Safari/537.36"
186.148.159.131 - - [18/Aug/2013:16:48:06 -0400] "GET /images/400_R26_37_finished_without_covers.JPG HTTP/1.1" 200 24300 "http://www.pharoahaudio.com/radiola26part7.html" "Mozilla/5.0 (Windows NT 6.1) AppleWebKit/537.36 (KHTML, like Gecko) Chrome/28.0.1500.95 Safari/537.36"
121.44.30.110 - - [18/Aug/2013:07:54:00 -0400] "GET /scripts/ic_globals_published.js HTTP/1.1" 200 566 "http://www.pharoahaudio.com/ak35repair5.html" "Mozilla/5.0 (Windows NT 6.1; rv:22.0) Gecko/20100101 Firefox/22.0"
121.44.30.110 - - [18/Aug/2013:07:54:00 -0400] "GET /scripts/user.js HTTP/1.1" 200 23762 "http://www.pharoahaudio.com/ak35repair5.html" "Mozilla/5.0 (Windows NT 6.1; rv:22.0) Gecko/20100101 Firefox/22.0"
121.44.30.110 - - [18/Aug/2013:07:54:00 -0400] "GET /scripts/526525.css HTTP/1.1" 200 102 "http://www.pharoahaudio.com/ak35repair5.html" "Mozilla/5.0 (Windows NT 6.1; rv:22.0) Gecko/20100101 Firefox/22.0"
121.44.30.110 - - [18/Aug/2013:07:54:04 -0400] "GET /images/448_AK35_tuning_linkage.jpg HTTP/1.1" 206 21106 "http://www.pharoahaudio.com/ak35repair5.html" "Mozilla/5.0 (Windows NT 6.1; rv:22.0) Gecko/20100101 Firefox/22.0"
68.107.123.1 - - [18/Aug/2013:03:41:03 -0400] "GET /scripts/526496custom.css HTTP/1.1" 200 5205 "http://www.pharoahaudio.com/yeolderadiomuseum.html" "Mozilla/5.0 (Macintosh; Intel Mac OS X 10_7_5) AppleWebKit/536.30.1 (KHTML, like Gecko) Version/6.0.5 Safari/536.30.1"
68.107.123.1 - - [18/Aug/2013:03:41:03 -0400] "GET /images/170_AK55C_refinished_front.JPG HTTP/1.1" 200 7480 "http://www.pharoahaudio.com/yeolderadiomuseum.html" "Mozilla/5.0 (Macintosh; Intel Mac OS X 10_7_5) AppleWebKit/536.30.1 (KHTML, like Gecko) Version/6.0.5 Safari/536.30.1"
68.107.123.1 - - [18/Aug/2013:03:41:04 -0400] "GET /images/photoalbum/detail_close.jpg HTTP/1.1" 200 1095 "http://www.pharoahaudio.com/yeolderadiomuseum.html" "Mozilla/5.0 (Macintosh; Intel Mac OS X 10_7_5) AppleWebKit/536.30.1 (KHTML, like Gecko) Version/6.0.5 Safari/536.30.1"
68.107.123.1 - - [18/Aug/2013:03:41:04 -0400] "GET /images/photoalbum/button_photoSpeed4.jpg HTTP/1.1" 200 506 "http://www.pharoahaudio.com/yeolderadiomuseum.html" "Mozilla/5.0 (Macintosh; Intel Mac OS X 10_7_5) AppleWebKit/536.30.1 (KHTML, like Gecko) Version/6.0.5 Safari/536.30.1"
68.107.123.1 - - [18/Aug/2013:03:41:04 -0400] "GET /images/480_Telephone_neckset_earpiece_1919.JPG HTTP/1.1" 200 17786 "http://www.pharoahaudio.com/yeolderadiomuseum.html" "Mozilla/5.0 (Macintosh; Intel Mac OS X 10_7_5) AppleWebKit/536.30.1 (KHTML, like Gecko) Version/6.0.5 Safari/536.30.1"
68.107.123.1 - - [18/Aug/2013:03:41:04 -0400] "GET /images/94_AK35_front_900_branded.jpg HTTP/1.1" 200 1650 "http://www.pharoahaudio.com/yeolderadiomuseum.html" "Mozilla/5.0 (Macintosh; Intel Mac OS X 10_7_5) AppleWebKit/536.30.1 (KHTML, like Gecko) Version/6.0.5 Safari/536.30.1"
68.107.123.1 - - [18/Aug/2013:03:41:05 -0400] "GET /images/71_Grigsby_Grunow_Hinds_Majestic.jpg HTTP/1.1" 200 1988 "http://www.pharoahaudio.com/yeolderadiomuseum.html" "Mozilla/5.0 (Macintosh; Intel Mac OS X 10_7_5) AppleWebKit/536.30.1 (KHTML, like Gecko) Version/6.0.5 Safari/536.30.1"
68.107.123.1 - - [18/Aug/2013:03:41:05 -0400] "GET /images/78_Bosch_Model_28_with_AmplionAR19.jpg HTTP/1.1" 200 2655 "http://www.pharoahaudio.com/yeolderadiomuseum.html" "Mozilla/5.0 (Macintosh; Intel Mac OS X 10_7_5) AppleWebKit/536.30.1 (KHTML, like Gecko) Version/6.0.5 Safari/536.30.1"
68.107.123.1 - - [18/Aug/2013:03:41:05 -0400] "GET /images/712_GE_K105.jpg HTTP/1.1" 200 89022 "http://www.pharoahaudio.com/yeolderadiomuseum.html" "Mozilla/5.0 (Macintosh; Intel Mac OS X 10_7_5) AppleWebKit/536.30.1 (KHTML, like Gecko) Version/6.0.5 Safari/536.30.1"
72.208.114.149 - - [18/Aug/2013:00:25:46 -0400] "GET /scripts/ic_globals_published.js HTTP/1.1" 200 566 "http://www.pharoahaudio.com/mmloudness.html" "Mozilla/5.0 (Macintosh; Intel Mac OS X 10_7_5) AppleWebKit/536.30.1 (KHTML, like Gecko) Version/6.0.5 Safari/536.30.1"
208.83.156.114 - - [18/Aug/2013:02:51:41 -0400] "GET /scripts/526520custom.css HTTP/1.1" 200 1476 "-" "Mozilla/5.0 (compatible; FatBot 2.0; http://www.thefind.com/crawler)"
208.83.156.150 - - [18/Aug/2013:20:28:07 -0400] "GET /scripts/icwebsiteelement.css HTTP/1.1" 200 8132 "-" "Mozilla/5.0 (compatible; FatBot 2.0; http://www.thefind.com/crawler)"
71.91.70.108 - - [18/Aug/2013:21:34:28 -0400] "GET /ak55cpart1.html HTTP/1.1" 200 21701 "-" "Mozilla/5.0 (compatible; MSIE 10.0; Windows Phone 8.0; Trident/6.0; IEMobile/10.0; ARM; Touch; NOKIA; Lumia 822)"
71.91.70.108 - - [18/Aug/2013:21:34:28 -0400] "GET /scripts/website.css HTTP/1.1" 200 1916 "http://www.pharoahaudio.com/ak55cpart1.html" "Mozilla/5.0 (compatible; MSIE 10.0; Windows Phone 8.0; Trident/6.0; IEMobile/10.0; ARM; Touch; NOKIA; Lumia 822)"
71.91.70.108 - - [18/Aug/2013:21:34:28 -0400] "GET /scripts/icwebsiteelement.css HTTP/1.1" 200 8132 "http://www.pharoahaudio.com/ak55cpart1.html" "Mozilla/5.0 (compatible; MSIE 10.0; Windows Phone 8.0; Trident/6.0; IEMobile/10.0; ARM; Touch; NOKIA; Lumia 822)"
71.91.70.108 - - [18/Aug/2013:21:34:28 -0400] "GET /images/448_AK55-05.JPG HTTP/1.1" 200 20154 "http://www.pharoahaudio.com/ak55cpart1.html" "Mozilla/5.0 (compatible; MSIE 10.0; Windows Phone 8.0; Trident/6.0; IEMobile/10.0; ARM; Touch; NOKIA; Lumia 822)"
71.91.70.108 - - [18/Aug/2013:21:34:28 -0400] "GET /images/448_AK55-03.JPG HTTP/1.1" 200 18125 "http://www.pharoahaudio.com/ak55cpart1.html" "Mozilla/5.0 (compatible; MSIE 10.0; Windows Phone 8.0; Trident/6.0; IEMobile/10.0; ARM; Touch; NOKIA; Lumia 822)"
66.249.72.72 - - [18/Aug/2013:22:12:17 -0400] "GET /scripts/website.css HTTP/1.1" 200 1916 "-" "Mozilla/5.0 (compatible; Googlebot/2.1; +http://www.google.com/bot.html)"
66.249.72.72 - - [18/Aug/2013:22:12:23 -0400] "GET /scripts/print.css HTTP/1.1" 200 11209 "-" "Mozilla/5.0 (compatible; Googlebot/2.1; +http://www.google.com/bot.html)"
208.83.156.116 - - [18/Aug/2013:23:16:46 -0400] "GET /scripts/526528custom.css HTTP/1.1" 200 1814 "-" "Mozilla/5.0 (compatible; FatBot 2.0; http://www.thefind.com/crawler)"
64.246.165.200 - - [18/Aug/2013:07:32:02 -0400] "GET / HTTP/1.1" 200 14579 "http://whois.domaintools.com/pharoaheditorial.com" "Mozilla/5.0 (Windows; U; Windows NT 5.1; en; rv:1.9.0.13) Gecko/2009073022 Firefox/3.5.2 (.NET CLR 3.5.30729) SurveyBot/2.3 (DomainTools)"
146.120.166.21 - - [18/Aug/2013:07:38:29 -0400] "GET /soundhomepage/aboutrichardfairbanks.html HTTP/1.1" 200 14943 "-" "Mozilla/5.0 (X11; Linux x86_64; rv:2.0b4) Gecko/20100818 Firefox/4.0b4"
157.55.35.78 - - [18/Aug/2013:08:09:05 -0400] "GET /scripts/website.css HTTP/1.1" 200 1916 "-" "Mozilla/5.0 (compatible; bingbot/2.0; +http://www.bing.com/bingbot.htm)"
208.115.113.82 - - [18/Aug/2013:22:33:32 -0400] "GET /ak35repair2.html HTTP/1.1" 200 22611 "-" "Mozilla/5.0 (compatible; Ezooms/1.0; ezooms.bot@gmail.com)"
68.102.60.18 - - [18/Aug/2013:22:37:56 -0400] "GET /ideviceapp.html HTTP/1.1" 200 22676 "http://www.pharoahaudio.com/syncheckproducthomepage.html" "Mozilla/5.0 (iPhone; CPU iPhone OS 6_1_4 like Mac OS X) AppleWebKit/536.26 (KHTML, like Gecko) Version/6.0 Mobile/10B350 Safari/8536.25"
68.102.60.18 - - [18/Aug/2013:22:37:57 -0400] "GET /images/deletekey_contrasted_narrow_featurephoto.jpg HTTP/1.1" 200 3702 "http://www.pharoahaudio.com/ideviceapp.html" "Mozilla/5.0 (iPhone; CPU iPhone OS 6_1_4 like Mac OS X) AppleWebKit/536.26 (KHTML, like Gecko) Version/6.0 Mobile/10B350 Safari/8536.25"
46.118.126.194 - - [18/Aug/2013:11:22:03 -0400] "GET /ptvideosyncstudy.html HTTP/1.1" 200 41918 "http://videosoc.ru/" "Mozilla/4.0 (compatible; MSIE 6.0; Windows NT 5.1; SV1; .NET CLR 1.1.4322)"
98.14.251.174 - - [18/Aug/2013:19:39:29 -0400] "GET /images/ic_002_body_bg.gif HTTP/1.1" 200 304 "http://www.pharoahaudio.com/scripts/template.css" "Mozilla/5.0 (Windows NT 6.0; rv:22.0) Gecko/20100101 Firefox/22.0"
98.14.251.174 - - [18/Aug/2013:19:39:31 -0400] "GET /scripts/526496custom.css HTTP/1.1" 200 5205 "http://www.pharoahaudio.com/yeolderadiomuseum.html" "Mozilla/5.0 (Windows NT 6.0; rv:22.0) Gecko/20100101 Firefox/22.0"
98.14.251.174 - - [18/Aug/2013:19:39:31 -0400] "GET /images/photoalbum/button_photoPrev.jpg HTTP/1.1" 200 656 "http://www.pharoahaudio.com/yeolderadiomuseum.html" "Mozilla/5.0 (Windows NT 6.0; rv:22.0) Gecko/20100101 Firefox/22.0"
98.14.251.174 - - [18/Aug/2013:19:39:31 -0400] "GET /images/photoalbum/button_photoPause.jpg HTTP/1.1" 200 605 "http://www.pharoahaudio.com/yeolderadiomuseum.html" "Mozilla/5.0 (Windows NT 6.0; rv:22.0) Gecko/20100101 Firefox/22.0"
98.14.251.174 - - [18/Aug/2013:19:39:31 -0400] "GET /images/photoalbum/button_photoNext.jpg HTTP/1.1" 200 662 "http://www.pharoahaudio.com/yeolderadiomuseum.html" "Mozilla/5.0 (Windows NT 6.0; rv:22.0) Gecko/20100101 Firefox/22.0"
98.14.251.174 - - [18/Aug/2013:19:39:31 -0400] "GET /images/photoalbum/button_photoSpeed3_ON.jpg HTTP/1.1" 200 587 "http://www.pharoahaudio.com/yeolderadiomuseum.html" "Mozilla/5.0 (Windows NT 6.0; rv:22.0) Gecko/20100101 Firefox/22.0"
98.14.251.174 - - [18/Aug/2013:19:39:32 -0400] "GET /images/480_AK35_front_900_branded.jpg HTTP/1.1" 200 15505 "http://www.pharoahaudio.com/yeolderadiomuseum.html" "Mozilla/5.0 (Windows NT 6.0; rv:22.0) Gecko/20100101 Firefox/22.0"
98.14.251.174 - - [18/Aug/2013:19:39:32 -0400] "GET /images/360_GE_K105.jpg HTTP/1.1" 200 30923 "http://www.pharoahaudio.com/yeolderadiomuseum.html" "Mozilla/5.0 (Windows NT 6.0; rv:22.0) Gecko/20100101 Firefox/22.0"
208.83.156.155 - - [18/Aug/2013:20:44:42 -0400] "GET /scripts/526513custom.css HTTP/1.1" 200 9241 "-" "Mozilla/5.0 (compatible; FatBot 2.0; http://www.thefind.com/crawler)"
66.249.72.72 - - [18/Aug/2013:03:13:38 -0400] "GET / HTTP/1.1" 200 14579 "-" "Mozilla/5.0 (iPhone; U; CPU iPhone OS 4_1 like Mac OS X; en-us) AppleWebKit/532.9 (KHTML, like Gecko) Version/4.0.5 Mobile/8B117 Safari/6531.22.7 (compatible; Googlebot-Mobile/2.1; +http://www.google.com/bot.html)"
68.107.123.1 - - [18/Aug/2013:03:39:32 -0400] "GET /favicon.ico HTTP/1.1" 404 575 "http://www.pharoahaudio.com/" "Mozilla/5.0 (Macintosh; Intel Mac OS X 10_7_5) AppleWebKit/536.30.1 (KHTML, like Gecko) Version/6.0.5 Safari/536.30.1"
208.83.156.117 - - [18/Aug/2013:15:36:52 -0400] "GET /scripts/526496.css HTTP/1.1" 200 102 "-" "Mozilla/5.0 (compatible; FatBot 2.0; http://www.thefind.com/crawler)"
186.148.151.10 - - [18/Aug/2013:16:46:15 -0400] "GET /scripts/template.css HTTP/1.1" 200 11360 "http://www.pharoahaudio.com/radiola26part1.html" "Mozilla/5.0 (Windows NT 6.1) AppleWebKit/537.36 (KHTML, like Gecko) Chrome/28.0.1500.95 Safari/537.36"
186.148.151.10 - - [18/Aug/2013:16:46:15 -0400] "GET /scripts/icwebsiteelement.css HTTP/1.1" 200 8132 "http://www.pharoahaudio.com/radiola26part1.html" "Mozilla/5.0 (Windows NT 6.1) AppleWebKit/537.36 (KHTML, like Gecko) Chrome/28.0.1500.95 Safari/537.36"
186.148.159.129 - - [18/Aug/2013:16:46:45 -0400] "GET /images/432_R26_07_antenna_clip_CU.JPG HTTP/1.1" 200 24325 "http://www.pharoahaudio.com/radiola26part2.html" "Mozilla/5.0 (Windows NT 6.1) AppleWebKit/537.36 (KHTML, like Gecko) Chrome/28.0.1500.95 Safari/537.36"
109.169.70.126 - - [18/Aug/2013:17:17:00 -0400] "GET /legacyproductinformatio/originalsyncheck.html HTTP/1.1" 200 15206 "http://www.pharoahaudio.com/" "Mozilla/5.0 (Windows NT 6.2; WOW64; rv:21.0) Gecko/20100101 Firefox/21.0"
220.181.89.166 - - [18/Aug/2013:09:24:05 -0400] "GET /syncheckproducthomepage.html HTTP/1.1" 200 23731 "-" "Sogou web spider/4.0(+http://www.sogou.com/docs/help/webmasters.htm#07)"
186.148.159.129 - - [18/Aug/2013:16:47:16 -0400] "GET /images/432_osc_schematic_part.JPG HTTP/1.1" 200 28181 "http://www.pharoahaudio.com/radiola26part4.html" "Mozilla/5.0 (Windows NT 6.1) AppleWebKit/537.36 (KHTML, like Gecko) Chrome/28.0.1500.95 Safari/537.36"
186.148.159.131 - - [18/Aug/2013:16:47:44 -0400] "GET /images/282_R26_29_make_pad2.JPG HTTP/1.1" 200 11277 "http://www.pharoahaudio.com/radiola26part6.html" "Mozilla/5.0 (Windows NT 6.1) AppleWebKit/537.36 (KHTML, like Gecko) Chrome/28.0.1500.95 Safari/537.36"
186.148.151.129 - - [18/Aug/2013:16:47:46 -0400] "GET /images/282_R26_33_make_pad6.JPG HTTP/1.1" 200 12775 "http://www.pharoahaudio.com/radiola26part6.html" "Mozilla/5.0 (Windows NT 6.1) AppleWebKit/537.36 (KHTML, like Gecko) Chrome/28.0.1500.95 Safari/537.36"
65.55.213.69 - - [18/Aug/2013:12:37:07 -0400] "GET /syncheckproducthomepage/buyonline.html HTTP/1.1" 200 10340 "-" "msnbot/2.0b (+http://search.msn.com/msnbot.htm)"
68.107.123.1 - - [18/Aug/2013:03:40:45 -0400] "GET /images/micSpits_cleanup2.mp3 HTTP/1.1" 206 2 "-" "AppleCoreMedia/1.0.0.11G63 (Macintosh; U; Intel Mac OS X 10_7_5; en_us)"
68.107.123.1 - - [18/Aug/2013:03:40:45 -0400] "GET /images/micSpits_cleanup2.mp3 HTTP/1.1" 206 118766 "-" "AppleCoreMedia/1.0.0.11G63 (Macintosh; U; Intel Mac OS X 10_7_5; en_us)"
24.193.29.176 - - [18/Aug/2013:00:42:48 -0400] "GET /scripts/icwebsiteelement.css HTTP/1.1" 200 8132 "http://www.pharoahaudio.com/ptvideosyncstudy.html" "Mozilla/5.0 (Macintosh; Intel Mac OS X 10_6_8) AppleWebKit/537.36 (KHTML, like Gecko) Chrome/28.0.1500.95 Safari/537.36"
24.193.29.176 - - [18/Aug/2013:00:42:48 -0400] "GET /images/ic_002_banner_bg_wide.jpg HTTP/1.1" 200 5805 "http://www.pharoahaudio.com/ptvideosyncstudy.html" "Mozilla/5.0 (Macintosh; Intel Mac OS X 10_6_8) AppleWebKit/537.36 (KHTML, like Gecko) Chrome/28.0.1500.95 Safari/537.36"
109.120.157.179 - - [18/Aug/2013:01:02:57 -0400] "GET /ptvideosyncstudy.html HTTP/1.1" 200 41918 "http://bowlingadvisor.com/" "Mozilla/5.0 (compatible; Add Catalog/2.1;)"
208.83.156.160 - - [18/Aug/2013:01:18:33 -0400] "GET /scripts/526554custom.css HTTP/1.1" 200 4177 "-" "Mozilla/5.0 (compatible; FatBot 2.0; http://www.thefind.com/crawler)"
157.55.35.43 - - [18/Aug/2013:01:28:39 -0400] "GET /robots.txt HTTP/1.1" 200 25 "-" "Mozilla/5.0 (compatible; bingbot/2.0; +http://www.bing.com/bingbot.htm)"
98.14.251.174 - - [18/Aug/2013:19:39:40 -0400] "GET /images/432_R26_06_loop_wired_bottom.JPG HTTP/1.1" 200 25391 "http://www.pharoahaudio.com/radiola26part2.html" "Mozilla/5.0 (Windows NT 6.0; rv:22.0) Gecko/20100101 Firefox/22.0"
220.181.108.86 - - [18/Aug/2013:21:27:01 -0400] "GET / HTTP/1.1" 200 14579 "-" "Mozilla/5.0 (compatible; Baiduspider/2.0; +http://www.baidu.com/search/spider.html)"
24.236.207.79 - - [18/Aug/2013:21:31:45 -0400] "GET /images/432_T4_strip_pulled_out.jpg HTTP/1.1" 200 35044 "-" "Mozilla/5.0 (iPad; CPU OS 6_1_2 like Mac OS X) AppleWebKit/536.26 (KHTML, like Gecko) Version/6.0 Mobile/10B146 Safari/8536.25"
111.235.193.205 - - [18/Aug/2013:21:42:33 -0400] "GET /syncheckproducthomepage/distributors.html HTTP/1.1" 200 29733 "https://www.google.com/" "Mozilla/5.0 (Windows NT 6.1; WOW64) AppleWebKit/537.36 (KHTML, like Gecko) Chrome/28.0.1500.95 Safari/537.36"
111.235.193.205 - - [18/Aug/2013:21:42:35 -0400] "GET /images/130_CEV.jpg HTTP/1.1" 200 4315 "http://www.pharoahaudio.com/syncheckproducthomepage/distributors.html" "Mozilla/5.0 (Windows NT 6.1; WOW64) AppleWebKit/537.36 (KHTML, like Gecko) Chrome/28.0.1500.95 Safari/537.36"
111.235.193.205 - - [18/Aug/2013:21:42:35 -0400] "GET /images/120_logo_tac_system.jpg HTTP/1.1" 200 2592 "http://www.pharoahaudio.com/syncheckproducthomepage/distributors.html" "Mozilla/5.0 (Windows NT 6.1; WOW64) AppleWebKit/537.36 (KHTML, like Gecko) Chrome/28.0.1500.95 Safari/537.36"
111.235.193.205 - - [18/Aug/2013:21:42:36 -0400] "GET /images/141_logo_Soundware_image.jpg HTTP/1.1" 200 3300 "http://www.pharoahaudio.com/syncheckproducthomepage/distributors.html" "Mozilla/5.0 (Windows NT 6.1; WOW64) AppleWebKit/537.36 (KHTML, like Gecko) Chrome/28.0.1500.95 Safari/537.36"
111.235.193.205 - - [18/Aug/2013:21:42:36 -0400] "GET /images/ic_002_banner_bg_wide.jpg HTTP/1.1" 200 5805 "http://www.pharoahaudio.com/syncheckproducthomepage/distributors.html" "Mozilla/5.0 (Windows NT 6.1; WOW64) AppleWebKit/537.36 (KHTML, like Gecko) Chrome/28.0.1500.95 Safari/537.36"
111.235.193.205 - - [18/Aug/2013:21:42:36 -0400] "GET /images/hand_left_blue.gif HTTP/1.1" 200 932 "http://www.pharoahaudio.com/syncheckproducthomepage/distributors.html" "Mozilla/5.0 (Windows NT 6.1; WOW64) AppleWebKit/537.36 (KHTML, like Gecko) Chrome/28.0.1500.95 Safari/537.36"
46.119.118.152 - - [18/Aug/2013:07:26:10 -0400] "GET /ptvideosyncstudy.html HTTP/1.1" 200 41918 "http://komputernaya-pomosh-moscow.ru/" "Mozilla/4.0 (compatible; MSIE 6.0; Windows NT 5.1; FREE; .NET CLR 1.1.4322)"
157.56.92.149 - - [18/Aug/2013:09:25:05 -0400] "GET /images/deletekey_contrasted_narrow_featurephoto.jpg HTTP/1.1" 200 3702 "-" "Mozilla/5.0 (compatible; bingbot/2.0; +http://www.bing.com/bingbot.htm)"
65.55.213.77 - - [18/Aug/2013:12:37:14 -0400] "GET /legacyproductinformatio/originalsyncheck.html HTTP/1.1" 200 15206 "-" "msnbot/2.0b (+http://search.msn.com/msnbot.htm)"
46.229.170.197 - - [18/Aug/2013:13:01:34 -0400] "GET / HTTP/1.1" 200 14579 "-" "OMozilla/5.0 (X11; U; Linux i686; en-US; rv:1.9.2.9) Gecko/20100827 Red Hat/3.6.9-2.el6 Firefox/3.6.9"
173.0.56.217 - - [18/Aug/2013:00:08:34 -0400] "GET /syncheckproducthomepage.html HTTP/1.0" 200 23731 "http://www.syncheck.com/" "Mozilla/5.0 (Windows NT 6.1; WOW64; rv:5.0) Gecko/20100101 Firefox/5.0"
72.208.114.149 - - [18/Aug/2013:00:25:46 -0400] "GET /scripts/website.css HTTP/1.1" 200 1916 "http://www.pharoahaudio.com/mmloudness.html" "Mozilla/5.0 (Macintosh; Intel Mac OS X 10_7_5) AppleWebKit/536.30.1 (KHTML, like Gecko) Version/6.0.5 Safari/536.30.1"
72.208.114.149 - - [18/Aug/2013:00:25:46 -0400] "GET /scripts/user.js HTTP/1.1" 200 23762 "http://www.pharoahaudio.com/mmloudness.html" "Mozilla/5.0 (Macintosh; Intel Mac OS X 10_7_5) AppleWebKit/536.30.1 (KHTML, like Gecko) Version/6.0.5 Safari/536.30.1"
72.208.114.149 - - [18/Aug/2013:00:25:47 -0400] "GET /images/181_Syncheck_graphic_wide.JPG HTTP/1.1" 200 3445 "http://www.pharoahaudio.com/mmloudness.html" "Mozilla/5.0 (Macintosh; Intel Mac OS X 10_7_5) AppleWebKit/536.30.1 (KHTML, like Gecko) Version/6.0.5 Safari/536.30.1"
81.52.143.35 - - [18/Aug/2013:01:21:31 -0400] "GET /contact.html HTTP/1.1" 200 13135 "-" "Mozilla/5.0 (Windows; U; Windows NT 5.1; fr; rv:1.8.1) VoilaBot BETA 1.2 (support.voilabot@orange-ftgroup.com)"
188.143.234.127 - - [18/Aug/2013:01:41:31 -0400] "GET /images/Versapay_web.wmv HTTP/1.1" 200 4350759 "-" "Mozilla/4.0 (compatible; MSIE 6.0; Windows NT 5.1; SV1)"
121.44.30.110 - - [18/Aug/2013:07:54:04 -0400] "GET /images/ic_002_banner_bg_wide.jpg HTTP/1.1" 200 5805 "http://www.pharoahaudio.com/scripts/template.css" "Mozilla/5.0 (Windows NT 6.1; rv:22.0) Gecko/20100101 Firefox/22.0"
208.83.156.159 - - [18/Aug/2013:07:57:23 -0400] "GET /scripts/526539custom.css HTTP/1.1" 200 1478 "-" "Mozilla/5.0 (compatible; FatBot 2.0; http://www.thefind.com/crawler)"
208.83.156.154 - - [18/Aug/2013:08:36:00 -0400] "GET /scripts/526515custom.css HTTP/1.1" 200 3841 "-" "Mozilla/5.0 (compatible; FatBot 2.0; http://www.thefind.com/crawler)"
208.83.156.158 - - [18/Aug/2013:16:14:30 -0400] "GET /scripts/photoalbum.js HTTP/1.1" 200 62481 "-" "Mozilla/5.0 (compatible; FatBot 2.0; http://www.thefind.com/crawler)"
78.29.243.6 - - [18/Aug/2013:16:37:12 -0400] "GET /scripts/website.css HTTP/1.1" 200 1916 "http://www.pharoahaudio.com/syncheckproducthomepage.html" "Mozilla/5.0 (Macintosh; Intel Mac OS X 10_8_4) AppleWebKit/536.30.1 (KHTML, like Gecko)"
78.29.243.6 - - [18/Aug/2013:16:37:12 -0400] "GET /scripts/photoalbum.js HTTP/1.1" 200 62481 "http://www.pharoahaudio.com/syncheckproducthomepage.html" "Mozilla/5.0 (Macintosh; Intel Mac OS X 10_8_4) AppleWebKit/536.30.1 (KHTML, like Gecko)"
78.29.243.6 - - [18/Aug/2013:16:37:12 -0400] "GET /images/300_SY3_handheld_toward_tv.jpg HTTP/1.1" 200 10416 "http://www.pharoahaudio.com/syncheckproducthomepage.html" "Mozilla/5.0 (Macintosh; Intel Mac OS X 10_8_4) AppleWebKit/536.30.1 (KHTML, like Gecko)"
186.148.151.130 - - [18/Aug/2013:16:46:44 -0400] "GET /images/432_R26_02_lid_open_unexposed.jpg HTTP/1.1" 200 26180 "http://www.pharoahaudio.com/radiola26part2.html" "Mozilla/5.0 (Windows NT 6.1) AppleWebKit/537.36 (KHTML, like Gecko) Chrome/28.0.1500.95 Safari/537.36"
109.169.70.126 - - [18/Aug/2013:17:09:26 -0400] "GET /syncheckproducthomepage.html HTTP/1.1" 200 23731 "http://www.syncheck.com/" "Mozilla/5.0 (Windows NT 6.1; rv:22.0) Gecko/20100101 Firefox/22.0"
157.56.92.149 - - [18/Aug/2013:21:06:55 -0400] "GET /robots.txt HTTP/1.1" 200 25 "-" "Mozilla/5.0 (compatible; bingbot/2.0; +http://www.bing.com/bingbot.htm)"
91.231.40.53 - - [18/Aug/2013:22:28:24 -0400] "GET /syncheckproducthomepage.html HTTP/1.0" 200 23731 "http://pharoahaudio.com/syncheckproducthomepage.html" "Mozilla/5.0 (Windows NT 5.1) AppleWebKit/536.5 (KHTML, like Gecko) YaBrowser/1.1.1084.5409 Chrome/19.1.1084.5409 Safari/536.5"
91.207.9.226 - - [18/Aug/2013:06:35:40 -0400] "GET /ptvideosyncstudy.html HTTP/1.1" 200 41918 "http://invetdollare.net/" "Mozilla/4.0 (compatible; MSIE 6.0; Windows NT 5.1; SV1; FunWebProducts; MRA 4.6 (build 01425); .NET CLR 1.1.4322; .NET CLR 2.0.50727)"
188.143.234.127 - - [18/Aug/2013:01:41:04 -0400] "GET /images/Traps_web.wmv HTTP/1.1" 200 16320581 "-" "Mozilla/4.0 (compatible; MSIE 6.0; Windows NT 5.1; SV1)"
208.83.156.151 - - [18/Aug/2013:03:44:58 -0400] "GET /scripts/user.js HTTP/1.1" 200 23762 "-" "Mozilla/5.0 (compatible; FatBot 2.0; http://www.thefind.com/crawler)"
94.125.216.16 - - [18/Aug/2013:10:28:01 -0400] "GET /scripts/ic_globals_published.js HTTP/1.1" 200 566 "http://www.pharoahaudio.com/tweeterfixpart2.html" "Mozilla/5.0 (iPad; CPU OS 6_1_3 like Mac OS X) AppleWebKit/536.26 (KHTML, like Gecko) Version/6.0 Mobile/10B329 Safari/8536.25"
94.125.216.16 - - [18/Aug/2013:10:28:02 -0400] "GET /images/432_T5_open_tweeter_parts.jpg HTTP/1.1" 200 15870 "http://www.pharoahaudio.com/tweeterfixpart2.html" "Mozilla/5.0 (iPad; CPU OS 6_1_3 like Mac OS X) AppleWebKit/536.26 (KHTML, like Gecko) Version/6.0 Mobile/10B329 Safari/8536.25"
94.125.216.16 - - [18/Aug/2013:10:28:02 -0400] "GET /images/ic_002_banner_bg_wide.jpg HTTP/1.1" 200 5805 "http://www.pharoahaudio.com/tweeterfixpart2.html" "Mozilla/5.0 (iPad; CPU OS 6_1_3 like Mac OS X) AppleWebKit/536.26 (KHTML, like Gecko) Version/6.0 Mobile/10B329 Safari/8536.25"
195.234.136.80 - - [18/Aug/2013:10:53:58 -0400] "GET / HTTP/1.1" 200 14579 "-" "Mozilla/5.0 (Windows NT 6.1; WOW64) AppleWebKit/535.7 (KHTML, like Gecko) Chrome/16.0.912.77 Safari/535.7"
195.234.136.80 - - [18/Aug/2013:10:53:59 -0400] "GET /legacyproductinformatio/originalsyncheck.html HTTP/1.1" 200 15206 "-" "Mozilla/5.0 (Windows NT 6.1; WOW64) AppleWebKit/535.7 (KHTML, like Gecko) Chrome/16.0.912.77 Safari/535.7"
195.234.136.80 - - [18/Aug/2013:10:53:59 -0400] "GET /soundhomepage/facility.html HTTP/1.1" 200 12409 "-" "Mozilla/5.0 (Windows NT 6.1; WOW64) AppleWebKit/535.7 (KHTML, like Gecko) Chrome/16.0.912.77 Safari/535.7"
195.234.136.80 - - [18/Aug/2013:10:54:00 -0400] "GET /legacyproductinformatio/sy2reviews.html HTTP/1.1" 200 9011 "-" "Mozilla/5.0 (Windows NT 6.1; WOW64) AppleWebKit/535.7 (KHTML, like Gecko) Chrome/16.0.912.77 Safari/535.7"
195.234.136.80 - - [18/Aug/2013:10:54:00 -0400] "GET /syncheckproducthomepage/returnpolicy.html HTTP/1.1" 200 11495 "-" "Mozilla/5.0 (Windows NT 6.1; WOW64) AppleWebKit/535.7 (KHTML, like Gecko) Chrome/16.0.912.77 Safari/535.7"
195.234.136.80 - - [18/Aug/2013:10:54:01 -0400] "GET /soundhomepage/portfolio.html HTTP/1.1" 200 41316 "-" "Mozilla/5.0 (Windows NT 6.1; WOW64) AppleWebKit/535.7 (KHTML, like Gecko) Chrome/16.0.912.77 Safari/535.7"
195.234.136.80 - - [18/Aug/2013:10:54:03 -0400] "GET /syncheckproducthomepage.html HTTP/1.1" 200 23731 "-" "Mozilla/5.0 (Windows NT 6.1; WOW64) AppleWebKit/535.7 (KHTML, like Gecko) Chrome/16.0.912.77 Safari/535.7"
195.234.136.80 - - [18/Aug/2013:10:54:04 -0400] "GET /syncheckproducthomepage/shippingcosts.html HTTP/1.1" 200 10581 "-" "Mozilla/5.0 (Windows NT 6.1; WOW64) AppleWebKit/535.7 (KHTML, like Gecko) Chrome/16.0.912.77 Safari/535.7"
195.234.136.80 - - [18/Aug/2013:10:54:04 -0400] "GET /contact.html HTTP/1.1" 200 13135 "-" "Mozilla/5.0 (Windows NT 6.1; WOW64) AppleWebKit/535.7 (KHTML, like Gecko) Chrome/16.0.912.77 Safari/535.7"
195.234.136.80 - - [18/Aug/2013:10:54:05 -0400] "GET /legacyproductinformatio/synflash.html HTTP/1.1" 200 32246 "-" "Mozilla/5.0 (Windows NT 6.1; WOW64) AppleWebKit/535.7 (KHTML, like Gecko) Chrome/16.0.912.77 Safari/535.7"
195.234.136.80 - - [18/Aug/2013:10:54:06 -0400] "GET /soundhomepage/videoclips.html HTTP/1.1" 200 23272 "-" "Mozilla/5.0 (Windows NT 6.1; WOW64) AppleWebKit/535.7 (KHTML, like Gecko) Chrome/16.0.912.77 Safari/535.7"
195.234.136.80 - - [18/Aug/2013:10:54:06 -0400] "GET /legacyproductinformatio.html HTTP/1.1" 200 8626 "-" "Mozilla/5.0 (Windows NT 6.1; WOW64) AppleWebKit/535.7 (KHTML, like Gecko) Chrome/16.0.912.77 Safari/535.7"
195.234.136.80 - - [18/Aug/2013:10:54:06 -0400] "GET /legacyproductinformatio/sy2testimonials.html HTTP/1.1" 200 13495 "-" "Mozilla/5.0 (Windows NT 6.1; WOW64) AppleWebKit/535.7 (KHTML, like Gecko) Chrome/16.0.912.77 Safari/535.7"
195.234.136.80 - - [18/Aug/2013:10:54:08 -0400] "GET /legacyproductinformatio/syncheckii.html HTTP/1.1" 200 19051 "-" "Mozilla/5.0 (Windows NT 6.1; WOW64) AppleWebKit/535.7 (KHTML, like Gecko) Chrome/16.0.912.77 Safari/535.7"
195.234.136.80 - - [18/Aug/2013:10:54:09 -0400] "GET /legacyproductinformatio/faqsyncheckii.html HTTP/1.1" 200 17550 "-" "Mozilla/5.0 (Windows NT 6.1; WOW64) AppleWebKit/535.7 (KHTML, like Gecko) Chrome/16.0.912.77 Safari/535.7"
195.234.136.80 - - [18/Aug/2013:10:54:09 -0400] "GET /syncheckproducthomepage/syncheck3.html HTTP/1.1" 200 21686 "-" "Mozilla/5.0 (Windows NT 6.1; WOW64) AppleWebKit/535.7 (KHTML, like Gecko) Chrome/16.0.912.77 Safari/535.7"
195.234.136.80 - - [18/Aug/2013:10:54:10 -0400] "GET /syncheckproducthomepage/downloads.html HTTP/1.1" 200 24106 "-" "Mozilla/5.0 (Windows NT 6.1; WOW64) AppleWebKit/535.7 (KHTML, like Gecko) Chrome/16.0.912.77 Safari/535.7"
195.234.136.80 - - [18/Aug/2013:10:54:12 -0400] "GET /deliverables.html HTTP/1.1" 200 24741 "-" "Mozilla/5.0 (Windows NT 6.1; WOW64) AppleWebKit/535.7 (KHTML, like Gecko) Chrome/16.0.912.77 Safari/535.7"
195.234.136.80 - - [18/Aug/2013:10:54:13 -0400] "GET /soundhomepage/aboutrichardfairbanks.html HTTP/1.1" 200 14943 "-" "Mozilla/5.0 (Windows NT 6.1; WOW64) AppleWebKit/535.7 (KHTML, like Gecko) Chrome/16.0.912.77 Safari/535.7"
195.234.136.80 - - [18/Aug/2013:10:54:13 -0400] "GET /syncheckproducthomepage/distributors.html HTTP/1.1" 200 29733 "-" "Mozilla/5.0 (Windows NT 6.1; WOW64) AppleWebKit/535.7 (KHTML, like Gecko) Chrome/16.0.912.77 Safari/535.7"
195.234.136.80 - - [18/Aug/2013:10:54:14 -0400] "GET /syncheckproducthomepage/dvd.html HTTP/1.1" 200 11942 "-" "Mozilla/5.0 (Windows NT 6.1; WOW64) AppleWebKit/535.7 (KHTML, like Gecko) Chrome/16.0.912.77 Safari/535.7"
195.234.136.80 - - [18/Aug/2013:10:54:15 -0400] "GET /yeolderadiomuseum.html HTTP/1.1" 200 42663 "-" "Mozilla/5.0 (Windows NT 6.1; WOW64) AppleWebKit/535.7 (KHTML, like Gecko) Chrome/16.0.912.77 Safari/535.7"
195.234.136.80 - - [18/Aug/2013:10:54:16 -0400] "GET /news.html HTTP/1.1" 200 38070 "-" "Mozilla/5.0 (Windows NT 6.1; WOW64) AppleWebKit/535.7 (KHTML, like Gecko) Chrome/16.0.912.77 Safari/535.7"
195.234.136.80 - - [18/Aug/2013:10:54:17 -0400] "GET /syncheckproducthomepage/buyonline.html HTTP/1.1" 200 10340 "-" "Mozilla/5.0 (Windows NT 6.1; WOW64) AppleWebKit/535.7 (KHTML, like Gecko) Chrome/16.0.912.77 Safari/535.7"
195.234.136.80 - - [18/Aug/2013:10:54:18 -0400] "GET /soundhomepage/audioclips.html HTTP/1.1" 200 18078 "-" "Mozilla/5.0 (Windows NT 6.1; WOW64) AppleWebKit/535.7 (KHTML, like Gecko) Chrome/16.0.912.77 Safari/535.7"
195.234.136.80 - - [18/Aug/2013:10:54:18 -0400] "GET /soundhomepage.html HTTP/1.1" 200 14579 "-" "Mozilla/5.0 (Windows NT 6.1; WOW64) AppleWebKit/535.7 (KHTML, like Gecko) Chrome/16.0.912.77 Safari/535.7"
195.234.136.80 - - [18/Aug/2013:10:54:20 -0400] "GET /ptvideosyncstudy.html HTTP/1.1" 200 41918 "-" "Mozilla/5.0 (Windows NT 6.1; WOW64) AppleWebKit/535.7 (KHTML, like Gecko) Chrome/16.0.912.77 Safari/535.7"
195.234.136.80 - - [18/Aug/2013:10:54:21 -0400] "GET /dialogcleanupexample.html HTTP/1.1" 200 10718 "-" "Mozilla/5.0 (Windows NT 6.1; WOW64) AppleWebKit/535.7 (KHTML, like Gecko) Chrome/16.0.912.77 Safari/535.7"
195.234.136.80 - - [18/Aug/2013:10:54:23 -0400] "GET /ftpfeedback.html HTTP/1.1" 200 10976 "-" "Mozilla/5.0 (Windows NT 6.1; WOW64) AppleWebKit/535.7 (KHTML, like Gecko) Chrome/16.0.912.77 Safari/535.7"
195.234.136.80 - - [18/Aug/2013:10:54:23 -0400] "GET /synflashv2readme.html HTTP/1.1" 200 17800 "-" "Mozilla/5.0 (Windows NT 6.1; WOW64) AppleWebKit/535.7 (KHTML, like Gecko) Chrome/16.0.912.77 Safari/535.7"
195.234.136.80 - - [18/Aug/2013:10:54:24 -0400] "GET /sy3specialoffer.html HTTP/1.1" 200 12085 "-" "Mozilla/5.0 (Windows NT 6.1; WOW64) AppleWebKit/535.7 (KHTML, like Gecko) Chrome/16.0.912.77 Safari/535.7"
195.234.136.80 - - [18/Aug/2013:10:54:24 -0400] "GET /ideviceapp.html HTTP/1.1" 200 22676 "-" "Mozilla/5.0 (Windows NT 6.1; WOW64) AppleWebKit/535.7 (KHTML, like Gecko) Chrome/16.0.912.77 Safari/535.7"
195.234.136.80 - - [18/Aug/2013:10:54:25 -0400] "GET /paperslinks.html HTTP/1.1" 200 17077 "-" "Mozilla/5.0 (Windows NT 6.1; WOW64) AppleWebKit/535.7 (KHTML, like Gecko) Chrome/16.0.912.77 Safari/535.7"
195.234.136.80 - - [18/Aug/2013:10:54:26 -0400] "GET /prevfacility.html HTTP/1.1" 200 12058 "-" "Mozilla/5.0 (Windows NT 6.1; WOW64) AppleWebKit/535.7 (KHTML, like Gecko) Chrome/16.0.912.77 Safari/535.7"
195.234.136.80 - - [18/Aug/2013:10:54:27 -0400] "GET /ftplist.html HTTP/1.1" 200 11193 "-" "Mozilla/5.0 (Windows NT 6.1; WOW64) AppleWebKit/535.7 (KHTML, like Gecko) Chrome/16.0.912.77 Safari/535.7"
195.234.136.80 - - [18/Aug/2013:10:54:27 -0400] "GET /2pop.html HTTP/1.1" 200 9677 "-" "Mozilla/5.0 (Windows NT 6.1; WOW64) AppleWebKit/535.7 (KHTML, like Gecko) Chrome/16.0.912.77 Safari/535.7"
195.234.136.80 - - [18/Aug/2013:10:54:27 -0400] "GET /richworks.html HTTP/1.1" 200 15736 "-" "Mozilla/5.0 (Windows NT 6.1; WOW64) AppleWebKit/535.7 (KHTML, like Gecko) Chrome/16.0.912.77 Safari/535.7"
195.234.136.80 - - [18/Aug/2013:10:54:28 -0400] "GET /tweeterfixpart1.html HTTP/1.1" 200 18654 "-" "Mozilla/5.0 (Windows NT 6.1; WOW64) AppleWebKit/535.7 (KHTML, like Gecko) Chrome/16.0.912.77 Safari/535.7"
195.234.136.80 - - [18/Aug/2013:10:54:29 -0400] "GET /ak35repair1.html HTTP/1.1" 200 18956 "-" "Mozilla/5.0 (Windows NT 6.1; WOW64) AppleWebKit/535.7 (KHTML, like Gecko) Chrome/16.0.912.77 Safari/535.7"
195.234.136.80 - - [18/Aug/2013:10:54:30 -0400] "GET /ak55cpart1.html HTTP/1.1" 200 21701 "-" "Mozilla/5.0 (Windows NT 6.1; WOW64) AppleWebKit/535.7 (KHTML, like Gecko) Chrome/16.0.912.77 Safari/535.7"
195.234.136.80 - - [18/Aug/2013:10:54:30 -0400] "GET /radiola26part1.html HTTP/1.1" 200 20077 "-" "Mozilla/5.0 (Windows NT 6.1; WOW64) AppleWebKit/535.7 (KHTML, like Gecko) Chrome/16.0.912.77 Safari/535.7"
195.234.136.80 - - [18/Aug/2013:10:54:32 -0400] "GET /brokenlink.html HTTP/1.1" 200 8959 "-" "Mozilla/5.0 (Windows NT 6.1; WOW64) AppleWebKit/535.7 (KHTML, like Gecko) Chrome/16.0.912.77 Safari/535.7"
195.234.136.80 - - [18/Aug/2013:10:54:32 -0400] "GET /mmperceptions.html HTTP/1.1" 200 19173 "-" "Mozilla/5.0 (Windows NT 6.1; WOW64) AppleWebKit/535.7 (KHTML, like Gecko) Chrome/16.0.912.77 Safari/535.7"
195.234.136.80 - - [18/Aug/2013:10:54:33 -0400] "GET /audioprep.html HTTP/1.1" 200 64912 "-" "Mozilla/5.0 (Windows NT 6.1; WOW64) AppleWebKit/535.7 (KHTML, like Gecko) Chrome/16.0.912.77 Safari/535.7"
195.234.136.80 - - [18/Aug/2013:10:54:35 -0400] "GET /mmworthit.html HTTP/1.1" 200 22151 "-" "Mozilla/5.0 (Windows NT 6.1; WOW64) AppleWebKit/535.7 (KHTML, like Gecko) Chrome/16.0.912.77 Safari/535.7"
195.234.136.80 - - [18/Aug/2013:10:54:37 -0400] "GET /mmloudness.html HTTP/1.1" 200 22000 "-" "Mozilla/5.0 (Windows NT 6.1; WOW64) AppleWebKit/535.7 (KHTML, like Gecko) Chrome/16.0.912.77 Safari/535.7"
195.234.136.80 - - [18/Aug/2013:10:54:38 -0400] "GET /826mix.html HTTP/1.1" 200 8716 "-" "Mozilla/5.0 (Windows NT 6.1; WOW64) AppleWebKit/535.7 (KHTML, like Gecko) Chrome/16.0.912.77 Safari/535.7"
195.234.136.80 - - [18/Aug/2013:10:54:39 -0400] "GET /tweeterfixpart2.html HTTP/1.1" 200 19845 "-" "Mozilla/5.0 (Windows NT 6.1; WOW64) AppleWebKit/535.7 (KHTML, like Gecko) Chrome/16.0.912.77 Safari/535.7"
195.234.136.80 - - [18/Aug/2013:10:54:39 -0400] "GET /tweeterfixpart3.html HTTP/1.1" 200 16756 "-" "Mozilla/5.0 (Windows NT 6.1; WOW64) AppleWebKit/535.7 (KHTML, like Gecko) Chrome/16.0.912.77 Safari/535.7"
195.234.136.80 - - [18/Aug/2013:10:54:39 -0400] "GET /tweeterfixpart4.html HTTP/1.1" 200 17678 "-" "Mozilla/5.0 (Windows NT 6.1; WOW64) AppleWebKit/535.7 (KHTML, like Gecko) Chrome/16.0.912.77 Safari/535.7"
157.55.35.43 - - [18/Aug/2013:11:39:21 -0400] "GET / HTTP/1.1" 200 14579 "-" "Mozilla/5.0 (compatible; bingbot/2.0; +http://www.bing.com/bingbot.htm)"
65.55.213.69 - - [18/Aug/2013:12:37:50 -0400] "GET /syncheckproducthomepage/syncheck3.html HTTP/1.1" 200 21686 "-" "msnbot/2.0b (+http://search.msn.com/msnbot.htm)"
65.55.213.68 - - [18/Aug/2013:12:36:38 -0400] "GET /soundhomepage.html HTTP/1.1" 200 14579 "-" "msnbot/2.0b (+http://search.msn.com/msnbot.htm)"
46.0.193.105 - - [18/Aug/2013:00:35:43 -0400] "GET / HTTP/1.1" 200 14579 "http://pharoahaudio.com" "Mozilla/4.0 (compatible; MSIE 6.0; Windows NT 5.1; SV1)"
98.151.248.134 - - [18/Aug/2013:01:33:55 -0400] "GET /scripts/website.css HTTP/1.1" 200 1916 "http://www.pharoahaudio.com/syncheckproducthomepage.html" "Mozilla/5.0 (Macintosh; Intel Mac OS X 10.8; rv:23.0) Gecko/20100101 Firefox/23.0"
98.151.248.134 - - [18/Aug/2013:01:33:55 -0400] "GET /scripts/user.js HTTP/1.1" 200 23762 "http://www.pharoahaudio.com/syncheckproducthomepage.html" "Mozilla/5.0 (Macintosh; Intel Mac OS X 10.8; rv:23.0) Gecko/20100101 Firefox/23.0"
98.151.248.134 - - [18/Aug/2013:01:33:55 -0400] "GET /scripts/526493custom.css HTTP/1.1" 200 3102 "http://www.pharoahaudio.com/syncheckproducthomepage.html" "Mozilla/5.0 (Macintosh; Intel Mac OS X 10.8; rv:23.0) Gecko/20100101 Firefox/23.0"
98.151.248.134 - - [18/Aug/2013:01:33:55 -0400] "GET /images/292_SY3_tabletop2_straight.jpg HTTP/1.1" 200 20162 "http://www.pharoahaudio.com/syncheckproducthomepage.html" "Mozilla/5.0 (Macintosh; Intel Mac OS X 10.8; rv:23.0) Gecko/20100101 Firefox/23.0"
98.151.248.134 - - [18/Aug/2013:01:33:55 -0400] "GET /images/ic_002_banner_bg_wide.jpg HTTP/1.1" 200 5805 "http://www.pharoahaudio.com/scripts/template.css" "Mozilla/5.0 (Macintosh; Intel Mac OS X 10.8; rv:23.0) Gecko/20100101 Firefox/23.0"
68.107.123.1 - - [18/Aug/2013:03:39:29 -0400] "GET /scripts/template.css HTTP/1.1" 200 11360 "http://www.pharoahaudio.com/" "Mozilla/5.0 (Macintosh; Intel Mac OS X 10_7_5) AppleWebKit/536.30.1 (KHTML, like Gecko) Version/6.0.5 Safari/536.30.1"
68.107.123.1 - - [18/Aug/2013:03:39:30 -0400] "GET /images/ic_002_banner_bg_wide.jpg HTTP/1.1" 200 5805 "http://www.pharoahaudio.com/" "Mozilla/5.0 (Macintosh; Intel Mac OS X 10_7_5) AppleWebKit/536.30.1 (KHTML, like Gecko) Version/6.0.5 Safari/536.30.1"
98.14.251.174 - - [18/Aug/2013:19:39:52 -0400] "GET /scripts/526533.css HTTP/1.1" 200 102 "http://www.pharoahaudio.com/radiola26part4.html" "Mozilla/5.0 (Windows NT 6.0; rv:22.0) Gecko/20100101 Firefox/22.0"
98.14.251.174 - - [18/Aug/2013:19:39:52 -0400] "GET /images/432_R26_14A_wax_chip_CU.JPG HTTP/1.1" 200 26544 "http://www.pharoahaudio.com/radiola26part4.html" "Mozilla/5.0 (Windows NT 6.0; rv:22.0) Gecko/20100101 Firefox/22.0"
98.14.251.174 - - [18/Aug/2013:19:39:52 -0400] "GET /images/432_osc_schematic_part.JPG HTTP/1.1" 200 28181 "http://www.pharoahaudio.com/radiola26part4.html" "Mozilla/5.0 (Windows NT 6.0; rv:22.0) Gecko/20100101 Firefox/22.0"
109.169.70.126 - - [18/Aug/2013:20:29:52 -0400] "GET /legacyproductinformatio/originalsyncheck.html HTTP/1.1" 200 15206 "http://www.pharoahaudio.com/" "Mozilla/5.0 (Macintosh; Intel Mac OS X 10_7_5) AppleWebKit/537.36 (KHTML, like Gecko) Chrome/28.0.1500.71 Safari/537.36"
186.148.159.129 - - [18/Aug/2013:16:47:04 -0400] "GET /images/350_R26_12_hinges_repaired.JPG HTTP/1.1" 200 18919 "http://www.pharoahaudio.com/radiola26part3.html" "Mozilla/5.0 (Windows NT 6.1) AppleWebKit/537.36 (KHTML, like Gecko) Chrome/28.0.1500.95 Safari/537.36"
186.148.151.10 - - [18/Aug/2013:16:48:24 -0400] "GET /favicon.ico HTTP/1.1" 404 575 "-" "Mozilla/5.0 (Windows NT 6.1) AppleWebKit/537.36 (KHTML, like Gecko) Chrome/28.0.1500.95 Safari/537.36"
208.83.156.117 - - [18/Aug/2013:06:56:28 -0400] "GET /scripts/526527custom.css HTTP/1.1" 200 1814 "-" "Mozilla/5.0 (compatible; FatBot 2.0; http://www.thefind.com/crawler)"
46.119.118.152 - - [18/Aug/2013:07:26:10 -0400] "GET /ptvideosyncstudy.html HTTP/1.1" 200 41918 "http://komputernaya-pomosh-moscow.ru/" "Mozilla/4.0 (compatible; MSIE 6.0; Windows NT 5.1; FREE; .NET CLR 1.1.4322)"
193.252.118.176 - - [18/Aug/2013:13:48:12 -0400] "GET /syncheckproducthomepage/downloads.html HTTP/1.1" 200 24106 "-" "Mozilla/5.0 (Windows; U; Windows NT 5.1; fr; rv:1.8.1) VoilaBot BETA 1.2 (support.voilabot@orange-ftgroup.com)"
46.0.193.105 - - [18/Aug/2013:00:35:43 -0400] "GET / HTTP/1.1" 200 14579 "http://pharoaheditorial.com" "Mozilla/4.0 (compatible; MSIE 6.0; Windows NT 5.1; SV1)"
188.143.234.127 - - [18/Aug/2013:01:39:33 -0400] "GET /yeolderadiomuseum.html HTTP/1.1" 200 42663 "-" "Mozilla/4.0 (compatible; MSIE 6.0; Windows NT 5.1; SV1)"
68.107.123.1 - - [18/Aug/2013:03:40:07 -0400] "GET /scripts/526539custom.css HTTP/1.1" 200 1478 "http://www.pharoahaudio.com/dialogcleanupexample.html" "Mozilla/5.0 (Macintosh; Intel Mac OS X 10_7_5) AppleWebKit/536.30.1 (KHTML, like Gecko) Version/6.0.5 Safari/536.30.1"
68.107.123.1 - - [18/Aug/2013:03:40:07 -0400] "GET /images/hand_left_blue.gif HTTP/1.1" 200 932 "http://www.pharoahaudio.com/dialogcleanupexample.html" "Mozilla/5.0 (Macintosh; Intel Mac OS X 10_7_5) AppleWebKit/536.30.1 (KHTML, like Gecko) Version/6.0.5 Safari/536.30.1"
98.14.251.174 - - [18/Aug/2013:19:39:31 -0400] "GET /images/181_T1_tweeter_unopened.jpg HTTP/1.1" 200 8783 "http://www.pharoahaudio.com/yeolderadiomuseum.html" "Mozilla/5.0 (Windows NT 6.0; rv:22.0) Gecko/20100101 Firefox/22.0"
98.14.251.174 - - [18/Aug/2013:19:39:31 -0400] "GET /images/photoalbum/button_photoFirst.jpg HTTP/1.1" 200 637 "http://www.pharoahaudio.com/yeolderadiomuseum.html" "Mozilla/5.0 (Windows NT 6.0; rv:22.0) Gecko/20100101 Firefox/22.0"
98.14.251.174 - - [18/Aug/2013:19:39:31 -0400] "GET /images/photoalbum/button_photoSpeed4.jpg HTTP/1.1" 200 506 "http://www.pharoahaudio.com/yeolderadiomuseum.html" "Mozilla/5.0 (Windows NT 6.0; rv:22.0) Gecko/20100101 Firefox/22.0"
98.14.251.174 - - [18/Aug/2013:19:39:32 -0400] "GET /images/480_Crosley51_OpCl.jpg HTTP/1.1" 200 29265 "http://www.pharoahaudio.com/yeolderadiomuseum.html" "Mozilla/5.0 (Windows NT 6.0; rv:22.0) Gecko/20100101 Firefox/22.0"
98.14.251.174 - - [18/Aug/2013:19:39:32 -0400] "GET /images/399_Bosch_Model_28_with_AmplionAR19.jpg HTTP/1.1" 200 26270 "http://www.pharoahaudio.com/yeolderadiomuseum.html" "Mozilla/5.0 (Windows NT 6.0; rv:22.0) Gecko/20100101 Firefox/22.0"
98.14.251.174 - - [18/Aug/2013:19:39:32 -0400] "GET /images/480_Universal_4tube_branded.JPG HTTP/1.1" 200 44458 "http://www.pharoahaudio.com/yeolderadiomuseum.html" "Mozilla/5.0 (Windows NT 6.0; rv:22.0) Gecko/20100101 Firefox/22.0"
98.14.251.174 - - [18/Aug/2013:19:39:32 -0400] "GET /images/480_GM_985775_pocket_portable.jpg HTTP/1.1" 200 26420 "http://www.pharoahaudio.com/yeolderadiomuseum.html" "Mozilla/5.0 (Windows NT 6.0; rv:22.0) Gecko/20100101 Firefox/22.0"
208.115.113.92 - - [18/Aug/2013:20:30:57 -0400] "GET /synflashv2readme.html HTTP/1.1" 200 17800 "-" "Mozilla/5.0 (compatible; Ezooms/1.0; ezooms.bot@gmail.com)"
71.91.70.108 - - [18/Aug/2013:21:34:28 -0400] "GET /scripts/526548.css HTTP/1.1" 200 102 "http://www.pharoahaudio.com/ak55cpart1.html" "Mozilla/5.0 (compatible; MSIE 10.0; Windows Phone 8.0; Trident/6.0; IEMobile/10.0; ARM; Touch; NOKIA; Lumia 822)"
71.91.70.108 - - [18/Aug/2013:21:34:28 -0400] "GET /scripts/526548custom.css HTTP/1.1" 200 4173 "http://www.pharoahaudio.com/ak55cpart1.html" "Mozilla/5.0 (compatible; MSIE 10.0; Windows Phone 8.0; Trident/6.0; IEMobile/10.0; ARM; Touch; NOKIA; Lumia 822)"
71.91.70.108 - - [18/Aug/2013:21:34:28 -0400] "GET /images/360_AK55-00.JPG HTTP/1.1" 200 21995 "http://www.pharoahaudio.com/ak55cpart1.html" "Mozilla/5.0 (compatible; MSIE 10.0; Windows Phone 8.0; Trident/6.0; IEMobile/10.0; ARM; Touch; NOKIA; Lumia 822)"
66.249.72.72 - - [18/Aug/2013:22:12:20 -0400] "GET /scripts/icwebsiteelement.css HTTP/1.1" 200 8132 "-" "Mozilla/5.0 (compatible; Googlebot/2.1; +http://www.google.com/bot.html)"
68.102.60.18 - - [18/Aug/2013:22:37:27 -0400] "GET /images/ic_002_body_bg.gif HTTP/1.1" 200 304 "http://www.pharoahaudio.com/syncheckproducthomepage.html" "Mozilla/5.0 (iPhone; CPU iPhone OS 6_1_4 like Mac OS X) AppleWebKit/536.26 (KHTML, like Gecko) Version/6.0 Mobile/10B350 Safari/8536.25"
218.186.18.11 - - [18/Aug/2013:23:00:41 -0400] "GET /images/432_AK55-24.JPG HTTP/1.1" 200 31406 "-" "Mozilla/5.0 (Windows NT 6.2; WOW64; rv:23.0) Gecko/20100101 Firefox/23.0"
220.181.89.166 - - [18/Aug/2013:09:01:44 -0400] "GET /syncheckproducthomepage.html HTTP/1.1" 200 23731 "-" "Sogou web spider/4.0(+http://www.sogou.com/docs/help/webmasters.htm#07)"
46.118.126.194 - - [18/Aug/2013:11:22:01 -0400] "GET /ptvideosyncstudy.html HTTP/1.1" 200 41918 "http://videosoc.ru/" "Mozilla/4.0 (compatible; MSIE 6.0; Windows NT 5.1; SV1; .NET CLR 1.1.4322)"
65.55.213.69 - - [18/Aug/2013:12:37:49 -0400] "GET /contact.html HTTP/1.1" 200 13135 "-" "msnbot/2.0b (+http://search.msn.com/msnbot.htm)"
193.252.118.165 - - [18/Aug/2013:03:25:53 -0400] "GET /prevfacility.html HTTP/1.1" 200 12058 "-" "Mozilla/5.0 (Windows; U; Windows NT 5.1; fr; rv:1.8.1) VoilaBot BETA 1.2 (support.voilabot@orange-ftgroup.com)"
68.107.123.1 - - [18/Aug/2013:03:40:45 -0400] "GET /images/micSpits_cleanup2.mp3 HTTP/1.1" 200 118766 "http://www.pharoahaudio.com/dialogcleanupexample.html" "Mozilla/5.0 (Macintosh; Intel Mac OS X 10_7_5) AppleWebKit/536.30.1 (KHTML, like Gecko) Version/6.0.5 Safari/536.30.1"
68.107.123.1 - - [18/Aug/2013:03:41:03 -0400] "GET /scripts/526496.css HTTP/1.1" 200 102 "http://www.pharoahaudio.com/yeolderadiomuseum.html" "Mozilla/5.0 (Macintosh; Intel Mac OS X 10_7_5) AppleWebKit/536.30.1 (KHTML, like Gecko) Version/6.0.5 Safari/536.30.1"
68.107.123.1 - - [18/Aug/2013:03:41:03 -0400] "GET /images/181_Radiola_26_small_branded.jpg HTTP/1.1" 200 5165 "http://www.pharoahaudio.com/yeolderadiomuseum.html" "Mozilla/5.0 (Macintosh; Intel Mac OS X 10_7_5) AppleWebKit/536.30.1 (KHTML, like Gecko) Version/6.0.5 Safari/536.30.1"
68.107.123.1 - - [18/Aug/2013:03:41:04 -0400] "GET /images/photoalbum/button_photoNext.jpg HTTP/1.1" 200 662 "http://www.pharoahaudio.com/yeolderadiomuseum.html" "Mozilla/5.0 (Macintosh; Intel Mac OS X 10_7_5) AppleWebKit/536.30.1 (KHTML, like Gecko) Version/6.0.5 Safari/536.30.1"
68.107.123.1 - - [18/Aug/2013:03:41:04 -0400] "GET /images/photoalbum/button_photoSpeed3_ON.jpg HTTP/1.1" 200 587 "http://www.pharoahaudio.com/yeolderadiomuseum.html" "Mozilla/5.0 (Macintosh; Intel Mac OS X 10_7_5) AppleWebKit/536.30.1 (KHTML, like Gecko) Version/6.0.5 Safari/536.30.1"
68.107.123.1 - - [18/Aug/2013:03:41:04 -0400] "GET /images/94_Telephone_neckset_earpiece_1919.JPG HTTP/1.1" 200 2323 "http://www.pharoahaudio.com/yeolderadiomuseum.html" "Mozilla/5.0 (Macintosh; Intel Mac OS X 10_7_5) AppleWebKit/536.30.1 (KHTML, like Gecko) Version/6.0.5 Safari/536.30.1"
68.107.123.1 - - [18/Aug/2013:03:41:04 -0400] "GET /images/950_Crosley51_OpCl.jpg HTTP/1.1" 200 80060 "http://www.pharoahaudio.com/yeolderadiomuseum.html" "Mozilla/5.0 (Macintosh; Intel Mac OS X 10_7_5) AppleWebKit/536.30.1 (KHTML, like Gecko) Version/6.0.5 Safari/536.30.1"
68.107.123.1 - - [18/Aug/2013:03:41:05 -0400] "GET /images/480_Amer_Bosch_28_open.jpg HTTP/1.1" 200 37731 "http://www.pharoahaudio.com/yeolderadiomuseum.html" "Mozilla/5.0 (Macintosh; Intel Mac OS X 10_7_5) AppleWebKit/536.30.1 (KHTML, like Gecko) Version/6.0.5 Safari/536.30.1"
123.151.148.161 - - [18/Aug/2013:18:23:20 -0400] "GET /syncheckproducthomepage.html HTTP/1.1" 200 23731 "http://www.syncheck.com/" "Mozilla/5.0 (compatible; Sosospider/2.0; +http://help.soso.com/webspider.htm)"
186.148.159.129 - - [18/Aug/2013:16:47:03 -0400] "GET /images/448_R26_09_hinge_old_soldered.JPG HTTP/1.1" 200 17773 "http://www.pharoahaudio.com/radiola26part3.html" "Mozilla/5.0 (Windows NT 6.1) AppleWebKit/537.36 (KHTML, like Gecko) Chrome/28.0.1500.95 Safari/537.36"
186.148.151.10 - - [18/Aug/2013:16:47:44 -0400] "GET /scripts/526535.css HTTP/1.1" 200 102 "http://www.pharoahaudio.com/radiola26part6.html" "Mozilla/5.0 (Windows NT 6.1) AppleWebKit/537.36 (KHTML, like Gecko) Chrome/28.0.1500.95 Safari/537.36"
186.148.159.129 - - [18/Aug/2013:16:47:45 -0400] "GET /images/282_R26_31_make_pad4.JPG HTTP/1.1" 200 14241 "http://www.pharoahaudio.com/radiola26part6.html" "Mozilla/5.0 (Windows NT 6.1) AppleWebKit/537.36 (KHTML, like Gecko) Chrome/28.0.1500.95 Safari/537.36"
199.30.24.35 - - [18/Aug/2013:10:25:19 -0400] "GET /images/Majestic_reversed_for_pages.jpg HTTP/1.1" 200 6769 "http://www.pharoahaudio.com/radiola26part4.html" "Mozilla/5.0 (Windows NT 6.1; WOW64) AppleWebKit/534+ (KHTML, like Gecko) BingPreview/1.0b"
46.118.126.194 - - [18/Aug/2013:11:21:36 -0400] "GET /ptvideosyncstudy.html HTTP/1.1" 200 41918 "http://www.vmk-logistics.ru/" "Mozilla/4.0 (compatible; MSIE 6.0; Windows NT 5.1; FREE; .NET CLR 1.1.4322)"
