65.38.62.144 - - [20/Jun/2014:23:12:01 -0400] "GET /images/480_Philco_49-607_rolltop_combo.JPG HTTP/1.1" 200 24389 "http://www.pharoahaudio.com/yeolderadiomuseum.html" "Mozilla/5.0 (Windows NT 6.0; rv:30.0) Gecko/20100101 Firefox/30.0"
65.38.62.144 - - [20/Jun/2014:23:12:02 -0400] "GET /images/94_Crystal_Whisker_Set_early_20s.JPG HTTP/1.1" 200 2213 "http://www.pharoahaudio.com/yeolderadiomuseum.html" "Mozilla/5.0 (Windows NT 6.0; rv:30.0) Gecko/20100101 Firefox/30.0"
65.38.62.144 - - [20/Jun/2014:23:12:02 -0400] "GET /images/94_Radiola_26_small_branded.jpg HTTP/1.1" 200 2231 "http://www.pharoahaudio.com/yeolderadiomuseum.html" "Mozilla/5.0 (Windows NT 6.0; rv:30.0) Gecko/20100101 Firefox/30.0"
65.38.62.144 - - [20/Jun/2014:23:12:02 -0400] "GET /images/94_Lektophone_speaker.jpg HTTP/1.1" 200 3100 "http://www.pharoahaudio.com/yeolderadiomuseum.html" "Mozilla/5.0 (Windows NT 6.0; rv:30.0) Gecko/20100101 Firefox/30.0"
65.38.62.144 - - [20/Jun/2014:23:12:02 -0400] "GET /images/70_GE_K105.jpg HTTP/1.1" 200 2893 "http://www.pharoahaudio.com/yeolderadiomuseum.html" "Mozilla/5.0 (Windows NT 6.0; rv:30.0) Gecko/20100101 Firefox/30.0"
65.38.62.144 - - [20/Jun/2014:23:12:02 -0400] "GET /images/94_Sparton5218.JPG HTTP/1.1" 200 2536 "http://www.pharoahaudio.com/yeolderadiomuseum.html" "Mozilla/5.0 (Windows NT 6.0; rv:30.0) Gecko/20100101 Firefox/30.0"
65.38.62.144 - - [20/Jun/2014:23:12:02 -0400] "GET /images/94_Marconi_202.jpg HTTP/1.1" 200 2680 "http://www.pharoahaudio.com/yeolderadiomuseum.html" "Mozilla/5.0 (Windows NT 6.0; rv:30.0) Gecko/20100101 Firefox/30.0"
65.38.62.144 - - [20/Jun/2014:23:12:03 -0400] "GET /images/94_Motorola_51M1U_battery_AC_1951_OpCl.jpg HTTP/1.1" 200 2547 "http://www.pharoahaudio.com/yeolderadiomuseum.html" "Mozilla/5.0 (Windows NT 6.0; rv:30.0) Gecko/20100101 Firefox/30.0"
65.38.62.144 - - [20/Jun/2014:23:12:03 -0400] "GET /images/photoalbum/photo_controlBG.jpg HTTP/1.1" 200 336 "http://www.pharoahaudio.com/scripts/icwebsiteelement.css" "Mozilla/5.0 (Windows NT 6.0; rv:30.0) Gecko/20100101 Firefox/30.0"
65.55.215.34 - - [20/Jun/2014:07:17:58 -0400] "GET /images/432_R26_28_make_pad1.JPG HTTP/1.1" 200 29768 "-" "msnbot-media/1.1 (+http://search.msn.com/msnbot.htm)"
109.120.157.179 - - [20/Jun/2014:09:05:55 -0400] "GET /ak35repair5.html HTTP/1.1" 200 21319 "http://liderpak.ru/" "Mozilla/5.0 (compatible; Add Catalog/2.1;)"
134.117.71.230 - - [20/Jun/2014:10:41:50 -0400] "GET /images/432_T10_new_foam2.jpg HTTP/1.1" 200 38819 "-" "Mozilla/5.0 (Windows NT 6.1; WOW64; Trident/7.0; rv:11.0) like Gecko"
208.115.113.92 - - [20/Jun/2014:11:52:59 -0400] "GET /robots.txt HTTP/1.1" 200 25 "-" "Mozilla/5.0 (compatible; DotBot/1.1; http://www.opensiteexplorer.org/dotbot, help@moz.com)"
85.75.42.240 - - [20/Jun/2014:11:54:20 -0400] "GET /scripts/526531custom.css HTTP/1.1" 200 3506 "http://www.pharoahaudio.com/radiola26part2.html" "Mozilla/5.0 (Windows NT 6.1; WOW64; rv:30.0) Gecko/20100101 Firefox/30.0"
85.75.42.240 - - [20/Jun/2014:11:54:20 -0400] "GET /images/432_R26_06_loop_wired_bottom.JPG HTTP/1.1" 200 25391 "http://www.pharoahaudio.com/radiola26part2.html" "Mozilla/5.0 (Windows NT 6.1; WOW64; rv:30.0) Gecko/20100101 Firefox/30.0"
85.75.42.240 - - [20/Jun/2014:11:54:56 -0400] "GET /images/350_R26_10_hinge_old_braid_bits.JPG HTTP/1.1" 200 18442 "http://www.pharoahaudio.com/radiola26part3.html" "Mozilla/5.0 (Windows NT 6.1; WOW64; rv:30.0) Gecko/20100101 Firefox/30.0"
208.185.22.30 - - [20/Jun/2014:11:56:55 -0400] "GET /images/Syncheck_user_manual_v1.0.8.pdf HTTP/1.1" 200 40926 "-" "Mozilla/5.0 (Macintosh; Intel Mac OS X 10.7; rv:30.0) Gecko/20100101 Firefox/30.0"
66.249.64.148 - - [20/Jun/2014:03:47:43 -0400] "GET /syncheckproducthomepage/downloads.html HTTP/1.1" 304 - "-" "Mozilla/5.0 (compatible; Googlebot/2.1; +http://www.google.com/bot.html)"
175.44.30.69 - - [20/Jun/2014:05:11:57 -0400] "GET /editor/editor/filemanager/connectors/test.html HTTP/1.1" 404 575 "-" "Mozilla/4.0 (compatible; MSIE 6.0; Windows NT 5.1; SV1; Mozilla/4.0 (compatible; MSIE 6.0; Windows NT 5.1; SV1) )"
24.90.96.174 - - [20/Jun/2014:12:59:47 -0400] "GET /scripts/photoalbum.js HTTP/1.1" 200 62481 "http://www.pharoahaudio.com/syncheckproducthomepage/downloads.html" "Mozilla/5.0 (Macintosh; Intel Mac OS X 10.9; rv:30.0) Gecko/20100101 Firefox/30.0"
24.90.96.174 - - [20/Jun/2014:12:59:48 -0400] "GET /images/ic_002_body_bg.gif HTTP/1.1" 200 304 "http://www.pharoahaudio.com/scripts/template.css" "Mozilla/5.0 (Macintosh; Intel Mac OS X 10.9; rv:30.0) Gecko/20100101 Firefox/30.0"
24.90.96.174 - - [20/Jun/2014:12:59:48 -0400] "GET /images/ic_002_banner_bg_wide.jpg HTTP/1.1" 200 5805 "http://www.pharoahaudio.com/scripts/template.css" "Mozilla/5.0 (Macintosh; Intel Mac OS X 10.9; rv:30.0) Gecko/20100101 Firefox/30.0"
24.90.96.174 - - [20/Jun/2014:12:59:48 -0400] "GET /favicon.ico HTTP/1.1" 404 575 "-" "Mozilla/5.0 (Macintosh; Intel Mac OS X 10.9; rv:30.0) Gecko/20100101 Firefox/30.0"
24.90.96.174 - - [20/Jun/2014:12:59:48 -0400] "GET /favicon.ico HTTP/1.1" 404 575 "-" "Mozilla/5.0 (Macintosh; Intel Mac OS X 10.9; rv:30.0) Gecko/20100101 Firefox/30.0"
77.49.237.159 - - [20/Jun/2014:13:52:07 -0400] "GET /scripts/ic_globals_published.js HTTP/1.1" 200 566 "http://www.pharoahaudio.com/" "Mozilla/5.0 (Macintosh; Intel Mac OS X 10.9; rv:29.0) Gecko/20100101 Firefox/29.0"
77.49.237.159 - - [20/Jun/2014:13:52:07 -0400] "GET /scripts/print.css HTTP/1.1" 200 11209 "http://www.pharoahaudio.com/" "Mozilla/5.0 (Macintosh; Intel Mac OS X 10.9; rv:29.0) Gecko/20100101 Firefox/29.0"
66.249.65.220 - - [20/Jun/2014:15:17:40 -0400] "GET /images/603_R26_36_dial_scale.JPG HTTP/1.1" 304 - "-" "Googlebot-Image/1.0"
24.50.87.44 - - [20/Jun/2014:16:42:56 -0400] "GET /images/886_AK35_front_900_branded.jpg HTTP/1.1" 304 - "-" "Mozilla/5.0 (Windows NT 6.1; Trident/7.0; rv:11.0) like Gecko"
157.55.39.101 - - [20/Jun/2014:16:51:48 -0400] "GET /paperslinks.html HTTP/1.1" 200 17077 "-" "Mozilla/5.0 (compatible; bingbot/2.0; +http://www.bing.com/bingbot.htm)"
61.135.189.180 - - [20/Jun/2014:18:35:16 -0400] "GET /robots.txt HTTP/1.1" 200 25 "-" "Sogou web spider/4.0(+http://www.sogou.com/docs/help/webmasters.htm#07)"
157.55.39.111 - - [20/Jun/2014:19:25:03 -0400] "GET /radiola26part1.html HTTP/1.1" 200 20077 "-" "Mozilla/5.0 (compatible; bingbot/2.0; +http://www.bing.com/bingbot.htm)"
81.82.48.225 - - [20/Jun/2014:07:03:42 -0400] "GET /syncheckproducthomepage.html HTTP/1.1" 200 23731 "-" "Mozilla/5.0 (Windows NT 6.3; WOW64; Trident/7.0; rv:11.0) like Gecko"
81.82.48.225 - - [20/Jun/2014:07:03:42 -0400] "GET /scripts/526493custom.css HTTP/1.1" 200 3102 "http://www.pharoahaudio.com/syncheckproducthomepage.html" "Mozilla/5.0 (Windows NT 6.3; WOW64; Trident/7.0; rv:11.0) like Gecko"
81.82.48.225 - - [20/Jun/2014:07:03:43 -0400] "GET /images/300_SY3_handheld_toward_tv.jpg HTTP/1.1" 200 10416 "http://www.pharoahaudio.com/syncheckproducthomepage.html" "Mozilla/5.0 (Windows NT 6.3; WOW64; Trident/7.0; rv:11.0) like Gecko"
81.82.48.225 - - [20/Jun/2014:07:04:48 -0400] "GET /syncheckproducthomepage/buyonline.html HTTP/1.1" 200 10363 "http://www.pharoahaudio.com/syncheckproducthomepage.html" "Mozilla/5.0 (Windows NT 6.3; WOW64; Trident/7.0; rv:11.0) like Gecko"
81.82.48.225 - - [20/Jun/2014:07:04:48 -0400] "GET /images/hand_left_blue.gif HTTP/1.1" 200 932 "http://www.pharoahaudio.com/syncheckproducthomepage/buyonline.html" "Mozilla/5.0 (Windows NT 6.3; WOW64; Trident/7.0; rv:11.0) like Gecko"
14.153.26.248 - - [20/Jun/2014:07:53:49 -0400] "GET /favicon.ico HTTP/1.1" 404 575 "-" "Mozilla/4.0 (compatible; MSIE 7.0; Windows NT 5.1; Trident/4.0; .NET CLR 2.0.50727; 360space)"
205.251.233.166 - - [20/Jun/2014:10:00:41 -0400] "GET / HTTP/1.1" 200 15366 "-" "Apache-HttpClient/4.3 (java 1.5)"
151.138.13.244 - - [20/Jun/2014:10:29:22 -0400] "GET / HTTP/1.1" 206 15366 "-" "SuperPagesUrlVerifyBot/1.0"
85.75.42.240 - - [20/Jun/2014:11:34:37 -0400] "GET /scripts/user.js HTTP/1.1" 200 23762 "http://www.pharoahaudio.com/radiola26part7.html" "Mozilla/5.0 (Windows NT 6.1; WOW64; rv:30.0) Gecko/20100101 Firefox/30.0"
85.75.42.240 - - [20/Jun/2014:11:34:38 -0400] "GET /images/400_R26_37_finished_without_covers.JPG HTTP/1.1" 200 24300 "http://www.pharoahaudio.com/radiola26part7.html" "Mozilla/5.0 (Windows NT 6.1; WOW64; rv:30.0) Gecko/20100101 Firefox/30.0"
85.75.42.240 - - [20/Jun/2014:11:34:38 -0400] "GET /images/ic_002_banner_bg_wide.jpg HTTP/1.1" 200 5805 "http://www.pharoahaudio.com/scripts/template.css" "Mozilla/5.0 (Windows NT 6.1; WOW64; rv:30.0) Gecko/20100101 Firefox/30.0"
85.75.42.240 - - [20/Jun/2014:11:55:33 -0400] "GET /scripts/526534.css HTTP/1.1" 200 102 "http://www.pharoahaudio.com/radiola26part5.html" "Mozilla/5.0 (Windows NT 6.1; WOW64; rv:30.0) Gecko/20100101 Firefox/30.0"
85.75.42.240 - - [20/Jun/2014:11:55:34 -0400] "GET /images/432_R26_20_tuning_gears1.JPG HTTP/1.1" 200 19927 "http://www.pharoahaudio.com/radiola26part5.html" "Mozilla/5.0 (Windows NT 6.1; WOW64; rv:30.0) Gecko/20100101 Firefox/30.0"
85.75.42.240 - - [20/Jun/2014:11:56:39 -0400] "GET /scripts/526549.css HTTP/1.1" 200 102 "http://www.pharoahaudio.com/ak55cpart2.html" "Mozilla/5.0 (Windows NT 6.1; WOW64; rv:30.0) Gecko/20100101 Firefox/30.0"
85.75.42.240 - - [20/Jun/2014:11:56:39 -0400] "GET /images/448_AK55-07.JPG HTTP/1.1" 200 33081 "http://www.pharoahaudio.com/ak55cpart2.html" "Mozilla/5.0 (Windows NT 6.1; WOW64; rv:30.0) Gecko/20100101 Firefox/30.0"
85.75.42.240 - - [20/Jun/2014:11:58:18 -0400] "GET /ac55cpart5.html HTTP/1.1" 200 23669 "http://www.pharoahaudio.com/ak55cpart4.html" "Mozilla/5.0 (Windows NT 6.1; WOW64; rv:30.0) Gecko/20100101 Firefox/30.0"
85.75.42.240 - - [20/Jun/2014:11:58:19 -0400] "GET /images/432_AK55-24.JPG HTTP/1.1" 200 31406 "http://www.pharoahaudio.com/ac55cpart5.html" "Mozilla/5.0 (Windows NT 6.1; WOW64; rv:30.0) Gecko/20100101 Firefox/30.0"
85.75.42.240 - - [20/Jun/2014:11:58:19 -0400] "GET /images/432_AK55-29.JPG HTTP/1.1" 200 25683 "http://www.pharoahaudio.com/ac55cpart5.html" "Mozilla/5.0 (Windows NT 6.1; WOW64; rv:30.0) Gecko/20100101 Firefox/30.0"
24.90.96.174 - - [20/Jun/2014:12:59:47 -0400] "GET /syncheckproducthomepage/downloads.html HTTP/1.1" 200 24534 "http://www.google.com/url?sa=t&rct=j&q=&esrc=s&source=web&cd=3&cad=rja&uact=8&sqi=2&ved=0CCkQFjAC&url=http%3A%2F%2Fwww.pharoahaudio.com%2Fsyncheckproducthomepage%2Fdownloads.html&ei=e2ikU7eQEtSlsASchoGgBA&usg=AFQjCNHeFwSWNBmxaQmB8qcWJdWOfZrwyw&sig2=eN365GKP0eSewPkkLfhd_g&bvm=bv.69411363,d.cWc" "Mozilla/5.0 (Macintosh; Intel Mac OS X 10.9; rv:30.0) Gecko/20100101 Firefox/30.0"
24.90.96.174 - - [20/Jun/2014:12:59:47 -0400] "GET /scripts/user.js HTTP/1.1" 200 23762 "http://www.pharoahaudio.com/syncheckproducthomepage/downloads.html" "Mozilla/5.0 (Macintosh; Intel Mac OS X 10.9; rv:30.0) Gecko/20100101 Firefox/30.0"
24.90.96.174 - - [20/Jun/2014:12:59:47 -0400] "GET /scripts/526515custom.css HTTP/1.1" 200 3841 "http://www.pharoahaudio.com/syncheckproducthomepage/downloads.html" "Mozilla/5.0 (Macintosh; Intel Mac OS X 10.9; rv:30.0) Gecko/20100101 Firefox/30.0"
24.90.96.174 - - [20/Jun/2014:12:59:47 -0400] "GET /images/doctype_pdf.gif HTTP/1.1" 200 1257 "http://www.pharoahaudio.com/syncheckproducthomepage/downloads.html" "Mozilla/5.0 (Macintosh; Intel Mac OS X 10.9; rv:30.0) Gecko/20100101 Firefox/30.0"
66.249.64.119 - - [20/Jun/2014:03:21:10 -0400] "GET /scripts/526535.css HTTP/1.1" 200 102 "-" "Mozilla/5.0 (compatible; Googlebot/2.1; +http://www.google.com/bot.html)"
66.249.64.143 - - [20/Jun/2014:04:18:17 -0400] "GET /radiola26part4.html HTTP/1.1" 304 - "-" "Mozilla/5.0 (compatible; Googlebot/2.1; +http://www.google.com/bot.html)"
78.85.244.8 - - [20/Jun/2014:06:27:33 -0400] "GET / HTTP/1.1" 200 15366 "-" "Mozilla/5.0 (Windows; U; Windows NT 5.1; en-US; rv:1.9.1.6) Gecko/20091201 Firefox/3.5.6 (.NET CLR 2.0.50727; .NET CLR 3.0.4506.2152; .NET CLR 3.5.30729)"
195.211.154.139 - - [20/Jun/2014:06:45:25 -0400] "POST /tweeterfixpart1.html/trackback/ HTTP/1.1" 404 575 "http://www.pharoahaudio.com/tweeterfixpart1.html" "Mozilla/4.0 (compatible; MSIE 6.0; Windows NT 5.1; SV1; Mozilla/4.0 (compatible; MSIE 6.0; Windows NT 5.1; SV1) ; .NET CLR 1.0.3705)"
208.83.156.151 - - [20/Jun/2014:06:50:53 -0400] "GET /robots.txt HTTP/1.1" 200 25 "-" "Mozilla/5.0 (compatible; FatBot 2.0; http://www.thefind.com/crawler)"
66.249.65.207 - - [20/Jun/2014:13:41:33 -0400] "GET /images/448_AK35_RF2_new_primary_CU.JPG HTTP/1.1" 304 - "-" "Googlebot-Image/1.0"
95.152.237.207 - - [20/Jun/2014:15:26:20 -0400] "GET /scripts/526545custom.css HTTP/1.1" 200 2487 "http://www.pharoahaudio.com/tweeterfixpart4.html" "Mozilla/5.0 (Windows NT 6.1; WOW64; rv:30.0) Gecko/20100101 Firefox/30.0"
157.55.39.15 - - [20/Jun/2014:16:51:58 -0400] "GET /scripts/526511custom.css HTTP/1.1" 200 2834 "-" "Mozilla/5.0 (compatible; bingbot/2.0; +http://www.bing.com/bingbot.htm)"
81.82.48.225 - - [20/Jun/2014:07:06:00 -0400] "GET /images/130_CEV.jpg HTTP/1.1" 200 4315 "http://www.pharoahaudio.com/syncheckproducthomepage/distributors.html" "Mozilla/5.0 (Windows NT 6.3; WOW64; Trident/7.0; rv:11.0) like Gecko"
208.115.113.92 - - [20/Jun/2014:09:58:47 -0400] "GET /ideviceapp.html HTTP/1.1" 200 22676 "-" "Mozilla/5.0 (compatible; DotBot/1.1; http://www.opensiteexplorer.org/dotbot, help@moz.com)"
176.92.111.125 - - [20/Jun/2014:10:38:02 -0400] "GET /scripts/website.css HTTP/1.1" 200 1916 "http://www.pharoahaudio.com/audioprep.html" "Mozilla/5.0 (Windows NT 6.1; WOW64) AppleWebKit/537.36 (KHTML, like Gecko) Chrome/35.0.1916.153 Safari/537.36"
176.92.111.125 - - [20/Jun/2014:10:38:02 -0400] "GET /scripts/photoalbum.js HTTP/1.1" 200 62481 "http://www.pharoahaudio.com/audioprep.html" "Mozilla/5.0 (Windows NT 6.1; WOW64) AppleWebKit/537.36 (KHTML, like Gecko) Chrome/35.0.1916.153 Safari/537.36"
176.92.111.125 - - [20/Jun/2014:10:38:04 -0400] "GET /scripts/print.css HTTP/1.1" 200 11209 "http://www.pharoahaudio.com/audioprep.html" "Mozilla/5.0 (Windows NT 6.1; WOW64) AppleWebKit/537.36 (KHTML, like Gecko) Chrome/35.0.1916.153 Safari/537.36"
37.58.100.131 - - [20/Jun/2014:10:46:56 -0400] "GET /robots.txt HTTP/1.1" 200 25 "-" "Mozilla/5.0 (compatible; AhrefsBot/5.0; +http://ahrefs.com/robot/)"
85.75.42.240 - - [20/Jun/2014:11:56:06 -0400] "GET /scripts/526541custom.css HTTP/1.1" 200 3499 "http://www.pharoahaudio.com/radiola26part8.html" "Mozilla/5.0 (Windows NT 6.1; WOW64; rv:30.0) Gecko/20100101 Firefox/30.0"
208.83.156.114 - - [20/Jun/2014:12:10:15 -0400] "GET /scripts/526520custom.css HTTP/1.1" 200 1476 "-" "Mozilla/5.0 (compatible; FatBot 2.0; http://www.thefind.com/crawler)"
210.73.220.18 - - [20/Jun/2014:02:42:32 -0400] "GET /legacyproductinformatio/originalsyncheck.html HTTP/1.0" 200 15206 "http://www.pharoahaudio.com/syncheckproducthomepage.html" "Mozilla/5.0 (X11; Linux x86_64) AppleWebKit/537.31 (KHTML, like Gecko) Chrome/26.0.1410.63 Safari/537.31"
175.44.30.69 - - [20/Jun/2014:05:11:56 -0400] "GET /fckeditor/editor/filemanager/browser/default/connectors/test.html HTTP/1.1" 404 575 "-" "Mozilla/4.0 (compatible; MSIE 6.0; Windows NT 5.1)"
109.169.29.30 - - [20/Jun/2014:06:18:05 -0400] "GET /soundhomepage/portfolio.html HTTP/1.1" 200 44218 "-" "Mozilla/5.0 (compatible; aiHitBot/2.8; +http://endb-consolidated.aihit.com/)"
109.169.29.30 - - [20/Jun/2014:06:18:07 -0400] "GET /scripts/526491custom.css HTTP/1.1" 200 8558 "-" "Mozilla/5.0 (compatible; aiHitBot/2.8; +http://endb-consolidated.aihit.com/)"
109.169.29.30 - - [20/Jun/2014:06:18:09 -0400] "GET /syncheckproducthomepage/distributors.html HTTP/1.1" 200 29251 "-" "Mozilla/5.0 (compatible; aiHitBot/2.8; +http://endb-consolidated.aihit.com/)"
109.169.29.30 - - [20/Jun/2014:06:18:10 -0400] "GET /scripts/526513custom.css HTTP/1.1" 200 9241 "-" "Mozilla/5.0 (compatible; aiHitBot/2.8; +http://endb-consolidated.aihit.com/)"
109.169.29.30 - - [20/Jun/2014:06:18:12 -0400] "GET /soundhomepage/aboutrichardfairbanks.html HTTP/1.1" 200 14943 "-" "Mozilla/5.0 (compatible; aiHitBot/2.8; +http://endb-consolidated.aihit.com/)"
109.169.29.30 - - [20/Jun/2014:06:18:13 -0400] "GET /scripts/526501custom.css HTTP/1.1" 200 2152 "-" "Mozilla/5.0 (compatible; aiHitBot/2.8; +http://endb-consolidated.aihit.com/)"
109.169.29.30 - - [20/Jun/2014:06:18:14 -0400] "GET /contact.html HTTP/1.1" 200 11921 "-" "Mozilla/5.0 (compatible; aiHitBot/2.8; +http://endb-consolidated.aihit.com/)"
109.169.29.30 - - [20/Jun/2014:06:18:16 -0400] "GET /scripts/526442custom.css HTTP/1.1" 200 2083 "-" "Mozilla/5.0 (compatible; aiHitBot/2.8; +http://endb-consolidated.aihit.com/)"
109.169.29.30 - - [20/Jun/2014:06:18:17 -0400] "GET /deliverables.html HTTP/1.1" 200 24776 "-" "Mozilla/5.0 (compatible; aiHitBot/2.8; +http://endb-consolidated.aihit.com/)"
109.169.29.30 - - [20/Jun/2014:06:18:18 -0400] "GET /scripts/526537custom.css HTTP/1.1" 200 1813 "-" "Mozilla/5.0 (compatible; aiHitBot/2.8; +http://endb-consolidated.aihit.com/)"
109.169.29.30 - - [20/Jun/2014:06:18:21 -0400] "GET /2pop.html HTTP/1.1" 200 9677 "-" "Mozilla/5.0 (compatible; aiHitBot/2.8; +http://endb-consolidated.aihit.com/)"
109.169.29.30 - - [20/Jun/2014:06:18:22 -0400] "GET /scripts/526538custom.css HTTP/1.1" 200 1140 "-" "Mozilla/5.0 (compatible; aiHitBot/2.8; +http://endb-consolidated.aihit.com/)"
109.169.29.30 - - [20/Jun/2014:06:18:24 -0400] "GET /legacyproductinformatio.html HTTP/1.1" 200 8626 "-" "Mozilla/5.0 (compatible; aiHitBot/2.8; +http://endb-consolidated.aihit.com/)"
109.169.29.30 - - [20/Jun/2014:06:18:25 -0400] "GET /scripts/526560custom.css HTTP/1.1" 200 1141 "-" "Mozilla/5.0 (compatible; aiHitBot/2.8; +http://endb-consolidated.aihit.com/)"
109.169.29.30 - - [20/Jun/2014:06:18:26 -0400] "GET /legacyproductinformatio/originalsyncheck.html HTTP/1.1" 200 15206 "-" "Mozilla/5.0 (compatible; aiHitBot/2.8; +http://endb-consolidated.aihit.com/)"
109.169.29.30 - - [20/Jun/2014:06:18:28 -0400] "GET /scripts/526495custom.css HTTP/1.1" 200 2493 "-" "Mozilla/5.0 (compatible; aiHitBot/2.8; +http://endb-consolidated.aihit.com/)"
109.169.29.30 - - [20/Jun/2014:06:18:29 -0400] "GET /legacyproductinformatio/syncheckii.html HTTP/1.1" 200 19051 "-" "Mozilla/5.0 (compatible; aiHitBot/2.8; +http://endb-consolidated.aihit.com/)"
109.169.29.30 - - [20/Jun/2014:06:18:30 -0400] "GET /scripts/526510custom.css HTTP/1.1" 200 3840 "-" "Mozilla/5.0 (compatible; aiHitBot/2.8; +http://endb-consolidated.aihit.com/)"
109.169.29.30 - - [20/Jun/2014:06:18:32 -0400] "GET /ftplist.html HTTP/1.1" 200 11193 "-" "Mozilla/5.0 (compatible; aiHitBot/2.8; +http://endb-consolidated.aihit.com/)"
95.152.237.207 - - [20/Jun/2014:15:22:26 -0400] "GET /scripts/ic_globals_published.js HTTP/1.1" 200 566 "http://www.pharoahaudio.com/tweeterfixpart1.html" "Mozilla/5.0 (Windows NT 6.1; WOW64; rv:30.0) Gecko/20100101 Firefox/30.0"
95.152.237.207 - - [20/Jun/2014:15:22:26 -0400] "GET /scripts/print.css HTTP/1.1" 200 11209 "http://www.pharoahaudio.com/tweeterfixpart1.html" "Mozilla/5.0 (Windows NT 6.1; WOW64; rv:30.0) Gecko/20100101 Firefox/30.0"
95.152.237.207 - - [20/Jun/2014:15:22:26 -0400] "GET /images/431_T1b_front_grill_tab_and_holesjpg.JPG HTTP/1.1" 200 37216 "http://www.pharoahaudio.com/tweeterfixpart1.html" "Mozilla/5.0 (Windows NT 6.1; WOW64; rv:30.0) Gecko/20100101 Firefox/30.0"
95.152.237.207 - - [20/Jun/2014:15:25:51 -0400] "GET /tweeterfixpart3.html HTTP/1.1" 200 16756 "http://www.pharoahaudio.com/tweeterfixpart2.html" "Mozilla/5.0 (Windows NT 6.1; WOW64; rv:30.0) Gecko/20100101 Firefox/30.0"
95.152.237.207 - - [20/Jun/2014:15:25:52 -0400] "GET /images/432_T8_old_foam.jpg HTTP/1.1" 200 17511 "http://www.pharoahaudio.com/tweeterfixpart3.html" "Mozilla/5.0 (Windows NT 6.1; WOW64; rv:30.0) Gecko/20100101 Firefox/30.0"
95.152.237.207 - - [20/Jun/2014:15:26:20 -0400] "GET /images/432_T15_reglue.jpg HTTP/1.1" 200 22594 "http://www.pharoahaudio.com/tweeterfixpart4.html" "Mozilla/5.0 (Windows NT 6.1; WOW64; rv:30.0) Gecko/20100101 Firefox/30.0"
198.147.175.203 - - [20/Jun/2014:15:44:34 -0400] "GET /scripts/526564custom.css HTTP/1.1" 200 1141 "http://www.pharoahaudio.com/soundhomepage/facility.html" "Mozilla/5.0 (Macintosh; Intel Mac OS X 10_8_5) AppleWebKit/537.74.9 (KHTML, like Gecko) Version/6.1.2 Safari/537.74.9"
198.147.175.203 - - [20/Jun/2014:15:44:34 -0400] "GET /images/deletekey_contrasted_narrow_featurephoto.jpg HTTP/1.1" 200 3702 "http://www.pharoahaudio.com/soundhomepage/facility.html" "Mozilla/5.0 (Macintosh; Intel Mac OS X 10_8_5) AppleWebKit/537.74.9 (KHTML, like Gecko) Version/6.1.2 Safari/537.74.9"
157.55.39.16 - - [20/Jun/2014:18:28:19 -0400] "GET /legacyproductinformatio/sy2testimonials.html HTTP/1.1" 200 13495 "-" "Mozilla/5.0 (compatible; bingbot/2.0; +http://www.bing.com/bingbot.htm)"
50.19.14.56 - - [20/Jun/2014:20:33:13 -0400] "GET /robots.txt HTTP/1.1" 200 25 "-" "Pinterest/0.1 +http://pinterest.com/"
50.19.14.56 - - [20/Jun/2014:20:33:14 -0400] "GET /syncheckproducthomepage.html HTTP/1.1" 200 23731 "-" "Pinterest/0.1 +http://pinterest.com/"
76.178.71.84 - - [20/Jun/2014:21:09:05 -0400] "GET /favicon.ico HTTP/1.1" 404 575 "-" "Mozilla/5.0 (Windows NT 6.0) AppleWebKit/537.36 (KHTML, like Gecko) Chrome/31.0.1650.63 Safari/537.36"
82.159.156.66 - - [20/Jun/2014:07:16:57 -0400] "GET /scripts/526516custom.css HTTP/1.1" 200 1476 "http://www.pharoahaudio.com/legacyproductinformatio/faqsyncheckii.html" "Mozilla/5.0 (Windows NT 6.1) AppleWebKit/537.36 (KHTML, like Gecko) Chrome/35.0.1916.153 Safari/537.36"
82.159.156.66 - - [20/Jun/2014:07:16:57 -0400] "GET /scripts/ic_globals_published.js HTTP/1.1" 200 566 "http://www.pharoahaudio.com/legacyproductinformatio/faqsyncheckii.html" "Mozilla/5.0 (Windows NT 6.1) AppleWebKit/537.36 (KHTML, like Gecko) Chrome/35.0.1916.153 Safari/537.36"
82.159.156.66 - - [20/Jun/2014:07:16:57 -0400] "GET /images/hand_left_blue.gif HTTP/1.1" 200 932 "http://www.pharoahaudio.com/legacyproductinformatio/faqsyncheckii.html" "Mozilla/5.0 (Windows NT 6.1) AppleWebKit/537.36 (KHTML, like Gecko) Chrome/35.0.1916.153 Safari/537.36"
82.159.156.66 - - [20/Jun/2014:07:16:58 -0400] "GET /images/ic_002_banner_bg_wide.jpg HTTP/1.1" 200 5805 "http://www.pharoahaudio.com/legacyproductinformatio/faqsyncheckii.html" "Mozilla/5.0 (Windows NT 6.1) AppleWebKit/537.36 (KHTML, like Gecko) Chrome/35.0.1916.153 Safari/537.36"
82.159.156.66 - - [20/Jun/2014:07:16:58 -0400] "GET /favicon.ico HTTP/1.1" 404 575 "-" "Mozilla/5.0 (Windows NT 6.1) AppleWebKit/537.36 (KHTML, like Gecko) Chrome/35.0.1916.153 Safari/537.36"
5.29.201.73 - - [20/Jun/2014:08:07:46 -0400] "GET /images/448_AK35_grid_leak_resistor.JPG HTTP/1.1" 200 10185 "-" "Mozilla/5.0 (Windows NT 6.1; WOW64; rv:30.0) Gecko/20100101 Firefox/30.0"
5.29.201.73 - - [20/Jun/2014:08:07:48 -0400] "GET /images/448_AK35_grid_leak_repair_hilite.JPG HTTP/1.1" 200 27097 "-" "Mozilla/5.0 (Windows NT 6.1; WOW64; rv:30.0) Gecko/20100101 Firefox/30.0"
85.75.42.240 - - [20/Jun/2014:11:54:09 -0400] "GET /scripts/526530custom.css HTTP/1.1" 200 3504 "http://www.pharoahaudio.com/radiola26part1.html" "Mozilla/5.0 (Windows NT 6.1; WOW64; rv:30.0) Gecko/20100101 Firefox/30.0"
85.75.42.240 - - [20/Jun/2014:11:56:14 -0400] "GET /yeolderadiomuseum.html HTTP/1.1" 200 42663 "http://www.pharoahaudio.com/radiola26part8.html" "Mozilla/5.0 (Windows NT 6.1; WOW64; rv:30.0) Gecko/20100101 Firefox/30.0"
85.75.42.240 - - [20/Jun/2014:11:56:15 -0400] "GET /images/181_AK35_front_900_branded.jpg HTTP/1.1" 200 3289 "http://www.pharoahaudio.com/yeolderadiomuseum.html" "Mozilla/5.0 (Windows NT 6.1; WOW64; rv:30.0) Gecko/20100101 Firefox/30.0"
85.75.42.240 - - [20/Jun/2014:11:56:15 -0400] "GET /images/photoalbum/button_photoPause.jpg HTTP/1.1" 200 605 "http://www.pharoahaudio.com/yeolderadiomuseum.html" "Mozilla/5.0 (Windows NT 6.1; WOW64; rv:30.0) Gecko/20100101 Firefox/30.0"
85.75.42.240 - - [20/Jun/2014:11:56:15 -0400] "GET /images/photoalbum/button_photoSpeed1_ON.jpg HTTP/1.1" 200 476 "http://www.pharoahaudio.com/yeolderadiomuseum.html" "Mozilla/5.0 (Windows NT 6.1; WOW64; rv:30.0) Gecko/20100101 Firefox/30.0"
85.75.42.240 - - [20/Jun/2014:11:56:16 -0400] "GET /images/216_Atwater_Kent_82_innards_orig.JPG HTTP/1.1" 200 12169 "http://www.pharoahaudio.com/yeolderadiomuseum.html" "Mozilla/5.0 (Windows NT 6.1; WOW64; rv:30.0) Gecko/20100101 Firefox/30.0"
85.75.42.240 - - [20/Jun/2014:11:56:16 -0400] "GET /images/480_Lektophone_speaker.jpg HTTP/1.1" 200 37653 "http://www.pharoahaudio.com/yeolderadiomuseum.html" "Mozilla/5.0 (Windows NT 6.1; WOW64; rv:30.0) Gecko/20100101 Firefox/30.0"
85.75.42.240 - - [20/Jun/2014:11:56:16 -0400] "GET /images/399_Bosch_Model_28_with_AmplionAR19.jpg HTTP/1.1" 200 26270 "http://www.pharoahaudio.com/yeolderadiomuseum.html" "Mozilla/5.0 (Windows NT 6.1; WOW64; rv:30.0) Gecko/20100101 Firefox/30.0"
85.75.42.240 - - [20/Jun/2014:11:56:16 -0400] "GET /images/480_Philco_38-10.jpg HTTP/1.1" 200 29074 "http://www.pharoahaudio.com/yeolderadiomuseum.html" "Mozilla/5.0 (Windows NT 6.1; WOW64; rv:30.0) Gecko/20100101 Firefox/30.0"
85.75.42.240 - - [20/Jun/2014:11:56:17 -0400] "GET /images/480_Westinghouse_WR169_orig.jpg HTTP/1.1" 200 42320 "http://www.pharoahaudio.com/yeolderadiomuseum.html" "Mozilla/5.0 (Windows NT 6.1; WOW64; rv:30.0) Gecko/20100101 Firefox/30.0"
85.75.42.240 - - [20/Jun/2014:11:56:17 -0400] "GET /images/480_Motorola_VT107.JPG HTTP/1.1" 200 24097 "http://www.pharoahaudio.com/yeolderadiomuseum.html" "Mozilla/5.0 (Windows NT 6.1; WOW64; rv:30.0) Gecko/20100101 Firefox/30.0"
85.75.42.240 - - [20/Jun/2014:11:56:17 -0400] "GET /images/94_Telephone_neckset_earpiece_1919.JPG HTTP/1.1" 200 2323 "http://www.pharoahaudio.com/yeolderadiomuseum.html" "Mozilla/5.0 (Windows NT 6.1; WOW64; rv:30.0) Gecko/20100101 Firefox/30.0"
85.75.42.240 - - [20/Jun/2014:11:56:17 -0400] "GET /images/94_Lektophone_speaker.jpg HTTP/1.1" 200 3100 "http://www.pharoahaudio.com/yeolderadiomuseum.html" "Mozilla/5.0 (Windows NT 6.1; WOW64; rv:30.0) Gecko/20100101 Firefox/30.0"
85.75.42.240 - - [20/Jun/2014:11:56:17 -0400] "GET /images/70_GE_K105.jpg HTTP/1.1" 200 2893 "http://www.pharoahaudio.com/yeolderadiomuseum.html" "Mozilla/5.0 (Windows NT 6.1; WOW64; rv:30.0) Gecko/20100101 Firefox/30.0"
85.75.42.240 - - [20/Jun/2014:11:56:18 -0400] "GET /images/94_Sparton5218.JPG HTTP/1.1" 200 2536 "http://www.pharoahaudio.com/yeolderadiomuseum.html" "Mozilla/5.0 (Windows NT 6.1; WOW64; rv:30.0) Gecko/20100101 Firefox/30.0"
85.75.42.240 - - [20/Jun/2014:11:56:18 -0400] "GET /images/94_Westinghouse_WR169_orig.jpg HTTP/1.1" 200 3267 "http://www.pharoahaudio.com/yeolderadiomuseum.html" "Mozilla/5.0 (Windows NT 6.1; WOW64; rv:30.0) Gecko/20100101 Firefox/30.0"
85.75.42.240 - - [20/Jun/2014:11:56:18 -0400] "GET /images/94_Philco_49-607_rolltop_combo.JPG HTTP/1.1" 200 2217 "http://www.pharoahaudio.com/yeolderadiomuseum.html" "Mozilla/5.0 (Windows NT 6.1; WOW64; rv:30.0) Gecko/20100101 Firefox/30.0"
85.75.42.240 - - [20/Jun/2014:11:56:18 -0400] "GET /images/94_Emerson_830-B.JPG HTTP/1.1" 200 2950 "http://www.pharoahaudio.com/yeolderadiomuseum.html" "Mozilla/5.0 (Windows NT 6.1; WOW64; rv:30.0) Gecko/20100101 Firefox/30.0"
85.75.42.240 - - [20/Jun/2014:11:56:18 -0400] "GET /images/950_Telephone_neckset_earpiece_1919.JPG HTTP/1.1" 200 45170 "http://www.pharoahaudio.com/yeolderadiomuseum.html" "Mozilla/5.0 (Windows NT 6.1; WOW64; rv:30.0) Gecko/20100101 Firefox/30.0"
85.75.42.240 - - [20/Jun/2014:11:56:19 -0400] "GET /ak55cpart1.html HTTP/1.1" 200 21701 "http://www.pharoahaudio.com/yeolderadiomuseum.html" "Mozilla/5.0 (Windows NT 6.1; WOW64; rv:30.0) Gecko/20100101 Firefox/30.0"
85.75.42.240 - - [20/Jun/2014:11:56:19 -0400] "GET /scripts/526548.css HTTP/1.1" 200 102 "http://www.pharoahaudio.com/ak55cpart1.html" "Mozilla/5.0 (Windows NT 6.1; WOW64; rv:30.0) Gecko/20100101 Firefox/30.0"
85.75.42.240 - - [20/Jun/2014:11:56:19 -0400] "GET /images/360_AK55-00.JPG HTTP/1.1" 200 21995 "http://www.pharoahaudio.com/ak55cpart1.html" "Mozilla/5.0 (Windows NT 6.1; WOW64; rv:30.0) Gecko/20100101 Firefox/30.0"
85.75.42.240 - - [20/Jun/2014:11:56:19 -0400] "GET /images/448_AK55-03.JPG HTTP/1.1" 200 18125 "http://www.pharoahaudio.com/ak55cpart1.html" "Mozilla/5.0 (Windows NT 6.1; WOW64; rv:30.0) Gecko/20100101 Firefox/30.0"
85.75.42.240 - - [20/Jun/2014:11:59:33 -0400] "GET /scripts/526525custom.css HTTP/1.1" 200 2830 "http://www.pharoahaudio.com/ak35repair5.html" "Mozilla/5.0 (Windows NT 6.1; WOW64; rv:30.0) Gecko/20100101 Firefox/30.0"
207.46.13.78 - - [20/Jun/2014:12:22:36 -0400] "GET /deliverables.html HTTP/1.1" 200 24776 "-" "Mozilla/5.0 (compatible; bingbot/2.0; +http://www.bing.com/bingbot.htm)"
208.83.156.156 - - [20/Jun/2014:01:30:48 -0400] "GET /scripts/526510custom.css HTTP/1.1" 200 3840 "-" "Mozilla/5.0 (compatible; FatBot 2.0; http://www.thefind.com/crawler)"
123.125.71.17 - - [20/Jun/2014:06:38:38 -0400] "GET /syncheckproducthomepage/returnpolicy.html HTTP/1.1" 200 11495 "-" "Mozilla/5.0 (compatible; Baiduspider/2.0; +http://www.baidu.com/search/spider.html)"
92.249.127.111 - - [20/Jun/2014:14:59:45 -0400] "GET /ak35repair1.html HTTP/1.1" 200 18956 "http://doska-vsem.ru/" "Mozilla/4.0 (compatible; MSIE 6.0; Windows NT 5.0; T312461)"
95.152.237.207 - - [20/Jun/2014:15:24:09 -0400] "GET /scripts/526543.css HTTP/1.1" 200 102 "http://www.pharoahaudio.com/tweeterfixpart2.html" "Mozilla/5.0 (Windows NT 6.1; WOW64; rv:30.0) Gecko/20100101 Firefox/30.0"
95.152.237.207 - - [20/Jun/2014:15:24:09 -0400] "GET /images/432_T4_strip_pulled_out.jpg HTTP/1.1" 200 35044 "http://www.pharoahaudio.com/tweeterfixpart2.html" "Mozilla/5.0 (Windows NT 6.1; WOW64; rv:30.0) Gecko/20100101 Firefox/30.0"
222.77.225.22 - - [20/Jun/2014:16:58:48 -0400] "GET /administrator/editors/fckeditor/editor/filemanager/upload/test.html HTTP/1.1" 404 575 "-" "Mozilla/4.0 (compatible; MSIE 6.0; Windows NT 5.1; SV1; Mozilla/4.0 (compatible; MSIE 6.0; Windows NT 5.1; SV1) ; .NET CLR 2.0.50727 ; .NET CLR 4.0.30319)"
208.83.156.161 - - [20/Jun/2014:20:06:59 -0400] "GET /scripts/526491custom.css HTTP/1.1" 200 8558 "-" "Mozilla/5.0 (compatible; FatBot 2.0; http://www.thefind.com/crawler)"
65.38.62.144 - - [20/Jun/2014:23:11:57 -0400] "GET /images/181_T1_tweeter_unopened.jpg HTTP/1.1" 200 8783 "http://www.pharoahaudio.com/yeolderadiomuseum.html" "Mozilla/5.0 (Windows NT 6.0; rv:30.0) Gecko/20100101 Firefox/30.0"
65.38.62.144 - - [20/Jun/2014:23:11:57 -0400] "GET /images/photoalbum/button_photoSpeed2_ON.jpg HTTP/1.1" 200 492 "http://www.pharoahaudio.com/yeolderadiomuseum.html" "Mozilla/5.0 (Windows NT 6.0; rv:30.0) Gecko/20100101 Firefox/30.0"
65.38.62.144 - - [20/Jun/2014:23:11:57 -0400] "GET /images/216_Atwater_Kent_82_innards_orig.JPG HTTP/1.1" 200 12169 "http://www.pharoahaudio.com/yeolderadiomuseum.html" "Mozilla/5.0 (Windows NT 6.0; rv:30.0) Gecko/20100101 Firefox/30.0"
65.38.62.144 - - [20/Jun/2014:23:11:58 -0400] "GET /images/480_Lektophone_speaker.jpg HTTP/1.1" 200 37653 "http://www.pharoahaudio.com/yeolderadiomuseum.html" "Mozilla/5.0 (Windows NT 6.0; rv:30.0) Gecko/20100101 Firefox/30.0"
65.38.62.144 - - [20/Jun/2014:23:11:58 -0400] "GET /images/480_Amer_Bosch_28_open.jpg HTTP/1.1" 200 37731 "http://www.pharoahaudio.com/yeolderadiomuseum.html" "Mozilla/5.0 (Windows NT 6.0; rv:30.0) Gecko/20100101 Firefox/30.0"
65.38.62.144 - - [20/Jun/2014:23:11:58 -0400] "GET /images/480_Philco_38-10.jpg HTTP/1.1" 200 29074 "http://www.pharoahaudio.com/yeolderadiomuseum.html" "Mozilla/5.0 (Windows NT 6.0; rv:30.0) Gecko/20100101 Firefox/30.0"
65.38.62.144 - - [20/Jun/2014:23:11:59 -0400] "GET /images/480_Sparton5218.JPG HTTP/1.1" 200 29409 "http://www.pharoahaudio.com/yeolderadiomuseum.html" "Mozilla/5.0 (Windows NT 6.0; rv:30.0) Gecko/20100101 Firefox/30.0"
65.38.62.144 - - [20/Jun/2014:23:11:59 -0400] "GET /images/480_GE_GD60.jpg HTTP/1.1" 200 37777 "http://www.pharoahaudio.com/yeolderadiomuseum.html" "Mozilla/5.0 (Windows NT 6.0; rv:30.0) Gecko/20100101 Firefox/30.0"
65.38.62.144 - - [20/Jun/2014:23:12:01 -0400] "GET /images/480_Motorola_51M1U_battery_AC_1951_OpCl.jpg HTTP/1.1" 200 24084 "http://www.pharoahaudio.com/yeolderadiomuseum.html" "Mozilla/5.0 (Windows NT 6.0; rv:30.0) Gecko/20100101 Firefox/30.0"
65.38.62.144 - - [20/Jun/2014:23:12:02 -0400] "GET /images/94_Zenith_6-S-27_frontback.jpg HTTP/1.1" 200 3109 "http://www.pharoahaudio.com/yeolderadiomuseum.html" "Mozilla/5.0 (Windows NT 6.0; rv:30.0) Gecko/20100101 Firefox/30.0"
65.38.62.144 - - [20/Jun/2014:23:12:02 -0400] "GET /images/94_GE_GD60.jpg HTTP/1.1" 200 3063 "http://www.pharoahaudio.com/yeolderadiomuseum.html" "Mozilla/5.0 (Windows NT 6.0; rv:30.0) Gecko/20100101 Firefox/30.0"
65.38.62.144 - - [20/Jun/2014:23:12:03 -0400] "GET /images/94_RCA_56X.jpg HTTP/1.1" 200 1934 "http://www.pharoahaudio.com/yeolderadiomuseum.html" "Mozilla/5.0 (Windows NT 6.0; rv:30.0) Gecko/20100101 Firefox/30.0"
65.38.62.144 - - [20/Jun/2014:23:12:03 -0400] "GET /images/94_Emerson_830-B.JPG HTTP/1.1" 200 2950 "http://www.pharoahaudio.com/yeolderadiomuseum.html" "Mozilla/5.0 (Windows NT 6.0; rv:30.0) Gecko/20100101 Firefox/30.0"
205.237.88.141 - - [20/Jun/2014:23:30:59 -0400] "GET / HTTP/1.0" 200 15366 "-" "=Mozilla/5.0 (Windows; U; Windows NT 6.1; en-US) AppleWebKit/534.16 (KHTML, like Gecko) Chrome/10.0.648.204 Safari/534.16"
46.119.120.207 - - [20/Jun/2014:23:43:46 -0400] "GET /ak35repair1.html HTTP/1.1" 200 18956 "http://vizag.kharkov.ua/index.php/service" "Mozilla/4.0 (compatible; MSIE 6.0; Windows NT 5.1)"
81.82.48.225 - - [20/Jun/2014:07:03:42 -0400] "GET /scripts/user.js HTTP/1.1" 200 23762 "http://www.pharoahaudio.com/syncheckproducthomepage.html" "Mozilla/5.0 (Windows NT 6.3; WOW64; Trident/7.0; rv:11.0) like Gecko"
81.82.48.225 - - [20/Jun/2014:07:03:43 -0400] "GET /images/100_Syncheck_graphic_wide.JPG HTTP/1.1" 200 2076 "http://www.pharoahaudio.com/syncheckproducthomepage.html" "Mozilla/5.0 (Windows NT 6.3; WOW64; Trident/7.0; rv:11.0) like Gecko"
81.82.48.225 - - [20/Jun/2014:07:03:44 -0400] "GET /images/ic_002_banner_bg_wide.jpg HTTP/1.1" 200 5805 "http://www.pharoahaudio.com/syncheckproducthomepage.html" "Mozilla/5.0 (Windows NT 6.3; WOW64; Trident/7.0; rv:11.0) like Gecko"
195.195.81.200 - - [20/Jun/2014:10:20:45 -0400] "GET /scripts/website.css HTTP/1.1" 200 1916 "http://www.pharoahaudio.com/ptvideosyncstudy.html" "Mozilla/5.0 (Macintosh; Intel Mac OS X 10.8; rv:30.0) Gecko/20100101 Firefox/30.0"
195.195.81.200 - - [20/Jun/2014:10:20:45 -0400] "GET /scripts/user.js HTTP/1.1" 200 23762 "http://www.pharoahaudio.com/ptvideosyncstudy.html" "Mozilla/5.0 (Macintosh; Intel Mac OS X 10.8; rv:30.0) Gecko/20100101 Firefox/30.0"
195.195.81.200 - - [20/Jun/2014:10:20:46 -0400] "GET /scripts/526494custom.css HTTP/1.1" 200 4508 "http://www.pharoahaudio.com/ptvideosyncstudy.html" "Mozilla/5.0 (Macintosh; Intel Mac OS X 10.8; rv:30.0) Gecko/20100101 Firefox/30.0"
157.55.39.15 - - [20/Jun/2014:12:22:52 -0400] "GET /contact.html HTTP/1.1" 200 11921 "-" "Mozilla/5.0 (compatible; bingbot/2.0; +http://www.bing.com/bingbot.htm)"
208.83.156.155 - - [20/Jun/2014:00:35:12 -0400] "GET /scripts/526565custom.css HTTP/1.1" 200 4288 "-" "Mozilla/5.0 (compatible; FatBot 2.0; http://www.thefind.com/crawler)"
175.44.30.69 - - [20/Jun/2014:05:11:56 -0400] "GET /admin/fckeditor/editor/filemanager/browser/default/connectors/test.html HTTP/1.1" 404 575 "-" "Mozilla/4.0 (compatible; MSIE 6.0; Windows NT 5.1; SV1; Mozilla/4.0 (compatible; MSIE 6.0; Windows NT 5.1; SV1) ; .NET CLR 2.0.50727 ; .NET CLR 4.0.30319)"
182.253.3.222 - - [20/Jun/2014:13:56:02 -0400] "GET /wp-login.php HTTP/1.0" 403 214 "-" "-"
198.147.175.203 - - [20/Jun/2014:15:43:41 -0400] "GET /images/250_SynFlash_New_in_boot.jpg HTTP/1.1" 200 7667 "http://www.pharoahaudio.com/syncheckproducthomepage.html" "Mozilla/5.0 (Macintosh; Intel Mac OS X 10_8_5) AppleWebKit/537.74.9 (KHTML, like Gecko) Version/6.1.2 Safari/537.74.9"
134.249.76.109 - - [20/Jun/2014:17:09:19 -0400] "GET /syncheckproducthomepage/syncheck3.html HTTP/1.1" 200 21686 "http://invesome.biz/" "Opera/7.11 (Windows NT 5.1; U) [en]"
222.77.225.22 - - [20/Jun/2014:17:10:04 -0400] "GET /editor/filemanager/browser/default/browser.html HTTP/1.1" 404 575 "-" "Mozilla/4.0 (compatible; MSIE 6.0; Windows NT 5.1; SV1; Mozilla/4.0 (compatible; MSIE 6.0; Windows NT 5.1; SV1) ; .NET CLR 1.0.3705)"
157.55.39.101 - - [20/Jun/2014:18:16:20 -0400] "GET /scripts/icwebsiteelement.css HTTP/1.1" 200 8132 "-" "Mozilla/5.0 (compatible; bingbot/2.0; +http://www.bing.com/bingbot.htm)"
216.237.231.202 - - [20/Jun/2014:18:28:40 -0400] "GET /scripts/template.css HTTP/1.1" 200 11360 "http://www.pharoahaudio.com/ak35repair1.html" "Mozilla/5.0 (Windows NT 5.1) AppleWebKit/537.36 (KHTML, like Gecko) Chrome/35.0.1916.153 Safari/537.36"
216.237.231.202 - - [20/Jun/2014:18:28:40 -0400] "GET /images/550_AK35_bottom_900.jpg HTTP/1.1" 200 29141 "http://www.pharoahaudio.com/ak35repair1.html" "Mozilla/5.0 (Windows NT 5.1) AppleWebKit/537.36 (KHTML, like Gecko) Chrome/35.0.1916.153 Safari/537.36"
216.237.231.202 - - [20/Jun/2014:18:28:40 -0400] "GET /images/ic_002_banner_bg_wide.jpg HTTP/1.1" 200 5805 "http://www.pharoahaudio.com/ak35repair1.html" "Mozilla/5.0 (Windows NT 5.1) AppleWebKit/537.36 (KHTML, like Gecko) Chrome/35.0.1916.153 Safari/537.36"
157.55.39.16 - - [20/Jun/2014:21:41:23 -0400] "GET /legacyproductinformatio/synflash.html HTTP/1.1" 200 32246 "-" "Mozilla/5.0 (compatible; bingbot/2.0; +http://www.bing.com/bingbot.htm)"
65.38.62.144 - - [20/Jun/2014:23:11:57 -0400] "GET /images/photoalbum/button_photoPrev.jpg HTTP/1.1" 200 656 "http://www.pharoahaudio.com/yeolderadiomuseum.html" "Mozilla/5.0 (Windows NT 6.0; rv:30.0) Gecko/20100101 Firefox/30.0"
65.38.62.144 - - [20/Jun/2014:23:11:57 -0400] "GET /images/photoalbum/button_photoNext.jpg HTTP/1.1" 200 662 "http://www.pharoahaudio.com/yeolderadiomuseum.html" "Mozilla/5.0 (Windows NT 6.0; rv:30.0) Gecko/20100101 Firefox/30.0"
65.38.62.144 - - [20/Jun/2014:23:11:57 -0400] "GET /images/photoalbum/button_photoSpeed3_ON.jpg HTTP/1.1" 200 587 "http://www.pharoahaudio.com/yeolderadiomuseum.html" "Mozilla/5.0 (Windows NT 6.0; rv:30.0) Gecko/20100101 Firefox/30.0"
65.38.62.144 - - [20/Jun/2014:23:11:58 -0400] "GET /images/480_Radiola_26_small_branded.jpg HTTP/1.1" 200 26536 "http://www.pharoahaudio.com/yeolderadiomuseum.html" "Mozilla/5.0 (Windows NT 6.0; rv:30.0) Gecko/20100101 Firefox/30.0"
208.80.194.29 - - [20/Jun/2014:23:38:43 -0400] "GET /\t HTTP/1.0" 200 15366 "-" "Mozilla/5.0 (Windows NT 5.1) Gecko/20100101 Firefox/7.0.1"
208.83.156.159 - - [20/Jun/2014:07:36:53 -0400] "GET /robots.txt HTTP/1.1" 200 25 "-" "Mozilla/5.0 (compatible; FatBot 2.0; http://www.thefind.com/crawler)"
208.83.156.154 - - [20/Jun/2014:01:27:36 -0400] "GET /scripts/526515custom.css HTTP/1.1" 200 3841 "-" "Mozilla/5.0 (compatible; FatBot 2.0; http://www.thefind.com/crawler)"
65.55.215.33 - - [20/Jun/2014:04:26:57 -0400] "GET /robots.txt HTTP/1.1" 200 25 "-" "msnbot-media/1.1 (+http://search.msn.com/msnbot.htm)"
66.249.64.109 - - [20/Jun/2014:04:36:18 -0400] "GET /scripts/526545.css HTTP/1.1" 200 102 "-" "Mozilla/5.0 (compatible; Googlebot/2.1; +http://www.google.com/bot.html)"
66.249.64.143 - - [20/Jun/2014:04:58:41 -0400] "GET /brokenlink.html HTTP/1.1" 200 8959 "-" "Mozilla/5.0 (iPhone; CPU iPhone OS 6_0 like Mac OS X) AppleWebKit/536.26 (KHTML, like Gecko) Version/6.0 Mobile/10A5376e Safari/8536.25 (compatible; Googlebot/2.1; +http://www.google.com/bot.html)"
208.83.156.115 - - [20/Jun/2014:06:58:02 -0400] "GET /scripts/526542custom.css HTTP/1.1" 200 2488 "-" "Mozilla/5.0 (compatible; FatBot 2.0; http://www.thefind.com/crawler)"
24.90.96.174 - - [20/Jun/2014:13:03:28 -0400] "GET /scripts/website.css HTTP/1.1" 200 1916 "http://www.pharoahaudio.com/syncheckproducthomepage/downloads.html" "Mozilla/5.0 (Macintosh; Intel Mac OS X 10_9_3) AppleWebKit/537.36 (KHTML, like Gecko) Chrome/35.0.1916.153 Safari/537.36"
24.90.96.174 - - [20/Jun/2014:13:03:28 -0400] "GET /images/doctype_zip.gif HTTP/1.1" 200 1227 "http://www.pharoahaudio.com/syncheckproducthomepage/downloads.html" "Mozilla/5.0 (Macintosh; Intel Mac OS X 10_9_3) AppleWebKit/537.36 (KHTML, like Gecko) Chrome/35.0.1916.153 Safari/537.36"
24.90.96.174 - - [20/Jun/2014:13:03:29 -0400] "GET /scripts/print.css HTTP/1.1" 200 11209 "http://www.pharoahaudio.com/syncheckproducthomepage/downloads.html" "Mozilla/5.0 (Macintosh; Intel Mac OS X 10_9_3) AppleWebKit/537.36 (KHTML, like Gecko) Chrome/35.0.1916.153 Safari/537.36"
157.254.210.20 - - [20/Jun/2014:14:44:09 -0400] "GET /scripts/ic_globals_published.js HTTP/1.1" 200 566 "http://www.pharoahaudio.com/syncheckproducthomepage.html" "Mozilla/5.0 (Windows NT 6.1) AppleWebKit/537.36 (KHTML, like Gecko) Chrome/35.0.1916.153 Safari/537.36"
157.254.210.20 - - [20/Jun/2014:14:44:09 -0400] "GET /scripts/template.css HTTP/1.1" 200 11360 "http://www.pharoahaudio.com/syncheckproducthomepage.html" "Mozilla/5.0 (Windows NT 6.1) AppleWebKit/537.36 (KHTML, like Gecko) Chrome/35.0.1916.153 Safari/537.36"
157.254.210.20 - - [20/Jun/2014:14:44:09 -0400] "GET /images/292_SY3_tabletop2_straight.jpg HTTP/1.1" 200 20162 "http://www.pharoahaudio.com/syncheckproducthomepage.html" "Mozilla/5.0 (Windows NT 6.1) AppleWebKit/537.36 (KHTML, like Gecko) Chrome/35.0.1916.153 Safari/537.36"
222.77.225.22 - - [20/Jun/2014:17:23:36 -0400] "GET /administrator/fckeditor1/editor/filemanager/connectors/uploadtest.html HTTP/1.1" 404 575 "-" "Mozilla/4.0 (compatible; MSIE 6.0; Windows NT 5.1; SV1; Mozilla/4.0 (compatible; MSIE 6.0; Windows NT 5.1; SV1) ; .NET CLR 1.0.3705)"
222.77.225.22 - - [20/Jun/2014:18:05:43 -0400] "GET /mods/ckeditor/filemanager/connectors/uploadtest.html HTTP/1.1" 404 575 "-" "Mozilla/4.0 (compatible; MSIE 6.0; Windows NT 5.1; SV1; Mozilla/4.0 (compatible; MSIE 6.0; Windows NT 5.1; SV1) )"
201.141.121.107 - - [20/Jun/2014:18:35:56 -0400] "GET / HTTP/1.1" 200 15366 "-" "Mozilla/5.0 (Macintosh; Intel Mac OS X 10_8_5) AppleWebKit/537.76.4 (KHTML, like Gecko) Version/6.1.4 Safari/537.76.4"
216.172.56.37 - - [20/Jun/2014:18:57:53 -0400] "GET / HTTP/1.1" 200 15366 "http://privhosting.com/" "Mozilla/5.0 (compatible; MSIE 10.0; Windows NT 6.1; WOW64; Trident/6.0)"
202.46.61.181 - - [20/Jun/2014:19:57:07 -0400] "GET /scripts/'+src+' HTTP/1.1" 404 575 "-" "Mozilla/5.0 (Windows; U; Windows NT 5.1; zh-CN; rv:1.9.1.2) Firefox/3.5.2"
118.209.106.239 - - [20/Jun/2014:21:18:13 -0400] "GET /scripts/icwebsiteelement.css HTTP/1.1" 200 8132 "http://www.pharoahaudio.com/syncheckproducthomepage/syncheckii.html" "Mozilla/5.0 (Macintosh; Intel Mac OS X 10_6_8) AppleWebKit/537.36 (KHTML, like Gecko) Chrome/35.0.1916.153 Safari/537.36"
118.209.106.239 - - [20/Jun/2014:21:18:14 -0400] "GET /images/270_SY2_in_hand_at_screen.JPG HTTP/1.1" 200 8461 "http://www.pharoahaudio.com/syncheckproducthomepage/syncheckii.html" "Mozilla/5.0 (Macintosh; Intel Mac OS X 10_6_8) AppleWebKit/537.36 (KHTML, like Gecko) Chrome/35.0.1916.153 Safari/537.36"
118.209.106.239 - - [20/Jun/2014:21:18:14 -0400] "GET /images/292_SY3_tabletop2_straight.jpg HTTP/1.1" 200 20162 "http://www.pharoahaudio.com/syncheckproducthomepage.html" "Mozilla/5.0 (Macintosh; Intel Mac OS X 10_6_8) AppleWebKit/537.36 (KHTML, like Gecko) Chrome/35.0.1916.153 Safari/537.36"
81.45.53.138 - - [20/Jun/2014:08:58:40 -0400] "GET /images/321_SY3_tabletop2_straight.jpg HTTP/1.1" 200 23729 "https://www.google.es/" "Mozilla/5.0 (iPhone; CPU iPhone OS 7_1_1 like Mac OS X) AppleWebKit/537.51.2 (KHTML, like Gecko) Version/7.0 Mobile/11D201 Safari/9537.53"
65.52.120.129 - - [20/Jun/2014:10:48:07 -0400] "GET /contact.html HTTP/1.1" 200 11921 "http://www.pharoaheditorial.com" "Scrapy/0.22.2 (+http://scrapy.org)"
68.180.225.104 - - [20/Jun/2014:11:18:59 -0400] "GET /ftpfeedback.html HTTP/1.1" 200 10976 "-" "Mozilla/5.0 (compatible; Yahoo! Slurp; http://help.yahoo.com/help/us/ysearch/slurp)"
85.75.42.240 - - [20/Jun/2014:11:54:56 -0400] "GET /images/350_R26_11_hinge_new_braid.JPG HTTP/1.1" 200 13898 "http://www.pharoahaudio.com/radiola26part3.html" "Mozilla/5.0 (Windows NT 6.1; WOW64; rv:30.0) Gecko/20100101 Firefox/30.0"
85.75.42.240 - - [20/Jun/2014:11:56:15 -0400] "GET /images/photoalbum/button_photoPrev.jpg HTTP/1.1" 200 656 "http://www.pharoahaudio.com/yeolderadiomuseum.html" "Mozilla/5.0 (Windows NT 6.1; WOW64; rv:30.0) Gecko/20100101 Firefox/30.0"
85.75.42.240 - - [20/Jun/2014:11:56:15 -0400] "GET /images/photoalbum/detail_close.jpg HTTP/1.1" 200 1095 "http://www.pharoahaudio.com/yeolderadiomuseum.html" "Mozilla/5.0 (Windows NT 6.1; WOW64; rv:30.0) Gecko/20100101 Firefox/30.0"
85.75.42.240 - - [20/Jun/2014:11:56:15 -0400] "GET /images/photoalbum/button_photoSpeed4.jpg HTTP/1.1" 200 506 "http://www.pharoahaudio.com/yeolderadiomuseum.html" "Mozilla/5.0 (Windows NT 6.1; WOW64; rv:30.0) Gecko/20100101 Firefox/30.0"
85.75.42.240 - - [20/Jun/2014:11:56:16 -0400] "GET /images/480_Crosley51_OpCl.jpg HTTP/1.1" 200 29265 "http://www.pharoahaudio.com/yeolderadiomuseum.html" "Mozilla/5.0 (Windows NT 6.1; WOW64; rv:30.0) Gecko/20100101 Firefox/30.0"
85.75.42.240 - - [20/Jun/2014:11:56:16 -0400] "GET /images/480_GE_GD60.jpg HTTP/1.1" 200 37777 "http://www.pharoahaudio.com/yeolderadiomuseum.html" "Mozilla/5.0 (Windows NT 6.1; WOW64; rv:30.0) Gecko/20100101 Firefox/30.0"
85.75.42.240 - - [20/Jun/2014:11:56:17 -0400] "GET /images/398_Tower_6157_Geiger_Counter.JPG HTTP/1.1" 200 27494 "http://www.pharoahaudio.com/yeolderadiomuseum.html" "Mozilla/5.0 (Windows NT 6.1; WOW64; rv:30.0) Gecko/20100101 Firefox/30.0"
85.75.42.240 - - [20/Jun/2014:11:56:17 -0400] "GET /images/94_AK35_front_900_branded.jpg HTTP/1.1" 200 1650 "http://www.pharoahaudio.com/yeolderadiomuseum.html" "Mozilla/5.0 (Windows NT 6.1; WOW64; rv:30.0) Gecko/20100101 Firefox/30.0"
85.75.42.240 - - [20/Jun/2014:11:56:17 -0400] "GET /images/94_Amer_Bosch_28_open.jpg HTTP/1.1" 200 3202 "http://www.pharoahaudio.com/yeolderadiomuseum.html" "Mozilla/5.0 (Windows NT 6.1; WOW64; rv:30.0) Gecko/20100101 Firefox/30.0"
85.75.42.240 - - [20/Jun/2014:11:56:18 -0400] "GET /images/94_Philco_38-10.jpg HTTP/1.1" 200 2604 "http://www.pharoahaudio.com/yeolderadiomuseum.html" "Mozilla/5.0 (Windows NT 6.1; WOW64; rv:30.0) Gecko/20100101 Firefox/30.0"
85.75.42.240 - - [20/Jun/2014:11:56:18 -0400] "GET /images/94_GM_985775_pocket_portable.jpg HTTP/1.1" 200 2851 "http://www.pharoahaudio.com/yeolderadiomuseum.html" "Mozilla/5.0 (Windows NT 6.1; WOW64; rv:30.0) Gecko/20100101 Firefox/30.0"
85.75.42.240 - - [20/Jun/2014:11:56:18 -0400] "GET /images/94_RCA_56X.jpg HTTP/1.1" 200 1934 "http://www.pharoahaudio.com/yeolderadiomuseum.html" "Mozilla/5.0 (Windows NT 6.1; WOW64; rv:30.0) Gecko/20100101 Firefox/30.0"
85.75.42.240 - - [20/Jun/2014:11:56:18 -0400] "GET /images/94_Zenith_H511_Consoletone.JPG HTTP/1.1" 200 2164 "http://www.pharoahaudio.com/yeolderadiomuseum.html" "Mozilla/5.0 (Windows NT 6.1; WOW64; rv:30.0) Gecko/20100101 Firefox/30.0"
85.75.42.240 - - [20/Jun/2014:11:56:18 -0400] "GET /images/photoalbum/photo_controlBG.jpg HTTP/1.1" 200 336 "http://www.pharoahaudio.com/scripts/icwebsiteelement.css" "Mozilla/5.0 (Windows NT 6.1; WOW64; rv:30.0) Gecko/20100101 Firefox/30.0"
85.75.42.240 - - [20/Jun/2014:11:56:19 -0400] "GET /images/448_AK55-05.JPG HTTP/1.1" 200 20154 "http://www.pharoahaudio.com/ak55cpart1.html" "Mozilla/5.0 (Windows NT 6.1; WOW64; rv:30.0) Gecko/20100101 Firefox/30.0"
85.75.42.240 - - [20/Jun/2014:11:57:05 -0400] "GET /ak55cpart3.html HTTP/1.1" 200 21608 "http://www.pharoahaudio.com/ak55cpart2.html" "Mozilla/5.0 (Windows NT 6.1; WOW64; rv:30.0) Gecko/20100101 Firefox/30.0"
85.75.42.240 - - [20/Jun/2014:11:57:06 -0400] "GET /images/540_AK55-10.JPG HTTP/1.1" 200 39921 "http://www.pharoahaudio.com/ak55cpart3.html" "Mozilla/5.0 (Windows NT 6.1; WOW64; rv:30.0) Gecko/20100101 Firefox/30.0"
24.90.96.174 - - [20/Jun/2014:12:59:47 -0400] "GET /scripts/ic_globals_published.js HTTP/1.1" 200 566 "http://www.pharoahaudio.com/syncheckproducthomepage/downloads.html" "Mozilla/5.0 (Macintosh; Intel Mac OS X 10.9; rv:30.0) Gecko/20100101 Firefox/30.0"
24.90.96.174 - - [20/Jun/2014:12:59:47 -0400] "GET /scripts/icwebsiteelement.css HTTP/1.1" 200 8132 "http://www.pharoahaudio.com/syncheckproducthomepage/downloads.html" "Mozilla/5.0 (Macintosh; Intel Mac OS X 10.9; rv:30.0) Gecko/20100101 Firefox/30.0"
208.115.111.71 - - [20/Jun/2014:00:49:40 -0400] "GET /robots.txt HTTP/1.1" 200 25 "-" "Mozilla/5.0 (compatible; DotBot/1.1; http://www.opensiteexplorer.org/dotbot, help@moz.com)"
27.150.247.58 - - [20/Jun/2014:01:05:12 -0400] "GET /webeditor/editor/filemanager/connectors/test.html HTTP/1.1" 404 575 "-" "Mozilla/4.0 (compatible; MSIE 6.0; Windows NT 5.1; SV1; Mozilla/4.0 (compatible; MSIE 6.0; Windows NT 5.1; SV1) ; .NET CLR 2.0.50727 ; .NET CLR 4.0.30319)"
68.180.225.104 - - [20/Jun/2014:02:10:25 -0400] "GET /images/SynFlash_Manuel_utilisateur_v2.2_fr.pdf HTTP/1.1" 200 286247 "-" "Mozilla/5.0 (compatible; Yahoo! Slurp; http://help.yahoo.com/help/us/ysearch/slurp)"
65.55.212.83 - - [20/Jun/2014:05:31:48 -0400] "GET /scripts/photoalbum.js HTTP/1.1" 200 62481 "http://www.pharoahaudio.com/ak55cpart3.html" "Mozilla/5.0 (compatible; MSIE 9.0; Windows NT 6.1; Trident/5.0; Trident/5.0)"
182.253.3.222 - - [20/Jun/2014:13:56:01 -0400] "GET / HTTP/1.0" 200 15366 "-" "-"
46.119.120.207 - - [20/Jun/2014:14:11:38 -0400] "GET /ak35repair1.html HTTP/1.1" 200 18956 "http://replica-watch.ru/" "Opera/7.60 (Windows NT 5.2; U) [en] (IBM EVV/3.0/EAK01AG9/LE)"
95.152.237.207 - - [20/Jun/2014:15:24:08 -0400] "GET /tweeterfixpart2.html HTTP/1.1" 200 19845 "http://www.pharoahaudio.com/tweeterfixpart1.html" "Mozilla/5.0 (Windows NT 6.1; WOW64; rv:30.0) Gecko/20100101 Firefox/30.0"
95.152.237.207 - - [20/Jun/2014:15:24:09 -0400] "GET /images/432_T3_strip_damage.jpg HTTP/1.1" 200 24797 "http://www.pharoahaudio.com/tweeterfixpart2.html" "Mozilla/5.0 (Windows NT 6.1; WOW64; rv:30.0) Gecko/20100101 Firefox/30.0"
157.55.39.111 - - [20/Jun/2014:18:44:41 -0400] "GET /radiola26part1.html HTTP/1.1" 200 20077 "-" "Mozilla/5.0 (compatible; bingbot/2.0; +http://www.bing.com/bingbot.htm)"
