0byt3m1n1
Path:
/
data
/
0
/
0
/
22
/
99
/
22588
/
meta
/
23067
/
logs
/
[
Home
]
File: x-access_log.2014-06-20
199.30.25.129 - - [20/Jun/2014:07:01:59 -0400] "GET /images/Majestic_reversed_for_pages.jpg HTTP/1.1" 200 6769 "http://www.pharoahaudio.com/ac55cpart5.html" "Mozilla/5.0 (Windows NT 6.1; WOW64) AppleWebKit/534+ (KHTML, like Gecko) BingPreview/1.0b"
180.76.5.21 - - [20/Jun/2014:08:04:03 -0400] "GET / HTTP/1.1" 200 15366 "-" "Mozilla/5.0 (compatible; Baiduspider/2.0; +http://www.baidu.com/search/spider.html)"
112.65.193.14 - - [20/Jun/2014:08:57:47 -0400] "GET /scripts/photoalbum.js HTTP/1.1" 200 62481 "http://www.pharoahaudio.com/scripts/photoalbum.js" "Mozilla/4.0"
46.118.155.40 - - [20/Jun/2014:09:23:24 -0400] "GET /ak35repair1.html HTTP/1.1" 200 18956 "http://android-systems.ru/" "Mozilla/4.0 (compatible; MSIE 6.0; Windows NT 5.1)"
85.75.42.240 - - [20/Jun/2014:11:55:20 -0400] "GET /scripts/526533.css HTTP/1.1" 200 102 "http://www.pharoahaudio.com/radiola26part4.html" "Mozilla/5.0 (Windows NT 6.1; WOW64; rv:30.0) Gecko/20100101 Firefox/30.0"
85.75.42.240 - - [20/Jun/2014:11:55:20 -0400] "GET /images/432_R26_14A_wax_chip_CU.JPG HTTP/1.1" 200 26544 "http://www.pharoahaudio.com/radiola26part4.html" "Mozilla/5.0 (Windows NT 6.1; WOW64; rv:30.0) Gecko/20100101 Firefox/30.0"
208.83.156.150 - - [20/Jun/2014:01:26:58 -0400] "GET /robots.txt HTTP/1.1" 200 25 "-" "Mozilla/5.0 (compatible; FatBot 2.0; http://www.thefind.com/crawler)"
66.249.64.138 - - [20/Jun/2014:05:05:07 -0400] "GET /images/photoalbum/button_photoNext.jpg HTTP/1.1" 200 662 "-" "Googlebot-Image/1.0"
24.90.96.174 - - [20/Jun/2014:13:03:28 -0400] "GET /syncheckproducthomepage/downloads.html HTTP/1.1" 200 24534 "-" "Mozilla/5.0 (Macintosh; Intel Mac OS X 10_9_3) AppleWebKit/537.36 (KHTML, like Gecko) Chrome/35.0.1916.153 Safari/537.36"
24.90.96.174 - - [20/Jun/2014:13:03:28 -0400] "GET /scripts/ic_globals_published.js HTTP/1.1" 200 566 "http://www.pharoahaudio.com/syncheckproducthomepage/downloads.html" "Mozilla/5.0 (Macintosh; Intel Mac OS X 10_9_3) AppleWebKit/537.36 (KHTML, like Gecko) Chrome/35.0.1916.153 Safari/537.36"
24.90.96.174 - - [20/Jun/2014:13:03:28 -0400] "GET /scripts/photoalbum.js HTTP/1.1" 200 62481 "http://www.pharoahaudio.com/syncheckproducthomepage/downloads.html" "Mozilla/5.0 (Macintosh; Intel Mac OS X 10_9_3) AppleWebKit/537.36 (KHTML, like Gecko) Chrome/35.0.1916.153 Safari/537.36"
95.152.237.207 - - [20/Jun/2014:15:22:26 -0400] "GET /scripts/template.css HTTP/1.1" 200 11360 "http://www.pharoahaudio.com/tweeterfixpart1.html" "Mozilla/5.0 (Windows NT 6.1; WOW64; rv:30.0) Gecko/20100101 Firefox/30.0"
95.152.237.207 - - [20/Jun/2014:15:22:26 -0400] "GET /images/431_T2_contact_cellotape_cu.jpg HTTP/1.1" 200 21279 "http://www.pharoahaudio.com/tweeterfixpart1.html" "Mozilla/5.0 (Windows NT 6.1; WOW64; rv:30.0) Gecko/20100101 Firefox/30.0"
198.147.175.203 - - [20/Jun/2014:15:43:38 -0400] "GET /scripts/ic_globals_published.js HTTP/1.1" 200 566 "http://www.pharoahaudio.com/syncheckproducthomepage.html" "Mozilla/5.0 (Macintosh; Intel Mac OS X 10_8_5) AppleWebKit/537.74.9 (KHTML, like Gecko) Version/6.1.2 Safari/537.74.9"
157.55.39.15 - - [20/Jun/2014:18:52:33 -0400] "GET /ak35repair5.html HTTP/1.1" 200 21319 "-" "Mozilla/5.0 (compatible; bingbot/2.0; +http://www.bing.com/bingbot.htm)"
94.76.70.42 - - [20/Jun/2014:19:07:22 -0400] "GET /images/500_SynFlash_New_in_boot.jpg HTTP/1.0" 200 20690 "-" "-"
95.168.210.81 - - [20/Jun/2014:19:19:58 -0400] "GET /images/Syncheck3_user_manual_v1.01.pdf HTTP/1.1" 200 323329 "http://www.pharoahaudio.com/" "Mozilla/5.0 (Macintosh; Intel Mac OS X 10_8_4) AppleWebKit/536.30.1 (KHTML, like Gecko) Version/6.0.5 Safari/536.30.1"
208.115.113.82 - - [20/Jun/2014:21:56:30 -0400] "GET /robots.txt HTTP/1.1" 200 25 "-" "Mozilla/5.0 (compatible; DotBot/1.1; http://www.opensiteexplorer.org/dotbot, help@moz.com)"
81.82.48.225 - - [20/Jun/2014:07:06:00 -0400] "GET /images/120_CentralEng._Logo.jpg HTTP/1.1" 200 2825 "http://www.pharoahaudio.com/syncheckproducthomepage/distributors.html" "Mozilla/5.0 (Windows NT 6.3; WOW64; Trident/7.0; rv:11.0) like Gecko"
208.83.156.159 - - [20/Jun/2014:07:41:24 -0400] "GET /scripts/526539custom.css HTTP/1.1" 200 1478 "-" "Mozilla/5.0 (compatible; FatBot 2.0; http://www.thefind.com/crawler)"
85.75.42.240 - - [20/Jun/2014:11:54:55 -0400] "GET /scripts/526532.css HTTP/1.1" 200 102 "http://www.pharoahaudio.com/radiola26part3.html" "Mozilla/5.0 (Windows NT 6.1; WOW64; rv:30.0) Gecko/20100101 Firefox/30.0"
85.75.42.240 - - [20/Jun/2014:11:54:56 -0400] "GET /images/448_R26_09_hinge_old_soldered.JPG HTTP/1.1" 200 17773 "http://www.pharoahaudio.com/radiola26part3.html" "Mozilla/5.0 (Windows NT 6.1; WOW64; rv:30.0) Gecko/20100101 Firefox/30.0"
85.75.42.240 - - [20/Jun/2014:11:58:19 -0400] "GET /images/540_AK55-24c.JPG HTTP/1.1" 200 38702 "http://www.pharoahaudio.com/ac55cpart5.html" "Mozilla/5.0 (Windows NT 6.1; WOW64; rv:30.0) Gecko/20100101 Firefox/30.0"
85.75.42.240 - - [20/Jun/2014:11:59:02 -0400] "GET /ak35repair2.html HTTP/1.1" 200 22611 "http://www.pharoahaudio.com/ak35repair1.html" "Mozilla/5.0 (Windows NT 6.1; WOW64; rv:30.0) Gecko/20100101 Firefox/30.0"
85.75.42.240 - - [20/Jun/2014:11:59:03 -0400] "GET /scripts/526521custom.css HTTP/1.1" 200 3839 "http://www.pharoahaudio.com/ak35repair2.html" "Mozilla/5.0 (Windows NT 6.1; WOW64; rv:30.0) Gecko/20100101 Firefox/30.0"
85.75.42.240 - - [20/Jun/2014:11:59:03 -0400] "GET /images/428_AK35_RF_section_unclean.JPG HTTP/1.1" 200 48507 "http://www.pharoahaudio.com/ak35repair2.html" "Mozilla/5.0 (Windows NT 6.1; WOW64; rv:30.0) Gecko/20100101 Firefox/30.0"
208.83.156.115 - - [20/Jun/2014:00:25:54 -0400] "GET /scripts/526442custom.css HTTP/1.1" 200 2083 "-" "Mozilla/5.0 (compatible; FatBot 2.0; http://www.thefind.com/crawler)"
157.55.39.111 - - [20/Jun/2014:01:22:49 -0400] "GET /syncheckproducthomepage.html HTTP/1.1" 200 23731 "-" "Mozilla/5.0 (compatible; bingbot/2.0; +http://www.bing.com/bingbot.htm)"
66.249.64.143 - - [20/Jun/2014:03:24:27 -0400] "GET /images/448_R26_34_almost_ready1.JPG HTTP/1.1" 304 - "-" "Googlebot-Image/1.0"
175.44.30.69 - - [20/Jun/2014:05:11:57 -0400] "GET /fckeditor/editor/filemanager/connectors/test.html HTTP/1.1" 404 575 "-" "Mozilla/4.0 (compatible; MSIE 6.0; Windows NT 5.1; SV1; Mozilla/4.0 (compatible; MSIE 6.0; Windows NT 5.1; SV1) )"
208.83.156.149 - - [20/Jun/2014:05:28:46 -0400] "GET /scripts/526561custom.css HTTP/1.1" 200 1815 "-" "Mozilla/5.0 (compatible; FatBot 2.0; http://www.thefind.com/crawler)"
162.210.196.97 - - [20/Jun/2014:06:03:17 -0400] "GET /soundhomepage/portfolio.html HTTP/1.0" 200 44218 "-" "Mozilla/5.0 (compatible; MJ12bot/v1.4.5; http://www.majestic12.co.uk/bot.php?+)"
65.55.215.34 - - [20/Jun/2014:06:20:56 -0400] "GET /images/432_R26_14A_wax_chip_CU.JPG HTTP/1.1" 200 26544 "-" "msnbot-media/1.1 (+http://search.msn.com/msnbot.htm)"
46.119.120.207 - - [20/Jun/2014:14:41:15 -0400] "GET /ak35repair1.html HTTP/1.1" 200 18956 "http://serialsway.ucoz.ru/" "Mozilla/4.0 (compatible; MSIE 6.0; MSIE 5.5; Windows NT 5.0) Opera 7.02 Bork-edition [en]"
183.60.213.25 - - [20/Jun/2014:19:17:12 -0400] "GET /syncheckproducthomepage/returnpolicy.html HTTP/1.1" 200 11495 "-" "Mozilla/5.0 (compatible; EasouSpider; +http://www.easou.com/search/spider.html)"
157.55.39.111 - - [20/Jun/2014:21:41:40 -0400] "GET /legacyproductinformatio/sy2reviews.html HTTP/1.1" 200 9011 "-" "Mozilla/5.0 (compatible; bingbot/2.0; +http://www.bing.com/bingbot.htm)"
85.75.42.240 - - [20/Jun/2014:11:54:20 -0400] "GET /images/432_R26_04_loop_exposed_flat.JPG HTTP/1.1" 200 25897 "http://www.pharoahaudio.com/radiola26part2.html" "Mozilla/5.0 (Windows NT 6.1; WOW64; rv:30.0) Gecko/20100101 Firefox/30.0"
85.75.42.240 - - [20/Jun/2014:11:55:41 -0400] "GET /scripts/526535.css HTTP/1.1" 200 102 "http://www.pharoahaudio.com/radiola26part6.html" "Mozilla/5.0 (Windows NT 6.1; WOW64; rv:30.0) Gecko/20100101 Firefox/30.0"
85.75.42.240 - - [20/Jun/2014:11:55:42 -0400] "GET /images/432_R26_27_order_form.JPG HTTP/1.1" 200 36814 "http://www.pharoahaudio.com/radiola26part6.html" "Mozilla/5.0 (Windows NT 6.1; WOW64; rv:30.0) Gecko/20100101 Firefox/30.0"
85.75.42.240 - - [20/Jun/2014:11:56:05 -0400] "GET /radiola26part8.html HTTP/1.1" 200 17837 "http://www.pharoahaudio.com/radiola26part6.html" "Mozilla/5.0 (Windows NT 6.1; WOW64; rv:30.0) Gecko/20100101 Firefox/30.0"
85.75.42.240 - - [20/Jun/2014:11:56:06 -0400] "GET /images/603_R26_36_dial_scale.JPG HTTP/1.1" 200 60278 "http://www.pharoahaudio.com/radiola26part8.html" "Mozilla/5.0 (Windows NT 6.1; WOW64; rv:30.0) Gecko/20100101 Firefox/30.0"
85.75.42.240 - - [20/Jun/2014:11:56:15 -0400] "GET /scripts/526496.css HTTP/1.1" 200 102 "http://www.pharoahaudio.com/yeolderadiomuseum.html" "Mozilla/5.0 (Windows NT 6.1; WOW64; rv:30.0) Gecko/20100101 Firefox/30.0"
85.75.42.240 - - [20/Jun/2014:11:56:15 -0400] "GET /images/181_Radiola_26_small_branded.jpg HTTP/1.1" 200 5165 "http://www.pharoahaudio.com/yeolderadiomuseum.html" "Mozilla/5.0 (Windows NT 6.1; WOW64; rv:30.0) Gecko/20100101 Firefox/30.0"
85.75.42.240 - - [20/Jun/2014:11:56:15 -0400] "GET /images/photoalbum/button_photoFirst.jpg HTTP/1.1" 200 637 "http://www.pharoahaudio.com/yeolderadiomuseum.html" "Mozilla/5.0 (Windows NT 6.1; WOW64; rv:30.0) Gecko/20100101 Firefox/30.0"
85.75.42.240 - - [20/Jun/2014:11:56:16 -0400] "GET /images/photoalbum/button_photoSpeed5.jpg HTTP/1.1" 200 502 "http://www.pharoahaudio.com/yeolderadiomuseum.html" "Mozilla/5.0 (Windows NT 6.1; WOW64; rv:30.0) Gecko/20100101 Firefox/30.0"
85.75.42.240 - - [20/Jun/2014:11:56:16 -0400] "GET /images/480_Radiola_26_small_branded.jpg HTTP/1.1" 200 26536 "http://www.pharoahaudio.com/yeolderadiomuseum.html" "Mozilla/5.0 (Windows NT 6.1; WOW64; rv:30.0) Gecko/20100101 Firefox/30.0"
85.75.42.240 - - [20/Jun/2014:11:56:16 -0400] "GET /images/480_Zenith_6-S-27_frontback.jpg HTTP/1.1" 200 41545 "http://www.pharoahaudio.com/yeolderadiomuseum.html" "Mozilla/5.0 (Windows NT 6.1; WOW64; rv:30.0) Gecko/20100101 Firefox/30.0"
85.75.42.240 - - [20/Jun/2014:11:56:17 -0400] "GET /images/480_Marconi_202.jpg HTTP/1.1" 200 31301 "http://www.pharoahaudio.com/yeolderadiomuseum.html" "Mozilla/5.0 (Windows NT 6.1; WOW64; rv:30.0) Gecko/20100101 Firefox/30.0"
85.75.42.240 - - [20/Jun/2014:11:56:17 -0400] "GET /images/480_Motorola_51M1U_battery_AC_1951_OpCl.jpg HTTP/1.1" 200 24084 "http://www.pharoahaudio.com/yeolderadiomuseum.html" "Mozilla/5.0 (Windows NT 6.1; WOW64; rv:30.0) Gecko/20100101 Firefox/30.0"
85.75.42.240 - - [20/Jun/2014:11:56:17 -0400] "GET /images/94_Crystal_Whisker_Set_early_20s.JPG HTTP/1.1" 200 2213 "http://www.pharoahaudio.com/yeolderadiomuseum.html" "Mozilla/5.0 (Windows NT 6.1; WOW64; rv:30.0) Gecko/20100101 Firefox/30.0"
85.75.42.240 - - [20/Jun/2014:11:56:17 -0400] "GET /images/71_Grigsby_Grunow_Hinds_Majestic.jpg HTTP/1.1" 200 1988 "http://www.pharoahaudio.com/yeolderadiomuseum.html" "Mozilla/5.0 (Windows NT 6.1; WOW64; rv:30.0) Gecko/20100101 Firefox/30.0"
85.75.42.240 - - [20/Jun/2014:11:56:17 -0400] "GET /images/94_Zenith_6-S-27_frontback.jpg HTTP/1.1" 200 3109 "http://www.pharoahaudio.com/yeolderadiomuseum.html" "Mozilla/5.0 (Windows NT 6.1; WOW64; rv:30.0) Gecko/20100101 Firefox/30.0"
85.75.42.240 - - [20/Jun/2014:11:56:18 -0400] "GET /images/94_Emerson_CX283.jpg HTTP/1.1" 200 2550 "http://www.pharoahaudio.com/yeolderadiomuseum.html" "Mozilla/5.0 (Windows NT 6.1; WOW64; rv:30.0) Gecko/20100101 Firefox/30.0"
85.75.42.240 - - [20/Jun/2014:11:56:18 -0400] "GET /images/94_Marconi_202.jpg HTTP/1.1" 200 2680 "http://www.pharoahaudio.com/yeolderadiomuseum.html" "Mozilla/5.0 (Windows NT 6.1; WOW64; rv:30.0) Gecko/20100101 Firefox/30.0"
85.75.42.240 - - [20/Jun/2014:11:56:18 -0400] "GET /images/94_Motorola_VT107.JPG HTTP/1.1" 200 2551 "http://www.pharoahaudio.com/yeolderadiomuseum.html" "Mozilla/5.0 (Windows NT 6.1; WOW64; rv:30.0) Gecko/20100101 Firefox/30.0"
85.75.42.240 - - [20/Jun/2014:11:56:18 -0400] "GET /images/77_Tower_6157_Geiger_Counter.JPG HTTP/1.1" 200 3061 "http://www.pharoahaudio.com/yeolderadiomuseum.html" "Mozilla/5.0 (Windows NT 6.1; WOW64; rv:30.0) Gecko/20100101 Firefox/30.0"
85.75.42.240 - - [20/Jun/2014:11:56:19 -0400] "GET /images/448_AK55-01.JPG HTTP/1.1" 200 37514 "http://www.pharoahaudio.com/ak55cpart1.html" "Mozilla/5.0 (Windows NT 6.1; WOW64; rv:30.0) Gecko/20100101 Firefox/30.0"
85.75.42.240 - - [20/Jun/2014:11:59:14 -0400] "GET /scripts/526523custom.css HTTP/1.1" 200 3168 "http://www.pharoahaudio.com/ak35repair3.html" "Mozilla/5.0 (Windows NT 6.1; WOW64; rv:30.0) Gecko/20100101 Firefox/30.0"
85.75.42.240 - - [20/Jun/2014:11:59:14 -0400] "GET /images/448_AK35_grid_leak_repair_hilite.JPG HTTP/1.1" 200 27097 "http://www.pharoahaudio.com/ak35repair3.html" "Mozilla/5.0 (Windows NT 6.1; WOW64; rv:30.0) Gecko/20100101 Firefox/30.0"
85.75.42.240 - - [20/Jun/2014:11:59:26 -0400] "GET /scripts/526524.css HTTP/1.1" 200 102 "http://www.pharoahaudio.com/ak35repair4.html" "Mozilla/5.0 (Windows NT 6.1; WOW64; rv:30.0) Gecko/20100101 Firefox/30.0"
85.75.42.240 - - [20/Jun/2014:11:59:27 -0400] "GET /images/448_AK35_RF2_severed_CU.jpg HTTP/1.1" 200 14047 "http://www.pharoahaudio.com/ak35repair4.html" "Mozilla/5.0 (Windows NT 6.1; WOW64; rv:30.0) Gecko/20100101 Firefox/30.0"
85.75.42.240 - - [20/Jun/2014:11:59:27 -0400] "GET /images/448_AK35_RF3_old_primary_CU.JPG HTTP/1.1" 200 29187 "http://www.pharoahaudio.com/ak35repair4.html" "Mozilla/5.0 (Windows NT 6.1; WOW64; rv:30.0) Gecko/20100101 Firefox/30.0"
193.150.120.14 - - [20/Jun/2014:01:57:31 -0400] "GET /ak35repair1.html HTTP/1.1" 200 18956 "http://www.vniitest.ru/" "Mozilla/4.0 (compatible; MSIE 6.0; Windows NT 5.1; SV1; .NET CLR 1.1.4322; .NET CLR 2.0.50727)"
68.180.225.104 - - [20/Jun/2014:03:38:09 -0400] "GET /images/468_AK35_plate_bypass_cap.jpg HTTP/1.1" 200 37920 "-" "Mozilla/5.0 (compatible; Yahoo! Slurp; http://help.yahoo.com/help/us/ysearch/slurp)"
131.253.26.235 - - [20/Jun/2014:05:31:47 -0400] "GET /ak55cpart3.html HTTP/1.1" 200 21608 "-" "Mozilla/5.0 (compatible; MSIE 9.0; Windows NT 6.1; Trident/5.0; Trident/5.0)"
131.253.26.235 - - [20/Jun/2014:05:31:48 -0400] "GET /scripts/ic_globals_published.js HTTP/1.1" 200 566 "http://www.pharoahaudio.com/ak55cpart3.html" "Mozilla/5.0 (compatible; MSIE 9.0; Windows NT 6.1; Trident/5.0; Trident/5.0)"
131.253.26.235 - - [20/Jun/2014:05:31:48 -0400] "GET /scripts/website.css HTTP/1.1" 200 1916 "http://www.pharoahaudio.com/ak55cpart3.html" "Mozilla/5.0 (compatible; MSIE 9.0; Windows NT 6.1; Trident/5.0; Trident/5.0)"
131.253.26.235 - - [20/Jun/2014:05:31:48 -0400] "GET /scripts/526550.css HTTP/1.1" 200 102 "http://www.pharoahaudio.com/ak55cpart3.html" "Mozilla/5.0 (compatible; MSIE 9.0; Windows NT 6.1; Trident/5.0; Trident/5.0)"
131.253.26.235 - - [20/Jun/2014:05:31:48 -0400] "GET /scripts/526550custom.css HTTP/1.1" 200 3161 "http://www.pharoahaudio.com/ak55cpart3.html" "Mozilla/5.0 (compatible; MSIE 9.0; Windows NT 6.1; Trident/5.0; Trident/5.0)"
66.249.64.138 - - [20/Jun/2014:05:49:08 -0400] "GET /syncheckproducthomepage.html HTTP/1.1" 304 - "-" "Mozilla/5.0 (compatible; Googlebot/2.1; +http://www.google.com/bot.html)"
162.210.196.97 - - [20/Jun/2014:06:03:41 -0400] "GET / HTTP/1.0" 200 15366 "-" "Mozilla/5.0 (compatible; MJ12bot/v1.4.5; http://www.majestic12.co.uk/bot.php?+)"
24.90.96.174 - - [20/Jun/2014:12:59:47 -0400] "GET /scripts/template.css HTTP/1.1" 200 11360 "http://www.pharoahaudio.com/syncheckproducthomepage/downloads.html" "Mozilla/5.0 (Macintosh; Intel Mac OS X 10.9; rv:30.0) Gecko/20100101 Firefox/30.0"
24.90.96.174 - - [20/Jun/2014:12:59:47 -0400] "GET /images/doctype_zip.gif HTTP/1.1" 200 1227 "http://www.pharoahaudio.com/syncheckproducthomepage/downloads.html" "Mozilla/5.0 (Macintosh; Intel Mac OS X 10.9; rv:30.0) Gecko/20100101 Firefox/30.0"
157.55.39.15 - - [20/Jun/2014:16:14:43 -0400] "GET /legacyproductinformatio/syncheckii.html HTTP/1.1" 200 19051 "-" "Mozilla/5.0 (compatible; bingbot/2.0; +http://www.bing.com/bingbot.htm)"
157.55.39.111 - - [20/Jun/2014:17:56:43 -0400] "GET /robots.txt HTTP/1.1" 200 25 "-" "Mozilla/5.0 (compatible; bingbot/2.0; +http://www.bing.com/bingbot.htm)"
207.46.13.78 - - [20/Jun/2014:18:45:18 -0400] "GET /deliverables.html HTTP/1.1" 200 24776 "-" "Mozilla/5.0 (compatible; bingbot/2.0; +http://www.bing.com/bingbot.htm)"
98.207.208.38 - - [20/Jun/2014:22:55:57 -0400] "GET /scripts/website.css HTTP/1.1" 200 1916 "http://www.pharoahaudio.com/syncheckproducthomepage/syncheckii.html" "Mozilla/5.0 (Windows NT 6.1; WOW64) AppleWebKit/537.36 (KHTML, like Gecko) Chrome/35.0.1916.153 Safari/537.36"
98.207.208.38 - - [20/Jun/2014:22:55:57 -0400] "GET /images/270_SY2_PamHand_flyer_version_color.JPG HTTP/1.1" 200 9944 "http://www.pharoahaudio.com/syncheckproducthomepage/syncheckii.html" "Mozilla/5.0 (Windows NT 6.1; WOW64) AppleWebKit/537.36 (KHTML, like Gecko) Chrome/35.0.1916.153 Safari/537.36"
81.82.48.225 - - [20/Jun/2014:07:08:51 -0400] "GET /syncheckproducthomepage/downloads.html HTTP/1.1" 200 24534 "http://www.pharoahaudio.com/soundhomepage/portfolio.html" "Mozilla/5.0 (Windows NT 6.3; WOW64; Trident/7.0; rv:11.0) like Gecko"
81.82.48.225 - - [20/Jun/2014:07:08:55 -0400] "GET /scripts/526558custom.css HTTP/1.1" 200 1477 "http://www.pharoahaudio.com/syncheckproducthomepage/shippingcosts.html" "Mozilla/5.0 (Windows NT 6.3; WOW64; Trident/7.0; rv:11.0) like Gecko"
109.120.157.179 - - [20/Jun/2014:09:05:55 -0400] "GET /ak35repair5.html HTTP/1.1" 200 21319 "http://liderpak.ru/" "Mozilla/5.0 (compatible; Add Catalog/2.1;)"
80.74.135.91 - - [20/Jun/2014:09:13:06 -0400] "GET /images/Syncheck3_user_manual_v1.01.pdf HTTP/1.1" 200 323329 "http://www.pharoahaudio.com/" "Mozilla/5.0 (Macintosh; Intel Mac OS X 10_8_3) AppleWebKit/537.36 (KHTML, like Gecko) Chrome/28.0.1500.71 Safari/537.36"
85.75.42.240 - - [20/Jun/2014:11:34:36 -0400] "GET /radiola26part7.html HTTP/1.1" 200 26077 "http://www.google.gr/url?sa=i&rct=j&q=&esrc=s&source=images&cd=&cad=rja&uact=8&docid=CaVU_o3qC5naKM&tbnid=G4i19M17aW8LaM:&ved=0CAMQjhw&url=http%3A%2F%2Fwww.pharoahaudio.com%2Fradiola26part7.html&ei=hVSkU9S7Ieem0QXq24DwCQ&bvm=bv.69411363,d.d2k&psig=AFQjCNGnVJzPMDQ5ZVZq_1yZp8abru9Xdw&ust=1403364858702751" "Mozilla/5.0 (Windows NT 6.1; WOW64; rv:30.0) Gecko/20100101 Firefox/30.0"
85.75.42.240 - - [20/Jun/2014:11:34:37 -0400] "GET /scripts/526536custom.css HTTP/1.1" 200 3508 "http://www.pharoahaudio.com/radiola26part7.html" "Mozilla/5.0 (Windows NT 6.1; WOW64; rv:30.0) Gecko/20100101 Firefox/30.0"
85.75.42.240 - - [20/Jun/2014:11:34:38 -0400] "GET /images/432_R26_36_dial_scale.JPG HTTP/1.1" 200 33562 "http://www.pharoahaudio.com/radiola26part7.html" "Mozilla/5.0 (Windows NT 6.1; WOW64; rv:30.0) Gecko/20100101 Firefox/30.0"
85.75.42.240 - - [20/Jun/2014:11:54:55 -0400] "GET /radiola26part3.html HTTP/1.1" 200 24750 "http://www.pharoahaudio.com/radiola26part2.html" "Mozilla/5.0 (Windows NT 6.1; WOW64; rv:30.0) Gecko/20100101 Firefox/30.0"
85.75.42.240 - - [20/Jun/2014:11:54:56 -0400] "GET /images/350_R26_12C_broken_wire.JPG HTTP/1.1" 200 16600 "http://www.pharoahaudio.com/radiola26part3.html" "Mozilla/5.0 (Windows NT 6.1; WOW64; rv:30.0) Gecko/20100101 Firefox/30.0"
185.10.104.131 - - [20/Jun/2014:02:28:05 -0400] "GET /scripts/print.css HTTP/1.1" 200 11209 "-" "Mozilla/5.0 (compatible; Baiduspider/2.0; +http://www.baidu.com/search/spider.html)"
66.249.64.138 - - [20/Jun/2014:04:29:36 -0400] "GET /images/AK55_install_to_cabinet_guide.pdf HTTP/1.1" 200 572383 "-" "Mozilla/5.0 (iPhone; CPU iPhone OS 6_0 like Mac OS X) AppleWebKit/536.26 (KHTML, like Gecko) Version/6.0 Mobile/10A5376e Safari/8536.25 (compatible; Googlebot/2.1; +http://www.google.com/bot.html)"
207.46.13.113 - - [20/Jun/2014:14:36:51 -0400] "GET /news.html HTTP/1.1" 200 39109 "-" "Mozilla/5.0 (compatible; bingbot/2.0; +http://www.bing.com/bingbot.htm)"
175.44.27.84 - - [20/Jun/2014:15:20:11 -0400] "POST /images/Syncheck3_user_manual_v1.01.pdf/trackback/ HTTP/1.1" 404 575 "http://www.pharoahaudio.com/images/Syncheck3_user_manual_v1.01.pdf" "Mozilla/4.0 (compatible; MSIE 6.0; Windows NT 5.1; SV1; Mozilla/4.0 (compatible; MSIE 6.0; Windows NT 5.1; SV1) ; .NET CLR 1.0.3705)"
92.112.91.239 - - [20/Jun/2014:17:52:41 -0400] "GET /images/250_SynFlash_New_in_boot.jpg HTTP/1.1" 200 7667 "http://rosywa.2013obuv.dyndns-ip.com/obuv-obuchenie/id7.html" "Mozilla/5.0 (Windows NT 6.1; WOW64) AppleWebKit/537.36 (KHTML, like Gecko) Chrome/34.0.1847.131 YaBrowser/14.5.1847.18274 Safari/537.36"
208.115.113.92 - - [20/Jun/2014:20:31:31 -0400] "GET /syncheckproducthomepage.html?6412a540?603cdcd0 HTTP/1.1" 200 23731 "-" "Mozilla/5.0 (compatible; DotBot/1.1; http://www.opensiteexplorer.org/dotbot, help@moz.com)"
205.251.233.163 - - [20/Jun/2014:21:43:30 -0400] "GET / HTTP/1.1" 200 15366 "-" "Apache-HttpClient/4.3 (java 1.5)"
65.38.62.144 - - [20/Jun/2014:23:11:56 -0400] "GET /scripts/526496.css HTTP/1.1" 200 102 "http://www.pharoahaudio.com/yeolderadiomuseum.html" "Mozilla/5.0 (Windows NT 6.0; rv:30.0) Gecko/20100101 Firefox/30.0"
65.38.62.144 - - [20/Jun/2014:23:11:57 -0400] "GET /images/181_Radiola_26_small_branded.jpg HTTP/1.1" 200 5165 "http://www.pharoahaudio.com/yeolderadiomuseum.html" "Mozilla/5.0 (Windows NT 6.0; rv:30.0) Gecko/20100101 Firefox/30.0"
65.38.62.144 - - [20/Jun/2014:23:11:57 -0400] "GET /images/photoalbum/button_photoFirst.jpg HTTP/1.1" 200 637 "http://www.pharoahaudio.com/yeolderadiomuseum.html" "Mozilla/5.0 (Windows NT 6.0; rv:30.0) Gecko/20100101 Firefox/30.0"
65.38.62.144 - - [20/Jun/2014:23:11:57 -0400] "GET /images/photoalbum/button_photoSpeed5.jpg HTTP/1.1" 200 502 "http://www.pharoahaudio.com/yeolderadiomuseum.html" "Mozilla/5.0 (Windows NT 6.0; rv:30.0) Gecko/20100101 Firefox/30.0"
65.38.62.144 - - [20/Jun/2014:23:11:58 -0400] "GET /images/480_Crosley51_OpCl.jpg HTTP/1.1" 200 29265 "http://www.pharoahaudio.com/yeolderadiomuseum.html" "Mozilla/5.0 (Windows NT 6.0; rv:30.0) Gecko/20100101 Firefox/30.0"
65.38.62.144 - - [20/Jun/2014:23:11:58 -0400] "GET /images/399_Bosch_Model_28_with_AmplionAR19.jpg HTTP/1.1" 200 26270 "http://www.pharoahaudio.com/yeolderadiomuseum.html" "Mozilla/5.0 (Windows NT 6.0; rv:30.0) Gecko/20100101 Firefox/30.0"
65.38.62.144 - - [20/Jun/2014:23:11:58 -0400] "GET /images/360_GE_K105.jpg HTTP/1.1" 200 30923 "http://www.pharoahaudio.com/yeolderadiomuseum.html" "Mozilla/5.0 (Windows NT 6.0; rv:30.0) Gecko/20100101 Firefox/30.0"
65.38.62.144 - - [20/Jun/2014:23:12:01 -0400] "GET /images/480_RCA_56X.jpg HTTP/1.1" 200 17302 "http://www.pharoahaudio.com/yeolderadiomuseum.html" "Mozilla/5.0 (Windows NT 6.0; rv:30.0) Gecko/20100101 Firefox/30.0"
65.38.62.144 - - [20/Jun/2014:23:12:01 -0400] "GET /images/480_Zenith_H511_Consoletone.JPG HTTP/1.1" 200 18427 "http://www.pharoahaudio.com/yeolderadiomuseum.html" "Mozilla/5.0 (Windows NT 6.0; rv:30.0) Gecko/20100101 Firefox/30.0"
65.38.62.144 - - [20/Jun/2014:23:12:01 -0400] "GET /images/480_EMUD_RJ196.JPG HTTP/1.1" 200 37308 "http://www.pharoahaudio.com/yeolderadiomuseum.html" "Mozilla/5.0 (Windows NT 6.0; rv:30.0) Gecko/20100101 Firefox/30.0"
65.38.62.144 - - [20/Jun/2014:23:12:02 -0400] "GET /images/71_Grigsby_Grunow_Hinds_Majestic.jpg HTTP/1.1" 200 1988 "http://www.pharoahaudio.com/yeolderadiomuseum.html" "Mozilla/5.0 (Windows NT 6.0; rv:30.0) Gecko/20100101 Firefox/30.0"
65.38.62.144 - - [20/Jun/2014:23:12:02 -0400] "GET /images/94_Emerson_CX283.jpg HTTP/1.1" 200 2550 "http://www.pharoahaudio.com/yeolderadiomuseum.html" "Mozilla/5.0 (Windows NT 6.0; rv:30.0) Gecko/20100101 Firefox/30.0"
65.38.62.144 - - [20/Jun/2014:23:12:02 -0400] "GET /images/94_Philco_46-1226_console.jpg HTTP/1.1" 200 3244 "http://www.pharoahaudio.com/yeolderadiomuseum.html" "Mozilla/5.0 (Windows NT 6.0; rv:30.0) Gecko/20100101 Firefox/30.0"
81.82.48.225 - - [20/Jun/2014:07:05:55 -0400] "GET /scripts/526559custom.css HTTP/1.1" 200 2490 "http://www.pharoahaudio.com/syncheckproducthomepage/syncheck3.html" "Mozilla/5.0 (Windows NT 6.3; WOW64; Trident/7.0; rv:11.0) like Gecko"
81.82.48.225 - - [20/Jun/2014:07:05:55 -0400] "GET /images/321_SY3_tabletop2_straight.jpg HTTP/1.1" 200 23729 "http://www.pharoahaudio.com/syncheckproducthomepage/syncheck3.html" "Mozilla/5.0 (Windows NT 6.3; WOW64; Trident/7.0; rv:11.0) like Gecko"
208.93.104.7 - - [20/Jun/2014:08:28:40 -0400] "HEAD / HTTP/1.1" 200 - "-" "http://www.yellowpages.com/about/legal/crawl"
130.211.182.47 - - [20/Jun/2014:10:52:21 -0400] "GET / HTTP/1.0" 200 15366 "-" "NerdyBot"
85.75.42.240 - - [20/Jun/2014:11:58:40 -0400] "GET /images/432_AK55-33.jpg HTTP/1.1" 200 27513 "http://www.pharoahaudio.com/ak55cpart6.html" "Mozilla/5.0 (Windows NT 6.1; WOW64; rv:30.0) Gecko/20100101 Firefox/30.0"
193.150.120.14 - - [20/Jun/2014:01:57:30 -0400] "GET /ak35repair1.html HTTP/1.1" 200 18956 "http://www.world-mmo.com/" "Mozilla/4.0 (compatible; MSIE 6.0; Windows NT 5.1; SV1; .NET CLR 1.1.4322; .NET CLR 2.0.50727)"
66.249.64.138 - - [20/Jun/2014:03:21:17 -0400] "GET /images/431_T2_contact_cellotape_cu.jpg HTTP/1.1" 304 - "-" "Googlebot-Image/1.0"
101.226.169.198 - - [20/Jun/2014:04:58:02 -0400] "GET /syncheckproducthomepage.html HTTP/1.1" 200 23731 "http://www.pharoahaudio.com/syncheckproducthomepage.html" "Mozilla/5.0 (Windows NT 6.1) AppleWebKit/537.1 (KHTML, like Gecko) Chrome/21.0.1180.89 Safari/537.1; 360Spider"
162.210.196.97 - - [20/Jun/2014:06:03:15 -0400] "GET / HTTP/1.0" 200 15366 "-" "Mozilla/5.0 (compatible; MJ12bot/v1.4.5; http://www.majestic12.co.uk/bot.php?+)"
207.46.13.113 - - [20/Jun/2014:12:22:30 -0400] "GET /robots.txt HTTP/1.1" 200 25 "-" "Mozilla/5.0 (compatible; bingbot/2.0; +http://www.bing.com/bingbot.htm)"
24.90.96.174 - - [20/Jun/2014:12:59:47 -0400] "GET /scripts/website.css HTTP/1.1" 200 1916 "http://www.pharoahaudio.com/syncheckproducthomepage/downloads.html" "Mozilla/5.0 (Macintosh; Intel Mac OS X 10.9; rv:30.0) Gecko/20100101 Firefox/30.0"
66.249.65.207 - - [20/Jun/2014:15:20:58 -0400] "GET /images/603_R26_38_battery_wires_before.jpg HTTP/1.1" 304 - "-" "Googlebot-Image/1.0"
95.152.237.207 - - [20/Jun/2014:15:26:20 -0400] "GET /scripts/526545.css HTTP/1.1" 200 102 "http://www.pharoahaudio.com/tweeterfixpart4.html" "Mozilla/5.0 (Windows NT 6.1; WOW64; rv:30.0) Gecko/20100101 Firefox/30.0"
95.152.237.207 - - [20/Jun/2014:15:26:20 -0400] "GET /images/432_T13_grill_fitting.jpg HTTP/1.1" 200 25258 "http://www.pharoahaudio.com/tweeterfixpart4.html" "Mozilla/5.0 (Windows NT 6.1; WOW64; rv:30.0) Gecko/20100101 Firefox/30.0"
198.147.175.203 - - [20/Jun/2014:15:43:38 -0400] "GET /scripts/user.js HTTP/1.1" 200 23762 "http://www.pharoahaudio.com/syncheckproducthomepage.html" "Mozilla/5.0 (Macintosh; Intel Mac OS X 10_8_5) AppleWebKit/537.74.9 (KHTML, like Gecko) Version/6.1.2 Safari/537.74.9"
222.77.225.22 - - [20/Jun/2014:17:02:40 -0400] "GET /admin/editor/filemanager/upload/test.html HTTP/1.1" 404 575 "-" "Mozilla/4.0 (compatible; MSIE 6.0; Windows NT 5.1)"
157.55.39.101 - - [20/Jun/2014:18:59:28 -0400] "GET /syncheckproducthomepage/downloads.html HTTP/1.1" 200 24534 "-" "Mozilla/5.0 (compatible; bingbot/2.0; +http://www.bing.com/bingbot.htm)"
157.55.39.101 - - [20/Jun/2014:21:57:50 -0400] "GET /syncheckproducthomepage/dvd.html HTTP/1.1" 200 11942 "-" "Mozilla/5.0 (compatible; bingbot/2.0; +http://www.bing.com/bingbot.htm)"
157.55.39.101 - - [20/Jun/2014:22:55:16 -0400] "GET /syncheckproducthomepage/syncheck3.html HTTP/1.1" 200 21686 "-" "Mozilla/5.0 (compatible; bingbot/2.0; +http://www.bing.com/bingbot.htm)"
46.118.155.40 - - [20/Jun/2014:09:23:28 -0400] "GET /ak35repair1.html HTTP/1.1" 200 18956 "http://android-systems.ru/" "Mozilla/4.0 (compatible; MSIE 6.0; Windows NT 5.1)"
85.75.42.240 - - [20/Jun/2014:11:56:15 -0400] "GET /images/181_T1_tweeter_unopened.jpg HTTP/1.1" 200 8783 "http://www.pharoahaudio.com/yeolderadiomuseum.html" "Mozilla/5.0 (Windows NT 6.1; WOW64; rv:30.0) Gecko/20100101 Firefox/30.0"
85.75.42.240 - - [20/Jun/2014:11:56:15 -0400] "GET /images/photoalbum/button_photoSpeed3_ON.jpg HTTP/1.1" 200 587 "http://www.pharoahaudio.com/yeolderadiomuseum.html" "Mozilla/5.0 (Windows NT 6.1; WOW64; rv:30.0) Gecko/20100101 Firefox/30.0"
85.75.42.240 - - [20/Jun/2014:11:56:16 -0400] "GET /images/480_Telephone_neckset_earpiece_1919.JPG HTTP/1.1" 200 17786 "http://www.pharoahaudio.com/yeolderadiomuseum.html" "Mozilla/5.0 (Windows NT 6.1; WOW64; rv:30.0) Gecko/20100101 Firefox/30.0"
85.75.42.240 - - [20/Jun/2014:11:56:16 -0400] "GET /images/480_Amer_Bosch_28_open.jpg HTTP/1.1" 200 37731 "http://www.pharoahaudio.com/yeolderadiomuseum.html" "Mozilla/5.0 (Windows NT 6.1; WOW64; rv:30.0) Gecko/20100101 Firefox/30.0"
85.75.42.240 - - [20/Jun/2014:11:56:16 -0400] "GET /images/480_GM_985775_pocket_portable.jpg HTTP/1.1" 200 26420 "http://www.pharoahaudio.com/yeolderadiomuseum.html" "Mozilla/5.0 (Windows NT 6.1; WOW64; rv:30.0) Gecko/20100101 Firefox/30.0"
85.75.42.240 - - [20/Jun/2014:11:56:17 -0400] "GET /images/480_Philco_49-607_rolltop_combo.JPG HTTP/1.1" 200 24389 "http://www.pharoahaudio.com/yeolderadiomuseum.html" "Mozilla/5.0 (Windows NT 6.1; WOW64; rv:30.0) Gecko/20100101 Firefox/30.0"
85.75.42.240 - - [20/Jun/2014:11:56:17 -0400] "GET /images/480_EMUD_RJ196.JPG HTTP/1.1" 200 37308 "http://www.pharoahaudio.com/yeolderadiomuseum.html" "Mozilla/5.0 (Windows NT 6.1; WOW64; rv:30.0) Gecko/20100101 Firefox/30.0"
85.75.42.240 - - [20/Jun/2014:11:58:55 -0400] "GET /ak35repair1.html HTTP/1.1" 200 18956 "http://www.pharoahaudio.com/yeolderadiomuseum.html" "Mozilla/5.0 (Windows NT 6.1; WOW64; rv:30.0) Gecko/20100101 Firefox/30.0"
85.75.42.240 - - [20/Jun/2014:11:58:56 -0400] "GET /images/886_AK35_front_900_branded.jpg HTTP/1.1" 200 37924 "http://www.pharoahaudio.com/ak35repair1.html" "Mozilla/5.0 (Windows NT 6.1; WOW64; rv:30.0) Gecko/20100101 Firefox/30.0"
85.75.42.240 - - [20/Jun/2014:11:59:14 -0400] "GET /ak35repair3.html HTTP/1.1" 200 22318 "http://www.pharoahaudio.com/ak35repair2.html" "Mozilla/5.0 (Windows NT 6.1; WOW64; rv:30.0) Gecko/20100101 Firefox/30.0"
85.75.42.240 - - [20/Jun/2014:11:59:14 -0400] "GET /images/600_AK35_front_900_branded.jpg HTTP/1.1" 200 21112 "http://www.pharoahaudio.com/ak35repair3.html" "Mozilla/5.0 (Windows NT 6.1; WOW64; rv:30.0) Gecko/20100101 Firefox/30.0"
208.83.156.158 - - [20/Jun/2014:00:02:13 -0400] "GET /scripts/526558custom.css HTTP/1.1" 200 1477 "-" "Mozilla/5.0 (compatible; FatBot 2.0; http://www.thefind.com/crawler)"
208.83.156.160 - - [20/Jun/2014:01:51:27 -0400] "GET /scripts/526554custom.css HTTP/1.1" 200 4177 "-" "Mozilla/5.0 (compatible; FatBot 2.0; http://www.thefind.com/crawler)"
109.169.29.30 - - [20/Jun/2014:06:20:11 -0400] "GET /radiola26part7.html HTTP/1.1" 200 26077 "-" "Mozilla/5.0 (compatible; aiHitBot/2.8; +http://endb-consolidated.aihit.com/)"
109.169.29.30 - - [20/Jun/2014:06:20:13 -0400] "GET /scripts/526536.css HTTP/1.1" 200 102 "-" "Mozilla/5.0 (compatible; aiHitBot/2.8; +http://endb-consolidated.aihit.com/)"
109.169.29.30 - - [20/Jun/2014:06:20:14 -0400] "GET /scripts/526536custom.css HTTP/1.1" 200 3508 "-" "Mozilla/5.0 (compatible; aiHitBot/2.8; +http://endb-consolidated.aihit.com/)"
109.169.29.30 - - [20/Jun/2014:06:20:16 -0400] "GET /radiola26part8.html HTTP/1.1" 200 17837 "-" "Mozilla/5.0 (compatible; aiHitBot/2.8; +http://endb-consolidated.aihit.com/)"
109.169.29.30 - - [20/Jun/2014:06:20:17 -0400] "GET /scripts/526541.css HTTP/1.1" 200 102 "-" "Mozilla/5.0 (compatible; aiHitBot/2.8; +http://endb-consolidated.aihit.com/)"
109.169.29.30 - - [20/Jun/2014:06:20:18 -0400] "GET /scripts/526541custom.css HTTP/1.1" 200 3499 "-" "Mozilla/5.0 (compatible; aiHitBot/2.8; +http://endb-consolidated.aihit.com/)"
109.169.29.30 - - [20/Jun/2014:06:20:20 -0400] "GET /richworks.html HTTP/1.1" 200 15736 "-" "Mozilla/5.0 (compatible; aiHitBot/2.8; +http://endb-consolidated.aihit.com/)"
157.55.39.111 - - [20/Jun/2014:12:23:41 -0400] "GET / HTTP/1.1" 200 15366 "-" "Mozilla/5.0 (compatible; bingbot/2.0; +http://www.bing.com/bingbot.htm)"
95.152.237.207 - - [20/Jun/2014:15:22:26 -0400] "GET /scripts/user.js HTTP/1.1" 200 23762 "http://www.pharoahaudio.com/tweeterfixpart1.html" "Mozilla/5.0 (Windows NT 6.1; WOW64; rv:30.0) Gecko/20100101 Firefox/30.0"
95.152.237.207 - - [20/Jun/2014:15:22:26 -0400] "GET /images/hand_left_blue.gif HTTP/1.1" 200 932 "http://www.pharoahaudio.com/tweeterfixpart1.html" "Mozilla/5.0 (Windows NT 6.1; WOW64; rv:30.0) Gecko/20100101 Firefox/30.0"
37.187.144.158 - - [20/Jun/2014:15:38:09 -0400] "GET /manager/ht.access HTTP/1.1" 404 575 "-" "-"
46.119.120.207 - - [20/Jun/2014:23:43:45 -0400] "GET /ak35repair1.html HTTP/1.1" 200 18956 "http://vizag.kharkov.ua/index.php/service" "Mozilla/4.0 (compatible; MSIE 6.0; Windows NT 5.1)"
46.119.120.207 - - [20/Jun/2014:23:43:46 -0400] "GET /ak35repair1.html HTTP/1.1" 200 18956 "http://vizag.kharkov.ua/index.php/service" "Mozilla/4.0 (compatible; MSIE 6.0; Windows NT 5.1)"
81.82.48.225 - - [20/Jun/2014:07:06:00 -0400] "GET /images/130_CyberFarm_bw.gif HTTP/1.1" 200 596 "http://www.pharoahaudio.com/syncheckproducthomepage/distributors.html" "Mozilla/5.0 (Windows NT 6.3; WOW64; Trident/7.0; rv:11.0) like Gecko"
81.82.48.225 - - [20/Jun/2014:07:06:00 -0400] "GET /images/131_Flag_UK.jpg HTTP/1.1" 200 3692 "http://www.pharoahaudio.com/syncheckproducthomepage/distributors.html" "Mozilla/5.0 (Windows NT 6.3; WOW64; Trident/7.0; rv:11.0) like Gecko"
134.174.140.200 - - [20/Jun/2014:11:03:02 -0400] "GET / HTTP/1.1" 200 15366 "-" "Mozilla/5.0 (Macintosh; Intel Mac OS X 10_9_3) AppleWebKit/537.76.4 (KHTML, like Gecko) Version/7.0.4 Safari/537.76.4"
85.75.42.240 - - [20/Jun/2014:11:54:56 -0400] "GET /images/350_R26_12_hinges_repaired.JPG HTTP/1.1" 200 18919 "http://www.pharoahaudio.com/radiola26part3.html" "Mozilla/5.0 (Windows NT 6.1; WOW64; rv:30.0) Gecko/20100101 Firefox/30.0"
85.75.42.240 - - [20/Jun/2014:11:59:26 -0400] "GET /ak35repair4.html HTTP/1.1" 200 22340 "http://www.pharoahaudio.com/ak35repair3.html" "Mozilla/5.0 (Windows NT 6.1; WOW64; rv:30.0) Gecko/20100101 Firefox/30.0"
208.83.156.150 - - [20/Jun/2014:00:29:18 -0400] "GET /scripts/526501custom.css HTTP/1.1" 200 2152 "-" "Mozilla/5.0 (compatible; FatBot 2.0; http://www.thefind.com/crawler)"
46.119.120.207 - - [20/Jun/2014:14:02:39 -0400] "GET /ak35repair1.html HTTP/1.1" 200 18956 "http://narutonaruto.ru/" "Mozilla/4.0 (compatible; MSIE 6.0; MSIE 5.5; Windows NT 4.0) Opera 7.0 [en]"
75.73.42.246 - - [20/Jun/2014:14:36:39 -0400] "GET /scripts/526559custom.css HTTP/1.1" 200 2490 "http://www.pharoahaudio.com/syncheckproducthomepage/syncheck3.html" "Mozilla/5.0 (iPhone; CPU iPhone OS 7_1_1 like Mac OS X) AppleWebKit/537.51.2 (KHTML, like Gecko) Version/7.0 Mobile/11D201 Safari/9537.53"
75.73.42.246 - - [20/Jun/2014:14:36:39 -0400] "GET /images/ic_002_body_bg.gif HTTP/1.1" 200 304 "http://www.pharoahaudio.com/syncheckproducthomepage/syncheck3.html" "Mozilla/5.0 (iPhone; CPU iPhone OS 7_1_1 like Mac OS X) AppleWebKit/537.51.2 (KHTML, like Gecko) Version/7.0 Mobile/11D201 Safari/9537.53"
183.60.214.60 - - [20/Jun/2014:15:57:38 -0400] "GET /soundhomepage/aboutrichardfairbanks.html HTTP/1.1" 200 14943 "-" "Mozilla/5.0 (compatible; EasouSpider; +http://www.easou.com/search/spider.html)"
66.249.65.233 - - [20/Jun/2014:16:20:37 -0400] "GET /images/250_FoleyWreck2.jpg HTTP/1.1" 304 - "-" "Googlebot-Image/1.0"
216.237.231.202 - - [20/Jun/2014:18:28:40 -0400] "GET /scripts/ic_globals_published.js HTTP/1.1" 200 566 "http://www.pharoahaudio.com/ak35repair1.html" "Mozilla/5.0 (Windows NT 5.1) AppleWebKit/537.36 (KHTML, like Gecko) Chrome/35.0.1916.153 Safari/537.36"
216.237.231.202 - - [20/Jun/2014:18:28:40 -0400] "GET /scripts/526522custom.css HTTP/1.1" 200 3503 "http://www.pharoahaudio.com/ak35repair1.html" "Mozilla/5.0 (Windows NT 5.1) AppleWebKit/537.36 (KHTML, like Gecko) Chrome/35.0.1916.153 Safari/537.36"
216.237.231.202 - - [20/Jun/2014:18:28:40 -0400] "GET /images/hand_left_blue.gif HTTP/1.1" 200 932 "http://www.pharoahaudio.com/ak35repair1.html" "Mozilla/5.0 (Windows NT 5.1) AppleWebKit/537.36 (KHTML, like Gecko) Chrome/35.0.1916.153 Safari/537.36"
24.203.26.114 - - [20/Jun/2014:20:20:17 -0400] "GET /scripts/website.css HTTP/1.1" 200 1916 "http://www.pharoahaudio.com/ak55cpart1.html" "Mozilla/5.0 (Windows NT 6.1; WOW64) AppleWebKit/537.36 (KHTML, like Gecko) Chrome/35.0.1916.153 Safari/537.36"
24.203.26.114 - - [20/Jun/2014:20:20:17 -0400] "GET /scripts/photoalbum.js HTTP/1.1" 200 62481 "http://www.pharoahaudio.com/ak55cpart1.html" "Mozilla/5.0 (Windows NT 6.1; WOW64) AppleWebKit/537.36 (KHTML, like Gecko) Chrome/35.0.1916.153 Safari/537.36"
24.203.26.114 - - [20/Jun/2014:20:20:17 -0400] "GET /scripts/print.css HTTP/1.1" 200 11209 "http://www.pharoahaudio.com/ak55cpart1.html" "Mozilla/5.0 (Windows NT 6.1; WOW64) AppleWebKit/537.36 (KHTML, like Gecko) Chrome/35.0.1916.153 Safari/537.36"
118.209.106.239 - - [20/Jun/2014:21:18:13 -0400] "GET /scripts/526510custom.css HTTP/1.1" 200 3840 "http://www.pharoahaudio.com/syncheckproducthomepage/syncheckii.html" "Mozilla/5.0 (Macintosh; Intel Mac OS X 10_6_8) AppleWebKit/537.36 (KHTML, like Gecko) Chrome/35.0.1916.153 Safari/537.36"
118.209.106.239 - - [20/Jun/2014:21:18:13 -0400] "GET /images/270_SY2_PamHand_flyer_version_color.JPG HTTP/1.1" 200 9944 "http://www.pharoahaudio.com/syncheckproducthomepage/syncheckii.html" "Mozilla/5.0 (Macintosh; Intel Mac OS X 10_6_8) AppleWebKit/537.36 (KHTML, like Gecko) Chrome/35.0.1916.153 Safari/537.36"
118.209.106.239 - - [20/Jun/2014:21:18:14 -0400] "GET /images/270_SY2_hand_antique_spkr.JPG HTTP/1.1" 200 10842 "http://www.pharoahaudio.com/syncheckproducthomepage/syncheckii.html" "Mozilla/5.0 (Macintosh; Intel Mac OS X 10_6_8) AppleWebKit/537.36 (KHTML, like Gecko) Chrome/35.0.1916.153 Safari/537.36"
118.209.106.239 - - [20/Jun/2014:21:18:15 -0400] "GET /images/100_Syncheck_graphic_wide.JPG HTTP/1.1" 200 2076 "http://www.pharoahaudio.com/syncheckproducthomepage.html" "Mozilla/5.0 (Macintosh; Intel Mac OS X 10_6_8) AppleWebKit/537.36 (KHTML, like Gecko) Chrome/35.0.1916.153 Safari/537.36"
118.209.106.239 - - [20/Jun/2014:21:18:16 -0400] "GET /scripts/print.css HTTP/1.1" 200 11209 "http://www.pharoahaudio.com/syncheckproducthomepage.html" "Mozilla/5.0 (Macintosh; Intel Mac OS X 10_6_8) AppleWebKit/537.36 (KHTML, like Gecko) Chrome/35.0.1916.153 Safari/537.36"
208.83.156.117 - - [20/Jun/2014:22:46:45 -0400] "GET /scripts/526516custom.css HTTP/1.1" 200 1476 "-" "Mozilla/5.0 (compatible; FatBot 2.0; http://www.thefind.com/crawler)"
208.115.113.82 - - [20/Jun/2014:22:55:11 -0400] "GET /ak35repair5.html HTTP/1.1" 200 21319 "-" "Mozilla/5.0 (compatible; DotBot/1.1; http://www.opensiteexplorer.org/dotbot, help@moz.com)"
31.168.147.44 - - [20/Jun/2014:07:08:19 -0400] "GET /ptvideosyncstudy.html HTTP/1.1" 200 41918 "http://www.google.co.il/url?sa=t&rct=j&q=&esrc=s&source=web&cd=2&ved=0CCIQFjAB&url=http%3A%2F%2Fwww.pharoahaudio.com%2Fptvideosyncstudy.html&ei=DhakU4WHNsnbPbeMgcAG&usg=AFQjCNFPKicQ5NsFm9e7pntgLvd2pdDbdQ" "Mozilla/5.0 (Windows NT 6.3; WOW64; rv:30.0) Gecko/20100101 Firefox/30.0"
31.168.147.44 - - [20/Jun/2014:07:08:20 -0400] "GET /scripts/ic_globals_published.js HTTP/1.1" 200 566 "http://www.pharoahaudio.com/ptvideosyncstudy.html" "Mozilla/5.0 (Windows NT 6.3; WOW64; rv:30.0) Gecko/20100101 Firefox/30.0"
31.168.147.44 - - [20/Jun/2014:07:08:20 -0400] "GET /scripts/print.css HTTP/1.1" 200 11209 "http://www.pharoahaudio.com/ptvideosyncstudy.html" "Mozilla/5.0 (Windows NT 6.3; WOW64; rv:30.0) Gecko/20100101 Firefox/30.0"
31.168.147.44 - - [20/Jun/2014:07:08:20 -0400] "GET /scripts/user.js HTTP/1.1" 200 23762 "http://www.pharoahaudio.com/ptvideosyncstudy.html" "Mozilla/5.0 (Windows NT 6.3; WOW64; rv:30.0) Gecko/20100101 Firefox/30.0"
31.168.147.44 - - [20/Jun/2014:07:08:20 -0400] "GET /scripts/526494custom.css HTTP/1.1" 200 4508 "http://www.pharoahaudio.com/ptvideosyncstudy.html" "Mozilla/5.0 (Windows NT 6.3; WOW64; rv:30.0) Gecko/20100101 Firefox/30.0"
31.168.147.44 - - [20/Jun/2014:07:08:22 -0400] "GET /images/ic_002_banner_bg_wide.jpg HTTP/1.1" 200 5805 "http://www.pharoahaudio.com/scripts/template.css" "Mozilla/5.0 (Windows NT 6.3; WOW64; rv:30.0) Gecko/20100101 Firefox/30.0"
158.123.252.2 - - [20/Jun/2014:08:30:50 -0400] "GET /images/360_AK55-00.JPG HTTP/1.1" 200 21995 "-" "Mozilla/5.0 (Windows NT 6.1; Trident/7.0; rv:11.0) like Gecko"
180.76.5.167 - - [20/Jun/2014:11:19:05 -0400] "GET /scripts/526541custom.css HTTP/1.1" 200 3499 "-" "Mozilla/5.0 (compatible; Baiduspider/2.0; +http://www.baidu.com/search/spider.html)"
85.75.42.240 - - [20/Jun/2014:11:54:20 -0400] "GET /scripts/526531.css HTTP/1.1" 200 102 "http://www.pharoahaudio.com/radiola26part2.html" "Mozilla/5.0 (Windows NT 6.1; WOW64; rv:30.0) Gecko/20100101 Firefox/30.0"
85.75.42.240 - - [20/Jun/2014:11:54:20 -0400] "GET /images/432_R26_02_lid_open_unexposed.jpg HTTP/1.1" 200 26180 "http://www.pharoahaudio.com/radiola26part2.html" "Mozilla/5.0 (Windows NT 6.1; WOW64; rv:30.0) Gecko/20100101 Firefox/30.0"
85.75.42.240 - - [20/Jun/2014:11:55:34 -0400] "GET /images/432_R26_21_tuning_gears2.JPG HTTP/1.1" 200 19750 "http://www.pharoahaudio.com/radiola26part5.html" "Mozilla/5.0 (Windows NT 6.1; WOW64; rv:30.0) Gecko/20100101 Firefox/30.0"
85.75.42.240 - - [20/Jun/2014:11:55:34 -0400] "GET /images/432_R26_22_bypass_broken_tabs.JPG HTTP/1.1" 200 16076 "http://www.pharoahaudio.com/radiola26part5.html" "Mozilla/5.0 (Windows NT 6.1; WOW64; rv:30.0) Gecko/20100101 Firefox/30.0"
85.75.42.240 - - [20/Jun/2014:11:56:39 -0400] "GET /scripts/526549custom.css HTTP/1.1" 200 3162 "http://www.pharoahaudio.com/ak55cpart2.html" "Mozilla/5.0 (Windows NT 6.1; WOW64; rv:30.0) Gecko/20100101 Firefox/30.0"
85.75.42.240 - - [20/Jun/2014:11:56:39 -0400] "GET /images/448_AK55-09.JPG HTTP/1.1" 200 26623 "http://www.pharoahaudio.com/ak55cpart2.html" "Mozilla/5.0 (Windows NT 6.1; WOW64; rv:30.0) Gecko/20100101 Firefox/30.0"
85.75.42.240 - - [20/Jun/2014:11:56:39 -0400] "GET /images/448_AK55-08a.JPG HTTP/1.1" 200 31835 "http://www.pharoahaudio.com/ak55cpart2.html" "Mozilla/5.0 (Windows NT 6.1; WOW64; rv:30.0) Gecko/20100101 Firefox/30.0"
85.75.42.240 - - [20/Jun/2014:11:57:19 -0400] "GET /images/432_AK55-19.JPG HTTP/1.1" 200 23242 "http://www.pharoahaudio.com/ak55cpart4.html" "Mozilla/5.0 (Windows NT 6.1; WOW64; rv:30.0) Gecko/20100101 Firefox/30.0"
85.75.42.240 - - [20/Jun/2014:11:59:27 -0400] "GET /images/448_AK35_RF3_new_primary_CU.JPG HTTP/1.1" 200 23972 "http://www.pharoahaudio.com/ak35repair4.html" "Mozilla/5.0 (Windows NT 6.1; WOW64; rv:30.0) Gecko/20100101 Firefox/30.0"
208.83.156.156 - - [20/Jun/2014:01:26:21 -0400] "GET /robots.txt HTTP/1.1" 200 25 "-" "Mozilla/5.0 (compatible; FatBot 2.0; http://www.thefind.com/crawler)"
193.150.120.14 - - [20/Jun/2014:01:57:31 -0400] "GET /ak35repair1.html HTTP/1.1" 200 18956 "http://www.vniitest.ru/" "Mozilla/4.0 (compatible; MSIE 6.0; Windows NT 5.1; SV1; .NET CLR 1.1.4322; .NET CLR 2.0.50727)"
66.249.64.109 - - [20/Jun/2014:03:21:10 -0400] "GET /scripts/526535custom.css HTTP/1.1" 200 3846 "-" "Mozilla/5.0 (compatible; Googlebot/2.1; +http://www.google.com/bot.html)"
207.46.13.12 - - [20/Jun/2014:18:47:11 -0400] "GET /news.html HTTP/1.1" 304 - "-" "Mozilla/5.0 (compatible; bingbot/2.0; +http://www.bing.com/bingbot.htm)"
118.209.106.239 - - [20/Jun/2014:21:18:12 -0400] "GET /scripts/ic_globals_published.js HTTP/1.1" 200 566 "http://www.pharoahaudio.com/syncheckproducthomepage/syncheckii.html" "Mozilla/5.0 (Macintosh; Intel Mac OS X 10_6_8) AppleWebKit/537.36 (KHTML, like Gecko) Chrome/35.0.1916.153 Safari/537.36"
118.209.106.239 - - [20/Jun/2014:21:18:13 -0400] "GET /scripts/user.js HTTP/1.1" 200 23762 "http://www.pharoahaudio.com/syncheckproducthomepage/syncheckii.html" "Mozilla/5.0 (Macintosh; Intel Mac OS X 10_6_8) AppleWebKit/537.36 (KHTML, like Gecko) Chrome/35.0.1916.153 Safari/537.36"
118.209.106.239 - - [20/Jun/2014:21:18:16 -0400] "GET /scripts/print.css HTTP/1.1" 200 11209 "http://www.pharoahaudio.com/syncheckproducthomepage/syncheckii.html" "Mozilla/5.0 (Macintosh; Intel Mac OS X 10_6_8) AppleWebKit/537.36 (KHTML, like Gecko) Chrome/35.0.1916.153 Safari/537.36"
118.209.106.239 - - [20/Jun/2014:21:18:17 -0400] "GET /favicon.ico HTTP/1.1" 404 575 "-" "Mozilla/5.0 (Macintosh; Intel Mac OS X 10_6_8) AppleWebKit/537.36 (KHTML, like Gecko) Chrome/35.0.1916.153 Safari/537.36"
118.209.106.239 - - [20/Jun/2014:21:18:17 -0400] "GET /favicon.ico HTTP/1.1" 404 575 "-" "Mozilla/5.0 (Macintosh; Intel Mac OS X 10_6_8) AppleWebKit/537.36 (KHTML, like Gecko) Chrome/35.0.1916.153 Safari/537.36"
208.83.156.152 - - [20/Jun/2014:22:52:04 -0400] "GET /scripts/website.css HTTP/1.1" 200 1916 "-" "Mozilla/5.0 (compatible; FatBot 2.0; http://www.thefind.com/crawler)"
65.38.62.144 - - [20/Jun/2014:23:11:07 -0400] "GET /scripts/website.css HTTP/1.1" 200 1916 "http://www.pharoahaudio.com/radiola26part2.html" "Mozilla/5.0 (Windows NT 6.0; rv:30.0) Gecko/20100101 Firefox/30.0"
65.38.62.144 - - [20/Jun/2014:23:11:07 -0400] "GET /scripts/526531.css HTTP/1.1" 200 102 "http://www.pharoahaudio.com/radiola26part2.html" "Mozilla/5.0 (Windows NT 6.0; rv:30.0) Gecko/20100101 Firefox/30.0"
65.38.62.144 - - [20/Jun/2014:23:11:08 -0400] "GET /images/432_R26_06_loop_wired_bottom.JPG HTTP/1.1" 200 25391 "http://www.pharoahaudio.com/radiola26part2.html" "Mozilla/5.0 (Windows NT 6.0; rv:30.0) Gecko/20100101 Firefox/30.0"
208.83.156.119 - - [20/Jun/2014:23:11:27 -0400] "GET /robots.txt HTTP/1.1" 200 25 "-" "Mozilla/5.0 (compatible; FatBot 2.0; http://www.thefind.com/crawler)"
82.159.156.66 - - [20/Jun/2014:07:16:57 -0400] "GET /scripts/website.css HTTP/1.1" 200 1916 "http://www.pharoahaudio.com/legacyproductinformatio/faqsyncheckii.html" "Mozilla/5.0 (Windows NT 6.1) AppleWebKit/537.36 (KHTML, like Gecko) Chrome/35.0.1916.153 Safari/537.36"
82.159.156.66 - - [20/Jun/2014:07:16:57 -0400] "GET /scripts/photoalbum.js HTTP/1.1" 200 62481 "http://www.pharoahaudio.com/legacyproductinformatio/faqsyncheckii.html" "Mozilla/5.0 (Windows NT 6.1) AppleWebKit/537.36 (KHTML, like Gecko) Chrome/35.0.1916.153 Safari/537.36"
82.159.156.66 - - [20/Jun/2014:07:16:57 -0400] "GET /scripts/print.css HTTP/1.1" 200 11209 "http://www.pharoahaudio.com/legacyproductinformatio/faqsyncheckii.html" "Mozilla/5.0 (Windows NT 6.1) AppleWebKit/537.36 (KHTML, like Gecko) Chrome/35.0.1916.153 Safari/537.36"
195.195.81.200 - - [20/Jun/2014:10:20:45 -0400] "GET /ptvideosyncstudy.html HTTP/1.1" 200 41918 "http://www.google.co.uk/url?sa=t&rct=j&q=&esrc=s&source=web&cd=6&ved=0CD4QFjAF&url=http%3A%2F%2Fwww.pharoahaudio.com%2Fptvideosyncstudy.html&ei=NEOkU8ojksfsBuHygbgK&usg=AFQjCNFPKicQ5NsFm9e7pntgLvd2pdDbdQ&bvm=bv.69411363,d.b2U" "Mozilla/5.0 (Macintosh; Intel Mac OS X 10.8; rv:30.0) Gecko/20100101 Firefox/30.0"
195.195.81.200 - - [20/Jun/2014:10:20:46 -0400] "GET /scripts/icwebsiteelement.css HTTP/1.1" 200 8132 "http://www.pharoahaudio.com/ptvideosyncstudy.html" "Mozilla/5.0 (Macintosh; Intel Mac OS X 10.8; rv:30.0) Gecko/20100101 Firefox/30.0"
195.195.81.200 - - [20/Jun/2014:10:20:46 -0400] "GET /images/ic_002_banner_bg_wide.jpg HTTP/1.1" 200 5805 "http://www.pharoahaudio.com/scripts/template.css" "Mozilla/5.0 (Macintosh; Intel Mac OS X 10.8; rv:30.0) Gecko/20100101 Firefox/30.0"
208.115.113.82 - - [20/Jun/2014:10:31:31 -0400] "GET /syncheckproducthomepage.html?a1107fa0 HTTP/1.1" 200 23731 "-" "Mozilla/5.0 (compatible; DotBot/1.1; http://www.opensiteexplorer.org/dotbot, help@moz.com)"
130.211.182.47 - - [20/Jun/2014:10:52:21 -0400] "GET / HTTP/1.0" 200 15366 "-" "NerdyBot"
208.83.156.155 - - [20/Jun/2014:03:03:20 -0400] "GET /robots.txt HTTP/1.1" 200 25 "-" "Mozilla/5.0 (compatible; FatBot 2.0; http://www.thefind.com/crawler)"
157.55.39.15 - - [20/Jun/2014:05:54:09 -0400] "GET /images/Dolby_surround_definitions.pdf HTTP/1.1" 200 16816 "-" "Mozilla/5.0 (compatible; bingbot/2.0; +http://www.bing.com/bingbot.htm)"
95.152.237.207 - - [20/Jun/2014:15:25:52 -0400] "GET /images/432_T10_new_foam2.jpg HTTP/1.1" 200 38819 "http://www.pharoahaudio.com/tweeterfixpart3.html" "Mozilla/5.0 (Windows NT 6.1; WOW64; rv:30.0) Gecko/20100101 Firefox/30.0"
157.55.39.111 - - [20/Jun/2014:18:52:42 -0400] "GET /scripts/print.css HTTP/1.1" 200 11209 "-" "Mozilla/5.0 (compatible; bingbot/2.0; +http://www.bing.com/bingbot.htm)"
24.203.26.114 - - [20/Jun/2014:20:20:16 -0400] "GET /ak55cpart1.html HTTP/1.1" 200 21701 "https://www.google.com/" "Mozilla/5.0 (Windows NT 6.1; WOW64) AppleWebKit/537.36 (KHTML, like Gecko) Chrome/35.0.1916.153 Safari/537.36"
24.203.26.114 - - [20/Jun/2014:20:20:17 -0400] "GET /scripts/526548.css HTTP/1.1" 200 102 "http://www.pharoahaudio.com/ak55cpart1.html" "Mozilla/5.0 (Windows NT 6.1; WOW64) AppleWebKit/537.36 (KHTML, like Gecko) Chrome/35.0.1916.153 Safari/537.36"
24.203.26.114 - - [20/Jun/2014:20:20:17 -0400] "GET /scripts/user.js HTTP/1.1" 200 23762 "http://www.pharoahaudio.com/ak55cpart1.html" "Mozilla/5.0 (Windows NT 6.1; WOW64) AppleWebKit/537.36 (KHTML, like Gecko) Chrome/35.0.1916.153 Safari/537.36"
24.203.26.114 - - [20/Jun/2014:20:20:17 -0400] "GET /images/448_AK55-03.JPG HTTP/1.1" 200 18125 "http://www.pharoahaudio.com/ak55cpart1.html" "Mozilla/5.0 (Windows NT 6.1; WOW64) AppleWebKit/537.36 (KHTML, like Gecko) Chrome/35.0.1916.153 Safari/537.36"
208.83.156.155 - - [20/Jun/2014:23:09:10 -0400] "GET /robots.txt HTTP/1.1" 200 25 "-" "Mozilla/5.0 (compatible; FatBot 2.0; http://www.thefind.com/crawler)"
65.38.62.144 - - [20/Jun/2014:23:11:58 -0400] "GET /images/480_AK35_front_900_branded.jpg HTTP/1.1" 200 15505 "http://www.pharoahaudio.com/yeolderadiomuseum.html" "Mozilla/5.0 (Windows NT 6.0; rv:30.0) Gecko/20100101 Firefox/30.0"
65.38.62.144 - - [20/Jun/2014:23:11:58 -0400] "GET /images/480_Universal_4tube_branded.JPG HTTP/1.1" 200 44458 "http://www.pharoahaudio.com/yeolderadiomuseum.html" "Mozilla/5.0 (Windows NT 6.0; rv:30.0) Gecko/20100101 Firefox/30.0"
65.38.62.144 - - [20/Jun/2014:23:11:59 -0400] "GET /images/480_Emerson_CX283.jpg HTTP/1.1" 200 32326 "http://www.pharoahaudio.com/yeolderadiomuseum.html" "Mozilla/5.0 (Windows NT 6.0; rv:30.0) Gecko/20100101 Firefox/30.0"
