76.178.71.84 - - [20/Jun/2014:21:08:57 -0400] "GET /ptvideosyncstudy.html HTTP/1.1" 200 41918 "https://www.google.com/" "Mozilla/5.0 (Windows NT 6.0) AppleWebKit/537.36 (KHTML, like Gecko) Chrome/31.0.1650.63 Safari/537.36"
65.38.62.144 - - [20/Jun/2014:23:11:07 -0400] "GET /scripts/template.css HTTP/1.1" 200 11360 "http://www.pharoahaudio.com/radiola26part2.html" "Mozilla/5.0 (Windows NT 6.0; rv:30.0) Gecko/20100101 Firefox/30.0"
65.38.62.144 - - [20/Jun/2014:23:11:08 -0400] "GET /images/432_R26_04_loop_exposed_flat.JPG HTTP/1.1" 200 25897 "http://www.pharoahaudio.com/radiola26part2.html" "Mozilla/5.0 (Windows NT 6.0; rv:30.0) Gecko/20100101 Firefox/30.0"
65.38.62.144 - - [20/Jun/2014:23:11:08 -0400] "GET /images/ic_002_banner_bg_wide.jpg HTTP/1.1" 200 5805 "http://www.pharoahaudio.com/scripts/template.css" "Mozilla/5.0 (Windows NT 6.0; rv:30.0) Gecko/20100101 Firefox/30.0"
65.38.62.144 - - [20/Jun/2014:23:11:09 -0400] "GET /images/deletekey_contrasted_narrow_featurephoto.jpg HTTP/1.1" 200 3702 "http://www.pharoahaudio.com/scripts/website.css" "Mozilla/5.0 (Windows NT 6.0; rv:30.0) Gecko/20100101 Firefox/30.0"
50.176.91.202 - - [20/Jun/2014:23:28:36 -0400] "GET /deliverables.html HTTP/1.1" 200 24776 "https://www.google.com/" "Mozilla/5.0 (iPad; CPU OS 7_1_1 like Mac OS X) AppleWebKit/537.51.2 (KHTML, like Gecko) Version/7.0 Mobile/11D201 Safari/9537.53"
50.176.91.202 - - [20/Jun/2014:23:28:36 -0400] "GET /scripts/template.css HTTP/1.1" 200 11360 "http://www.pharoahaudio.com/deliverables.html" "Mozilla/5.0 (iPad; CPU OS 7_1_1 like Mac OS X) AppleWebKit/537.51.2 (KHTML, like Gecko) Version/7.0 Mobile/11D201 Safari/9537.53"
50.176.91.202 - - [20/Jun/2014:23:28:36 -0400] "GET /scripts/user.js HTTP/1.1" 200 23762 "http://www.pharoahaudio.com/deliverables.html" "Mozilla/5.0 (iPad; CPU OS 7_1_1 like Mac OS X) AppleWebKit/537.51.2 (KHTML, like Gecko) Version/7.0 Mobile/11D201 Safari/9537.53"
50.176.91.202 - - [20/Jun/2014:23:28:37 -0400] "GET /images/hand_left_blue.gif HTTP/1.1" 200 932 "http://www.pharoahaudio.com/deliverables.html" "Mozilla/5.0 (iPad; CPU OS 7_1_1 like Mac OS X) AppleWebKit/537.51.2 (KHTML, like Gecko) Version/7.0 Mobile/11D201 Safari/9537.53"
50.176.91.202 - - [20/Jun/2014:23:28:37 -0400] "GET /images/deletekey_contrasted_narrow_featurephoto.jpg HTTP/1.1" 200 3702 "http://www.pharoahaudio.com/deliverables.html" "Mozilla/5.0 (iPad; CPU OS 7_1_1 like Mac OS X) AppleWebKit/537.51.2 (KHTML, like Gecko) Version/7.0 Mobile/11D201 Safari/9537.53"
50.176.91.202 - - [20/Jun/2014:23:28:38 -0400] "GET /scripts/print.css HTTP/1.1" 200 11209 "http://www.pharoahaudio.com/deliverables.html" "Mozilla/5.0 (iPad; CPU OS 7_1_1 like Mac OS X) AppleWebKit/537.51.2 (KHTML, like Gecko) Version/7.0 Mobile/11D201 Safari/9537.53"
31.168.147.44 - - [20/Jun/2014:07:08:20 -0400] "GET /scripts/website.css HTTP/1.1" 200 1916 "http://www.pharoahaudio.com/ptvideosyncstudy.html" "Mozilla/5.0 (Windows NT 6.3; WOW64; rv:30.0) Gecko/20100101 Firefox/30.0"
31.168.147.44 - - [20/Jun/2014:07:08:20 -0400] "GET /scripts/icwebsiteelement.css HTTP/1.1" 200 8132 "http://www.pharoahaudio.com/ptvideosyncstudy.html" "Mozilla/5.0 (Windows NT 6.3; WOW64; rv:30.0) Gecko/20100101 Firefox/30.0"
208.115.113.82 - - [20/Jun/2014:09:52:13 -0400] "GET /robots.txt HTTP/1.1" 200 25 "-" "Mozilla/5.0 (compatible; DotBot/1.1; http://www.opensiteexplorer.org/dotbot, help@moz.com)"
176.92.111.125 - - [20/Jun/2014:10:38:02 -0400] "GET /scripts/ic_globals_published.js HTTP/1.1" 200 566 "http://www.pharoahaudio.com/audioprep.html" "Mozilla/5.0 (Windows NT 6.1; WOW64) AppleWebKit/537.36 (KHTML, like Gecko) Chrome/35.0.1916.153 Safari/537.36"
176.92.111.125 - - [20/Jun/2014:10:38:02 -0400] "GET /scripts/template.css HTTP/1.1" 200 11360 "http://www.pharoahaudio.com/audioprep.html" "Mozilla/5.0 (Windows NT 6.1; WOW64) AppleWebKit/537.36 (KHTML, like Gecko) Chrome/35.0.1916.153 Safari/537.36"
176.92.111.125 - - [20/Jun/2014:10:38:02 -0400] "GET /scripts/icwebsiteelement.css HTTP/1.1" 200 8132 "http://www.pharoahaudio.com/audioprep.html" "Mozilla/5.0 (Windows NT 6.1; WOW64) AppleWebKit/537.36 (KHTML, like Gecko) Chrome/35.0.1916.153 Safari/537.36"
176.92.111.125 - - [20/Jun/2014:10:38:04 -0400] "GET /images/deletekey_contrasted_narrow_featurephoto.jpg HTTP/1.1" 200 3702 "http://www.pharoahaudio.com/audioprep.html" "Mozilla/5.0 (Windows NT 6.1; WOW64) AppleWebKit/537.36 (KHTML, like Gecko) Chrome/35.0.1916.153 Safari/537.36"
176.92.111.125 - - [20/Jun/2014:10:38:05 -0400] "GET /favicon.ico HTTP/1.1" 404 575 "-" "Mozilla/5.0 (Windows NT 6.1; WOW64) AppleWebKit/537.36 (KHTML, like Gecko) Chrome/35.0.1916.153 Safari/537.36"
85.75.42.240 - - [20/Jun/2014:11:56:15 -0400] "GET /scripts/526496custom.css HTTP/1.1" 200 5205 "http://www.pharoahaudio.com/yeolderadiomuseum.html" "Mozilla/5.0 (Windows NT 6.1; WOW64; rv:30.0) Gecko/20100101 Firefox/30.0"
85.75.42.240 - - [20/Jun/2014:11:56:15 -0400] "GET /images/photoalbum/button_photoPlay.jpg HTTP/1.1" 200 613 "http://www.pharoahaudio.com/yeolderadiomuseum.html" "Mozilla/5.0 (Windows NT 6.1; WOW64; rv:30.0) Gecko/20100101 Firefox/30.0"
85.75.42.240 - - [20/Jun/2014:11:56:15 -0400] "GET /images/photoalbum/button_photoNext.jpg HTTP/1.1" 200 662 "http://www.pharoahaudio.com/yeolderadiomuseum.html" "Mozilla/5.0 (Windows NT 6.1; WOW64; rv:30.0) Gecko/20100101 Firefox/30.0"
85.75.42.240 - - [20/Jun/2014:11:56:15 -0400] "GET /images/photoalbum/button_photoLast.jpg HTTP/1.1" 200 637 "http://www.pharoahaudio.com/yeolderadiomuseum.html" "Mozilla/5.0 (Windows NT 6.1; WOW64; rv:30.0) Gecko/20100101 Firefox/30.0"
85.75.42.240 - - [20/Jun/2014:11:56:16 -0400] "GET /images/162_Atwater_Kent_Model_82_case_unfinished.JPG HTTP/1.1" 200 7698 "http://www.pharoahaudio.com/yeolderadiomuseum.html" "Mozilla/5.0 (Windows NT 6.1; WOW64; rv:30.0) Gecko/20100101 Firefox/30.0"
85.75.42.240 - - [20/Jun/2014:11:56:16 -0400] "GET /images/480_AK35_front_900_branded.jpg HTTP/1.1" 200 15505 "http://www.pharoahaudio.com/yeolderadiomuseum.html" "Mozilla/5.0 (Windows NT 6.1; WOW64; rv:30.0) Gecko/20100101 Firefox/30.0"
85.75.42.240 - - [20/Jun/2014:11:56:16 -0400] "GET /images/366_Grigsby_Grunow_Hinds_Majestic.jpg HTTP/1.1" 200 14824 "http://www.pharoahaudio.com/yeolderadiomuseum.html" "Mozilla/5.0 (Windows NT 6.1; WOW64; rv:30.0) Gecko/20100101 Firefox/30.0"
85.75.42.240 - - [20/Jun/2014:11:56:16 -0400] "GET /images/480_Universal_4tube_branded.JPG HTTP/1.1" 200 44458 "http://www.pharoahaudio.com/yeolderadiomuseum.html" "Mozilla/5.0 (Windows NT 6.1; WOW64; rv:30.0) Gecko/20100101 Firefox/30.0"
85.75.42.240 - - [20/Jun/2014:11:56:16 -0400] "GET /images/480_Emerson_CX283.jpg HTTP/1.1" 200 32326 "http://www.pharoahaudio.com/yeolderadiomuseum.html" "Mozilla/5.0 (Windows NT 6.1; WOW64; rv:30.0) Gecko/20100101 Firefox/30.0"
85.75.42.240 - - [20/Jun/2014:11:56:17 -0400] "GET /images/480_RCA_56X.jpg HTTP/1.1" 200 17302 "http://www.pharoahaudio.com/yeolderadiomuseum.html" "Mozilla/5.0 (Windows NT 6.1; WOW64; rv:30.0) Gecko/20100101 Firefox/30.0"
85.75.42.240 - - [20/Jun/2014:11:56:17 -0400] "GET /images/480_Emerson_830-B.JPG HTTP/1.1" 200 30437 "http://www.pharoahaudio.com/yeolderadiomuseum.html" "Mozilla/5.0 (Windows NT 6.1; WOW64; rv:30.0) Gecko/20100101 Firefox/30.0"
85.75.42.240 - - [20/Jun/2014:11:56:17 -0400] "GET /images/94_Radiola_26_small_branded.jpg HTTP/1.1" 200 2231 "http://www.pharoahaudio.com/yeolderadiomuseum.html" "Mozilla/5.0 (Windows NT 6.1; WOW64; rv:30.0) Gecko/20100101 Firefox/30.0"
85.75.42.240 - - [20/Jun/2014:11:56:17 -0400] "GET /images/78_Bosch_Model_28_with_AmplionAR19.jpg HTTP/1.1" 200 2655 "http://www.pharoahaudio.com/yeolderadiomuseum.html" "Mozilla/5.0 (Windows NT 6.1; WOW64; rv:30.0) Gecko/20100101 Firefox/30.0"
85.75.42.240 - - [20/Jun/2014:11:56:17 -0400] "GET /images/94_Universal_4tube_branded.JPG HTTP/1.1" 200 3286 "http://www.pharoahaudio.com/yeolderadiomuseum.html" "Mozilla/5.0 (Windows NT 6.1; WOW64; rv:30.0) Gecko/20100101 Firefox/30.0"
85.75.42.240 - - [20/Jun/2014:11:56:18 -0400] "GET /images/94_GE_GD60.jpg HTTP/1.1" 200 3063 "http://www.pharoahaudio.com/yeolderadiomuseum.html" "Mozilla/5.0 (Windows NT 6.1; WOW64; rv:30.0) Gecko/20100101 Firefox/30.0"
85.75.42.240 - - [20/Jun/2014:11:56:18 -0400] "GET /images/94_Philco_46-1226_console.jpg HTTP/1.1" 200 3244 "http://www.pharoahaudio.com/yeolderadiomuseum.html" "Mozilla/5.0 (Windows NT 6.1; WOW64; rv:30.0) Gecko/20100101 Firefox/30.0"
85.75.42.240 - - [20/Jun/2014:11:56:18 -0400] "GET /images/94_Motorola_51M1U_battery_AC_1951_OpCl.jpg HTTP/1.1" 200 2547 "http://www.pharoahaudio.com/yeolderadiomuseum.html" "Mozilla/5.0 (Windows NT 6.1; WOW64; rv:30.0) Gecko/20100101 Firefox/30.0"
85.75.42.240 - - [20/Jun/2014:11:56:18 -0400] "GET /images/94_EMUD_RJ196.JPG HTTP/1.1" 200 2894 "http://www.pharoahaudio.com/yeolderadiomuseum.html" "Mozilla/5.0 (Windows NT 6.1; WOW64; rv:30.0) Gecko/20100101 Firefox/30.0"
85.75.42.240 - - [20/Jun/2014:11:56:19 -0400] "GET /scripts/526548custom.css HTTP/1.1" 200 4173 "http://www.pharoahaudio.com/ak55cpart1.html" "Mozilla/5.0 (Windows NT 6.1; WOW64; rv:30.0) Gecko/20100101 Firefox/30.0"
85.75.42.240 - - [20/Jun/2014:11:56:19 -0400] "GET /images/448_AK55-02.JPG HTTP/1.1" 200 26155 "http://www.pharoahaudio.com/ak55cpart1.html" "Mozilla/5.0 (Windows NT 6.1; WOW64; rv:30.0) Gecko/20100101 Firefox/30.0"
66.249.69.244 - - [20/Jun/2014:00:27:00 -0400] "GET /scripts/526548custom.css HTTP/1.1" 200 4173 "-" "Mozilla/5.0 (compatible; Googlebot/2.1; +http://www.google.com/bot.html)"
27.150.247.58 - - [20/Jun/2014:01:28:16 -0400] "GET /admin/fckeditor1/editor/filemanager/connectors/uploadtest.html HTTP/1.1" 404 575 "-" "Mozilla/4.0 (compatible; MSIE 6.0; Windows NT 5.1; SV1; Mozilla/4.0 (compatible; MSIE 6.0; Windows NT 5.1; SV1) ; .NET CLR 2.0.50727 ; .NET CLR 4.0.30319)"
193.150.120.14 - - [20/Jun/2014:01:57:30 -0400] "GET /ak35repair1.html HTTP/1.1" 200 18956 "http://www.vniitest.ru/" "Mozilla/4.0 (compatible; MSIE 6.0; Windows NT 5.1; SV1; .NET CLR 1.1.4322; .NET CLR 2.0.50727)"
180.76.5.65 - - [20/Jun/2014:03:04:44 -0400] "GET /scripts/'+src+' HTTP/1.1" 404 575 "-" "Mozilla/5.0 (compatible; Baiduspider/2.0; +http://www.baidu.com/search/spider.html)"
66.249.64.148 - - [20/Jun/2014:04:00:33 -0400] "GET /images/Syncheck3_user_manual_v1.01.pdf HTTP/1.1" 200 323329 "-" "Mozilla/5.0 (iPhone; CPU iPhone OS 6_0 like Mac OS X) AppleWebKit/536.26 (KHTML, like Gecko) Version/6.0 Mobile/10A5376e Safari/8536.25 (compatible; Googlebot/2.1; +http://www.google.com/bot.html)"
180.76.6.43 - - [20/Jun/2014:04:39:55 -0400] "GET /ftplist.html HTTP/1.1" 200 11193 "-" "Mozilla/5.0 (compatible; Baiduspider/2.0; +http://www.baidu.com/search/spider.html)"
157.55.39.111 - - [20/Jun/2014:06:57:45 -0400] "GET / HTTP/1.1" 200 15366 "-" "Mozilla/5.0 (compatible; bingbot/2.0; +http://www.bing.com/bingbot.htm)"
208.115.113.92 - - [20/Jun/2014:12:27:46 -0400] "GET /syncheckproducthomepage.html HTTP/1.1" 200 23731 "-" "Mozilla/5.0 (compatible; DotBot/1.1; http://www.opensiteexplorer.org/dotbot, help@moz.com)"
24.90.96.174 - - [20/Jun/2014:13:03:28 -0400] "GET /scripts/user.js HTTP/1.1" 200 23762 "http://www.pharoahaudio.com/syncheckproducthomepage/downloads.html" "Mozilla/5.0 (Macintosh; Intel Mac OS X 10_9_3) AppleWebKit/537.36 (KHTML, like Gecko) Chrome/35.0.1916.153 Safari/537.36"
24.90.96.174 - - [20/Jun/2014:13:03:29 -0400] "GET /images/hand_left_blue.gif HTTP/1.1" 200 932 "http://www.pharoahaudio.com/syncheckproducthomepage/downloads.html" "Mozilla/5.0 (Macintosh; Intel Mac OS X 10_9_3) AppleWebKit/537.36 (KHTML, like Gecko) Chrome/35.0.1916.153 Safari/537.36"
24.90.96.174 - - [20/Jun/2014:13:03:29 -0400] "GET /images/ic_002_body_bg.gif HTTP/1.1" 200 304 "http://www.pharoahaudio.com/syncheckproducthomepage/downloads.html" "Mozilla/5.0 (Macintosh; Intel Mac OS X 10_9_3) AppleWebKit/537.36 (KHTML, like Gecko) Chrome/35.0.1916.153 Safari/537.36"
207.46.13.78 - - [20/Jun/2014:13:41:23 -0400] "GET /soundhomepage/aboutrichardfairbanks.html HTTP/1.1" 200 14943 "-" "Mozilla/5.0 (compatible; bingbot/2.0; +http://www.bing.com/bingbot.htm)"
95.152.237.207 - - [20/Jun/2014:15:22:26 -0400] "GET /scripts/photoalbum.js HTTP/1.1" 200 62481 "http://www.pharoahaudio.com/tweeterfixpart1.html" "Mozilla/5.0 (Windows NT 6.1; WOW64; rv:30.0) Gecko/20100101 Firefox/30.0"
95.152.237.207 - - [20/Jun/2014:15:22:27 -0400] "GET /images/ic_002_body_bg.gif HTTP/1.1" 200 304 "http://www.pharoahaudio.com/scripts/template.css" "Mozilla/5.0 (Windows NT 6.1; WOW64; rv:30.0) Gecko/20100101 Firefox/30.0"
95.152.237.207 - - [20/Jun/2014:15:22:27 -0400] "GET /images/Majestic_reversed_for_pages.jpg HTTP/1.1" 200 6769 "http://www.pharoahaudio.com/scripts/526542.css" "Mozilla/5.0 (Windows NT 6.1; WOW64; rv:30.0) Gecko/20100101 Firefox/30.0"
157.55.39.15 - - [20/Jun/2014:15:34:19 -0400] "GET /scripts/user.js HTTP/1.1" 200 23762 "-" "Mozilla/5.0 (compatible; bingbot/2.0; +http://www.bing.com/bingbot.htm)"
157.55.39.111 - - [20/Jun/2014:15:34:30 -0400] "GET /scripts/526541custom.css HTTP/1.1" 200 3499 "-" "Mozilla/5.0 (compatible; bingbot/2.0; +http://www.bing.com/bingbot.htm)"
157.55.39.111 - - [20/Jun/2014:15:34:30 -0400] "GET /scripts/526541.css HTTP/1.1" 200 102 "-" "Mozilla/5.0 (compatible; bingbot/2.0; +http://www.bing.com/bingbot.htm)"
198.147.175.203 - - [20/Jun/2014:15:43:41 -0400] "GET /images/ic_002_body_bg.gif HTTP/1.1" 200 304 "http://www.pharoahaudio.com/syncheckproducthomepage.html" "Mozilla/5.0 (Macintosh; Intel Mac OS X 10_8_5) AppleWebKit/537.74.9 (KHTML, like Gecko) Version/6.1.2 Safari/537.74.9"
198.147.175.203 - - [20/Jun/2014:15:44:39 -0400] "GET /scripts/526501custom.css HTTP/1.1" 200 2152 "http://www.pharoahaudio.com/soundhomepage/aboutrichardfairbanks.html" "Mozilla/5.0 (Macintosh; Intel Mac OS X 10_8_5) AppleWebKit/537.74.9 (KHTML, like Gecko) Version/6.1.2 Safari/537.74.9"
198.147.175.203 - - [20/Jun/2014:15:44:39 -0400] "GET /images/359_Richard_Fairbanks.JPG HTTP/1.1" 200 20024 "http://www.pharoahaudio.com/soundhomepage/aboutrichardfairbanks.html" "Mozilla/5.0 (Macintosh; Intel Mac OS X 10_8_5) AppleWebKit/537.74.9 (KHTML, like Gecko) Version/6.1.2 Safari/537.74.9"
46.119.115.144 - - [20/Jun/2014:16:56:09 -0400] "GET /ak35repair1.html HTTP/1.1" 200 18956 "http://www.radiogambling.com/ru/" "Mozilla/4.0 (compatible; MSIE 6.0; Windows NT 5.1; SV1; .NET CLR 1.1.4322)"
46.119.115.144 - - [20/Jun/2014:16:56:10 -0400] "GET /ak35repair1.html HTTP/1.1" 200 18956 "http://www.radiogambling.com/ru/" "Mozilla/4.0 (compatible; MSIE 6.0; Windows NT 5.1; SV1; .NET CLR 1.1.4322)"
208.115.113.92 - - [20/Jun/2014:17:49:04 -0400] "GET /legacyproductinformatio/faqsyncheckii.html HTTP/1.1" 200 17550 "-" "Mozilla/5.0 (compatible; DotBot/1.1; http://www.opensiteexplorer.org/dotbot, help@moz.com)"
118.209.106.239 - - [20/Jun/2014:21:18:13 -0400] "GET /scripts/website.css HTTP/1.1" 200 1916 "http://www.pharoahaudio.com/syncheckproducthomepage/syncheckii.html" "Mozilla/5.0 (Macintosh; Intel Mac OS X 10_6_8) AppleWebKit/537.36 (KHTML, like Gecko) Chrome/35.0.1916.153 Safari/537.36"
118.209.106.239 - - [20/Jun/2014:21:18:13 -0400] "GET /images/560_SY_table_angled_BGwhite.JPG HTTP/1.1" 200 30010 "http://www.pharoahaudio.com/syncheckproducthomepage/syncheckii.html" "Mozilla/5.0 (Macintosh; Intel Mac OS X 10_6_8) AppleWebKit/537.36 (KHTML, like Gecko) Chrome/35.0.1916.153 Safari/537.36"
118.209.106.239 - - [20/Jun/2014:21:18:15 -0400] "GET /images/250_SynFlash_New_in_boot.jpg HTTP/1.1" 200 7667 "http://www.pharoahaudio.com/syncheckproducthomepage.html" "Mozilla/5.0 (Macintosh; Intel Mac OS X 10_6_8) AppleWebKit/537.36 (KHTML, like Gecko) Chrome/35.0.1916.153 Safari/537.36"
118.209.106.239 - - [20/Jun/2014:21:18:16 -0400] "GET /images/ic_002_body_bg.gif HTTP/1.1" 200 304 "http://www.pharoahaudio.com/syncheckproducthomepage.html" "Mozilla/5.0 (Macintosh; Intel Mac OS X 10_6_8) AppleWebKit/537.36 (KHTML, like Gecko) Chrome/35.0.1916.153 Safari/537.36"
208.83.156.117 - - [20/Jun/2014:23:01:39 -0400] "GET /scripts/526496.css HTTP/1.1" 200 102 "-" "Mozilla/5.0 (compatible; FatBot 2.0; http://www.thefind.com/crawler)"
65.38.62.144 - - [20/Jun/2014:23:11:07 -0400] "GET /scripts/photoalbum.js HTTP/1.1" 200 62481 "http://www.pharoahaudio.com/radiola26part2.html" "Mozilla/5.0 (Windows NT 6.0; rv:30.0) Gecko/20100101 Firefox/30.0"
65.38.62.144 - - [20/Jun/2014:23:11:08 -0400] "GET /images/432_R26_07_antenna_clip_CU.JPG HTTP/1.1" 200 24325 "http://www.pharoahaudio.com/radiola26part2.html" "Mozilla/5.0 (Windows NT 6.0; rv:30.0) Gecko/20100101 Firefox/30.0"
65.38.62.144 - - [20/Jun/2014:23:11:10 -0400] "GET /favicon.ico HTTP/1.1" 404 575 "-" "Mozilla/5.0 (Windows NT 6.0; rv:30.0) Gecko/20100101 Firefox/30.0"
65.38.62.144 - - [20/Jun/2014:23:11:56 -0400] "GET /yeolderadiomuseum.html HTTP/1.1" 200 42663 "http://www.pharoahaudio.com/radiola26part2.html" "Mozilla/5.0 (Windows NT 6.0; rv:30.0) Gecko/20100101 Firefox/30.0"
65.38.62.144 - - [20/Jun/2014:23:11:57 -0400] "GET /images/181_AK35_front_900_branded.jpg HTTP/1.1" 200 3289 "http://www.pharoahaudio.com/yeolderadiomuseum.html" "Mozilla/5.0 (Windows NT 6.0; rv:30.0) Gecko/20100101 Firefox/30.0"
65.38.62.144 - - [20/Jun/2014:23:11:57 -0400] "GET /images/photoalbum/button_photoPause.jpg HTTP/1.1" 200 605 "http://www.pharoahaudio.com/yeolderadiomuseum.html" "Mozilla/5.0 (Windows NT 6.0; rv:30.0) Gecko/20100101 Firefox/30.0"
65.38.62.144 - - [20/Jun/2014:23:11:57 -0400] "GET /images/photoalbum/button_photoSpeed1_ON.jpg HTTP/1.1" 200 476 "http://www.pharoahaudio.com/yeolderadiomuseum.html" "Mozilla/5.0 (Windows NT 6.0; rv:30.0) Gecko/20100101 Firefox/30.0"
65.38.62.144 - - [20/Jun/2014:23:11:57 -0400] "GET /images/162_Atwater_Kent_Model_82_case_unfinished.JPG HTTP/1.1" 200 7698 "http://www.pharoahaudio.com/yeolderadiomuseum.html" "Mozilla/5.0 (Windows NT 6.0; rv:30.0) Gecko/20100101 Firefox/30.0"
65.38.62.144 - - [20/Jun/2014:23:11:58 -0400] "GET /images/480_Telephone_neckset_earpiece_1919.JPG HTTP/1.1" 200 17786 "http://www.pharoahaudio.com/yeolderadiomuseum.html" "Mozilla/5.0 (Windows NT 6.0; rv:30.0) Gecko/20100101 Firefox/30.0"
65.38.62.144 - - [20/Jun/2014:23:11:59 -0400] "GET /images/480_GM_985775_pocket_portable.jpg HTTP/1.1" 200 26420 "http://www.pharoahaudio.com/yeolderadiomuseum.html" "Mozilla/5.0 (Windows NT 6.0; rv:30.0) Gecko/20100101 Firefox/30.0"
65.38.62.144 - - [20/Jun/2014:23:12:00 -0400] "GET /images/480_Westinghouse_WR169_orig.jpg HTTP/1.1" 200 42320 "http://www.pharoahaudio.com/yeolderadiomuseum.html" "Mozilla/5.0 (Windows NT 6.0; rv:30.0) Gecko/20100101 Firefox/30.0"
65.38.62.144 - - [20/Jun/2014:23:12:00 -0400] "GET /images/480_Marconi_202.jpg HTTP/1.1" 200 31301 "http://www.pharoahaudio.com/yeolderadiomuseum.html" "Mozilla/5.0 (Windows NT 6.0; rv:30.0) Gecko/20100101 Firefox/30.0"
65.38.62.144 - - [20/Jun/2014:23:12:00 -0400] "GET /images/480_Philco_46-1226_console.jpg HTTP/1.1" 200 34754 "http://www.pharoahaudio.com/yeolderadiomuseum.html" "Mozilla/5.0 (Windows NT 6.0; rv:30.0) Gecko/20100101 Firefox/30.0"
65.38.62.144 - - [20/Jun/2014:23:12:03 -0400] "GET /images/94_Zenith_H511_Consoletone.JPG HTTP/1.1" 200 2164 "http://www.pharoahaudio.com/yeolderadiomuseum.html" "Mozilla/5.0 (Windows NT 6.0; rv:30.0) Gecko/20100101 Firefox/30.0"
65.38.62.144 - - [20/Jun/2014:23:12:03 -0400] "GET /images/950_Telephone_neckset_earpiece_1919.JPG HTTP/1.1" 200 45170 "http://www.pharoahaudio.com/yeolderadiomuseum.html" "Mozilla/5.0 (Windows NT 6.0; rv:30.0) Gecko/20100101 Firefox/30.0"
64.246.165.170 - - [20/Jun/2014:23:23:34 -0400] "GET /robots.txt HTTP/1.0" 200 25 "-" "Mozilla/5.0 (Windows; U; Windows NT 5.1; en; rv:1.9.0.13) Gecko/2009073022 Firefox/3.5.2 (.NET CLR 3.5.30729) SurveyBot/2.3 (DomainTools)"
199.30.25.129 - - [20/Jun/2014:07:01:55 -0400] "GET /scripts/526552.css HTTP/1.1" 200 102 "http://www.pharoahaudio.com/ac55cpart5.html" "Mozilla/5.0 (Windows NT 6.1; WOW64) AppleWebKit/534+ (KHTML, like Gecko) BingPreview/1.0b"
199.30.25.129 - - [20/Jun/2014:07:01:58 -0400] "GET /images/ic_002_body_bg.gif HTTP/1.1" 200 304 "http://www.pharoahaudio.com/ac55cpart5.html" "Mozilla/5.0 (Windows NT 6.1; WOW64) AppleWebKit/534+ (KHTML, like Gecko) BingPreview/1.0b"
81.82.48.225 - - [20/Jun/2014:07:03:42 -0400] "GET /scripts/ic_globals_published.js HTTP/1.1" 200 566 "http://www.pharoahaudio.com/syncheckproducthomepage.html" "Mozilla/5.0 (Windows NT 6.3; WOW64; Trident/7.0; rv:11.0) like Gecko"
81.82.48.225 - - [20/Jun/2014:07:03:42 -0400] "GET /scripts/website.css HTTP/1.1" 200 1916 "http://www.pharoahaudio.com/syncheckproducthomepage.html" "Mozilla/5.0 (Windows NT 6.3; WOW64; Trident/7.0; rv:11.0) like Gecko"
81.82.48.225 - - [20/Jun/2014:07:03:42 -0400] "GET /scripts/print.css HTTP/1.1" 200 11209 "http://www.pharoahaudio.com/syncheckproducthomepage.html" "Mozilla/5.0 (Windows NT 6.3; WOW64; Trident/7.0; rv:11.0) like Gecko"
81.82.48.225 - - [20/Jun/2014:07:03:42 -0400] "GET /scripts/photoalbum.js HTTP/1.1" 200 62481 "http://www.pharoahaudio.com/syncheckproducthomepage.html" "Mozilla/5.0 (Windows NT 6.3; WOW64; Trident/7.0; rv:11.0) like Gecko"
81.82.48.225 - - [20/Jun/2014:07:03:42 -0400] "GET /scripts/icwebsiteelement.css HTTP/1.1" 200 8132 "http://www.pharoahaudio.com/syncheckproducthomepage.html" "Mozilla/5.0 (Windows NT 6.3; WOW64; Trident/7.0; rv:11.0) like Gecko"
81.82.48.225 - - [20/Jun/2014:07:03:42 -0400] "GET /images/250_SynFlash_New_in_boot.jpg HTTP/1.1" 200 7667 "http://www.pharoahaudio.com/syncheckproducthomepage.html" "Mozilla/5.0 (Windows NT 6.3; WOW64; Trident/7.0; rv:11.0) like Gecko"
81.82.48.225 - - [20/Jun/2014:07:03:44 -0400] "GET /images/ic_002_body_bg.gif HTTP/1.1" 200 304 "http://www.pharoahaudio.com/syncheckproducthomepage.html" "Mozilla/5.0 (Windows NT 6.3; WOW64; Trident/7.0; rv:11.0) like Gecko"
81.82.48.225 - - [20/Jun/2014:07:08:50 -0400] "GET /scripts/526515custom.css HTTP/1.1" 200 3841 "http://www.pharoahaudio.com/syncheckproducthomepage/downloads.html" "Mozilla/5.0 (Windows NT 6.3; WOW64; Trident/7.0; rv:11.0) like Gecko"
81.82.48.225 - - [20/Jun/2014:07:08:51 -0400] "GET /images/doctype_pdf.gif HTTP/1.1" 200 1257 "http://www.pharoahaudio.com/syncheckproducthomepage/downloads.html" "Mozilla/5.0 (Windows NT 6.3; WOW64; Trident/7.0; rv:11.0) like Gecko"
193.150.120.14 - - [20/Jun/2014:07:48:59 -0400] "GET /ak35repair1.html HTTP/1.1" 200 18956 "http://cesspool-file.ru/" "Mozilla/4.0 (compatible; MSIE 6.0; Windows NT 5.1; SV1; .NET CLR 1.1.4322; .NET CLR 2.0.50727)"
193.150.120.14 - - [20/Jun/2014:07:49:01 -0400] "GET /ak35repair1.html HTTP/1.1" 200 18956 "http://cesspool-file.ru/" "Mozilla/4.0 (compatible; MSIE 6.0; Windows NT 5.1; SV1; .NET CLR 1.1.4322; .NET CLR 2.0.50727)"
85.75.42.240 - - [20/Jun/2014:11:55:41 -0400] "GET /radiola26part6.html HTTP/1.1" 200 28375 "http://www.pharoahaudio.com/radiola26part5.html" "Mozilla/5.0 (Windows NT 6.1; WOW64; rv:30.0) Gecko/20100101 Firefox/30.0"
85.75.42.240 - - [20/Jun/2014:11:55:41 -0400] "GET /images/432_R26_26_speaker_pads.JPG HTTP/1.1" 200 14023 "http://www.pharoahaudio.com/radiola26part6.html" "Mozilla/5.0 (Windows NT 6.1; WOW64; rv:30.0) Gecko/20100101 Firefox/30.0"
85.75.42.240 - - [20/Jun/2014:11:55:41 -0400] "GET /images/282_R26_29_make_pad2.JPG HTTP/1.1" 200 11277 "http://www.pharoahaudio.com/radiola26part6.html" "Mozilla/5.0 (Windows NT 6.1; WOW64; rv:30.0) Gecko/20100101 Firefox/30.0"
85.75.42.240 - - [20/Jun/2014:11:55:42 -0400] "GET /images/282_R26_30_make_pad3.JPG HTTP/1.1" 200 12912 "http://www.pharoahaudio.com/radiola26part6.html" "Mozilla/5.0 (Windows NT 6.1; WOW64; rv:30.0) Gecko/20100101 Firefox/30.0"
85.75.42.240 - - [20/Jun/2014:11:55:42 -0400] "GET /images/282_R26_31_make_pad4.JPG HTTP/1.1" 200 14241 "http://www.pharoahaudio.com/radiola26part6.html" "Mozilla/5.0 (Windows NT 6.1; WOW64; rv:30.0) Gecko/20100101 Firefox/30.0"
85.75.42.240 - - [20/Jun/2014:11:55:42 -0400] "GET /images/448_R26_34_almost_ready1.JPG HTTP/1.1" 200 31684 "http://www.pharoahaudio.com/radiola26part6.html" "Mozilla/5.0 (Windows NT 6.1; WOW64; rv:30.0) Gecko/20100101 Firefox/30.0"
157.55.39.111 - - [20/Jun/2014:12:00:08 -0400] "GET /soundhomepage/portfolio.html HTTP/1.1" 200 44218 "-" "Mozilla/5.0 (compatible; bingbot/2.0; +http://www.bing.com/bingbot.htm)"
66.249.64.143 - - [20/Jun/2014:01:56:50 -0400] "GET /images/432_R26_07_antenna_clip_CU.JPG HTTP/1.1" 304 - "-" "Googlebot-Image/1.0"
27.150.247.58 - - [20/Jun/2014:04:02:04 -0400] "GET /editor/filemanager/browser/default/connectors/test.html HTTP/1.1" 404 575 "-" "Mozilla/4.0 (compatible; MSIE 6.0; Windows NT 5.1; SV1)"
208.83.156.149 - - [20/Jun/2014:05:00:46 -0400] "GET /robots.txt HTTP/1.1" 200 25 "-" "Mozilla/5.0 (compatible; FatBot 2.0; http://www.thefind.com/crawler)"
65.55.215.34 - - [20/Jun/2014:06:15:14 -0400] "GET /images/448_AK55-08c.JPG HTTP/1.1" 200 22739 "-" "msnbot-media/1.1 (+http://search.msn.com/msnbot.htm)"
109.169.29.30 - - [20/Jun/2014:06:17:56 -0400] "GET /scripts/template.css HTTP/1.1" 200 11360 "-" "Mozilla/5.0 (compatible; aiHitBot/2.8; +http://endb-consolidated.aihit.com/)"
109.169.29.30 - - [20/Jun/2014:06:17:58 -0400] "GET /scripts/website.css HTTP/1.1" 200 1916 "-" "Mozilla/5.0 (compatible; aiHitBot/2.8; +http://endb-consolidated.aihit.com/)"
109.169.29.30 - - [20/Jun/2014:06:17:59 -0400] "GET /scripts/526509custom.css HTTP/1.1" 200 1746 "-" "Mozilla/5.0 (compatible; aiHitBot/2.8; +http://endb-consolidated.aihit.com/)"
109.169.29.30 - - [20/Jun/2014:06:18:00 -0400] "GET /scripts/icwebsiteelement.css HTTP/1.1" 200 8132 "-" "Mozilla/5.0 (compatible; aiHitBot/2.8; +http://endb-consolidated.aihit.com/)"
109.169.29.30 - - [20/Jun/2014:06:18:01 -0400] "GET /scripts/print.css HTTP/1.1" 200 11209 "-" "Mozilla/5.0 (compatible; aiHitBot/2.8; +http://endb-consolidated.aihit.com/)"
46.119.120.207 - - [20/Jun/2014:14:11:39 -0400] "GET /ak35repair1.html HTTP/1.1" 200 18956 "http://replica-watch.ru/" "Opera/7.60 (Windows NT 5.2; U) [en] (IBM EVV/3.0/EAK01AG9/LE)"
75.73.42.246 - - [20/Jun/2014:14:36:38 -0400] "GET /scripts/website.css HTTP/1.1" 200 1916 "http://www.pharoahaudio.com/syncheckproducthomepage/syncheck3.html" "Mozilla/5.0 (iPhone; CPU iPhone OS 7_1_1 like Mac OS X) AppleWebKit/537.51.2 (KHTML, like Gecko) Version/7.0 Mobile/11D201 Safari/9537.53"
75.73.42.246 - - [20/Jun/2014:14:36:39 -0400] "GET /scripts/photoalbum.js HTTP/1.1" 200 62481 "http://www.pharoahaudio.com/syncheckproducthomepage/syncheck3.html" "Mozilla/5.0 (iPhone; CPU iPhone OS 7_1_1 like Mac OS X) AppleWebKit/537.51.2 (KHTML, like Gecko) Version/7.0 Mobile/11D201 Safari/9537.53"
75.73.42.246 - - [20/Jun/2014:14:36:39 -0400] "GET /images/321_SY3_tabletop2_straight.jpg HTTP/1.1" 200 23729 "http://www.pharoahaudio.com/syncheckproducthomepage/syncheck3.html" "Mozilla/5.0 (iPhone; CPU iPhone OS 7_1_1 like Mac OS X) AppleWebKit/537.51.2 (KHTML, like Gecko) Version/7.0 Mobile/11D201 Safari/9537.53"
95.152.237.207 - - [20/Jun/2014:15:22:34 -0400] "GET /favicon.ico HTTP/1.1" 404 575 "-" "Mozilla/5.0 (Windows NT 6.1; WOW64; rv:30.0) Gecko/20100101 Firefox/30.0"
95.152.237.207 - - [20/Jun/2014:15:22:34 -0400] "GET /favicon.ico HTTP/1.1" 404 575 "-" "Mozilla/5.0 (Windows NT 6.1; WOW64; rv:30.0) Gecko/20100101 Firefox/30.0"
66.249.65.207 - - [20/Jun/2014:16:30:33 -0400] "GET /images/121_poland_flag.jpg HTTP/1.1" 304 - "-" "Googlebot-Image/1.0"
157.55.39.16 - - [20/Jun/2014:16:42:18 -0400] "GET /contact.html HTTP/1.1" 200 11921 "-" "Mozilla/5.0 (compatible; bingbot/2.0; +http://www.bing.com/bingbot.htm)"
67.182.145.7 - - [20/Jun/2014:19:45:54 -0400] "GET /images/432_R26_25_speaker_old_pad.JPG HTTP/1.1" 200 22107 "https://www.google.com/" "Mozilla/5.0 (Windows NT 6.3; WOW64) AppleWebKit/537.36 (KHTML, like Gecko) Chrome/35.0.1916.153 Safari/537.36"
24.203.26.114 - - [20/Jun/2014:20:21:29 -0400] "GET /scripts/526549custom.css HTTP/1.1" 200 3162 "http://www.pharoahaudio.com/ak55cpart2.html" "Mozilla/5.0 (Windows NT 6.1; WOW64) AppleWebKit/537.36 (KHTML, like Gecko) Chrome/35.0.1916.153 Safari/537.36"
24.203.26.114 - - [20/Jun/2014:20:21:29 -0400] "GET /images/448_AK55-08c.JPG HTTP/1.1" 200 22739 "http://www.pharoahaudio.com/ak55cpart2.html" "Mozilla/5.0 (Windows NT 6.1; WOW64) AppleWebKit/537.36 (KHTML, like Gecko) Chrome/35.0.1916.153 Safari/537.36"
208.115.113.92 - - [20/Jun/2014:20:31:35 -0400] "GET /syncheckproducthomepage.html?80bc3858 HTTP/1.1" 200 23731 "-" "Mozilla/5.0 (compatible; DotBot/1.1; http://www.opensiteexplorer.org/dotbot, help@moz.com)"
208.115.113.92 - - [20/Jun/2014:21:00:40 -0400] "GET /tweeterfixpart2.html HTTP/1.1" 200 19845 "-" "Mozilla/5.0 (compatible; DotBot/1.1; http://www.opensiteexplorer.org/dotbot, help@moz.com)"
180.76.5.146 - - [20/Jun/2014:22:04:27 -0400] "GET /images/Radiola26_pencil_notes.pdf HTTP/1.1" 200 102479 "-" "Mozilla/5.0 (compatible; Baiduspider/2.0; +http://www.baidu.com/search/spider.html)"
208.83.156.116 - - [20/Jun/2014:22:04:49 -0400] "GET /scripts/526560custom.css HTTP/1.1" 200 1141 "-" "Mozilla/5.0 (compatible; FatBot 2.0; http://www.thefind.com/crawler)"
157.55.39.101 - - [20/Jun/2014:22:21:41 -0400] "GET /yeolderadiomuseum.html HTTP/1.1" 200 42663 "-" "Mozilla/5.0 (compatible; bingbot/2.0; +http://www.bing.com/bingbot.htm)"
98.207.208.38 - - [20/Jun/2014:22:55:57 -0400] "GET /scripts/526510custom.css HTTP/1.1" 200 3840 "http://www.pharoahaudio.com/syncheckproducthomepage/syncheckii.html" "Mozilla/5.0 (Windows NT 6.1; WOW64) AppleWebKit/537.36 (KHTML, like Gecko) Chrome/35.0.1916.153 Safari/537.36"
98.207.208.38 - - [20/Jun/2014:22:55:57 -0400] "GET /images/560_SY_table_angled_BGwhite.JPG HTTP/1.1" 200 30010 "http://www.pharoahaudio.com/syncheckproducthomepage/syncheckii.html" "Mozilla/5.0 (Windows NT 6.1; WOW64) AppleWebKit/537.36 (KHTML, like Gecko) Chrome/35.0.1916.153 Safari/537.36"
98.207.208.38 - - [20/Jun/2014:22:55:57 -0400] "GET /images/ic_002_body_bg.gif HTTP/1.1" 200 304 "http://www.pharoahaudio.com/syncheckproducthomepage/syncheckii.html" "Mozilla/5.0 (Windows NT 6.1; WOW64) AppleWebKit/537.36 (KHTML, like Gecko) Chrome/35.0.1916.153 Safari/537.36"
178.137.129.209 - - [20/Jun/2014:23:02:15 -0400] "GET /ak35repair5.html HTTP/1.1" 200 21319 "http://stroicol.net/" "Opera/8.01 (Windows NT 5.1)"
85.75.42.240 - - [20/Jun/2014:11:34:36 -0400] "GET /scripts/ic_globals_published.js HTTP/1.1" 200 566 "http://www.pharoahaudio.com/radiola26part7.html" "Mozilla/5.0 (Windows NT 6.1; WOW64; rv:30.0) Gecko/20100101 Firefox/30.0"
85.75.42.240 - - [20/Jun/2014:11:34:36 -0400] "GET /scripts/526536.css HTTP/1.1" 200 102 "http://www.pharoahaudio.com/radiola26part7.html" "Mozilla/5.0 (Windows NT 6.1; WOW64; rv:30.0) Gecko/20100101 Firefox/30.0"
85.75.42.240 - - [20/Jun/2014:11:34:37 -0400] "GET /scripts/icwebsiteelement.css HTTP/1.1" 200 8132 "http://www.pharoahaudio.com/radiola26part7.html" "Mozilla/5.0 (Windows NT 6.1; WOW64; rv:30.0) Gecko/20100101 Firefox/30.0"
66.249.65.207 - - [20/Jun/2014:11:52:42 -0400] "GET /scripts/526549custom.css HTTP/1.1" 200 3162 "-" "Mozilla/5.0 (compatible; Googlebot/2.1; +http://www.google.com/bot.html)"
66.249.65.207 - - [20/Jun/2014:11:52:42 -0400] "GET /scripts/526549.css HTTP/1.1" 200 102 "-" "Mozilla/5.0 (compatible; Googlebot/2.1; +http://www.google.com/bot.html)"
85.75.42.240 - - [20/Jun/2014:11:58:39 -0400] "GET /scripts/526553.css HTTP/1.1" 200 102 "http://www.pharoahaudio.com/ak55cpart6.html" "Mozilla/5.0 (Windows NT 6.1; WOW64; rv:30.0) Gecko/20100101 Firefox/30.0"
85.75.42.240 - - [20/Jun/2014:11:58:40 -0400] "GET /images/432_AK55-31.JPG HTTP/1.1" 200 19413 "http://www.pharoahaudio.com/ak55cpart6.html" "Mozilla/5.0 (Windows NT 6.1; WOW64; rv:30.0) Gecko/20100101 Firefox/30.0"
24.90.96.174 - - [20/Jun/2014:12:59:47 -0400] "GET /scripts/print.css HTTP/1.1" 200 11209 "http://www.pharoahaudio.com/syncheckproducthomepage/downloads.html" "Mozilla/5.0 (Macintosh; Intel Mac OS X 10.9; rv:30.0) Gecko/20100101 Firefox/30.0"
24.90.96.174 - - [20/Jun/2014:12:59:47 -0400] "GET /images/hand_left_blue.gif HTTP/1.1" 200 932 "http://www.pharoahaudio.com/syncheckproducthomepage/downloads.html" "Mozilla/5.0 (Macintosh; Intel Mac OS X 10.9; rv:30.0) Gecko/20100101 Firefox/30.0"
46.118.155.40 - - [20/Jun/2014:01:47:12 -0400] "GET /ak35repair1.html HTTP/1.1" 200 18956 "http://pornuck.com/" "Mozilla/4.0 (compatible; MSIE 6.0; Windows NT 5.1)"
23.95.94.25 - - [20/Jun/2014:06:00:33 -0400] "GET /syncheckproducthomepage.html HTTP/1.1" 200 23731 "http://www.syncheck.com/" "Mozilla/5.0 (X11; Linux x86_64) AppleWebKit/537.36 (KHTML, like Gecko) Chrome/27.0.1453.110 Safari/537.36"
23.95.94.25 - - [20/Jun/2014:06:00:34 -0400] "GET /legacyproductinformatio/originalsyncheck.html HTTP/1.1" 200 15206 "http://www.pharoahaudio.com/syncheckproducthomepage.html" "Mozilla/5.0 (X11; Linux x86_64) AppleWebKit/537.36 (KHTML, like Gecko) Chrome/27.0.1453.110 Safari/537.36"
162.210.196.97 - - [20/Jun/2014:06:03:39 -0400] "GET /robots.txt HTTP/1.0" 200 25 "-" "Mozilla/5.0 (compatible; MJ12bot/v1.4.5; http://www.majestic12.co.uk/bot.php?+)"
198.147.175.203 - - [20/Jun/2014:15:43:41 -0400] "GET /favicon.ico HTTP/1.1" 404 575 "http://www.pharoahaudio.com/syncheckproducthomepage.html" "Mozilla/5.0 (Macintosh; Intel Mac OS X 10_8_5) AppleWebKit/537.74.9 (KHTML, like Gecko) Version/6.1.2 Safari/537.74.9"
180.76.5.154 - - [20/Jun/2014:17:18:52 -0400] "GET /ac55cpart5.html HTTP/1.1" 200 23669 "-" "Mozilla/5.0 (compatible; Baiduspider/2.0; +http://www.baidu.com/search/spider.html)"
216.237.231.202 - - [20/Jun/2014:18:28:39 -0400] "GET /scripts/photoalbum.js HTTP/1.1" 200 62481 "http://www.pharoahaudio.com/ak35repair1.html" "Mozilla/5.0 (Windows NT 5.1) AppleWebKit/537.36 (KHTML, like Gecko) Chrome/35.0.1916.153 Safari/537.36"
216.237.231.202 - - [20/Jun/2014:18:28:39 -0400] "GET /scripts/print.css HTTP/1.1" 200 11209 "http://www.pharoahaudio.com/ak35repair1.html" "Mozilla/5.0 (Windows NT 5.1) AppleWebKit/537.36 (KHTML, like Gecko) Chrome/35.0.1916.153 Safari/537.36"
24.203.26.114 - - [20/Jun/2014:20:20:16 -0400] "GET /scripts/icwebsiteelement.css HTTP/1.1" 200 8132 "http://www.pharoahaudio.com/ak55cpart1.html" "Mozilla/5.0 (Windows NT 6.1; WOW64) AppleWebKit/537.36 (KHTML, like Gecko) Chrome/35.0.1916.153 Safari/537.36"
24.203.26.114 - - [20/Jun/2014:20:20:16 -0400] "GET /images/448_AK55-05.JPG HTTP/1.1" 200 20154 "http://www.pharoahaudio.com/ak55cpart1.html" "Mozilla/5.0 (Windows NT 6.1; WOW64) AppleWebKit/537.36 (KHTML, like Gecko) Chrome/35.0.1916.153 Safari/537.36"
65.38.62.144 - - [20/Jun/2014:23:11:06 -0400] "GET /scripts/user.js HTTP/1.1" 200 23762 "http://www.pharoahaudio.com/radiola26part2.html" "Mozilla/5.0 (Windows NT 6.0; rv:30.0) Gecko/20100101 Firefox/30.0"
65.38.62.144 - - [20/Jun/2014:23:11:07 -0400] "GET /images/432_R26_03_mounted_exposed.jpg HTTP/1.1" 200 30856 "http://www.pharoahaudio.com/radiola26part2.html" "Mozilla/5.0 (Windows NT 6.0; rv:30.0) Gecko/20100101 Firefox/30.0"
208.83.156.155 - - [20/Jun/2014:23:13:08 -0400] "GET /scripts/526509custom.css HTTP/1.1" 200 1746 "-" "Mozilla/5.0 (compatible; FatBot 2.0; http://www.thefind.com/crawler)"
81.82.48.225 - - [20/Jun/2014:07:05:56 -0400] "GET /images/120_logo_tac_system.jpg HTTP/1.1" 200 2592 "http://www.pharoahaudio.com/syncheckproducthomepage/distributors.html" "Mozilla/5.0 (Windows NT 6.3; WOW64; Trident/7.0; rv:11.0) like Gecko"
217.66.158.113 - - [20/Jun/2014:08:28:57 -0400] "GET /images/250_SynFlash_New_in_boot.jpg HTTP/1.1" 200 7667 "http://diqo.kroksi.dyndns-ip.com/super-obuv/" "Mozilla/5.0 (iPad; CPU OS 7_1_1 like Mac OS X) AppleWebKit/537.51.2 (KHTML, like Gecko) Version/7.0 Mobile/11D201 Safari/9537.53"
85.75.42.240 - - [20/Jun/2014:11:34:32 -0400] "GET /scripts/website.css HTTP/1.1" 200 1916 "http://www.pharoahaudio.com/radiola26part7.html" "Mozilla/5.0 (Windows NT 6.1; WOW64; rv:30.0) Gecko/20100101 Firefox/30.0"
85.75.42.240 - - [20/Jun/2014:11:34:33 -0400] "GET /scripts/print.css HTTP/1.1" 200 11209 "http://www.pharoahaudio.com/radiola26part7.html" "Mozilla/5.0 (Windows NT 6.1; WOW64; rv:30.0) Gecko/20100101 Firefox/30.0"
85.75.42.240 - - [20/Jun/2014:11:57:15 -0400] "GET /scripts/526551.css HTTP/1.1" 200 102 "http://www.pharoahaudio.com/ak55cpart4.html" "Mozilla/5.0 (Windows NT 6.1; WOW64; rv:30.0) Gecko/20100101 Firefox/30.0"
85.75.42.240 - - [20/Jun/2014:11:57:15 -0400] "GET /images/432_AK55-17.JPG HTTP/1.1" 200 21707 "http://www.pharoahaudio.com/ak55cpart4.html" "Mozilla/5.0 (Windows NT 6.1; WOW64; rv:30.0) Gecko/20100101 Firefox/30.0"
210.73.220.18 - - [20/Jun/2014:02:42:26 -0400] "GET /syncheckproducthomepage.html HTTP/1.0" 200 23731 "http://www.syncheck.com/" "Mozilla/5.0 (X11; Linux x86_64) AppleWebKit/537.31 (KHTML, like Gecko) Chrome/26.0.1410.63 Safari/537.31"
65.55.215.34 - - [20/Jun/2014:04:48:02 -0400] "GET /images/603_R26_38_battery_wires_before.jpg HTTP/1.1" 200 51638 "-" "msnbot-media/1.1 (+http://search.msn.com/msnbot.htm)"
157.55.39.111 - - [20/Jun/2014:06:00:33 -0400] "GET /ac55cpart5.html HTTP/1.1" 200 23669 "-" "Mozilla/5.0 (compatible; bingbot/2.0; +http://www.bing.com/bingbot.htm)"
109.169.29.30 - - [20/Jun/2014:06:17:43 -0400] "GET /robots.txt HTTP/1.1" 200 25 "-" "Mozilla/5.0 (compatible; aiHitBot/2.8; +http://endb-consolidated.aihit.com/)"
109.169.29.30 - - [20/Jun/2014:06:17:44 -0400] "GET / HTTP/1.1" 200 15366 "-" "Mozilla/5.0 (compatible; aiHitBot/2.8; +http://endb-consolidated.aihit.com/)"
109.169.29.30 - - [20/Jun/2014:06:17:46 -0400] "GET /scripts/ic_globals_published.js HTTP/1.1" 200 566 "-" "Mozilla/5.0 (compatible; aiHitBot/2.8; +http://endb-consolidated.aihit.com/)"
109.169.29.30 - - [20/Jun/2014:06:17:47 -0400] "GET /scripts/user.js HTTP/1.1" 200 23762 "-" "Mozilla/5.0 (compatible; aiHitBot/2.8; +http://endb-consolidated.aihit.com/)"
109.169.29.30 - - [20/Jun/2014:06:17:48 -0400] "GET /scripts/photoalbum.js HTTP/1.1" 200 62481 "-" "Mozilla/5.0 (compatible; aiHitBot/2.8; +http://endb-consolidated.aihit.com/)"
183.60.214.11 - - [20/Jun/2014:15:25:50 -0400] "GET /robots.txt HTTP/1.1" 200 25 "-" "Mozilla/5.0 (compatible; EasouSpider; +http://www.easou.com/search/spider.html)"
46.119.115.144 - - [20/Jun/2014:16:56:09 -0400] "GET /ak35repair1.html HTTP/1.1" 200 18956 "http://www.radiogambling.com/ru/" "Mozilla/4.0 (compatible; MSIE 6.0; Windows NT 5.1; SV1; .NET CLR 1.1.4322)"
54.82.33.130 - - [20/Jun/2014:18:41:02 -0400] "GET / HTTP/1.1" 200 15366 "-" "HTTPClient/1.0 (2.4.0, ruby 1.9.3 (2013-06-27))"
98.207.208.38 - - [20/Jun/2014:22:55:53 -0400] "GET /scripts/icwebsiteelement.css HTTP/1.1" 200 8132 "http://www.pharoahaudio.com/syncheckproducthomepage/syncheckii.html" "Mozilla/5.0 (Windows NT 6.1; WOW64) AppleWebKit/537.36 (KHTML, like Gecko) Chrome/35.0.1916.153 Safari/537.36"
98.207.208.38 - - [20/Jun/2014:22:55:53 -0400] "GET /images/270_SY2_hand_antique_spkr.JPG HTTP/1.1" 200 10842 "http://www.pharoahaudio.com/syncheckproducthomepage/syncheckii.html" "Mozilla/5.0 (Windows NT 6.1; WOW64) AppleWebKit/537.36 (KHTML, like Gecko) Chrome/35.0.1916.153 Safari/537.36"
69.255.97.83 - - [20/Jun/2014:23:47:23 -0400] "GET /images/432_T9_new_foam1.jpg HTTP/1.1" 200 21331 "https://www.google.com/" "Mozilla/5.0 (Windows NT 6.1; WOW64) AppleWebKit/537.36 (KHTML, like Gecko) Chrome/35.0.1916.153 Safari/537.36"
81.82.48.225 - - [20/Jun/2014:07:08:44 -0400] "GET /scripts/526491custom.css HTTP/1.1" 200 8558 "http://www.pharoahaudio.com/soundhomepage/portfolio.html" "Mozilla/5.0 (Windows NT 6.3; WOW64; Trident/7.0; rv:11.0) like Gecko"
82.159.156.66 - - [20/Jun/2014:07:16:55 -0400] "GET /legacyproductinformatio/faqsyncheckii.html HTTP/1.1" 200 17550 "https://www.google.es/" "Mozilla/5.0 (Windows NT 6.1) AppleWebKit/537.36 (KHTML, like Gecko) Chrome/35.0.1916.153 Safari/537.36"
82.159.156.66 - - [20/Jun/2014:07:16:56 -0400] "GET /scripts/user.js HTTP/1.1" 200 23762 "http://www.pharoahaudio.com/legacyproductinformatio/faqsyncheckii.html" "Mozilla/5.0 (Windows NT 6.1) AppleWebKit/537.36 (KHTML, like Gecko) Chrome/35.0.1916.153 Safari/537.36"
68.180.225.104 - - [20/Jun/2014:07:31:36 -0400] "GET /images/750_panner_automation.jpg HTTP/1.1" 200 50907 "-" "Mozilla/5.0 (compatible; Yahoo! Slurp; http://help.yahoo.com/help/us/ysearch/slurp)"
88.247.127.137 - - [20/Jun/2014:09:16:38 -0400] "GET /scripts/photoalbum.js HTTP/1.1" 200 62481 "http://www.pharoahaudio.com/ptvideosyncstudy.html" "Mozilla/5.0 (Macintosh; Intel Mac OS X 10_6_8) AppleWebKit/534.59.10 (KHTML, like Gecko) Version/5.1.9 Safari/534.59.10"
176.92.111.125 - - [20/Jun/2014:10:38:01 -0400] "GET /scripts/526492custom.css HTTP/1.1" 200 2151 "http://www.pharoahaudio.com/audioprep.html" "Mozilla/5.0 (Windows NT 6.1; WOW64) AppleWebKit/537.36 (KHTML, like Gecko) Chrome/35.0.1916.153 Safari/537.36"
85.75.42.240 - - [20/Jun/2014:11:34:29 -0400] "GET /images/432_R26_35_almost_ready2.JPG HTTP/1.1" 200 28379 "-" "Mozilla/5.0 (Windows NT 6.1; WOW64; rv:30.0) Gecko/20100101 Firefox/30.0"
85.75.42.240 - - [20/Jun/2014:11:57:18 -0400] "GET /ak55cpart4.html HTTP/1.1" 200 24374 "http://www.pharoahaudio.com/ak55cpart3.html" "Mozilla/5.0 (Windows NT 6.1; WOW64; rv:30.0) Gecko/20100101 Firefox/30.0"
85.75.42.240 - - [20/Jun/2014:11:57:18 -0400] "GET /images/432_AK55-16.JPG HTTP/1.1" 200 24173 "http://www.pharoahaudio.com/ak55cpart4.html" "Mozilla/5.0 (Windows NT 6.1; WOW64; rv:30.0) Gecko/20100101 Firefox/30.0"
85.75.42.240 - - [20/Jun/2014:11:57:18 -0400] "GET /images/432_AK55-20.JPG HTTP/1.1" 200 14295 "http://www.pharoahaudio.com/ak55cpart4.html" "Mozilla/5.0 (Windows NT 6.1; WOW64; rv:30.0) Gecko/20100101 Firefox/30.0"
85.75.42.240 - - [20/Jun/2014:11:57:19 -0400] "GET /images/432_AK55-22.JPG HTTP/1.1" 200 21860 "http://www.pharoahaudio.com/ak55cpart4.html" "Mozilla/5.0 (Windows NT 6.1; WOW64; rv:30.0) Gecko/20100101 Firefox/30.0"
85.75.42.240 - - [20/Jun/2014:11:57:19 -0400] "GET /images/432_AK55-23.JPG HTTP/1.1" 200 31036 "http://www.pharoahaudio.com/ak55cpart4.html" "Mozilla/5.0 (Windows NT 6.1; WOW64; rv:30.0) Gecko/20100101 Firefox/30.0"
85.75.42.240 - - [20/Jun/2014:11:59:13 -0400] "GET /images/448_AK35_grid_bias_repaired_hilite.JPG HTTP/1.1" 200 16839 "http://www.pharoahaudio.com/ak35repair3.html" "Mozilla/5.0 (Windows NT 6.1; WOW64; rv:30.0) Gecko/20100101 Firefox/30.0"
85.75.42.240 - - [20/Jun/2014:11:59:26 -0400] "GET /images/448_AK35_RF2_new_primary_CU.JPG HTTP/1.1" 200 27348 "http://www.pharoahaudio.com/ak35repair4.html" "Mozilla/5.0 (Windows NT 6.1; WOW64; rv:30.0) Gecko/20100101 Firefox/30.0"
207.46.13.113 - - [20/Jun/2014:12:22:45 -0400] "GET /paperslinks.html HTTP/1.1" 200 17077 "-" "Mozilla/5.0 (compatible; bingbot/2.0; +http://www.bing.com/bingbot.htm)"
66.249.69.46 - - [20/Jun/2014:00:27:34 -0400] "GET /scripts/526548.css HTTP/1.1" 200 102 "-" "Mozilla/5.0 (compatible; Googlebot/2.1; +http://www.google.com/bot.html)"
157.55.39.112 - - [20/Jun/2014:01:14:34 -0400] "GET /robots.txt HTTP/1.1" 200 25 "-" "Mozilla/5.0 (compatible; bingbot/2.0; +http://www.bing.com/bingbot.htm)"
123.125.71.108 - - [20/Jun/2014:01:23:42 -0400] "GET /legacyproductinformatio/faqsyncheckii.html HTTP/1.1" 200 17550 "-" "Mozilla/5.0 (compatible; Baiduspider/2.0; +http://www.baidu.com/search/spider.html)"
27.150.247.58 - - [20/Jun/2014:01:44:17 -0400] "GET /fckeditor1/editor/filemanager/connectors/uploadtest.html HTTP/1.1" 404 575 "-" "Mozilla/4.0 (compatible; MSIE 6.0; Windows NT 5.1; SV1; Mozilla/4.0 (compatible; MSIE 6.0; Windows NT 5.1; SV1) ; .NET CLR 2.0.50727 ; .NET CLR 4.0.30319)"
123.125.71.47 - - [20/Jun/2014:02:40:15 -0400] "GET /soundhomepage/audioclips.html HTTP/1.1" 200 18078 "-" "Mozilla/5.0 (compatible; Baiduspider/2.0; +http://www.baidu.com/search/spider.html)"
131.253.36.195 - - [20/Jun/2014:05:31:47 -0400] "GET /scripts/user.js HTTP/1.1" 200 23762 "http://www.pharoahaudio.com/ak55cpart3.html" "Mozilla/5.0 (compatible; MSIE 9.0; Windows NT 6.1; Trident/5.0; Trident/5.0)"
131.253.36.195 - - [20/Jun/2014:05:31:47 -0400] "GET /scripts/print.css HTTP/1.1" 200 11209 "http://www.pharoahaudio.com/ak55cpart3.html" "Mozilla/5.0 (compatible; MSIE 9.0; Windows NT 6.1; Trident/5.0; Trident/5.0)"
109.169.29.30 - - [20/Jun/2014:06:19:59 -0400] "GET /radiola26part5.html HTTP/1.1" 200 22617 "-" "Mozilla/5.0 (compatible; aiHitBot/2.8; +http://endb-consolidated.aihit.com/)"
109.169.29.30 - - [20/Jun/2014:06:20:00 -0400] "GET /scripts/526534.css HTTP/1.1" 200 102 "-" "Mozilla/5.0 (compatible; aiHitBot/2.8; +http://endb-consolidated.aihit.com/)"
109.169.29.30 - - [20/Jun/2014:06:20:02 -0400] "GET /scripts/526534custom.css HTTP/1.1" 200 2832 "-" "Mozilla/5.0 (compatible; aiHitBot/2.8; +http://endb-consolidated.aihit.com/)"
109.169.29.30 - - [20/Jun/2014:06:20:04 -0400] "GET /radiola26part6.html HTTP/1.1" 200 28375 "-" "Mozilla/5.0 (compatible; aiHitBot/2.8; +http://endb-consolidated.aihit.com/)"
109.169.29.30 - - [20/Jun/2014:06:20:05 -0400] "GET /scripts/526535.css HTTP/1.1" 200 102 "-" "Mozilla/5.0 (compatible; aiHitBot/2.8; +http://endb-consolidated.aihit.com/)"
109.169.29.30 - - [20/Jun/2014:06:20:06 -0400] "GET /scripts/526535custom.css HTTP/1.1" 200 3846 "-" "Mozilla/5.0 (compatible; aiHitBot/2.8; +http://endb-consolidated.aihit.com/)"
198.147.175.203 - - [20/Jun/2014:15:43:40 -0400] "GET /scripts/photoalbum.js HTTP/1.1" 200 62481 "http://www.pharoahaudio.com/syncheckproducthomepage.html" "Mozilla/5.0 (Macintosh; Intel Mac OS X 10_8_5) AppleWebKit/537.74.9 (KHTML, like Gecko) Version/6.1.2 Safari/537.74.9"
198.147.175.203 - - [20/Jun/2014:15:43:40 -0400] "GET /images/292_SY3_tabletop2_straight.jpg HTTP/1.1" 200 20162 "http://www.pharoahaudio.com/syncheckproducthomepage.html" "Mozilla/5.0 (Macintosh; Intel Mac OS X 10_8_5) AppleWebKit/537.74.9 (KHTML, like Gecko) Version/6.1.2 Safari/537.74.9"
198.147.175.203 - - [20/Jun/2014:15:43:40 -0400] "GET /scripts/print.css HTTP/1.1" 200 11209 "http://www.pharoahaudio.com/syncheckproducthomepage.html" "Mozilla/5.0 (Macintosh; Intel Mac OS X 10_8_5) AppleWebKit/537.74.9 (KHTML, like Gecko) Version/6.1.2 Safari/537.74.9"
46.118.155.40 - - [20/Jun/2014:18:53:02 -0400] "GET /ak35repair1.html HTTP/1.1" 200 18956 "http://digest-project.ru/" "Mozilla/4.0 (compatible; MSIE 6.0; Windows NT 5.1; SV1; FunWebProducts)"
76.178.71.84 - - [20/Jun/2014:21:08:57 -0400] "GET /scripts/526494custom.css HTTP/1.1" 200 4508 "http://www.pharoahaudio.com/ptvideosyncstudy.html" "Mozilla/5.0 (Windows NT 6.0) AppleWebKit/537.36 (KHTML, like Gecko) Chrome/31.0.1650.63 Safari/537.36"
208.83.156.117 - - [20/Jun/2014:22:13:15 -0400] "GET /scripts/526556custom.css HTTP/1.1" 200 2489 "-" "Mozilla/5.0 (compatible; FatBot 2.0; http://www.thefind.com/crawler)"
65.38.62.144 - - [20/Jun/2014:23:12:00 -0400] "GET /images/480_Emerson_830-B.JPG HTTP/1.1" 200 30437 "http://www.pharoahaudio.com/yeolderadiomuseum.html" "Mozilla/5.0 (Windows NT 6.0; rv:30.0) Gecko/20100101 Firefox/30.0"
65.38.62.144 - - [20/Jun/2014:23:12:01 -0400] "GET /images/78_Bosch_Model_28_with_AmplionAR19.jpg HTTP/1.1" 200 2655 "http://www.pharoahaudio.com/yeolderadiomuseum.html" "Mozilla/5.0 (Windows NT 6.0; rv:30.0) Gecko/20100101 Firefox/30.0"
65.38.62.144 - - [20/Jun/2014:23:12:01 -0400] "GET /images/94_Universal_4tube_branded.JPG HTTP/1.1" 200 3286 "http://www.pharoahaudio.com/yeolderadiomuseum.html" "Mozilla/5.0 (Windows NT 6.0; rv:30.0) Gecko/20100101 Firefox/30.0"
65.38.62.144 - - [20/Jun/2014:23:12:01 -0400] "GET /images/94_GM_985775_pocket_portable.jpg HTTP/1.1" 200 2851 "http://www.pharoahaudio.com/yeolderadiomuseum.html" "Mozilla/5.0 (Windows NT 6.0; rv:30.0) Gecko/20100101 Firefox/30.0"
65.38.62.144 - - [20/Jun/2014:23:12:02 -0400] "GET /images/94_Philco_49-607_rolltop_combo.JPG HTTP/1.1" 200 2217 "http://www.pharoahaudio.com/yeolderadiomuseum.html" "Mozilla/5.0 (Windows NT 6.0; rv:30.0) Gecko/20100101 Firefox/30.0"
65.38.62.144 - - [20/Jun/2014:23:12:02 -0400] "GET /images/77_Tower_6157_Geiger_Counter.JPG HTTP/1.1" 200 3061 "http://www.pharoahaudio.com/yeolderadiomuseum.html" "Mozilla/5.0 (Windows NT 6.0; rv:30.0) Gecko/20100101 Firefox/30.0"
50.176.91.202 - - [20/Jun/2014:23:28:35 -0400] "GET /scripts/icwebsiteelement.css HTTP/1.1" 200 8132 "http://www.pharoahaudio.com/deliverables.html" "Mozilla/5.0 (iPad; CPU OS 7_1_1 like Mac OS X) AppleWebKit/537.51.2 (KHTML, like Gecko) Version/7.0 Mobile/11D201 Safari/9537.53"
50.176.91.202 - - [20/Jun/2014:23:28:35 -0400] "GET /scripts/ic_globals_published.js HTTP/1.1" 200 566 "http://www.pharoahaudio.com/deliverables.html" "Mozilla/5.0 (iPad; CPU OS 7_1_1 like Mac OS X) AppleWebKit/537.51.2 (KHTML, like Gecko) Version/7.0 Mobile/11D201 Safari/9537.53"
50.176.91.202 - - [20/Jun/2014:23:28:36 -0400] "GET /images/ic_002_banner_bg_wide.jpg HTTP/1.1" 200 5805 "http://www.pharoahaudio.com/deliverables.html" "Mozilla/5.0 (iPad; CPU OS 7_1_1 like Mac OS X) AppleWebKit/537.51.2 (KHTML, like Gecko) Version/7.0 Mobile/11D201 Safari/9537.53"
208.115.113.92 - - [20/Jun/2014:07:58:27 -0400] "GET /robots.txt HTTP/1.1" 200 25 "-" "Mozilla/5.0 (compatible; DotBot/1.1; http://www.opensiteexplorer.org/dotbot, help@moz.com)"
85.75.42.240 - - [20/Jun/2014:11:58:56 -0400] "GET /images/50_hand-arrow-red-left.gif HTTP/1.1" 200 477 "http://www.pharoahaudio.com/ak35repair1.html" "Mozilla/5.0 (Windows NT 6.1; WOW64; rv:30.0) Gecko/20100101 Firefox/30.0"
180.76.6.148 - - [20/Jun/2014:02:49:44 -0400] "GET /tweeterfixpart1.html HTTP/1.1" 200 18654 "-" "Mozilla/5.0 (compatible; Baiduspider/2.0; +http://www.baidu.com/search/spider.html)"
65.55.215.34 - - [20/Jun/2014:06:08:51 -0400] "GET /images/432_T12_strip_reassembled.jpg HTTP/1.1" 200 24194 "-" "msnbot-media/1.1 (+http://search.msn.com/msnbot.htm)"
65.55.215.33 - - [20/Jun/2014:06:22:28 -0400] "GET /images/180_Syncheck_graphic_wide.JPG HTTP/1.1" 200 3403 "-" "msnbot-media/1.1 (+http://search.msn.com/msnbot.htm)"
208.43.251.181 - - [20/Jun/2014:06:53:01 -0400] "GET /robots.txt HTTP/1.1" 200 25 "-" "Mozilla/5.0 (compatible; MSIE 9.0; Windows NT 6.1; WOW64; Trident/5.0; chromeframe/19.0.1084.52)"
77.49.237.159 - - [20/Jun/2014:13:52:07 -0400] "GET /scripts/website.css HTTP/1.1" 200 1916 "http://www.pharoahaudio.com/" "Mozilla/5.0 (Macintosh; Intel Mac OS X 10.9; rv:29.0) Gecko/20100101 Firefox/29.0"
