85.75.42.240 - - [20/Jun/2014:11:33:47 -0400] "GET /images/Majestic_reversed_for_pages.jpg HTTP/1.1" 200 6769 "http://www.pharoahaudio.com/scripts/526536.css" "Mozilla/5.0 (Windows NT 6.1; WOW64; rv:30.0) Gecko/20100101 Firefox/30.0"
85.75.42.240 - - [20/Jun/2014:11:33:47 -0400] "GET /favicon.ico HTTP/1.1" 404 575 "-" "Mozilla/5.0 (Windows NT 6.1; WOW64; rv:30.0) Gecko/20100101 Firefox/30.0"
85.75.42.240 - - [20/Jun/2014:11:33:48 -0400] "GET /favicon.ico HTTP/1.1" 404 575 "-" "Mozilla/5.0 (Windows NT 6.1; WOW64; rv:30.0) Gecko/20100101 Firefox/30.0"
85.75.42.240 - - [20/Jun/2014:11:53:16 -0400] "GET /radiola26part1.html HTTP/1.1" 200 20077 "http://www.pharoahaudio.com/radiola26part7.html" "Mozilla/5.0 (Windows NT 6.1; WOW64; rv:30.0) Gecko/20100101 Firefox/30.0"
85.75.42.240 - - [20/Jun/2014:11:53:16 -0400] "GET /scripts/526530.css HTTP/1.1" 200 102 "http://www.pharoahaudio.com/radiola26part1.html" "Mozilla/5.0 (Windows NT 6.1; WOW64; rv:30.0) Gecko/20100101 Firefox/30.0"
85.75.42.240 - - [20/Jun/2014:11:53:16 -0400] "GET /images/hand_left_blue.gif HTTP/1.1" 200 932 "http://www.pharoahaudio.com/radiola26part1.html" "Mozilla/5.0 (Windows NT 6.1; WOW64; rv:30.0) Gecko/20100101 Firefox/30.0"
85.75.42.240 - - [20/Jun/2014:11:58:10 -0400] "GET /scripts/526521.css HTTP/1.1" 200 102 "http://www.pharoahaudio.com/ak35repair2.html" "Mozilla/5.0 (Windows NT 6.1; WOW64; rv:30.0) Gecko/20100101 Firefox/30.0"
85.75.42.240 - - [20/Jun/2014:11:58:10 -0400] "GET /images/468_AK35_RF3_grass.jpg HTTP/1.1" 200 42255 "http://www.pharoahaudio.com/ak35repair2.html" "Mozilla/5.0 (Windows NT 6.1; WOW64; rv:30.0) Gecko/20100101 Firefox/30.0"
193.150.120.14 - - [20/Jun/2014:01:56:38 -0400] "GET /ak35repair1.html HTTP/1.1" 200 18956 "http://www.world-mmo.com/" "Mozilla/4.0 (compatible; MSIE 6.0; Windows NT 5.1; SV1; .NET CLR 1.1.4322; .NET CLR 2.0.50727)"
193.150.120.14 - - [20/Jun/2014:02:18:46 -0400] "GET /ak35repair1.html HTTP/1.1" 200 18956 "http://smolotkom.ru/" "Mozilla/4.0 (compatible; MSIE 6.0; Windows NT 5.1; SV1; .NET CLR 1.1.4322; .NET CLR 2.0.50727)"
66.249.64.148 - - [20/Jun/2014:03:14:05 -0400] "GET /images/432_R26_24B_speaker_rust.JPG HTTP/1.1" 304 - "-" "Googlebot-Image/1.0"
109.169.29.30 - - [20/Jun/2014:06:18:27 -0400] "GET /mmperceptions.html HTTP/1.1" 200 19173 "-" "Mozilla/5.0 (compatible; aiHitBot/2.8; +http://endb-consolidated.aihit.com/)"
109.169.29.30 - - [20/Jun/2014:06:18:29 -0400] "GET /scripts/526528custom.css HTTP/1.1" 200 1814 "-" "Mozilla/5.0 (compatible; aiHitBot/2.8; +http://endb-consolidated.aihit.com/)"
109.169.29.30 - - [20/Jun/2014:06:18:30 -0400] "GET /mmworthit.html HTTP/1.1" 200 22151 "-" "Mozilla/5.0 (compatible; aiHitBot/2.8; +http://endb-consolidated.aihit.com/)"
109.169.29.30 - - [20/Jun/2014:06:18:32 -0400] "GET /scripts/526529custom.css HTTP/1.1" 200 1814 "-" "Mozilla/5.0 (compatible; aiHitBot/2.8; +http://endb-consolidated.aihit.com/)"
109.169.29.30 - - [20/Jun/2014:06:18:33 -0400] "GET /prevfacility.html HTTP/1.1" 200 12058 "-" "Mozilla/5.0 (compatible; aiHitBot/2.8; +http://endb-consolidated.aihit.com/)"
109.169.29.30 - - [20/Jun/2014:06:18:34 -0400] "GET /scripts/526518custom.css HTTP/1.1" 200 1479 "-" "Mozilla/5.0 (compatible; aiHitBot/2.8; +http://endb-consolidated.aihit.com/)"
109.169.29.30 - - [20/Jun/2014:06:18:36 -0400] "GET /826mix.html HTTP/1.1" 200 8716 "-" "Mozilla/5.0 (compatible; aiHitBot/2.8; +http://endb-consolidated.aihit.com/)"
109.169.29.30 - - [20/Jun/2014:06:18:37 -0400] "GET /scripts/526519custom.css HTTP/1.1" 200 1140 "-" "Mozilla/5.0 (compatible; aiHitBot/2.8; +http://endb-consolidated.aihit.com/)"
109.169.29.30 - - [20/Jun/2014:06:18:40 -0400] "GET /dialogcleanupexample.html HTTP/1.1" 200 10718 "-" "Mozilla/5.0 (compatible; aiHitBot/2.8; +http://endb-consolidated.aihit.com/)"
109.169.29.30 - - [20/Jun/2014:06:18:41 -0400] "GET /scripts/526539custom.css HTTP/1.1" 200 1478 "-" "Mozilla/5.0 (compatible; aiHitBot/2.8; +http://endb-consolidated.aihit.com/)"
109.169.29.30 - - [20/Jun/2014:06:18:43 -0400] "GET /ptvideosyncstudy.html HTTP/1.1" 200 41918 "-" "Mozilla/5.0 (compatible; aiHitBot/2.8; +http://endb-consolidated.aihit.com/)"
109.169.29.30 - - [20/Jun/2014:06:18:44 -0400] "GET /scripts/526494custom.css HTTP/1.1" 200 4508 "-" "Mozilla/5.0 (compatible; aiHitBot/2.8; +http://endb-consolidated.aihit.com/)"
109.169.29.30 - - [20/Jun/2014:06:18:46 -0400] "GET /radiola26part1.html HTTP/1.1" 200 20077 "-" "Mozilla/5.0 (compatible; aiHitBot/2.8; +http://endb-consolidated.aihit.com/)"
109.169.29.30 - - [20/Jun/2014:06:18:48 -0400] "GET /scripts/526530.css HTTP/1.1" 200 102 "-" "Mozilla/5.0 (compatible; aiHitBot/2.8; +http://endb-consolidated.aihit.com/)"
109.169.29.30 - - [20/Jun/2014:06:18:49 -0400] "GET /scripts/526530custom.css HTTP/1.1" 200 3504 "-" "Mozilla/5.0 (compatible; aiHitBot/2.8; +http://endb-consolidated.aihit.com/)"
109.169.29.30 - - [20/Jun/2014:06:18:51 -0400] "GET /radiola26part2.html HTTP/1.1" 200 28329 "-" "Mozilla/5.0 (compatible; aiHitBot/2.8; +http://endb-consolidated.aihit.com/)"
109.169.29.30 - - [20/Jun/2014:06:18:53 -0400] "GET /scripts/526531.css HTTP/1.1" 200 102 "-" "Mozilla/5.0 (compatible; aiHitBot/2.8; +http://endb-consolidated.aihit.com/)"
109.169.29.30 - - [20/Jun/2014:06:18:54 -0400] "GET /scripts/526531custom.css HTTP/1.1" 200 3506 "-" "Mozilla/5.0 (compatible; aiHitBot/2.8; +http://endb-consolidated.aihit.com/)"
109.169.29.30 - - [20/Jun/2014:06:18:57 -0400] "GET /radiola26part3.html HTTP/1.1" 200 24750 "-" "Mozilla/5.0 (compatible; aiHitBot/2.8; +http://endb-consolidated.aihit.com/)"
109.169.29.30 - - [20/Jun/2014:06:18:58 -0400] "GET /scripts/526532.css HTTP/1.1" 200 102 "-" "Mozilla/5.0 (compatible; aiHitBot/2.8; +http://endb-consolidated.aihit.com/)"
109.169.29.30 - - [20/Jun/2014:06:18:59 -0400] "GET /scripts/526532custom.css HTTP/1.1" 200 3170 "-" "Mozilla/5.0 (compatible; aiHitBot/2.8; +http://endb-consolidated.aihit.com/)"
109.169.29.30 - - [20/Jun/2014:06:19:02 -0400] "GET /radiola26part4.html HTTP/1.1" 200 26882 "-" "Mozilla/5.0 (compatible; aiHitBot/2.8; +http://endb-consolidated.aihit.com/)"
109.169.29.30 - - [20/Jun/2014:06:19:03 -0400] "GET /scripts/526533.css HTTP/1.1" 200 102 "-" "Mozilla/5.0 (compatible; aiHitBot/2.8; +http://endb-consolidated.aihit.com/)"
109.169.29.30 - - [20/Jun/2014:06:19:04 -0400] "GET /scripts/526533custom.css HTTP/1.1" 200 4184 "-" "Mozilla/5.0 (compatible; aiHitBot/2.8; +http://endb-consolidated.aihit.com/)"
208.83.156.115 - - [20/Jun/2014:06:53:30 -0400] "GET /robots.txt HTTP/1.1" 200 25 "-" "Mozilla/5.0 (compatible; FatBot 2.0; http://www.thefind.com/crawler)"
46.119.120.207 - - [20/Jun/2014:14:01:44 -0400] "GET /ak35repair1.html HTTP/1.1" 200 18956 "http://narutonaruto.ru/" "Mozilla/4.0 (compatible; MSIE 6.0; MSIE 5.5; Windows NT 4.0) Opera 7.0 [en]"
46.119.120.207 - - [20/Jun/2014:14:40:26 -0400] "GET /ak35repair1.html HTTP/1.1" 200 18956 "http://serialsway.ucoz.ru/" "Mozilla/4.0 (compatible; MSIE 6.0; MSIE 5.5; Windows NT 5.0) Opera 7.02 Bork-edition [en]"
157.254.210.20 - - [20/Jun/2014:14:43:16 -0400] "GET /scripts/526493custom.css HTTP/1.1" 200 3102 "http://www.pharoahaudio.com/syncheckproducthomepage.html" "Mozilla/5.0 (Windows NT 6.1) AppleWebKit/537.36 (KHTML, like Gecko) Chrome/35.0.1916.153 Safari/537.36"
157.254.210.20 - - [20/Jun/2014:14:43:16 -0400] "GET /scripts/photoalbum.js HTTP/1.1" 200 62481 "http://www.pharoahaudio.com/syncheckproducthomepage.html" "Mozilla/5.0 (Windows NT 6.1) AppleWebKit/537.36 (KHTML, like Gecko) Chrome/35.0.1916.153 Safari/537.36"
157.254.210.20 - - [20/Jun/2014:14:43:16 -0400] "GET /scripts/print.css HTTP/1.1" 200 11209 "http://www.pharoahaudio.com/syncheckproducthomepage.html" "Mozilla/5.0 (Windows NT 6.1) AppleWebKit/537.36 (KHTML, like Gecko) Chrome/35.0.1916.153 Safari/537.36"
157.254.210.20 - - [20/Jun/2014:14:43:17 -0400] "GET /images/250_SynFlash_New_in_boot.jpg HTTP/1.1" 200 7667 "http://www.pharoahaudio.com/syncheckproducthomepage.html" "Mozilla/5.0 (Windows NT 6.1) AppleWebKit/537.36 (KHTML, like Gecko) Chrome/35.0.1916.153 Safari/537.36"
198.147.175.203 - - [20/Jun/2014:15:42:45 -0400] "GET /syncheckproducthomepage.html HTTP/1.1" 200 23731 "http://duc.avid.com/showthread.php?t=216935" "Mozilla/5.0 (Macintosh; Intel Mac OS X 10_8_5) AppleWebKit/537.74.9 (KHTML, like Gecko) Version/6.1.2 Safari/537.74.9"
198.147.175.203 - - [20/Jun/2014:15:42:45 -0400] "GET /scripts/526493custom.css HTTP/1.1" 200 3102 "http://www.pharoahaudio.com/syncheckproducthomepage.html" "Mozilla/5.0 (Macintosh; Intel Mac OS X 10_8_5) AppleWebKit/537.74.9 (KHTML, like Gecko) Version/6.1.2 Safari/537.74.9"
24.50.87.44 - - [20/Jun/2014:16:41:22 -0400] "GET /images/886_AK35_front_900_branded.jpg HTTP/1.1" 200 37924 "-" "Mozilla/5.0 (Windows NT 6.1; Trident/7.0; rv:11.0) like Gecko"
207.46.13.78 - - [20/Jun/2014:19:28:51 -0400] "GET /legacyproductinformatio/originalsyncheck.html HTTP/1.1" 200 15206 "-" "Mozilla/5.0 (compatible; bingbot/2.0; +http://www.bing.com/bingbot.htm)"
81.82.48.225 - - [20/Jun/2014:07:06:00 -0400] "GET /soundhomepage.html HTTP/1.1" 200 15366 "http://www.pharoahaudio.com/syncheckproducthomepage/buyonline.html" "Mozilla/5.0 (Windows NT 6.3; WOW64; Trident/7.0; rv:11.0) like Gecko"
81.82.48.225 - - [20/Jun/2014:07:06:01 -0400] "GET /images/92_Syncheck_graphic_wide.JPG HTTP/1.1" 200 1976 "http://www.pharoahaudio.com/soundhomepage.html" "Mozilla/5.0 (Windows NT 6.3; WOW64; Trident/7.0; rv:11.0) like Gecko"
81.82.48.225 - - [20/Jun/2014:07:06:01 -0400] "GET /images/deletekey_contrasted_narrow_featurephoto.jpg HTTP/1.1" 200 3702 "http://www.pharoahaudio.com/soundhomepage.html" "Mozilla/5.0 (Windows NT 6.3; WOW64; Trident/7.0; rv:11.0) like Gecko"
50.115.171.43 - - [20/Jun/2014:08:23:55 -0400] "GET /syncheckproducthomepage.html HTTP/1.1" 200 23731 "http://syncheck.com/" "Mozilla/5.0 (X11; Linux x86_64) AppleWebKit/537.36 (KHTML, like Gecko) Chrome/27.0.1453.110 Safari/537.36"
50.115.171.43 - - [20/Jun/2014:08:23:56 -0400] "GET /legacyproductinformatio/originalsyncheck.html HTTP/1.1" 200 15206 "http://www.pharoahaudio.com/syncheckproducthomepage.html" "Mozilla/5.0 (X11; Linux x86_64) AppleWebKit/537.36 (KHTML, like Gecko) Chrome/27.0.1453.110 Safari/537.36"
66.249.64.143 - - [20/Jun/2014:08:28:46 -0400] "GET /images/SyncheckII_Manuel_utilisateur_v1.0_fr.pdf HTTP/1.1" 200 270231 "-" "Mozilla/5.0 (iPhone; CPU iPhone OS 6_0 like Mac OS X) AppleWebKit/536.26 (KHTML, like Gecko) Version/6.0 Mobile/10A5376e Safari/8536.25 (compatible; Googlebot/2.1; +http://www.google.com/bot.html)"
88.247.127.137 - - [20/Jun/2014:09:16:50 -0400] "GET /scripts/website.css HTTP/1.1" 200 1916 "http://www.pharoahaudio.com/ptvideosyncstudy.html" "Mozilla/5.0 (Macintosh; Intel Mac OS X 10_6_8) AppleWebKit/534.59.10 (KHTML, like Gecko) Version/5.1.9 Safari/534.59.10"
88.247.127.137 - - [20/Jun/2014:09:16:51 -0400] "GET /scripts/icwebsiteelement.css HTTP/1.1" 200 8132 "http://www.pharoahaudio.com/ptvideosyncstudy.html" "Mozilla/5.0 (Macintosh; Intel Mac OS X 10_6_8) AppleWebKit/534.59.10 (KHTML, like Gecko) Version/5.1.9 Safari/534.59.10"
46.118.155.40 - - [20/Jun/2014:09:23:36 -0400] "GET /ak35repair1.html HTTP/1.1" 200 18956 "http://android-systems.ru/" "Mozilla/4.0 (compatible; MSIE 6.0; Windows NT 5.1)"
85.75.42.240 - - [20/Jun/2014:11:55:32 -0400] "GET /scripts/526533custom.css HTTP/1.1" 200 4184 "http://www.pharoahaudio.com/radiola26part4.html" "Mozilla/5.0 (Windows NT 6.1; WOW64; rv:30.0) Gecko/20100101 Firefox/30.0"
85.75.42.240 - - [20/Jun/2014:11:55:32 -0400] "GET /images/432_R26_18_catacomb_melted_CU.JPG HTTP/1.1" 200 28564 "http://www.pharoahaudio.com/radiola26part4.html" "Mozilla/5.0 (Windows NT 6.1; WOW64; rv:30.0) Gecko/20100101 Firefox/30.0"
85.75.42.240 - - [20/Jun/2014:11:56:50 -0400] "GET /images/448_AK55-08c.JPG HTTP/1.1" 200 22739 "http://www.pharoahaudio.com/ak55cpart2.html" "Mozilla/5.0 (Windows NT 6.1; WOW64; rv:30.0) Gecko/20100101 Firefox/30.0"
85.75.42.240 - - [20/Jun/2014:11:57:17 -0400] "GET /images/540_AK55-14.JPG HTTP/1.1" 200 33975 "http://www.pharoahaudio.com/ak55cpart3.html" "Mozilla/5.0 (Windows NT 6.1; WOW64; rv:30.0) Gecko/20100101 Firefox/30.0"
85.75.42.240 - - [20/Jun/2014:11:59:15 -0400] "GET /images/428_AK35_varicap_rust.jpg HTTP/1.1" 200 36208 "http://www.pharoahaudio.com/ak35repair2.html" "Mozilla/5.0 (Windows NT 6.1; WOW64; rv:30.0) Gecko/20100101 Firefox/30.0"
85.75.42.240 - - [20/Jun/2014:11:59:44 -0400] "GET /ak35repair5.html HTTP/1.1" 200 21319 "http://www.pharoahaudio.com/ak35repair4.html" "Mozilla/5.0 (Windows NT 6.1; WOW64; rv:30.0) Gecko/20100101 Firefox/30.0"
85.75.42.240 - - [20/Jun/2014:11:59:44 -0400] "GET /images/550_AK_ship_logo1_CC.jpg HTTP/1.1" 200 62847 "http://www.pharoahaudio.com/ak35repair5.html" "Mozilla/5.0 (Windows NT 6.1; WOW64; rv:30.0) Gecko/20100101 Firefox/30.0"
83.149.126.98 - - [20/Jun/2014:02:20:18 -0400] "GET /syncheckproducthomepage.html HTTP/1.0" 200 23731 "-" "Mozilla/5.0 (compatible; MJ12bot/v1.4.5; http://www.majestic12.co.uk/bot.php?+)"
66.249.64.148 - - [20/Jun/2014:03:18:19 -0400] "GET /images/550_AK35_bottom_900.jpg HTTP/1.1" 304 - "-" "Googlebot-Image/1.0"
157.55.39.111 - - [20/Jun/2014:06:01:15 -0400] "GET /scripts/ic_globals_published.js HTTP/1.1" 200 566 "-" "Mozilla/5.0 (compatible; bingbot/2.0; +http://www.bing.com/bingbot.htm)"
157.55.39.111 - - [20/Jun/2014:06:01:15 -0400] "GET /scripts/526552custom.css HTTP/1.1" 200 4847 "-" "Mozilla/5.0 (compatible; bingbot/2.0; +http://www.bing.com/bingbot.htm)"
157.55.39.111 - - [20/Jun/2014:06:01:15 -0400] "GET /scripts/template.css HTTP/1.1" 200 11360 "-" "Mozilla/5.0 (compatible; bingbot/2.0; +http://www.bing.com/bingbot.htm)"
157.55.39.16 - - [20/Jun/2014:16:18:20 -0400] "GET /scripts/526523.css HTTP/1.1" 200 102 "-" "Mozilla/5.0 (compatible; bingbot/2.0; +http://www.bing.com/bingbot.htm)"
134.249.76.109 - - [20/Jun/2014:17:09:30 -0400] "GET /syncheckproducthomepage/syncheck3.html HTTP/1.1" 200 21686 "http://invesome.biz/" "Opera/7.11 (Windows NT 5.1; U) [en]"
24.203.26.114 - - [20/Jun/2014:20:21:41 -0400] "GET /scripts/526549.css HTTP/1.1" 200 102 "http://www.pharoahaudio.com/ak55cpart2.html" "Mozilla/5.0 (Windows NT 6.1; WOW64) AppleWebKit/537.36 (KHTML, like Gecko) Chrome/35.0.1916.153 Safari/537.36"
24.203.26.114 - - [20/Jun/2014:20:21:41 -0400] "GET /images/448_AK55-09.JPG HTTP/1.1" 200 26623 "http://www.pharoahaudio.com/ak55cpart2.html" "Mozilla/5.0 (Windows NT 6.1; WOW64) AppleWebKit/537.36 (KHTML, like Gecko) Chrome/35.0.1916.153 Safari/537.36"
157.55.39.15 - - [20/Jun/2014:20:58:32 -0400] "GET /soundhomepage/videoclips.html HTTP/1.1" 200 23272 "-" "Mozilla/5.0 (compatible; bingbot/2.0; +http://www.bing.com/bingbot.htm)"
183.60.212.137 - - [20/Jun/2014:21:06:33 -0400] "GET /syncheckproducthomepage.html HTTP/1.1" 200 23731 "-" "Mozilla/5.0 (compatible; EasouSpider; +http://www.easou.com/search/spider.html)"
208.83.156.150 - - [20/Jun/2014:21:16:58 -0400] "GET /scripts/icwebsiteelement.css HTTP/1.1" 200 8132 "-" "Mozilla/5.0 (compatible; FatBot 2.0; http://www.thefind.com/crawler)"
208.83.156.118 - - [20/Jun/2014:22:53:30 -0400] "GET /scripts/526507custom.css HTTP/1.1" 200 1477 "-" "Mozilla/5.0 (compatible; FatBot 2.0; http://www.thefind.com/crawler)"
88.247.127.137 - - [20/Jun/2014:09:16:39 -0400] "GET /scripts/ic_globals_published.js HTTP/1.1" 200 566 "http://www.pharoahaudio.com/ptvideosyncstudy.html" "Mozilla/5.0 (Macintosh; Intel Mac OS X 10_6_8) AppleWebKit/534.59.10 (KHTML, like Gecko) Version/5.1.9 Safari/534.59.10"
88.247.127.137 - - [20/Jun/2014:09:16:39 -0400] "GET /scripts/user.js HTTP/1.1" 200 23762 "http://www.pharoahaudio.com/ptvideosyncstudy.html" "Mozilla/5.0 (Macintosh; Intel Mac OS X 10_6_8) AppleWebKit/534.59.10 (KHTML, like Gecko) Version/5.1.9 Safari/534.59.10"
88.247.127.137 - - [20/Jun/2014:09:16:39 -0400] "GET /scripts/526494custom.css HTTP/1.1" 200 4508 "http://www.pharoahaudio.com/ptvideosyncstudy.html" "Mozilla/5.0 (Macintosh; Intel Mac OS X 10_6_8) AppleWebKit/534.59.10 (KHTML, like Gecko) Version/5.1.9 Safari/534.59.10"
88.247.127.137 - - [20/Jun/2014:09:16:40 -0400] "GET /images/ic_002_body_bg.gif HTTP/1.1" 200 304 "http://www.pharoahaudio.com/ptvideosyncstudy.html" "Mozilla/5.0 (Macintosh; Intel Mac OS X 10_6_8) AppleWebKit/534.59.10 (KHTML, like Gecko) Version/5.1.9 Safari/534.59.10"
88.247.127.137 - - [20/Jun/2014:09:16:40 -0400] "GET /images/deletekey_contrasted_narrow_featurephoto.jpg HTTP/1.1" 200 3702 "http://www.pharoahaudio.com/ptvideosyncstudy.html" "Mozilla/5.0 (Macintosh; Intel Mac OS X 10_6_8) AppleWebKit/534.59.10 (KHTML, like Gecko) Version/5.1.9 Safari/534.59.10"
65.52.120.129 - - [20/Jun/2014:10:48:06 -0400] "GET / HTTP/1.1" 200 15366 "-" "Scrapy/0.22.2 (+http://scrapy.org)"
65.52.120.129 - - [20/Jun/2014:10:48:07 -0400] "GET /soundhomepage/aboutrichardfairbanks.html HTTP/1.1" 200 14943 "http://www.pharoaheditorial.com" "Scrapy/0.22.2 (+http://scrapy.org)"
85.75.42.240 - - [20/Jun/2014:11:56:06 -0400] "GET /scripts/526541.css HTTP/1.1" 200 102 "http://www.pharoahaudio.com/radiola26part8.html" "Mozilla/5.0 (Windows NT 6.1; WOW64; rv:30.0) Gecko/20100101 Firefox/30.0"
85.75.42.240 - - [20/Jun/2014:11:56:06 -0400] "GET /images/603_R26_38_battery_wires_before.jpg HTTP/1.1" 200 51638 "http://www.pharoahaudio.com/radiola26part8.html" "Mozilla/5.0 (Windows NT 6.1; WOW64; rv:30.0) Gecko/20100101 Firefox/30.0"
85.75.42.240 - - [20/Jun/2014:11:59:33 -0400] "GET /scripts/526525.css HTTP/1.1" 200 102 "http://www.pharoahaudio.com/ak35repair5.html" "Mozilla/5.0 (Windows NT 6.1; WOW64; rv:30.0) Gecko/20100101 Firefox/30.0"
85.75.42.240 - - [20/Jun/2014:11:59:33 -0400] "GET /images/448_AK35_tuning_linkage.jpg HTTP/1.1" 200 25172 "http://www.pharoahaudio.com/ak35repair5.html" "Mozilla/5.0 (Windows NT 6.1; WOW64; rv:30.0) Gecko/20100101 Firefox/30.0"
24.90.96.174 - - [20/Jun/2014:13:03:28 -0400] "GET /scripts/icwebsiteelement.css HTTP/1.1" 200 8132 "http://www.pharoahaudio.com/syncheckproducthomepage/downloads.html" "Mozilla/5.0 (Macintosh; Intel Mac OS X 10_9_3) AppleWebKit/537.36 (KHTML, like Gecko) Chrome/35.0.1916.153 Safari/537.36"
95.152.237.207 - - [20/Jun/2014:15:26:20 -0400] "GET /images/432_T14_new_contact.jpg HTTP/1.1" 200 20791 "http://www.pharoahaudio.com/tweeterfixpart4.html" "Mozilla/5.0 (Windows NT 6.1; WOW64; rv:30.0) Gecko/20100101 Firefox/30.0"
195.154.215.228 - - [20/Jun/2014:18:04:53 -0400] "GET /news.html HTTP/1.1" 200 39109 "http://www.pharoahaudio.com/" "Mozilla/5.0 (Macintosh; Intel Mac OS X 10_8_3) AppleWebKit/537.36 (KHTML, like Gecko) Chrome/28.0.1500.71 Safari/537.36"
195.154.215.228 - - [20/Jun/2014:18:04:55 -0400] "GET /legacyproductinformatio/originalsyncheck.html HTTP/1.1" 200 15206 "http://www.pharoahaudio.com/news.html" "Mozilla/5.0 (Macintosh; Intel Mac OS X 10_8_3) AppleWebKit/537.36 (KHTML, like Gecko) Chrome/28.0.1500.71 Safari/537.36"
183.60.213.25 - - [20/Jun/2014:20:59:13 -0400] "GET /soundhomepage.html HTTP/1.1" 200 15366 "-" "Mozilla/5.0 (compatible; EasouSpider; +http://www.easou.com/search/spider.html)"
65.38.62.144 - - [20/Jun/2014:23:11:06 -0400] "GET /radiola26part2.html HTTP/1.1" 200 28329 "http://www.bing.com/search?q=catacomb+radiola&pc=MOZI&form=MOZSBR" "Mozilla/5.0 (Windows NT 6.0; rv:30.0) Gecko/20100101 Firefox/30.0"
65.38.62.144 - - [20/Jun/2014:23:11:07 -0400] "GET /scripts/print.css HTTP/1.1" 200 11209 "http://www.pharoahaudio.com/radiola26part2.html" "Mozilla/5.0 (Windows NT 6.0; rv:30.0) Gecko/20100101 Firefox/30.0"
65.38.62.144 - - [20/Jun/2014:23:11:08 -0400] "GET /images/432_R26_02_lid_open_unexposed.jpg HTTP/1.1" 200 26180 "http://www.pharoahaudio.com/radiola26part2.html" "Mozilla/5.0 (Windows NT 6.0; rv:30.0) Gecko/20100101 Firefox/30.0"
65.38.62.144 - - [20/Jun/2014:23:11:08 -0400] "GET /images/448_R26_08_antenna_mounted_back.JPG HTTP/1.1" 200 16416 "http://www.pharoahaudio.com/radiola26part2.html" "Mozilla/5.0 (Windows NT 6.0; rv:30.0) Gecko/20100101 Firefox/30.0"
65.38.62.144 - - [20/Jun/2014:23:11:08 -0400] "GET /images/ic_002_body_bg.gif HTTP/1.1" 200 304 "http://www.pharoahaudio.com/scripts/template.css" "Mozilla/5.0 (Windows NT 6.0; rv:30.0) Gecko/20100101 Firefox/30.0"
65.38.62.144 - - [20/Jun/2014:23:11:08 -0400] "GET /images/ic_002_banner_bg.jpg HTTP/1.1" 200 2521 "http://www.pharoahaudio.com/scripts/template.css" "Mozilla/5.0 (Windows NT 6.0; rv:30.0) Gecko/20100101 Firefox/30.0"
65.38.62.144 - - [20/Jun/2014:23:11:09 -0400] "GET /images/Majestic_reversed_for_pages.jpg HTTP/1.1" 200 6769 "http://www.pharoahaudio.com/scripts/526531.css" "Mozilla/5.0 (Windows NT 6.0; rv:30.0) Gecko/20100101 Firefox/30.0"
46.229.160.208 - - [20/Jun/2014:23:34:29 -0400] "GET /images/AK55_install_to_cabinet_guide.pdf HTTP/1.1" 200 572383 "-" "Mozilla/5.0 (Macintosh; U; Intel Mac OS X 10_4_11; en) AppleWebKit/525.27.1 (KHTML, like Gecko) Version/3.2.1 Safari/525.27.1"
157.55.39.15 - - [20/Jun/2014:11:35:51 -0400] "GET /radiola26part5.html HTTP/1.1" 304 - "-" "Mozilla/5.0 (compatible; bingbot/2.0; +http://www.bing.com/bingbot.htm)"
85.75.42.240 - - [20/Jun/2014:11:56:15 -0400] "GET /images/170_AK55C_refinished_front.JPG HTTP/1.1" 200 7480 "http://www.pharoahaudio.com/yeolderadiomuseum.html" "Mozilla/5.0 (Windows NT 6.1; WOW64; rv:30.0) Gecko/20100101 Firefox/30.0"
85.75.42.240 - - [20/Jun/2014:11:56:15 -0400] "GET /images/photoalbum/button_photoSpeed2_ON.jpg HTTP/1.1" 200 492 "http://www.pharoahaudio.com/yeolderadiomuseum.html" "Mozilla/5.0 (Windows NT 6.1; WOW64; rv:30.0) Gecko/20100101 Firefox/30.0"
85.75.42.240 - - [20/Jun/2014:11:56:16 -0400] "GET /images/480_Crystal_Whisker_Set_early_20s.JPG HTTP/1.1" 200 20164 "http://www.pharoahaudio.com/yeolderadiomuseum.html" "Mozilla/5.0 (Windows NT 6.1; WOW64; rv:30.0) Gecko/20100101 Firefox/30.0"
85.75.42.240 - - [20/Jun/2014:11:56:16 -0400] "GET /images/360_GE_K105.jpg HTTP/1.1" 200 30923 "http://www.pharoahaudio.com/yeolderadiomuseum.html" "Mozilla/5.0 (Windows NT 6.1; WOW64; rv:30.0) Gecko/20100101 Firefox/30.0"
85.75.42.240 - - [20/Jun/2014:11:56:16 -0400] "GET /images/480_Sparton5218.JPG HTTP/1.1" 200 29409 "http://www.pharoahaudio.com/yeolderadiomuseum.html" "Mozilla/5.0 (Windows NT 6.1; WOW64; rv:30.0) Gecko/20100101 Firefox/30.0"
85.75.42.240 - - [20/Jun/2014:11:56:17 -0400] "GET /images/480_Philco_46-1226_console.jpg HTTP/1.1" 200 34754 "http://www.pharoahaudio.com/yeolderadiomuseum.html" "Mozilla/5.0 (Windows NT 6.1; WOW64; rv:30.0) Gecko/20100101 Firefox/30.0"
85.75.42.240 - - [20/Jun/2014:11:56:17 -0400] "GET /images/480_Zenith_H511_Consoletone.JPG HTTP/1.1" 200 18427 "http://www.pharoahaudio.com/yeolderadiomuseum.html" "Mozilla/5.0 (Windows NT 6.1; WOW64; rv:30.0) Gecko/20100101 Firefox/30.0"
85.75.42.240 - - [20/Jun/2014:11:56:17 -0400] "GET /images/94_Crosley51_OpCl.jpg HTTP/1.1" 200 3242 "http://www.pharoahaudio.com/yeolderadiomuseum.html" "Mozilla/5.0 (Windows NT 6.1; WOW64; rv:30.0) Gecko/20100101 Firefox/30.0"
85.75.42.240 - - [20/Jun/2014:11:59:14 -0400] "GET /scripts/526523.css HTTP/1.1" 200 102 "http://www.pharoahaudio.com/ak35repair3.html" "Mozilla/5.0 (Windows NT 6.1; WOW64; rv:30.0) Gecko/20100101 Firefox/30.0"
85.75.42.240 - - [20/Jun/2014:11:59:14 -0400] "GET /images/448_AK35_tapped_resistor_crop.jpg HTTP/1.1" 200 29416 "http://www.pharoahaudio.com/ak35repair3.html" "Mozilla/5.0 (Windows NT 6.1; WOW64; rv:30.0) Gecko/20100101 Firefox/30.0"
85.75.42.240 - - [20/Jun/2014:11:59:26 -0400] "GET /scripts/526524custom.css HTTP/1.1" 200 3168 "http://www.pharoahaudio.com/ak35repair4.html" "Mozilla/5.0 (Windows NT 6.1; WOW64; rv:30.0) Gecko/20100101 Firefox/30.0"
123.125.71.101 - - [20/Jun/2014:13:56:12 -0400] "GET /news.html HTTP/1.1" 200 39109 "-" "Mozilla/5.0 (compatible; Baiduspider/2.0; +http://www.baidu.com/search/spider.html)"
42.156.137.19 - - [20/Jun/2014:01:38:18 -0400] "GET /syncheckproducthomepage.html HTTP/1.1" 200 23731 "-" "YisouSpider"
66.249.64.143 - - [20/Jun/2014:05:50:21 -0400] "GET /radiola26part1.html HTTP/1.1" 200 20077 "-" "Mozilla/5.0 (iPhone; CPU iPhone OS 6_0 like Mac OS X) AppleWebKit/536.26 (KHTML, like Gecko) Version/6.0 Mobile/10A5376e Safari/8536.25 (compatible; Googlebot/2.1; +http://www.google.com/bot.html)"
162.210.196.97 - - [20/Jun/2014:06:03:19 -0400] "GET /syncheckproducthomepage/shippingcosts.html HTTP/1.0" 200 10581 "-" "Mozilla/5.0 (compatible; MJ12bot/v1.4.5; http://www.majestic12.co.uk/bot.php?+)"
109.169.29.30 - - [20/Jun/2014:06:18:49 -0400] "GET /scripts/526522custom.css HTTP/1.1" 200 3503 "-" "Mozilla/5.0 (compatible; aiHitBot/2.8; +http://endb-consolidated.aihit.com/)"
109.169.29.30 - - [20/Jun/2014:06:18:51 -0400] "GET /ak35repair2.html HTTP/1.1" 200 22611 "-" "Mozilla/5.0 (compatible; aiHitBot/2.8; +http://endb-consolidated.aihit.com/)"
109.169.29.30 - - [20/Jun/2014:06:18:53 -0400] "GET /scripts/526521.css HTTP/1.1" 200 102 "-" "Mozilla/5.0 (compatible; aiHitBot/2.8; +http://endb-consolidated.aihit.com/)"
109.169.29.30 - - [20/Jun/2014:06:18:54 -0400] "GET /scripts/526521custom.css HTTP/1.1" 200 3839 "-" "Mozilla/5.0 (compatible; aiHitBot/2.8; +http://endb-consolidated.aihit.com/)"
109.169.29.30 - - [20/Jun/2014:06:18:56 -0400] "GET /ak35repair3.html HTTP/1.1" 200 22318 "-" "Mozilla/5.0 (compatible; aiHitBot/2.8; +http://endb-consolidated.aihit.com/)"
109.169.29.30 - - [20/Jun/2014:06:18:57 -0400] "GET /scripts/526523.css HTTP/1.1" 200 102 "-" "Mozilla/5.0 (compatible; aiHitBot/2.8; +http://endb-consolidated.aihit.com/)"
109.169.29.30 - - [20/Jun/2014:06:18:58 -0400] "GET /scripts/526523custom.css HTTP/1.1" 200 3168 "-" "Mozilla/5.0 (compatible; aiHitBot/2.8; +http://endb-consolidated.aihit.com/)"
109.169.29.30 - - [20/Jun/2014:06:19:01 -0400] "GET /ak35repair4.html HTTP/1.1" 200 22340 "-" "Mozilla/5.0 (compatible; aiHitBot/2.8; +http://endb-consolidated.aihit.com/)"
109.169.29.30 - - [20/Jun/2014:06:19:02 -0400] "GET /scripts/526524.css HTTP/1.1" 200 102 "-" "Mozilla/5.0 (compatible; aiHitBot/2.8; +http://endb-consolidated.aihit.com/)"
109.169.29.30 - - [20/Jun/2014:06:19:03 -0400] "GET /scripts/526524custom.css HTTP/1.1" 200 3168 "-" "Mozilla/5.0 (compatible; aiHitBot/2.8; +http://endb-consolidated.aihit.com/)"
109.169.29.30 - - [20/Jun/2014:06:19:05 -0400] "GET /ak35repair5.html HTTP/1.1" 200 21319 "-" "Mozilla/5.0 (compatible; aiHitBot/2.8; +http://endb-consolidated.aihit.com/)"
109.169.29.30 - - [20/Jun/2014:06:19:07 -0400] "GET /scripts/526525.css HTTP/1.1" 200 102 "-" "Mozilla/5.0 (compatible; aiHitBot/2.8; +http://endb-consolidated.aihit.com/)"
109.169.29.30 - - [20/Jun/2014:06:19:08 -0400] "GET /scripts/526525custom.css HTTP/1.1" 200 2830 "-" "Mozilla/5.0 (compatible; aiHitBot/2.8; +http://endb-consolidated.aihit.com/)"
109.169.29.30 - - [20/Jun/2014:06:19:09 -0400] "GET /audioprep.html HTTP/1.1" 200 64912 "-" "Mozilla/5.0 (compatible; aiHitBot/2.8; +http://endb-consolidated.aihit.com/)"
109.169.29.30 - - [20/Jun/2014:06:19:11 -0400] "GET /scripts/526492custom.css HTTP/1.1" 200 2151 "-" "Mozilla/5.0 (compatible; aiHitBot/2.8; +http://endb-consolidated.aihit.com/)"
109.169.29.30 - - [20/Jun/2014:06:19:13 -0400] "GET /brokenlink.html HTTP/1.1" 200 8959 "-" "Mozilla/5.0 (compatible; aiHitBot/2.8; +http://endb-consolidated.aihit.com/)"
109.169.29.30 - - [20/Jun/2014:06:19:14 -0400] "GET /scripts/526506custom.css HTTP/1.1" 200 1476 "-" "Mozilla/5.0 (compatible; aiHitBot/2.8; +http://endb-consolidated.aihit.com/)"
109.169.29.30 - - [20/Jun/2014:06:19:16 -0400] "GET /mmloudness.html HTTP/1.1" 200 22000 "-" "Mozilla/5.0 (compatible; aiHitBot/2.8; +http://endb-consolidated.aihit.com/)"
109.169.29.30 - - [20/Jun/2014:06:19:18 -0400] "GET /scripts/526527custom.css HTTP/1.1" 200 1814 "-" "Mozilla/5.0 (compatible; aiHitBot/2.8; +http://endb-consolidated.aihit.com/)"
75.73.42.246 - - [20/Jun/2014:14:36:38 -0400] "GET /syncheckproducthomepage/syncheck3.html HTTP/1.1" 200 21686 "-" "Mozilla/5.0 (iPhone; CPU iPhone OS 7_1_1 like Mac OS X) AppleWebKit/537.51.2 (KHTML, like Gecko) Version/7.0 Mobile/11D201 Safari/9537.53"
75.73.42.246 - - [20/Jun/2014:14:36:39 -0400] "GET /scripts/template.css HTTP/1.1" 200 11360 "http://www.pharoahaudio.com/syncheckproducthomepage/syncheck3.html" "Mozilla/5.0 (iPhone; CPU iPhone OS 7_1_1 like Mac OS X) AppleWebKit/537.51.2 (KHTML, like Gecko) Version/7.0 Mobile/11D201 Safari/9537.53"
75.73.42.246 - - [20/Jun/2014:14:36:39 -0400] "GET /scripts/user.js HTTP/1.1" 200 23762 "http://www.pharoahaudio.com/syncheckproducthomepage/syncheck3.html" "Mozilla/5.0 (iPhone; CPU iPhone OS 7_1_1 like Mac OS X) AppleWebKit/537.51.2 (KHTML, like Gecko) Version/7.0 Mobile/11D201 Safari/9537.53"
75.73.42.246 - - [20/Jun/2014:14:36:39 -0400] "GET /images/hand_left_blue.gif HTTP/1.1" 200 932 "http://www.pharoahaudio.com/syncheckproducthomepage/syncheck3.html" "Mozilla/5.0 (iPhone; CPU iPhone OS 7_1_1 like Mac OS X) AppleWebKit/537.51.2 (KHTML, like Gecko) Version/7.0 Mobile/11D201 Safari/9537.53"
75.73.42.246 - - [20/Jun/2014:14:36:39 -0400] "GET /scripts/print.css HTTP/1.1" 200 11209 "http://www.pharoahaudio.com/syncheckproducthomepage/syncheck3.html" "Mozilla/5.0 (iPhone; CPU iPhone OS 7_1_1 like Mac OS X) AppleWebKit/537.51.2 (KHTML, like Gecko) Version/7.0 Mobile/11D201 Safari/9537.53"
95.152.237.207 - - [20/Jun/2014:15:24:09 -0400] "GET /images/432_T7_fingerprints.jpg HTTP/1.1" 200 21034 "http://www.pharoahaudio.com/tweeterfixpart2.html" "Mozilla/5.0 (Windows NT 6.1; WOW64; rv:30.0) Gecko/20100101 Firefox/30.0"
198.147.175.203 - - [20/Jun/2014:15:44:34 -0400] "GET /soundhomepage/facility.html HTTP/1.1" 200 12409 "http://www.pharoahaudio.com/syncheckproducthomepage.html" "Mozilla/5.0 (Macintosh; Intel Mac OS X 10_8_5) AppleWebKit/537.74.9 (KHTML, like Gecko) Version/6.1.2 Safari/537.74.9"
198.147.175.203 - - [20/Jun/2014:15:44:34 -0400] "GET /images/440_walls_layout_web.jpg HTTP/1.1" 200 18561 "http://www.pharoahaudio.com/soundhomepage/facility.html" "Mozilla/5.0 (Macintosh; Intel Mac OS X 10_8_5) AppleWebKit/537.74.9 (KHTML, like Gecko) Version/6.1.2 Safari/537.74.9"
150.70.97.89 - - [20/Jun/2014:16:48:35 -0400] "GET /images/121_poland_flag.jpg HTTP/1.1" 200 1710 "-" "Mozilla/4.0 (compatible; MSIE 8.0; Windows NT 5.1; Trident/4.0)"
176.194.200.113 - - [20/Jun/2014:21:21:55 -0400] "GET /images/500_SynFlash_New_in_boot.jpg HTTP/1.1" 200 20690 "http://yandex.ru/images/search?p=17&text=%D1%81%D0%BF%D0%BE%D1%80%D1%82%D0%B8%D0%B2%D0%BD%D1%8B%D0%B9%20%D0%BA%D0%BE%D1%81%D1%82%D1%8E%D0%BC%20%D0%BC%D1%83%D0%B6%20%D0%B4%D0%BB%D1%8F%20%D0%B1%D0%B5%D0%B3%D0%B0%20%D1%87%D1%91%D1%80%D0%BD%D1%8B%D0%B9%20%D0%B7%D0%B5%D0%BB%D1%91%D0%BD%D1%8B%D0%B9&pos=534&uinfo=sw-1440-sh-900-ww-1122-wh-738-pd-1-wp-16x10_1440x900&rpt=simage&_=1403313716392&pin=1&img_url=http%3A%2F%2Ffotogai.ru%2Fuploads%2Fimages%2F00%2F83%2F72%2F2013%2F04%2F15%2F7c64d5d231.jpg" "Mozilla/5.0 (Windows NT 5.1; rv:30.0) Gecko/20100101 Firefox/30.0"
82.159.156.66 - - [20/Jun/2014:07:16:57 -0400] "GET /scripts/template.css HTTP/1.1" 200 11360 "http://www.pharoahaudio.com/legacyproductinformatio/faqsyncheckii.html" "Mozilla/5.0 (Windows NT 6.1) AppleWebKit/537.36 (KHTML, like Gecko) Chrome/35.0.1916.153 Safari/537.36"
82.159.156.66 - - [20/Jun/2014:07:16:58 -0400] "GET /images/ic_002_body_bg.gif HTTP/1.1" 200 304 "http://www.pharoahaudio.com/legacyproductinformatio/faqsyncheckii.html" "Mozilla/5.0 (Windows NT 6.1) AppleWebKit/537.36 (KHTML, like Gecko) Chrome/35.0.1916.153 Safari/537.36"
195.195.81.200 - - [20/Jun/2014:10:20:45 -0400] "GET /scripts/template.css HTTP/1.1" 200 11360 "http://www.pharoahaudio.com/ptvideosyncstudy.html" "Mozilla/5.0 (Macintosh; Intel Mac OS X 10.8; rv:30.0) Gecko/20100101 Firefox/30.0"
85.75.42.240 - - [20/Jun/2014:11:55:33 -0400] "GET /scripts/526534custom.css HTTP/1.1" 200 2832 "http://www.pharoahaudio.com/radiola26part5.html" "Mozilla/5.0 (Windows NT 6.1; WOW64; rv:30.0) Gecko/20100101 Firefox/30.0"
85.75.42.240 - - [20/Jun/2014:11:55:34 -0400] "GET /images/432_R26_24_bypass_reinstalled.JPG HTTP/1.1" 200 26120 "http://www.pharoahaudio.com/radiola26part5.html" "Mozilla/5.0 (Windows NT 6.1; WOW64; rv:30.0) Gecko/20100101 Firefox/30.0"
85.75.42.240 - - [20/Jun/2014:11:55:42 -0400] "GET /images/432_R26_25_speaker_old_pad.JPG HTTP/1.1" 200 22107 "http://www.pharoahaudio.com/radiola26part6.html" "Mozilla/5.0 (Windows NT 6.1; WOW64; rv:30.0) Gecko/20100101 Firefox/30.0"
85.75.42.240 - - [20/Jun/2014:11:55:42 -0400] "GET /images/282_R26_33_make_pad6.JPG HTTP/1.1" 200 12775 "http://www.pharoahaudio.com/radiola26part6.html" "Mozilla/5.0 (Windows NT 6.1; WOW64; rv:30.0) Gecko/20100101 Firefox/30.0"
85.75.42.240 - - [20/Jun/2014:11:56:39 -0400] "GET /images/448_AK55-08b.JPG HTTP/1.1" 200 26644 "http://www.pharoahaudio.com/ak55cpart2.html" "Mozilla/5.0 (Windows NT 6.1; WOW64; rv:30.0) Gecko/20100101 Firefox/30.0"
85.75.42.240 - - [20/Jun/2014:11:57:06 -0400] "GET /scripts/526550custom.css HTTP/1.1" 200 3161 "http://www.pharoahaudio.com/ak55cpart3.html" "Mozilla/5.0 (Windows NT 6.1; WOW64; rv:30.0) Gecko/20100101 Firefox/30.0"
85.75.42.240 - - [20/Jun/2014:11:57:06 -0400] "GET /images/540_AK55-15.JPG HTTP/1.1" 200 38163 "http://www.pharoahaudio.com/ak55cpart3.html" "Mozilla/5.0 (Windows NT 6.1; WOW64; rv:30.0) Gecko/20100101 Firefox/30.0"
85.75.42.240 - - [20/Jun/2014:11:58:49 -0400] "GET /images/480_EMUD_RJ196.JPG HTTP/1.1" 206 3080 "http://www.pharoahaudio.com/yeolderadiomuseum.html" "Mozilla/5.0 (Windows NT 6.1; WOW64; rv:30.0) Gecko/20100101 Firefox/30.0"
46.119.120.207 - - [20/Jun/2014:14:02:42 -0400] "GET /ak35repair1.html HTTP/1.1" 200 18956 "http://narutonaruto.ru/" "Mozilla/4.0 (compatible; MSIE 6.0; MSIE 5.5; Windows NT 4.0) Opera 7.0 [en]"
46.119.120.207 - - [20/Jun/2014:14:11:39 -0400] "GET /ak35repair1.html HTTP/1.1" 200 18956 "http://replica-watch.ru/" "Opera/7.60 (Windows NT 5.2; U) [en] (IBM EVV/3.0/EAK01AG9/LE)"
157.254.210.20 - - [20/Jun/2014:14:44:08 -0400] "GET /syncheckproducthomepage.html HTTP/1.1" 200 23731 "https://www.google.com/" "Mozilla/5.0 (Windows NT 6.1) AppleWebKit/537.36 (KHTML, like Gecko) Chrome/35.0.1916.153 Safari/537.36"
157.254.210.20 - - [20/Jun/2014:14:44:10 -0400] "GET /images/100_Syncheck_graphic_wide.JPG HTTP/1.1" 200 2076 "http://www.pharoahaudio.com/syncheckproducthomepage.html" "Mozilla/5.0 (Windows NT 6.1) AppleWebKit/537.36 (KHTML, like Gecko) Chrome/35.0.1916.153 Safari/537.36"
157.254.210.20 - - [20/Jun/2014:14:44:10 -0400] "GET /images/ic_002_banner_bg_wide.jpg HTTP/1.1" 200 5805 "http://www.pharoahaudio.com/syncheckproducthomepage.html" "Mozilla/5.0 (Windows NT 6.1) AppleWebKit/537.36 (KHTML, like Gecko) Chrome/35.0.1916.153 Safari/537.36"
157.254.210.20 - - [20/Jun/2014:14:44:11 -0400] "GET /favicon.ico HTTP/1.1" 404 575 "-" "Mozilla/5.0 (Windows NT 6.1) AppleWebKit/537.36 (KHTML, like Gecko) Chrome/35.0.1916.153 Safari/537.36"
100.43.81.149 - - [20/Jun/2014:00:33:54 -0400] "GET /syncheckproducthomepage.html HTTP/1.1" 200 23731 "-" "Mozilla/5.0 (compatible; YandexBot/3.0; +http://yandex.com/bots)"
109.169.29.30 - - [20/Jun/2014:06:18:33 -0400] "GET /scripts/526520custom.css HTTP/1.1" 200 1476 "-" "Mozilla/5.0 (compatible; aiHitBot/2.8; +http://endb-consolidated.aihit.com/)"
109.169.29.30 - - [20/Jun/2014:06:18:36 -0400] "GET /legacyproductinformatio/synflash.html HTTP/1.1" 200 32246 "-" "Mozilla/5.0 (compatible; aiHitBot/2.8; +http://endb-consolidated.aihit.com/)"
208.115.113.92 - - [20/Jun/2014:15:52:09 -0400] "GET /robots.txt HTTP/1.1" 200 25 "-" "Mozilla/5.0 (compatible; DotBot/1.1; http://www.opensiteexplorer.org/dotbot, help@moz.com)"
61.135.189.180 - - [20/Jun/2014:18:35:39 -0400] "GET /soundhomepage/contact.html HTTP/1.1" 304 - "-" "Sogou web spider/4.0(+http://www.sogou.com/docs/help/webmasters.htm#07)"
89.108.71.94 - - [20/Jun/2014:19:07:21 -0400] "GET /images/500_SynFlash_New_in_boot.jpg HTTP/1.0" 200 20690 "-" "Mozilla/5.0 (Windows; U; Windows NT 5.1; ru; rv:1.9.1.3) Gecko/20090824 Firefox/3.5.3"
72.94.164.149 - - [20/Jun/2014:21:48:26 -0400] "GET /images/448_AK35_tapped_resistor_crop.jpg HTTP/1.1" 200 29416 "https://www.google.com/" "Mozilla/5.0 (iPad; CPU OS 7_1_1 like Mac OS X) AppleWebKit/537.51.2 (KHTML, like Gecko) Version/7.0 Mobile/11D201 Safari/9537.53"
98.207.208.38 - - [20/Jun/2014:22:55:57 -0400] "GET /scripts/ic_globals_published.js HTTP/1.1" 200 566 "http://www.pharoahaudio.com/syncheckproducthomepage/syncheckii.html" "Mozilla/5.0 (Windows NT 6.1; WOW64) AppleWebKit/537.36 (KHTML, like Gecko) Chrome/35.0.1916.153 Safari/537.36"
98.207.208.38 - - [20/Jun/2014:22:55:57 -0400] "GET /images/270_SY2_in_hand_at_screen.JPG HTTP/1.1" 200 8461 "http://www.pharoahaudio.com/syncheckproducthomepage/syncheckii.html" "Mozilla/5.0 (Windows NT 6.1; WOW64) AppleWebKit/537.36 (KHTML, like Gecko) Chrome/35.0.1916.153 Safari/537.36"
98.207.208.38 - - [20/Jun/2014:22:55:57 -0400] "GET /images/95_Syncheck_graphic_wide.JPG HTTP/1.1" 200 1944 "http://www.pharoahaudio.com/syncheckproducthomepage/syncheckii.html" "Mozilla/5.0 (Windows NT 6.1; WOW64) AppleWebKit/537.36 (KHTML, like Gecko) Chrome/35.0.1916.153 Safari/537.36"
112.65.193.14 - - [20/Jun/2014:08:57:47 -0400] "GET /scripts/user.js HTTP/1.1" 200 23762 "http://www.pharoahaudio.com/scripts/user.js" "Mozilla/4.0"
88.247.127.137 - - [20/Jun/2014:09:16:39 -0400] "GET /scripts/template.css HTTP/1.1" 200 11360 "http://www.pharoahaudio.com/ptvideosyncstudy.html" "Mozilla/5.0 (Macintosh; Intel Mac OS X 10_6_8) AppleWebKit/534.59.10 (KHTML, like Gecko) Version/5.1.9 Safari/534.59.10"
85.75.42.240 - - [20/Jun/2014:11:57:06 -0400] "GET /images/540_AK55-12.JPG HTTP/1.1" 200 34340 "http://www.pharoahaudio.com/ak55cpart3.html" "Mozilla/5.0 (Windows NT 6.1; WOW64; rv:30.0) Gecko/20100101 Firefox/30.0"
85.75.42.240 - - [20/Jun/2014:11:58:19 -0400] "GET /scripts/526552.css HTTP/1.1" 200 102 "http://www.pharoahaudio.com/ac55cpart5.html" "Mozilla/5.0 (Windows NT 6.1; WOW64; rv:30.0) Gecko/20100101 Firefox/30.0"
85.75.42.240 - - [20/Jun/2014:11:58:19 -0400] "GET /images/324_AK55-24B.JPG HTTP/1.1" 200 19064 "http://www.pharoahaudio.com/ac55cpart5.html" "Mozilla/5.0 (Windows NT 6.1; WOW64; rv:30.0) Gecko/20100101 Firefox/30.0"
24.90.96.174 - - [20/Jun/2014:13:03:28 -0400] "GET /scripts/template.css HTTP/1.1" 200 11360 "http://www.pharoahaudio.com/syncheckproducthomepage/downloads.html" "Mozilla/5.0 (Macintosh; Intel Mac OS X 10_9_3) AppleWebKit/537.36 (KHTML, like Gecko) Chrome/35.0.1916.153 Safari/537.36"
182.253.3.222 - - [20/Jun/2014:13:56:03 -0400] "GET /administrator/index.php HTTP/1.0" 403 225 "-" "-"
208.93.104.9 - - [20/Jun/2014:02:26:21 -0400] "HEAD / HTTP/1.1" 200 - "-" "http://www.yellowpages.com/about/legal/crawl"
208.83.156.118 - - [20/Jun/2014:03:53:16 -0400] "GET /scripts/526567custom.css HTTP/1.1" 200 3499 "-" "Mozilla/5.0 (compatible; FatBot 2.0; http://www.thefind.com/crawler)"
66.249.64.138 - - [20/Jun/2014:04:32:27 -0400] "GET / HTTP/1.1" 304 - "-" "Mozilla/5.0 (compatible; Googlebot/2.1; +http://www.google.com/bot.html)"
208.83.156.149 - - [20/Jun/2014:05:05:11 -0400] "GET /scripts/526514custom.css HTTP/1.1" 200 1814 "-" "Mozilla/5.0 (compatible; FatBot 2.0; http://www.thefind.com/crawler)"
95.152.237.207 - - [20/Jun/2014:15:26:19 -0400] "GET /tweeterfixpart4.html HTTP/1.1" 200 17678 "http://www.pharoahaudio.com/tweeterfixpart3.html" "Mozilla/5.0 (Windows NT 6.1; WOW64; rv:30.0) Gecko/20100101 Firefox/30.0"
95.152.237.207 - - [20/Jun/2014:15:26:20 -0400] "GET /images/432_T12_strip_reassembled.jpg HTTP/1.1" 200 24194 "http://www.pharoahaudio.com/tweeterfixpart4.html" "Mozilla/5.0 (Windows NT 6.1; WOW64; rv:30.0) Gecko/20100101 Firefox/30.0"
198.147.175.203 - - [20/Jun/2014:15:43:41 -0400] "GET /images/ic_002_banner_bg_wide.jpg HTTP/1.1" 200 5805 "http://www.pharoahaudio.com/syncheckproducthomepage.html" "Mozilla/5.0 (Macintosh; Intel Mac OS X 10_8_5) AppleWebKit/537.74.9 (KHTML, like Gecko) Version/6.1.2 Safari/537.74.9"
157.55.39.111 - - [20/Jun/2014:18:16:25 -0400] "GET /syncheckproducthomepage.html HTTP/1.1" 200 23731 "-" "Mozilla/5.0 (compatible; bingbot/2.0; +http://www.bing.com/bingbot.htm)"
183.60.213.25 - - [20/Jun/2014:19:51:27 -0400] "GET /radiola26part5.html HTTP/1.1" 200 22617 "-" "Mozilla/5.0 (compatible; EasouSpider; +http://www.easou.com/search/spider.html)"
193.252.149.16 - - [20/Jun/2014:22:09:11 -0400] "GET /images/Syncheck3_Manuel_utilisateur_v1-02_fr.pdf HTTP/1.1" 200 263337 "-" "Mozilla/5.0 (Windows NT 5.1; U; Win64; fr; rv:1.8.1) VoilaBot BETA 1.2 (support.voilabot@orange-ftgroup.com)"
178.137.129.209 - - [20/Jun/2014:23:02:14 -0400] "GET /ak35repair5.html HTTP/1.1" 200 21319 "http://stroicol.net/" "Opera/8.01 (Windows NT 5.1)"
210.211.107.150 - - [20/Jun/2014:23:19:16 -0400] "GET /robots.txt HTTP/1.1" 200 25 "-" "Wada.vn Vietnamese Search"
81.82.48.225 - - [20/Jun/2014:07:04:49 -0400] "GET /favicon.ico HTTP/1.1" 404 575 "-" "Mozilla/5.0 (Windows NT 6.3; Win64; x64; Trident/7.0; rv:11.0) like Gecko"
81.82.48.225 - - [20/Jun/2014:07:09:20 -0400] "GET /scripts/526507custom.css HTTP/1.1" 200 1477 "http://www.pharoahaudio.com/syncheckproducthomepage/dvd.html" "Mozilla/5.0 (Windows NT 6.3; WOW64; Trident/7.0; rv:11.0) like Gecko"
81.82.48.225 - - [20/Jun/2014:07:09:20 -0400] "GET /images/102_dvd_logo.jpg HTTP/1.1" 200 1688 "http://www.pharoahaudio.com/syncheckproducthomepage/dvd.html" "Mozilla/5.0 (Windows NT 6.3; WOW64; Trident/7.0; rv:11.0) like Gecko"
85.75.42.240 - - [20/Jun/2014:11:58:49 -0400] "GET /images/94_Crosley51_OpCl.jpg HTTP/1.1" 200 3242 "http://www.pharoahaudio.com/yeolderadiomuseum.html" "Mozilla/5.0 (Windows NT 6.1; WOW64; rv:30.0) Gecko/20100101 Firefox/30.0"
37.58.100.146 - - [20/Jun/2014:02:54:36 -0400] "GET /soundhomepage/news.html HTTP/1.1" 200 14487 "-" "Mozilla/5.0 (compatible; AhrefsBot/5.0; +http://ahrefs.com/robot/)"
27.150.247.58 - - [20/Jun/2014:03:56:17 -0400] "GET /admin/fckeditor/editor/filemanager/browser/default/browser.html HTTP/1.1" 404 575 "-" "Mozilla/4.0 (compatible; MSIE 6.0; Windows NT 5.1)"
175.44.30.69 - - [20/Jun/2014:05:11:57 -0400] "GET /admin/fckeditor/editor/filemanager/connectors/test.html HTTP/1.1" 404 575 "-" "Mozilla/4.0 (compatible; MSIE 6.0; Windows NT 5.1)"
95.152.237.207 - - [20/Jun/2014:15:24:09 -0400] "GET /images/432_T5_open_tweeter_parts.jpg HTTP/1.1" 200 15870 "http://www.pharoahaudio.com/tweeterfixpart2.html" "Mozilla/5.0 (Windows NT 6.1; WOW64; rv:30.0) Gecko/20100101 Firefox/30.0"
66.249.65.220 - - [20/Jun/2014:15:34:14 -0400] "GET /images/431_T1b_front_grill_tab_and_holesjpg.JPG HTTP/1.1" 304 - "-" "Googlebot-Image/1.0"
134.249.76.109 - - [20/Jun/2014:17:09:18 -0400] "GET /syncheckproducthomepage/syncheck3.html HTTP/1.1" 200 21686 "http://invesome.biz/" "Opera/7.11 (Windows NT 5.1; U) [en]"
24.203.26.114 - - [20/Jun/2014:20:21:29 -0400] "GET /images/448_AK55-08b.JPG HTTP/1.1" 200 26644 "http://www.pharoahaudio.com/ak55cpart2.html" "Mozilla/5.0 (Windows NT 6.1; WOW64) AppleWebKit/537.36 (KHTML, like Gecko) Chrome/35.0.1916.153 Safari/537.36"
64.246.165.170 - - [20/Jun/2014:23:23:34 -0400] "GET / HTTP/1.1" 200 15366 "http://whois.domaintools.com/pharoaheditorial.com" "Mozilla/5.0 (Windows; U; Windows NT 5.1; en; rv:1.9.0.13) Gecko/2009073022 Firefox/3.5.2 (.NET CLR 3.5.30729) SurveyBot/2.3 (DomainTools)"
81.82.48.225 - - [20/Jun/2014:07:05:50 -0400] "GET /syncheckproducthomepage/syncheck3.html HTTP/1.1" 200 21686 "http://www.pharoahaudio.com/soundhomepage.html" "Mozilla/5.0 (Windows NT 6.3; WOW64; Trident/7.0; rv:11.0) like Gecko"
112.65.193.14 - - [20/Jun/2014:08:57:43 -0400] "GET /scripts/ic_globals_published.js HTTP/1.1" 200 566 "http://www.pharoahaudio.com/scripts/ic_globals_published.js" "Mozilla/4.0"
85.75.42.240 - - [20/Jun/2014:11:54:15 -0400] "GET /radiola26part2.html HTTP/1.1" 200 28329 "http://www.pharoahaudio.com/radiola26part1.html" "Mozilla/5.0 (Windows NT 6.1; WOW64; rv:30.0) Gecko/20100101 Firefox/30.0"
85.75.42.240 - - [20/Jun/2014:11:54:15 -0400] "GET /images/432_R26_07_antenna_clip_CU.JPG HTTP/1.1" 200 24325 "http://www.pharoahaudio.com/radiola26part2.html" "Mozilla/5.0 (Windows NT 6.1; WOW64; rv:30.0) Gecko/20100101 Firefox/30.0"
85.75.42.240 - - [20/Jun/2014:11:54:16 -0400] "GET /images/448_R26_08_antenna_mounted_back.JPG HTTP/1.1" 200 16416 "http://www.pharoahaudio.com/radiola26part2.html" "Mozilla/5.0 (Windows NT 6.1; WOW64; rv:30.0) Gecko/20100101 Firefox/30.0"
85.75.42.240 - - [20/Jun/2014:11:54:51 -0400] "GET /scripts/526532custom.css HTTP/1.1" 200 3170 "http://www.pharoahaudio.com/radiola26part3.html" "Mozilla/5.0 (Windows NT 6.1; WOW64; rv:30.0) Gecko/20100101 Firefox/30.0"
85.75.42.240 - - [20/Jun/2014:11:54:51 -0400] "GET /images/350_R26_12B_osc_coils.JPG HTTP/1.1" 200 17928 "http://www.pharoahaudio.com/radiola26part3.html" "Mozilla/5.0 (Windows NT 6.1; WOW64; rv:30.0) Gecko/20100101 Firefox/30.0"
85.75.42.240 - - [20/Jun/2014:11:57:15 -0400] "GET /images/432_AK55-18.JPG HTTP/1.1" 200 29110 "http://www.pharoahaudio.com/ak55cpart4.html" "Mozilla/5.0 (Windows NT 6.1; WOW64; rv:30.0) Gecko/20100101 Firefox/30.0"
24.90.96.174 - - [20/Jun/2014:13:03:24 -0400] "GET /scripts/526515custom.css HTTP/1.1" 200 3841 "http://www.pharoahaudio.com/syncheckproducthomepage/downloads.html" "Mozilla/5.0 (Macintosh; Intel Mac OS X 10_9_3) AppleWebKit/537.36 (KHTML, like Gecko) Chrome/35.0.1916.153 Safari/537.36"
24.90.96.174 - - [20/Jun/2014:13:03:24 -0400] "GET /images/doctype_pdf.gif HTTP/1.1" 200 1257 "http://www.pharoahaudio.com/syncheckproducthomepage/downloads.html" "Mozilla/5.0 (Macintosh; Intel Mac OS X 10_9_3) AppleWebKit/537.36 (KHTML, like Gecko) Chrome/35.0.1916.153 Safari/537.36"
24.90.96.174 - - [20/Jun/2014:13:03:24 -0400] "GET /images/ic_002_banner_bg_wide.jpg HTTP/1.1" 200 5805 "http://www.pharoahaudio.com/syncheckproducthomepage/downloads.html" "Mozilla/5.0 (Macintosh; Intel Mac OS X 10_9_3) AppleWebKit/537.36 (KHTML, like Gecko) Chrome/35.0.1916.153 Safari/537.36"
24.90.96.174 - - [20/Jun/2014:13:03:25 -0400] "GET /favicon.ico HTTP/1.1" 404 575 "-" "Mozilla/5.0 (Macintosh; Intel Mac OS X 10_9_3) AppleWebKit/537.36 (KHTML, like Gecko) Chrome/35.0.1916.153 Safari/537.36"
157.254.210.20 - - [20/Jun/2014:14:44:04 -0400] "GET /scripts/website.css HTTP/1.1" 200 1916 "http://www.pharoahaudio.com/syncheckproducthomepage.html" "Mozilla/5.0 (Windows NT 6.1) AppleWebKit/537.36 (KHTML, like Gecko) Chrome/35.0.1916.153 Safari/537.36"
157.254.210.20 - - [20/Jun/2014:14:44:06 -0400] "GET /images/ic_002_body_bg.gif HTTP/1.1" 200 304 "http://www.pharoahaudio.com/syncheckproducthomepage.html" "Mozilla/5.0 (Windows NT 6.1) AppleWebKit/537.36 (KHTML, like Gecko) Chrome/35.0.1916.153 Safari/537.36"
180.76.5.175 - - [20/Jun/2014:03:46:00 -0400] "GET /ideviceapp.html HTTP/1.1" 200 22676 "-" "Mozilla/5.0 (compatible; Baiduspider/2.0; +http://www.baidu.com/search/spider.html)"
175.44.30.69 - - [20/Jun/2014:05:11:53 -0400] "GET /editor/editor/filemanager/browser/default/connectors/test.html HTTP/1.1" 404 575 "-" "Mozilla/4.0 (compatible; MSIE 6.0; Windows NT 5.1)"
65.55.215.34 - - [20/Jun/2014:06:12:46 -0400] "GET /images/181_Syncheck_graphic_wide.JPG HTTP/1.1" 200 3445 "-" "msnbot-media/1.1 (+http://search.msn.com/msnbot.htm)"
109.169.29.30 - - [20/Jun/2014:06:18:36 -0400] "GET /scripts/526499custom.css HTTP/1.1" 200 5186 "-" "Mozilla/5.0 (compatible; aiHitBot/2.8; +http://endb-consolidated.aihit.com/)"
109.169.29.30 - - [20/Jun/2014:06:18:39 -0400] "GET /paperslinks.html HTTP/1.1" 200 17077 "-" "Mozilla/5.0 (compatible; aiHitBot/2.8; +http://endb-consolidated.aihit.com/)"
109.169.29.30 - - [20/Jun/2014:06:18:40 -0400] "GET /scripts/526511custom.css HTTP/1.1" 200 2834 "-" "Mozilla/5.0 (compatible; aiHitBot/2.8; +http://endb-consolidated.aihit.com/)"
109.169.29.30 - - [20/Jun/2014:06:18:42 -0400] "GET /ak35repair1.html HTTP/1.1" 200 18956 "-" "Mozilla/5.0 (compatible; aiHitBot/2.8; +http://endb-consolidated.aihit.com/)"
109.169.29.30 - - [20/Jun/2014:06:18:44 -0400] "GET /scripts/526522.css HTTP/1.1" 200 102 "-" "Mozilla/5.0 (compatible; aiHitBot/2.8; +http://endb-consolidated.aihit.com/)"
208.115.113.87 - - [20/Jun/2014:22:44:17 -0400] "GET /robots.txt HTTP/1.1" 200 25 "-" "Mozilla/5.0 (compatible; DotBot/1.1; http://www.opensiteexplorer.org/dotbot, help@moz.com)"
208.83.156.119 - - [20/Jun/2014:23:15:23 -0400] "GET /scripts/526495custom.css HTTP/1.1" 200 2493 "-" "Mozilla/5.0 (compatible; FatBot 2.0; http://www.thefind.com/crawler)"
81.82.48.225 - - [20/Jun/2014:07:05:25 -0400] "GET /syncheckproducthomepage/distributors.html HTTP/1.1" 200 29251 "http://www.pharoahaudio.com/syncheckproducthomepage/syncheck3.html" "Mozilla/5.0 (Windows NT 6.3; WOW64; Trident/7.0; rv:11.0) like Gecko"
81.82.48.225 - - [20/Jun/2014:07:05:26 -0400] "GET /images/121_poland_flag.jpg HTTP/1.1" 200 1710 "http://www.pharoahaudio.com/syncheckproducthomepage/distributors.html" "Mozilla/5.0 (Windows NT 6.3; WOW64; Trident/7.0; rv:11.0) like Gecko"
81.82.48.225 - - [20/Jun/2014:07:05:26 -0400] "GET /images/181_logo_Markertek.jpg HTTP/1.1" 200 4011 "http://www.pharoahaudio.com/syncheckproducthomepage/distributors.html" "Mozilla/5.0 (Windows NT 6.3; WOW64; Trident/7.0; rv:11.0) like Gecko"
66.249.64.148 - - [20/Jun/2014:10:36:00 -0400] "GET /ak55cpart2.html HTTP/1.1" 200 23172 "-" "Mozilla/5.0 (compatible; Googlebot/2.1; +http://www.google.com/bot.html)"
85.75.42.240 - - [20/Jun/2014:11:56:45 -0400] "GET /scripts/526551custom.css HTTP/1.1" 200 3835 "http://www.pharoahaudio.com/ak55cpart4.html" "Mozilla/5.0 (Windows NT 6.1; WOW64; rv:30.0) Gecko/20100101 Firefox/30.0"
85.75.42.240 - - [20/Jun/2014:11:56:45 -0400] "GET /images/432_AK55-21.JPG HTTP/1.1" 200 28658 "http://www.pharoahaudio.com/ak55cpart4.html" "Mozilla/5.0 (Windows NT 6.1; WOW64; rv:30.0) Gecko/20100101 Firefox/30.0"
85.75.42.240 - - [20/Jun/2014:11:58:06 -0400] "GET /scripts/526553custom.css HTTP/1.1" 200 3835 "http://www.pharoahaudio.com/ak55cpart6.html" "Mozilla/5.0 (Windows NT 6.1; WOW64; rv:30.0) Gecko/20100101 Firefox/30.0"
