77.49.237.159 - - [20/Jun/2014:13:52:08 -0400] "GET /scripts/icwebsiteelement.css HTTP/1.1" 200 8132 "http://www.pharoahaudio.com/" "Mozilla/5.0 (Macintosh; Intel Mac OS X 10.9; rv:29.0) Gecko/20100101 Firefox/29.0"
24.203.26.114 - - [20/Jun/2014:20:20:17 -0400] "GET /scripts/ic_globals_published.js HTTP/1.1" 200 566 "http://www.pharoahaudio.com/ak55cpart1.html" "Mozilla/5.0 (Windows NT 6.1; WOW64) AppleWebKit/537.36 (KHTML, like Gecko) Chrome/35.0.1916.153 Safari/537.36"
24.203.26.114 - - [20/Jun/2014:20:20:17 -0400] "GET /images/hand_left_blue.gif HTTP/1.1" 200 932 "http://www.pharoahaudio.com/ak55cpart1.html" "Mozilla/5.0 (Windows NT 6.1; WOW64) AppleWebKit/537.36 (KHTML, like Gecko) Chrome/35.0.1916.153 Safari/537.36"
24.203.26.114 - - [20/Jun/2014:20:20:17 -0400] "GET /images/448_AK55-02.JPG HTTP/1.1" 200 26155 "http://www.pharoahaudio.com/ak55cpart1.html" "Mozilla/5.0 (Windows NT 6.1; WOW64) AppleWebKit/537.36 (KHTML, like Gecko) Chrome/35.0.1916.153 Safari/537.36"
24.203.26.114 - - [20/Jun/2014:20:20:17 -0400] "GET /images/ic_002_body_bg.gif HTTP/1.1" 200 304 "http://www.pharoahaudio.com/ak55cpart1.html" "Mozilla/5.0 (Windows NT 6.1; WOW64) AppleWebKit/537.36 (KHTML, like Gecko) Chrome/35.0.1916.153 Safari/537.36"
24.203.26.114 - - [20/Jun/2014:20:20:18 -0400] "GET /images/Majestic_reversed_for_pages.jpg HTTP/1.1" 200 6769 "http://www.pharoahaudio.com/ak55cpart1.html" "Mozilla/5.0 (Windows NT 6.1; WOW64) AppleWebKit/537.36 (KHTML, like Gecko) Chrome/35.0.1916.153 Safari/537.36"
24.203.26.114 - - [20/Jun/2014:20:20:18 -0400] "GET /favicon.ico HTTP/1.1" 404 575 "-" "Mozilla/5.0 (Windows NT 6.1; WOW64) AppleWebKit/537.36 (KHTML, like Gecko) Chrome/35.0.1916.153 Safari/537.36"
208.115.113.92 - - [20/Jun/2014:20:31:28 -0400] "GET /syncheckproducthomepage.html?6412a540 HTTP/1.1" 200 23731 "-" "Mozilla/5.0 (compatible; DotBot/1.1; http://www.opensiteexplorer.org/dotbot, help@moz.com)"
76.178.71.84 - - [20/Jun/2014:21:08:57 -0400] "GET /scripts/icwebsiteelement.css HTTP/1.1" 200 8132 "http://www.pharoahaudio.com/ptvideosyncstudy.html" "Mozilla/5.0 (Windows NT 6.0) AppleWebKit/537.36 (KHTML, like Gecko) Chrome/31.0.1650.63 Safari/537.36"
76.178.71.84 - - [20/Jun/2014:21:08:58 -0400] "GET /images/deletekey_contrasted_narrow_featurephoto.jpg HTTP/1.1" 200 3702 "http://www.pharoahaudio.com/ptvideosyncstudy.html" "Mozilla/5.0 (Windows NT 6.0) AppleWebKit/537.36 (KHTML, like Gecko) Chrome/31.0.1650.63 Safari/537.36"
118.209.106.239 - - [20/Jun/2014:21:18:12 -0400] "GET /syncheckproducthomepage/syncheckii.html HTTP/1.1" 200 19625 "https://www.google.com.au/" "Mozilla/5.0 (Macintosh; Intel Mac OS X 10_6_8) AppleWebKit/537.36 (KHTML, like Gecko) Chrome/35.0.1916.153 Safari/537.36"
118.209.106.239 - - [20/Jun/2014:21:18:13 -0400] "GET /scripts/photoalbum.js HTTP/1.1" 200 62481 "http://www.pharoahaudio.com/syncheckproducthomepage/syncheckii.html" "Mozilla/5.0 (Macintosh; Intel Mac OS X 10_6_8) AppleWebKit/537.36 (KHTML, like Gecko) Chrome/35.0.1916.153 Safari/537.36"
118.209.106.239 - - [20/Jun/2014:21:18:14 -0400] "GET /scripts/526493custom.css HTTP/1.1" 200 3102 "http://www.pharoahaudio.com/syncheckproducthomepage.html" "Mozilla/5.0 (Macintosh; Intel Mac OS X 10_6_8) AppleWebKit/537.36 (KHTML, like Gecko) Chrome/35.0.1916.153 Safari/537.36"
118.209.106.239 - - [20/Jun/2014:21:18:14 -0400] "GET /images/95_Syncheck_graphic_wide.JPG HTTP/1.1" 200 1944 "http://www.pharoahaudio.com/syncheckproducthomepage/syncheckii.html" "Mozilla/5.0 (Macintosh; Intel Mac OS X 10_6_8) AppleWebKit/537.36 (KHTML, like Gecko) Chrome/35.0.1916.153 Safari/537.36"
118.209.106.239 - - [20/Jun/2014:21:18:16 -0400] "GET /images/ic_002_banner_bg_wide.jpg HTTP/1.1" 200 5805 "http://www.pharoahaudio.com/syncheckproducthomepage.html" "Mozilla/5.0 (Macintosh; Intel Mac OS X 10_6_8) AppleWebKit/537.36 (KHTML, like Gecko) Chrome/35.0.1916.153 Safari/537.36"
88.247.127.137 - - [20/Jun/2014:09:16:39 -0400] "GET /ptvideosyncstudy.html HTTP/1.1" 200 41918 "http://www.google.com.tr/url?sa=t&rct=j&q=protools%20sync%20offset&source=web&cd=4&ved=0CDoQFjAD&url=http%3A%2F%2Fwww.pharoahaudio.com%2Fptvideosyncstudy.html&ei=JzSkU-OUNJLo7AbRs4EQ&usg=AFQjCNFPKicQ5NsFm9e7pntgLvd2pdDbdQ&bvm=bv.69411363,d.ZGU&cad=rja" "Mozilla/5.0 (Macintosh; Intel Mac OS X 10_6_8) AppleWebKit/534.59.10 (KHTML, like Gecko) Version/5.1.9 Safari/534.59.10"
88.247.127.137 - - [20/Jun/2014:09:16:40 -0400] "GET /images/ic_002_banner_bg_wide.jpg HTTP/1.1" 200 5805 "http://www.pharoahaudio.com/ptvideosyncstudy.html" "Mozilla/5.0 (Macintosh; Intel Mac OS X 10_6_8) AppleWebKit/534.59.10 (KHTML, like Gecko) Version/5.1.9 Safari/534.59.10"
88.247.127.137 - - [20/Jun/2014:09:16:40 -0400] "GET /scripts/print.css HTTP/1.1" 200 11209 "http://www.pharoahaudio.com/ptvideosyncstudy.html" "Mozilla/5.0 (Macintosh; Intel Mac OS X 10_6_8) AppleWebKit/534.59.10 (KHTML, like Gecko) Version/5.1.9 Safari/534.59.10"
88.247.127.137 - - [20/Jun/2014:09:16:41 -0400] "GET /favicon.ico HTTP/1.1" 404 575 "http://www.pharoahaudio.com/ptvideosyncstudy.html" "Mozilla/5.0 (Macintosh; Intel Mac OS X 10_6_8) AppleWebKit/534.59.10 (KHTML, like Gecko) Version/5.1.9 Safari/534.59.10"
85.75.42.240 - - [20/Jun/2014:11:55:34 -0400] "GET /images/432_R26_23_bypass_new_tabs.JPG HTTP/1.1" 200 13927 "http://www.pharoahaudio.com/radiola26part5.html" "Mozilla/5.0 (Windows NT 6.1; WOW64; rv:30.0) Gecko/20100101 Firefox/30.0"
85.75.42.240 - - [20/Jun/2014:11:58:39 -0400] "GET /ak55cpart6.html HTTP/1.1" 200 20720 "http://www.pharoahaudio.com/ac55cpart5.html" "Mozilla/5.0 (Windows NT 6.1; WOW64; rv:30.0) Gecko/20100101 Firefox/30.0"
85.75.42.240 - - [20/Jun/2014:11:58:40 -0400] "GET /images/432_AK55-30.JPG HTTP/1.1" 200 25819 "http://www.pharoahaudio.com/ak55cpart6.html" "Mozilla/5.0 (Windows NT 6.1; WOW64; rv:30.0) Gecko/20100101 Firefox/30.0"
85.75.42.240 - - [20/Jun/2014:11:59:03 -0400] "GET /images/428_AK35_RF2_severed_CU_hilite.jpg HTTP/1.1" 200 28240 "http://www.pharoahaudio.com/ak35repair2.html" "Mozilla/5.0 (Windows NT 6.1; WOW64; rv:30.0) Gecko/20100101 Firefox/30.0"
85.75.42.240 - - [20/Jun/2014:11:59:14 -0400] "GET /images/448_AK35_grid_leak_resistor.JPG HTTP/1.1" 200 10185 "http://www.pharoahaudio.com/ak35repair3.html" "Mozilla/5.0 (Windows NT 6.1; WOW64; rv:30.0) Gecko/20100101 Firefox/30.0"
157.55.39.15 - - [20/Jun/2014:13:52:28 -0400] "GET /syncheckproducthomepage/syncheckii.html HTTP/1.1" 304 - "-" "Mozilla/5.0 (compatible; bingbot/2.0; +http://www.bing.com/bingbot.htm)"
208.83.156.159 - - [20/Jun/2014:00:49:27 -0400] "GET /scripts/526502custom.css HTTP/1.1" 200 1141 "-" "Mozilla/5.0 (compatible; FatBot 2.0; http://www.thefind.com/crawler)"
83.149.126.98 - - [20/Jun/2014:02:20:00 -0400] "GET /robots.txt HTTP/1.0" 200 25 "-" "Mozilla/5.0 (compatible; MJ12bot/v1.4.5; http://www.majestic12.co.uk/bot.php?+)"
180.76.5.187 - - [20/Jun/2014:03:36:19 -0400] "GET /scripts/526532custom.css HTTP/1.1" 200 3170 "-" "Mozilla/5.0 (compatible; Baiduspider/2.0; +http://www.baidu.com/search/spider.html)"
208.80.194.30 - - [20/Jun/2014:14:08:52 -0400] "GET /\t HTTP/1.0" 200 15366 "-" "Mozilla/5.0 (Macintosh; U; Intel Mac OS X 10.6; en-US) Gecko/20101012 Firefox/3.6.11"
46.119.120.207 - - [20/Jun/2014:14:41:15 -0400] "GET /ak35repair1.html HTTP/1.1" 200 18956 "http://serialsway.ucoz.ru/" "Mozilla/4.0 (compatible; MSIE 6.0; MSIE 5.5; Windows NT 5.0) Opera 7.02 Bork-edition [en]"
207.46.13.113 - - [20/Jun/2014:17:11:23 -0400] "GET /syncheckproducthomepage/shippingcosts.html HTTP/1.1" 200 10581 "-" "Mozilla/5.0 (compatible; bingbot/2.0; +http://www.bing.com/bingbot.htm)"
205.251.233.165 - - [20/Jun/2014:18:14:59 -0400] "GET / HTTP/1.1" 200 15366 "-" "Apache-HttpClient/4.3 (java 1.5)"
182.118.21.205 - - [20/Jun/2014:10:48:32 -0400] "GET / HTTP/1.1" 200 15366 "http://www.pharoahaudio.com/" "Mozilla/5.0 (compatible; MSIE 9.0; Windows NT 6.1; Trident/5.0); 360Spider"
208.83.156.150 - - [20/Jun/2014:01:31:24 -0400] "GET /scripts/526496custom.css HTTP/1.1" 200 5205 "-" "Mozilla/5.0 (compatible; FatBot 2.0; http://www.thefind.com/crawler)"
208.115.113.92 - - [20/Jun/2014:01:52:56 -0400] "GET /ak35repair1.html HTTP/1.1" 200 18956 "-" "Mozilla/5.0 (compatible; DotBot/1.1; http://www.opensiteexplorer.org/dotbot, help@moz.com)"
208.83.156.155 - - [20/Jun/2014:03:05:31 -0400] "GET /scripts/526547custom.css HTTP/1.1" 200 2151 "-" "Mozilla/5.0 (compatible; FatBot 2.0; http://www.thefind.com/crawler)"
208.83.156.118 - - [20/Jun/2014:03:48:47 -0400] "GET /robots.txt HTTP/1.1" 200 25 "-" "Mozilla/5.0 (compatible; FatBot 2.0; http://www.thefind.com/crawler)"
65.55.212.65 - - [20/Jun/2014:05:31:48 -0400] "GET /scripts/template.css HTTP/1.1" 200 11360 "http://www.pharoahaudio.com/ak55cpart3.html" "Mozilla/5.0 (compatible; MSIE 9.0; Windows NT 6.1; Trident/5.0; Trident/5.0)"
65.55.212.65 - - [20/Jun/2014:05:31:48 -0400] "GET /scripts/icwebsiteelement.css HTTP/1.1" 200 8132 "http://www.pharoahaudio.com/ak55cpart3.html" "Mozilla/5.0 (compatible; MSIE 9.0; Windows NT 6.1; Trident/5.0; Trident/5.0)"
77.49.237.159 - - [20/Jun/2014:13:52:07 -0400] "GET / HTTP/1.1" 200 15366 "http://www.google.gr/url?sa=t&rct=j&q=&esrc=s&source=web&cd=1&ved=0CB0QFjAA&url=http%3A%2F%2Fwww.pharoahaudio.com%2F&ei=w3SkU8iJE6LV0QXkpIGoDQ&usg=AFQjCNHi7gVQWCjvraVUcv1s5-gKmKyuOA&sig2=SQx5T87LEKr8r9qn6hNWQQ&bvm=bv.69411363,d.d2k" "Mozilla/5.0 (Macintosh; Intel Mac OS X 10.9; rv:29.0) Gecko/20100101 Firefox/29.0"
77.49.237.159 - - [20/Jun/2014:13:52:07 -0400] "GET /scripts/template.css HTTP/1.1" 200 11360 "http://www.pharoahaudio.com/" "Mozilla/5.0 (Macintosh; Intel Mac OS X 10.9; rv:29.0) Gecko/20100101 Firefox/29.0"
77.49.237.159 - - [20/Jun/2014:13:52:08 -0400] "GET /scripts/526509custom.css HTTP/1.1" 200 1746 "http://www.pharoahaudio.com/" "Mozilla/5.0 (Macintosh; Intel Mac OS X 10.9; rv:29.0) Gecko/20100101 Firefox/29.0"
77.49.237.159 - - [20/Jun/2014:13:52:10 -0400] "GET /images/92_Syncheck_graphic_wide.JPG HTTP/1.1" 200 1976 "http://www.pharoahaudio.com/" "Mozilla/5.0 (Macintosh; Intel Mac OS X 10.9; rv:29.0) Gecko/20100101 Firefox/29.0"
77.49.237.159 - - [20/Jun/2014:13:52:10 -0400] "GET /images/ic_002_banner_bg_wide.jpg HTTP/1.1" 200 5805 "http://www.pharoahaudio.com/scripts/template.css" "Mozilla/5.0 (Macintosh; Intel Mac OS X 10.9; rv:29.0) Gecko/20100101 Firefox/29.0"
5.255.81.113 - - [20/Jun/2014:14:07:57 -0400] "GET /images/Syncheck3_user_manual_v1.01.pdf HTTP/1.1" 200 323329 "http://www.pharoahaudio.com/images/Syncheck3_user_manual_v1.01.pdf" "Mozilla/4.0 (compatible; MSIE 6.0; Windows NT 5.1; SV1)"
92.249.127.111 - - [20/Jun/2014:14:59:47 -0400] "GET /ak35repair1.html HTTP/1.1" 200 18956 "http://doska-vsem.ru/" "Mozilla/4.0 (compatible; MSIE 6.0; Windows NT 5.0; T312461)"
207.46.13.78 - - [20/Jun/2014:15:02:19 -0400] "GET /syncheckproducthomepage/returnpolicy.html HTTP/1.1" 200 11495 "-" "Mozilla/5.0 (compatible; bingbot/2.0; +http://www.bing.com/bingbot.htm)"
95.152.237.207 - - [20/Jun/2014:15:24:09 -0400] "GET /images/432_T6_transparent_mylar_disc.jpg HTTP/1.1" 200 25088 "http://www.pharoahaudio.com/tweeterfixpart2.html" "Mozilla/5.0 (Windows NT 6.1; WOW64; rv:30.0) Gecko/20100101 Firefox/30.0"
66.249.65.220 - - [20/Jun/2014:15:30:54 -0400] "GET /images/448_AK35_RF3_new_primary_CU.JPG HTTP/1.1" 304 - "-" "Googlebot-Image/1.0"
207.46.13.78 - - [20/Jun/2014:15:33:55 -0400] "GET /radiola26part8.html HTTP/1.1" 200 17837 "-" "Mozilla/5.0 (compatible; bingbot/2.0; +http://www.bing.com/bingbot.htm)"
220.181.125.197 - - [20/Jun/2014:17:12:42 -0400] "GET /syncheckproducthomepage.html HTTP/1.1" 200 23731 "-" "Sogou web spider/4.0(+http://www.sogou.com/docs/help/webmasters.htm#07)"
24.203.26.114 - - [20/Jun/2014:20:20:12 -0400] "GET /images/360_AK55-00.JPG HTTP/1.1" 200 21995 "https://www.google.com/" "Mozilla/5.0 (Windows NT 6.1; WOW64) AppleWebKit/537.36 (KHTML, like Gecko) Chrome/35.0.1916.153 Safari/537.36"
81.82.48.225 - - [20/Jun/2014:07:06:00 -0400] "GET /scripts/526513custom.css HTTP/1.1" 200 9241 "http://www.pharoahaudio.com/syncheckproducthomepage/distributors.html" "Mozilla/5.0 (Windows NT 6.3; WOW64; Trident/7.0; rv:11.0) like Gecko"
81.82.48.225 - - [20/Jun/2014:07:06:00 -0400] "GET /images/181_SMM.jpg HTTP/1.1" 200 3096 "http://www.pharoahaudio.com/syncheckproducthomepage/distributors.html" "Mozilla/5.0 (Windows NT 6.3; WOW64; Trident/7.0; rv:11.0) like Gecko"
81.82.48.225 - - [20/Jun/2014:07:06:00 -0400] "GET /images/141_logo_Soundware_image.jpg HTTP/1.1" 200 3300 "http://www.pharoahaudio.com/syncheckproducthomepage/distributors.html" "Mozilla/5.0 (Windows NT 6.3; WOW64; Trident/7.0; rv:11.0) like Gecko"
31.168.147.44 - - [20/Jun/2014:07:08:20 -0400] "GET /scripts/template.css HTTP/1.1" 200 11360 "http://www.pharoahaudio.com/ptvideosyncstudy.html" "Mozilla/5.0 (Windows NT 6.3; WOW64; rv:30.0) Gecko/20100101 Firefox/30.0"
82.159.156.66 - - [20/Jun/2014:07:16:57 -0400] "GET /scripts/icwebsiteelement.css HTTP/1.1" 200 8132 "http://www.pharoahaudio.com/legacyproductinformatio/faqsyncheckii.html" "Mozilla/5.0 (Windows NT 6.1) AppleWebKit/537.36 (KHTML, like Gecko) Chrome/35.0.1916.153 Safari/537.36"
208.83.156.113 - - [20/Jun/2014:09:03:28 -0400] "GET /robots.txt HTTP/1.1" 200 25 "-" "Mozilla/5.0 (compatible; FatBot 2.0; http://www.thefind.com/crawler)"
85.75.42.240 - - [20/Jun/2014:11:34:37 -0400] "GET /scripts/template.css HTTP/1.1" 200 11360 "http://www.pharoahaudio.com/radiola26part7.html" "Mozilla/5.0 (Windows NT 6.1; WOW64; rv:30.0) Gecko/20100101 Firefox/30.0"
85.75.42.240 - - [20/Jun/2014:11:55:33 -0400] "GET /radiola26part5.html HTTP/1.1" 200 22617 "http://www.pharoahaudio.com/radiola26part4.html" "Mozilla/5.0 (Windows NT 6.1; WOW64; rv:30.0) Gecko/20100101 Firefox/30.0"
85.75.42.240 - - [20/Jun/2014:11:55:34 -0400] "GET /images/432_R26_19_cat_reinstalled.JPG HTTP/1.1" 200 33024 "http://www.pharoahaudio.com/radiola26part5.html" "Mozilla/5.0 (Windows NT 6.1; WOW64; rv:30.0) Gecko/20100101 Firefox/30.0"
77.49.237.159 - - [20/Jun/2014:13:52:07 -0400] "GET /scripts/user.js HTTP/1.1" 200 23762 "http://www.pharoahaudio.com/" "Mozilla/5.0 (Macintosh; Intel Mac OS X 10.9; rv:29.0) Gecko/20100101 Firefox/29.0"
77.49.237.159 - - [20/Jun/2014:13:52:10 -0400] "GET /images/150_Radiola_26.jpg HTTP/1.1" 200 4013 "http://www.pharoahaudio.com/" "Mozilla/5.0 (Macintosh; Intel Mac OS X 10.9; rv:29.0) Gecko/20100101 Firefox/29.0"
27.150.247.58 - - [20/Jun/2014:00:20:29 -0400] "GET /js/fckeditor/editor/filemanager/connectors/uploadtest.html HTTP/1.1" 404 575 "-" "Mozilla/4.0 (compatible; MSIE 6.0; Windows NT 5.1)"
66.249.64.148 - - [20/Jun/2014:01:33:33 -0400] "GET /syncheckproducthomepage.html HTTP/1.1" 304 - "-" "Mozilla/5.0 (compatible; Googlebot/2.1; +http://www.google.com/bot.html)"
193.150.120.14 - - [20/Jun/2014:02:19:37 -0400] "GET /ak35repair1.html HTTP/1.1" 200 18956 "http://smolotkom.ru/" "Mozilla/4.0 (compatible; MSIE 6.0; Windows NT 5.1; SV1; .NET CLR 1.1.4322; .NET CLR 2.0.50727)"
207.46.13.78 - - [20/Jun/2014:06:00:53 -0400] "GET /images/deletekey_contrasted_narrow_featurephoto.jpg HTTP/1.1" 200 3702 "-" "Mozilla/5.0 (compatible; bingbot/2.0; +http://www.bing.com/bingbot.htm)"
65.55.215.34 - - [20/Jun/2014:06:36:11 -0400] "GET /images/886_AK35_front_900_branded.jpg HTTP/1.1" 200 37924 "-" "msnbot-media/1.1 (+http://search.msn.com/msnbot.htm)"
95.152.237.207 - - [20/Jun/2014:15:25:52 -0400] "GET /scripts/526544.css HTTP/1.1" 200 102 "http://www.pharoahaudio.com/tweeterfixpart3.html" "Mozilla/5.0 (Windows NT 6.1; WOW64; rv:30.0) Gecko/20100101 Firefox/30.0"
95.152.237.207 - - [20/Jun/2014:15:25:52 -0400] "GET /images/432_T9_new_foam1.jpg HTTP/1.1" 200 21331 "http://www.pharoahaudio.com/tweeterfixpart3.html" "Mozilla/5.0 (Windows NT 6.1; WOW64; rv:30.0) Gecko/20100101 Firefox/30.0"
95.152.237.207 - - [20/Jun/2014:15:26:20 -0400] "GET /images/360_EMUD_RJ196.JPG HTTP/1.1" 200 20614 "http://www.pharoahaudio.com/tweeterfixpart4.html" "Mozilla/5.0 (Windows NT 6.1; WOW64; rv:30.0) Gecko/20100101 Firefox/30.0"
208.115.113.87 - - [20/Jun/2014:23:47:54 -0400] "GET /yeolderadiomuseum.html HTTP/1.1" 200 42663 "-" "Mozilla/5.0 (compatible; DotBot/1.1; http://www.opensiteexplorer.org/dotbot, help@moz.com)"
81.82.48.225 - - [20/Jun/2014:07:08:45 -0400] "GET /soundhomepage/portfolio.html HTTP/1.1" 200 44218 "http://www.pharoahaudio.com/syncheckproducthomepage.html" "Mozilla/5.0 (Windows NT 6.3; WOW64; Trident/7.0; rv:11.0) like Gecko"
208.83.156.155 - - [20/Jun/2014:08:16:33 -0400] "GET /scripts/526518custom.css HTTP/1.1" 200 1479 "-" "Mozilla/5.0 (compatible; FatBot 2.0; http://www.thefind.com/crawler)"
195.195.81.200 - - [20/Jun/2014:10:20:45 -0400] "GET /scripts/ic_globals_published.js HTTP/1.1" 200 566 "http://www.pharoahaudio.com/ptvideosyncstudy.html" "Mozilla/5.0 (Macintosh; Intel Mac OS X 10.8; rv:30.0) Gecko/20100101 Firefox/30.0"
195.195.81.200 - - [20/Jun/2014:10:20:45 -0400] "GET /scripts/print.css HTTP/1.1" 200 11209 "http://www.pharoahaudio.com/ptvideosyncstudy.html" "Mozilla/5.0 (Macintosh; Intel Mac OS X 10.8; rv:30.0) Gecko/20100101 Firefox/30.0"
157.55.39.111 - - [20/Jun/2014:11:36:33 -0400] "GET /syncheckproducthomepage/distributors.html HTTP/1.1" 200 29251 "-" "Mozilla/5.0 (compatible; bingbot/2.0; +http://www.bing.com/bingbot.htm)"
85.75.42.240 - - [20/Jun/2014:11:55:20 -0400] "GET /images/432_R26_17_catacomb_melted.JPG HTTP/1.1" 200 27525 "http://www.pharoahaudio.com/radiola26part4.html" "Mozilla/5.0 (Windows NT 6.1; WOW64; rv:30.0) Gecko/20100101 Firefox/30.0"
85.75.42.240 - - [20/Jun/2014:11:58:19 -0400] "GET /scripts/526552custom.css HTTP/1.1" 200 4847 "http://www.pharoahaudio.com/ac55cpart5.html" "Mozilla/5.0 (Windows NT 6.1; WOW64; rv:30.0) Gecko/20100101 Firefox/30.0"
85.75.42.240 - - [20/Jun/2014:11:58:19 -0400] "GET /images/261_AK55-27.JPG HTTP/1.1" 200 6956 "http://www.pharoahaudio.com/ac55cpart5.html" "Mozilla/5.0 (Windows NT 6.1; WOW64; rv:30.0) Gecko/20100101 Firefox/30.0"
85.75.42.240 - - [20/Jun/2014:11:58:19 -0400] "GET /images/261_AK55-25.JPG HTTP/1.1" 200 7343 "http://www.pharoahaudio.com/ac55cpart5.html" "Mozilla/5.0 (Windows NT 6.1; WOW64; rv:30.0) Gecko/20100101 Firefox/30.0"
85.75.42.240 - - [20/Jun/2014:11:58:19 -0400] "GET /images/432_AK55-28.JPG HTTP/1.1" 200 23106 "http://www.pharoahaudio.com/ac55cpart5.html" "Mozilla/5.0 (Windows NT 6.1; WOW64; rv:30.0) Gecko/20100101 Firefox/30.0"
157.55.39.111 - - [20/Jun/2014:12:22:30 -0400] "GET /robots.txt HTTP/1.1" 200 25 "-" "Mozilla/5.0 (compatible; bingbot/2.0; +http://www.bing.com/bingbot.htm)"
208.83.156.119 - - [20/Jun/2014:12:57:48 -0400] "GET /scripts/526557custom.css HTTP/1.1" 200 1808 "-" "Mozilla/5.0 (compatible; FatBot 2.0; http://www.thefind.com/crawler)"
193.150.120.14 - - [20/Jun/2014:01:57:32 -0400] "GET /ak35repair1.html HTTP/1.1" 200 18956 "http://www.world-mmo.com/" "Mozilla/4.0 (compatible; MSIE 6.0; Windows NT 5.1; SV1; .NET CLR 1.1.4322; .NET CLR 2.0.50727)"
65.55.215.33 - - [20/Jun/2014:04:26:58 -0400] "GET /images/432_R26_27_order_form.JPG HTTP/1.1" 200 36814 "-" "msnbot-media/1.1 (+http://search.msn.com/msnbot.htm)"
208.83.156.151 - - [20/Jun/2014:06:52:33 -0400] "GET /scripts/526548custom.css HTTP/1.1" 200 4173 "-" "Mozilla/5.0 (compatible; FatBot 2.0; http://www.thefind.com/crawler)"
208.83.156.158 - - [20/Jun/2014:14:41:24 -0400] "GET /scripts/526538custom.css HTTP/1.1" 200 1140 "-" "Mozilla/5.0 (compatible; FatBot 2.0; http://www.thefind.com/crawler)"
208.185.22.30 - - [20/Jun/2014:15:20:22 -0400] "GET /images/Syncheck_user_manual_v1.0.8.pdf HTTP/1.1" 200 40926 "-" "Mozilla/5.0 (Macintosh; Intel Mac OS X 10.7; rv:30.0) Gecko/20100101 Firefox/30.0"
208.185.22.30 - - [20/Jun/2014:15:20:22 -0400] "GET /favicon.ico HTTP/1.1" 404 575 "-" "Mozilla/5.0 (Macintosh; Intel Mac OS X 10.7; rv:30.0) Gecko/20100101 Firefox/30.0"
208.185.22.30 - - [20/Jun/2014:15:20:22 -0400] "GET /favicon.ico HTTP/1.1" 404 575 "-" "Mozilla/5.0 (Macintosh; Intel Mac OS X 10.7; rv:30.0) Gecko/20100101 Firefox/30.0"
216.237.231.202 - - [20/Jun/2014:18:28:40 -0400] "GET /ak35repair1.html HTTP/1.1" 200 18956 "https://www.google.com/" "Mozilla/5.0 (Windows NT 5.1) AppleWebKit/537.36 (KHTML, like Gecko) Chrome/35.0.1916.153 Safari/537.36"
216.237.231.202 - - [20/Jun/2014:18:28:40 -0400] "GET /scripts/526522.css HTTP/1.1" 200 102 "http://www.pharoahaudio.com/ak35repair1.html" "Mozilla/5.0 (Windows NT 5.1) AppleWebKit/537.36 (KHTML, like Gecko) Chrome/35.0.1916.153 Safari/537.36"
216.237.231.202 - - [20/Jun/2014:18:28:40 -0400] "GET /scripts/icwebsiteelement.css HTTP/1.1" 200 8132 "http://www.pharoahaudio.com/ak35repair1.html" "Mozilla/5.0 (Windows NT 5.1) AppleWebKit/537.36 (KHTML, like Gecko) Chrome/35.0.1916.153 Safari/537.36"
216.237.231.202 - - [20/Jun/2014:18:28:40 -0400] "GET /images/50_hand-arrow-red-left.gif HTTP/1.1" 200 477 "http://www.pharoahaudio.com/ak35repair1.html" "Mozilla/5.0 (Windows NT 5.1) AppleWebKit/537.36 (KHTML, like Gecko) Chrome/35.0.1916.153 Safari/537.36"
216.237.231.202 - - [20/Jun/2014:18:28:40 -0400] "GET /images/Majestic_reversed_for_pages.jpg HTTP/1.1" 200 6769 "http://www.pharoahaudio.com/ak35repair1.html" "Mozilla/5.0 (Windows NT 5.1) AppleWebKit/537.36 (KHTML, like Gecko) Chrome/35.0.1916.153 Safari/537.36"
216.237.231.202 - - [20/Jun/2014:18:28:40 -0400] "GET /favicon.ico HTTP/1.1" 404 575 "-" "Mozilla/5.0 (Windows NT 5.1) AppleWebKit/537.36 (KHTML, like Gecko) Chrome/35.0.1916.153 Safari/537.36"
76.178.71.84 - - [20/Jun/2014:21:08:57 -0400] "GET /scripts/ic_globals_published.js HTTP/1.1" 200 566 "http://www.pharoahaudio.com/ptvideosyncstudy.html" "Mozilla/5.0 (Windows NT 6.0) AppleWebKit/537.36 (KHTML, like Gecko) Chrome/31.0.1650.63 Safari/537.36"
76.178.71.84 - - [20/Jun/2014:21:08:58 -0400] "GET /scripts/user.js HTTP/1.1" 200 23762 "http://www.pharoahaudio.com/ptvideosyncstudy.html" "Mozilla/5.0 (Windows NT 6.0) AppleWebKit/537.36 (KHTML, like Gecko) Chrome/31.0.1650.63 Safari/537.36"
76.178.71.84 - - [20/Jun/2014:21:08:58 -0400] "GET /images/ic_002_body_bg.gif HTTP/1.1" 200 304 "http://www.pharoahaudio.com/ptvideosyncstudy.html" "Mozilla/5.0 (Windows NT 6.0) AppleWebKit/537.36 (KHTML, like Gecko) Chrome/31.0.1650.63 Safari/537.36"
118.209.106.239 - - [20/Jun/2014:21:18:13 -0400] "GET /scripts/template.css HTTP/1.1" 200 11360 "http://www.pharoahaudio.com/syncheckproducthomepage/syncheckii.html" "Mozilla/5.0 (Macintosh; Intel Mac OS X 10_6_8) AppleWebKit/537.36 (KHTML, like Gecko) Chrome/35.0.1916.153 Safari/537.36"
118.209.106.239 - - [20/Jun/2014:21:18:14 -0400] "GET /syncheckproducthomepage.html HTTP/1.1" 200 23731 "https://www.google.com.au/" "Mozilla/5.0 (Macintosh; Intel Mac OS X 10_6_8) AppleWebKit/537.36 (KHTML, like Gecko) Chrome/35.0.1916.153 Safari/537.36"
118.209.106.239 - - [20/Jun/2014:21:18:14 -0400] "GET /images/300_SY3_handheld_toward_tv.jpg HTTP/1.1" 200 10416 "http://www.pharoahaudio.com/syncheckproducthomepage.html" "Mozilla/5.0 (Macintosh; Intel Mac OS X 10_6_8) AppleWebKit/537.36 (KHTML, like Gecko) Chrome/35.0.1916.153 Safari/537.36"
81.82.48.225 - - [20/Jun/2014:07:05:49 -0400] "GET /scripts/526509custom.css HTTP/1.1" 200 1746 "http://www.pharoahaudio.com/soundhomepage.html" "Mozilla/5.0 (Windows NT 6.3; WOW64; Trident/7.0; rv:11.0) like Gecko"
81.82.48.225 - - [20/Jun/2014:07:05:49 -0400] "GET /images/150_Radiola_26.jpg HTTP/1.1" 200 4013 "http://www.pharoahaudio.com/soundhomepage.html" "Mozilla/5.0 (Windows NT 6.3; WOW64; Trident/7.0; rv:11.0) like Gecko"
220.181.108.82 - - [20/Jun/2014:08:01:25 -0400] "GET /syncheckproducthomepage/syncheck3.html HTTP/1.1" 200 21686 "-" "Mozilla/5.0 (compatible; Baiduspider/2.0; +http://www.baidu.com/search/spider.html)"
37.58.100.147 - - [20/Jun/2014:11:40:58 -0400] "GET /legacyproductinformatio/originalsyncheck.html HTTP/1.1" 200 15206 "-" "Mozilla/5.0 (compatible; AhrefsBot/5.0; +http://ahrefs.com/robot/)"
85.75.42.240 - - [20/Jun/2014:11:56:38 -0400] "GET /ak55cpart2.html HTTP/1.1" 200 23172 "http://www.pharoahaudio.com/ak55cpart1.html" "Mozilla/5.0 (Windows NT 6.1; WOW64; rv:30.0) Gecko/20100101 Firefox/30.0"
85.75.42.240 - - [20/Jun/2014:11:56:39 -0400] "GET /images/448_AK55-06.JPG HTTP/1.1" 200 23520 "http://www.pharoahaudio.com/ak55cpart2.html" "Mozilla/5.0 (Windows NT 6.1; WOW64; rv:30.0) Gecko/20100101 Firefox/30.0"
66.249.64.138 - - [20/Jun/2014:00:07:01 -0400] "GET / HTTP/1.1" 200 15366 "-" "Mozilla/5.0 (compatible; Googlebot/2.1; +http://www.google.com/bot.html)"
66.249.64.138 - - [20/Jun/2014:02:37:25 -0400] "GET /yeolderadiomuseum.html HTTP/1.1" 304 - "-" "Mozilla/5.0 (compatible; Googlebot/2.1; +http://www.google.com/bot.html)"
123.125.71.77 - - [20/Jun/2014:06:20:36 -0400] "GET /images/150_Radiola_26.jpg HTTP/1.1" 200 4013 "-" "Baiduspider-image+(+http://www.baidu.com/search/spider.htm)\\nReferer: http://image.baidu.com/i?ct=503316480&z=0&tn=baiduimagedetail"
65.55.215.33 - - [20/Jun/2014:06:23:19 -0400] "GET /images/428_AK35_RF_section_unclean.JPG HTTP/1.1" 200 48507 "-" "msnbot-media/1.1 (+http://search.msn.com/msnbot.htm)"
157.254.210.20 - - [20/Jun/2014:14:44:09 -0400] "GET /scripts/icwebsiteelement.css HTTP/1.1" 200 8132 "http://www.pharoahaudio.com/syncheckproducthomepage.html" "Mozilla/5.0 (Windows NT 6.1) AppleWebKit/537.36 (KHTML, like Gecko) Chrome/35.0.1916.153 Safari/537.36"
157.254.210.20 - - [20/Jun/2014:14:44:09 -0400] "GET /images/300_SY3_handheld_toward_tv.jpg HTTP/1.1" 200 10416 "http://www.pharoahaudio.com/syncheckproducthomepage.html" "Mozilla/5.0 (Windows NT 6.1) AppleWebKit/537.36 (KHTML, like Gecko) Chrome/35.0.1916.153 Safari/537.36"
198.147.175.203 - - [20/Jun/2014:15:43:38 -0400] "GET /scripts/website.css HTTP/1.1" 200 1916 "http://www.pharoahaudio.com/syncheckproducthomepage.html" "Mozilla/5.0 (Macintosh; Intel Mac OS X 10_8_5) AppleWebKit/537.74.9 (KHTML, like Gecko) Version/6.1.2 Safari/537.74.9"
198.147.175.203 - - [20/Jun/2014:15:43:38 -0400] "GET /scripts/icwebsiteelement.css HTTP/1.1" 200 8132 "http://www.pharoahaudio.com/syncheckproducthomepage.html" "Mozilla/5.0 (Macintosh; Intel Mac OS X 10_8_5) AppleWebKit/537.74.9 (KHTML, like Gecko) Version/6.1.2 Safari/537.74.9"
87.238.209.3 - - [20/Jun/2014:15:54:38 -0400] "GET /news.html HTTP/1.1" 200 39109 "-" "Mozilla/4.0 (Windows NT 6.2) AppleWebKit/537.17 (KHTML, like Gecko) Chrome/24.0.1312.70 Safari/537.17"
87.238.209.3 - - [20/Jun/2014:15:54:39 -0400] "GET /news.html HTTP/1.1" 200 39109 "-" "Mozilla/4.0 (Windows NT 6.2) AppleWebKit/537.17 (KHTML, like Gecko) Chrome/24.0.1312.70 Safari/537.17"
87.238.209.3 - - [20/Jun/2014:15:54:39 -0400] "GET /contact.html HTTP/1.1" 200 11921 "-" "Mozilla/4.0 (Windows NT 6.2) AppleWebKit/537.17 (KHTML, like Gecko) Chrome/24.0.1312.70 Safari/537.17"
157.55.39.15 - - [20/Jun/2014:18:52:46 -0400] "GET /scripts/526525.css HTTP/1.1" 200 102 "-" "Mozilla/5.0 (compatible; bingbot/2.0; +http://www.bing.com/bingbot.htm)"
157.55.39.111 - - [20/Jun/2014:19:15:21 -0400] "GET / HTTP/1.1" 200 15366 "-" "Mozilla/5.0 (compatible; bingbot/2.0; +http://www.bing.com/bingbot.htm)"
94.242.222.44 - - [20/Jun/2014:19:18:17 -0400] "GET /yeolderadiomuseum.html HTTP/1.1" 200 42663 "-" "Mozilla/4.0 (compatible; MSIE 8.0; Windows NT 6.1; Trident/4.0)"
76.178.71.84 - - [20/Jun/2014:21:08:57 -0400] "GET /scripts/template.css HTTP/1.1" 200 11360 "http://www.pharoahaudio.com/ptvideosyncstudy.html" "Mozilla/5.0 (Windows NT 6.0) AppleWebKit/537.36 (KHTML, like Gecko) Chrome/31.0.1650.63 Safari/537.36"
76.178.71.84 - - [20/Jun/2014:21:08:58 -0400] "GET /images/ic_002_banner_bg_wide.jpg HTTP/1.1" 200 5805 "http://www.pharoahaudio.com/ptvideosyncstudy.html" "Mozilla/5.0 (Windows NT 6.0) AppleWebKit/537.36 (KHTML, like Gecko) Chrome/31.0.1650.63 Safari/537.36"
50.176.91.202 - - [20/Jun/2014:23:28:36 -0400] "GET /scripts/website.css HTTP/1.1" 200 1916 "http://www.pharoahaudio.com/deliverables.html" "Mozilla/5.0 (iPad; CPU OS 7_1_1 like Mac OS X) AppleWebKit/537.51.2 (KHTML, like Gecko) Version/7.0 Mobile/11D201 Safari/9537.53"
50.176.91.202 - - [20/Jun/2014:23:28:36 -0400] "GET /scripts/photoalbum.js HTTP/1.1" 200 62481 "http://www.pharoahaudio.com/deliverables.html" "Mozilla/5.0 (iPad; CPU OS 7_1_1 like Mac OS X) AppleWebKit/537.51.2 (KHTML, like Gecko) Version/7.0 Mobile/11D201 Safari/9537.53"
50.176.91.202 - - [20/Jun/2014:23:28:37 -0400] "GET /images/doc_pdf.gif HTTP/1.1" 200 1002 "http://www.pharoahaudio.com/deliverables.html" "Mozilla/5.0 (iPad; CPU OS 7_1_1 like Mac OS X) AppleWebKit/537.51.2 (KHTML, like Gecko) Version/7.0 Mobile/11D201 Safari/9537.53"
123.125.71.20 - - [20/Jun/2014:10:38:08 -0400] "GET /legacyproductinformatio/originalsyncheck.html HTTP/1.1" 200 15206 "-" "Mozilla/5.0 (compatible; Baiduspider/2.0; +http://www.baidu.com/search/spider.html)"
85.75.42.240 - - [20/Jun/2014:11:55:20 -0400] "GET /images/432_R26_15_ready_to_melt1.JPG HTTP/1.1" 200 25969 "http://www.pharoahaudio.com/radiola26part4.html" "Mozilla/5.0 (Windows NT 6.1; WOW64; rv:30.0) Gecko/20100101 Firefox/30.0"
85.75.42.240 - - [20/Jun/2014:11:59:03 -0400] "GET /images/468_AK35_plate_bypass_cap.jpg HTTP/1.1" 200 37920 "http://www.pharoahaudio.com/ak35repair2.html" "Mozilla/5.0 (Windows NT 6.1; WOW64; rv:30.0) Gecko/20100101 Firefox/30.0"
162.210.196.97 - - [20/Jun/2014:06:03:13 -0400] "GET /robots.txt HTTP/1.0" 200 25 "-" "Mozilla/5.0 (compatible; MJ12bot/v1.4.5; http://www.majestic12.co.uk/bot.php?+)"
95.152.237.207 - - [20/Jun/2014:15:22:26 -0400] "GET /scripts/website.css HTTP/1.1" 200 1916 "http://www.pharoahaudio.com/tweeterfixpart1.html" "Mozilla/5.0 (Windows NT 6.1; WOW64; rv:30.0) Gecko/20100101 Firefox/30.0"
95.152.237.207 - - [20/Jun/2014:15:22:26 -0400] "GET /scripts/526542custom.css HTTP/1.1" 200 2488 "http://www.pharoahaudio.com/tweeterfixpart1.html" "Mozilla/5.0 (Windows NT 6.1; WOW64; rv:30.0) Gecko/20100101 Firefox/30.0"
95.152.237.207 - - [20/Jun/2014:15:22:27 -0400] "GET /images/ic_002_banner_bg_wide.jpg HTTP/1.1" 200 5805 "http://www.pharoahaudio.com/scripts/template.css" "Mozilla/5.0 (Windows NT 6.1; WOW64; rv:30.0) Gecko/20100101 Firefox/30.0"
95.152.237.207 - - [20/Jun/2014:15:25:52 -0400] "GET /scripts/526544custom.css HTTP/1.1" 200 2151 "http://www.pharoahaudio.com/tweeterfixpart3.html" "Mozilla/5.0 (Windows NT 6.1; WOW64; rv:30.0) Gecko/20100101 Firefox/30.0"
95.152.237.207 - - [20/Jun/2014:15:25:52 -0400] "GET /images/432_T11_slicing_foam.jpg HTTP/1.1" 200 32968 "http://www.pharoahaudio.com/tweeterfixpart3.html" "Mozilla/5.0 (Windows NT 6.1; WOW64; rv:30.0) Gecko/20100101 Firefox/30.0"
198.147.175.203 - - [20/Jun/2014:15:43:38 -0400] "GET /scripts/template.css HTTP/1.1" 200 11360 "http://www.pharoahaudio.com/syncheckproducthomepage.html" "Mozilla/5.0 (Macintosh; Intel Mac OS X 10_8_5) AppleWebKit/537.74.9 (KHTML, like Gecko) Version/6.1.2 Safari/537.74.9"
216.237.231.202 - - [20/Jun/2014:18:28:40 -0400] "GET /scripts/website.css HTTP/1.1" 200 1916 "http://www.pharoahaudio.com/ak35repair1.html" "Mozilla/5.0 (Windows NT 5.1) AppleWebKit/537.36 (KHTML, like Gecko) Chrome/35.0.1916.153 Safari/537.36"
216.237.231.202 - - [20/Jun/2014:18:28:40 -0400] "GET /images/886_AK35_front_900_branded.jpg HTTP/1.1" 200 37924 "http://www.pharoahaudio.com/ak35repair1.html" "Mozilla/5.0 (Windows NT 5.1) AppleWebKit/537.36 (KHTML, like Gecko) Chrome/35.0.1916.153 Safari/537.36"
216.237.231.202 - - [20/Jun/2014:18:28:40 -0400] "GET /images/ic_002_body_bg.gif HTTP/1.1" 200 304 "http://www.pharoahaudio.com/ak35repair1.html" "Mozilla/5.0 (Windows NT 5.1) AppleWebKit/537.36 (KHTML, like Gecko) Chrome/35.0.1916.153 Safari/537.36"
46.118.155.40 - - [20/Jun/2014:18:53:02 -0400] "GET /ak35repair1.html HTTP/1.1" 200 18956 "http://digest-project.ru/" "Mozilla/4.0 (compatible; MSIE 6.0; Windows NT 5.1; SV1; FunWebProducts)"
24.203.26.114 - - [20/Jun/2014:20:20:17 -0400] "GET /scripts/template.css HTTP/1.1" 200 11360 "http://www.pharoahaudio.com/ak55cpart1.html" "Mozilla/5.0 (Windows NT 6.1; WOW64) AppleWebKit/537.36 (KHTML, like Gecko) Chrome/35.0.1916.153 Safari/537.36"
24.203.26.114 - - [20/Jun/2014:20:20:17 -0400] "GET /images/448_AK55-04.JPG HTTP/1.1" 200 19786 "http://www.pharoahaudio.com/ak55cpart1.html" "Mozilla/5.0 (Windows NT 6.1; WOW64) AppleWebKit/537.36 (KHTML, like Gecko) Chrome/35.0.1916.153 Safari/537.36"
157.55.39.16 - - [20/Jun/2014:20:36:23 -0400] "GET /soundhomepage/audioclips.html HTTP/1.1" 200 18078 "-" "Mozilla/5.0 (compatible; bingbot/2.0; +http://www.bing.com/bingbot.htm)"
76.178.71.84 - - [20/Jun/2014:21:08:57 -0400] "GET /scripts/website.css HTTP/1.1" 200 1916 "http://www.pharoahaudio.com/ptvideosyncstudy.html" "Mozilla/5.0 (Windows NT 6.0) AppleWebKit/537.36 (KHTML, like Gecko) Chrome/31.0.1650.63 Safari/537.36"
76.178.71.84 - - [20/Jun/2014:21:08:58 -0400] "GET /scripts/photoalbum.js HTTP/1.1" 200 62481 "http://www.pharoahaudio.com/ptvideosyncstudy.html" "Mozilla/5.0 (Windows NT 6.0) AppleWebKit/537.36 (KHTML, like Gecko) Chrome/31.0.1650.63 Safari/537.36"
76.178.71.84 - - [20/Jun/2014:21:08:58 -0400] "GET /scripts/print.css HTTP/1.1" 200 11209 "http://www.pharoahaudio.com/ptvideosyncstudy.html" "Mozilla/5.0 (Windows NT 6.0) AppleWebKit/537.36 (KHTML, like Gecko) Chrome/31.0.1650.63 Safari/537.36"
65.38.62.144 - - [20/Jun/2014:23:11:57 -0400] "GET /images/170_AK55C_refinished_front.JPG HTTP/1.1" 200 7480 "http://www.pharoahaudio.com/yeolderadiomuseum.html" "Mozilla/5.0 (Windows NT 6.0; rv:30.0) Gecko/20100101 Firefox/30.0"
65.38.62.144 - - [20/Jun/2014:23:11:57 -0400] "GET /images/photoalbum/button_photoLast.jpg HTTP/1.1" 200 637 "http://www.pharoahaudio.com/yeolderadiomuseum.html" "Mozilla/5.0 (Windows NT 6.0; rv:30.0) Gecko/20100101 Firefox/30.0"
31.168.147.44 - - [20/Jun/2014:07:08:22 -0400] "GET /scripts/photoalbum.js HTTP/1.1" 200 62481 "http://www.pharoahaudio.com/ptvideosyncstudy.html" "Mozilla/5.0 (Windows NT 6.3; WOW64; rv:30.0) Gecko/20100101 Firefox/30.0"
31.168.147.44 - - [20/Jun/2014:07:08:24 -0400] "GET /images/ic_002_body_bg.gif HTTP/1.1" 200 304 "http://www.pharoahaudio.com/scripts/template.css" "Mozilla/5.0 (Windows NT 6.3; WOW64; rv:30.0) Gecko/20100101 Firefox/30.0"
31.168.147.44 - - [20/Jun/2014:07:08:25 -0400] "GET /images/deletekey_contrasted_narrow_featurephoto.jpg HTTP/1.1" 200 3702 "http://www.pharoahaudio.com/scripts/website.css" "Mozilla/5.0 (Windows NT 6.3; WOW64; rv:30.0) Gecko/20100101 Firefox/30.0"
31.168.147.44 - - [20/Jun/2014:07:08:26 -0400] "GET /favicon.ico HTTP/1.1" 404 575 "-" "Mozilla/5.0 (Windows NT 6.3; WOW64; rv:30.0) Gecko/20100101 Firefox/30.0"
31.168.147.44 - - [20/Jun/2014:07:08:26 -0400] "GET /favicon.ico HTTP/1.1" 404 575 "-" "Mozilla/5.0 (Windows NT 6.3; WOW64; rv:30.0) Gecko/20100101 Firefox/30.0"
208.83.156.113 - - [20/Jun/2014:09:08:15 -0400] "GET /scripts/526494custom.css HTTP/1.1" 200 4508 "-" "Mozilla/5.0 (compatible; FatBot 2.0; http://www.thefind.com/crawler)"
66.249.65.233 - - [20/Jun/2014:11:52:45 -0400] "GET /robots.txt HTTP/1.1" 200 25 "-" "Mozilla/5.0 (compatible; Googlebot/2.1; +http://www.google.com/bot.html)"
85.75.42.240 - - [20/Jun/2014:11:54:22 -0400] "GET /images/432_R26_05_loop_wired_top.JPG HTTP/1.1" 200 28676 "http://www.pharoahaudio.com/radiola26part2.html" "Mozilla/5.0 (Windows NT 6.1; WOW64; rv:30.0) Gecko/20100101 Firefox/30.0"
85.75.42.240 - - [20/Jun/2014:11:55:23 -0400] "GET /images/432_R26_16_ready_to_melt2.JPG HTTP/1.1" 200 28927 "http://www.pharoahaudio.com/radiola26part4.html" "Mozilla/5.0 (Windows NT 6.1; WOW64; rv:30.0) Gecko/20100101 Firefox/30.0"
85.75.42.240 - - [20/Jun/2014:11:55:44 -0400] "GET /scripts/526535custom.css HTTP/1.1" 200 3846 "http://www.pharoahaudio.com/radiola26part6.html" "Mozilla/5.0 (Windows NT 6.1; WOW64; rv:30.0) Gecko/20100101 Firefox/30.0"
85.75.42.240 - - [20/Jun/2014:11:55:44 -0400] "GET /images/432_R26_28_make_pad1.JPG HTTP/1.1" 200 29768 "http://www.pharoahaudio.com/radiola26part6.html" "Mozilla/5.0 (Windows NT 6.1; WOW64; rv:30.0) Gecko/20100101 Firefox/30.0"
85.75.42.240 - - [20/Jun/2014:11:55:44 -0400] "GET /images/282_R26_32_make_pad5.JPG HTTP/1.1" 200 11601 "http://www.pharoahaudio.com/radiola26part6.html" "Mozilla/5.0 (Windows NT 6.1; WOW64; rv:30.0) Gecko/20100101 Firefox/30.0"
85.75.42.240 - - [20/Jun/2014:11:57:08 -0400] "GET /scripts/526550.css HTTP/1.1" 200 102 "http://www.pharoahaudio.com/ak55cpart3.html" "Mozilla/5.0 (Windows NT 6.1; WOW64; rv:30.0) Gecko/20100101 Firefox/30.0"
85.75.42.240 - - [20/Jun/2014:11:57:08 -0400] "GET /images/540_AK55-11.JPG HTTP/1.1" 200 39184 "http://www.pharoahaudio.com/ak55cpart3.html" "Mozilla/5.0 (Windows NT 6.1; WOW64; rv:30.0) Gecko/20100101 Firefox/30.0"
85.75.42.240 - - [20/Jun/2014:11:58:58 -0400] "GET /scripts/526522custom.css HTTP/1.1" 200 3503 "http://www.pharoahaudio.com/ak35repair1.html" "Mozilla/5.0 (Windows NT 6.1; WOW64; rv:30.0) Gecko/20100101 Firefox/30.0"
92.126.231.186 - - [20/Jun/2014:00:37:07 -0400] "GET /images/500_SynFlash_New_in_boot.jpg HTTP/1.1" 200 20690 "http://yandex.ru/images/search?source=wiz&uinfo=sw-1360-sh-768-ww-1343-wh-706-pd-1-wp-16x9_1360x768&_=1403239033826&p=75&text=%D0%BF%D0%BE%D0%BB%D1%8C%D1%81%D0%BA%D0%B0%D1%8F%20%20%20%D0%BE%D0%B1%D1%83%D0%B2%D1%8C&noreask=1&pos=2267&rpt=simage&lr=11349&pin=1&img_url=http%3A%2F%2Fcvetshop.su%2Fcomponents%2Fcom_virtuemart%2Fshop_image%2Fproduct%2Fadditional%2Fshoes%2Fconverse%2F52%2F1.jpg" "Opera/9.80 (Windows NT 5.1; Edition Yx) Presto/2.12.388 Version/12.17"
68.180.225.104 - - [20/Jun/2014:01:27:11 -0400] "GET /synflashv2readme.html HTTP/1.1" 200 17800 "-" "Mozilla/5.0 (compatible; Yahoo! Slurp; http://help.yahoo.com/help/us/ysearch/slurp)"
192.99.200.18 - - [20/Jun/2014:02:12:28 -0400] "GET / HTTP/1.0" 200 15366 "http://www.pharoahaudio.com/" "Mozilla/5.0 (Windows NT 5.1) AppleWebKit/536.5 (KHTML, like Gecko) YaBrowser/1.1.1084.5409 Chrome/19.1.1084.5409 Safari/536.5"
207.46.13.113 - - [20/Jun/2014:03:39:55 -0400] "GET /images/SynFlash_Manuel_utilisateur_v2.2_fr.pdf HTTP/1.1" 200 286247 "-" "Mozilla/5.0 (compatible; bingbot/2.0; +http://www.bing.com/bingbot.htm)"
195.211.154.139 - - [20/Jun/2014:06:44:55 -0400] "GET /tweeterfixpart1.html HTTP/1.1" 200 18654 "-" "Mozilla/4.0 (compatible; MSIE 6.0; Windows NT 5.1; SV1; Mozilla/4.0 (compatible; MSIE 6.0; Windows NT 5.1; SV1) ; .NET CLR 1.0.3705)"
202.46.62.203 - - [20/Jun/2014:15:04:33 -0400] "GET /scripts/website.css HTTP/1.1" 200 1916 "-" "Mozilla/5.0 (Windows NT 6.1; WOW64; rv:22.0) Gecko/20100101 Firefox/22.0"
95.152.237.207 - - [20/Jun/2014:15:22:27 -0400] "GET /tweeterfixpart1.html HTTP/1.1" 200 18654 "http://www.google.co.uk/url?sa=t&rct=j&q=&esrc=s&source=web&cd=4&ved=0CDwQFjAD&url=http%3A%2F%2Fwww.pharoahaudio.com%2Ftweeterfixpart1.html&ei=6omkU6HvFqSn0QWXw4H4AQ&usg=AFQjCNE0yCYzrFFTixRH2o_YQLYj8TxLMQ&bvm=bv.69411363,d.b2U" "Mozilla/5.0 (Windows NT 6.1; WOW64; rv:30.0) Gecko/20100101 Firefox/30.0"
95.152.237.207 - - [20/Jun/2014:15:22:28 -0400] "GET /scripts/526542.css HTTP/1.1" 200 102 "http://www.pharoahaudio.com/tweeterfixpart1.html" "Mozilla/5.0 (Windows NT 6.1; WOW64; rv:30.0) Gecko/20100101 Firefox/30.0"
95.152.237.207 - - [20/Jun/2014:15:22:28 -0400] "GET /scripts/icwebsiteelement.css HTTP/1.1" 200 8132 "http://www.pharoahaudio.com/tweeterfixpart1.html" "Mozilla/5.0 (Windows NT 6.1; WOW64; rv:30.0) Gecko/20100101 Firefox/30.0"
95.152.237.207 - - [20/Jun/2014:15:22:29 -0400] "GET /images/540_T1_tweeter_unopened.jpg HTTP/1.1" 200 56975 "http://www.pharoahaudio.com/tweeterfixpart1.html" "Mozilla/5.0 (Windows NT 6.1; WOW64; rv:30.0) Gecko/20100101 Firefox/30.0"
86.200.36.64 - - [20/Jun/2014:18:51:09 -0400] "GET /images/800_Radiola_26_small_branded.jpg HTTP/1.1" 200 69343 "http://www.google.fr/blank.html" "Mozilla/5.0 (Linux; U; Android 2.3.4; fr-fr; SonyEricssonLT18i-o Build/4.0.2.A.0.62) AppleWebKit/533.1 (KHTML, like Gecko) Version/4.0 Mobile Safari/533.1"
157.55.39.101 - - [20/Jun/2014:18:52:53 -0400] "GET /scripts/icwebsiteelement.css HTTP/1.1" 200 8132 "-" "Mozilla/5.0 (compatible; bingbot/2.0; +http://www.bing.com/bingbot.htm)"
24.203.26.114 - - [20/Jun/2014:20:21:31 -0400] "GET /ak55cpart2.html HTTP/1.1" 200 23172 "http://www.pharoahaudio.com/ak55cpart1.html" "Mozilla/5.0 (Windows NT 6.1; WOW64) AppleWebKit/537.36 (KHTML, like Gecko) Chrome/35.0.1916.153 Safari/537.36"
24.203.26.114 - - [20/Jun/2014:20:21:31 -0400] "GET /images/448_AK55-06.JPG HTTP/1.1" 200 23520 "http://www.pharoahaudio.com/ak55cpart2.html" "Mozilla/5.0 (Windows NT 6.1; WOW64) AppleWebKit/537.36 (KHTML, like Gecko) Chrome/35.0.1916.153 Safari/537.36"
24.203.26.114 - - [20/Jun/2014:20:21:31 -0400] "GET /images/448_AK55-08a.JPG HTTP/1.1" 200 31835 "http://www.pharoahaudio.com/ak55cpart2.html" "Mozilla/5.0 (Windows NT 6.1; WOW64) AppleWebKit/537.36 (KHTML, like Gecko) Chrome/35.0.1916.153 Safari/537.36"
208.83.156.151 - - [20/Jun/2014:20:59:29 -0400] "GET /scripts/user.js HTTP/1.1" 200 23762 "-" "Mozilla/5.0 (compatible; FatBot 2.0; http://www.thefind.com/crawler)"
157.55.39.101 - - [20/Jun/2014:22:00:18 -0400] "GET /legacyproductinformatio.html HTTP/1.1" 200 8626 "-" "Mozilla/5.0 (compatible; bingbot/2.0; +http://www.bing.com/bingbot.htm)"
202.46.63.144 - - [20/Jun/2014:22:06:25 -0400] "GET /scripts/'+src+' HTTP/1.1" 404 575 "-" "Mozilla/5.0 (Windows; U; Windows NT 5.1; zh-CN; rv:1.9.1.2) Firefox/3.5.2"
81.82.48.225 - - [20/Jun/2014:07:09:20 -0400] "GET /syncheckproducthomepage/dvd.html HTTP/1.1" 200 11942 "http://www.pharoahaudio.com/syncheckproducthomepage/shippingcosts.html" "Mozilla/5.0 (Windows NT 6.3; WOW64; Trident/7.0; rv:11.0) like Gecko"
208.83.156.160 - - [20/Jun/2014:08:17:25 -0400] "GET /scripts/526511custom.css HTTP/1.1" 200 2834 "-" "Mozilla/5.0 (compatible; FatBot 2.0; http://www.thefind.com/crawler)"
109.120.157.179 - - [20/Jun/2014:09:05:56 -0400] "GET /ak35repair5.html HTTP/1.1" 200 21319 "http://liderpak.ru/" "Mozilla/5.0 (compatible; Add Catalog/2.1;)"
85.75.42.240 - - [20/Jun/2014:11:54:09 -0400] "GET /images/800_Radiola_26_small_branded.jpg HTTP/1.1" 200 69343 "http://www.pharoahaudio.com/radiola26part1.html" "Mozilla/5.0 (Windows NT 6.1; WOW64; rv:30.0) Gecko/20100101 Firefox/30.0"
85.75.42.240 - - [20/Jun/2014:11:58:55 -0400] "GET /scripts/526522.css HTTP/1.1" 200 102 "http://www.pharoahaudio.com/ak35repair1.html" "Mozilla/5.0 (Windows NT 6.1; WOW64; rv:30.0) Gecko/20100101 Firefox/30.0"
85.75.42.240 - - [20/Jun/2014:11:58:56 -0400] "GET /images/550_AK35_bottom_900.jpg HTTP/1.1" 200 29141 "http://www.pharoahaudio.com/ak35repair1.html" "Mozilla/5.0 (Windows NT 6.1; WOW64; rv:30.0) Gecko/20100101 Firefox/30.0"
186.81.15.84 - - [20/Jun/2014:13:02:13 -0400] "GET /images/800_Radiola_26_small_branded.jpg HTTP/1.1" 200 69343 "https://www.google.com.co/" "Mozilla/5.0 (Windows NT 6.1) AppleWebKit/537.36 (KHTML, like Gecko) Chrome/35.0.1916.153 Safari/537.36"
157.55.39.112 - - [20/Jun/2014:01:14:48 -0400] "GET /soundhomepage/audioclips.html HTTP/1.1" 200 18078 "-" "Mozilla/5.0 (compatible; bingbot/2.0; +http://www.bing.com/bingbot.htm)"
192.99.200.18 - - [20/Jun/2014:02:12:08 -0400] "GET /images/Syncheck3_user_manual_v1.01.pdf HTTP/1.0" 200 323329 "http://www.pharoahaudio.com/images/Syncheck3_user_manual_v1.01.pdf" "Mozilla/5.0 (Windows NT 5.1) AppleWebKit/536.5 (KHTML, like Gecko) YaBrowser/1.1.1084.5409 Chrome/19.1.1084.5409 Safari/536.5"
66.249.64.148 - - [20/Jun/2014:03:12:06 -0400] "GET /images/432_R26_05_loop_wired_top.JPG HTTP/1.1" 304 - "-" "Googlebot-Image/1.0"
24.203.26.114 - - [20/Jun/2014:20:21:29 -0400] "GET /images/448_AK55-07.JPG HTTP/1.1" 200 33081 "http://www.pharoahaudio.com/ak55cpart2.html" "Mozilla/5.0 (Windows NT 6.1; WOW64) AppleWebKit/537.36 (KHTML, like Gecko) Chrome/35.0.1916.153 Safari/537.36"
81.82.48.225 - - [20/Jun/2014:07:03:42 -0400] "GET /scripts/template.css HTTP/1.1" 200 11360 "http://www.pharoahaudio.com/syncheckproducthomepage.html" "Mozilla/5.0 (Windows NT 6.3; WOW64; Trident/7.0; rv:11.0) like Gecko"
81.82.48.225 - - [20/Jun/2014:07:03:43 -0400] "GET /images/292_SY3_tabletop2_straight.jpg HTTP/1.1" 200 20162 "http://www.pharoahaudio.com/syncheckproducthomepage.html" "Mozilla/5.0 (Windows NT 6.3; WOW64; Trident/7.0; rv:11.0) like Gecko"
85.75.42.240 - - [20/Jun/2014:11:55:20 -0400] "GET /radiola26part4.html HTTP/1.1" 200 26882 "http://www.pharoahaudio.com/radiola26part3.html" "Mozilla/5.0 (Windows NT 6.1; WOW64; rv:30.0) Gecko/20100101 Firefox/30.0"
85.75.42.240 - - [20/Jun/2014:11:55:20 -0400] "GET /images/432_R26_14_catacomb_unsoldered.JPG HTTP/1.1" 200 36420 "http://www.pharoahaudio.com/radiola26part4.html" "Mozilla/5.0 (Windows NT 6.1; WOW64; rv:30.0) Gecko/20100101 Firefox/30.0"
85.75.42.240 - - [20/Jun/2014:11:55:21 -0400] "GET /images/432_osc_schematic_part.JPG HTTP/1.1" 200 28181 "http://www.pharoahaudio.com/radiola26part4.html" "Mozilla/5.0 (Windows NT 6.1; WOW64; rv:30.0) Gecko/20100101 Firefox/30.0"
85.75.42.240 - - [20/Jun/2014:11:56:19 -0400] "GET /images/448_AK55-04.JPG HTTP/1.1" 200 19786 "http://www.pharoahaudio.com/ak55cpart1.html" "Mozilla/5.0 (Windows NT 6.1; WOW64; rv:30.0) Gecko/20100101 Firefox/30.0"
85.75.42.240 - - [20/Jun/2014:11:58:19 -0400] "GET /images/270_AK55-26.JPG HTTP/1.1" 200 10127 "http://www.pharoahaudio.com/ac55cpart5.html" "Mozilla/5.0 (Windows NT 6.1; WOW64; rv:30.0) Gecko/20100101 Firefox/30.0"
85.75.42.240 - - [20/Jun/2014:11:59:33 -0400] "GET /images/448_AK35_wiring_completed.JPG HTTP/1.1" 200 27831 "http://www.pharoahaudio.com/ak35repair5.html" "Mozilla/5.0 (Windows NT 6.1; WOW64; rv:30.0) Gecko/20100101 Firefox/30.0"
207.46.13.78 - - [20/Jun/2014:12:22:30 -0400] "GET /robots.txt HTTP/1.1" 200 25 "-" "Mozilla/5.0 (compatible; bingbot/2.0; +http://www.bing.com/bingbot.htm)"
208.115.111.71 - - [20/Jun/2014:01:45:59 -0400] "GET /syncheckproducthomepage/downloads.html HTTP/1.1" 200 24534 "-" "Mozilla/5.0 (compatible; DotBot/1.1; http://www.opensiteexplorer.org/dotbot, help@moz.com)"
66.249.64.119 - - [20/Jun/2014:04:36:18 -0400] "GET /scripts/526545custom.css HTTP/1.1" 200 2487 "-" "Mozilla/5.0 (compatible; Googlebot/2.1; +http://www.google.com/bot.html)"
65.55.215.34 - - [20/Jun/2014:06:14:48 -0400] "GET /images/468_AK35_RF3_grass.jpg HTTP/1.1" 200 42255 "-" "msnbot-media/1.1 (+http://search.msn.com/msnbot.htm)"
157.55.39.15 - - [20/Jun/2014:14:55:31 -0400] "GET /soundhomepage.html HTTP/1.1" 200 15366 "-" "Mozilla/5.0 (compatible; bingbot/2.0; +http://www.bing.com/bingbot.htm)"
175.44.27.84 - - [20/Jun/2014:15:19:40 -0400] "GET /images/Syncheck3_user_manual_v1.01.pdf HTTP/1.1" 200 323329 "-" "Mozilla/4.0 (compatible; MSIE 6.0; Windows NT 5.1; SV1; Mozilla/4.0 (compatible; MSIE 6.0; Windows NT 5.1; SV1) ; .NET CLR 1.0.3705)"
207.46.13.113 - - [20/Jun/2014:15:35:32 -0400] "GET /scripts/website.css HTTP/1.1" 200 1916 "-" "Mozilla/5.0 (compatible; bingbot/2.0; +http://www.bing.com/bingbot.htm)"
157.55.39.111 - - [20/Jun/2014:16:18:14 -0400] "GET /scripts/526523custom.css HTTP/1.1" 200 3168 "-" "Mozilla/5.0 (compatible; bingbot/2.0; +http://www.bing.com/bingbot.htm)"
157.55.39.15 - - [20/Jun/2014:16:59:39 -0400] "GET /syncheckproducthomepage/buyonline.html HTTP/1.1" 200 10363 "-" "Mozilla/5.0 (compatible; bingbot/2.0; +http://www.bing.com/bingbot.htm)"
208.83.156.155 - - [20/Jun/2014:21:54:51 -0400] "GET /scripts/526513custom.css HTTP/1.1" 200 9241 "-" "Mozilla/5.0 (compatible; FatBot 2.0; http://www.thefind.com/crawler)"
98.207.208.38 - - [20/Jun/2014:22:55:57 -0400] "GET /syncheckproducthomepage/syncheckii.html HTTP/1.1" 200 19625 "https://www.google.com/" "Mozilla/5.0 (Windows NT 6.1; WOW64) AppleWebKit/537.36 (KHTML, like Gecko) Chrome/35.0.1916.153 Safari/537.36"
98.207.208.38 - - [20/Jun/2014:22:55:57 -0400] "GET /scripts/template.css HTTP/1.1" 200 11360 "http://www.pharoahaudio.com/syncheckproducthomepage/syncheckii.html" "Mozilla/5.0 (Windows NT 6.1; WOW64) AppleWebKit/537.36 (KHTML, like Gecko) Chrome/35.0.1916.153 Safari/537.36"
98.207.208.38 - - [20/Jun/2014:22:55:57 -0400] "GET /scripts/photoalbum.js HTTP/1.1" 200 62481 "http://www.pharoahaudio.com/syncheckproducthomepage/syncheckii.html" "Mozilla/5.0 (Windows NT 6.1; WOW64) AppleWebKit/537.36 (KHTML, like Gecko) Chrome/35.0.1916.153 Safari/537.36"
98.207.208.38 - - [20/Jun/2014:22:55:58 -0400] "GET /images/ic_002_banner_bg_wide.jpg HTTP/1.1" 200 5805 "http://www.pharoahaudio.com/syncheckproducthomepage/syncheckii.html" "Mozilla/5.0 (Windows NT 6.1; WOW64) AppleWebKit/537.36 (KHTML, like Gecko) Chrome/35.0.1916.153 Safari/537.36"
98.207.208.38 - - [20/Jun/2014:22:55:58 -0400] "GET /favicon.ico HTTP/1.1" 404 575 "-" "Mozilla/5.0 (Windows NT 6.1; WOW64) AppleWebKit/537.36 (KHTML, like Gecko) Chrome/35.0.1916.153 Safari/537.36"
50.176.91.202 - - [20/Jun/2014:23:28:36 -0400] "GET /scripts/526537custom.css HTTP/1.1" 200 1813 "http://www.pharoahaudio.com/deliverables.html" "Mozilla/5.0 (iPad; CPU OS 7_1_1 like Mac OS X) AppleWebKit/537.51.2 (KHTML, like Gecko) Version/7.0 Mobile/11D201 Safari/9537.53"
50.176.91.202 - - [20/Jun/2014:23:28:37 -0400] "GET /images/ic_002_body_bg.gif HTTP/1.1" 200 304 "http://www.pharoahaudio.com/deliverables.html" "Mozilla/5.0 (iPad; CPU OS 7_1_1 like Mac OS X) AppleWebKit/537.51.2 (KHTML, like Gecko) Version/7.0 Mobile/11D201 Safari/9537.53"
81.82.48.225 - - [20/Jun/2014:07:07:58 -0400] "GET /images/doctype_zip.gif HTTP/1.1" 200 1227 "http://www.pharoahaudio.com/syncheckproducthomepage/downloads.html" "Mozilla/5.0 (Windows NT 6.3; WOW64; Trident/7.0; rv:11.0) like Gecko"
81.82.48.225 - - [20/Jun/2014:07:08:02 -0400] "GET /syncheckproducthomepage/shippingcosts.html HTTP/1.1" 200 10581 "http://www.pharoahaudio.com/syncheckproducthomepage/downloads.html" "Mozilla/5.0 (Windows NT 6.3; WOW64; Trident/7.0; rv:11.0) like Gecko"
85.75.42.240 - - [20/Jun/2014:11:33:44 -0400] "GET /scripts/photoalbum.js HTTP/1.1" 200 62481 "http://www.pharoahaudio.com/radiola26part7.html" "Mozilla/5.0 (Windows NT 6.1; WOW64; rv:30.0) Gecko/20100101 Firefox/30.0"
85.75.42.240 - - [20/Jun/2014:11:33:45 -0400] "GET /images/ic_002_body_bg.gif HTTP/1.1" 200 304 "http://www.pharoahaudio.com/scripts/template.css" "Mozilla/5.0 (Windows NT 6.1; WOW64; rv:30.0) Gecko/20100101 Firefox/30.0"
