222.153.91.89 - - [10/Sep/2020:23:24:33 -0400] "GET /scripts/526525.css HTTP/1.0" 200 102 "http://www.pharoahaudio.com/ak35repair5.html" "Mozilla/5.0 (Windows NT 10.0; Win64; x64) AppleWebKit/537.36 (KHTML, like Gecko) Chrome/84.0.4147.105 Safari/537.36"
10.30.83.31 - - [10/Sep/2020:23:33:36 -0400] "GET / HTTP/1.0" 200 7026 "https://avtointeres.ru/" "Mozilla/4.0 (compatible; MSIE 6.0; MSIE 5.5; Windows NT 5.0) Opera 7.02 Bork-edition [en]"
10.30.70.138 - - [10/Sep/2020:23:42:55 -0400] "GET /apple-touch-icon-120x120.png HTTP/1.0" 404 575 "-" "MobileSafari/604.1 CFNetwork/1128.0.1 Darwin/19.6.0"
66.249.66.74 - - [10/Sep/2020:23:46:07 -0400] "GET /favicon.ico HTTP/1.0" 404 575 "-" "Googlebot-Image/1.0"
185.191.171.3 - - [10/Sep/2020:00:20:19 -0400] "GET /radiola26part8.html HTTP/1.0" 200 15372 "-" "Mozilla/5.0 (compatible; SemrushBot/6~bl; +http://www.semrush.com/bot.html)"
207.46.13.223 - - [10/Sep/2020:01:25:40 -0400] "GET /robots.txt HTTP/1.0" 200 25 "-" "Mozilla/5.0 (compatible; bingbot/2.0; +http://www.bing.com/bingbot.htm)"
35.239.58.193 - - [10/Sep/2020:02:05:32 -0400] "GET /robots.txt HTTP/1.0" 200 25 "-" "ltx71 - (http://ltx71.com/)"
35.239.58.193 - - [10/Sep/2020:02:08:00 -0400] "GET / HTTP/1.0" 200 7026 "-" "ltx71 - (http://ltx71.com/)"
90.231.98.16 - - [10/Sep/2020:02:23:39 -0400] "GET /apple-touch-icon-152x152-precomposed.png HTTP/1.0" 404 575 "-" "MobileSafari/604.1 CFNetwork/978.0.7 Darwin/18.7.0"
90.231.98.16 - - [10/Sep/2020:02:23:39 -0400] "GET /favicon.ico HTTP/1.0" 404 575 "-" "MobileSafari/604.1 CFNetwork/978.0.7 Darwin/18.7.0"
116.179.32.12 - - [10/Sep/2020:02:52:05 -0400] "GET / HTTP/1.0" 200 7026 "-" "Mozilla/5.0 (compatible; Baiduspider/2.0; +http://www.baidu.com/search/spider.html)"
66.249.66.60 - - [10/Sep/2020:02:55:45 -0400] "GET /soundhomepage/audioclips.html HTTP/1.0" 200 15584 "-" "Mozilla/5.0 (Linux; Android 6.0.1; Nexus 5X Build/MMB29P) AppleWebKit/537.36 (KHTML, like Gecko) Chrome/80.0.3987.92 Mobile Safari/537.36 (compatible; Googlebot/2.1; +http://www.google.com/bot.html)"
114.119.129.92 - - [10/Sep/2020:02:58:20 -0400] "GET /soundhomepage.html HTTP/1.0" 200 7026 "-" "Mozilla/5.0 (Linux; Android 7.0;) AppleWebKit/537.36 (KHTML, like Gecko) Mobile Safari/537.36 (compatible; PetalBot;+http://aspiegel.com/petalbot)"
35.239.58.193 - - [10/Sep/2020:03:04:52 -0400] "GET /robots.txt HTTP/1.0" 200 25 "-" "ltx71 - (http://ltx71.com/)"
114.119.141.191 - - [10/Sep/2020:03:09:48 -0400] "GET /tweeterfixpart2.html HTTP/1.0" 200 17379 "-" "Mozilla/5.0 (Linux; Android 7.0;) AppleWebKit/537.36 (KHTML, like Gecko) Mobile Safari/537.36 (compatible; PetalBot;+http://aspiegel.com/petalbot)"
109.252.138.201 - - [10/Sep/2020:04:35:58 -0400] "GET /synchecklegacy.html HTTP/1.0" 200 16575 "http://www.pharoahaudio.com/synchecklegacy.html" "Mozilla/5.0 (Windows NT 6.1; Win64; x64) AppleWebKit/537.36 (KHTML, like Gecko) Chrome/67.0.3396.87 Safari/537.36 OPR/54.0.2952.71"
188.165.174.33 - - [10/Sep/2020:05:42:59 -0400] "GET /synchecklegacy/originalsyncheck.html HTTP/1.0" 200 12667 "http://pharoaheditorial.com" "Mozilla/5.0 (X11; Linux x86_64) AppleWebKit/537.36 (KHTML, like Gecko) HeadlessChrome/66.0.3349.0 Safari/537.36"
188.165.174.33 - - [10/Sep/2020:05:43:01 -0400] "GET /synchecklegacy/downloads.html HTTP/1.0" 200 22608 "http://pharoaheditorial.com" "Mozilla/5.0 (X11; Linux x86_64) AppleWebKit/537.36 (KHTML, like Gecko) HeadlessChrome/66.0.3349.0 Safari/537.36"
174.252.193.116 - - [10/Sep/2020:06:08:52 -0400] "GET /scripts/526522custom.css HTTP/1.0" 200 3503 "http://www.pharoahaudio.com/ak35repair1.html" "Mozilla/5.0 (iPhone; CPU iPhone OS 13_7 like Mac OS X) AppleWebKit/605.1.15 (KHTML, like Gecko) GSA/123.4.330040034 Mobile/15E148 Safari/604.1"
174.252.193.116 - - [10/Sep/2020:06:08:52 -0400] "GET /scripts/template.css HTTP/1.0" 200 11360 "http://www.pharoahaudio.com/ak35repair1.html" "Mozilla/5.0 (iPhone; CPU iPhone OS 13_7 like Mac OS X) AppleWebKit/605.1.15 (KHTML, like Gecko) GSA/123.4.330040034 Mobile/15E148 Safari/604.1"
174.252.193.116 - - [10/Sep/2020:06:08:53 -0400] "GET /images/Majestic_reversed_for_pages.jpg HTTP/1.0" 200 6769 "http://www.pharoahaudio.com/ak35repair1.html" "Mozilla/5.0 (iPhone; CPU iPhone OS 13_7 like Mac OS X) AppleWebKit/605.1.15 (KHTML, like Gecko) GSA/123.4.330040034 Mobile/15E148 Safari/604.1"
174.252.193.116 - - [10/Sep/2020:06:08:53 -0400] "GET /images/ic_002_banner_bg_wide.jpg HTTP/1.0" 200 5805 "http://www.pharoahaudio.com/ak35repair1.html" "Mozilla/5.0 (iPhone; CPU iPhone OS 13_7 like Mac OS X) AppleWebKit/605.1.15 (KHTML, like Gecko) GSA/123.4.330040034 Mobile/15E148 Safari/604.1"
174.252.193.116 - - [10/Sep/2020:06:11:20 -0400] "GET /ak35repair2.html HTTP/1.0" 200 20149 "http://www.pharoahaudio.com/ak35repair1.html" "Mozilla/5.0 (iPhone; CPU iPhone OS 13_7 like Mac OS X) AppleWebKit/605.1.15 (KHTML, like Gecko) GSA/123.4.330040034 Mobile/15E148 Safari/604.1"
174.252.193.116 - - [10/Sep/2020:06:11:20 -0400] "GET /images/468_AK35_RF3_grass.jpg HTTP/1.0" 200 42255 "http://www.pharoahaudio.com/ak35repair2.html" "Mozilla/5.0 (iPhone; CPU iPhone OS 13_7 like Mac OS X) AppleWebKit/605.1.15 (KHTML, like Gecko) GSA/123.4.330040034 Mobile/15E148 Safari/604.1"
174.252.193.116 - - [10/Sep/2020:06:13:22 -0400] "GET /ak35repair3.html HTTP/1.0" 200 19856 "http://www.pharoahaudio.com/ak35repair2.html" "Mozilla/5.0 (iPhone; CPU iPhone OS 13_7 like Mac OS X) AppleWebKit/605.1.15 (KHTML, like Gecko) GSA/123.4.330040034 Mobile/15E148 Safari/604.1"
174.252.193.116 - - [10/Sep/2020:06:19:51 -0400] "GET /images/448_AK35_wiring_completed.JPG HTTP/1.0" 200 27831 "http://www.pharoahaudio.com/ak35repair5.html" "Mozilla/5.0 (iPhone; CPU iPhone OS 13_7 like Mac OS X) AppleWebKit/605.1.15 (KHTML, like Gecko) GSA/123.4.330040034 Mobile/15E148 Safari/604.1"
174.252.193.116 - - [10/Sep/2020:06:24:29 -0400] "GET /scripts/526496.css HTTP/1.0" 200 102 "http://www.pharoahaudio.com/yeolderadiomuseum.html" "Mozilla/5.0 (iPhone; CPU iPhone OS 13_7 like Mac OS X) AppleWebKit/605.1.15 (KHTML, like Gecko) GSA/123.4.330040034 Mobile/15E148 Safari/604.1"
174.252.193.116 - - [10/Sep/2020:06:27:18 -0400] "GET /images/432_T7_fingerprints.jpg HTTP/1.0" 200 21034 "http://www.pharoahaudio.com/tweeterfixpart2.html" "Mozilla/5.0 (iPhone; CPU iPhone OS 13_7 like Mac OS X) AppleWebKit/605.1.15 (KHTML, like Gecko) GSA/123.4.330040034 Mobile/15E148 Safari/604.1"
174.252.193.116 - - [10/Sep/2020:06:29:51 -0400] "GET /images/432_T11_slicing_foam.jpg HTTP/1.0" 200 32968 "http://www.pharoahaudio.com/tweeterfixpart3.html" "Mozilla/5.0 (iPhone; CPU iPhone OS 13_7 like Mac OS X) AppleWebKit/605.1.15 (KHTML, like Gecko) GSA/123.4.330040034 Mobile/15E148 Safari/604.1"
174.252.193.116 - - [10/Sep/2020:06:31:56 -0400] "GET /images/432_T14_new_contact.jpg HTTP/1.0" 200 20791 "http://www.pharoahaudio.com/tweeterfixpart4.html" "Mozilla/5.0 (iPhone; CPU iPhone OS 13_7 like Mac OS X) AppleWebKit/605.1.15 (KHTML, like Gecko) GSA/123.4.330040034 Mobile/15E148 Safari/604.1"
174.252.193.116 - - [10/Sep/2020:06:31:56 -0400] "GET /images/360_EMUD_RJ196.JPG HTTP/1.0" 200 20614 "http://www.pharoahaudio.com/tweeterfixpart4.html" "Mozilla/5.0 (iPhone; CPU iPhone OS 13_7 like Mac OS X) AppleWebKit/605.1.15 (KHTML, like Gecko) GSA/123.4.330040034 Mobile/15E148 Safari/604.1"
81.111.177.227 - - [10/Sep/2020:07:28:28 -0400] "GET /apple-touch-icon-precomposed.png HTTP/1.0" 404 575 "-" "Safari/14609.3.5.1.5 CFNetwork/978.4 Darwin/18.7.0 (x86_64)"
81.111.177.227 - - [10/Sep/2020:07:28:28 -0400] "GET /apple-touch-icon.png HTTP/1.0" 404 575 "-" "Safari/14609.3.5.1.5 CFNetwork/978.4 Darwin/18.7.0 (x86_64)"
81.111.177.227 - - [10/Sep/2020:07:28:29 -0400] "GET /apple-touch-icon-precomposed.png HTTP/1.0" 404 575 "-" "Safari/14609.3.5.1.5 CFNetwork/978.4 Darwin/18.7.0 (x86_64)"
99.161.83.138 - - [10/Sep/2020:07:41:41 -0400] "GET /apple-touch-icon-precomposed.png HTTP/1.0" 404 575 "-" "MobileSafari/604.1 CFNetwork/978.0.7 Darwin/18.7.0"
91.155.2.238 - - [10/Sep/2020:07:47:17 -0400] "GET /images/Syncheck3_user_manual_v1.01.pdf HTTP/1.0" 200 323329 "-" "Mozilla/5.0 (Macintosh; Intel Mac OS X 10_14_6) AppleWebKit/605.1.15 (KHTML, like Gecko)"
91.155.2.238 - - [10/Sep/2020:07:47:18 -0400] "GET /apple-touch-icon-precomposed.png HTTP/1.0" 404 575 "-" "Safari/14607.3.9 CFNetwork/978.0.7 Darwin/18.7.0 (x86_64)"
91.155.2.238 - - [10/Sep/2020:07:47:20 -0400] "GET /favicon.ico HTTP/1.0" 404 575 "-" "Safari/14607.3.9 CFNetwork/978.0.7 Darwin/18.7.0 (x86_64)"
91.155.2.238 - - [10/Sep/2020:07:47:20 -0400] "GET /apple-touch-icon.png HTTP/1.0" 404 575 "-" "Safari/14607.3.9 CFNetwork/978.0.7 Darwin/18.7.0 (x86_64)"
5.9.141.8 - - [10/Sep/2020:08:14:18 -0400] "GET /ak35repair1.html HTTP/1.0" 200 16494 "-" "Mozilla/5.0 (compatible; MJ12bot/v1.4.8; http://mj12bot.com/)"
5.9.141.8 - - [10/Sep/2020:08:14:49 -0400] "GET /audioprep.html HTTP/1.0" 200 62535 "-" "Mozilla/5.0 (compatible; MJ12bot/v1.4.8; http://mj12bot.com/)"
5.9.141.8 - - [10/Sep/2020:08:15:18 -0400] "GET /legacyproductinformatio/synflash.html HTTP/1.0" 200 31675 "-" "Mozilla/5.0 (compatible; MJ12bot/v1.4.8; http://mj12bot.com/)"
5.9.141.8 - - [10/Sep/2020:08:15:23 -0400] "GET /mmperceptions.html HTTP/1.0" 200 16714 "-" "Mozilla/5.0 (compatible; MJ12bot/v1.4.8; http://mj12bot.com/)"
5.9.141.8 - - [10/Sep/2020:08:15:25 -0400] "GET /mmworthit.html HTTP/1.0" 200 19696 "-" "Mozilla/5.0 (compatible; MJ12bot/v1.4.8; http://mj12bot.com/)"
5.9.141.8 - - [10/Sep/2020:08:15:28 -0400] "GET /news.html HTTP/1.0" 200 52973 "-" "Mozilla/5.0 (compatible; MJ12bot/v1.4.8; http://mj12bot.com/)"
5.9.141.8 - - [10/Sep/2020:08:15:51 -0400] "GET /radiola26part4.html HTTP/1.0" 200 24417 "-" "Mozilla/5.0 (compatible; MJ12bot/v1.4.8; http://mj12bot.com/)"
5.9.141.8 - - [10/Sep/2020:08:15:54 -0400] "GET /radiola26part5.html HTTP/1.0" 200 20152 "-" "Mozilla/5.0 (compatible; MJ12bot/v1.4.8; http://mj12bot.com/)"
5.9.141.8 - - [10/Sep/2020:08:16:03 -0400] "GET /radiola26part8.html HTTP/1.0" 200 15372 "-" "Mozilla/5.0 (compatible; MJ12bot/v1.4.8; http://mj12bot.com/)"
5.9.141.8 - - [10/Sep/2020:08:16:15 -0400] "GET /synflashv2readme.html HTTP/1.0" 200 15305 "-" "Mozilla/5.0 (compatible; MJ12bot/v1.4.8; http://mj12bot.com/)"
5.9.141.8 - - [10/Sep/2020:08:16:17 -0400] "GET /tweeterfixpart1.html HTTP/1.0" 200 16188 "-" "Mozilla/5.0 (compatible; MJ12bot/v1.4.8; http://mj12bot.com/)"
5.9.141.8 - - [10/Sep/2020:08:16:20 -0400] "GET /tweeterfixpart3.html HTTP/1.0" 200 14290 "-" "Mozilla/5.0 (compatible; MJ12bot/v1.4.8; http://mj12bot.com/)"
114.119.147.213 - - [10/Sep/2020:08:32:07 -0400] "GET /images/Synflash2.0_firmware_and_README.zip HTTP/1.0" 200 297181 "-" "Mozilla/5.0 (Linux; Android 7.0;) AppleWebKit/537.36 (KHTML, like Gecko) Mobile Safari/537.36 (compatible; PetalBot;+http://aspiegel.com/petalbot)"
40.77.167.215 - - [10/Sep/2020:08:40:52 -0400] "GET /dvd.html HTTP/1.0" 200 9390 "-" "Mozilla/5.0 (compatible; bingbot/2.0; +http://www.bing.com/bingbot.htm)"
3.234.210.161 - - [10/Sep/2020:08:45:54 -0400] "GET /wp-content/plugins/wp-file-manager/lib/php/connector.minimal.php HTTP/1.0" 404 575 "www.google.com" "Mozlila/5.0 (Linux; Android 7.0; SM-G892A Bulid/NRD90M; wv) AppleWebKit/537.36 (KHTML, like Gecko) Version/4.0 Chrome/60.0.3112.107 Moblie Safari/537.36"
222.163.219.146 - - [10/Sep/2020:09:34:12 -0400] "GET /admin/FCKeditor/editor/filemanager/browser/default/connectors/aspx/connector.aspx HTTP/1.0" 404 575 "-" "Mozilla/4.0 (compatible; MSIE 6.0; Windows NT 5.1; SV1)"
222.163.219.146 - - [10/Sep/2020:09:34:24 -0400] "GET /editor/editor/filemanager/browser/default/connectors/php/connector.php HTTP/1.0" 404 575 "-" "Mozilla/4.0 (compatible; MSIE 6.0; Windows NT 5.1; SV1)"
90.231.98.16 - - [10/Sep/2020:09:57:15 -0400] "GET /apple-touch-icon.png HTTP/1.0" 404 575 "-" "MobileSafari/604.1 CFNetwork/978.0.7 Darwin/18.7.0"
90.231.98.16 - - [10/Sep/2020:09:57:17 -0400] "GET /apple-touch-icon.png HTTP/1.0" 404 575 "-" "MobileSafari/604.1 CFNetwork/978.0.7 Darwin/18.7.0"
90.231.98.16 - - [10/Sep/2020:09:57:17 -0400] "GET /favicon.ico HTTP/1.0" 404 575 "-" "MobileSafari/604.1 CFNetwork/978.0.7 Darwin/18.7.0"
90.231.98.16 - - [10/Sep/2020:09:58:25 -0400] "GET /apple-touch-icon-152x152-precomposed.png HTTP/1.0" 404 575 "-" "MobileSafari/604.1 CFNetwork/978.0.7 Darwin/18.7.0"
90.231.98.16 - - [10/Sep/2020:09:58:25 -0400] "GET /apple-touch-icon-152x152.png HTTP/1.0" 404 575 "-" "MobileSafari/604.1 CFNetwork/978.0.7 Darwin/18.7.0"
90.231.98.16 - - [10/Sep/2020:09:58:25 -0400] "GET /favicon.ico HTTP/1.0" 404 575 "-" "MobileSafari/604.1 CFNetwork/978.0.7 Darwin/18.7.0"
90.231.98.16 - - [10/Sep/2020:09:58:26 -0400] "GET /apple-touch-icon-152x152-precomposed.png HTTP/1.0" 404 575 "-" "MobileSafari/604.1 CFNetwork/978.0.7 Darwin/18.7.0"
90.231.98.16 - - [10/Sep/2020:09:58:26 -0400] "GET /favicon.ico HTTP/1.0" 404 575 "-" "MobileSafari/604.1 CFNetwork/978.0.7 Darwin/18.7.0"
92.40.171.37 - - [10/Sep/2020:10:08:16 -0400] "GET /scripts/ic_globals_published.js HTTP/1.0" 200 566 "http://www.pharoahaudio.com/tweeterfixpart1.html" "Mozilla/5.0 (Windows NT 10.0; Win64; x64) AppleWebKit/537.36 (KHTML, like Gecko) Chrome/84.0.4147.135 Safari/537.36"
92.40.171.37 - - [10/Sep/2020:10:08:17 -0400] "GET /scripts/website.css HTTP/1.0" 200 1801 "http://www.pharoahaudio.com/tweeterfixpart1.html" "Mozilla/5.0 (Windows NT 10.0; Win64; x64) AppleWebKit/537.36 (KHTML, like Gecko) Chrome/84.0.4147.135 Safari/537.36"
92.40.171.37 - - [10/Sep/2020:10:08:17 -0400] "GET /scripts/526542custom.css HTTP/1.0" 200 2488 "http://www.pharoahaudio.com/tweeterfixpart1.html" "Mozilla/5.0 (Windows NT 10.0; Win64; x64) AppleWebKit/537.36 (KHTML, like Gecko) Chrome/84.0.4147.135 Safari/537.36"
92.40.171.37 - - [10/Sep/2020:10:08:17 -0400] "GET /scripts/icwebsiteelement.css HTTP/1.0" 200 8132 "http://www.pharoahaudio.com/tweeterfixpart1.html" "Mozilla/5.0 (Windows NT 10.0; Win64; x64) AppleWebKit/537.36 (KHTML, like Gecko) Chrome/84.0.4147.135 Safari/537.36"
92.40.171.37 - - [10/Sep/2020:10:08:17 -0400] "GET /scripts/print.css HTTP/1.0" 200 11209 "http://www.pharoahaudio.com/tweeterfixpart1.html" "Mozilla/5.0 (Windows NT 10.0; Win64; x64) AppleWebKit/537.36 (KHTML, like Gecko) Chrome/84.0.4147.135 Safari/537.36"
54.36.149.12 - - [10/Sep/2020:10:09:11 -0400] "GET /ac55cpart5.html HTTP/1.0" 200 21208 "-" "Mozilla/5.0 (compatible; AhrefsBot/7.0; +http://ahrefs.com/robot/)"
66.249.66.63 - - [10/Sep/2020:10:29:04 -0400] "GET /scripts/526548custom.css HTTP/1.0" 200 4173 "http://pharoaheditorial.com/ak55cpart1.html" "Mozilla/5.0 (Linux; Android 6.0.1; Nexus 5X Build/MMB29P) AppleWebKit/537.36 (KHTML, like Gecko) Chrome/85.0.4183.105 Mobile Safari/537.36 (compatible; Googlebot/2.1; +http://www.google.com/bot.html)"
66.249.66.33 - - [10/Sep/2020:10:29:06 -0400] "GET /scripts/526548.css HTTP/1.0" 200 102 "http://pharoaheditorial.com/ak55cpart1.html" "Mozilla/5.0 (Linux; Android 6.0.1; Nexus 5X Build/MMB29P) AppleWebKit/537.36 (KHTML, like Gecko) Chrome/85.0.4183.105 Mobile Safari/537.36 (compatible; Googlebot/2.1; +http://www.google.com/bot.html)"
114.119.134.93 - - [10/Sep/2020:10:31:22 -0400] "GET /robots.txt HTTP/1.0" 200 25 "-" "(compatible;PetalBot;+http://aspiegel.com/petalbot)"
176.8.250.231 - - [10/Sep/2020:10:43:11 -0400] "GET / HTTP/1.0" 200 7026 "https://avtointeres.ru/" "Mozilla/4.0 (compatible; MSIE 6.0; Windows XP)"
123.183.224.173 - - [10/Sep/2020:11:11:04 -0400] "GET /synchecklegacy.html HTTP/1.0" 200 16575 "-" "Sogou web spider/4.0(+http://www.sogou.com/docs/help/webmasters.htm#07)"
66.249.66.62 - - [10/Sep/2020:11:49:04 -0400] "GET /scripts/icwebsiteelement.css HTTP/1.0" 200 8132 "http://www.pharoahaudio.com/soundhomepage/audioclips.html" "Mozilla/5.0 (Linux; Android 6.0.1; Nexus 5X Build/MMB29P) AppleWebKit/537.36 (KHTML, like Gecko) Chrome/85.0.4183.105 Mobile Safari/537.36 (compatible; Googlebot/2.1; +http://www.google.com/bot.html)"
83.30.114.152 - - [10/Sep/2020:12:17:45 -0400] "GET /scripts/template.css HTTP/1.0" 200 11360 "http://www.pharoahaudio.com/ak35repair1.html" "Mozilla/5.0 (Windows NT 10.0; Win64; x64) AppleWebKit/537.36 (KHTML, like Gecko) Chrome/84.0.4147.135 Safari/537.36 OPR/70.0.3728.154"
83.30.114.152 - - [10/Sep/2020:12:20:47 -0400] "GET /images/448_AK35_RF2_severed_CU.jpg HTTP/1.0" 200 14047 "http://www.pharoahaudio.com/ak35repair4.html" "Mozilla/5.0 (Windows NT 10.0; Win64; x64) AppleWebKit/537.36 (KHTML, like Gecko) Chrome/84.0.4147.135 Safari/537.36 OPR/70.0.3728.154"
83.30.114.152 - - [10/Sep/2020:12:20:47 -0400] "GET /images/448_AK35_RF2_new_primary_CU.JPG HTTP/1.0" 200 27348 "http://www.pharoahaudio.com/ak35repair4.html" "Mozilla/5.0 (Windows NT 10.0; Win64; x64) AppleWebKit/537.36 (KHTML, like Gecko) Chrome/84.0.4147.135 Safari/537.36 OPR/70.0.3728.154"
73.233.7.34 - - [10/Sep/2020:12:53:19 -0400] "GET /scripts/526543custom.css HTTP/1.0" 200 3161 "http://www.pharoahaudio.com/tweeterfixpart2.html" "Mozilla/5.0 (Linux; Android 9; moto g(6)) AppleWebKit/537.36 (KHTML, like Gecko) Chrome/85.0.4183.81 Mobile Safari/537.36"
73.233.7.34 - - [10/Sep/2020:12:53:19 -0400] "GET /images/432_T5_open_tweeter_parts.jpg HTTP/1.0" 200 15870 "http://www.pharoahaudio.com/tweeterfixpart2.html" "Mozilla/5.0 (Linux; Android 9; moto g(6)) AppleWebKit/537.36 (KHTML, like Gecko) Chrome/85.0.4183.81 Mobile Safari/537.36"
73.233.7.34 - - [10/Sep/2020:12:53:20 -0400] "GET /images/432_T6_transparent_mylar_disc.jpg HTTP/1.0" 200 25088 "-" "Mozilla/5.0 (Linux; Android 9; moto g(6)) AppleWebKit/537.36 (KHTML, like Gecko) Chrome/85.0.4183.81 Mobile Safari/537.36"
73.233.7.34 - - [10/Sep/2020:12:53:20 -0400] "GET /images/432_T5_open_tweeter_parts.jpg HTTP/1.0" 200 15870 "-" "Mozilla/5.0 (Linux; Android 9; moto g(6)) AppleWebKit/537.36 (KHTML, like Gecko) Chrome/85.0.4183.81 Mobile Safari/537.36"
73.233.7.34 - - [10/Sep/2020:12:53:20 -0400] "GET /images/432_T8_old_foam.jpg HTTP/1.0" 200 17511 "http://www.pharoahaudio.com/tweeterfixpart3.html" "Mozilla/5.0 (Linux; Android 9; moto g(6)) AppleWebKit/537.36 (KHTML, like Gecko) Chrome/85.0.4183.81 Mobile Safari/537.36"
73.233.7.34 - - [10/Sep/2020:12:53:20 -0400] "GET /images/432_T10_new_foam2.jpg HTTP/1.0" 200 38819 "http://www.pharoahaudio.com/tweeterfixpart3.html" "Mozilla/5.0 (Linux; Android 9; moto g(6)) AppleWebKit/537.36 (KHTML, like Gecko) Chrome/85.0.4183.81 Mobile Safari/537.36"
73.233.7.34 - - [10/Sep/2020:12:53:21 -0400] "GET /images/432_T10_new_foam2.jpg HTTP/1.0" 200 38819 "http://www.pharoahaudio.com/tweeterfixpart3.html" "Mozilla/5.0 (Linux; Android 9; moto g(6)) AppleWebKit/537.36 (KHTML, like Gecko) Chrome/85.0.4183.81 Mobile Safari/537.36"
73.233.7.34 - - [10/Sep/2020:12:53:22 -0400] "GET /images/432_T13_grill_fitting.jpg HTTP/1.0" 200 25258 "-" "Mozilla/5.0 (Linux; Android 9; moto g(6)) AppleWebKit/537.36 (KHTML, like Gecko) Chrome/85.0.4183.81 Mobile Safari/537.36"
54.36.148.15 - - [10/Sep/2020:13:11:14 -0400] "GET /ak55cpart3.html HTTP/1.0" 200 19147 "-" "Mozilla/5.0 (compatible; AhrefsBot/7.0; +http://ahrefs.com/robot/)"
207.46.13.223 - - [10/Sep/2020:13:26:08 -0400] "GET /robots.txt HTTP/1.0" 200 25 "-" "Mozilla/5.0 (compatible; bingbot/2.0; +http://www.bing.com/bingbot.htm)"
65.35.24.30 - - [10/Sep/2020:14:21:46 -0400] "GET /apple-touch-icon-precomposed.png HTTP/1.0" 404 575 "-" "MobileSafari/604.1 CFNetwork/978.0.7 Darwin/18.7.0"
193.81.224.246 - - [10/Sep/2020:15:08:01 -0400] "GET /ptvideosyncstudy.html HTTP/1.0" 200 39523 "-" "Mozilla/5.0 (iPhone; CPU iPhone OS 13_4_1 like Mac OS X) AppleWebKit/605.1.15 (KHTML, like Gecko) Version/13.1 Mobile/15E148 Safari/604.1"
99.70.118.115 - - [10/Sep/2020:15:40:32 -0400] "GET /scripts/ic_globals_published.js HTTP/1.0" 200 566 "http://www.pharoahaudio.com/" "Mozilla/5.0 (iPhone; CPU iPhone OS 13_6_1 like Mac OS X) AppleWebKit/605.1.15 (KHTML, like Gecko) Version/13.1.2 Mobile/15E148 Safari/604.1"
99.70.118.115 - - [10/Sep/2020:15:40:32 -0400] "GET /scripts/photoalbum.js HTTP/1.0" 200 62481 "http://www.pharoahaudio.com/" "Mozilla/5.0 (iPhone; CPU iPhone OS 13_6_1 like Mac OS X) AppleWebKit/605.1.15 (KHTML, like Gecko) Version/13.1.2 Mobile/15E148 Safari/604.1"
114.119.156.102 - - [10/Sep/2020:15:49:08 -0400] "GET /ak35repair5.html HTTP/1.0" 200 18857 "-" "Mozilla/5.0 (Linux; Android 7.0;) AppleWebKit/537.36 (KHTML, like Gecko) Mobile Safari/537.36 (compatible; PetalBot;+http://aspiegel.com/petalbot)"
23.108.53.148 - - [10/Sep/2020:15:54:38 -0400] "GET /synchecklegacy.html HTTP/1.0" 200 16575 "-" "Mozilla/5.0 (Windows NT 10.0; Win64; x64) AppleWebKit/537.36 (KHTML, like Gecko) Chrome/80.0.3987.122 Safari/537.36"
114.119.137.8 - - [10/Sep/2020:16:27:27 -0400] "GET /images/Synflash2.2_firmware_and_README.zip HTTP/1.0" 200 303054 "-" "Mozilla/5.0 (Linux; Android 7.0;) AppleWebKit/537.36 (KHTML, like Gecko) Mobile Safari/537.36 (compatible; PetalBot;+http://aspiegel.com/petalbot)"
54.36.149.12 - - [10/Sep/2020:16:27:53 -0400] "GET /radiola26part3.html HTTP/1.0" 200 22285 "-" "Mozilla/5.0 (compatible; AhrefsBot/7.0; +http://ahrefs.com/robot/)"
99.42.8.157 - - [10/Sep/2020:16:43:28 -0400] "GET /scripts/template.css HTTP/1.0" 200 11360 "http://www.pharoahaudio.com/synchecklegacy/originalsyncheck.html" "Mozilla/5.0 (Macintosh; Intel Mac OS X 10_15_6) AppleWebKit/605.1.15 (KHTML, like Gecko) Version/13.1.2 Safari/605.1.15"
99.42.8.157 - - [10/Sep/2020:16:43:29 -0400] "GET /favicon.ico HTTP/1.0" 404 575 "http://www.pharoahaudio.com/synchecklegacy/originalsyncheck.html" "Mozilla/5.0 (Macintosh; Intel Mac OS X 10_15_6) AppleWebKit/605.1.15 (KHTML, like Gecko) Version/13.1.2 Safari/605.1.15"
83.95.177.182 - - [10/Sep/2020:16:51:37 -0400] "GET /apple-touch-icon.png HTTP/1.0" 404 575 "-" "Safari/14607.3.9 CFNetwork/978.0.7 Darwin/18.7.0 (x86_64)"
83.95.177.182 - - [10/Sep/2020:16:51:37 -0400] "GET /favicon.ico HTTP/1.0" 404 575 "-" "Safari/14607.3.9 CFNetwork/978.0.7 Darwin/18.7.0 (x86_64)"
83.95.177.182 - - [10/Sep/2020:16:51:37 -0400] "GET /apple-touch-icon-precomposed.png HTTP/1.0" 404 575 "-" "Safari/14607.3.9 CFNetwork/978.0.7 Darwin/18.7.0 (x86_64)"
83.95.177.182 - - [10/Sep/2020:17:06:00 -0400] "GET /apple-touch-icon-precomposed.png HTTP/1.0" 404 575 "-" "Safari/14607.3.9 CFNetwork/978.0.7 Darwin/18.7.0 (x86_64)"
83.95.177.182 - - [10/Sep/2020:17:06:01 -0400] "GET /apple-touch-icon.png HTTP/1.0" 404 575 "-" "Safari/14607.3.9 CFNetwork/978.0.7 Darwin/18.7.0 (x86_64)"
83.95.177.182 - - [10/Sep/2020:17:06:01 -0400] "GET /favicon.ico HTTP/1.0" 404 575 "-" "Safari/14607.3.9 CFNetwork/978.0.7 Darwin/18.7.0 (x86_64)"
83.95.177.182 - - [10/Sep/2020:17:06:01 -0400] "GET /apple-touch-icon-precomposed.png HTTP/1.0" 404 575 "-" "Safari/14607.3.9 CFNetwork/978.0.7 Darwin/18.7.0 (x86_64)"
83.95.177.182 - - [10/Sep/2020:17:06:01 -0400] "GET /apple-touch-icon.png HTTP/1.0" 404 575 "-" "Safari/14607.3.9 CFNetwork/978.0.7 Darwin/18.7.0 (x86_64)"
83.95.177.182 - - [10/Sep/2020:17:06:01 -0400] "GET /favicon.ico HTTP/1.0" 404 575 "-" "Safari/14607.3.9 CFNetwork/978.0.7 Darwin/18.7.0 (x86_64)"
83.95.177.182 - - [10/Sep/2020:17:06:02 -0400] "GET /synchecklegacy.html HTTP/1.0" 200 16575 "-" "Mozilla/5.0 (iPhone; CPU iPhone OS 12_1_3 like Mac OS X) AppleWebKit/605.1.15 (KHTML, like Gecko) Version/12.0 Mobile/15E148 Safari/604.1"
83.95.177.182 - - [10/Sep/2020:17:06:02 -0400] "GET /apple-touch-icon-precomposed.png HTTP/1.0" 404 575 "-" "Safari/14607.3.9 CFNetwork/978.0.7 Darwin/18.7.0 (x86_64)"
83.95.177.182 - - [10/Sep/2020:17:06:02 -0400] "GET /apple-touch-icon-precomposed.png HTTP/1.0" 404 575 "-" "Safari/14607.3.9 CFNetwork/978.0.7 Darwin/18.7.0 (x86_64)"
83.95.177.182 - - [10/Sep/2020:17:06:03 -0400] "GET /apple-touch-icon.png HTTP/1.0" 404 575 "-" "Safari/14607.3.9 CFNetwork/978.0.7 Darwin/18.7.0 (x86_64)"
66.249.66.60 - - [10/Sep/2020:17:20:52 -0400] "GET /legacyproductinformatio/syncheckii.html HTTP/1.0" 200 18431 "-" "Mozilla/5.0 (compatible; Googlebot/2.1; +http://www.google.com/bot.html)"
205.240.66.94 - - [10/Sep/2020:17:50:01 -0400] "GET /ak35repair3.html HTTP/1.0" 200 19856 "-" "Mozilla/5.0 (iPad; CPU OS 12_4_1 like Mac OS X) AppleWebKit/605.1.15 (KHTML, like Gecko) Version/12.1.2 Mobile/15E148 Safari/604.1"
205.240.66.94 - - [10/Sep/2020:17:50:04 -0400] "GET /favicon.ico HTTP/1.0" 404 575 "-" "MobileSafari/604.1 CFNetwork/978.0.7 Darwin/18.7.0"
66.160.143.139 - - [10/Sep/2020:17:52:55 -0400] "GET /synchecklegacy/originalsyncheck.html HTTP/1.0" 200 12667 "https://www.google.com/" "Mozilla/5.0 (Windows NT 6.3; Win64; x64) AppleWebKit/537.36 (KHTML, like Gecko) Chrome/85.0.4183.102 Safari/537.36"
66.160.143.139 - - [10/Sep/2020:17:52:55 -0400] "GET /scripts/user.js HTTP/1.0" 200 23762 "http://www.pharoahaudio.com/synchecklegacy/originalsyncheck.html" "Mozilla/5.0 (Windows NT 6.3; Win64; x64) AppleWebKit/537.36 (KHTML, like Gecko) Chrome/85.0.4183.102 Safari/537.36"
66.160.143.139 - - [10/Sep/2020:17:52:56 -0400] "GET /images/144_Syncheck_graphic_wide.JPG HTTP/1.0" 200 3057 "http://www.pharoahaudio.com/synchecklegacy/originalsyncheck.html" "Mozilla/5.0 (Windows NT 6.3; Win64; x64) AppleWebKit/537.36 (KHTML, like Gecko) Chrome/85.0.4183.102 Safari/537.36"
66.160.143.139 - - [10/Sep/2020:17:52:56 -0400] "GET /images/180_Syncheck_graphic_wide.JPG HTTP/1.0" 200 3403 "http://www.pharoahaudio.com/synchecklegacy/originalsyncheck.html" "Mozilla/5.0 (Windows NT 6.3; Win64; x64) AppleWebKit/537.36 (KHTML, like Gecko) Chrome/85.0.4183.102 Safari/537.36"
66.160.143.139 - - [10/Sep/2020:18:02:47 -0400] "GET /scripts/526510custom.css HTTP/1.0" 200 3840 "http://www.pharoahaudio.com/synchecklegacy/syncheckii.html" "Mozilla/5.0 (Windows NT 6.3; Win64; x64) AppleWebKit/537.36 (KHTML, like Gecko) Chrome/85.0.4183.102 Safari/537.36"
66.160.143.139 - - [10/Sep/2020:18:02:54 -0400] "GET /synchecklegacy/syncheck3.html HTTP/1.0" 200 18255 "http://www.pharoahaudio.com/synchecklegacy/syncheckii.html" "Mozilla/5.0 (Windows NT 6.3; Win64; x64) AppleWebKit/537.36 (KHTML, like Gecko) Chrome/85.0.4183.102 Safari/537.36"
66.160.143.139 - - [10/Sep/2020:18:02:54 -0400] "GET /images/hand_left_blue.gif HTTP/1.0" 200 932 "http://www.pharoahaudio.com/synchecklegacy/syncheck3.html" "Mozilla/5.0 (Windows NT 6.3; Win64; x64) AppleWebKit/537.36 (KHTML, like Gecko) Chrome/85.0.4183.102 Safari/537.36"
66.160.143.139 - - [10/Sep/2020:18:03:01 -0400] "GET /images/378_SynFlash_Black_table_cable_up.jpg HTTP/1.0" 200 25237 "http://www.pharoahaudio.com/synchecklegacy/synflash.html" "Mozilla/5.0 (Windows NT 6.3; Win64; x64) AppleWebKit/537.36 (KHTML, like Gecko) Chrome/85.0.4183.102 Safari/537.36"
206.116.192.217 - - [10/Sep/2020:18:03:12 -0400] "GET /tweeterfixpart1.html HTTP/1.0" 200 16188 "-" "Mozilla/5.0 (Windows NT 10.0; WOW64; rv:68.0) Gecko/20100101 Firefox/68.0"
206.116.192.217 - - [10/Sep/2020:18:03:12 -0400] "GET /scripts/user.js HTTP/1.0" 200 23762 "http://www.pharoahaudio.com/tweeterfixpart1.html" "Mozilla/5.0 (Windows NT 10.0; WOW64; rv:68.0) Gecko/20100101 Firefox/68.0"
206.116.192.217 - - [10/Sep/2020:18:03:12 -0400] "GET /scripts/526542.css HTTP/1.0" 200 102 "http://www.pharoahaudio.com/tweeterfixpart1.html" "Mozilla/5.0 (Windows NT 10.0; WOW64; rv:68.0) Gecko/20100101 Firefox/68.0"
206.116.192.217 - - [10/Sep/2020:18:03:12 -0400] "GET /images/540_T1_tweeter_unopened.jpg HTTP/1.0" 200 56975 "http://www.pharoahaudio.com/tweeterfixpart1.html" "Mozilla/5.0 (Windows NT 10.0; WOW64; rv:68.0) Gecko/20100101 Firefox/68.0"
66.160.143.139 - - [10/Sep/2020:18:04:32 -0400] "GET /scripts/526494custom.css HTTP/1.0" 200 4508 "http://www.pharoahaudio.com/ptvideosyncstudy.html" "Mozilla/5.0 (Windows NT 6.3; Win64; x64) AppleWebKit/537.36 (KHTML, like Gecko) Chrome/85.0.4183.102 Safari/537.36"
66.160.143.139 - - [10/Sep/2020:18:04:36 -0400] "GET /yeolderadiomuseum.html HTTP/1.0" 200 12415 "http://www.pharoahaudio.com/synchecklegacy/originalsyncheck.html" "Mozilla/5.0 (Windows NT 6.3; Win64; x64) AppleWebKit/537.36 (KHTML, like Gecko) Chrome/85.0.4183.102 Safari/537.36"
66.160.143.139 - - [10/Sep/2020:18:04:36 -0400] "GET /images/170_AK55C_refinished_front.JPG HTTP/1.0" 200 7480 "http://www.pharoahaudio.com/yeolderadiomuseum.html" "Mozilla/5.0 (Windows NT 6.3; Win64; x64) AppleWebKit/537.36 (KHTML, like Gecko) Chrome/85.0.4183.102 Safari/537.36"
66.160.143.139 - - [10/Sep/2020:18:16:34 -0400] "GET /synchecklegacy/downloads.html HTTP/1.0" 200 22608 "https://www.google.com/" "Mozilla/5.0 (Windows NT 6.3; Win64; x64) AppleWebKit/537.36 (KHTML, like Gecko) Chrome/85.0.4183.102 Safari/537.36"
205.240.66.94 - - [10/Sep/2020:18:30:17 -0400] "GET /favicon.ico HTTP/1.0" 404 575 "-" "MobileSafari/604.1 CFNetwork/978.0.7 Darwin/18.7.0"
205.240.66.94 - - [10/Sep/2020:18:30:17 -0400] "GET /apple-touch-icon-152x152.png HTTP/1.0" 404 575 "-" "MobileSafari/604.1 CFNetwork/978.0.7 Darwin/18.7.0"
54.36.148.232 - - [10/Sep/2020:18:41:05 -0400] "GET /radiola26part8.html HTTP/1.0" 200 15372 "-" "Mozilla/5.0 (compatible; AhrefsBot/7.0; +http://ahrefs.com/robot/)"
206.116.192.217 - - [10/Sep/2020:18:57:35 -0400] "GET /scripts/526543custom.css HTTP/1.0" 200 3161 "http://www.pharoahaudio.com/tweeterfixpart2.html" "Mozilla/5.0 (Windows NT 10.0; WOW64; rv:68.0) Gecko/20100101 Firefox/68.0"
206.116.192.217 - - [10/Sep/2020:18:57:35 -0400] "GET /images/432_T5_open_tweeter_parts.jpg HTTP/1.0" 200 15870 "http://www.pharoahaudio.com/tweeterfixpart2.html" "Mozilla/5.0 (Windows NT 10.0; WOW64; rv:68.0) Gecko/20100101 Firefox/68.0"
206.116.192.217 - - [10/Sep/2020:18:59:18 -0400] "GET /images/432_T9_new_foam1.jpg HTTP/1.0" 200 21331 "http://www.pharoahaudio.com/tweeterfixpart3.html" "Mozilla/5.0 (Windows NT 10.0; WOW64; rv:68.0) Gecko/20100101 Firefox/68.0"
66.249.66.58 - - [10/Sep/2020:19:22:49 -0400] "GET /ak55cpart1.html HTTP/1.0" 200 19240 "-" "Mozilla/5.0 (compatible; Googlebot/2.1; +http://www.google.com/bot.html)"
54.36.148.43 - - [10/Sep/2020:19:32:31 -0400] "GET /ak55cpart6.html HTTP/1.0" 200 18259 "-" "Mozilla/5.0 (compatible; AhrefsBot/7.0; +http://ahrefs.com/robot/)"
66.249.66.58 - - [10/Sep/2020:19:34:24 -0400] "GET /synchecklegacy/synflash.html HTTP/1.0" 200 29791 "-" "Mozilla/5.0 (Linux; Android 6.0.1; Nexus 5X Build/MMB29P) AppleWebKit/537.36 (KHTML, like Gecko) Chrome/85.0.4183.97 Mobile Safari/537.36 (compatible; Googlebot/2.1; +http://www.google.com/bot.html)"
77.75.77.36 - - [10/Sep/2020:19:37:00 -0400] "GET /robots.txt HTTP/1.0" 200 25 "-" "Mozilla/5.0 (compatible; SeznamBot/3.2; +http://napoveda.seznam.cz/en/seznambot-intro/)"
77.75.77.36 - - [10/Sep/2020:19:37:02 -0400] "GET /images/SyncheckII_D_marrage_rapide_fr.pdf HTTP/1.0" 200 127554 "-" "Mozilla/5.0 (compatible; SeznamBot/3.2; +http://napoveda.seznam.cz/en/seznambot-intro/)"
77.75.77.36 - - [10/Sep/2020:19:37:29 -0400] "GET /images/Synflash_Firmware_1E.zip HTTP/1.0" 200 272122 "-" "Mozilla/5.0 (compatible; SeznamBot/3.2; +http://napoveda.seznam.cz/en/seznambot-intro/)"
205.240.66.94 - - [10/Sep/2020:19:38:13 -0400] "GET /apple-touch-icon-precomposed.png HTTP/1.0" 404 575 "-" "MobileSafari/604.1 CFNetwork/978.0.7 Darwin/18.7.0"
205.240.66.94 - - [10/Sep/2020:19:38:14 -0400] "GET /apple-touch-icon-precomposed.png HTTP/1.0" 404 575 "-" "MobileSafari/604.1 CFNetwork/978.0.7 Darwin/18.7.0"
205.240.66.94 - - [10/Sep/2020:19:38:14 -0400] "GET /favicon.ico HTTP/1.0" 404 575 "-" "MobileSafari/604.1 CFNetwork/978.0.7 Darwin/18.7.0"
95.163.255.129 - - [10/Sep/2020:19:42:53 -0400] "GET /images/102_dvd_logo.jpg HTTP/1.0" 200 1688 "http://go.mail.ru/search_images" "Mozilla/5.0 (compatible; Linux x86_64; Mail.RU_Bot/Img/2.0; +http://go.mail.ru/help/robots)"
66.249.66.62 - - [10/Sep/2020:19:48:41 -0400] "GET /favicon.ico HTTP/1.0" 404 575 "-" "Googlebot-Image/1.0"
47.222.109.171 - - [10/Sep/2020:19:58:15 -0400] "GET / HTTP/1.0" 200 7026 "-" "Mozilla/5.0 (iPhone; CPU iPhone OS 13_6_1 like Mac OS X) AppleWebKit/605.1.15 (KHTML, like Gecko) Version/13.1.2 Mobile/15E148 Safari/604.1"
47.222.109.171 - - [10/Sep/2020:19:58:15 -0400] "GET /scripts/website.css HTTP/1.0" 200 1801 "http://www.pharoahaudio.com/" "Mozilla/5.0 (iPhone; CPU iPhone OS 13_6_1 like Mac OS X) AppleWebKit/605.1.15 (KHTML, like Gecko) Version/13.1.2 Mobile/15E148 Safari/604.1"
47.222.109.171 - - [10/Sep/2020:19:58:15 -0400] "GET /scripts/print.css HTTP/1.0" 200 11209 "http://www.pharoahaudio.com/" "Mozilla/5.0 (iPhone; CPU iPhone OS 13_6_1 like Mac OS X) AppleWebKit/605.1.15 (KHTML, like Gecko) Version/13.1.2 Mobile/15E148 Safari/604.1"
47.222.109.171 - - [10/Sep/2020:19:58:15 -0400] "GET /images/ic_002_body_bg.gif HTTP/1.0" 200 304 "http://www.pharoahaudio.com/" "Mozilla/5.0 (iPhone; CPU iPhone OS 13_6_1 like Mac OS X) AppleWebKit/605.1.15 (KHTML, like Gecko) Version/13.1.2 Mobile/15E148 Safari/604.1"
205.240.66.94 - - [10/Sep/2020:20:24:58 -0400] "GET /ak35repair3.html HTTP/1.0" 200 19856 "-" "Mozilla/5.0 (iPad; CPU OS 12_4_1 like Mac OS X) AppleWebKit/605.1.15 (KHTML, like Gecko) Version/12.1.2 Mobile/15E148 Safari/604.1"
205.240.66.94 - - [10/Sep/2020:20:25:03 -0400] "GET /apple-touch-icon.png HTTP/1.0" 404 575 "-" "MobileSafari/604.1 CFNetwork/978.0.7 Darwin/18.7.0"
205.240.66.94 - - [10/Sep/2020:20:25:04 -0400] "GET /favicon.ico HTTP/1.0" 404 575 "-" "MobileSafari/604.1 CFNetwork/978.0.7 Darwin/18.7.0"
77.75.76.169 - - [10/Sep/2020:20:26:57 -0400] "GET /images/Valkyries_web.wmv HTTP/1.0" 200 19386079 "-" "Mozilla/5.0 (compatible; SeznamBot/3.2; +http://napoveda.seznam.cz/en/seznambot-intro/)"
54.36.149.43 - - [10/Sep/2020:20:51:42 -0400] "GET /robots.txt HTTP/1.0" 200 25 "-" "Mozilla/5.0 (compatible; AhrefsBot/6.1; +http://ahrefs.com/robot/)"
205.240.66.94 - - [10/Sep/2020:20:57:23 -0400] "GET /apple-touch-icon-152x152.png HTTP/1.0" 404 575 "-" "MobileSafari/604.1 CFNetwork/978.0.7 Darwin/18.7.0"
205.240.66.94 - - [10/Sep/2020:20:57:24 -0400] "GET /apple-touch-icon.png HTTP/1.0" 404 575 "-" "MobileSafari/604.1 CFNetwork/978.0.7 Darwin/18.7.0"
205.240.66.94 - - [10/Sep/2020:20:57:25 -0400] "GET /apple-touch-icon-152x152-precomposed.png HTTP/1.0" 404 575 "-" "MobileSafari/604.1 CFNetwork/978.0.7 Darwin/18.7.0"
205.240.66.94 - - [10/Sep/2020:20:57:25 -0400] "GET /apple-touch-icon.png HTTP/1.0" 404 575 "-" "MobileSafari/604.1 CFNetwork/978.0.7 Darwin/18.7.0"
114.119.134.9 - - [10/Sep/2020:21:03:40 -0400] "GET /radiola26part5.html HTTP/1.0" 200 20152 "-" "Mozilla/5.0 (Linux; Android 7.0;) AppleWebKit/537.36 (KHTML, like Gecko) Mobile Safari/537.36 (compatible; PetalBot;+http://aspiegel.com/petalbot)"
54.36.149.31 - - [10/Sep/2020:21:15:39 -0400] "GET / HTTP/1.0" 200 7026 "-" "Mozilla/5.0 (compatible; AhrefsBot/7.0; +http://ahrefs.com/robot/)"
66.249.66.62 - - [10/Sep/2020:21:30:12 -0400] "GET /scripts/template.css HTTP/1.0" 200 11360 "http://www.pharoahaudio.com/soundhomepage/audioclips.html" "Mozilla/5.0 (Linux; Android 6.0.1; Nexus 5X Build/MMB29P) AppleWebKit/537.36 (KHTML, like Gecko) Chrome/85.0.4183.105 Mobile Safari/537.36 (compatible; Googlebot/2.1; +http://www.google.com/bot.html)"
66.249.66.58 - - [10/Sep/2020:21:30:21 -0400] "GET /pages/526493/index.htm HTTP/1.0" 404 575 "-" "Mozilla/5.0 (compatible; Googlebot/2.1; +http://www.google.com/bot.html)"
71.213.153.74 - - [10/Sep/2020:21:44:06 -0400] "GET /scripts/website.css HTTP/1.0" 200 1801 "http://www.pharoahaudio.com/yeolderadiomuseum.html" "Mozilla/5.0 (Windows NT 10.0; WOW64) AppleWebKit/537.36 (KHTML, like Gecko) Chrome/79.0.3945.130 ADG/11.0.2793 Safari/537.36"
71.213.153.74 - - [10/Sep/2020:21:44:06 -0400] "GET /scripts/photoalbum.js HTTP/1.0" 200 62481 "http://www.pharoahaudio.com/yeolderadiomuseum.html" "Mozilla/5.0 (Windows NT 10.0; WOW64) AppleWebKit/537.36 (KHTML, like Gecko) Chrome/79.0.3945.130 ADG/11.0.2793 Safari/537.36"
71.213.153.74 - - [10/Sep/2020:21:44:06 -0400] "GET /images/181_AK35_front_900_branded.jpg HTTP/1.0" 200 3289 "http://www.pharoahaudio.com/yeolderadiomuseum.html" "Mozilla/5.0 (Windows NT 10.0; WOW64) AppleWebKit/537.36 (KHTML, like Gecko) Chrome/79.0.3945.130 ADG/11.0.2793 Safari/537.36"
71.213.153.74 - - [10/Sep/2020:21:44:06 -0400] "GET /scripts/print.css HTTP/1.0" 200 11209 "http://www.pharoahaudio.com/yeolderadiomuseum.html" "Mozilla/5.0 (Windows NT 10.0; WOW64) AppleWebKit/537.36 (KHTML, like Gecko) Chrome/79.0.3945.130 ADG/11.0.2793 Safari/537.36"
52.210.66.101 - - [10/Sep/2020:21:53:40 -0400] "GET / HTTP/1.0" 200 7026 "-" "Pandalytics/1.0 (https://domainsbot.com/pandalytics/)"
205.240.66.94 - - [10/Sep/2020:21:57:52 -0400] "GET /apple-touch-icon-152x152-precomposed.png HTTP/1.0" 404 575 "-" "MobileSafari/604.1 CFNetwork/978.0.7 Darwin/18.7.0"
205.240.66.94 - - [10/Sep/2020:21:57:53 -0400] "GET /apple-touch-icon-precomposed.png HTTP/1.0" 404 575 "-" "MobileSafari/604.1 CFNetwork/978.0.7 Darwin/18.7.0"
205.240.66.94 - - [10/Sep/2020:21:57:53 -0400] "GET /apple-touch-icon.png HTTP/1.0" 404 575 "-" "MobileSafari/604.1 CFNetwork/978.0.7 Darwin/18.7.0"
66.249.66.58 - - [10/Sep/2020:22:20:54 -0400] "GET / HTTP/1.0" 200 7026 "-" "Mozilla/5.0 (compatible; Googlebot/2.1; +http://www.google.com/bot.html)"
205.240.66.94 - - [10/Sep/2020:22:33:36 -0400] "GET /apple-touch-icon-precomposed.png HTTP/1.0" 404 575 "-" "MobileSafari/604.1 CFNetwork/978.0.7 Darwin/18.7.0"
205.240.66.94 - - [10/Sep/2020:22:33:40 -0400] "GET /favicon.ico HTTP/1.0" 404 575 "-" "MobileSafari/604.1 CFNetwork/978.0.7 Darwin/18.7.0"
209.17.96.154 - - [10/Sep/2020:22:43:49 -0400] "GET / HTTP/1.0" 200 7026 "-" "Mozilla/5.0 (compatible; Nimbostratus-Bot/v1.3.2; http://cloudsystemnetworks.com)"
98.234.103.87 - - [10/Sep/2020:22:51:29 -0400] "GET /scripts/template.css HTTP/1.0" 200 11360 "http://www.pharoahaudio.com/synchecklegacy.html" "Mozilla/5.0 (Macintosh; Intel Mac OS X 10_14_6) AppleWebKit/605.1.15 (KHTML, like Gecko) Version/13.1.2 Safari/605.1.15"
98.234.103.87 - - [10/Sep/2020:22:51:30 -0400] "GET /images/ic_002_body_bg.gif HTTP/1.0" 200 304 "http://www.pharoahaudio.com/synchecklegacy.html" "Mozilla/5.0 (Macintosh; Intel Mac OS X 10_14_6) AppleWebKit/605.1.15 (KHTML, like Gecko) Version/13.1.2 Safari/605.1.15"
66.249.66.58 - - [10/Sep/2020:23:10:29 -0400] "GET /favicon.ico HTTP/1.0" 404 575 "-" "Googlebot-Image/1.0"
10.30.83.30 - - [10/Sep/2020:23:23:12 -0400] "GET /scripts/526522.css HTTP/1.0" 200 102 "http://www.pharoahaudio.com/ak35repair1.html" "Mozilla/5.0 (Windows NT 10.0; Win64; x64) AppleWebKit/537.36 (KHTML, like Gecko) Chrome/84.0.4147.105 Safari/537.36"
222.153.91.89 - - [10/Sep/2020:23:24:20 -0400] "GET /scripts/526523custom.css HTTP/1.0" 200 3168 "http://www.pharoahaudio.com/ak35repair3.html" "Mozilla/5.0 (Windows NT 10.0; Win64; x64) AppleWebKit/537.36 (KHTML, like Gecko) Chrome/84.0.4147.105 Safari/537.36"
10.30.70.137 - - [10/Sep/2020:23:40:17 -0400] "GET /robots.txt HTTP/1.0" 200 25 "-" "Mozilla/5.0 (compatible; Googlebot/2.1; +http://www.google.com/bot.html)"
10.30.70.137 - - [10/Sep/2020:23:40:17 -0400] "GET /scripts/526493custom.css HTTP/1.0" 200 2088 "http://www.pharoahaudio.com/synchecklegacy.html" "Mozilla/5.0 (Linux; Android 6.0.1; Nexus 5X Build/MMB29P) AppleWebKit/537.36 (KHTML, like Gecko) Chrome/85.0.4183.105 Mobile Safari/537.36 (compatible; Googlebot/2.1; +http://www.google.com/bot.html)"
114.119.153.208 - - [10/Sep/2020:00:16:55 -0400] "GET /paddedisolation.html HTTP/1.0" 200 11658 "-" "Mozilla/5.0 (Linux; Android 7.0;) AppleWebKit/537.36 (KHTML, like Gecko) Mobile Safari/537.36 (compatible; PetalBot;+http://aspiegel.com/petalbot)"
114.119.135.78 - - [10/Sep/2020:00:22:46 -0400] "GET /tweeterfixpart4.html HTTP/1.0" 200 15212 "-" "Mozilla/5.0 (Linux; Android 7.0;) AppleWebKit/537.36 (KHTML, like Gecko) Mobile Safari/537.36 (compatible; PetalBot;+http://aspiegel.com/petalbot)"
114.119.129.92 - - [10/Sep/2020:00:28:33 -0400] "GET /ak35repair3.html HTTP/1.0" 200 19856 "-" "Mozilla/5.0 (Linux; Android 7.0;) AppleWebKit/537.36 (KHTML, like Gecko) Mobile Safari/537.36 (compatible; PetalBot;+http://aspiegel.com/petalbot)"
114.119.147.213 - - [10/Sep/2020:01:07:28 -0400] "GET /ak35repair3.html HTTP/1.0" 200 19856 "-" "Mozilla/5.0 (Linux; Android 7.0;) AppleWebKit/537.36 (KHTML, like Gecko) Mobile Safari/537.36 (compatible; PetalBot;+http://aspiegel.com/petalbot)"
114.119.130.217 - - [10/Sep/2020:01:49:12 -0400] "GET /robots.txt HTTP/1.0" 200 25 "-" "(compatible;PetalBot;+http://aspiegel.com/petalbot)"
90.231.98.16 - - [10/Sep/2020:02:23:39 -0400] "GET /apple-touch-icon-152x152.png HTTP/1.0" 404 575 "-" "MobileSafari/604.1 CFNetwork/978.0.7 Darwin/18.7.0"
90.231.98.16 - - [10/Sep/2020:02:23:39 -0400] "GET /apple-touch-icon-152x152.png HTTP/1.0" 404 575 "-" "MobileSafari/604.1 CFNetwork/978.0.7 Darwin/18.7.0"
90.231.98.16 - - [10/Sep/2020:02:23:40 -0400] "GET /apple-touch-icon-precomposed.png HTTP/1.0" 404 575 "-" "MobileSafari/604.1 CFNetwork/978.0.7 Darwin/18.7.0"
90.231.98.16 - - [10/Sep/2020:02:23:40 -0400] "GET /apple-touch-icon.png HTTP/1.0" 404 575 "-" "MobileSafari/604.1 CFNetwork/978.0.7 Darwin/18.7.0"
185.191.171.14 - - [10/Sep/2020:02:43:51 -0400] "GET /robots.txt HTTP/1.0" 200 25 "-" "Mozilla/5.0 (compatible; SemrushBot/6~bl; +http://www.semrush.com/bot.html)"
66.249.66.60 - - [10/Sep/2020:02:55:49 -0400] "GET /scripts/526556custom.css HTTP/1.0" 200 2489 "http://www.pharoahaudio.com/soundhomepage/audioclips.html" "Mozilla/5.0 (Linux; Android 6.0.1; Nexus 5X Build/MMB29P) AppleWebKit/537.36 (KHTML, like Gecko) Chrome/85.0.4183.93 Mobile Safari/537.36 (compatible; Googlebot/2.1; +http://www.google.com/bot.html)"
40.77.167.215 - - [10/Sep/2020:03:44:36 -0400] "GET /pannerautotest.html HTTP/1.0" 200 8267 "-" "Mozilla/5.0 (compatible; bingbot/2.0; +http://www.bing.com/bingbot.htm)"
114.119.129.92 - - [10/Sep/2020:04:09:27 -0400] "GET /radiola26part6.html HTTP/1.0" 200 25910 "-" "Mozilla/5.0 (Linux; Android 7.0;) AppleWebKit/537.36 (KHTML, like Gecko) Mobile Safari/537.36 (compatible; PetalBot;+http://aspiegel.com/petalbot)"
114.119.158.113 - - [10/Sep/2020:04:38:28 -0400] "GET /fusex.html HTTP/1.0" 200 39134 "-" "Mozilla/5.0 (Linux; Android 7.0;) AppleWebKit/537.36 (KHTML, like Gecko) Mobile Safari/537.36 (compatible; PetalBot;+http://aspiegel.com/petalbot)"
180.191.118.139 - - [10/Sep/2020:04:50:28 -0400] "GET /?q=semalt.com HTTP/1.0" 200 7026 "http://google.com/search?q=semalt.com" "Mozilla/5.0 (Windows NT 10.0; Win64; x64) AppleWebKit/537.36 (KHTML, like Gecko) Chrome/74.0.3729.169 Safari/537.36"
114.119.156.102 - - [10/Sep/2020:04:51:06 -0400] "GET /synchecklegacy/downloads.html HTTP/1.0" 200 22608 "-" "Mozilla/5.0 (Linux; Android 7.0;) AppleWebKit/537.36 (KHTML, like Gecko) Mobile Safari/537.36 (compatible; PetalBot;+http://aspiegel.com/petalbot)"
40.77.167.140 - - [10/Sep/2020:04:59:04 -0400] "GET /images/100_odyssey_pix.jpg HTTP/1.0" 200 6133 "-" "Mozilla/5.0 (compatible; bingbot/2.0; +http://www.bing.com/bingbot.htm)"
66.249.66.58 - - [10/Sep/2020:05:45:44 -0400] "GET /favicon.ico HTTP/1.0" 404 575 "-" "Googlebot-Image/1.0"
174.252.193.116 - - [10/Sep/2020:06:08:52 -0400] "GET /ak35repair1.html HTTP/1.0" 200 16494 "-" "Mozilla/5.0 (iPhone; CPU iPhone OS 13_7 like Mac OS X) AppleWebKit/605.1.15 (KHTML, like Gecko) GSA/123.4.330040034 Mobile/15E148 Safari/604.1"
174.252.193.116 - - [10/Sep/2020:06:08:52 -0400] "GET /scripts/website.css HTTP/1.0" 200 1801 "http://www.pharoahaudio.com/ak35repair1.html" "Mozilla/5.0 (iPhone; CPU iPhone OS 13_7 like Mac OS X) AppleWebKit/605.1.15 (KHTML, like Gecko) GSA/123.4.330040034 Mobile/15E148 Safari/604.1"
174.252.193.116 - - [10/Sep/2020:06:08:52 -0400] "GET /scripts/ic_globals_published.js HTTP/1.0" 200 566 "http://www.pharoahaudio.com/ak35repair1.html" "Mozilla/5.0 (iPhone; CPU iPhone OS 13_7 like Mac OS X) AppleWebKit/605.1.15 (KHTML, like Gecko) GSA/123.4.330040034 Mobile/15E148 Safari/604.1"
174.252.193.116 - - [10/Sep/2020:06:08:52 -0400] "GET /scripts/526522.css HTTP/1.0" 200 102 "http://www.pharoahaudio.com/ak35repair1.html" "Mozilla/5.0 (iPhone; CPU iPhone OS 13_7 like Mac OS X) AppleWebKit/605.1.15 (KHTML, like Gecko) GSA/123.4.330040034 Mobile/15E148 Safari/604.1"
174.252.193.116 - - [10/Sep/2020:06:08:53 -0400] "GET /scripts/print.css HTTP/1.0" 200 11209 "http://www.pharoahaudio.com/ak35repair1.html" "Mozilla/5.0 (iPhone; CPU iPhone OS 13_7 like Mac OS X) AppleWebKit/605.1.15 (KHTML, like Gecko) GSA/123.4.330040034 Mobile/15E148 Safari/604.1"
174.252.193.116 - - [10/Sep/2020:06:11:20 -0400] "GET /images/428_AK35_RF_section_unclean.JPG HTTP/1.0" 200 48507 "http://www.pharoahaudio.com/ak35repair2.html" "Mozilla/5.0 (iPhone; CPU iPhone OS 13_7 like Mac OS X) AppleWebKit/605.1.15 (KHTML, like Gecko) GSA/123.4.330040034 Mobile/15E148 Safari/604.1"
174.252.193.116 - - [10/Sep/2020:06:11:20 -0400] "GET /images/428_AK35_varicap_rust.jpg HTTP/1.0" 200 36208 "http://www.pharoahaudio.com/ak35repair2.html" "Mozilla/5.0 (iPhone; CPU iPhone OS 13_7 like Mac OS X) AppleWebKit/605.1.15 (KHTML, like Gecko) GSA/123.4.330040034 Mobile/15E148 Safari/604.1"
34.244.139.68 - - [10/Sep/2020:06:13:47 -0400] "GET /soundhomepage/portfolio.html HTTP/1.0" 200 45746 "-" "Mozilla/5.0 (Windows NT 6.2; WOW64)"
174.252.193.116 - - [10/Sep/2020:06:16:46 -0400] "GET /scripts/526524.css HTTP/1.0" 200 102 "http://www.pharoahaudio.com/ak35repair4.html" "Mozilla/5.0 (iPhone; CPU iPhone OS 13_7 like Mac OS X) AppleWebKit/605.1.15 (KHTML, like Gecko) GSA/123.4.330040034 Mobile/15E148 Safari/604.1"
174.252.193.116 - - [10/Sep/2020:06:16:46 -0400] "GET /images/448_AK35_RF2_severed_CU.jpg HTTP/1.0" 200 14047 "http://www.pharoahaudio.com/ak35repair4.html" "Mozilla/5.0 (iPhone; CPU iPhone OS 13_7 like Mac OS X) AppleWebKit/605.1.15 (KHTML, like Gecko) GSA/123.4.330040034 Mobile/15E148 Safari/604.1"
185.191.171.6 - - [10/Sep/2020:06:19:01 -0400] "GET /ak35repair2.html HTTP/1.0" 200 20149 "-" "Mozilla/5.0 (compatible; SemrushBot/6~bl; +http://www.semrush.com/bot.html)"
174.252.193.116 - - [10/Sep/2020:06:19:51 -0400] "GET /ak35repair5.html HTTP/1.0" 200 18857 "http://www.pharoahaudio.com/ak35repair4.html" "Mozilla/5.0 (iPhone; CPU iPhone OS 13_7 like Mac OS X) AppleWebKit/605.1.15 (KHTML, like Gecko) GSA/123.4.330040034 Mobile/15E148 Safari/604.1"
174.252.193.116 - - [10/Sep/2020:06:19:51 -0400] "GET /scripts/526525.css HTTP/1.0" 200 102 "http://www.pharoahaudio.com/ak35repair5.html" "Mozilla/5.0 (iPhone; CPU iPhone OS 13_7 like Mac OS X) AppleWebKit/605.1.15 (KHTML, like Gecko) GSA/123.4.330040034 Mobile/15E148 Safari/604.1"
185.191.171.18 - - [10/Sep/2020:06:23:42 -0400] "GET /robots.txt HTTP/1.0" 200 25 "-" "Mozilla/5.0 (compatible; SemrushBot/6~bl; +http://www.semrush.com/bot.html)"
78.219.235.102 - - [10/Sep/2020:06:24:17 -0400] "GET /ftplist.html HTTP/1.0" 200 8735 "-" "Mozilla/5.0 (Macintosh; Intel Mac OS X 10_10_5) AppleWebKit/603.3.8 (KHTML, like Gecko)"
174.252.193.116 - - [10/Sep/2020:06:24:28 -0400] "GET /yeolderadiomuseum.html HTTP/1.0" 200 12415 "http://www.pharoahaudio.com/ak35repair5.html" "Mozilla/5.0 (iPhone; CPU iPhone OS 13_7 like Mac OS X) AppleWebKit/605.1.15 (KHTML, like Gecko) GSA/123.4.330040034 Mobile/15E148 Safari/604.1"
174.252.193.116 - - [10/Sep/2020:06:24:29 -0400] "GET /images/181_AK35_front_900_branded.jpg HTTP/1.0" 200 3289 "http://www.pharoahaudio.com/yeolderadiomuseum.html" "Mozilla/5.0 (iPhone; CPU iPhone OS 13_7 like Mac OS X) AppleWebKit/605.1.15 (KHTML, like Gecko) GSA/123.4.330040034 Mobile/15E148 Safari/604.1"
174.252.193.116 - - [10/Sep/2020:06:24:29 -0400] "GET /scripts/526496custom.css HTTP/1.0" 200 3178 "http://www.pharoahaudio.com/yeolderadiomuseum.html" "Mozilla/5.0 (iPhone; CPU iPhone OS 13_7 like Mac OS X) AppleWebKit/605.1.15 (KHTML, like Gecko) GSA/123.4.330040034 Mobile/15E148 Safari/604.1"
174.252.193.116 - - [10/Sep/2020:06:24:29 -0400] "GET /images/181_Radiola_26_small_branded.jpg HTTP/1.0" 200 5165 "http://www.pharoahaudio.com/yeolderadiomuseum.html" "Mozilla/5.0 (iPhone; CPU iPhone OS 13_7 like Mac OS X) AppleWebKit/605.1.15 (KHTML, like Gecko) GSA/123.4.330040034 Mobile/15E148 Safari/604.1"
91.155.2.238 - - [10/Sep/2020:06:24:45 -0400] "GET /apple-touch-icon-precomposed.png HTTP/1.0" 404 575 "-" "Safari/14607.3.9 CFNetwork/978.0.7 Darwin/18.7.0 (x86_64)"
91.155.2.238 - - [10/Sep/2020:06:24:46 -0400] "GET /favicon.ico HTTP/1.0" 404 575 "-" "Safari/14607.3.9 CFNetwork/978.0.7 Darwin/18.7.0 (x86_64)"
91.155.2.238 - - [10/Sep/2020:06:24:47 -0400] "GET /favicon.ico HTTP/1.0" 404 575 "-" "Safari/14607.3.9 CFNetwork/978.0.7 Darwin/18.7.0 (x86_64)"
174.252.193.116 - - [10/Sep/2020:06:24:52 -0400] "GET /tweeterfixpart1.html HTTP/1.0" 200 16188 "http://www.pharoahaudio.com/yeolderadiomuseum.html" "Mozilla/5.0 (iPhone; CPU iPhone OS 13_7 like Mac OS X) AppleWebKit/605.1.15 (KHTML, like Gecko) GSA/123.4.330040034 Mobile/15E148 Safari/604.1"
174.252.193.116 - - [10/Sep/2020:06:24:52 -0400] "GET /scripts/526542custom.css HTTP/1.0" 200 2488 "http://www.pharoahaudio.com/tweeterfixpart1.html" "Mozilla/5.0 (iPhone; CPU iPhone OS 13_7 like Mac OS X) AppleWebKit/605.1.15 (KHTML, like Gecko) GSA/123.4.330040034 Mobile/15E148 Safari/604.1"
174.252.193.116 - - [10/Sep/2020:06:31:56 -0400] "GET /images/432_T12_strip_reassembled.jpg HTTP/1.0" 200 24194 "http://www.pharoahaudio.com/tweeterfixpart4.html" "Mozilla/5.0 (iPhone; CPU iPhone OS 13_7 like Mac OS X) AppleWebKit/605.1.15 (KHTML, like Gecko) GSA/123.4.330040034 Mobile/15E148 Safari/604.1"
174.252.193.116 - - [10/Sep/2020:06:31:56 -0400] "GET /images/432_T13_grill_fitting.jpg HTTP/1.0" 200 25258 "http://www.pharoahaudio.com/tweeterfixpart4.html" "Mozilla/5.0 (iPhone; CPU iPhone OS 13_7 like Mac OS X) AppleWebKit/605.1.15 (KHTML, like Gecko) GSA/123.4.330040034 Mobile/15E148 Safari/604.1"
52.41.161.28 - - [10/Sep/2020:06:41:29 -0400] "GET / HTTP/1.0" 200 7026 "-" "Mozilla/5.0 (Windows NT 10.0; Win64; x64)AppleWebKit/537.36 (KHTML, like Gecko) Chrome/66.0.3359.181 Safari/537.36"
93.158.161.20 - - [10/Sep/2020:06:45:17 -0400] "GET /images/432_AK55-19.JPG HTTP/1.0" 200 23242 "-" "Mozilla/5.0 (compatible; YandexImages/3.0; +http://yandex.com/bots)"
114.119.131.112 - - [10/Sep/2020:07:03:37 -0400] "GET /images/Synflash2.0_firmware_and_README.zip HTTP/1.0" 200 297181 "-" "Mozilla/5.0 (Linux; Android 7.0;) AppleWebKit/537.36 (KHTML, like Gecko) Mobile Safari/537.36 (compatible; PetalBot;+http://aspiegel.com/petalbot)"
