206.116.192.217 - - [10/Sep/2020:18:57:35 -0400] "GET /images/432_T6_transparent_mylar_disc.jpg HTTP/1.0" 200 25088 "http://www.pharoahaudio.com/tweeterfixpart2.html" "Mozilla/5.0 (Windows NT 10.0; WOW64; rv:68.0) Gecko/20100101 Firefox/68.0"
206.116.192.217 - - [10/Sep/2020:18:59:17 -0400] "GET /tweeterfixpart3.html HTTP/1.0" 200 14290 "http://www.pharoahaudio.com/tweeterfixpart2.html" "Mozilla/5.0 (Windows NT 10.0; WOW64; rv:68.0) Gecko/20100101 Firefox/68.0"
206.116.192.217 - - [10/Sep/2020:18:59:18 -0400] "GET /images/432_T8_old_foam.jpg HTTP/1.0" 200 17511 "http://www.pharoahaudio.com/tweeterfixpart3.html" "Mozilla/5.0 (Windows NT 10.0; WOW64; rv:68.0) Gecko/20100101 Firefox/68.0"
206.116.192.217 - - [10/Sep/2020:18:59:18 -0400] "GET /images/432_T10_new_foam2.jpg HTTP/1.0" 200 38819 "http://www.pharoahaudio.com/tweeterfixpart3.html" "Mozilla/5.0 (Windows NT 10.0; WOW64; rv:68.0) Gecko/20100101 Firefox/68.0"
206.116.192.217 - - [10/Sep/2020:19:00:04 -0400] "GET /images/432_T14_new_contact.jpg HTTP/1.0" 200 20791 "http://www.pharoahaudio.com/tweeterfixpart4.html" "Mozilla/5.0 (Windows NT 10.0; WOW64; rv:68.0) Gecko/20100101 Firefox/68.0"
114.119.145.239 - - [10/Sep/2020:19:15:52 -0400] "GET /ideviceapp.html HTTP/1.0" 200 20219 "-" "Mozilla/5.0 (Linux; Android 7.0;) AppleWebKit/537.36 (KHTML, like Gecko) Mobile Safari/537.36 (compatible; PetalBot;+http://aspiegel.com/petalbot)"
54.154.201.51 - - [10/Sep/2020:19:16:53 -0400] "GET /yeolderadiomuseum.html HTTP/1.0" 200 12415 "-" "Mozilla/5.0 (Windows NT 6.2; WOW64)"
66.249.66.60 - - [10/Sep/2020:19:23:26 -0400] "GET /scripts/526548custom.css HTTP/1.0" 200 4173 "http://www.pharoahaudio.com/ak55cpart1.html" "Mozilla/5.0 AppleWebKit/537.36 (KHTML, like Gecko; compatible; Googlebot/2.1; +http://www.google.com/bot.html) Chrome/85.0.4183.105 Safari/537.36"
77.75.77.36 - - [10/Sep/2020:19:37:32 -0400] "GET /robots.txt HTTP/1.0" 200 25 "-" "Mozilla/5.0 (compatible; SeznamBot/3.2; +http://napoveda.seznam.cz/en/seznambot-intro/)"
205.240.66.94 - - [10/Sep/2020:19:38:12 -0400] "GET /apple-touch-icon-152x152-precomposed.png HTTP/1.0" 404 575 "-" "MobileSafari/604.1 CFNetwork/978.0.7 Darwin/18.7.0"
205.240.66.94 - - [10/Sep/2020:19:38:13 -0400] "GET /apple-touch-icon-152x152-precomposed.png HTTP/1.0" 404 575 "-" "MobileSafari/604.1 CFNetwork/978.0.7 Darwin/18.7.0"
205.240.66.94 - - [10/Sep/2020:19:38:13 -0400] "GET /apple-touch-icon-152x152.png HTTP/1.0" 404 575 "-" "MobileSafari/604.1 CFNetwork/978.0.7 Darwin/18.7.0"
114.119.143.215 - - [10/Sep/2020:19:56:05 -0400] "GET /robots.txt HTTP/1.0" 200 25 "-" "(compatible;PetalBot;+http://aspiegel.com/petalbot)"
47.222.109.171 - - [10/Sep/2020:19:58:15 -0400] "GET /scripts/template.css HTTP/1.0" 200 11360 "http://www.pharoahaudio.com/" "Mozilla/5.0 (iPhone; CPU iPhone OS 13_6_1 like Mac OS X) AppleWebKit/605.1.15 (KHTML, like Gecko) Version/13.1.2 Mobile/15E148 Safari/604.1"
47.222.109.171 - - [10/Sep/2020:19:58:15 -0400] "GET /images/ic_002_banner_bg_wide.jpg HTTP/1.0" 200 5805 "http://www.pharoahaudio.com/" "Mozilla/5.0 (iPhone; CPU iPhone OS 13_6_1 like Mac OS X) AppleWebKit/605.1.15 (KHTML, like Gecko) Version/13.1.2 Mobile/15E148 Safari/604.1"
114.119.157.183 - - [10/Sep/2020:20:01:52 -0400] "GET /ak35repair4.html HTTP/1.0" 200 19878 "-" "Mozilla/5.0 (Linux; Android 7.0;) AppleWebKit/537.36 (KHTML, like Gecko) Mobile Safari/537.36 (compatible; PetalBot;+http://aspiegel.com/petalbot)"
205.240.66.94 - - [10/Sep/2020:20:24:58 -0400] "GET /apple-touch-icon-152x152-precomposed.png HTTP/1.0" 404 575 "-" "MobileSafari/604.1 CFNetwork/978.0.7 Darwin/18.7.0"
205.240.66.94 - - [10/Sep/2020:20:24:58 -0400] "GET /apple-touch-icon-precomposed.png HTTP/1.0" 404 575 "-" "MobileSafari/604.1 CFNetwork/978.0.7 Darwin/18.7.0"
77.75.76.169 - - [10/Sep/2020:20:26:52 -0400] "GET /robots.txt HTTP/1.0" 200 25 "-" "Mozilla/5.0 (compatible; SeznamBot/3.2; +http://napoveda.seznam.cz/en/seznambot-intro/)"
77.75.76.169 - - [10/Sep/2020:20:26:54 -0400] "GET /legacyproductinformatio/syncheckii.html HTTP/1.0" 200 18431 "-" "Mozilla/5.0 (compatible; SeznamBot/3.2; +http://napoveda.seznam.cz/en/seznambot-intro/)"
77.75.76.169 - - [10/Sep/2020:20:27:20 -0400] "GET /robots.txt HTTP/1.0" 200 25 "-" "Mozilla/5.0 (compatible; SeznamBot/3.2; +http://napoveda.seznam.cz/en/seznambot-intro/)"
114.119.158.113 - - [10/Sep/2020:20:36:22 -0400] "GET /pages/526494/index.htm HTTP/1.0" 404 575 "-" "Mozilla/5.0 (Linux; Android 7.0;) AppleWebKit/537.36 (KHTML, like Gecko) Mobile Safari/537.36 (compatible; PetalBot;+http://aspiegel.com/petalbot)"
205.240.66.94 - - [10/Sep/2020:20:57:24 -0400] "GET /favicon.ico HTTP/1.0" 404 575 "-" "MobileSafari/604.1 CFNetwork/978.0.7 Darwin/18.7.0"
205.240.66.94 - - [10/Sep/2020:20:57:25 -0400] "GET /apple-touch-icon-precomposed.png HTTP/1.0" 404 575 "-" "MobileSafari/604.1 CFNetwork/978.0.7 Darwin/18.7.0"
205.240.66.94 - - [10/Sep/2020:20:57:25 -0400] "GET /favicon.ico HTTP/1.0" 404 575 "-" "MobileSafari/604.1 CFNetwork/978.0.7 Darwin/18.7.0"
65.35.24.30 - - [10/Sep/2020:21:18:01 -0400] "GET /tweeterfixpart1.html HTTP/1.0" 200 16188 "-" "Mozilla/5.0 (iPad; CPU OS 12_4_8 like Mac OS X) AppleWebKit/605.1.15 (KHTML, like Gecko) Version/12.1.2 Mobile/15E148 Safari/604.1"
77.75.76.166 - - [10/Sep/2020:21:30:41 -0400] "GET /images/SyncheckII_user_manual_v1.6.pdf HTTP/1.0" 200 224107 "-" "Mozilla/5.0 (compatible; SeznamBot/3.2; +http://napoveda.seznam.cz/en/seznambot-intro/)"
66.249.66.62 - - [10/Sep/2020:21:34:46 -0400] "GET /pages/526493/index.htm HTTP/1.0" 404 575 "-" "Mozilla/5.0 (Linux; Android 6.0.1; Nexus 5X Build/MMB29P) AppleWebKit/537.36 (KHTML, like Gecko) Chrome/85.0.4183.97 Mobile Safari/537.36 (compatible; Googlebot/2.1; +http://www.google.com/bot.html)"
71.213.153.74 - - [10/Sep/2020:21:44:06 -0400] "GET /scripts/ic_globals_published.js HTTP/1.0" 200 566 "http://www.pharoahaudio.com/yeolderadiomuseum.html" "Mozilla/5.0 (Windows NT 10.0; WOW64) AppleWebKit/537.36 (KHTML, like Gecko) Chrome/79.0.3945.130 ADG/11.0.2793 Safari/537.36"
71.213.153.74 - - [10/Sep/2020:21:44:06 -0400] "GET /scripts/526496custom.css HTTP/1.0" 200 3178 "http://www.pharoahaudio.com/yeolderadiomuseum.html" "Mozilla/5.0 (Windows NT 10.0; WOW64) AppleWebKit/537.36 (KHTML, like Gecko) Chrome/79.0.3945.130 ADG/11.0.2793 Safari/537.36"
71.213.153.74 - - [10/Sep/2020:21:44:06 -0400] "GET /images/Majestic_reversed_for_pages.jpg HTTP/1.0" 200 6769 "http://www.pharoahaudio.com/scripts/526496.css" "Mozilla/5.0 (Windows NT 10.0; WOW64) AppleWebKit/537.36 (KHTML, like Gecko) Chrome/79.0.3945.130 ADG/11.0.2793 Safari/537.36"
54.155.212.205 - - [10/Sep/2020:21:56:53 -0400] "GET /robots.txt HTTP/1.0" 200 25 "-" "Pandalytics/1.0 (https://domainsbot.com/pandalytics/)"
205.240.66.94 - - [10/Sep/2020:21:57:51 -0400] "GET /ak35repair3.html HTTP/1.0" 200 19856 "-" "Mozilla/5.0 (iPad; CPU OS 12_4_1 like Mac OS X) AppleWebKit/605.1.15 (KHTML, like Gecko) Version/12.1.2 Mobile/15E148 Safari/604.1"
205.240.66.94 - - [10/Sep/2020:21:57:52 -0400] "GET /apple-touch-icon.png HTTP/1.0" 404 575 "-" "MobileSafari/604.1 CFNetwork/978.0.7 Darwin/18.7.0"
205.240.66.94 - - [10/Sep/2020:21:57:53 -0400] "GET /favicon.ico HTTP/1.0" 404 575 "-" "MobileSafari/604.1 CFNetwork/978.0.7 Darwin/18.7.0"
185.191.171.1 - - [10/Sep/2020:22:11:59 -0400] "GET /synchecklegacy/syncheckii.html HTTP/1.0" 200 16486 "-" "Mozilla/5.0 (compatible; SemrushBot/6~bl; +http://www.semrush.com/bot.html)"
66.249.66.58 - - [10/Sep/2020:22:21:00 -0400] "GET /syncheckproducthomepage/syncheck3.html HTTP/1.0" 404 575 "-" "Mozilla/5.0 (Linux; Android 6.0.1; Nexus 5X Build/MMB29P) AppleWebKit/537.36 (KHTML, like Gecko) Chrome/85.0.4183.97 Mobile Safari/537.36 (compatible; Googlebot/2.1; +http://www.google.com/bot.html)"
205.240.66.94 - - [10/Sep/2020:22:33:36 -0400] "GET /ak35repair3.html HTTP/1.0" 200 19856 "-" "Mozilla/5.0 (iPad; CPU OS 12_4_1 like Mac OS X) AppleWebKit/605.1.15 (KHTML, like Gecko) Version/12.1.2 Mobile/15E148 Safari/604.1"
205.240.66.94 - - [10/Sep/2020:22:33:38 -0400] "GET /apple-touch-icon-152x152-precomposed.png HTTP/1.0" 404 575 "-" "MobileSafari/604.1 CFNetwork/978.0.7 Darwin/18.7.0"
205.240.66.94 - - [10/Sep/2020:22:33:40 -0400] "GET /apple-touch-icon.png HTTP/1.0" 404 575 "-" "MobileSafari/604.1 CFNetwork/978.0.7 Darwin/18.7.0"
114.119.154.186 - - [10/Sep/2020:22:45:25 -0400] "GET /tweeterfixpart3.html HTTP/1.0" 200 14290 "-" "Mozilla/5.0 (Linux; Android 7.0;) AppleWebKit/537.36 (KHTML, like Gecko) Mobile Safari/537.36 (compatible; PetalBot;+http://aspiegel.com/petalbot)"
98.234.103.87 - - [10/Sep/2020:22:51:29 -0400] "GET /scripts/ic_globals_published.js HTTP/1.0" 200 566 "http://www.pharoahaudio.com/synchecklegacy.html" "Mozilla/5.0 (Macintosh; Intel Mac OS X 10_14_6) AppleWebKit/605.1.15 (KHTML, like Gecko) Version/13.1.2 Safari/605.1.15"
98.234.103.87 - - [10/Sep/2020:22:51:29 -0400] "GET /scripts/526493custom.css HTTP/1.0" 200 2088 "http://www.pharoahaudio.com/synchecklegacy.html" "Mozilla/5.0 (Macintosh; Intel Mac OS X 10_14_6) AppleWebKit/605.1.15 (KHTML, like Gecko) Version/13.1.2 Safari/605.1.15"
98.234.103.87 - - [10/Sep/2020:22:51:29 -0400] "GET /images/100_Syncheck_graphic_wide.JPG HTTP/1.0" 200 2076 "http://www.pharoahaudio.com/synchecklegacy.html" "Mozilla/5.0 (Macintosh; Intel Mac OS X 10_14_6) AppleWebKit/605.1.15 (KHTML, like Gecko) Version/13.1.2 Safari/605.1.15"
98.234.103.87 - - [10/Sep/2020:22:51:29 -0400] "GET /images/ic_002_banner_bg_wide.jpg HTTP/1.0" 200 5805 "http://www.pharoahaudio.com/synchecklegacy.html" "Mozilla/5.0 (Macintosh; Intel Mac OS X 10_14_6) AppleWebKit/605.1.15 (KHTML, like Gecko) Version/13.1.2 Safari/605.1.15"
222.153.91.89 - - [10/Sep/2020:23:23:11 -0400] "GET /scripts/user.js HTTP/1.0" 200 23762 "http://www.pharoahaudio.com/ak35repair1.html" "Mozilla/5.0 (Windows NT 10.0; Win64; x64) AppleWebKit/537.36 (KHTML, like Gecko) Chrome/84.0.4147.105 Safari/537.36"
222.153.91.89 - - [10/Sep/2020:23:23:13 -0400] "GET /images/ic_002_banner_bg_wide.jpg HTTP/1.0" 200 5805 "http://www.pharoahaudio.com/scripts/template.css" "Mozilla/5.0 (Windows NT 10.0; Win64; x64) AppleWebKit/537.36 (KHTML, like Gecko) Chrome/84.0.4147.105 Safari/537.36"
10.30.83.30 - - [10/Sep/2020:23:23:14 -0400] "GET /favicon.ico HTTP/1.0" 404 575 "http://www.pharoahaudio.com/ak35repair1.html" "Mozilla/5.0 (Windows NT 10.0; Win64; x64) AppleWebKit/537.36 (KHTML, like Gecko) Chrome/84.0.4147.105 Safari/537.36"
222.153.91.89 - - [10/Sep/2020:23:24:20 -0400] "GET /scripts/526523.css HTTP/1.0" 200 102 "http://www.pharoahaudio.com/ak35repair3.html" "Mozilla/5.0 (Windows NT 10.0; Win64; x64) AppleWebKit/537.36 (KHTML, like Gecko) Chrome/84.0.4147.105 Safari/537.36"
222.153.91.89 - - [10/Sep/2020:23:24:27 -0400] "GET /images/448_AK35_RF2_severed_CU.jpg HTTP/1.0" 200 14047 "http://www.pharoahaudio.com/ak35repair4.html" "Mozilla/5.0 (Windows NT 10.0; Win64; x64) AppleWebKit/537.36 (KHTML, like Gecko) Chrome/84.0.4147.105 Safari/537.36"
222.153.91.89 - - [10/Sep/2020:23:24:27 -0400] "GET /images/448_AK35_RF2_new_primary_CU.JPG HTTP/1.0" 200 27348 "http://www.pharoahaudio.com/ak35repair4.html" "Mozilla/5.0 (Windows NT 10.0; Win64; x64) AppleWebKit/537.36 (KHTML, like Gecko) Chrome/84.0.4147.105 Safari/537.36"
222.153.91.89 - - [10/Sep/2020:23:24:33 -0400] "GET /images/550_AK_ship_logo1_CC.jpg HTTP/1.0" 200 62847 "http://www.pharoahaudio.com/ak35repair5.html" "Mozilla/5.0 (Windows NT 10.0; Win64; x64) AppleWebKit/537.36 (KHTML, like Gecko) Chrome/84.0.4147.105 Safari/537.36"
222.153.91.89 - - [10/Sep/2020:23:24:33 -0400] "GET /images/448_AK35_tuning_linkage.jpg HTTP/1.0" 200 25172 "http://www.pharoahaudio.com/ak35repair5.html" "Mozilla/5.0 (Windows NT 10.0; Win64; x64) AppleWebKit/537.36 (KHTML, like Gecko) Chrome/84.0.4147.105 Safari/537.36"
10.30.70.137 - - [10/Sep/2020:23:42:54 -0400] "GET /images/Weir_Garcia.mp3 HTTP/1.0" 200 5890568 "-" "Mozilla/5.0 (compatible; SeznamBot/3.2; +http://napoveda.seznam.cz/en/seznambot-intro/)"
10.30.70.137 - - [10/Sep/2020:23:43:07 -0400] "GET /synflashv2readme.html HTTP/1.0" 200 15305 "-" "Mozilla/5.0 (compatible; SeznamBot/3.2; +http://napoveda.seznam.cz/en/seznambot-intro/)"
40.77.167.154 - - [10/Sep/2020:23:54:25 -0400] "GET /images/432_T11_slicing_foam.jpg HTTP/1.0" 200 32968 "-" "Mozilla/5.0 (compatible; bingbot/2.0; +http://www.bing.com/bingbot.htm)"
49.7.21.92 - - [10/Sep/2020:00:26:14 -0400] "GET /synchecklegacy.html HTTP/1.0" 200 16575 "-" "Sogou web spider/4.0(+http://www.sogou.com/docs/help/webmasters.htm#07)"
114.119.141.191 - - [10/Sep/2020:03:23:13 -0400] "GET /tweeterfixpart4.html HTTP/1.0" 200 15212 "-" "Mozilla/5.0 (Linux; Android 7.0;) AppleWebKit/537.36 (KHTML, like Gecko) Mobile Safari/537.36 (compatible; PetalBot;+http://aspiegel.com/petalbot)"
66.249.66.58 - - [10/Sep/2020:04:46:11 -0400] "GET /robots.txt HTTP/1.0" 200 25 "-" "Mozilla/5.0 (compatible; Googlebot/2.1; +http://www.google.com/bot.html)"
93.158.161.49 - - [10/Sep/2020:04:53:37 -0400] "GET /robots.txt HTTP/1.0" 200 25 "-" "Mozilla/5.0 (compatible; YandexBot/3.0; +http://yandex.com/bots)"
54.36.148.2 - - [10/Sep/2020:05:22:05 -0400] "GET /images/Odysseus_to_Circe.mp3 HTTP/1.0" 200 6596174 "-" "Mozilla/5.0 (compatible; AhrefsBot/7.0; +http://ahrefs.com/robot/)"
188.165.174.33 - - [10/Sep/2020:05:42:59 -0400] "GET /synchecklegacy/synflash.html HTTP/1.0" 200 29791 "http://pharoaheditorial.com" "Mozilla/5.0 (X11; Linux x86_64) AppleWebKit/537.36 (KHTML, like Gecko) HeadlessChrome/66.0.3349.0 Safari/537.36"
174.252.193.116 - - [10/Sep/2020:06:08:53 -0400] "GET /images/ic_002_body_bg.gif HTTP/1.0" 200 304 "http://www.pharoahaudio.com/ak35repair1.html" "Mozilla/5.0 (iPhone; CPU iPhone OS 13_7 like Mac OS X) AppleWebKit/605.1.15 (KHTML, like Gecko) GSA/123.4.330040034 Mobile/15E148 Safari/604.1"
174.252.193.116 - - [10/Sep/2020:06:13:23 -0400] "GET /images/448_AK35_grid_bias_repaired_hilite.JPG HTTP/1.0" 200 16839 "http://www.pharoahaudio.com/ak35repair3.html" "Mozilla/5.0 (iPhone; CPU iPhone OS 13_7 like Mac OS X) AppleWebKit/605.1.15 (KHTML, like Gecko) GSA/123.4.330040034 Mobile/15E148 Safari/604.1"
174.252.193.116 - - [10/Sep/2020:06:13:23 -0400] "GET /scripts/526523custom.css HTTP/1.0" 200 3168 "http://www.pharoahaudio.com/ak35repair3.html" "Mozilla/5.0 (iPhone; CPU iPhone OS 13_7 like Mac OS X) AppleWebKit/605.1.15 (KHTML, like Gecko) GSA/123.4.330040034 Mobile/15E148 Safari/604.1"
174.252.193.116 - - [10/Sep/2020:06:13:23 -0400] "GET /images/600_AK35_front_900_branded.jpg HTTP/1.0" 200 21112 "http://www.pharoahaudio.com/ak35repair3.html" "Mozilla/5.0 (iPhone; CPU iPhone OS 13_7 like Mac OS X) AppleWebKit/605.1.15 (KHTML, like Gecko) GSA/123.4.330040034 Mobile/15E148 Safari/604.1"
176.32.176.174 - - [10/Sep/2020:06:13:57 -0400] "GET /favicon.ico HTTP/1.0" 404 575 "http://www.pharoahaudio.com/synchecklegacy/syncheck3.html" "Mozilla/5.0 (X11; Linux x86_64) AppleWebKit/537.36 (KHTML, like Gecko) Chrome/84.0.4147.135 Safari/537.36"
114.119.141.191 - - [10/Sep/2020:06:14:00 -0400] "GET /ftpfeedback.html HTTP/1.0" 200 8519 "-" "Mozilla/5.0 (Linux; Android 7.0;) AppleWebKit/537.36 (KHTML, like Gecko) Mobile Safari/537.36 (compatible; PetalBot;+http://aspiegel.com/petalbot)"
174.252.193.116 - - [10/Sep/2020:06:16:45 -0400] "GET /ak35repair4.html HTTP/1.0" 200 19878 "http://www.pharoahaudio.com/ak35repair3.html" "Mozilla/5.0 (iPhone; CPU iPhone OS 13_7 like Mac OS X) AppleWebKit/605.1.15 (KHTML, like Gecko) GSA/123.4.330040034 Mobile/15E148 Safari/604.1"
174.252.193.116 - - [10/Sep/2020:06:16:46 -0400] "GET /images/448_AK35_RF3_old_primary_CU.JPG HTTP/1.0" 200 29187 "http://www.pharoahaudio.com/ak35repair4.html" "Mozilla/5.0 (iPhone; CPU iPhone OS 13_7 like Mac OS X) AppleWebKit/605.1.15 (KHTML, like Gecko) GSA/123.4.330040034 Mobile/15E148 Safari/604.1"
174.252.193.116 - - [10/Sep/2020:06:16:46 -0400] "GET /images/448_AK35_RF2_new_primary_CU.JPG HTTP/1.0" 200 27348 "http://www.pharoahaudio.com/ak35repair4.html" "Mozilla/5.0 (iPhone; CPU iPhone OS 13_7 like Mac OS X) AppleWebKit/605.1.15 (KHTML, like Gecko) GSA/123.4.330040034 Mobile/15E148 Safari/604.1"
174.252.193.116 - - [10/Sep/2020:06:16:46 -0400] "GET /scripts/526524custom.css HTTP/1.0" 200 3168 "http://www.pharoahaudio.com/ak35repair4.html" "Mozilla/5.0 (iPhone; CPU iPhone OS 13_7 like Mac OS X) AppleWebKit/605.1.15 (KHTML, like Gecko) GSA/123.4.330040034 Mobile/15E148 Safari/604.1"
78.219.235.102 - - [10/Sep/2020:06:24:18 -0400] "GET /ftplist.html HTTP/1.0" 200 8735 "-" "Mozilla/5.0 (iPhone; CPU iPhone OS 10_0 like Mac OS X) AppleWebKit/602.1.38 (KHTML, like Gecko) Version/10.0 Mobile/14A300 Safari/602.1"
91.155.2.238 - - [10/Sep/2020:06:24:44 -0400] "GET /images/Syncheck3_user_manual_v1.01.pdf HTTP/1.0" 200 323329 "-" "Mozilla/5.0 (Macintosh; Intel Mac OS X 10_14_6) AppleWebKit/605.1.15 (KHTML, like Gecko)"
91.155.2.238 - - [10/Sep/2020:06:24:45 -0400] "GET /apple-touch-icon-precomposed.png HTTP/1.0" 404 575 "-" "Safari/14607.3.9 CFNetwork/978.0.7 Darwin/18.7.0 (x86_64)"
91.155.2.238 - - [10/Sep/2020:06:24:47 -0400] "GET /apple-touch-icon.png HTTP/1.0" 404 575 "-" "Safari/14607.3.9 CFNetwork/978.0.7 Darwin/18.7.0 (x86_64)"
174.252.193.116 - - [10/Sep/2020:06:24:52 -0400] "GET /images/431_T2_contact_cellotape_cu.jpg HTTP/1.0" 200 21279 "http://www.pharoahaudio.com/tweeterfixpart1.html" "Mozilla/5.0 (iPhone; CPU iPhone OS 13_7 like Mac OS X) AppleWebKit/605.1.15 (KHTML, like Gecko) GSA/123.4.330040034 Mobile/15E148 Safari/604.1"
174.252.193.116 - - [10/Sep/2020:06:27:18 -0400] "GET /scripts/526543.css HTTP/1.0" 200 102 "http://www.pharoahaudio.com/tweeterfixpart2.html" "Mozilla/5.0 (iPhone; CPU iPhone OS 13_7 like Mac OS X) AppleWebKit/605.1.15 (KHTML, like Gecko) GSA/123.4.330040034 Mobile/15E148 Safari/604.1"
174.252.193.116 - - [10/Sep/2020:06:27:18 -0400] "GET /images/432_T3_strip_damage.jpg HTTP/1.0" 200 24797 "http://www.pharoahaudio.com/tweeterfixpart2.html" "Mozilla/5.0 (iPhone; CPU iPhone OS 13_7 like Mac OS X) AppleWebKit/605.1.15 (KHTML, like Gecko) GSA/123.4.330040034 Mobile/15E148 Safari/604.1"
174.252.193.116 - - [10/Sep/2020:06:27:18 -0400] "GET /images/432_T6_transparent_mylar_disc.jpg HTTP/1.0" 200 25088 "http://www.pharoahaudio.com/tweeterfixpart2.html" "Mozilla/5.0 (iPhone; CPU iPhone OS 13_7 like Mac OS X) AppleWebKit/605.1.15 (KHTML, like Gecko) GSA/123.4.330040034 Mobile/15E148 Safari/604.1"
174.252.193.116 - - [10/Sep/2020:06:29:50 -0400] "GET /tweeterfixpart3.html HTTP/1.0" 200 14290 "http://www.pharoahaudio.com/tweeterfixpart2.html" "Mozilla/5.0 (iPhone; CPU iPhone OS 13_7 like Mac OS X) AppleWebKit/605.1.15 (KHTML, like Gecko) GSA/123.4.330040034 Mobile/15E148 Safari/604.1"
174.252.193.116 - - [10/Sep/2020:06:31:55 -0400] "GET /tweeterfixpart4.html HTTP/1.0" 200 15212 "http://www.pharoahaudio.com/tweeterfixpart3.html" "Mozilla/5.0 (iPhone; CPU iPhone OS 13_7 like Mac OS X) AppleWebKit/605.1.15 (KHTML, like Gecko) GSA/123.4.330040034 Mobile/15E148 Safari/604.1"
99.161.83.138 - - [10/Sep/2020:07:41:40 -0400] "GET /apple-touch-icon-152x152-precomposed.png HTTP/1.0" 404 575 "-" "MobileSafari/604.1 CFNetwork/978.0.7 Darwin/18.7.0"
91.155.2.238 - - [10/Sep/2020:07:47:19 -0400] "GET /apple-touch-icon.png HTTP/1.0" 404 575 "-" "Safari/14607.3.9 CFNetwork/978.0.7 Darwin/18.7.0 (x86_64)"
91.155.2.238 - - [10/Sep/2020:07:47:20 -0400] "GET /favicon.ico HTTP/1.0" 404 575 "-" "Safari/14607.3.9 CFNetwork/978.0.7 Darwin/18.7.0 (x86_64)"
5.9.141.8 - - [10/Sep/2020:08:14:35 -0400] "GET /ak55cpart2.html HTTP/1.0" 200 20711 "-" "Mozilla/5.0 (compatible; MJ12bot/v1.4.8; http://mj12bot.com/)"
5.9.141.8 - - [10/Sep/2020:08:14:43 -0400] "GET /ak55cpart4.html HTTP/1.0" 200 21913 "-" "Mozilla/5.0 (compatible; MJ12bot/v1.4.8; http://mj12bot.com/)"
5.9.141.8 - - [10/Sep/2020:08:15:30 -0400] "GET /originalsyncheck.html HTTP/1.0" 200 16820 "-" "Mozilla/5.0 (compatible; MJ12bot/v1.4.8; http://mj12bot.com/)"
5.9.141.8 - - [10/Sep/2020:08:15:36 -0400] "GET /prevfacility.html HTTP/1.0" 200 10580 "-" "Mozilla/5.0 (compatible; MJ12bot/v1.4.8; http://mj12bot.com/)"
5.9.141.8 - - [10/Sep/2020:08:15:38 -0400] "GET /ptvideosyncstudy.html HTTP/1.0" 200 39523 "-" "Mozilla/5.0 (compatible; MJ12bot/v1.4.8; http://mj12bot.com/)"
5.9.141.8 - - [10/Sep/2020:08:16:08 -0400] "GET /soundhomepage/contact.html HTTP/1.0" 200 11275 "-" "Mozilla/5.0 (compatible; MJ12bot/v1.4.8; http://mj12bot.com/)"
5.9.141.8 - - [10/Sep/2020:08:16:23 -0400] "GET /tweeterfixpart4.html HTTP/1.0" 200 15212 "-" "Mozilla/5.0 (compatible; MJ12bot/v1.4.8; http://mj12bot.com/)"
5.9.141.8 - - [10/Sep/2020:08:16:24 -0400] "GET /robots.txt HTTP/1.0" 200 25 "-" "Mozilla/5.0 (compatible; MJ12bot/v1.4.8; http://mj12bot.com/)"
5.9.141.8 - - [10/Sep/2020:08:16:27 -0400] "GET /2pop.html HTTP/1.0" 200 7228 "-" "Mozilla/5.0 (compatible; MJ12bot/v1.4.8; http://mj12bot.com/)"
5.9.141.8 - - [10/Sep/2020:08:16:40 -0400] "GET /ak35repair4.html HTTP/1.0" 200 19878 "-" "Mozilla/5.0 (compatible; MJ12bot/v1.4.8; http://mj12bot.com/)"
5.9.141.8 - - [10/Sep/2020:08:16:49 -0400] "GET /ak55cpart2.html HTTP/1.0" 200 20711 "-" "Mozilla/5.0 (compatible; MJ12bot/v1.4.8; http://mj12bot.com/)"
5.9.141.8 - - [10/Sep/2020:08:17:00 -0400] "GET /audioprep.html HTTP/1.0" 200 62535 "-" "Mozilla/5.0 (compatible; MJ12bot/v1.4.8; http://mj12bot.com/)"
5.9.141.8 - - [10/Sep/2020:08:17:16 -0400] "GET /dialogcleanupexample.html HTTP/1.0" 200 8251 "-" "Mozilla/5.0 (compatible; MJ12bot/v1.4.8; http://mj12bot.com/)"
5.9.141.8 - - [10/Sep/2020:08:17:18 -0400] "GET /dvd.html HTTP/1.0" 200 9390 "-" "Mozilla/5.0 (compatible; MJ12bot/v1.4.8; http://mj12bot.com/)"
114.119.138.130 - - [10/Sep/2020:08:28:45 -0400] "GET /radiola26part1.html HTTP/1.0" 200 17612 "-" "Mozilla/5.0 (Linux; Android 7.0;) AppleWebKit/537.36 (KHTML, like Gecko) Mobile Safari/537.36 (compatible; PetalBot;+http://aspiegel.com/petalbot)"
222.163.219.146 - - [10/Sep/2020:09:33:49 -0400] "GET /plus/mytag_js.php HTTP/1.0" 404 575 "http://www.pharoahaudio.com/plus/mytag_js.php" "Mozilla/4.0 (compatible; MSIE 6.0; Windows NT 5.0)"
222.163.219.146 - - [10/Sep/2020:09:33:56 -0400] "GET /bbs/utility/convert/index.php?a=config&source=d7.2_x2.0 HTTP/1.0" 404 575 "-" "Mozilla/4.0 (compatible; MSIE 6.0; Windows NT 5.1; SV1)"
222.163.219.146 - - [10/Sep/2020:09:33:56 -0400] "GET /bbs/convert/index.php?a=config&source=d7.2_x2.0 HTTP/1.0" 404 575 "-" "Mozilla/4.0 (compatible; MSIE 6.0; Windows NT 5.1; SV1)"
222.163.219.146 - - [10/Sep/2020:09:33:57 -0400] "GET /FCKeditor/editor/filemanager/connectors/aspx/connector.aspx HTTP/1.0" 404 575 "-" "Mozilla/4.0 (compatible; MSIE 6.0; Windows NT 5.1; SV1)"
222.163.219.146 - - [10/Sep/2020:09:34:13 -0400] "GET /admin/FCKeditor/editor/filemanager/connectors/php/connector.php HTTP/1.0" 404 575 "-" "Mozilla/4.0 (compatible; MSIE 6.0; Windows NT 5.1; SV1)"
222.163.219.146 - - [10/Sep/2020:09:34:32 -0400] "GET /editor/editor/filemanager/browser/default/connectors/asp/connector.asp HTTP/1.0" 404 575 "-" "Mozilla/4.0 (compatible; MSIE 6.0; Windows NT 5.1; SV1)"
114.119.156.102 - - [10/Sep/2020:09:38:25 -0400] "GET /radiola26part4.html HTTP/1.0" 200 24417 "-" "Mozilla/5.0 (Linux; Android 7.0;) AppleWebKit/537.36 (KHTML, like Gecko) Mobile Safari/537.36 (compatible; PetalBot;+http://aspiegel.com/petalbot)"
173.227.44.87 - - [10/Sep/2020:09:44:28 -0400] "GET /images/360_EMUD_RJ196.JPG HTTP/1.0" 200 20614 "-" "Safari/12607.3.10 CFNetwork/811.11 Darwin/16.7.0 (x86_64)"
90.231.98.16 - - [10/Sep/2020:09:57:15 -0400] "GET /apple-touch-icon-152x152.png HTTP/1.0" 404 575 "-" "MobileSafari/604.1 CFNetwork/978.0.7 Darwin/18.7.0"
90.231.98.16 - - [10/Sep/2020:09:58:23 -0400] "GET /ptvideosyncstudy.html HTTP/1.0" 200 39523 "-" "Mozilla/5.0 (iPad; CPU OS 12_4_8 like Mac OS X) AppleWebKit/605.1.15 (KHTML, like Gecko) Version/12.1.2 Mobile/15E148 Safari/604.1"
92.40.171.37 - - [10/Sep/2020:10:08:15 -0400] "GET /tweeterfixpart1.html HTTP/1.0" 200 16188 "https://www.google.com/" "Mozilla/5.0 (Windows NT 10.0; Win64; x64) AppleWebKit/537.36 (KHTML, like Gecko) Chrome/84.0.4147.135 Safari/537.36"
92.40.171.37 - - [10/Sep/2020:10:08:15 -0400] "GET /scripts/photoalbum.js HTTP/1.0" 200 62481 "http://www.pharoahaudio.com/tweeterfixpart1.html" "Mozilla/5.0 (Windows NT 10.0; Win64; x64) AppleWebKit/537.36 (KHTML, like Gecko) Chrome/84.0.4147.135 Safari/537.36"
92.40.171.37 - - [10/Sep/2020:10:08:16 -0400] "GET /images/Majestic_reversed_for_pages.jpg HTTP/1.0" 200 6769 "http://www.pharoahaudio.com/scripts/526542.css" "Mozilla/5.0 (Windows NT 10.0; Win64; x64) AppleWebKit/537.36 (KHTML, like Gecko) Chrome/84.0.4147.135 Safari/537.36"
114.119.157.183 - - [10/Sep/2020:10:10:50 -0400] "GET /soundhomepage/aboutrichardfairbanks.html HTTP/1.0" 200 13501 "-" "Mozilla/5.0 (Linux; Android 7.0;) AppleWebKit/537.36 (KHTML, like Gecko) Mobile Safari/537.36 (compatible; PetalBot;+http://aspiegel.com/petalbot)"
176.8.250.231 - - [10/Sep/2020:10:43:10 -0400] "GET / HTTP/1.0" 200 7026 "https://avtointeres.ru/" "Mozilla/4.0 (compatible; MSIE 6.0; Windows XP)"
176.8.250.231 - - [10/Sep/2020:10:43:11 -0400] "GET / HTTP/1.0" 200 7026 "https://avtointeres.ru/" "Mozilla/4.0 (compatible; MSIE 6.0; Windows XP)"
184.183.181.237 - - [10/Sep/2020:11:07:35 -0400] "GET /images/432_R26_04_loop_exposed_flat.JPG HTTP/1.0" 200 25897 "https://www.bing.com/" "Mozilla/5.0 (Windows NT 10.0; Win64; x64) AppleWebKit/537.36 (KHTML, like Gecko) Chrome/85.0.4183.83 Safari/537.36 Edg/85.0.564.44"
54.36.148.81 - - [10/Sep/2020:11:17:04 -0400] "GET /ak55cpart2.html HTTP/1.0" 200 20711 "-" "Mozilla/5.0 (compatible; AhrefsBot/7.0; +http://ahrefs.com/robot/)"
62.210.188.218 - - [10/Sep/2020:11:29:28 -0400] "GET /synchecklegacy.html HTTP/1.0" 200 16575 "-" "Mozilla/5.0 (compatible; Barkrowler/0.9; +https://babbar.tech/crawler)"
65.35.24.30 - - [10/Sep/2020:11:47:14 -0400] "GET /apple-touch-icon-precomposed.png HTTP/1.0" 404 575 "-" "MobileSafari/604.1 CFNetwork/978.0.7 Darwin/18.7.0"
65.35.24.30 - - [10/Sep/2020:11:47:14 -0400] "GET /apple-touch-icon.png HTTP/1.0" 404 575 "-" "MobileSafari/604.1 CFNetwork/978.0.7 Darwin/18.7.0"
83.30.114.152 - - [10/Sep/2020:12:17:45 -0400] "GET /images/886_AK35_front_900_branded.jpg HTTP/1.0" 200 37924 "http://www.pharoahaudio.com/ak35repair1.html" "Mozilla/5.0 (Windows NT 10.0; Win64; x64) AppleWebKit/537.36 (KHTML, like Gecko) Chrome/84.0.4147.135 Safari/537.36 OPR/70.0.3728.154"
83.30.114.152 - - [10/Sep/2020:12:17:45 -0400] "GET /images/Majestic_reversed_for_pages.jpg HTTP/1.0" 200 6769 "http://www.pharoahaudio.com/scripts/526522.css" "Mozilla/5.0 (Windows NT 10.0; Win64; x64) AppleWebKit/537.36 (KHTML, like Gecko) Chrome/84.0.4147.135 Safari/537.36 OPR/70.0.3728.154"
83.30.114.152 - - [10/Sep/2020:12:20:38 -0400] "GET /ak35repair3.html HTTP/1.0" 200 19856 "http://www.pharoahaudio.com/ak35repair2.html" "Mozilla/5.0 (Windows NT 10.0; Win64; x64) AppleWebKit/537.36 (KHTML, like Gecko) Chrome/84.0.4147.135 Safari/537.36 OPR/70.0.3728.154"
73.233.7.34 - - [10/Sep/2020:12:49:55 -0400] "GET /scripts/526542.css HTTP/1.0" 200 102 "http://www.pharoahaudio.com/tweeterfixpart1.html" "Mozilla/5.0 (Linux; Android 9; moto g(6)) AppleWebKit/537.36 (KHTML, like Gecko) Chrome/85.0.4183.81 Mobile Safari/537.36"
73.233.7.34 - - [10/Sep/2020:12:49:55 -0400] "GET /scripts/template.css HTTP/1.0" 200 11360 "http://www.pharoahaudio.com/tweeterfixpart1.html" "Mozilla/5.0 (Linux; Android 9; moto g(6)) AppleWebKit/537.36 (KHTML, like Gecko) Chrome/85.0.4183.81 Mobile Safari/537.36"
73.233.7.34 - - [10/Sep/2020:12:49:55 -0400] "GET /images/hand_left_blue.gif HTTP/1.0" 200 932 "http://www.pharoahaudio.com/tweeterfixpart1.html" "Mozilla/5.0 (Linux; Android 9; moto g(6)) AppleWebKit/537.36 (KHTML, like Gecko) Chrome/85.0.4183.81 Mobile Safari/537.36"
73.233.7.34 - - [10/Sep/2020:12:49:55 -0400] "GET /scripts/print.css HTTP/1.0" 200 11209 "http://www.pharoahaudio.com/tweeterfixpart1.html" "Mozilla/5.0 (Linux; Android 9; moto g(6)) AppleWebKit/537.36 (KHTML, like Gecko) Chrome/85.0.4183.81 Mobile Safari/537.36"
73.233.7.34 - - [10/Sep/2020:12:49:55 -0400] "GET /images/ic_002_banner_bg_wide.jpg HTTP/1.0" 200 5805 "http://www.pharoahaudio.com/scripts/template.css" "Mozilla/5.0 (Linux; Android 9; moto g(6)) AppleWebKit/537.36 (KHTML, like Gecko) Chrome/85.0.4183.81 Mobile Safari/537.36"
73.233.7.34 - - [10/Sep/2020:12:49:55 -0400] "GET /images/ic_002_body_bg.gif HTTP/1.0" 200 304 "http://www.pharoahaudio.com/scripts/template.css" "Mozilla/5.0 (Linux; Android 9; moto g(6)) AppleWebKit/537.36 (KHTML, like Gecko) Chrome/85.0.4183.81 Mobile Safari/537.36"
73.233.7.34 - - [10/Sep/2020:12:49:55 -0400] "GET /images/Majestic_reversed_for_pages.jpg HTTP/1.0" 200 6769 "http://www.pharoahaudio.com/scripts/526542.css" "Mozilla/5.0 (Linux; Android 9; moto g(6)) AppleWebKit/537.36 (KHTML, like Gecko) Chrome/85.0.4183.81 Mobile Safari/537.36"
73.233.7.34 - - [10/Sep/2020:12:53:18 -0400] "GET /tweeterfixpart2.html HTTP/1.0" 200 17379 "-" "Mozilla/5.0 (Linux; Android 9; moto g(6)) AppleWebKit/537.36 (KHTML, like Gecko) Chrome/85.0.4183.81 Mobile Safari/537.36"
73.233.7.34 - - [10/Sep/2020:12:53:20 -0400] "GET /images/432_T11_slicing_foam.jpg HTTP/1.0" 200 32968 "http://www.pharoahaudio.com/tweeterfixpart3.html" "Mozilla/5.0 (Linux; Android 9; moto g(6)) AppleWebKit/537.36 (KHTML, like Gecko) Chrome/85.0.4183.81 Mobile Safari/537.36"
73.233.7.34 - - [10/Sep/2020:12:53:21 -0400] "GET /images/432_T15_reglue.jpg HTTP/1.0" 200 22594 "-" "Mozilla/5.0 (Linux; Android 9; moto g(6)) AppleWebKit/537.36 (KHTML, like Gecko) Chrome/85.0.4183.81 Mobile Safari/537.36"
54.36.185.102 - - [10/Sep/2020:14:03:13 -0400] "GET /.git/HEAD HTTP/1.0" 404 575 "-" "Python-urllib/3.7"
65.35.24.30 - - [10/Sep/2020:14:21:45 -0400] "GET /apple-touch-icon.png HTTP/1.0" 404 575 "-" "MobileSafari/604.1 CFNetwork/978.0.7 Darwin/18.7.0"
114.119.158.113 - - [10/Sep/2020:14:22:11 -0400] "GET /dvd.html HTTP/1.0" 200 9390 "-" "Mozilla/5.0 (Linux; Android 7.0;) AppleWebKit/537.36 (KHTML, like Gecko) Mobile Safari/537.36 (compatible; PetalBot;+http://aspiegel.com/petalbot)"
66.249.66.58 - - [10/Sep/2020:14:41:20 -0400] "GET /dialogcleanupexample.html HTTP/1.0" 200 8251 "-" "Mozilla/5.0 (compatible; Googlebot/2.1; +http://www.google.com/bot.html)"
114.119.135.78 - - [10/Sep/2020:14:56:56 -0400] "GET /ak35repair2.html HTTP/1.0" 200 20149 "-" "Mozilla/5.0 (Linux; Android 7.0;) AppleWebKit/537.36 (KHTML, like Gecko) Mobile Safari/537.36 (compatible; PetalBot;+http://aspiegel.com/petalbot)"
193.81.224.246 - - [10/Sep/2020:15:08:01 -0400] "GET /apple-touch-icon-120x120-precomposed.png HTTP/1.0" 404 575 "-" "MobileSafari/604.1 CFNetwork/1125.2 Darwin/19.4.0"
193.81.224.246 - - [10/Sep/2020:15:08:01 -0400] "GET /apple-touch-icon-120x120.png HTTP/1.0" 404 575 "-" "MobileSafari/604.1 CFNetwork/1125.2 Darwin/19.4.0"
114.119.158.113 - - [10/Sep/2020:15:15:30 -0400] "GET /ak55cpart1.html HTTP/1.0" 200 19240 "-" "Mozilla/5.0 (Linux; Android 7.0;) AppleWebKit/537.36 (KHTML, like Gecko) Mobile Safari/537.36 (compatible; PetalBot;+http://aspiegel.com/petalbot)"
54.36.148.123 - - [10/Sep/2020:15:40:49 -0400] "GET / HTTP/1.0" 200 7026 "-" "Mozilla/5.0 (compatible; AhrefsBot/7.0; +http://ahrefs.com/robot/)"
114.119.135.78 - - [10/Sep/2020:15:58:00 -0400] "GET /ak55cpart4.html HTTP/1.0" 200 21913 "-" "Mozilla/5.0 (Linux; Android 7.0;) AppleWebKit/537.36 (KHTML, like Gecko) Mobile Safari/537.36 (compatible; PetalBot;+http://aspiegel.com/petalbot)"
76.120.6.247 - - [10/Sep/2020:16:00:03 -0400] "GET /images/448_AK35_grid_leak_resistor.JPG HTTP/1.0" 200 10185 "https://www.bing.com/" "Mozilla/5.0 (Windows NT 10.0; Win64; x64) AppleWebKit/537.36 (KHTML, like Gecko) Chrome/85.0.4183.83 Safari/537.36 Edg/85.0.564.44"
99.42.8.157 - - [10/Sep/2020:16:43:27 -0400] "GET /scripts/526495custom.css HTTP/1.0" 200 2493 "http://www.pharoahaudio.com/synchecklegacy/originalsyncheck.html" "Mozilla/5.0 (Macintosh; Intel Mac OS X 10_15_6) AppleWebKit/605.1.15 (KHTML, like Gecko) Version/13.1.2 Safari/605.1.15"
99.42.8.157 - - [10/Sep/2020:16:43:27 -0400] "GET /images/ic_002_banner_bg_wide.jpg HTTP/1.0" 200 5805 "http://www.pharoahaudio.com/synchecklegacy/originalsyncheck.html" "Mozilla/5.0 (Macintosh; Intel Mac OS X 10_15_6) AppleWebKit/605.1.15 (KHTML, like Gecko) Version/13.1.2 Safari/605.1.15"
114.119.147.213 - - [10/Sep/2020:16:45:36 -0400] "GET /dialogcleanupexample.html HTTP/1.0" 200 8251 "-" "Mozilla/5.0 (Linux; Android 7.0;) AppleWebKit/537.36 (KHTML, like Gecko) Mobile Safari/537.36 (compatible; PetalBot;+http://aspiegel.com/petalbot)"
83.95.177.182 - - [10/Sep/2020:16:51:33 -0400] "GET /apple-touch-icon-precomposed.png HTTP/1.0" 404 575 "-" "Safari/14607.3.9 CFNetwork/978.0.7 Darwin/18.7.0 (x86_64)"
83.95.177.182 - - [10/Sep/2020:16:51:33 -0400] "GET /favicon.ico HTTP/1.0" 404 575 "-" "Safari/14607.3.9 CFNetwork/978.0.7 Darwin/18.7.0 (x86_64)"
83.95.177.182 - - [10/Sep/2020:16:51:33 -0400] "GET /apple-touch-icon-precomposed.png HTTP/1.0" 404 575 "-" "Safari/14607.3.9 CFNetwork/978.0.7 Darwin/18.7.0 (x86_64)"
83.95.177.182 - - [10/Sep/2020:16:51:33 -0400] "GET /apple-touch-icon.png HTTP/1.0" 404 575 "-" "Safari/14607.3.9 CFNetwork/978.0.7 Darwin/18.7.0 (x86_64)"
114.119.154.186 - - [10/Sep/2020:16:52:50 -0400] "GET /ak35repair4.html HTTP/1.0" 200 19878 "-" "Mozilla/5.0 (Linux; Android 7.0;) AppleWebKit/537.36 (KHTML, like Gecko) Mobile Safari/537.36 (compatible; PetalBot;+http://aspiegel.com/petalbot)"
83.95.177.182 - - [10/Sep/2020:17:06:01 -0400] "GET /favicon.ico HTTP/1.0" 404 575 "-" "Safari/14607.3.9 CFNetwork/978.0.7 Darwin/18.7.0 (x86_64)"
66.249.66.60 - - [10/Sep/2020:17:09:13 -0400] "GET /tweeterfixpart1.html HTTP/1.0" 200 16188 "-" "Mozilla/5.0 (Linux; Android 6.0.1; Nexus 5X Build/MMB29P) AppleWebKit/537.36 (KHTML, like Gecko) Chrome/85.0.4183.97 Mobile Safari/537.36 (compatible; Googlebot/2.1; +http://www.google.com/bot.html)"
65.35.24.30 - - [10/Sep/2020:17:14:39 -0400] "GET /tweeterfixpart1.html HTTP/1.0" 200 16188 "-" "Mozilla/5.0 (iPad; CPU OS 12_4_8 like Mac OS X) AppleWebKit/605.1.15 (KHTML, like Gecko) Version/12.1.2 Mobile/15E148 Safari/604.1"
65.35.24.30 - - [10/Sep/2020:17:14:39 -0400] "GET /apple-touch-icon-152x152-precomposed.png HTTP/1.0" 404 575 "-" "MobileSafari/604.1 CFNetwork/978.0.7 Darwin/18.7.0"
65.35.24.30 - - [10/Sep/2020:17:14:39 -0400] "GET /apple-touch-icon.png HTTP/1.0" 404 575 "-" "MobileSafari/604.1 CFNetwork/978.0.7 Darwin/18.7.0"
65.35.24.30 - - [10/Sep/2020:17:14:40 -0400] "GET /favicon.ico HTTP/1.0" 404 575 "-" "MobileSafari/604.1 CFNetwork/978.0.7 Darwin/18.7.0"
65.35.24.30 - - [10/Sep/2020:17:14:40 -0400] "GET /apple-touch-icon-152x152.png HTTP/1.0" 404 575 "-" "MobileSafari/604.1 CFNetwork/978.0.7 Darwin/18.7.0"
65.35.24.30 - - [10/Sep/2020:17:14:40 -0400] "GET /apple-touch-icon-precomposed.png HTTP/1.0" 404 575 "-" "MobileSafari/604.1 CFNetwork/978.0.7 Darwin/18.7.0"
65.35.24.30 - - [10/Sep/2020:17:14:40 -0400] "GET /apple-touch-icon.png HTTP/1.0" 404 575 "-" "MobileSafari/604.1 CFNetwork/978.0.7 Darwin/18.7.0"
65.35.24.30 - - [10/Sep/2020:17:14:40 -0400] "GET /favicon.ico HTTP/1.0" 404 575 "-" "MobileSafari/604.1 CFNetwork/978.0.7 Darwin/18.7.0"
114.119.131.110 - - [10/Sep/2020:17:21:35 -0400] "GET /robots.txt HTTP/1.0" 200 25 "-" "(compatible;PetalBot;+http://aspiegel.com/petalbot)"
52.224.219.248 - - [10/Sep/2020:17:26:18 -0400] "GET /synchecklegacy.html/wp-content/plugins/ioptimization/IOptimize.php?rchk HTTP/1.0" 200 16575 "www.google.com" "Mozlila/5.0 (Linux; Android 7.0; SM-G892A Bulid/NRD90M; wv) AppleWebKit/537.36 (KHTML, like Gecko) Version/4.0 Chrome/60.0.3112.107 Moblie Safari/537.36"
66.249.66.62 - - [10/Sep/2020:17:33:00 -0400] "GET /scripts/526542.css HTTP/1.0" 200 102 "http://www.pharoahaudio.com/tweeterfixpart1.html" "Mozilla/5.0 AppleWebKit/537.36 (KHTML, like Gecko; compatible; Googlebot/2.1; +http://www.google.com/bot.html) Chrome/85.0.4183.105 Safari/537.36"
66.249.66.58 - - [10/Sep/2020:17:39:20 -0400] "GET /synchecklegacy/syncheck3.html HTTP/1.0" 200 18255 "-" "Mozilla/5.0 (compatible; Googlebot/2.1; +http://www.google.com/bot.html)"
205.240.66.94 - - [10/Sep/2020:17:50:02 -0400] "GET /favicon.ico HTTP/1.0" 404 575 "-" "MobileSafari/604.1 CFNetwork/978.0.7 Darwin/18.7.0"
66.160.143.139 - - [10/Sep/2020:17:52:55 -0400] "GET /scripts/ic_globals_published.js HTTP/1.0" 200 566 "http://www.pharoahaudio.com/synchecklegacy/originalsyncheck.html" "Mozilla/5.0 (Windows NT 6.3; Win64; x64) AppleWebKit/537.36 (KHTML, like Gecko) Chrome/85.0.4183.102 Safari/537.36"
66.160.143.139 - - [10/Sep/2020:17:52:55 -0400] "GET /scripts/526495custom.css HTTP/1.0" 200 2493 "http://www.pharoahaudio.com/synchecklegacy/originalsyncheck.html" "Mozilla/5.0 (Windows NT 6.3; Win64; x64) AppleWebKit/537.36 (KHTML, like Gecko) Chrome/85.0.4183.102 Safari/537.36"
66.160.143.139 - - [10/Sep/2020:17:52:55 -0400] "GET /scripts/photoalbum.js HTTP/1.0" 200 62481 "http://www.pharoahaudio.com/synchecklegacy/originalsyncheck.html" "Mozilla/5.0 (Windows NT 6.3; Win64; x64) AppleWebKit/537.36 (KHTML, like Gecko) Chrome/85.0.4183.102 Safari/537.36"
66.160.143.139 - - [10/Sep/2020:17:52:56 -0400] "GET /images/396_SyncheckEMS_in_hand2_whiteBG.jpg HTTP/1.0" 200 17723 "http://www.pharoahaudio.com/synchecklegacy/originalsyncheck.html" "Mozilla/5.0 (Windows NT 6.3; Win64; x64) AppleWebKit/537.36 (KHTML, like Gecko) Chrome/85.0.4183.102 Safari/537.36"
66.160.143.139 - - [10/Sep/2020:18:02:47 -0400] "GET /synchecklegacy/syncheckii.html HTTP/1.0" 200 16486 "http://www.pharoahaudio.com/synchecklegacy/originalsyncheck.html" "Mozilla/5.0 (Windows NT 6.3; Win64; x64) AppleWebKit/537.36 (KHTML, like Gecko) Chrome/85.0.4183.102 Safari/537.36"
66.160.143.139 - - [10/Sep/2020:18:02:47 -0400] "GET /images/270_SY2_in_hand_at_screen.JPG HTTP/1.0" 200 8461 "http://www.pharoahaudio.com/synchecklegacy/syncheckii.html" "Mozilla/5.0 (Windows NT 6.3; Win64; x64) AppleWebKit/537.36 (KHTML, like Gecko) Chrome/85.0.4183.102 Safari/537.36"
66.160.143.139 - - [10/Sep/2020:18:02:47 -0400] "GET /images/560_SY_table_angled_BGwhite.JPG HTTP/1.0" 200 30010 "http://www.pharoahaudio.com/synchecklegacy/syncheckii.html" "Mozilla/5.0 (Windows NT 6.3; Win64; x64) AppleWebKit/537.36 (KHTML, like Gecko) Chrome/85.0.4183.102 Safari/537.36"
66.160.143.139 - - [10/Sep/2020:18:02:47 -0400] "GET /images/95_Syncheck_graphic_wide.JPG HTTP/1.0" 200 1944 "http://www.pharoahaudio.com/synchecklegacy/syncheckii.html" "Mozilla/5.0 (Windows NT 6.3; Win64; x64) AppleWebKit/537.36 (KHTML, like Gecko) Chrome/85.0.4183.102 Safari/537.36"
66.160.143.139 - - [10/Sep/2020:18:02:54 -0400] "GET /scripts/526559custom.css HTTP/1.0" 200 2153 "http://www.pharoahaudio.com/synchecklegacy/syncheck3.html" "Mozilla/5.0 (Windows NT 6.3; Win64; x64) AppleWebKit/537.36 (KHTML, like Gecko) Chrome/85.0.4183.102 Safari/537.36"
66.160.143.139 - - [10/Sep/2020:18:03:01 -0400] "GET /scripts/526499custom.css HTTP/1.0" 200 5186 "http://www.pharoahaudio.com/synchecklegacy/synflash.html" "Mozilla/5.0 (Windows NT 6.3; Win64; x64) AppleWebKit/537.36 (KHTML, like Gecko) Chrome/85.0.4183.102 Safari/537.36"
66.160.143.139 - - [10/Sep/2020:18:03:01 -0400] "GET /images/500_SynFlash_New_in_boot.jpg HTTP/1.0" 200 20690 "http://www.pharoahaudio.com/synchecklegacy/synflash.html" "Mozilla/5.0 (Windows NT 6.3; Win64; x64) AppleWebKit/537.36 (KHTML, like Gecko) Chrome/85.0.4183.102 Safari/537.36"
206.116.192.217 - - [10/Sep/2020:18:03:12 -0400] "GET /scripts/website.css HTTP/1.0" 200 1801 "http://www.pharoahaudio.com/tweeterfixpart1.html" "Mozilla/5.0 (Windows NT 10.0; WOW64; rv:68.0) Gecko/20100101 Firefox/68.0"
206.116.192.217 - - [10/Sep/2020:18:03:12 -0400] "GET /scripts/526542custom.css HTTP/1.0" 200 2488 "http://www.pharoahaudio.com/tweeterfixpart1.html" "Mozilla/5.0 (Windows NT 10.0; WOW64; rv:68.0) Gecko/20100101 Firefox/68.0"
206.116.192.217 - - [10/Sep/2020:18:03:12 -0400] "GET /images/431_T2_contact_cellotape_cu.jpg HTTP/1.0" 200 21279 "http://www.pharoahaudio.com/tweeterfixpart1.html" "Mozilla/5.0 (Windows NT 10.0; WOW64; rv:68.0) Gecko/20100101 Firefox/68.0"
66.160.143.139 - - [10/Sep/2020:18:04:36 -0400] "GET /scripts/526496custom.css HTTP/1.0" 200 3178 "http://www.pharoahaudio.com/yeolderadiomuseum.html" "Mozilla/5.0 (Windows NT 6.3; Win64; x64) AppleWebKit/537.36 (KHTML, like Gecko) Chrome/85.0.4183.102 Safari/537.36"
114.119.145.210 - - [10/Sep/2020:18:29:02 -0400] "GET /synchecklegacy/synflash.html HTTP/1.0" 200 29791 "-" "Mozilla/5.0 (Linux; Android 7.0;) AppleWebKit/537.36 (KHTML, like Gecko) Mobile Safari/537.36 (compatible; PetalBot;+http://aspiegel.com/petalbot)"
205.240.66.94 - - [10/Sep/2020:18:30:17 -0400] "GET /apple-touch-icon-152x152.png HTTP/1.0" 404 575 "-" "MobileSafari/604.1 CFNetwork/978.0.7 Darwin/18.7.0"
205.240.66.94 - - [10/Sep/2020:18:30:17 -0400] "GET /apple-touch-icon-precomposed.png HTTP/1.0" 404 575 "-" "MobileSafari/604.1 CFNetwork/978.0.7 Darwin/18.7.0"
205.240.66.94 - - [10/Sep/2020:18:30:17 -0400] "GET /apple-touch-icon.png HTTP/1.0" 404 575 "-" "MobileSafari/604.1 CFNetwork/978.0.7 Darwin/18.7.0"
205.240.66.94 - - [10/Sep/2020:18:30:17 -0400] "GET /apple-touch-icon-152x152-precomposed.png HTTP/1.0" 404 575 "-" "MobileSafari/604.1 CFNetwork/978.0.7 Darwin/18.7.0"
205.240.66.94 - - [10/Sep/2020:18:30:18 -0400] "GET /apple-touch-icon.png HTTP/1.0" 404 575 "-" "MobileSafari/604.1 CFNetwork/978.0.7 Darwin/18.7.0"
206.116.192.217 - - [10/Sep/2020:18:57:35 -0400] "GET /tweeterfixpart2.html HTTP/1.0" 200 17379 "http://www.pharoahaudio.com/tweeterfixpart1.html" "Mozilla/5.0 (Windows NT 10.0; WOW64; rv:68.0) Gecko/20100101 Firefox/68.0"
206.116.192.217 - - [10/Sep/2020:18:57:35 -0400] "GET /images/432_T4_strip_pulled_out.jpg HTTP/1.0" 200 35044 "http://www.pharoahaudio.com/tweeterfixpart2.html" "Mozilla/5.0 (Windows NT 10.0; WOW64; rv:68.0) Gecko/20100101 Firefox/68.0"
206.116.192.217 - - [10/Sep/2020:18:59:18 -0400] "GET /images/432_T11_slicing_foam.jpg HTTP/1.0" 200 32968 "http://www.pharoahaudio.com/tweeterfixpart3.html" "Mozilla/5.0 (Windows NT 10.0; WOW64; rv:68.0) Gecko/20100101 Firefox/68.0"
206.116.192.217 - - [10/Sep/2020:19:00:04 -0400] "GET /images/432_T12_strip_reassembled.jpg HTTP/1.0" 200 24194 "http://www.pharoahaudio.com/tweeterfixpart4.html" "Mozilla/5.0 (Windows NT 10.0; WOW64; rv:68.0) Gecko/20100101 Firefox/68.0"
54.36.148.248 - - [10/Sep/2020:19:06:27 -0400] "GET /ak55cpart4.html HTTP/1.0" 200 21913 "-" "Mozilla/5.0 (compatible; AhrefsBot/7.0; +http://ahrefs.com/robot/)"
66.249.66.60 - - [10/Sep/2020:19:33:46 -0400] "GET /scripts/526545custom.css HTTP/1.0" 200 2487 "http://www.pharoahaudio.com/tweeterfixpart4.html" "Mozilla/5.0 AppleWebKit/537.36 (KHTML, like Gecko; compatible; Googlebot/2.1; +http://www.google.com/bot.html) Chrome/85.0.4183.105 Safari/537.36"
77.75.77.36 - - [10/Sep/2020:19:37:04 -0400] "GET /images/Traps_web.mov HTTP/1.0" 200 20765973 "-" "Mozilla/5.0 (compatible; SeznamBot/3.2; +http://napoveda.seznam.cz/en/seznambot-intro/)"
205.240.66.94 - - [10/Sep/2020:19:38:13 -0400] "GET /apple-touch-icon.png HTTP/1.0" 404 575 "-" "MobileSafari/604.1 CFNetwork/978.0.7 Darwin/18.7.0"
205.240.66.94 - - [10/Sep/2020:19:38:13 -0400] "GET /favicon.ico HTTP/1.0" 404 575 "-" "MobileSafari/604.1 CFNetwork/978.0.7 Darwin/18.7.0"
95.163.255.138 - - [10/Sep/2020:19:42:52 -0400] "GET /robots.txt HTTP/1.0" 200 25 "-" "Mozilla/5.0 (compatible; Linux x86_64; Mail.RU_Bot/Img/2.0; +http://go.mail.ru/help/robots)"
47.222.109.171 - - [10/Sep/2020:19:58:15 -0400] "GET /scripts/526509custom.css HTTP/1.0" 200 1142 "http://www.pharoahaudio.com/" "Mozilla/5.0 (iPhone; CPU iPhone OS 13_6_1 like Mac OS X) AppleWebKit/605.1.15 (KHTML, like Gecko) Version/13.1.2 Mobile/15E148 Safari/604.1"
205.240.66.94 - - [10/Sep/2020:20:24:59 -0400] "GET /apple-touch-icon-152x152.png HTTP/1.0" 404 575 "-" "MobileSafari/604.1 CFNetwork/978.0.7 Darwin/18.7.0"
205.240.66.94 - - [10/Sep/2020:20:25:01 -0400] "GET /apple-touch-icon-152x152-precomposed.png HTTP/1.0" 404 575 "-" "MobileSafari/604.1 CFNetwork/978.0.7 Darwin/18.7.0"
77.75.76.169 - - [10/Sep/2020:20:26:56 -0400] "GET /robots.txt HTTP/1.0" 200 25 "-" "Mozilla/5.0 (compatible; SeznamBot/3.2; +http://napoveda.seznam.cz/en/seznambot-intro/)"
157.55.39.124 - - [10/Sep/2020:20:46:25 -0400] "GET /images/603_R26_36_dial_scale.JPG HTTP/1.0" 200 60278 "-" "Mozilla/5.0 (compatible; bingbot/2.0; +http://www.bing.com/bingbot.htm)"
54.36.149.12 - - [10/Sep/2020:20:51:44 -0400] "GET /ak35repair1.html HTTP/1.0" 200 16494 "-" "Mozilla/5.0 (compatible; AhrefsBot/7.0; +http://ahrefs.com/robot/)"
65.35.24.30 - - [10/Sep/2020:21:18:02 -0400] "GET /apple-touch-icon-152x152-precomposed.png HTTP/1.0" 404 575 "-" "MobileSafari/604.1 CFNetwork/978.0.7 Darwin/18.7.0"
65.35.24.30 - - [10/Sep/2020:21:18:02 -0400] "GET /apple-touch-icon.png HTTP/1.0" 404 575 "-" "MobileSafari/604.1 CFNetwork/978.0.7 Darwin/18.7.0"
65.35.24.30 - - [10/Sep/2020:21:18:03 -0400] "GET /apple-touch-icon-precomposed.png HTTP/1.0" 404 575 "-" "MobileSafari/604.1 CFNetwork/978.0.7 Darwin/18.7.0"
77.75.76.166 - - [10/Sep/2020:21:30:22 -0400] "GET /robots.txt HTTP/1.0" 200 25 "-" "Mozilla/5.0 (compatible; SeznamBot/3.2; +http://napoveda.seznam.cz/en/seznambot-intro/)"
77.75.76.166 - - [10/Sep/2020:21:30:24 -0400] "GET /images/Weir_Garcia.mp3 HTTP/1.0" 200 5890568 "-" "Mozilla/5.0 (compatible; SeznamBot/3.2; +http://napoveda.seznam.cz/en/seznambot-intro/)"
54.36.148.142 - - [10/Sep/2020:21:43:09 -0400] "GET / HTTP/1.0" 200 7026 "-" "Mozilla/5.0 (compatible; AhrefsBot/7.0; +http://ahrefs.com/robot/)"
71.213.153.74 - - [10/Sep/2020:21:44:06 -0400] "GET /images/181_Radiola_26_small_branded.jpg HTTP/1.0" 200 5165 "http://www.pharoahaudio.com/yeolderadiomuseum.html" "Mozilla/5.0 (Windows NT 10.0; WOW64) AppleWebKit/537.36 (KHTML, like Gecko) Chrome/79.0.3945.130 ADG/11.0.2793 Safari/537.36"
71.213.153.74 - - [10/Sep/2020:21:44:06 -0400] "GET /images/ic_002_banner_bg_wide.jpg HTTP/1.0" 200 5805 "http://www.pharoahaudio.com/scripts/template.css" "Mozilla/5.0 (Windows NT 10.0; WOW64) AppleWebKit/537.36 (KHTML, like Gecko) Chrome/79.0.3945.130 ADG/11.0.2793 Safari/537.36"
34.244.139.68 - - [10/Sep/2020:21:48:26 -0400] "GET /synchecklegacy/downloads.html HTTP/1.0" 200 22608 "-" "Mozilla/5.0 (Windows NT 6.2; WOW64)"
205.240.66.94 - - [10/Sep/2020:21:57:52 -0400] "GET /apple-touch-icon-152x152.png HTTP/1.0" 404 575 "-" "MobileSafari/604.1 CFNetwork/978.0.7 Darwin/18.7.0"
205.240.66.94 - - [10/Sep/2020:21:57:52 -0400] "GET /favicon.ico HTTP/1.0" 404 575 "-" "MobileSafari/604.1 CFNetwork/978.0.7 Darwin/18.7.0"
205.240.66.94 - - [10/Sep/2020:21:57:53 -0400] "GET /apple-touch-icon-152x152.png HTTP/1.0" 404 575 "-" "MobileSafari/604.1 CFNetwork/978.0.7 Darwin/18.7.0"
114.119.145.239 - - [10/Sep/2020:22:13:29 -0400] "GET /synchecklegacy.html HTTP/1.0" 200 16575 "-" "Mozilla/5.0 (Linux; Android 7.0;) AppleWebKit/537.36 (KHTML, like Gecko) Mobile Safari/537.36 (compatible; PetalBot;+http://aspiegel.com/petalbot)"
114.119.157.183 - - [10/Sep/2020:22:19:41 -0400] "GET /yeolderadiomuseum.html HTTP/1.0" 200 12415 "-" "Mozilla/5.0 (Linux; Android 7.0;) AppleWebKit/537.36 (KHTML, like Gecko) Mobile Safari/537.36 (compatible; PetalBot;+http://aspiegel.com/petalbot)"
205.240.66.94 - - [10/Sep/2020:22:33:37 -0400] "GET /favicon.ico HTTP/1.0" 404 575 "-" "MobileSafari/604.1 CFNetwork/978.0.7 Darwin/18.7.0"
17.58.100.145 - - [10/Sep/2020:22:41:49 -0400] "GET /robots.txt HTTP/1.0" 200 25 "-" "Mozilla/5.0 (Macintosh; Intel Mac OS X 10_15_5) AppleWebKit/605.1.15 (KHTML, like Gecko) Version/13.1.1 Safari/605.1.15 (Applebot/0.1; +http://www.apple.com/go/applebot)"
98.234.103.87 - - [10/Sep/2020:22:51:29 -0400] "GET /scripts/photoalbum.js HTTP/1.0" 200 62481 "http://www.pharoahaudio.com/synchecklegacy.html" "Mozilla/5.0 (Macintosh; Intel Mac OS X 10_14_6) AppleWebKit/605.1.15 (KHTML, like Gecko) Version/13.1.2 Safari/605.1.15"
98.234.103.87 - - [10/Sep/2020:22:51:29 -0400] "GET /images/100_SY_table_angled_BGwhite.JPG HTTP/1.0" 200 2823 "http://www.pharoahaudio.com/synchecklegacy.html" "Mozilla/5.0 (Macintosh; Intel Mac OS X 10_14_6) AppleWebKit/605.1.15 (KHTML, like Gecko) Version/13.1.2 Safari/605.1.15"
10.30.83.30 - - [10/Sep/2020:23:24:02 -0400] "GET /scripts/526521.css HTTP/1.0" 200 102 "http://www.pharoahaudio.com/ak35repair2.html" "Mozilla/5.0 (Windows NT 10.0; Win64; x64) AppleWebKit/537.36 (KHTML, like Gecko) Chrome/84.0.4147.105 Safari/537.36"
222.153.91.89 - - [10/Sep/2020:23:24:02 -0400] "GET /images/428_AK35_RF2_severed_CU_hilite.jpg HTTP/1.0" 200 28240 "http://www.pharoahaudio.com/ak35repair2.html" "Mozilla/5.0 (Windows NT 10.0; Win64; x64) AppleWebKit/537.36 (KHTML, like Gecko) Chrome/84.0.4147.105 Safari/537.36"
222.153.91.89 - - [10/Sep/2020:23:24:02 -0400] "GET /images/428_AK35_varicap_rust.jpg HTTP/1.0" 200 36208 "http://www.pharoahaudio.com/ak35repair2.html" "Mozilla/5.0 (Windows NT 10.0; Win64; x64) AppleWebKit/537.36 (KHTML, like Gecko) Chrome/84.0.4147.105 Safari/537.36"
222.153.91.89 - - [10/Sep/2020:23:24:20 -0400] "GET /ak35repair3.html HTTP/1.0" 200 19856 "http://www.pharoahaudio.com/ak35repair2.html" "Mozilla/5.0 (Windows NT 10.0; Win64; x64) AppleWebKit/537.36 (KHTML, like Gecko) Chrome/84.0.4147.105 Safari/537.36"
222.153.91.89 - - [10/Sep/2020:23:24:20 -0400] "GET /images/448_AK35_grid_bias_repaired_hilite.JPG HTTP/1.0" 200 16839 "http://www.pharoahaudio.com/ak35repair3.html" "Mozilla/5.0 (Windows NT 10.0; Win64; x64) AppleWebKit/537.36 (KHTML, like Gecko) Chrome/84.0.4147.105 Safari/537.36"
10.30.83.30 - - [10/Sep/2020:23:24:20 -0400] "GET /images/448_AK35_grid_leak_resistor.JPG HTTP/1.0" 200 10185 "http://www.pharoahaudio.com/ak35repair3.html" "Mozilla/5.0 (Windows NT 10.0; Win64; x64) AppleWebKit/537.36 (KHTML, like Gecko) Chrome/84.0.4147.105 Safari/537.36"
222.153.91.89 - - [10/Sep/2020:23:24:20 -0400] "GET /images/448_AK35_tapped_resistor_crop.jpg HTTP/1.0" 200 29416 "http://www.pharoahaudio.com/ak35repair3.html" "Mozilla/5.0 (Windows NT 10.0; Win64; x64) AppleWebKit/537.36 (KHTML, like Gecko) Chrome/84.0.4147.105 Safari/537.36"
