0byt3m1n1
Path:
/
data
/
0
/
0
/
22
/
99
/
22588
/
meta
/
23067
/
logs
/
[
Home
]
File: x-access_log.2020-09-10
114.119.129.92 - - [10/Sep/2020:02:46:56 -0400] "GET /2pop.html HTTP/1.0" 200 7228 "-" "Mozilla/5.0 (Linux; Android 7.0;) AppleWebKit/537.36 (KHTML, like Gecko) Mobile Safari/537.36 (compatible; PetalBot;+http://aspiegel.com/petalbot)"
114.119.135.78 - - [10/Sep/2020:02:52:43 -0400] "GET /dvd.html HTTP/1.0" 200 9390 "-" "Mozilla/5.0 (Linux; Android 7.0;) AppleWebKit/537.36 (KHTML, like Gecko) Mobile Safari/537.36 (compatible; PetalBot;+http://aspiegel.com/petalbot)"
35.239.58.193 - - [10/Sep/2020:04:38:43 -0400] "GET /robots.txt HTTP/1.0" 200 25 "-" "ltx71 - (http://ltx71.com/)"
66.249.66.62 - - [10/Sep/2020:04:48:23 -0400] "GET / HTTP/1.0" 200 7026 "-" "Mozilla/5.0 (compatible; Googlebot/2.1; +http://www.google.com/bot.html)"
93.158.161.75 - - [10/Sep/2020:04:53:49 -0400] "GET /images/432_T5_open_tweeter_parts.jpg HTTP/1.0" 200 15870 "-" "Mozilla/5.0 (compatible; YandexImages/3.0; +http://yandex.com/bots)"
114.119.145.210 - - [10/Sep/2020:05:04:02 -0400] "GET /synchecklegacy/syncheckii.html HTTP/1.0" 200 16486 "-" "Mozilla/5.0 (Linux; Android 7.0;) AppleWebKit/537.36 (KHTML, like Gecko) Mobile Safari/537.36 (compatible; PetalBot;+http://aspiegel.com/petalbot)"
188.165.174.33 - - [10/Sep/2020:05:43:00 -0400] "GET /soundhomepage/videoclips.html HTTP/1.0" 200 20868 "http://pharoaheditorial.com" "Mozilla/5.0 (X11; Linux x86_64) AppleWebKit/537.36 (KHTML, like Gecko) HeadlessChrome/66.0.3349.0 Safari/537.36"
188.165.174.33 - - [10/Sep/2020:05:43:00 -0400] "GET /synchecklegacy/syncheck3.html HTTP/1.0" 200 18255 "http://pharoaheditorial.com" "Mozilla/5.0 (X11; Linux x86_64) AppleWebKit/537.36 (KHTML, like Gecko) HeadlessChrome/66.0.3349.0 Safari/537.36"
188.165.174.33 - - [10/Sep/2020:05:43:01 -0400] "GET /ftpfeedback.html HTTP/1.0" 200 8519 "http://pharoaheditorial.com" "Mozilla/5.0 (X11; Linux x86_64) AppleWebKit/537.36 (KHTML, like Gecko) HeadlessChrome/66.0.3349.0 Safari/537.36"
174.252.193.116 - - [10/Sep/2020:06:08:52 -0400] "GET /scripts/user.js HTTP/1.0" 200 23762 "http://www.pharoahaudio.com/ak35repair1.html" "Mozilla/5.0 (iPhone; CPU iPhone OS 13_7 like Mac OS X) AppleWebKit/605.1.15 (KHTML, like Gecko) GSA/123.4.330040034 Mobile/15E148 Safari/604.1"
174.252.193.116 - - [10/Sep/2020:06:08:52 -0400] "GET /scripts/photoalbum.js HTTP/1.0" 200 62481 "http://www.pharoahaudio.com/ak35repair1.html" "Mozilla/5.0 (iPhone; CPU iPhone OS 13_7 like Mac OS X) AppleWebKit/605.1.15 (KHTML, like Gecko) GSA/123.4.330040034 Mobile/15E148 Safari/604.1"
174.252.193.116 - - [10/Sep/2020:06:08:53 -0400] "GET /scripts/icwebsiteelement.css HTTP/1.0" 200 8132 "http://www.pharoahaudio.com/ak35repair1.html" "Mozilla/5.0 (iPhone; CPU iPhone OS 13_7 like Mac OS X) AppleWebKit/605.1.15 (KHTML, like Gecko) GSA/123.4.330040034 Mobile/15E148 Safari/604.1"
174.252.193.116 - - [10/Sep/2020:06:11:20 -0400] "GET /scripts/526521.css HTTP/1.0" 200 102 "http://www.pharoahaudio.com/ak35repair2.html" "Mozilla/5.0 (iPhone; CPU iPhone OS 13_7 like Mac OS X) AppleWebKit/605.1.15 (KHTML, like Gecko) GSA/123.4.330040034 Mobile/15E148 Safari/604.1"
174.252.193.116 - - [10/Sep/2020:06:11:20 -0400] "GET /images/468_AK35_plate_bypass_cap.jpg HTTP/1.0" 200 37920 "http://www.pharoahaudio.com/ak35repair2.html" "Mozilla/5.0 (iPhone; CPU iPhone OS 13_7 like Mac OS X) AppleWebKit/605.1.15 (KHTML, like Gecko) GSA/123.4.330040034 Mobile/15E148 Safari/604.1"
174.252.193.116 - - [10/Sep/2020:06:13:23 -0400] "GET /images/448_AK35_grid_leak_repair_hilite.JPG HTTP/1.0" 200 27097 "http://www.pharoahaudio.com/ak35repair3.html" "Mozilla/5.0 (iPhone; CPU iPhone OS 13_7 like Mac OS X) AppleWebKit/605.1.15 (KHTML, like Gecko) GSA/123.4.330040034 Mobile/15E148 Safari/604.1"
174.252.193.116 - - [10/Sep/2020:06:16:46 -0400] "GET /images/448_AK35_RF3_new_primary_CU.JPG HTTP/1.0" 200 23972 "http://www.pharoahaudio.com/ak35repair4.html" "Mozilla/5.0 (iPhone; CPU iPhone OS 13_7 like Mac OS X) AppleWebKit/605.1.15 (KHTML, like Gecko) GSA/123.4.330040034 Mobile/15E148 Safari/604.1"
40.77.167.215 - - [10/Sep/2020:06:17:48 -0400] "GET /images/Syncheck3_Manuel_utilisateur_v1-01_fr.pdf HTTP/1.0" 200 269104 "-" "Mozilla/5.0 (compatible; bingbot/2.0; +http://www.bing.com/bingbot.htm)"
174.252.193.116 - - [10/Sep/2020:06:19:51 -0400] "GET /scripts/526525custom.css HTTP/1.0" 200 2830 "http://www.pharoahaudio.com/ak35repair5.html" "Mozilla/5.0 (iPhone; CPU iPhone OS 13_7 like Mac OS X) AppleWebKit/605.1.15 (KHTML, like Gecko) GSA/123.4.330040034 Mobile/15E148 Safari/604.1"
174.252.193.116 - - [10/Sep/2020:06:24:29 -0400] "GET /images/170_AK55C_refinished_front.JPG HTTP/1.0" 200 7480 "http://www.pharoahaudio.com/yeolderadiomuseum.html" "Mozilla/5.0 (iPhone; CPU iPhone OS 13_7 like Mac OS X) AppleWebKit/605.1.15 (KHTML, like Gecko) GSA/123.4.330040034 Mobile/15E148 Safari/604.1"
174.252.193.116 - - [10/Sep/2020:06:24:29 -0400] "GET /images/181_T1_tweeter_unopened.jpg HTTP/1.0" 200 8783 "http://www.pharoahaudio.com/yeolderadiomuseum.html" "Mozilla/5.0 (iPhone; CPU iPhone OS 13_7 like Mac OS X) AppleWebKit/605.1.15 (KHTML, like Gecko) GSA/123.4.330040034 Mobile/15E148 Safari/604.1"
91.155.2.238 - - [10/Sep/2020:06:24:45 -0400] "GET /favicon.ico HTTP/1.0" 404 575 "-" "Safari/14607.3.9 CFNetwork/978.0.7 Darwin/18.7.0 (x86_64)"
174.252.193.116 - - [10/Sep/2020:06:24:52 -0400] "GET /images/431_T1b_front_grill_tab_and_holesjpg.JPG HTTP/1.0" 200 37216 "http://www.pharoahaudio.com/tweeterfixpart1.html" "Mozilla/5.0 (iPhone; CPU iPhone OS 13_7 like Mac OS X) AppleWebKit/605.1.15 (KHTML, like Gecko) GSA/123.4.330040034 Mobile/15E148 Safari/604.1"
54.36.148.82 - - [10/Sep/2020:06:37:57 -0400] "GET /images/Weir_Garcia.mp3 HTTP/1.0" 200 5890568 "-" "Mozilla/5.0 (compatible; AhrefsBot/7.0; +http://ahrefs.com/robot/)"
66.249.66.60 - - [10/Sep/2020:06:45:15 -0400] "GET /images/Syncheck3_user_manual_v1.01.pdf HTTP/1.0" 200 323329 "-" "Mozilla/5.0 (Linux; Android 6.0.1; Nexus 5X Build/MMB29P) AppleWebKit/537.36 (KHTML, like Gecko) Chrome/80.0.3987.92 Mobile Safari/537.36 (compatible; Googlebot/2.1; +http://www.google.com/bot.html)"
114.119.158.113 - - [10/Sep/2020:07:25:05 -0400] "GET /radiola26part6.html HTTP/1.0" 200 25910 "-" "Mozilla/5.0 (Linux; Android 7.0;) AppleWebKit/537.36 (KHTML, like Gecko) Mobile Safari/537.36 (compatible; PetalBot;+http://aspiegel.com/petalbot)"
81.111.177.227 - - [10/Sep/2020:07:28:28 -0400] "GET /apple-touch-icon.png HTTP/1.0" 404 575 "-" "Safari/14609.3.5.1.5 CFNetwork/978.4 Darwin/18.7.0 (x86_64)"
81.111.177.227 - - [10/Sep/2020:07:28:28 -0400] "GET /favicon.ico HTTP/1.0" 404 575 "-" "Safari/14609.3.5.1.5 CFNetwork/978.4 Darwin/18.7.0 (x86_64)"
99.161.83.138 - - [10/Sep/2020:07:41:40 -0400] "GET /apple-touch-icon-152x152.png HTTP/1.0" 404 575 "-" "MobileSafari/604.1 CFNetwork/978.0.7 Darwin/18.7.0"
99.161.83.138 - - [10/Sep/2020:07:41:41 -0400] "GET /apple-touch-icon.png HTTP/1.0" 404 575 "-" "MobileSafari/604.1 CFNetwork/978.0.7 Darwin/18.7.0"
91.155.2.238 - - [10/Sep/2020:07:47:19 -0400] "GET /favicon.ico HTTP/1.0" 404 575 "-" "Safari/14607.3.9 CFNetwork/978.0.7 Darwin/18.7.0 (x86_64)"
91.155.2.238 - - [10/Sep/2020:07:47:20 -0400] "GET /apple-touch-icon-precomposed.png HTTP/1.0" 404 575 "-" "Safari/14607.3.9 CFNetwork/978.0.7 Darwin/18.7.0 (x86_64)"
91.155.2.238 - - [10/Sep/2020:07:47:20 -0400] "GET /apple-touch-icon-precomposed.png HTTP/1.0" 404 575 "-" "Safari/14607.3.9 CFNetwork/978.0.7 Darwin/18.7.0 (x86_64)"
5.9.141.8 - - [10/Sep/2020:08:14:14 -0400] "GET /ac55cpart5.html HTTP/1.0" 200 21208 "-" "Mozilla/5.0 (compatible; MJ12bot/v1.4.8; http://mj12bot.com/)"
5.9.141.8 - - [10/Sep/2020:08:14:23 -0400] "GET /ak35repair3.html HTTP/1.0" 200 19856 "-" "Mozilla/5.0 (compatible; MJ12bot/v1.4.8; http://mj12bot.com/)"
5.9.141.8 - - [10/Sep/2020:08:14:39 -0400] "GET /ak55cpart3.html HTTP/1.0" 200 19147 "-" "Mozilla/5.0 (compatible; MJ12bot/v1.4.8; http://mj12bot.com/)"
5.9.141.8 - - [10/Sep/2020:08:15:00 -0400] "GET /dvd.html HTTP/1.0" 200 9390 "-" "Mozilla/5.0 (compatible; MJ12bot/v1.4.8; http://mj12bot.com/)"
5.9.141.8 - - [10/Sep/2020:08:15:16 -0400] "GET /legacyproductinformatio/syncheckii.html HTTP/1.0" 200 18431 "-" "Mozilla/5.0 (compatible; MJ12bot/v1.4.8; http://mj12bot.com/)"
5.9.141.8 - - [10/Sep/2020:08:15:44 -0400] "GET /radiola26part2.html HTTP/1.0" 200 25864 "-" "Mozilla/5.0 (compatible; MJ12bot/v1.4.8; http://mj12bot.com/)"
5.9.141.8 - - [10/Sep/2020:08:16:06 -0400] "GET /richworks.html HTTP/1.0" 200 13185 "-" "Mozilla/5.0 (compatible; MJ12bot/v1.4.8; http://mj12bot.com/)"
5.9.141.8 - - [10/Sep/2020:08:16:37 -0400] "GET /ak35repair3.html HTTP/1.0" 200 19856 "-" "Mozilla/5.0 (compatible; MJ12bot/v1.4.8; http://mj12bot.com/)"
5.9.141.8 - - [10/Sep/2020:08:17:03 -0400] "GET /brokenlink.html HTTP/1.0" 200 6502 "-" "Mozilla/5.0 (compatible; MJ12bot/v1.4.8; http://mj12bot.com/)"
5.9.141.8 - - [10/Sep/2020:08:17:08 -0400] "GET /contact.html HTTP/1.0" 200 8375 "-" "Mozilla/5.0 (compatible; MJ12bot/v1.4.8; http://mj12bot.com/)"
54.36.148.192 - - [10/Sep/2020:09:28:22 -0400] "GET /radiola26part1.html HTTP/1.0" 200 17612 "-" "Mozilla/5.0 (compatible; AhrefsBot/7.0; +http://ahrefs.com/robot/)"
222.163.219.146 - - [10/Sep/2020:09:33:52 -0400] "GET /convert/index.php?a=config&source=d7.2_x2.0 HTTP/1.0" 404 575 "-" "Mozilla/4.0 (compatible; MSIE 6.0; Windows NT 5.1; SV1)"
222.163.219.146 - - [10/Sep/2020:09:34:03 -0400] "GET /FCKeditor/editor/filemanager/connectors/php/connector.php HTTP/1.0" 404 575 "-" "Mozilla/4.0 (compatible; MSIE 6.0; Windows NT 5.1; SV1)"
222.163.219.146 - - [10/Sep/2020:09:34:03 -0400] "GET /FCKeditor/editor/filemanager/browser/default/connectors/php/connector.php HTTP/1.0" 404 575 "-" "Mozilla/4.0 (compatible; MSIE 6.0; Windows NT 5.1; SV1)"
222.163.219.146 - - [10/Sep/2020:09:34:05 -0400] "GET /FCKeditor/editor/filemanager/browser/default/connectors/asp/connector.asp HTTP/1.0" 404 575 "-" "Mozilla/4.0 (compatible; MSIE 6.0; Windows NT 5.1; SV1)"
222.163.219.146 - - [10/Sep/2020:09:34:14 -0400] "GET /admin/FCKeditor/editor/filemanager/browser/default/connectors/php/connector.php HTTP/1.0" 404 575 "-" "Mozilla/4.0 (compatible; MSIE 6.0; Windows NT 5.1; SV1)"
222.163.219.146 - - [10/Sep/2020:09:34:20 -0400] "GET /editor/editor/filemanager/connectors/php/connector.php HTTP/1.0" 404 575 "-" "Mozilla/4.0 (compatible; MSIE 6.0; Windows NT 5.1; SV1)"
66.249.66.62 - - [10/Sep/2020:09:44:10 -0400] "GET /ads.txt HTTP/1.0" 404 575 "-" "Mozilla/5.0 (compatible; Googlebot/2.1; +http://www.google.com/bot.html)"
90.231.98.16 - - [10/Sep/2020:09:57:13 -0400] "GET /apple-touch-icon-152x152-precomposed.png HTTP/1.0" 404 575 "-" "MobileSafari/604.1 CFNetwork/978.0.7 Darwin/18.7.0"
90.231.98.16 - - [10/Sep/2020:09:57:13 -0400] "GET /apple-touch-icon-precomposed.png HTTP/1.0" 404 575 "-" "MobileSafari/604.1 CFNetwork/978.0.7 Darwin/18.7.0"
90.231.98.16 - - [10/Sep/2020:09:58:24 -0400] "GET /apple-touch-icon.png HTTP/1.0" 404 575 "-" "MobileSafari/604.1 CFNetwork/978.0.7 Darwin/18.7.0"
90.231.98.16 - - [10/Sep/2020:09:58:25 -0400] "GET /apple-touch-icon-precomposed.png HTTP/1.0" 404 575 "-" "MobileSafari/604.1 CFNetwork/978.0.7 Darwin/18.7.0"
92.40.171.37 - - [10/Sep/2020:10:08:16 -0400] "GET /images/431_T1b_front_grill_tab_and_holesjpg.JPG HTTP/1.0" 200 37216 "http://www.pharoahaudio.com/tweeterfixpart1.html" "Mozilla/5.0 (Windows NT 10.0; Win64; x64) AppleWebKit/537.36 (KHTML, like Gecko) Chrome/84.0.4147.135 Safari/537.36"
92.40.171.37 - - [10/Sep/2020:10:08:16 -0400] "GET /images/ic_002_banner_bg_wide.jpg HTTP/1.0" 200 5805 "http://www.pharoahaudio.com/scripts/template.css" "Mozilla/5.0 (Windows NT 10.0; Win64; x64) AppleWebKit/537.36 (KHTML, like Gecko) Chrome/84.0.4147.135 Safari/537.36"
92.40.171.37 - - [10/Sep/2020:10:08:16 -0400] "GET /favicon.ico HTTP/1.0" 404 575 "http://www.pharoahaudio.com/tweeterfixpart1.html" "Mozilla/5.0 (Windows NT 10.0; Win64; x64) AppleWebKit/537.36 (KHTML, like Gecko) Chrome/84.0.4147.135 Safari/537.36"
93.158.161.49 - - [10/Sep/2020:10:20:37 -0400] "GET /robots.txt HTTP/1.0" 200 25 "-" "Mozilla/5.0 (compatible; YandexBot/3.0; +http://yandex.com/bots)"
114.119.134.9 - - [10/Sep/2020:11:02:56 -0400] "GET /soundhomepage/videoclips.html HTTP/1.0" 200 20868 "-" "Mozilla/5.0 (Linux; Android 7.0;) AppleWebKit/537.36 (KHTML, like Gecko) Mobile Safari/537.36 (compatible; PetalBot;+http://aspiegel.com/petalbot)"
114.119.131.112 - - [10/Sep/2020:11:39:06 -0400] "GET /ak55cpart3.html HTTP/1.0" 200 19147 "-" "Mozilla/5.0 (Linux; Android 7.0;) AppleWebKit/537.36 (KHTML, like Gecko) Mobile Safari/537.36 (compatible; PetalBot;+http://aspiegel.com/petalbot)"
65.35.24.30 - - [10/Sep/2020:11:47:14 -0400] "GET /tweeterfixpart1.html HTTP/1.0" 200 16188 "-" "Mozilla/5.0 (iPad; CPU OS 12_4_8 like Mac OS X) AppleWebKit/605.1.15 (KHTML, like Gecko) Version/12.1.2 Mobile/15E148 Safari/604.1"
65.35.24.30 - - [10/Sep/2020:11:47:14 -0400] "GET /apple-touch-icon-152x152-precomposed.png HTTP/1.0" 404 575 "-" "MobileSafari/604.1 CFNetwork/978.0.7 Darwin/18.7.0"
65.35.24.30 - - [10/Sep/2020:11:47:14 -0400] "GET /apple-touch-icon-152x152.png HTTP/1.0" 404 575 "-" "MobileSafari/604.1 CFNetwork/978.0.7 Darwin/18.7.0"
65.35.24.30 - - [10/Sep/2020:11:47:15 -0400] "GET /favicon.ico HTTP/1.0" 404 575 "-" "MobileSafari/604.1 CFNetwork/978.0.7 Darwin/18.7.0"
65.35.24.30 - - [10/Sep/2020:11:47:15 -0400] "GET /apple-touch-icon-152x152-precomposed.png HTTP/1.0" 404 575 "-" "MobileSafari/604.1 CFNetwork/978.0.7 Darwin/18.7.0"
65.35.24.30 - - [10/Sep/2020:11:47:15 -0400] "GET /apple-touch-icon-152x152.png HTTP/1.0" 404 575 "-" "MobileSafari/604.1 CFNetwork/978.0.7 Darwin/18.7.0"
65.35.24.30 - - [10/Sep/2020:11:47:15 -0400] "GET /favicon.ico HTTP/1.0" 404 575 "-" "MobileSafari/604.1 CFNetwork/978.0.7 Darwin/18.7.0"
34.242.245.76 - - [10/Sep/2020:12:04:30 -0400] "GET /soundhomepage/audioclips.html HTTP/1.0" 200 15584 "-" "Mozilla/5.0 (Windows NT 6.2; WOW64)"
83.30.114.152 - - [10/Sep/2020:12:17:44 -0400] "GET /ak35repair1.html HTTP/1.0" 200 16494 "https://www.google.com/" "Mozilla/5.0 (Windows NT 10.0; Win64; x64) AppleWebKit/537.36 (KHTML, like Gecko) Chrome/84.0.4147.135 Safari/537.36 OPR/70.0.3728.154"
83.30.114.152 - - [10/Sep/2020:12:17:45 -0400] "GET /scripts/icwebsiteelement.css HTTP/1.0" 200 8132 "http://www.pharoahaudio.com/ak35repair1.html" "Mozilla/5.0 (Windows NT 10.0; Win64; x64) AppleWebKit/537.36 (KHTML, like Gecko) Chrome/84.0.4147.135 Safari/537.36 OPR/70.0.3728.154"
83.30.114.152 - - [10/Sep/2020:12:17:45 -0400] "GET /images/hand_left_blue.gif HTTP/1.0" 200 932 "http://www.pharoahaudio.com/ak35repair1.html" "Mozilla/5.0 (Windows NT 10.0; Win64; x64) AppleWebKit/537.36 (KHTML, like Gecko) Chrome/84.0.4147.135 Safari/537.36 OPR/70.0.3728.154"
83.30.114.152 - - [10/Sep/2020:12:17:46 -0400] "GET /favicon.ico HTTP/1.0" 404 575 "http://www.pharoahaudio.com/ak35repair1.html" "Mozilla/5.0 (Windows NT 10.0; Win64; x64) AppleWebKit/537.36 (KHTML, like Gecko) Chrome/84.0.4147.135 Safari/537.36 OPR/70.0.3728.154"
83.30.114.152 - - [10/Sep/2020:12:20:31 -0400] "GET /ak35repair2.html HTTP/1.0" 200 20149 "http://www.pharoahaudio.com/ak35repair1.html" "Mozilla/5.0 (Windows NT 10.0; Win64; x64) AppleWebKit/537.36 (KHTML, like Gecko) Chrome/84.0.4147.135 Safari/537.36 OPR/70.0.3728.154"
83.30.114.152 - - [10/Sep/2020:12:20:31 -0400] "GET /scripts/526521.css HTTP/1.0" 200 102 "http://www.pharoahaudio.com/ak35repair2.html" "Mozilla/5.0 (Windows NT 10.0; Win64; x64) AppleWebKit/537.36 (KHTML, like Gecko) Chrome/84.0.4147.135 Safari/537.36 OPR/70.0.3728.154"
83.30.114.152 - - [10/Sep/2020:12:20:32 -0400] "GET /images/428_AK35_varicap_rust.jpg HTTP/1.0" 200 36208 "http://www.pharoahaudio.com/ak35repair2.html" "Mozilla/5.0 (Windows NT 10.0; Win64; x64) AppleWebKit/537.36 (KHTML, like Gecko) Chrome/84.0.4147.135 Safari/537.36 OPR/70.0.3728.154"
83.30.114.152 - - [10/Sep/2020:12:20:46 -0400] "GET /ak35repair4.html HTTP/1.0" 200 19878 "http://www.pharoahaudio.com/ak35repair3.html" "Mozilla/5.0 (Windows NT 10.0; Win64; x64) AppleWebKit/537.36 (KHTML, like Gecko) Chrome/84.0.4147.135 Safari/537.36 OPR/70.0.3728.154"
83.30.114.152 - - [10/Sep/2020:12:20:54 -0400] "GET /images/550_AK_ship_logo1_CC.jpg HTTP/1.0" 200 62847 "http://www.pharoahaudio.com/ak35repair5.html" "Mozilla/5.0 (Windows NT 10.0; Win64; x64) AppleWebKit/537.36 (KHTML, like Gecko) Chrome/84.0.4147.135 Safari/537.36 OPR/70.0.3728.154"
73.233.7.34 - - [10/Sep/2020:12:49:54 -0400] "GET /tweeterfixpart1.html HTTP/1.0" 200 16188 "https://www.google.com/" "Mozilla/5.0 (Linux; Android 9; moto g(6)) AppleWebKit/537.36 (KHTML, like Gecko) Chrome/85.0.4183.81 Mobile Safari/537.36"
73.233.7.34 - - [10/Sep/2020:12:49:55 -0400] "GET /scripts/ic_globals_published.js HTTP/1.0" 200 566 "http://www.pharoahaudio.com/tweeterfixpart1.html" "Mozilla/5.0 (Linux; Android 9; moto g(6)) AppleWebKit/537.36 (KHTML, like Gecko) Chrome/85.0.4183.81 Mobile Safari/537.36"
73.233.7.34 - - [10/Sep/2020:12:49:55 -0400] "GET /scripts/icwebsiteelement.css HTTP/1.0" 200 8132 "http://www.pharoahaudio.com/tweeterfixpart1.html" "Mozilla/5.0 (Linux; Android 9; moto g(6)) AppleWebKit/537.36 (KHTML, like Gecko) Chrome/85.0.4183.81 Mobile Safari/537.36"
73.233.7.34 - - [10/Sep/2020:12:49:55 -0400] "GET /images/540_T1_tweeter_unopened.jpg HTTP/1.0" 200 56975 "http://www.pharoahaudio.com/tweeterfixpart1.html" "Mozilla/5.0 (Linux; Android 9; moto g(6)) AppleWebKit/537.36 (KHTML, like Gecko) Chrome/85.0.4183.81 Mobile Safari/537.36"
73.233.7.34 - - [10/Sep/2020:12:49:56 -0400] "GET /favicon.ico HTTP/1.0" 404 575 "http://www.pharoahaudio.com/tweeterfixpart1.html" "Mozilla/5.0 (Linux; Android 9; moto g(6)) AppleWebKit/537.36 (KHTML, like Gecko) Chrome/85.0.4183.81 Mobile Safari/537.36"
73.233.7.34 - - [10/Sep/2020:12:53:19 -0400] "GET /images/432_T3_strip_damage.jpg HTTP/1.0" 200 24797 "http://www.pharoahaudio.com/tweeterfixpart2.html" "Mozilla/5.0 (Linux; Android 9; moto g(6)) AppleWebKit/537.36 (KHTML, like Gecko) Chrome/85.0.4183.81 Mobile Safari/537.36"
73.233.7.34 - - [10/Sep/2020:12:53:19 -0400] "GET /images/432_T7_fingerprints.jpg HTTP/1.0" 200 21034 "-" "Mozilla/5.0 (Linux; Android 9; moto g(6)) AppleWebKit/537.36 (KHTML, like Gecko) Chrome/85.0.4183.81 Mobile Safari/537.36"
73.233.7.34 - - [10/Sep/2020:12:53:21 -0400] "GET /images/432_T14_new_contact.jpg HTTP/1.0" 200 20791 "http://www.pharoahaudio.com/tweeterfixpart4.html" "Mozilla/5.0 (Linux; Android 9; moto g(6)) AppleWebKit/537.36 (KHTML, like Gecko) Chrome/85.0.4183.81 Mobile Safari/537.36"
54.36.148.202 - - [10/Sep/2020:14:04:41 -0400] "GET /tweeterfixpart1.html HTTP/1.0" 200 16188 "-" "Mozilla/5.0 (compatible; AhrefsBot/7.0; +http://ahrefs.com/robot/)"
65.35.24.30 - - [10/Sep/2020:14:21:45 -0400] "GET /tweeterfixpart1.html HTTP/1.0" 200 16188 "-" "Mozilla/5.0 (iPad; CPU OS 12_4_8 like Mac OS X) AppleWebKit/605.1.15 (KHTML, like Gecko) Version/12.1.2 Mobile/15E148 Safari/604.1"
65.35.24.30 - - [10/Sep/2020:14:21:45 -0400] "GET /apple-touch-icon-152x152-precomposed.png HTTP/1.0" 404 575 "-" "MobileSafari/604.1 CFNetwork/978.0.7 Darwin/18.7.0"
65.35.24.30 - - [10/Sep/2020:14:21:46 -0400] "GET /favicon.ico HTTP/1.0" 404 575 "-" "MobileSafari/604.1 CFNetwork/978.0.7 Darwin/18.7.0"
65.35.24.30 - - [10/Sep/2020:14:21:46 -0400] "GET /apple-touch-icon-152x152.png HTTP/1.0" 404 575 "-" "MobileSafari/604.1 CFNetwork/978.0.7 Darwin/18.7.0"
65.35.24.30 - - [10/Sep/2020:14:21:46 -0400] "GET /apple-touch-icon.png HTTP/1.0" 404 575 "-" "MobileSafari/604.1 CFNetwork/978.0.7 Darwin/18.7.0"
54.36.185.102 - - [10/Sep/2020:14:22:54 -0400] "GET /.svn/entries HTTP/1.0" 404 575 "-" "Python-urllib/3.7"
40.77.167.215 - - [10/Sep/2020:14:25:38 -0400] "GET /legacyproductinformatio/originalsyncheck.html HTTP/1.0" 200 14586 "-" "Mozilla/5.0 (compatible; bingbot/2.0; +http://www.bing.com/bingbot.htm)"
193.81.224.246 - - [10/Sep/2020:15:08:01 -0400] "GET /apple-touch-icon-precomposed.png HTTP/1.0" 404 575 "-" "MobileSafari/604.1 CFNetwork/1125.2 Darwin/19.4.0"
193.81.224.246 - - [10/Sep/2020:15:08:02 -0400] "GET /favicon.ico HTTP/1.0" 404 575 "-" "MobileSafari/604.1 CFNetwork/1125.2 Darwin/19.4.0"
114.119.145.239 - - [10/Sep/2020:15:09:19 -0400] "GET /tweeterfixpart2.html HTTP/1.0" 200 17379 "-" "Mozilla/5.0 (Linux; Android 7.0;) AppleWebKit/537.36 (KHTML, like Gecko) Mobile Safari/537.36 (compatible; PetalBot;+http://aspiegel.com/petalbot)"
114.119.145.239 - - [10/Sep/2020:16:04:11 -0400] "GET /radiola26part7.html HTTP/1.0" 200 23612 "-" "Mozilla/5.0 (Linux; Android 7.0;) AppleWebKit/537.36 (KHTML, like Gecko) Mobile Safari/537.36 (compatible; PetalBot;+http://aspiegel.com/petalbot)"
99.42.8.157 - - [10/Sep/2020:16:43:27 -0400] "GET /scripts/ic_globals_published.js HTTP/1.0" 200 566 "http://www.pharoahaudio.com/synchecklegacy/originalsyncheck.html" "Mozilla/5.0 (Macintosh; Intel Mac OS X 10_15_6) AppleWebKit/605.1.15 (KHTML, like Gecko) Version/13.1.2 Safari/605.1.15"
99.42.8.157 - - [10/Sep/2020:16:43:27 -0400] "GET /scripts/website.css HTTP/1.0" 200 1801 "http://www.pharoahaudio.com/synchecklegacy/originalsyncheck.html" "Mozilla/5.0 (Macintosh; Intel Mac OS X 10_15_6) AppleWebKit/605.1.15 (KHTML, like Gecko) Version/13.1.2 Safari/605.1.15"
99.42.8.157 - - [10/Sep/2020:16:43:27 -0400] "GET /scripts/icwebsiteelement.css HTTP/1.0" 200 8132 "http://www.pharoahaudio.com/synchecklegacy/originalsyncheck.html" "Mozilla/5.0 (Macintosh; Intel Mac OS X 10_15_6) AppleWebKit/605.1.15 (KHTML, like Gecko) Version/13.1.2 Safari/605.1.15"
83.95.177.182 - - [10/Sep/2020:16:51:34 -0400] "GET /favicon.ico HTTP/1.0" 404 575 "-" "Safari/14607.3.9 CFNetwork/978.0.7 Darwin/18.7.0 (x86_64)"
83.95.177.182 - - [10/Sep/2020:16:51:36 -0400] "GET /apple-touch-icon-precomposed.png HTTP/1.0" 404 575 "-" "Safari/14607.3.9 CFNetwork/978.0.7 Darwin/18.7.0 (x86_64)"
83.95.177.182 - - [10/Sep/2020:16:51:36 -0400] "GET /apple-touch-icon.png HTTP/1.0" 404 575 "-" "Safari/14607.3.9 CFNetwork/978.0.7 Darwin/18.7.0 (x86_64)"
54.36.149.12 - - [10/Sep/2020:16:51:37 -0400] "GET /radiola26part4.html HTTP/1.0" 200 24417 "-" "Mozilla/5.0 (compatible; AhrefsBot/7.0; +http://ahrefs.com/robot/)"
83.95.177.182 - - [10/Sep/2020:17:06:01 -0400] "GET /apple-touch-icon.png HTTP/1.0" 404 575 "-" "Safari/14607.3.9 CFNetwork/978.0.7 Darwin/18.7.0 (x86_64)"
83.95.177.182 - - [10/Sep/2020:17:06:01 -0400] "GET /favicon.ico HTTP/1.0" 404 575 "-" "Safari/14607.3.9 CFNetwork/978.0.7 Darwin/18.7.0 (x86_64)"
205.240.66.94 - - [10/Sep/2020:17:50:01 -0400] "GET /apple-touch-icon-precomposed.png HTTP/1.0" 404 575 "-" "MobileSafari/604.1 CFNetwork/978.0.7 Darwin/18.7.0"
66.160.143.139 - - [10/Sep/2020:17:52:55 -0400] "GET /scripts/print.css HTTP/1.0" 200 11209 "http://www.pharoahaudio.com/synchecklegacy/originalsyncheck.html" "Mozilla/5.0 (Windows NT 6.3; Win64; x64) AppleWebKit/537.36 (KHTML, like Gecko) Chrome/85.0.4183.102 Safari/537.36"
66.160.143.139 - - [10/Sep/2020:17:52:55 -0400] "GET /images/ic_002_banner_bg_wide.jpg HTTP/1.0" 200 5805 "http://www.pharoahaudio.com/scripts/template.css" "Mozilla/5.0 (Windows NT 6.3; Win64; x64) AppleWebKit/537.36 (KHTML, like Gecko) Chrome/85.0.4183.102 Safari/537.36"
66.160.143.139 - - [10/Sep/2020:18:04:31 -0400] "GET /ptvideosyncstudy.html HTTP/1.0" 200 39523 "http://www.pharoahaudio.com/synchecklegacy/originalsyncheck.html" "Mozilla/5.0 (Windows NT 6.3; Win64; x64) AppleWebKit/537.36 (KHTML, like Gecko) Chrome/85.0.4183.102 Safari/537.36"
66.160.143.139 - - [10/Sep/2020:18:04:35 -0400] "GET /scripts/526496.css HTTP/1.0" 200 102 "http://www.pharoahaudio.com/yeolderadiomuseum.html" "Mozilla/5.0 (Windows NT 6.3; Win64; x64) AppleWebKit/537.36 (KHTML, like Gecko) Chrome/85.0.4183.102 Safari/537.36"
54.36.149.12 - - [10/Sep/2020:18:05:59 -0400] "GET /radiola26part7.html HTTP/1.0" 200 23612 "-" "Mozilla/5.0 (compatible; AhrefsBot/7.0; +http://ahrefs.com/robot/)"
205.240.66.94 - - [10/Sep/2020:18:30:16 -0400] "GET /apple-touch-icon-152x152-precomposed.png HTTP/1.0" 404 575 "-" "MobileSafari/604.1 CFNetwork/978.0.7 Darwin/18.7.0"
205.240.66.94 - - [10/Sep/2020:18:30:17 -0400] "GET /favicon.ico HTTP/1.0" 404 575 "-" "MobileSafari/604.1 CFNetwork/978.0.7 Darwin/18.7.0"
114.119.156.102 - - [10/Sep/2020:18:56:07 -0400] "GET /synchecklegacy/syncheckii.html HTTP/1.0" 200 16486 "-" "Mozilla/5.0 (Linux; Android 7.0;) AppleWebKit/537.36 (KHTML, like Gecko) Mobile Safari/537.36 (compatible; PetalBot;+http://aspiegel.com/petalbot)"
206.116.192.217 - - [10/Sep/2020:18:57:35 -0400] "GET /scripts/526543.css HTTP/1.0" 200 102 "http://www.pharoahaudio.com/tweeterfixpart2.html" "Mozilla/5.0 (Windows NT 10.0; WOW64; rv:68.0) Gecko/20100101 Firefox/68.0"
206.116.192.217 - - [10/Sep/2020:18:59:17 -0400] "GET /scripts/526544.css HTTP/1.0" 200 102 "http://www.pharoahaudio.com/tweeterfixpart3.html" "Mozilla/5.0 (Windows NT 10.0; WOW64; rv:68.0) Gecko/20100101 Firefox/68.0"
206.116.192.217 - - [10/Sep/2020:18:59:17 -0400] "GET /scripts/526544custom.css HTTP/1.0" 200 2151 "http://www.pharoahaudio.com/tweeterfixpart3.html" "Mozilla/5.0 (Windows NT 10.0; WOW64; rv:68.0) Gecko/20100101 Firefox/68.0"
206.116.192.217 - - [10/Sep/2020:19:00:03 -0400] "GET /scripts/526545.css HTTP/1.0" 200 102 "http://www.pharoahaudio.com/tweeterfixpart4.html" "Mozilla/5.0 (Windows NT 10.0; WOW64; rv:68.0) Gecko/20100101 Firefox/68.0"
66.249.66.58 - - [10/Sep/2020:19:33:14 -0400] "GET /tweeterfixpart4.html HTTP/1.0" 200 15212 "-" "Mozilla/5.0 (compatible; Googlebot/2.1; +http://www.google.com/bot.html)"
66.249.66.60 - - [10/Sep/2020:19:33:45 -0400] "GET /scripts/526545.css HTTP/1.0" 200 102 "http://www.pharoahaudio.com/tweeterfixpart4.html" "Mozilla/5.0 AppleWebKit/537.36 (KHTML, like Gecko; compatible; Googlebot/2.1; +http://www.google.com/bot.html) Chrome/85.0.4183.105 Safari/537.36"
77.75.77.36 - - [10/Sep/2020:19:37:27 -0400] "GET /robots.txt HTTP/1.0" 200 25 "-" "Mozilla/5.0 (compatible; SeznamBot/3.2; +http://napoveda.seznam.cz/en/seznambot-intro/)"
77.75.77.36 - - [10/Sep/2020:19:37:34 -0400] "GET /images/Valkyries_web.mov HTTP/1.0" 200 23223622 "-" "Mozilla/5.0 (compatible; SeznamBot/3.2; +http://napoveda.seznam.cz/en/seznambot-intro/)"
205.240.66.94 - - [10/Sep/2020:19:38:14 -0400] "GET /apple-touch-icon.png HTTP/1.0" 404 575 "-" "MobileSafari/604.1 CFNetwork/978.0.7 Darwin/18.7.0"
66.249.66.58 - - [10/Sep/2020:19:51:17 -0400] "GET /favicon.ico HTTP/1.0" 404 575 "-" "Googlebot-Image/1.0"
47.222.109.171 - - [10/Sep/2020:19:58:15 -0400] "GET /scripts/photoalbum.js HTTP/1.0" 200 62481 "http://www.pharoahaudio.com/" "Mozilla/5.0 (iPhone; CPU iPhone OS 13_6_1 like Mac OS X) AppleWebKit/605.1.15 (KHTML, like Gecko) Version/13.1.2 Mobile/15E148 Safari/604.1"
205.240.66.94 - - [10/Sep/2020:20:24:58 -0400] "GET /apple-touch-icon.png HTTP/1.0" 404 575 "-" "MobileSafari/604.1 CFNetwork/978.0.7 Darwin/18.7.0"
205.240.66.94 - - [10/Sep/2020:20:24:59 -0400] "GET /favicon.ico HTTP/1.0" 404 575 "-" "MobileSafari/604.1 CFNetwork/978.0.7 Darwin/18.7.0"
205.240.66.94 - - [10/Sep/2020:20:25:00 -0400] "GET /apple-touch-icon-152x152.png HTTP/1.0" 404 575 "-" "MobileSafari/604.1 CFNetwork/978.0.7 Darwin/18.7.0"
77.75.76.169 - - [10/Sep/2020:20:27:21 -0400] "GET /images/Radiola26_pencil_notes.pdf HTTP/1.0" 200 102479 "-" "Mozilla/5.0 (compatible; SeznamBot/3.2; +http://napoveda.seznam.cz/en/seznambot-intro/)"
114.119.129.2 - - [10/Sep/2020:20:42:19 -0400] "GET /syncheckproducthomepage.html HTTP/1.0" 404 575 "-" "Mozilla/5.0 (Linux; Android 7.0;) AppleWebKit/537.36 (KHTML, like Gecko) Mobile Safari/537.36 (compatible; PetalBot;+http://aspiegel.com/petalbot)"
205.240.66.94 - - [10/Sep/2020:20:57:22 -0400] "GET /ak35repair3.html HTTP/1.0" 200 19856 "-" "Mozilla/5.0 (iPad; CPU OS 12_4_1 like Mac OS X) AppleWebKit/605.1.15 (KHTML, like Gecko) Version/12.1.2 Mobile/15E148 Safari/604.1"
205.240.66.94 - - [10/Sep/2020:20:57:22 -0400] "GET /apple-touch-icon-152x152-precomposed.png HTTP/1.0" 404 575 "-" "MobileSafari/604.1 CFNetwork/978.0.7 Darwin/18.7.0"
205.240.66.94 - - [10/Sep/2020:20:57:23 -0400] "GET /apple-touch-icon-precomposed.png HTTP/1.0" 404 575 "-" "MobileSafari/604.1 CFNetwork/978.0.7 Darwin/18.7.0"
205.240.66.94 - - [10/Sep/2020:20:57:24 -0400] "GET /apple-touch-icon-152x152.png HTTP/1.0" 404 575 "-" "MobileSafari/604.1 CFNetwork/978.0.7 Darwin/18.7.0"
65.35.24.30 - - [10/Sep/2020:21:18:01 -0400] "GET /apple-touch-icon-152x152.png HTTP/1.0" 404 575 "-" "MobileSafari/604.1 CFNetwork/978.0.7 Darwin/18.7.0"
66.249.66.60 - - [10/Sep/2020:21:30:08 -0400] "GET /soundhomepage/audioclips.html HTTP/1.0" 200 15584 "-" "Mozilla/5.0 (Linux; Android 6.0.1; Nexus 5X Build/MMB29P) AppleWebKit/537.36 (KHTML, like Gecko) Chrome/80.0.3987.92 Mobile Safari/537.36 (compatible; Googlebot/2.1; +http://www.google.com/bot.html)"
77.75.76.166 - - [10/Sep/2020:21:30:52 -0400] "GET /robots.txt HTTP/1.0" 200 25 "-" "Mozilla/5.0 (compatible; SeznamBot/3.2; +http://napoveda.seznam.cz/en/seznambot-intro/)"
77.75.76.166 - - [10/Sep/2020:21:31:02 -0400] "GET /radiola26part6.html HTTP/1.0" 200 25910 "-" "Mozilla/5.0 (compatible; SeznamBot/3.2; +http://napoveda.seznam.cz/en/seznambot-intro/)"
71.213.153.74 - - [10/Sep/2020:21:44:04 -0400] "GET /scripts/526496.css HTTP/1.0" 200 102 "http://www.pharoahaudio.com/yeolderadiomuseum.html" "Mozilla/5.0 (Windows NT 10.0; WOW64) AppleWebKit/537.36 (KHTML, like Gecko) Chrome/79.0.3945.130 ADG/11.0.2793 Safari/537.36"
71.213.153.74 - - [10/Sep/2020:21:44:04 -0400] "GET /images/181_T1_tweeter_unopened.jpg HTTP/1.0" 200 8783 "http://www.pharoahaudio.com/yeolderadiomuseum.html" "Mozilla/5.0 (Windows NT 10.0; WOW64) AppleWebKit/537.36 (KHTML, like Gecko) Chrome/79.0.3945.130 ADG/11.0.2793 Safari/537.36"
205.240.66.94 - - [10/Sep/2020:21:57:50 -0400] "GET /apple-touch-icon-precomposed.png HTTP/1.0" 404 575 "-" "MobileSafari/604.1 CFNetwork/978.0.7 Darwin/18.7.0"
40.77.167.140 - - [10/Sep/2020:21:58:32 -0400] "GET /images/550_AK35_bottom_900.jpg HTTP/1.0" 200 29141 "-" "Mozilla/5.0 (compatible; bingbot/2.0; +http://www.bing.com/bingbot.htm)"
185.191.171.8 - - [10/Sep/2020:22:11:57 -0400] "GET /robots.txt HTTP/1.0" 200 25 "-" "Mozilla/5.0 (compatible; SemrushBot/6~bl; +http://www.semrush.com/bot.html)"
205.240.66.94 - - [10/Sep/2020:22:33:38 -0400] "GET /apple-touch-icon-precomposed.png HTTP/1.0" 404 575 "-" "MobileSafari/604.1 CFNetwork/978.0.7 Darwin/18.7.0"
54.36.148.106 - - [10/Sep/2020:22:43:07 -0400] "GET /radiola26part7.html HTTP/1.0" 200 23612 "-" "Mozilla/5.0 (compatible; AhrefsBot/7.0; +http://ahrefs.com/robot/)"
98.234.103.87 - - [10/Sep/2020:22:51:27 -0400] "GET /synchecklegacy.html HTTP/1.0" 200 16575 "-" "Mozilla/5.0 (Macintosh; Intel Mac OS X 10_14_6) AppleWebKit/605.1.15 (KHTML, like Gecko) Version/13.1.2 Safari/605.1.15"
98.234.103.87 - - [10/Sep/2020:22:51:28 -0400] "GET /images/80_SY3_tabletop2_straight.jpg HTTP/1.0" 200 3310 "http://www.pharoahaudio.com/synchecklegacy.html" "Mozilla/5.0 (Macintosh; Intel Mac OS X 10_14_6) AppleWebKit/605.1.15 (KHTML, like Gecko) Version/13.1.2 Safari/605.1.15"
98.234.103.87 - - [10/Sep/2020:22:51:28 -0400] "GET /images/100_SyncheckEMS_on_table.jpg HTTP/1.0" 200 2354 "http://www.pharoahaudio.com/synchecklegacy.html" "Mozilla/5.0 (Macintosh; Intel Mac OS X 10_14_6) AppleWebKit/605.1.15 (KHTML, like Gecko) Version/13.1.2 Safari/605.1.15"
98.234.103.87 - - [10/Sep/2020:22:51:28 -0400] "GET /scripts/print.css HTTP/1.0" 200 11209 "http://www.pharoahaudio.com/synchecklegacy.html" "Mozilla/5.0 (Macintosh; Intel Mac OS X 10_14_6) AppleWebKit/605.1.15 (KHTML, like Gecko) Version/13.1.2 Safari/605.1.15"
98.234.103.87 - - [10/Sep/2020:22:51:28 -0400] "GET /favicon.ico HTTP/1.0" 404 575 "http://www.pharoahaudio.com/synchecklegacy.html" "Mozilla/5.0 (Macintosh; Intel Mac OS X 10_14_6) AppleWebKit/605.1.15 (KHTML, like Gecko) Version/13.1.2 Safari/605.1.15"
66.249.66.60 - - [10/Sep/2020:23:00:14 -0400] "GET /synchecklegacy.html HTTP/1.0" 200 16575 "-" "Mozilla/5.0 (Linux; Android 6.0.1; Nexus 5X Build/MMB29P) AppleWebKit/537.36 (KHTML, like Gecko) Chrome/85.0.4183.97 Mobile Safari/537.36 (compatible; Googlebot/2.1; +http://www.google.com/bot.html)"
222.153.91.89 - - [10/Sep/2020:23:23:10 -0400] "GET /ak35repair1.html HTTP/1.0" 200 16494 "https://www.google.com/" "Mozilla/5.0 (Windows NT 10.0; Win64; x64) AppleWebKit/537.36 (KHTML, like Gecko) Chrome/84.0.4147.105 Safari/537.36"
222.153.91.89 - - [10/Sep/2020:23:23:10 -0400] "GET /scripts/ic_globals_published.js HTTP/1.0" 200 566 "http://www.pharoahaudio.com/ak35repair1.html" "Mozilla/5.0 (Windows NT 10.0; Win64; x64) AppleWebKit/537.36 (KHTML, like Gecko) Chrome/84.0.4147.105 Safari/537.36"
222.153.91.89 - - [10/Sep/2020:23:23:10 -0400] "GET /scripts/template.css HTTP/1.0" 200 11360 "http://www.pharoahaudio.com/ak35repair1.html" "Mozilla/5.0 (Windows NT 10.0; Win64; x64) AppleWebKit/537.36 (KHTML, like Gecko) Chrome/84.0.4147.105 Safari/537.36"
10.30.83.30 - - [10/Sep/2020:23:23:11 -0400] "GET /images/hand_left_blue.gif HTTP/1.0" 200 932 "http://www.pharoahaudio.com/ak35repair1.html" "Mozilla/5.0 (Windows NT 10.0; Win64; x64) AppleWebKit/537.36 (KHTML, like Gecko) Chrome/84.0.4147.105 Safari/537.36"
10.30.83.30 - - [10/Sep/2020:23:23:11 -0400] "GET /images/886_AK35_front_900_branded.jpg HTTP/1.0" 200 37924 "http://www.pharoahaudio.com/ak35repair1.html" "Mozilla/5.0 (Windows NT 10.0; Win64; x64) AppleWebKit/537.36 (KHTML, like Gecko) Chrome/84.0.4147.105 Safari/537.36"
222.153.91.89 - - [10/Sep/2020:23:23:11 -0400] "GET /images/50_hand-arrow-red-left.gif HTTP/1.0" 200 477 "http://www.pharoahaudio.com/ak35repair1.html" "Mozilla/5.0 (Windows NT 10.0; Win64; x64) AppleWebKit/537.36 (KHTML, like Gecko) Chrome/84.0.4147.105 Safari/537.36"
222.153.91.89 - - [10/Sep/2020:23:23:12 -0400] "GET /images/Majestic_reversed_for_pages.jpg HTTP/1.0" 200 6769 "http://www.pharoahaudio.com/scripts/526522.css" "Mozilla/5.0 (Windows NT 10.0; Win64; x64) AppleWebKit/537.36 (KHTML, like Gecko) Chrome/84.0.4147.105 Safari/537.36"
222.153.91.89 - - [10/Sep/2020:23:24:00 -0400] "GET /images/428_AK35_RF_section_unclean.JPG HTTP/1.0" 200 48507 "http://www.pharoahaudio.com/ak35repair2.html" "Mozilla/5.0 (Windows NT 10.0; Win64; x64) AppleWebKit/537.36 (KHTML, like Gecko) Chrome/84.0.4147.105 Safari/537.36"
222.153.91.89 - - [10/Sep/2020:23:24:19 -0400] "GET /images/600_AK35_front_900_branded.jpg HTTP/1.0" 200 21112 "http://www.pharoahaudio.com/ak35repair3.html" "Mozilla/5.0 (Windows NT 10.0; Win64; x64) AppleWebKit/537.36 (KHTML, like Gecko) Chrome/84.0.4147.105 Safari/537.36"
222.153.91.89 - - [10/Sep/2020:23:24:19 -0400] "GET /images/448_AK35_grid_leak_repair_hilite.JPG HTTP/1.0" 200 27097 "http://www.pharoahaudio.com/ak35repair3.html" "Mozilla/5.0 (Windows NT 10.0; Win64; x64) AppleWebKit/537.36 (KHTML, like Gecko) Chrome/84.0.4147.105 Safari/537.36"
222.153.91.89 - - [10/Sep/2020:23:24:25 -0400] "GET /ak35repair4.html HTTP/1.0" 200 19878 "http://www.pharoahaudio.com/ak35repair3.html" "Mozilla/5.0 (Windows NT 10.0; Win64; x64) AppleWebKit/537.36 (KHTML, like Gecko) Chrome/84.0.4147.105 Safari/537.36"
222.153.91.89 - - [10/Sep/2020:23:24:25 -0400] "GET /scripts/526524.css HTTP/1.0" 200 102 "http://www.pharoahaudio.com/ak35repair4.html" "Mozilla/5.0 (Windows NT 10.0; Win64; x64) AppleWebKit/537.36 (KHTML, like Gecko) Chrome/84.0.4147.105 Safari/537.36"
10.30.70.138 - - [10/Sep/2020:23:42:54 -0400] "GET /apple-touch-icon-120x120-precomposed.png HTTP/1.0" 404 575 "-" "MobileSafari/604.1 CFNetwork/1128.0.1 Darwin/19.6.0"
10.30.70.138 - - [10/Sep/2020:23:42:54 -0400] "GET /favicon.ico HTTP/1.0" 404 575 "-" "MobileSafari/604.1 CFNetwork/1128.0.1 Darwin/19.6.0"
10.30.70.137 - - [10/Sep/2020:23:43:18 -0400] "GET /images/SyncheckII_user_manual_v1.6.pdf HTTP/1.0" 200 224107 "-" "Mozilla/5.0 (compatible; SeznamBot/3.2; +http://napoveda.seznam.cz/en/seznambot-intro/)"
54.36.148.163 - - [10/Sep/2020:00:32:12 -0400] "GET /robots.txt HTTP/1.0" 200 25 "-" "Mozilla/5.0 (compatible; AhrefsBot/6.1; +http://ahrefs.com/robot/)"
114.119.128.212 - - [10/Sep/2020:00:40:08 -0400] "GET /robots.txt HTTP/1.0" 200 25 "-" "(compatible;PetalBot;+http://aspiegel.com/petalbot)"
114.119.157.183 - - [10/Sep/2020:02:02:24 -0400] "GET /soundhomepage/movingisnevereasy.html HTTP/1.0" 200 15449 "-" "Mozilla/5.0 (Linux; Android 7.0;) AppleWebKit/537.36 (KHTML, like Gecko) Mobile Safari/537.36 (compatible; PetalBot;+http://aspiegel.com/petalbot)"
114.119.145.239 - - [10/Sep/2020:02:11:16 -0400] "GET /brokenlink.html HTTP/1.0" 200 6502 "-" "Mozilla/5.0 (Linux; Android 7.0;) AppleWebKit/537.36 (KHTML, like Gecko) Mobile Safari/537.36 (compatible; PetalBot;+http://aspiegel.com/petalbot)"
90.231.98.16 - - [10/Sep/2020:02:23:40 -0400] "GET /favicon.ico HTTP/1.0" 404 575 "-" "MobileSafari/604.1 CFNetwork/978.0.7 Darwin/18.7.0"
185.191.171.19 - - [10/Sep/2020:02:43:51 -0400] "GET /radiola26part6.html HTTP/1.0" 200 25910 "-" "Mozilla/5.0 (compatible; SemrushBot/6~bl; +http://www.semrush.com/bot.html)"
188.165.174.33 - - [10/Sep/2020:05:42:59 -0400] "GET /soundhomepage/aboutrichardfairbanks.html HTTP/1.0" 200 13501 "http://pharoaheditorial.com" "Mozilla/5.0 (X11; Linux x86_64) AppleWebKit/537.36 (KHTML, like Gecko) HeadlessChrome/66.0.3349.0 Safari/537.36"
185.191.171.6 - - [10/Sep/2020:05:57:37 -0400] "GET /synchecklegacy.html HTTP/1.0" 200 16575 "-" "Mozilla/5.0 (compatible; SemrushBot/6~bl; +http://www.semrush.com/bot.html)"
174.252.193.116 - - [10/Sep/2020:06:19:51 -0400] "GET /images/448_AK35_tuning_linkage.jpg HTTP/1.0" 200 25172 "http://www.pharoahaudio.com/ak35repair5.html" "Mozilla/5.0 (iPhone; CPU iPhone OS 13_7 like Mac OS X) AppleWebKit/605.1.15 (KHTML, like Gecko) GSA/123.4.330040034 Mobile/15E148 Safari/604.1"
174.252.193.116 - - [10/Sep/2020:06:19:51 -0400] "GET /images/550_AK_ship_logo1_CC.jpg HTTP/1.0" 200 62847 "http://www.pharoahaudio.com/ak35repair5.html" "Mozilla/5.0 (iPhone; CPU iPhone OS 13_7 like Mac OS X) AppleWebKit/605.1.15 (KHTML, like Gecko) GSA/123.4.330040034 Mobile/15E148 Safari/604.1"
91.155.2.238 - - [10/Sep/2020:06:24:45 -0400] "GET /apple-touch-icon.png HTTP/1.0" 404 575 "-" "Safari/14607.3.9 CFNetwork/978.0.7 Darwin/18.7.0 (x86_64)"
91.155.2.238 - - [10/Sep/2020:06:24:46 -0400] "GET /favicon.ico HTTP/1.0" 404 575 "-" "Safari/14607.3.9 CFNetwork/978.0.7 Darwin/18.7.0 (x86_64)"
174.252.193.116 - - [10/Sep/2020:06:27:18 -0400] "GET /tweeterfixpart2.html HTTP/1.0" 200 17379 "http://www.pharoahaudio.com/tweeterfixpart1.html" "Mozilla/5.0 (iPhone; CPU iPhone OS 13_7 like Mac OS X) AppleWebKit/605.1.15 (KHTML, like Gecko) GSA/123.4.330040034 Mobile/15E148 Safari/604.1"
174.252.193.116 - - [10/Sep/2020:06:29:51 -0400] "GET /scripts/526544custom.css HTTP/1.0" 200 2151 "http://www.pharoahaudio.com/tweeterfixpart3.html" "Mozilla/5.0 (iPhone; CPU iPhone OS 13_7 like Mac OS X) AppleWebKit/605.1.15 (KHTML, like Gecko) GSA/123.4.330040034 Mobile/15E148 Safari/604.1"
93.158.161.22 - - [10/Sep/2020:06:49:09 -0400] "GET /images/432_T15_reglue.jpg HTTP/1.0" 200 22594 "-" "Mozilla/5.0 (compatible; YandexImages/3.0; +http://yandex.com/bots)"
81.111.177.227 - - [10/Sep/2020:07:28:28 -0400] "GET /ptvideosyncstudy.html HTTP/1.0" 200 39523 "-" "Mozilla/5.0 (iPhone; CPU iPhone OS 13_1_3 like Mac OS X) AppleWebKit/605.1.15 (KHTML, like Gecko) Version/13.0.1 Mobile/15E148 Safari/604.1"
81.111.177.227 - - [10/Sep/2020:07:28:29 -0400] "GET /apple-touch-icon.png HTTP/1.0" 404 575 "-" "Safari/14609.3.5.1.5 CFNetwork/978.4 Darwin/18.7.0 (x86_64)"
91.155.2.238 - - [10/Sep/2020:07:47:19 -0400] "GET /favicon.ico HTTP/1.0" 404 575 "-" "Safari/14607.3.9 CFNetwork/978.0.7 Darwin/18.7.0 (x86_64)"
5.9.141.8 - - [10/Sep/2020:08:14:20 -0400] "GET /ak35repair2.html HTTP/1.0" 200 20149 "-" "Mozilla/5.0 (compatible; MJ12bot/v1.4.8; http://mj12bot.com/)"
5.9.141.8 - - [10/Sep/2020:08:14:33 -0400] "GET /ak55cpart1.html HTTP/1.0" 200 19240 "-" "Mozilla/5.0 (compatible; MJ12bot/v1.4.8; http://mj12bot.com/)"
5.9.141.8 - - [10/Sep/2020:08:16:11 -0400] "GET /soundhomepage/movingisnevereasy.html HTTP/1.0" 200 15449 "-" "Mozilla/5.0 (compatible; MJ12bot/v1.4.8; http://mj12bot.com/)"
5.9.141.8 - - [10/Sep/2020:08:16:13 -0400] "GET /sy2improvements.html HTTP/1.0" 200 13945 "-" "Mozilla/5.0 (compatible; MJ12bot/v1.4.8; http://mj12bot.com/)"
5.9.141.8 - - [10/Sep/2020:08:17:13 -0400] "GET /deliverables.html HTTP/1.0" 200 22447 "-" "Mozilla/5.0 (compatible; MJ12bot/v1.4.8; http://mj12bot.com/)"
114.119.153.208 - - [10/Sep/2020:08:59:04 -0400] "GET /2pop.html HTTP/1.0" 200 7228 "-" "Mozilla/5.0 (Linux; Android 7.0;) AppleWebKit/537.36 (KHTML, like Gecko) Mobile Safari/537.36 (compatible; PetalBot;+http://aspiegel.com/petalbot)"
222.163.219.146 - - [10/Sep/2020:09:33:59 -0400] "GET /FCKeditor/editor/filemanager/browser/default/connectors/aspx/connector.aspx HTTP/1.0" 404 575 "-" "Mozilla/4.0 (compatible; MSIE 6.0; Windows NT 5.1; SV1)"
222.163.219.146 - - [10/Sep/2020:09:34:12 -0400] "GET /FCKeditor/editor/filemanager/connectors/asp/connector.asp HTTP/1.0" 404 575 "-" "Mozilla/4.0 (compatible; MSIE 6.0; Windows NT 5.1; SV1)"
66.249.81.62 - - [10/Sep/2020:09:46:41 -0400] "GET /images/886_AK35_front_900_branded.jpg HTTP/1.0" 200 37924 "-" "Mozilla/5.0 (Windows NT 5.1; rv:11.0) Gecko Firefox/11.0 (via ggpht.com GoogleImageProxy)"
90.231.98.16 - - [10/Sep/2020:09:57:16 -0400] "GET /apple-touch-icon-152x152-precomposed.png HTTP/1.0" 404 575 "-" "MobileSafari/604.1 CFNetwork/978.0.7 Darwin/18.7.0"
90.231.98.16 - - [10/Sep/2020:09:57:17 -0400] "GET /apple-touch-icon-precomposed.png HTTP/1.0" 404 575 "-" "MobileSafari/604.1 CFNetwork/978.0.7 Darwin/18.7.0"
114.119.141.191 - - [10/Sep/2020:10:57:14 -0400] "GET /soundhomepage/aboutrichardfairbanks.html HTTP/1.0" 200 13501 "-" "Mozilla/5.0 (Linux; Android 7.0;) AppleWebKit/537.36 (KHTML, like Gecko) Mobile Safari/537.36 (compatible; PetalBot;+http://aspiegel.com/petalbot)"
66.249.66.210 - - [10/Sep/2020:11:14:36 -0400] "GET /ads.txt HTTP/1.0" 404 575 "-" "Mozilla/5.0 (compatible; Googlebot/2.1; +http://www.google.com/bot.html)"
114.119.147.213 - - [10/Sep/2020:11:35:41 -0400] "GET /soundhomepage/contact.html HTTP/1.0" 200 11275 "-" "Mozilla/5.0 (Linux; Android 7.0;) AppleWebKit/537.36 (KHTML, like Gecko) Mobile Safari/537.36 (compatible; PetalBot;+http://aspiegel.com/petalbot)"
83.30.114.152 - - [10/Sep/2020:12:17:46 -0400] "GET /scripts/print.css HTTP/1.0" 200 11209 "http://www.pharoahaudio.com/ak35repair1.html" "Mozilla/5.0 (Windows NT 10.0; Win64; x64) AppleWebKit/537.36 (KHTML, like Gecko) Chrome/84.0.4147.135 Safari/537.36 OPR/70.0.3728.154"
73.233.7.34 - - [10/Sep/2020:12:49:55 -0400] "GET /scripts/526542custom.css HTTP/1.0" 200 2488 "http://www.pharoahaudio.com/tweeterfixpart1.html" "Mozilla/5.0 (Linux; Android 9; moto g(6)) AppleWebKit/537.36 (KHTML, like Gecko) Chrome/85.0.4183.81 Mobile Safari/537.36"
73.233.7.34 - - [10/Sep/2020:12:53:21 -0400] "GET /images/432_T10_new_foam2.jpg HTTP/1.0" 200 38819 "-" "Mozilla/5.0 (Linux; Android 9; moto g(6)) AppleWebKit/537.36 (KHTML, like Gecko) Chrome/85.0.4183.81 Mobile Safari/537.36"
73.233.7.34 - - [10/Sep/2020:12:53:22 -0400] "GET /images/432_T13_grill_fitting.jpg HTTP/1.0" 200 25258 "http://www.pharoahaudio.com/tweeterfixpart4.html" "Mozilla/5.0 (Linux; Android 9; moto g(6)) AppleWebKit/537.36 (KHTML, like Gecko) Chrome/85.0.4183.81 Mobile Safari/537.36"
114.119.153.208 - - [10/Sep/2020:14:01:00 -0400] "GET /synchecklegacy.html HTTP/1.0" 200 16575 "-" "Mozilla/5.0 (Linux; Android 7.0;) AppleWebKit/537.36 (KHTML, like Gecko) Mobile Safari/537.36 (compatible; PetalBot;+http://aspiegel.com/petalbot)"
114.119.141.191 - - [10/Sep/2020:14:40:08 -0400] "GET /procontrolforsale.html HTTP/1.0" 200 16402 "-" "Mozilla/5.0 (Linux; Android 7.0;) AppleWebKit/537.36 (KHTML, like Gecko) Mobile Safari/537.36 (compatible; PetalBot;+http://aspiegel.com/petalbot)"
191.102.167.247 - - [10/Sep/2020:14:57:39 -0400] "GET /ftpfeedback.html HTTP/1.0" 200 8519 "-" "Mozilla/5.0 (X11; Linux x86_64) AppleWebKit/537.36 (KHTML, like Gecko) Chrome/51.0.2705.45 Safari/537.36"
99.70.118.115 - - [10/Sep/2020:15:40:32 -0400] "GET /scripts/user.js HTTP/1.0" 200 23762 "http://www.pharoahaudio.com/" "Mozilla/5.0 (iPhone; CPU iPhone OS 13_6_1 like Mac OS X) AppleWebKit/605.1.15 (KHTML, like Gecko) Version/13.1.2 Mobile/15E148 Safari/604.1"
54.36.148.208 - - [10/Sep/2020:16:04:18 -0400] "GET /radiola26part2.html HTTP/1.0" 200 25864 "-" "Mozilla/5.0 (compatible; AhrefsBot/7.0; +http://ahrefs.com/robot/)"
99.42.8.157 - - [10/Sep/2020:16:43:27 -0400] "GET /images/810_SyncheckEMS_on_table.jpg HTTP/1.0" 200 42039 "http://www.pharoahaudio.com/synchecklegacy/originalsyncheck.html" "Mozilla/5.0 (Macintosh; Intel Mac OS X 10_15_6) AppleWebKit/605.1.15 (KHTML, like Gecko) Version/13.1.2 Safari/605.1.15"
65.35.24.30 - - [10/Sep/2020:17:14:40 -0400] "GET /apple-touch-icon-precomposed.png HTTP/1.0" 404 575 "-" "MobileSafari/604.1 CFNetwork/978.0.7 Darwin/18.7.0"
54.36.149.96 - - [10/Sep/2020:17:16:36 -0400] "GET /radiola26part5.html HTTP/1.0" 200 20152 "-" "Mozilla/5.0 (compatible; AhrefsBot/7.0; +http://ahrefs.com/robot/)"
66.160.143.139 - - [10/Sep/2020:17:52:56 -0400] "GET /images/ic_002_body_bg.gif HTTP/1.0" 200 304 "http://www.pharoahaudio.com/scripts/template.css" "Mozilla/5.0 (Windows NT 6.3; Win64; x64) AppleWebKit/537.36 (KHTML, like Gecko) Chrome/85.0.4183.102 Safari/537.36"
66.160.143.139 - - [10/Sep/2020:17:52:56 -0400] "GET /favicon.ico HTTP/1.0" 404 575 "http://www.pharoahaudio.com/synchecklegacy/originalsyncheck.html" "Mozilla/5.0 (Windows NT 6.3; Win64; x64) AppleWebKit/537.36 (KHTML, like Gecko) Chrome/85.0.4183.102 Safari/537.36"
66.160.143.139 - - [10/Sep/2020:18:02:54 -0400] "GET /images/321_SY3_tabletop2_straight.jpg HTTP/1.0" 200 23729 "http://www.pharoahaudio.com/synchecklegacy/syncheck3.html" "Mozilla/5.0 (Windows NT 6.3; Win64; x64) AppleWebKit/537.36 (KHTML, like Gecko) Chrome/85.0.4183.102 Safari/537.36"
206.116.192.217 - - [10/Sep/2020:18:03:12 -0400] "GET /scripts/ic_globals_published.js HTTP/1.0" 200 566 "http://www.pharoahaudio.com/tweeterfixpart1.html" "Mozilla/5.0 (Windows NT 10.0; WOW64; rv:68.0) Gecko/20100101 Firefox/68.0"
206.116.192.217 - - [10/Sep/2020:18:03:12 -0400] "GET /scripts/template.css HTTP/1.0" 200 11360 "http://www.pharoahaudio.com/tweeterfixpart1.html" "Mozilla/5.0 (Windows NT 10.0; WOW64; rv:68.0) Gecko/20100101 Firefox/68.0"
206.116.192.217 - - [10/Sep/2020:18:03:12 -0400] "GET /scripts/icwebsiteelement.css HTTP/1.0" 200 8132 "http://www.pharoahaudio.com/tweeterfixpart1.html" "Mozilla/5.0 (Windows NT 10.0; WOW64; rv:68.0) Gecko/20100101 Firefox/68.0"
206.116.192.217 - - [10/Sep/2020:19:00:04 -0400] "GET /images/360_EMUD_RJ196.JPG HTTP/1.0" 200 20614 "http://www.pharoahaudio.com/tweeterfixpart4.html" "Mozilla/5.0 (Windows NT 10.0; WOW64; rv:68.0) Gecko/20100101 Firefox/68.0"
47.222.109.171 - - [10/Sep/2020:19:58:15 -0400] "GET /scripts/user.js HTTP/1.0" 200 23762 "http://www.pharoahaudio.com/" "Mozilla/5.0 (iPhone; CPU iPhone OS 13_6_1 like Mac OS X) AppleWebKit/605.1.15 (KHTML, like Gecko) Version/13.1.2 Mobile/15E148 Safari/604.1"
54.36.149.56 - - [10/Sep/2020:20:25:54 -0400] "GET /synchecklegacy/syncheckii.html HTTP/1.0" 200 16486 "-" "Mozilla/5.0 (compatible; AhrefsBot/7.0; +http://ahrefs.com/robot/)"
71.213.153.74 - - [10/Sep/2020:21:44:06 -0400] "GET /scripts/template.css HTTP/1.0" 200 11360 "http://www.pharoahaudio.com/yeolderadiomuseum.html" "Mozilla/5.0 (Windows NT 10.0; WOW64) AppleWebKit/537.36 (KHTML, like Gecko) Chrome/79.0.3945.130 ADG/11.0.2793 Safari/537.36"
52.210.66.101 - - [10/Sep/2020:21:53:40 -0400] "GET /robots.txt HTTP/1.0" 200 25 "-" "Pandalytics/1.0 (https://domainsbot.com/pandalytics/)"
205.240.66.94 - - [10/Sep/2020:21:57:52 -0400] "GET /apple-touch-icon-152x152-precomposed.png HTTP/1.0" 404 575 "-" "MobileSafari/604.1 CFNetwork/978.0.7 Darwin/18.7.0"
205.240.66.94 - - [10/Sep/2020:22:33:36 -0400] "GET /apple-touch-icon-152x152-precomposed.png HTTP/1.0" 404 575 "-" "MobileSafari/604.1 CFNetwork/978.0.7 Darwin/18.7.0"
98.234.103.87 - - [10/Sep/2020:22:51:29 -0400] "GET /images/250_SynFlash_New_in_boot.jpg HTTP/1.0" 200 7667 "http://www.pharoahaudio.com/synchecklegacy.html" "Mozilla/5.0 (Macintosh; Intel Mac OS X 10_14_6) AppleWebKit/605.1.15 (KHTML, like Gecko) Version/13.1.2 Safari/605.1.15"
222.153.91.89 - - [10/Sep/2020:23:24:02 -0400] "GET /images/468_AK35_plate_bypass_cap.jpg HTTP/1.0" 200 37920 "http://www.pharoahaudio.com/ak35repair2.html" "Mozilla/5.0 (Windows NT 10.0; Win64; x64) AppleWebKit/537.36 (KHTML, like Gecko) Chrome/84.0.4147.105 Safari/537.36"
222.153.91.89 - - [10/Sep/2020:23:24:27 -0400] "GET /scripts/526524custom.css HTTP/1.0" 200 3168 "http://www.pharoahaudio.com/ak35repair4.html" "Mozilla/5.0 (Windows NT 10.0; Win64; x64) AppleWebKit/537.36 (KHTML, like Gecko) Chrome/84.0.4147.105 Safari/537.36"
90.231.98.16 - - [10/Sep/2020:02:23:37 -0400] "GET /ptvideosyncstudy.html HTTP/1.0" 200 39523 "-" "Mozilla/5.0 (iPad; CPU OS 12_4_8 like Mac OS X) AppleWebKit/605.1.15 (KHTML, like Gecko) Version/12.1.2 Mobile/15E148 Safari/604.1"
90.231.98.16 - - [10/Sep/2020:02:23:38 -0400] "GET /apple-touch-icon-precomposed.png HTTP/1.0" 404 575 "-" "MobileSafari/604.1 CFNetwork/978.0.7 Darwin/18.7.0"
90.231.98.16 - - [10/Sep/2020:02:23:38 -0400] "GET /apple-touch-icon.png HTTP/1.0" 404 575 "-" "MobileSafari/604.1 CFNetwork/978.0.7 Darwin/18.7.0"
90.231.98.16 - - [10/Sep/2020:02:23:38 -0400] "GET /apple-touch-icon-152x152-precomposed.png HTTP/1.0" 404 575 "-" "MobileSafari/604.1 CFNetwork/978.0.7 Darwin/18.7.0"
157.55.39.2 - - [10/Sep/2020:02:31:42 -0400] "GET /robots.txt HTTP/1.0" 200 25 "-" "Mozilla/5.0 (compatible; bingbot/2.0; +http://www.bing.com/bingbot.htm)"
114.119.129.92 - - [10/Sep/2020:03:03:58 -0400] "GET /radiola26part1.html HTTP/1.0" 200 17612 "-" "Mozilla/5.0 (Linux; Android 7.0;) AppleWebKit/537.36 (KHTML, like Gecko) Mobile Safari/537.36 (compatible; PetalBot;+http://aspiegel.com/petalbot)"
