114.119.139.84 - - [10/Sep/2020:03:08:55 -0400] "GET /tweeterfixpart1.html HTTP/1.0" 200 16188 "-" "Mozilla/5.0 (Linux; Android 7.0;) AppleWebKit/537.36 (KHTML, like Gecko) Mobile Safari/537.36 (compatible; PetalBot;+http://aspiegel.com/petalbot)"
114.119.129.92 - - [10/Sep/2020:04:30:36 -0400] "GET /prevfacility.html HTTP/1.0" 200 10580 "-" "Mozilla/5.0 (Linux; Android 7.0;) AppleWebKit/537.36 (KHTML, like Gecko) Mobile Safari/537.36 (compatible; PetalBot;+http://aspiegel.com/petalbot)"
185.191.171.35 - - [10/Sep/2020:05:02:19 -0400] "GET /robots.txt HTTP/1.0" 200 25 "-" "Mozilla/5.0 (compatible; SemrushBot/6~bl; +http://www.semrush.com/bot.html)"
185.191.171.14 - - [10/Sep/2020:05:32:09 -0400] "GET /synchecklegacy/syncheck3.html HTTP/1.0" 200 18255 "-" "Mozilla/5.0 (compatible; SemrushBot/6~bl; +http://www.semrush.com/bot.html)"
114.119.138.130 - - [10/Sep/2020:05:39:30 -0400] "GET /ak55cpart1.html HTTP/1.0" 200 19240 "-" "Mozilla/5.0 (Linux; Android 7.0;) AppleWebKit/537.36 (KHTML, like Gecko) Mobile Safari/537.36 (compatible; PetalBot;+http://aspiegel.com/petalbot)"
188.165.174.33 - - [10/Sep/2020:05:43:00 -0400] "GET /soundhomepage/audioclips.html HTTP/1.0" 200 15584 "http://pharoaheditorial.com" "Mozilla/5.0 (X11; Linux x86_64) AppleWebKit/537.36 (KHTML, like Gecko) HeadlessChrome/66.0.3349.0 Safari/537.36"
174.252.193.116 - - [10/Sep/2020:06:08:52 -0400] "GET /images/886_AK35_front_900_branded.jpg HTTP/1.0" 200 37924 "http://www.pharoahaudio.com/ak35repair1.html" "Mozilla/5.0 (iPhone; CPU iPhone OS 13_7 like Mac OS X) AppleWebKit/605.1.15 (KHTML, like Gecko) GSA/123.4.330040034 Mobile/15E148 Safari/604.1"
174.252.193.116 - - [10/Sep/2020:06:08:53 -0400] "GET /images/550_AK35_bottom_900.jpg HTTP/1.0" 200 29141 "http://www.pharoahaudio.com/ak35repair1.html" "Mozilla/5.0 (iPhone; CPU iPhone OS 13_7 like Mac OS X) AppleWebKit/605.1.15 (KHTML, like Gecko) GSA/123.4.330040034 Mobile/15E148 Safari/604.1"
174.252.193.116 - - [10/Sep/2020:06:08:53 -0400] "GET /images/50_hand-arrow-red-left.gif HTTP/1.0" 200 477 "http://www.pharoahaudio.com/ak35repair1.html" "Mozilla/5.0 (iPhone; CPU iPhone OS 13_7 like Mac OS X) AppleWebKit/605.1.15 (KHTML, like Gecko) GSA/123.4.330040034 Mobile/15E148 Safari/604.1"
174.252.193.116 - - [10/Sep/2020:06:08:53 -0400] "GET /images/hand_left_blue.gif HTTP/1.0" 200 932 "http://www.pharoahaudio.com/ak35repair1.html" "Mozilla/5.0 (iPhone; CPU iPhone OS 13_7 like Mac OS X) AppleWebKit/605.1.15 (KHTML, like Gecko) GSA/123.4.330040034 Mobile/15E148 Safari/604.1"
174.252.193.116 - - [10/Sep/2020:06:11:20 -0400] "GET /scripts/526521custom.css HTTP/1.0" 200 3839 "http://www.pharoahaudio.com/ak35repair2.html" "Mozilla/5.0 (iPhone; CPU iPhone OS 13_7 like Mac OS X) AppleWebKit/605.1.15 (KHTML, like Gecko) GSA/123.4.330040034 Mobile/15E148 Safari/604.1"
174.252.193.116 - - [10/Sep/2020:06:13:23 -0400] "GET /images/448_AK35_grid_leak_resistor.JPG HTTP/1.0" 200 10185 "http://www.pharoahaudio.com/ak35repair3.html" "Mozilla/5.0 (iPhone; CPU iPhone OS 13_7 like Mac OS X) AppleWebKit/605.1.15 (KHTML, like Gecko) GSA/123.4.330040034 Mobile/15E148 Safari/604.1"
91.155.2.238 - - [10/Sep/2020:06:24:46 -0400] "GET /images/Syncheck3_user_manual_v1.01.pdf HTTP/1.0" 200 323329 "-" "Mozilla/5.0 (iPhone; CPU iPhone OS 12_1_3 like Mac OS X) AppleWebKit/605.1.15 (KHTML, like Gecko) Version/12.0 Mobile/15E148 Safari/604.1"
91.155.2.238 - - [10/Sep/2020:06:24:46 -0400] "GET /apple-touch-icon.png HTTP/1.0" 404 575 "-" "Safari/14607.3.9 CFNetwork/978.0.7 Darwin/18.7.0 (x86_64)"
91.155.2.238 - - [10/Sep/2020:06:24:46 -0400] "GET /apple-touch-icon-precomposed.png HTTP/1.0" 404 575 "-" "Safari/14607.3.9 CFNetwork/978.0.7 Darwin/18.7.0 (x86_64)"
174.252.193.116 - - [10/Sep/2020:06:24:52 -0400] "GET /images/540_T1_tweeter_unopened.jpg HTTP/1.0" 200 56975 "http://www.pharoahaudio.com/tweeterfixpart1.html" "Mozilla/5.0 (iPhone; CPU iPhone OS 13_7 like Mac OS X) AppleWebKit/605.1.15 (KHTML, like Gecko) GSA/123.4.330040034 Mobile/15E148 Safari/604.1"
174.252.193.116 - - [10/Sep/2020:06:27:18 -0400] "GET /images/432_T4_strip_pulled_out.jpg HTTP/1.0" 200 35044 "http://www.pharoahaudio.com/tweeterfixpart2.html" "Mozilla/5.0 (iPhone; CPU iPhone OS 13_7 like Mac OS X) AppleWebKit/605.1.15 (KHTML, like Gecko) GSA/123.4.330040034 Mobile/15E148 Safari/604.1"
174.252.193.116 - - [10/Sep/2020:06:27:18 -0400] "GET /scripts/526543custom.css HTTP/1.0" 200 3161 "http://www.pharoahaudio.com/tweeterfixpart2.html" "Mozilla/5.0 (iPhone; CPU iPhone OS 13_7 like Mac OS X) AppleWebKit/605.1.15 (KHTML, like Gecko) GSA/123.4.330040034 Mobile/15E148 Safari/604.1"
174.252.193.116 - - [10/Sep/2020:06:29:51 -0400] "GET /images/432_T8_old_foam.jpg HTTP/1.0" 200 17511 "http://www.pharoahaudio.com/tweeterfixpart3.html" "Mozilla/5.0 (iPhone; CPU iPhone OS 13_7 like Mac OS X) AppleWebKit/605.1.15 (KHTML, like Gecko) GSA/123.4.330040034 Mobile/15E148 Safari/604.1"
174.252.193.116 - - [10/Sep/2020:06:29:51 -0400] "GET /images/432_T9_new_foam1.jpg HTTP/1.0" 200 21331 "http://www.pharoahaudio.com/tweeterfixpart3.html" "Mozilla/5.0 (iPhone; CPU iPhone OS 13_7 like Mac OS X) AppleWebKit/605.1.15 (KHTML, like Gecko) GSA/123.4.330040034 Mobile/15E148 Safari/604.1"
161.35.100.215 - - [10/Sep/2020:07:00:15 -0400] "GET / HTTP/1.0" 200 7026 "-" "python-requests/2.24.0"
81.111.177.227 - - [10/Sep/2020:07:28:27 -0400] "GET /ptvideosyncstudy.html HTTP/1.0" 200 39523 "-" "Mozilla/5.0 (Macintosh; Intel Mac OS X 10_14_6) AppleWebKit/605.1.15 (KHTML, like Gecko)"
81.111.177.227 - - [10/Sep/2020:07:28:29 -0400] "GET /favicon.ico HTTP/1.0" 404 575 "-" "Safari/14609.3.5.1.5 CFNetwork/978.4 Darwin/18.7.0 (x86_64)"
91.155.2.238 - - [10/Sep/2020:07:47:19 -0400] "GET /apple-touch-icon.png HTTP/1.0" 404 575 "-" "Safari/14607.3.9 CFNetwork/978.0.7 Darwin/18.7.0 (x86_64)"
91.155.2.238 - - [10/Sep/2020:07:47:19 -0400] "GET /images/Syncheck3_user_manual_v1.01.pdf HTTP/1.0" 200 323329 "-" "Mozilla/5.0 (iPhone; CPU iPhone OS 12_1_3 like Mac OS X) AppleWebKit/605.1.15 (KHTML, like Gecko) Version/12.0 Mobile/15E148 Safari/604.1"
5.9.141.8 - - [10/Sep/2020:08:14:11 -0400] "GET /826mix.html HTTP/1.0" 200 6258 "-" "Mozilla/5.0 (compatible; MJ12bot/v1.4.8; http://mj12bot.com/)"
5.9.141.8 - - [10/Sep/2020:08:16:31 -0400] "GET /ac55cpart5.html HTTP/1.0" 200 21208 "-" "Mozilla/5.0 (compatible; MJ12bot/v1.4.8; http://mj12bot.com/)"
5.9.141.8 - - [10/Sep/2020:08:16:34 -0400] "GET /ak35repair2.html HTTP/1.0" 200 20149 "-" "Mozilla/5.0 (compatible; MJ12bot/v1.4.8; http://mj12bot.com/)"
114.119.131.112 - - [10/Sep/2020:08:23:14 -0400] "GET /radiola26part3.html HTTP/1.0" 200 22285 "-" "Mozilla/5.0 (Linux; Android 7.0;) AppleWebKit/537.36 (KHTML, like Gecko) Mobile Safari/537.36 (compatible; PetalBot;+http://aspiegel.com/petalbot)"
114.119.145.239 - - [10/Sep/2020:08:50:27 -0400] "GET /soundhomepage/audioclips.html HTTP/1.0" 200 15584 "-" "Mozilla/5.0 (Linux; Android 7.0;) AppleWebKit/537.36 (KHTML, like Gecko) Mobile Safari/537.36 (compatible; PetalBot;+http://aspiegel.com/petalbot)"
222.163.219.146 - - [10/Sep/2020:09:33:50 -0400] "GET /utility/convert/index.php?a=config&source=d7.2_x2.0 HTTP/1.0" 404 575 "-" "Mozilla/4.0 (compatible; MSIE 6.0; Windows NT 5.1; SV1)"
222.163.219.146 - - [10/Sep/2020:09:34:15 -0400] "GET /admin/FCKeditor/editor/filemanager/browser/default/connectors/asp/connector.asp HTTP/1.0" 404 575 "-" "Mozilla/4.0 (compatible; MSIE 6.0; Windows NT 5.1; SV1)"
90.231.98.16 - - [10/Sep/2020:09:57:14 -0400] "GET /apple-touch-icon-152x152.png HTTP/1.0" 404 575 "-" "MobileSafari/604.1 CFNetwork/978.0.7 Darwin/18.7.0"
90.231.98.16 - - [10/Sep/2020:09:58:25 -0400] "GET /apple-touch-icon-precomposed.png HTTP/1.0" 404 575 "-" "MobileSafari/604.1 CFNetwork/978.0.7 Darwin/18.7.0"
90.231.98.16 - - [10/Sep/2020:09:58:26 -0400] "GET /apple-touch-icon-152x152.png HTTP/1.0" 404 575 "-" "MobileSafari/604.1 CFNetwork/978.0.7 Darwin/18.7.0"
185.191.171.17 - - [10/Sep/2020:10:21:31 -0400] "GET /robots.txt HTTP/1.0" 200 25 "-" "Mozilla/5.0 (compatible; SemrushBot/6~bl; +http://www.semrush.com/bot.html)"
114.119.145.239 - - [10/Sep/2020:10:37:37 -0400] "GET /contact.html HTTP/1.0" 200 8375 "-" "Mozilla/5.0 (Linux; Android 7.0;) AppleWebKit/537.36 (KHTML, like Gecko) Mobile Safari/537.36 (compatible; PetalBot;+http://aspiegel.com/petalbot)"
156.146.63.174 - - [10/Sep/2020:10:52:36 -0400] "GET / HTTP/1.0" 200 7026 "http://pharoahaudio.com/" "Mozilla/5.0 (Windows NT 6.1; Win64; x64) AppleWebKit/537.36 (KHTML, like Gecko) Chrome/68.0.3440.106 Safari/537.36 OPR/55.0.2994.44"
65.35.24.30 - - [10/Sep/2020:11:47:15 -0400] "GET /apple-touch-icon-precomposed.png HTTP/1.0" 404 575 "-" "MobileSafari/604.1 CFNetwork/978.0.7 Darwin/18.7.0"
79.97.133.58 - - [10/Sep/2020:11:47:32 -0400] "GET /favicon.ico HTTP/1.0" 404 575 "http://www.pharoahaudio.com/syncheckproducthomepage.html" "Mozilla/5.0 (Windows NT 10.0; Win64; x64) AppleWebKit/537.36 (KHTML, like Gecko) Chrome/85.0.4183.102 Safari/537.36"
83.30.114.152 - - [10/Sep/2020:12:17:44 -0400] "GET /scripts/526522.css HTTP/1.0" 200 102 "http://www.pharoahaudio.com/ak35repair1.html" "Mozilla/5.0 (Windows NT 10.0; Win64; x64) AppleWebKit/537.36 (KHTML, like Gecko) Chrome/84.0.4147.135 Safari/537.36 OPR/70.0.3728.154"
83.30.114.152 - - [10/Sep/2020:12:17:44 -0400] "GET /scripts/website.css HTTP/1.0" 200 1801 "http://www.pharoahaudio.com/ak35repair1.html" "Mozilla/5.0 (Windows NT 10.0; Win64; x64) AppleWebKit/537.36 (KHTML, like Gecko) Chrome/84.0.4147.135 Safari/537.36 OPR/70.0.3728.154"
83.30.114.152 - - [10/Sep/2020:12:17:45 -0400] "GET /images/ic_002_body_bg.gif HTTP/1.0" 200 304 "http://www.pharoahaudio.com/scripts/template.css" "Mozilla/5.0 (Windows NT 10.0; Win64; x64) AppleWebKit/537.36 (KHTML, like Gecko) Chrome/84.0.4147.135 Safari/537.36 OPR/70.0.3728.154"
54.36.149.29 - - [10/Sep/2020:12:17:50 -0400] "GET /radiola26part1.html HTTP/1.0" 200 17612 "-" "Mozilla/5.0 (compatible; AhrefsBot/7.0; +http://ahrefs.com/robot/)"
83.30.114.152 - - [10/Sep/2020:12:20:31 -0400] "GET /scripts/526521custom.css HTTP/1.0" 200 3839 "http://www.pharoahaudio.com/ak35repair2.html" "Mozilla/5.0 (Windows NT 10.0; Win64; x64) AppleWebKit/537.36 (KHTML, like Gecko) Chrome/84.0.4147.135 Safari/537.36 OPR/70.0.3728.154"
83.30.114.152 - - [10/Sep/2020:12:20:31 -0400] "GET /images/468_AK35_RF3_grass.jpg HTTP/1.0" 200 42255 "http://www.pharoahaudio.com/ak35repair2.html" "Mozilla/5.0 (Windows NT 10.0; Win64; x64) AppleWebKit/537.36 (KHTML, like Gecko) Chrome/84.0.4147.135 Safari/537.36 OPR/70.0.3728.154"
83.30.114.152 - - [10/Sep/2020:12:20:31 -0400] "GET /images/428_AK35_RF2_severed_CU_hilite.jpg HTTP/1.0" 200 28240 "http://www.pharoahaudio.com/ak35repair2.html" "Mozilla/5.0 (Windows NT 10.0; Win64; x64) AppleWebKit/537.36 (KHTML, like Gecko) Chrome/84.0.4147.135 Safari/537.36 OPR/70.0.3728.154"
83.30.114.152 - - [10/Sep/2020:12:20:31 -0400] "GET /images/468_AK35_plate_bypass_cap.jpg HTTP/1.0" 200 37920 "http://www.pharoahaudio.com/ak35repair2.html" "Mozilla/5.0 (Windows NT 10.0; Win64; x64) AppleWebKit/537.36 (KHTML, like Gecko) Chrome/84.0.4147.135 Safari/537.36 OPR/70.0.3728.154"
83.30.114.152 - - [10/Sep/2020:12:20:38 -0400] "GET /images/448_AK35_tapped_resistor_crop.jpg HTTP/1.0" 200 29416 "http://www.pharoahaudio.com/ak35repair3.html" "Mozilla/5.0 (Windows NT 10.0; Win64; x64) AppleWebKit/537.36 (KHTML, like Gecko) Chrome/84.0.4147.135 Safari/537.36 OPR/70.0.3728.154"
83.30.114.152 - - [10/Sep/2020:12:20:38 -0400] "GET /images/448_AK35_grid_bias_repaired_hilite.JPG HTTP/1.0" 200 16839 "http://www.pharoahaudio.com/ak35repair3.html" "Mozilla/5.0 (Windows NT 10.0; Win64; x64) AppleWebKit/537.36 (KHTML, like Gecko) Chrome/84.0.4147.135 Safari/537.36 OPR/70.0.3728.154"
83.30.114.152 - - [10/Sep/2020:12:20:46 -0400] "GET /images/448_AK35_RF3_new_primary_CU.JPG HTTP/1.0" 200 23972 "http://www.pharoahaudio.com/ak35repair4.html" "Mozilla/5.0 (Windows NT 10.0; Win64; x64) AppleWebKit/537.36 (KHTML, like Gecko) Chrome/84.0.4147.135 Safari/537.36 OPR/70.0.3728.154"
73.233.7.34 - - [10/Sep/2020:12:49:54 -0400] "GET /scripts/user.js HTTP/1.0" 200 23762 "http://www.pharoahaudio.com/tweeterfixpart1.html" "Mozilla/5.0 (Linux; Android 9; moto g(6)) AppleWebKit/537.36 (KHTML, like Gecko) Chrome/85.0.4183.81 Mobile Safari/537.36"
73.233.7.34 - - [10/Sep/2020:12:49:55 -0400] "GET /scripts/photoalbum.js HTTP/1.0" 200 62481 "http://www.pharoahaudio.com/tweeterfixpart1.html" "Mozilla/5.0 (Linux; Android 9; moto g(6)) AppleWebKit/537.36 (KHTML, like Gecko) Chrome/85.0.4183.81 Mobile Safari/537.36"
73.233.7.34 - - [10/Sep/2020:12:53:18 -0400] "GET /scripts/526543.css HTTP/1.0" 200 102 "http://www.pharoahaudio.com/tweeterfixpart2.html" "Mozilla/5.0 (Linux; Android 9; moto g(6)) AppleWebKit/537.36 (KHTML, like Gecko) Chrome/85.0.4183.81 Mobile Safari/537.36"
73.233.7.34 - - [10/Sep/2020:12:53:18 -0400] "GET /images/432_T4_strip_pulled_out.jpg HTTP/1.0" 200 35044 "http://www.pharoahaudio.com/tweeterfixpart2.html" "Mozilla/5.0 (Linux; Android 9; moto g(6)) AppleWebKit/537.36 (KHTML, like Gecko) Chrome/85.0.4183.81 Mobile Safari/537.36"
73.233.7.34 - - [10/Sep/2020:12:53:19 -0400] "GET /images/432_T5_open_tweeter_parts.jpg HTTP/1.0" 200 15870 "http://www.pharoahaudio.com/tweeterfixpart2.html" "Mozilla/5.0 (Linux; Android 9; moto g(6)) AppleWebKit/537.36 (KHTML, like Gecko) Chrome/85.0.4183.81 Mobile Safari/537.36"
73.233.7.34 - - [10/Sep/2020:12:53:19 -0400] "GET /images/432_T3_strip_damage.jpg HTTP/1.0" 200 24797 "-" "Mozilla/5.0 (Linux; Android 9; moto g(6)) AppleWebKit/537.36 (KHTML, like Gecko) Chrome/85.0.4183.81 Mobile Safari/537.36"
73.233.7.34 - - [10/Sep/2020:12:53:19 -0400] "GET /tweeterfixpart3.html HTTP/1.0" 200 14290 "-" "Mozilla/5.0 (Linux; Android 9; moto g(6)) AppleWebKit/537.36 (KHTML, like Gecko) Chrome/85.0.4183.81 Mobile Safari/537.36"
73.233.7.34 - - [10/Sep/2020:12:53:19 -0400] "GET /scripts/526544.css HTTP/1.0" 200 102 "http://www.pharoahaudio.com/tweeterfixpart3.html" "Mozilla/5.0 (Linux; Android 9; moto g(6)) AppleWebKit/537.36 (KHTML, like Gecko) Chrome/85.0.4183.81 Mobile Safari/537.36"
73.233.7.34 - - [10/Sep/2020:12:53:19 -0400] "GET /scripts/526544custom.css HTTP/1.0" 200 2151 "http://www.pharoahaudio.com/tweeterfixpart3.html" "Mozilla/5.0 (Linux; Android 9; moto g(6)) AppleWebKit/537.36 (KHTML, like Gecko) Chrome/85.0.4183.81 Mobile Safari/537.36"
73.233.7.34 - - [10/Sep/2020:12:53:20 -0400] "GET /tweeterfixpart4.html HTTP/1.0" 200 15212 "-" "Mozilla/5.0 (Linux; Android 9; moto g(6)) AppleWebKit/537.36 (KHTML, like Gecko) Chrome/85.0.4183.81 Mobile Safari/537.36"
73.233.7.34 - - [10/Sep/2020:12:53:20 -0400] "GET /scripts/526545.css HTTP/1.0" 200 102 "http://www.pharoahaudio.com/tweeterfixpart4.html" "Mozilla/5.0 (Linux; Android 9; moto g(6)) AppleWebKit/537.36 (KHTML, like Gecko) Chrome/85.0.4183.81 Mobile Safari/537.36"
73.233.7.34 - - [10/Sep/2020:12:53:21 -0400] "GET /images/432_T14_new_contact.jpg HTTP/1.0" 200 20791 "http://www.pharoahaudio.com/tweeterfixpart4.html" "Mozilla/5.0 (Linux; Android 9; moto g(6)) AppleWebKit/537.36 (KHTML, like Gecko) Chrome/85.0.4183.81 Mobile Safari/537.36"
66.249.66.58 - - [10/Sep/2020:13:35:31 -0400] "GET / HTTP/1.0" 200 7026 "-" "Mozilla/5.0 (Linux; Android 6.0.1; Nexus 5X Build/MMB29P) AppleWebKit/537.36 (KHTML, like Gecko) Chrome/80.0.3987.92 Mobile Safari/537.36 (compatible; Googlebot/2.1; +http://www.google.com/bot.html)"
114.119.158.113 - - [10/Sep/2020:13:54:59 -0400] "GET /dvd.html HTTP/1.0" 200 9390 "-" "Mozilla/5.0 (Linux; Android 7.0;) AppleWebKit/537.36 (KHTML, like Gecko) Mobile Safari/537.36 (compatible; PetalBot;+http://aspiegel.com/petalbot)"
65.35.24.30 - - [10/Sep/2020:14:21:46 -0400] "GET /apple-touch-icon-152x152-precomposed.png HTTP/1.0" 404 575 "-" "MobileSafari/604.1 CFNetwork/978.0.7 Darwin/18.7.0"
65.35.24.30 - - [10/Sep/2020:14:21:46 -0400] "GET /favicon.ico HTTP/1.0" 404 575 "-" "MobileSafari/604.1 CFNetwork/978.0.7 Darwin/18.7.0"
73.233.7.34 - - [10/Sep/2020:14:31:48 -0400] "GET /favicon.ico HTTP/1.0" 404 575 "http://www.pharoahaudio.com/tweeterfixpart1.html" "Mozilla/5.0 (Linux; Android 9; moto g(6)) AppleWebKit/537.36 (KHTML, like Gecko) Chrome/85.0.4183.81 Mobile Safari/537.36"
193.81.224.246 - - [10/Sep/2020:15:08:01 -0400] "GET /apple-touch-icon.png HTTP/1.0" 404 575 "-" "MobileSafari/604.1 CFNetwork/1125.2 Darwin/19.4.0"
66.249.66.58 - - [10/Sep/2020:15:22:14 -0400] "GET /soundhomepage/videoclips.html HTTP/1.0" 200 20868 "-" "Mozilla/5.0 (compatible; Googlebot/2.1; +http://www.google.com/bot.html)"
99.70.118.115 - - [10/Sep/2020:15:40:32 -0400] "GET / HTTP/1.0" 200 7026 "-" "Mozilla/5.0 (iPhone; CPU iPhone OS 13_6_1 like Mac OS X) AppleWebKit/605.1.15 (KHTML, like Gecko) Version/13.1.2 Mobile/15E148 Safari/604.1"
99.42.8.157 - - [10/Sep/2020:16:43:27 -0400] "GET /images/180_Syncheck_graphic_wide.JPG HTTP/1.0" 200 3403 "http://www.pharoahaudio.com/synchecklegacy/originalsyncheck.html" "Mozilla/5.0 (Macintosh; Intel Mac OS X 10_15_6) AppleWebKit/605.1.15 (KHTML, like Gecko) Version/13.1.2 Safari/605.1.15"
99.42.8.157 - - [10/Sep/2020:16:43:27 -0400] "GET /scripts/print.css HTTP/1.0" 200 11209 "http://www.pharoahaudio.com/synchecklegacy/originalsyncheck.html" "Mozilla/5.0 (Macintosh; Intel Mac OS X 10_15_6) AppleWebKit/605.1.15 (KHTML, like Gecko) Version/13.1.2 Safari/605.1.15"
83.95.177.182 - - [10/Sep/2020:16:51:33 -0400] "GET /apple-touch-icon.png HTTP/1.0" 404 575 "-" "Safari/14607.3.9 CFNetwork/978.0.7 Darwin/18.7.0 (x86_64)"
34.244.139.68 - - [10/Sep/2020:16:52:04 -0400] "GET /synchecklegacy.html HTTP/1.0" 200 16575 "-" "Mozilla/5.0 (Windows NT 6.2; WOW64)"
66.249.66.58 - - [10/Sep/2020:17:04:58 -0400] "GET /tweeterfixpart1.html HTTP/1.0" 200 16188 "-" "Mozilla/5.0 (compatible; Googlebot/2.1; +http://www.google.com/bot.html)"
83.95.177.182 - - [10/Sep/2020:17:05:59 -0400] "GET /synchecklegacy.html HTTP/1.0" 200 16575 "-" "Mozilla/5.0 (Macintosh; Intel Mac OS X 10_14_6) AppleWebKit/605.1.15 (KHTML, like Gecko)"
205.240.66.94 - - [10/Sep/2020:17:50:01 -0400] "GET /apple-touch-icon-152x152.png HTTP/1.0" 404 575 "-" "MobileSafari/604.1 CFNetwork/978.0.7 Darwin/18.7.0"
205.240.66.94 - - [10/Sep/2020:17:50:02 -0400] "GET /apple-touch-icon.png HTTP/1.0" 404 575 "-" "MobileSafari/604.1 CFNetwork/978.0.7 Darwin/18.7.0"
205.240.66.94 - - [10/Sep/2020:17:50:02 -0400] "GET /apple-touch-icon-152x152.png HTTP/1.0" 404 575 "-" "MobileSafari/604.1 CFNetwork/978.0.7 Darwin/18.7.0"
205.240.66.94 - - [10/Sep/2020:17:50:02 -0400] "GET /apple-touch-icon-precomposed.png HTTP/1.0" 404 575 "-" "MobileSafari/604.1 CFNetwork/978.0.7 Darwin/18.7.0"
66.249.66.58 - - [10/Sep/2020:17:53:05 -0400] "GET /synchecklegacy/syncheck3.html HTTP/1.0" 200 18255 "-" "Mozilla/5.0 (Linux; Android 6.0.1; Nexus 5X Build/MMB29P) AppleWebKit/537.36 (KHTML, like Gecko) Chrome/85.0.4183.97 Mobile Safari/537.36 (compatible; Googlebot/2.1; +http://www.google.com/bot.html)"
66.160.143.139 - - [10/Sep/2020:18:03:01 -0400] "GET /images/936_Candy_s_richfixed_art_bottom.jpg HTTP/1.0" 200 26011 "http://www.pharoahaudio.com/synchecklegacy/synflash.html" "Mozilla/5.0 (Windows NT 6.3; Win64; x64) AppleWebKit/537.36 (KHTML, like Gecko) Chrome/85.0.4183.102 Safari/537.36"
206.116.192.217 - - [10/Sep/2020:18:03:12 -0400] "GET /scripts/print.css HTTP/1.0" 200 11209 "http://www.pharoahaudio.com/tweeterfixpart1.html" "Mozilla/5.0 (Windows NT 10.0; WOW64; rv:68.0) Gecko/20100101 Firefox/68.0"
206.116.192.217 - - [10/Sep/2020:18:03:12 -0400] "GET /images/431_T1b_front_grill_tab_and_holesjpg.JPG HTTP/1.0" 200 37216 "http://www.pharoahaudio.com/tweeterfixpart1.html" "Mozilla/5.0 (Windows NT 10.0; WOW64; rv:68.0) Gecko/20100101 Firefox/68.0"
66.160.143.139 - - [10/Sep/2020:18:04:36 -0400] "GET /images/181_T1_tweeter_unopened.jpg HTTP/1.0" 200 8783 "http://www.pharoahaudio.com/yeolderadiomuseum.html" "Mozilla/5.0 (Windows NT 6.3; Win64; x64) AppleWebKit/537.36 (KHTML, like Gecko) Chrome/85.0.4183.102 Safari/537.36"
66.160.143.139 - - [10/Sep/2020:18:04:36 -0400] "GET /images/Majestic_reversed_for_pages.jpg HTTP/1.0" 200 6769 "http://www.pharoahaudio.com/scripts/526496.css" "Mozilla/5.0 (Windows NT 6.3; Win64; x64) AppleWebKit/537.36 (KHTML, like Gecko) Chrome/85.0.4183.102 Safari/537.36"
206.116.192.217 - - [10/Sep/2020:19:00:03 -0400] "GET /tweeterfixpart4.html HTTP/1.0" 200 15212 "http://www.pharoahaudio.com/tweeterfixpart3.html" "Mozilla/5.0 (Windows NT 10.0; WOW64; rv:68.0) Gecko/20100101 Firefox/68.0"
206.116.192.217 - - [10/Sep/2020:19:00:04 -0400] "GET /images/432_T15_reglue.jpg HTTP/1.0" 200 22594 "http://www.pharoahaudio.com/tweeterfixpart4.html" "Mozilla/5.0 (Windows NT 10.0; WOW64; rv:68.0) Gecko/20100101 Firefox/68.0"
207.46.13.239 - - [10/Sep/2020:19:33:17 -0400] "GET /images/181_T1_tweeter_unopened.jpg HTTP/1.0" 200 8783 "-" "Mozilla/5.0 (compatible; bingbot/2.0; +http://www.bing.com/bingbot.htm)"
205.240.66.94 - - [10/Sep/2020:19:38:12 -0400] "GET /apple-touch-icon-152x152.png HTTP/1.0" 404 575 "-" "MobileSafari/604.1 CFNetwork/978.0.7 Darwin/18.7.0"
66.249.66.62 - - [10/Sep/2020:19:56:24 -0400] "GET /synchecklegacy/synflash.html HTTP/1.0" 200 29791 "-" "Mozilla/5.0 (compatible; Googlebot/2.1; +http://www.google.com/bot.html)"
54.36.149.64 - - [10/Sep/2020:19:59:19 -0400] "GET /synchecklegacy/downloads.html HTTP/1.0" 200 22608 "-" "Mozilla/5.0 (compatible; AhrefsBot/7.0; +http://ahrefs.com/robot/)"
65.35.24.30 - - [10/Sep/2020:21:18:03 -0400] "GET /apple-touch-icon.png HTTP/1.0" 404 575 "-" "MobileSafari/604.1 CFNetwork/978.0.7 Darwin/18.7.0"
71.213.153.74 - - [10/Sep/2020:21:44:06 -0400] "GET /scripts/user.js HTTP/1.0" 200 23762 "http://www.pharoahaudio.com/yeolderadiomuseum.html" "Mozilla/5.0 (Windows NT 10.0; WOW64) AppleWebKit/537.36 (KHTML, like Gecko) Chrome/79.0.3945.130 ADG/11.0.2793 Safari/537.36"
71.213.153.74 - - [10/Sep/2020:21:44:06 -0400] "GET /images/170_AK55C_refinished_front.JPG HTTP/1.0" 200 7480 "http://www.pharoahaudio.com/yeolderadiomuseum.html" "Mozilla/5.0 (Windows NT 10.0; WOW64) AppleWebKit/537.36 (KHTML, like Gecko) Chrome/79.0.3945.130 ADG/11.0.2793 Safari/537.36"
71.213.153.74 - - [10/Sep/2020:21:44:06 -0400] "GET /images/ic_002_body_bg.gif HTTP/1.0" 200 304 "http://www.pharoahaudio.com/scripts/template.css" "Mozilla/5.0 (Windows NT 10.0; WOW64) AppleWebKit/537.36 (KHTML, like Gecko) Chrome/79.0.3945.130 ADG/11.0.2793 Safari/537.36"
54.155.212.205 - - [10/Sep/2020:21:56:54 -0400] "GET / HTTP/1.0" 200 7026 "-" "Pandalytics/1.0 (https://domainsbot.com/pandalytics/)"
114.119.158.113 - - [10/Sep/2020:22:07:13 -0400] "GET / HTTP/1.0" 200 7026 "-" "Mozilla/5.0 (Linux; Android 7.0;) AppleWebKit/537.36 (KHTML, like Gecko) Mobile Safari/537.36 (compatible; PetalBot;+http://aspiegel.com/petalbot)"
66.249.66.62 - - [10/Sep/2020:22:19:54 -0400] "GET /syncheckproducthomepage/syncheck3.html HTTP/1.0" 404 575 "-" "Mozilla/5.0 (compatible; Googlebot/2.1; +http://www.google.com/bot.html)"
205.240.66.94 - - [10/Sep/2020:22:33:36 -0400] "GET /apple-touch-icon-152x152.png HTTP/1.0" 404 575 "-" "MobileSafari/604.1 CFNetwork/978.0.7 Darwin/18.7.0"
17.58.99.66 - - [10/Sep/2020:22:41:49 -0400] "GET /synchecklegacy/syncheck3.html HTTP/1.0" 200 18255 "-" "Mozilla/5.0 (Macintosh; Intel Mac OS X 10_15_5) AppleWebKit/605.1.15 (KHTML, like Gecko) Version/13.1.1 Safari/605.1.15 (Applebot/0.1; +http://www.apple.com/go/applebot)"
98.234.103.87 - - [10/Sep/2020:22:51:29 -0400] "GET /scripts/icwebsiteelement.css HTTP/1.0" 200 8132 "http://www.pharoahaudio.com/synchecklegacy.html" "Mozilla/5.0 (Macintosh; Intel Mac OS X 10_14_6) AppleWebKit/605.1.15 (KHTML, like Gecko) Version/13.1.2 Safari/605.1.15"
98.234.103.87 - - [10/Sep/2020:22:51:29 -0400] "GET /scripts/user.js HTTP/1.0" 200 23762 "http://www.pharoahaudio.com/synchecklegacy.html" "Mozilla/5.0 (Macintosh; Intel Mac OS X 10_14_6) AppleWebKit/605.1.15 (KHTML, like Gecko) Version/13.1.2 Safari/605.1.15"
93.158.161.49 - - [10/Sep/2020:22:53:04 -0400] "GET /robots.txt HTTP/1.0" 200 25 "-" "Mozilla/5.0 (compatible; YandexBot/3.0; +http://yandex.com/bots)"
66.249.66.58 - - [10/Sep/2020:23:09:08 -0400] "GET /synchecklegacy/originalsyncheck.html HTTP/1.0" 200 12667 "-" "Mozilla/5.0 (Linux; Android 6.0.1; Nexus 5X Build/MMB29P) AppleWebKit/537.36 (KHTML, like Gecko) Chrome/85.0.4183.97 Mobile Safari/537.36 (compatible; Googlebot/2.1; +http://www.google.com/bot.html)"
66.249.66.62 - - [10/Sep/2020:23:10:07 -0400] "GET /synchecklegacy/originalsyncheck.html HTTP/1.0" 200 12667 "-" "Mozilla/5.0 (compatible; Googlebot/2.1; +http://www.google.com/bot.html)"
66.249.66.58 - - [10/Sep/2020:23:13:11 -0400] "GET / HTTP/1.0" 200 7026 "-" "Mozilla/5.0 (Linux; Android 6.0.1; Nexus 5X Build/MMB29P) AppleWebKit/537.36 (KHTML, like Gecko) Chrome/80.0.3987.92 Mobile Safari/537.36 (compatible; Googlebot/2.1; +http://www.google.com/bot.html)"
222.153.91.89 - - [10/Sep/2020:23:23:11 -0400] "GET /scripts/photoalbum.js HTTP/1.0" 200 62481 "http://www.pharoahaudio.com/ak35repair1.html" "Mozilla/5.0 (Windows NT 10.0; Win64; x64) AppleWebKit/537.36 (KHTML, like Gecko) Chrome/84.0.4147.105 Safari/537.36"
222.153.91.89 - - [10/Sep/2020:23:23:12 -0400] "GET /scripts/website.css HTTP/1.0" 200 1801 "http://www.pharoahaudio.com/ak35repair1.html" "Mozilla/5.0 (Windows NT 10.0; Win64; x64) AppleWebKit/537.36 (KHTML, like Gecko) Chrome/84.0.4147.105 Safari/537.36"
222.153.91.89 - - [10/Sep/2020:23:23:13 -0400] "GET /images/550_AK35_bottom_900.jpg HTTP/1.0" 200 29141 "http://www.pharoahaudio.com/ak35repair1.html" "Mozilla/5.0 (Windows NT 10.0; Win64; x64) AppleWebKit/537.36 (KHTML, like Gecko) Chrome/84.0.4147.105 Safari/537.36"
222.153.91.89 - - [10/Sep/2020:23:24:02 -0400] "GET /scripts/526521custom.css HTTP/1.0" 200 3839 "http://www.pharoahaudio.com/ak35repair2.html" "Mozilla/5.0 (Windows NT 10.0; Win64; x64) AppleWebKit/537.36 (KHTML, like Gecko) Chrome/84.0.4147.105 Safari/537.36"
222.153.91.89 - - [10/Sep/2020:23:24:26 -0400] "GET /images/448_AK35_RF3_new_primary_CU.JPG HTTP/1.0" 200 23972 "http://www.pharoahaudio.com/ak35repair4.html" "Mozilla/5.0 (Windows NT 10.0; Win64; x64) AppleWebKit/537.36 (KHTML, like Gecko) Chrome/84.0.4147.105 Safari/537.36"
222.153.91.89 - - [10/Sep/2020:23:24:33 -0400] "GET /ak35repair5.html HTTP/1.0" 200 18857 "http://www.pharoahaudio.com/ak35repair4.html" "Mozilla/5.0 (Windows NT 10.0; Win64; x64) AppleWebKit/537.36 (KHTML, like Gecko) Chrome/84.0.4147.105 Safari/537.36"
222.153.91.89 - - [10/Sep/2020:23:24:33 -0400] "GET /scripts/526525custom.css HTTP/1.0" 200 2830 "http://www.pharoahaudio.com/ak35repair5.html" "Mozilla/5.0 (Windows NT 10.0; Win64; x64) AppleWebKit/537.36 (KHTML, like Gecko) Chrome/84.0.4147.105 Safari/537.36"
10.30.83.30 - - [10/Sep/2020:23:33:34 -0400] "GET / HTTP/1.0" 200 7026 "https://avtointeres.ru/" "Mozilla/4.0 (compatible; MSIE 6.0; MSIE 5.5; Windows NT 5.0) Opera 7.02 Bork-edition [en]"
10.30.70.138 - - [10/Sep/2020:23:42:52 -0400] "GET /robots.txt HTTP/1.0" 200 25 "-" "Mozilla/5.0 (compatible; SeznamBot/3.2; +http://napoveda.seznam.cz/en/seznambot-intro/)"
10.30.70.137 - - [10/Sep/2020:23:42:54 -0400] "GET /tweeterfixpart1.html HTTP/1.0" 200 16188 "-" "Mozilla/5.0 (iPhone; CPU iPhone OS 13_7 like Mac OS X) AppleWebKit/605.1.15 (KHTML, like Gecko) Version/13.1.2 Mobile/15E148 Safari/604.1"
10.30.70.138 - - [10/Sep/2020:23:43:07 -0400] "GET /robots.txt HTTP/1.0" 200 25 "-" "Mozilla/5.0 (compatible; SeznamBot/3.2; +http://napoveda.seznam.cz/en/seznambot-intro/)"
10.30.70.138 - - [10/Sep/2020:23:44:03 -0400] "GET /images/282_R26_29_make_pad2.JPG HTTP/1.0" 200 11277 "-" "Mozilla/5.0 (compatible; bingbot/2.0; +http://www.bing.com/bingbot.htm)"
40.77.167.140 - - [10/Sep/2020:00:36:49 -0400] "GET /legacyproductinformatio/syncheck3.html HTTP/1.0" 200 20157 "-" "Mozilla/5.0 (compatible; bingbot/2.0; +http://www.bing.com/bingbot.htm)"
52.152.130.3 - - [10/Sep/2020:00:51:24 -0400] "GET / HTTP/1.0" 200 7026 "-" "python-requests/2.24.0"
114.119.129.92 - - [10/Sep/2020:01:33:52 -0400] "GET /soundhomepage/videoclips.html HTTP/1.0" 200 20868 "-" "Mozilla/5.0 (Linux; Android 7.0;) AppleWebKit/537.36 (KHTML, like Gecko) Mobile Safari/537.36 (compatible; PetalBot;+http://aspiegel.com/petalbot)"
114.119.150.22 - - [10/Sep/2020:02:16:07 -0400] "GET /synchecklegacy/syncheck3.html HTTP/1.0" 200 18255 "-" "Mozilla/5.0 (Linux; Android 7.0;) AppleWebKit/537.36 (KHTML, like Gecko) Mobile Safari/537.36 (compatible; PetalBot;+http://aspiegel.com/petalbot)"
35.239.58.193 - - [10/Sep/2020:02:55:26 -0400] "GET /robots.txt HTTP/1.0" 200 25 "-" "ltx71 - (http://ltx71.com/)"
185.191.171.23 - - [10/Sep/2020:05:02:19 -0400] "GET /tweeterfixpart1.html HTTP/1.0" 200 16188 "-" "Mozilla/5.0 (compatible; SemrushBot/6~bl; +http://www.semrush.com/bot.html)"
114.119.156.102 - - [10/Sep/2020:05:20:25 -0400] "GET /tweeterfixpart1.html HTTP/1.0" 200 16188 "-" "Mozilla/5.0 (Linux; Android 7.0;) AppleWebKit/537.36 (KHTML, like Gecko) Mobile Safari/537.36 (compatible; PetalBot;+http://aspiegel.com/petalbot)"
185.191.171.22 - - [10/Sep/2020:05:32:08 -0400] "GET /robots.txt HTTP/1.0" 200 25 "-" "Mozilla/5.0 (compatible; SemrushBot/6~bl; +http://www.semrush.com/bot.html)"
188.165.174.33 - - [10/Sep/2020:05:42:57 -0400] "GET / HTTP/1.0" 200 7026 "-" "Mozilla/5.0 (X11; Linux x86_64) AppleWebKit/537.36 (KHTML, like Gecko) HeadlessChrome/66.0.3349.0 Safari/537.36"
188.165.174.33 - - [10/Sep/2020:05:42:58 -0400] "GET /soundhomepage.html HTTP/1.0" 200 7026 "http://pharoaheditorial.com" "Mozilla/5.0 (X11; Linux x86_64) AppleWebKit/537.36 (KHTML, like Gecko) HeadlessChrome/66.0.3349.0 Safari/537.36"
188.165.174.33 - - [10/Sep/2020:05:42:59 -0400] "GET /synchecklegacy/syncheckii.html HTTP/1.0" 200 16486 "http://pharoaheditorial.com" "Mozilla/5.0 (X11; Linux x86_64) AppleWebKit/537.36 (KHTML, like Gecko) HeadlessChrome/66.0.3349.0 Safari/537.36"
188.165.174.33 - - [10/Sep/2020:05:43:00 -0400] "GET /soundhomepage/portfolio.html HTTP/1.0" 200 45746 "http://pharoaheditorial.com" "Mozilla/5.0 (X11; Linux x86_64) AppleWebKit/537.36 (KHTML, like Gecko) HeadlessChrome/66.0.3349.0 Safari/537.36"
40.77.167.140 - - [10/Sep/2020:06:02:53 -0400] "GET /images/448_R26_09_hinge_old_soldered.JPG HTTP/1.0" 200 17773 "-" "Mozilla/5.0 (compatible; bingbot/2.0; +http://www.bing.com/bingbot.htm)"
174.252.193.116 - - [10/Sep/2020:06:11:19 -0400] "GET /images/428_AK35_RF2_severed_CU_hilite.jpg HTTP/1.0" 200 28240 "http://www.pharoahaudio.com/ak35repair2.html" "Mozilla/5.0 (iPhone; CPU iPhone OS 13_7 like Mac OS X) AppleWebKit/605.1.15 (KHTML, like Gecko) GSA/123.4.330040034 Mobile/15E148 Safari/604.1"
174.252.193.116 - - [10/Sep/2020:06:13:21 -0400] "GET /scripts/526523.css HTTP/1.0" 200 102 "http://www.pharoahaudio.com/ak35repair3.html" "Mozilla/5.0 (iPhone; CPU iPhone OS 13_7 like Mac OS X) AppleWebKit/605.1.15 (KHTML, like Gecko) GSA/123.4.330040034 Mobile/15E148 Safari/604.1"
174.252.193.116 - - [10/Sep/2020:06:13:22 -0400] "GET /images/448_AK35_tapped_resistor_crop.jpg HTTP/1.0" 200 29416 "http://www.pharoahaudio.com/ak35repair3.html" "Mozilla/5.0 (iPhone; CPU iPhone OS 13_7 like Mac OS X) AppleWebKit/605.1.15 (KHTML, like Gecko) GSA/123.4.330040034 Mobile/15E148 Safari/604.1"
185.191.171.24 - - [10/Sep/2020:06:19:00 -0400] "GET /robots.txt HTTP/1.0" 200 25 "-" "Mozilla/5.0 (compatible; SemrushBot/6~bl; +http://www.semrush.com/bot.html)"
185.191.171.20 - - [10/Sep/2020:06:24:29 -0400] "GET /synchecklegacy/originalsyncheck.html HTTP/1.0" 200 12667 "-" "Mozilla/5.0 (compatible; SemrushBot/6~bl; +http://www.semrush.com/bot.html)"
91.155.2.238 - - [10/Sep/2020:06:24:44 -0400] "GET /apple-touch-icon.png HTTP/1.0" 404 575 "-" "Safari/14607.3.9 CFNetwork/978.0.7 Darwin/18.7.0 (x86_64)"
91.155.2.238 - - [10/Sep/2020:06:24:45 -0400] "GET /apple-touch-icon-precomposed.png HTTP/1.0" 404 575 "-" "Safari/14607.3.9 CFNetwork/978.0.7 Darwin/18.7.0 (x86_64)"
174.252.193.116 - - [10/Sep/2020:06:24:51 -0400] "GET /scripts/526542.css HTTP/1.0" 200 102 "http://www.pharoahaudio.com/tweeterfixpart1.html" "Mozilla/5.0 (iPhone; CPU iPhone OS 13_7 like Mac OS X) AppleWebKit/605.1.15 (KHTML, like Gecko) GSA/123.4.330040034 Mobile/15E148 Safari/604.1"
174.252.193.116 - - [10/Sep/2020:06:27:17 -0400] "GET /images/432_T5_open_tweeter_parts.jpg HTTP/1.0" 200 15870 "http://www.pharoahaudio.com/tweeterfixpart2.html" "Mozilla/5.0 (iPhone; CPU iPhone OS 13_7 like Mac OS X) AppleWebKit/605.1.15 (KHTML, like Gecko) GSA/123.4.330040034 Mobile/15E148 Safari/604.1"
174.252.193.116 - - [10/Sep/2020:06:29:50 -0400] "GET /scripts/526544.css HTTP/1.0" 200 102 "http://www.pharoahaudio.com/tweeterfixpart3.html" "Mozilla/5.0 (iPhone; CPU iPhone OS 13_7 like Mac OS X) AppleWebKit/605.1.15 (KHTML, like Gecko) GSA/123.4.330040034 Mobile/15E148 Safari/604.1"
174.252.193.116 - - [10/Sep/2020:06:29:50 -0400] "GET /images/432_T10_new_foam2.jpg HTTP/1.0" 200 38819 "http://www.pharoahaudio.com/tweeterfixpart3.html" "Mozilla/5.0 (iPhone; CPU iPhone OS 13_7 like Mac OS X) AppleWebKit/605.1.15 (KHTML, like Gecko) GSA/123.4.330040034 Mobile/15E148 Safari/604.1"
174.252.193.116 - - [10/Sep/2020:06:31:55 -0400] "GET /scripts/526545.css HTTP/1.0" 200 102 "http://www.pharoahaudio.com/tweeterfixpart4.html" "Mozilla/5.0 (iPhone; CPU iPhone OS 13_7 like Mac OS X) AppleWebKit/605.1.15 (KHTML, like Gecko) GSA/123.4.330040034 Mobile/15E148 Safari/604.1"
174.252.193.116 - - [10/Sep/2020:06:31:55 -0400] "GET /scripts/526545custom.css HTTP/1.0" 200 2487 "http://www.pharoahaudio.com/tweeterfixpart4.html" "Mozilla/5.0 (iPhone; CPU iPhone OS 13_7 like Mac OS X) AppleWebKit/605.1.15 (KHTML, like Gecko) GSA/123.4.330040034 Mobile/15E148 Safari/604.1"
174.252.193.116 - - [10/Sep/2020:06:31:55 -0400] "GET /images/432_T15_reglue.jpg HTTP/1.0" 200 22594 "http://www.pharoahaudio.com/tweeterfixpart4.html" "Mozilla/5.0 (iPhone; CPU iPhone OS 13_7 like Mac OS X) AppleWebKit/605.1.15 (KHTML, like Gecko) GSA/123.4.330040034 Mobile/15E148 Safari/604.1"
161.35.100.215 - - [10/Sep/2020:06:58:08 -0400] "GET / HTTP/1.0" 200 7026 "-" "python-requests/2.24.0"
81.111.177.227 - - [10/Sep/2020:07:28:28 -0400] "GET /apple-touch-icon.png HTTP/1.0" 404 575 "-" "Safari/14609.3.5.1.5 CFNetwork/978.4 Darwin/18.7.0 (x86_64)"
54.36.148.190 - - [10/Sep/2020:07:46:59 -0400] "GET / HTTP/1.0" 200 7026 "-" "Mozilla/5.0 (compatible; AhrefsBot/7.0; +http://ahrefs.com/robot/)"
5.9.141.8 - - [10/Sep/2020:08:14:08 -0400] "GET /robots.txt HTTP/1.0" 200 25 "-" "Mozilla/5.0 (compatible; MJ12bot/v1.4.8; http://mj12bot.com/)"
5.9.141.8 - - [10/Sep/2020:08:14:10 -0400] "GET /2pop.html HTTP/1.0" 200 7228 "-" "Mozilla/5.0 (compatible; MJ12bot/v1.4.8; http://mj12bot.com/)"
5.9.141.8 - - [10/Sep/2020:08:14:52 -0400] "GET /contact.html HTTP/1.0" 200 8375 "-" "Mozilla/5.0 (compatible; MJ12bot/v1.4.8; http://mj12bot.com/)"
5.9.141.8 - - [10/Sep/2020:08:14:55 -0400] "GET /deliverables.html HTTP/1.0" 200 22447 "-" "Mozilla/5.0 (compatible; MJ12bot/v1.4.8; http://mj12bot.com/)"
5.9.141.8 - - [10/Sep/2020:08:15:05 -0400] "GET /ftplist.html HTTP/1.0" 200 8735 "-" "Mozilla/5.0 (compatible; MJ12bot/v1.4.8; http://mj12bot.com/)"
5.9.141.8 - - [10/Sep/2020:08:15:11 -0400] "GET /legacyproductinformatio/originalsyncheck.html HTTP/1.0" 200 14586 "-" "Mozilla/5.0 (compatible; MJ12bot/v1.4.8; http://mj12bot.com/)"
5.9.141.8 - - [10/Sep/2020:08:15:41 -0400] "GET /radiola26part1.html HTTP/1.0" 200 17612 "-" "Mozilla/5.0 (compatible; MJ12bot/v1.4.8; http://mj12bot.com/)"
5.9.141.8 - - [10/Sep/2020:08:16:00 -0400] "GET /radiola26part7.html HTTP/1.0" 200 23612 "-" "Mozilla/5.0 (compatible; MJ12bot/v1.4.8; http://mj12bot.com/)"
5.9.141.8 - - [10/Sep/2020:08:16:47 -0400] "GET /ak55cpart1.html HTTP/1.0" 200 19240 "-" "Mozilla/5.0 (compatible; MJ12bot/v1.4.8; http://mj12bot.com/)"
5.9.141.8 - - [10/Sep/2020:08:16:55 -0400] "GET /ak55cpart4.html HTTP/1.0" 200 21913 "-" "Mozilla/5.0 (compatible; MJ12bot/v1.4.8; http://mj12bot.com/)"
5.9.141.8 - - [10/Sep/2020:08:17:22 -0400] "GET /ptvideosyncstudy.html HTTP/1.0" 200 39523 "-" "Mozilla/5.0 (compatible; MJ12bot/v1.4.8; http://mj12bot.com/)"
54.36.149.12 - - [10/Sep/2020:09:04:04 -0400] "GET /images/OfTheeISing_excerpt.mp3 HTTP/1.0" 200 7692881 "-" "Mozilla/5.0 (compatible; AhrefsBot/7.0; +http://ahrefs.com/robot/)"
92.237.157.54 - - [10/Sep/2020:09:15:09 -0400] "GET /favicon.ico HTTP/1.0" 404 575 "http://www.pharoahaudio.com/syncheckproducthomepage/syncheck3.html" "Mozilla/5.0 (Macintosh; Intel Mac OS X 10_13_6) AppleWebKit/537.36 (KHTML, like Gecko) Chrome/85.0.4183.83 Safari/537.36"
114.119.137.8 - - [10/Sep/2020:09:15:40 -0400] "GET /ak55cpart6.html HTTP/1.0" 200 18259 "-" "Mozilla/5.0 (Linux; Android 7.0;) AppleWebKit/537.36 (KHTML, like Gecko) Mobile Safari/537.36 (compatible; PetalBot;+http://aspiegel.com/petalbot)"
66.249.81.62 - - [10/Sep/2020:09:17:33 -0400] "GET /images/550_AK35_bottom_900.jpg HTTP/1.0" 200 29141 "-" "Mozilla/5.0 (Windows NT 5.1; rv:11.0) Gecko Firefox/11.0 (via ggpht.com GoogleImageProxy)"
222.163.219.146 - - [10/Sep/2020:09:34:16 -0400] "GET /editor/editor/filemanager/connectors/aspx/connector.aspx HTTP/1.0" 404 575 "-" "Mozilla/4.0 (compatible; MSIE 6.0; Windows NT 5.1; SV1)"
222.163.219.146 - - [10/Sep/2020:09:34:17 -0400] "GET /editor/editor/filemanager/browser/default/connectors/aspx/connector.aspx HTTP/1.0" 404 575 "-" "Mozilla/4.0 (compatible; MSIE 6.0; Windows NT 5.1; SV1)"
222.163.219.146 - - [10/Sep/2020:09:34:33 -0400] "GET /editor/editor/filemanager/connectors/asp/connector.asp HTTP/1.0" 404 575 "-" "Mozilla/4.0 (compatible; MSIE 6.0; Windows NT 5.1; SV1)"
90.231.98.16 - - [10/Sep/2020:09:58:26 -0400] "GET /apple-touch-icon.png HTTP/1.0" 404 575 "-" "MobileSafari/604.1 CFNetwork/978.0.7 Darwin/18.7.0"
157.55.39.124 - - [10/Sep/2020:10:03:20 -0400] "GET /pages/526495/index.htm HTTP/1.0" 404 575 "-" "Mozilla/5.0 (compatible; bingbot/2.0; +http://www.bing.com/bingbot.htm)"
92.40.171.37 - - [10/Sep/2020:10:08:17 -0400] "GET /scripts/526542.css HTTP/1.0" 200 102 "http://www.pharoahaudio.com/tweeterfixpart1.html" "Mozilla/5.0 (Windows NT 10.0; Win64; x64) AppleWebKit/537.36 (KHTML, like Gecko) Chrome/84.0.4147.135 Safari/537.36"
92.40.171.37 - - [10/Sep/2020:10:08:17 -0400] "GET /scripts/user.js HTTP/1.0" 200 23762 "http://www.pharoahaudio.com/tweeterfixpart1.html" "Mozilla/5.0 (Windows NT 10.0; Win64; x64) AppleWebKit/537.36 (KHTML, like Gecko) Chrome/84.0.4147.135 Safari/537.36"
185.191.171.2 - - [10/Sep/2020:10:21:31 -0400] "GET /ac55cpart5.html HTTP/1.0" 200 21208 "-" "Mozilla/5.0 (compatible; SemrushBot/6~bl; +http://www.semrush.com/bot.html)"
114.119.137.8 - - [10/Sep/2020:10:46:14 -0400] "GET /ak35repair3.html HTTP/1.0" 200 19856 "-" "Mozilla/5.0 (Linux; Android 7.0;) AppleWebKit/537.36 (KHTML, like Gecko) Mobile Safari/537.36 (compatible; PetalBot;+http://aspiegel.com/petalbot)"
69.197.177.18 - - [10/Sep/2020:11:21:20 -0400] "GET /synchecklegacy.html HTTP/1.0" 200 16575 "-" "Mozilla/5.0 (Macintosh; Intel Mac OS X 10_12_5) AppleWeb Kit/537.36 (KHTML, like Gecko) Chrome/58.0.3029.110 Safari/537.36"
40.77.167.215 - - [10/Sep/2020:11:46:40 -0400] "GET /legacyproductinformatio/originalsyncheck.html HTTP/1.0" 200 14586 "-" "Mozilla/5.0 (compatible; bingbot/2.0; +http://www.bing.com/bingbot.htm)"
65.35.24.30 - - [10/Sep/2020:11:47:15 -0400] "GET /apple-touch-icon.png HTTP/1.0" 404 575 "-" "MobileSafari/604.1 CFNetwork/978.0.7 Darwin/18.7.0"
79.97.133.58 - - [10/Sep/2020:11:47:32 -0400] "GET /syncheckproducthomepage.html HTTP/1.0" 404 575 "-" "Mozilla/5.0 (Windows NT 10.0; Win64; x64) AppleWebKit/537.36 (KHTML, like Gecko) Chrome/85.0.4183.102 Safari/537.36"
114.119.131.151 - - [10/Sep/2020:11:50:36 -0400] "GET /robots.txt HTTP/1.0" 200 25 "-" "(compatible;PetalBot;+http://aspiegel.com/petalbot)"
83.30.114.152 - - [10/Sep/2020:12:17:46 -0400] "GET /scripts/ic_globals_published.js HTTP/1.0" 200 566 "http://www.pharoahaudio.com/ak35repair1.html" "Mozilla/5.0 (Windows NT 10.0; Win64; x64) AppleWebKit/537.36 (KHTML, like Gecko) Chrome/84.0.4147.135 Safari/537.36 OPR/70.0.3728.154"
83.30.114.152 - - [10/Sep/2020:12:17:46 -0400] "GET /scripts/526522custom.css HTTP/1.0" 200 3503 "http://www.pharoahaudio.com/ak35repair1.html" "Mozilla/5.0 (Windows NT 10.0; Win64; x64) AppleWebKit/537.36 (KHTML, like Gecko) Chrome/84.0.4147.135 Safari/537.36 OPR/70.0.3728.154"
83.30.114.152 - - [10/Sep/2020:12:20:55 -0400] "GET /scripts/526525.css HTTP/1.0" 200 102 "http://www.pharoahaudio.com/ak35repair5.html" "Mozilla/5.0 (Windows NT 10.0; Win64; x64) AppleWebKit/537.36 (KHTML, like Gecko) Chrome/84.0.4147.135 Safari/537.36 OPR/70.0.3728.154"
73.233.7.34 - - [10/Sep/2020:12:53:20 -0400] "GET /images/432_T4_strip_pulled_out.jpg HTTP/1.0" 200 35044 "-" "Mozilla/5.0 (Linux; Android 9; moto g(6)) AppleWebKit/537.36 (KHTML, like Gecko) Chrome/85.0.4183.81 Mobile Safari/537.36"
185.191.171.8 - - [10/Sep/2020:14:02:30 -0400] "GET /robots.txt HTTP/1.0" 200 25 "-" "Mozilla/5.0 (compatible; SemrushBot/6~bl; +http://www.semrush.com/bot.html)"
185.191.171.7 - - [10/Sep/2020:14:02:32 -0400] "GET /images/Kenny_Karl_web.wmv HTTP/1.0" 200 17187895 "-" "Mozilla/5.0 (compatible; SemrushBot/6~bl; +http://www.semrush.com/bot.html)"
54.154.201.51 - - [10/Sep/2020:14:06:23 -0400] "GET /soundhomepage/portfolio.html HTTP/1.0" 200 45746 "-" "Mozilla/5.0 (Windows NT 6.2; WOW64)"
66.249.66.60 - - [10/Sep/2020:15:11:46 -0400] "GET /soundhomepage/aboutrichardfairbanks.html HTTP/1.0" 200 13501 "-" "Mozilla/5.0 (compatible; Googlebot/2.1; +http://www.google.com/bot.html)"
76.120.6.247 - - [10/Sep/2020:16:00:03 -0400] "GET /images/448_AK35_grid_leak_repair_hilite.JPG HTTP/1.0" 200 27097 "https://www.bing.com/" "Mozilla/5.0 (Windows NT 10.0; Win64; x64) AppleWebKit/537.36 (KHTML, like Gecko) Chrome/85.0.4183.83 Safari/537.36 Edg/85.0.564.44"
40.77.167.215 - - [10/Sep/2020:16:33:48 -0400] "GET /images/282_R26_33_make_pad6.JPG HTTP/1.0" 200 12775 "-" "Mozilla/5.0 (compatible; bingbot/2.0; +http://www.bing.com/bingbot.htm)"
34.82.103.126 - - [10/Sep/2020:16:35:32 -0400] "GET / HTTP/1.0" 200 7026 "-" "Mozilla/5.0 (Windows NT 10.0; Win64; x64; rv:79.0) Gecko/20100101 Firefox/79.0"
99.42.8.157 - - [10/Sep/2020:16:43:27 -0400] "GET /synchecklegacy/originalsyncheck.html HTTP/1.0" 200 12667 "https://www.google.com/" "Mozilla/5.0 (Macintosh; Intel Mac OS X 10_15_6) AppleWebKit/605.1.15 (KHTML, like Gecko) Version/13.1.2 Safari/605.1.15"
99.42.8.157 - - [10/Sep/2020:16:43:27 -0400] "GET /scripts/user.js HTTP/1.0" 200 23762 "http://www.pharoahaudio.com/synchecklegacy/originalsyncheck.html" "Mozilla/5.0 (Macintosh; Intel Mac OS X 10_15_6) AppleWebKit/605.1.15 (KHTML, like Gecko) Version/13.1.2 Safari/605.1.15"
99.42.8.157 - - [10/Sep/2020:16:43:27 -0400] "GET /scripts/photoalbum.js HTTP/1.0" 200 62481 "http://www.pharoahaudio.com/synchecklegacy/originalsyncheck.html" "Mozilla/5.0 (Macintosh; Intel Mac OS X 10_15_6) AppleWebKit/605.1.15 (KHTML, like Gecko) Version/13.1.2 Safari/605.1.15"
99.42.8.157 - - [10/Sep/2020:16:43:27 -0400] "GET /images/396_SyncheckEMS_in_hand2_whiteBG.jpg HTTP/1.0" 200 17723 "http://www.pharoahaudio.com/synchecklegacy/originalsyncheck.html" "Mozilla/5.0 (Macintosh; Intel Mac OS X 10_15_6) AppleWebKit/605.1.15 (KHTML, like Gecko) Version/13.1.2 Safari/605.1.15"
99.42.8.157 - - [10/Sep/2020:16:43:27 -0400] "GET /images/144_Syncheck_graphic_wide.JPG HTTP/1.0" 200 3057 "http://www.pharoahaudio.com/synchecklegacy/originalsyncheck.html" "Mozilla/5.0 (Macintosh; Intel Mac OS X 10_15_6) AppleWebKit/605.1.15 (KHTML, like Gecko) Version/13.1.2 Safari/605.1.15"
99.42.8.157 - - [10/Sep/2020:16:43:28 -0400] "GET /images/ic_002_body_bg.gif HTTP/1.0" 200 304 "http://www.pharoahaudio.com/synchecklegacy/originalsyncheck.html" "Mozilla/5.0 (Macintosh; Intel Mac OS X 10_15_6) AppleWebKit/605.1.15 (KHTML, like Gecko) Version/13.1.2 Safari/605.1.15"
83.95.177.182 - - [10/Sep/2020:16:51:33 -0400] "GET /synchecklegacy.html HTTP/1.0" 200 16575 "-" "Mozilla/5.0 (Macintosh; Intel Mac OS X 10_14_6) AppleWebKit/605.1.15 (KHTML, like Gecko)"
83.95.177.182 - - [10/Sep/2020:16:51:36 -0400] "GET /synchecklegacy.html HTTP/1.0" 200 16575 "-" "Mozilla/5.0 (iPhone; CPU iPhone OS 12_1_3 like Mac OS X) AppleWebKit/605.1.15 (KHTML, like Gecko) Version/12.0 Mobile/15E148 Safari/604.1"
83.95.177.182 - - [10/Sep/2020:16:51:37 -0400] "GET /favicon.ico HTTP/1.0" 404 575 "-" "Safari/14607.3.9 CFNetwork/978.0.7 Darwin/18.7.0 (x86_64)"
65.35.24.30 - - [10/Sep/2020:17:14:40 -0400] "GET /apple-touch-icon-152x152.png HTTP/1.0" 404 575 "-" "MobileSafari/604.1 CFNetwork/978.0.7 Darwin/18.7.0"
54.36.149.12 - - [10/Sep/2020:17:40:44 -0400] "GET /radiola26part6.html HTTP/1.0" 200 25910 "-" "Mozilla/5.0 (compatible; AhrefsBot/7.0; +http://ahrefs.com/robot/)"
205.240.66.94 - - [10/Sep/2020:17:50:02 -0400] "GET /apple-touch-icon-152x152-precomposed.png HTTP/1.0" 404 575 "-" "MobileSafari/604.1 CFNetwork/978.0.7 Darwin/18.7.0"
205.240.66.94 - - [10/Sep/2020:17:50:02 -0400] "GET /apple-touch-icon-152x152-precomposed.png HTTP/1.0" 404 575 "-" "MobileSafari/604.1 CFNetwork/978.0.7 Darwin/18.7.0"
66.160.143.139 - - [10/Sep/2020:17:52:55 -0400] "GET /scripts/template.css HTTP/1.0" 200 11360 "http://www.pharoahaudio.com/synchecklegacy/originalsyncheck.html" "Mozilla/5.0 (Windows NT 6.3; Win64; x64) AppleWebKit/537.36 (KHTML, like Gecko) Chrome/85.0.4183.102 Safari/537.36"
66.160.143.139 - - [10/Sep/2020:17:52:55 -0400] "GET /scripts/website.css HTTP/1.0" 200 1801 "http://www.pharoahaudio.com/synchecklegacy/originalsyncheck.html" "Mozilla/5.0 (Windows NT 6.3; Win64; x64) AppleWebKit/537.36 (KHTML, like Gecko) Chrome/85.0.4183.102 Safari/537.36"
66.160.143.139 - - [10/Sep/2020:17:52:55 -0400] "GET /scripts/icwebsiteelement.css HTTP/1.0" 200 8132 "http://www.pharoahaudio.com/synchecklegacy/originalsyncheck.html" "Mozilla/5.0 (Windows NT 6.3; Win64; x64) AppleWebKit/537.36 (KHTML, like Gecko) Chrome/85.0.4183.102 Safari/537.36"
66.160.143.139 - - [10/Sep/2020:17:52:56 -0400] "GET /images/810_SyncheckEMS_on_table.jpg HTTP/1.0" 200 42039 "http://www.pharoahaudio.com/synchecklegacy/originalsyncheck.html" "Mozilla/5.0 (Windows NT 6.3; Win64; x64) AppleWebKit/537.36 (KHTML, like Gecko) Chrome/85.0.4183.102 Safari/537.36"
66.160.143.139 - - [10/Sep/2020:18:02:47 -0400] "GET /images/270_SY2_PamHand_flyer_version_color.JPG HTTP/1.0" 200 9944 "http://www.pharoahaudio.com/synchecklegacy/syncheckii.html" "Mozilla/5.0 (Windows NT 6.3; Win64; x64) AppleWebKit/537.36 (KHTML, like Gecko) Chrome/85.0.4183.102 Safari/537.36"
66.160.143.139 - - [10/Sep/2020:18:02:47 -0400] "GET /images/270_SY2_hand_antique_spkr.JPG HTTP/1.0" 200 10842 "http://www.pharoahaudio.com/synchecklegacy/syncheckii.html" "Mozilla/5.0 (Windows NT 6.3; Win64; x64) AppleWebKit/537.36 (KHTML, like Gecko) Chrome/85.0.4183.102 Safari/537.36"
66.160.143.139 - - [10/Sep/2020:18:03:01 -0400] "GET /images/197_SynFlash_black_table_L.jpg HTTP/1.0" 200 4980 "http://www.pharoahaudio.com/synchecklegacy/synflash.html" "Mozilla/5.0 (Windows NT 6.3; Win64; x64) AppleWebKit/537.36 (KHTML, like Gecko) Chrome/85.0.4183.102 Safari/537.36"
66.160.143.139 - - [10/Sep/2020:18:03:01 -0400] "GET /images/197_SynFlash_black_table_R.jpg HTTP/1.0" 200 4818 "http://www.pharoahaudio.com/synchecklegacy/synflash.html" "Mozilla/5.0 (Windows NT 6.3; Win64; x64) AppleWebKit/537.36 (KHTML, like Gecko) Chrome/85.0.4183.102 Safari/537.36"
66.160.143.139 - - [10/Sep/2020:18:03:01 -0400] "GET /images/936_Candy_s_richfixed_art_top.jpg HTTP/1.0" 200 33225 "http://www.pharoahaudio.com/synchecklegacy/synflash.html" "Mozilla/5.0 (Windows NT 6.3; Win64; x64) AppleWebKit/537.36 (KHTML, like Gecko) Chrome/85.0.4183.102 Safari/537.36"
206.116.192.217 - - [10/Sep/2020:18:03:12 -0400] "GET /scripts/photoalbum.js HTTP/1.0" 200 62481 "http://www.pharoahaudio.com/tweeterfixpart1.html" "Mozilla/5.0 (Windows NT 10.0; WOW64; rv:68.0) Gecko/20100101 Firefox/68.0"
206.116.192.217 - - [10/Sep/2020:18:03:12 -0400] "GET /images/ic_002_body_bg.gif HTTP/1.0" 200 304 "http://www.pharoahaudio.com/scripts/template.css" "Mozilla/5.0 (Windows NT 10.0; WOW64; rv:68.0) Gecko/20100101 Firefox/68.0"
206.116.192.217 - - [10/Sep/2020:18:03:12 -0400] "GET /images/ic_002_banner_bg_wide.jpg HTTP/1.0" 200 5805 "http://www.pharoahaudio.com/scripts/template.css" "Mozilla/5.0 (Windows NT 10.0; WOW64; rv:68.0) Gecko/20100101 Firefox/68.0"
206.116.192.217 - - [10/Sep/2020:18:03:12 -0400] "GET /images/Majestic_reversed_for_pages.jpg HTTP/1.0" 200 6769 "http://www.pharoahaudio.com/scripts/526542.css" "Mozilla/5.0 (Windows NT 10.0; WOW64; rv:68.0) Gecko/20100101 Firefox/68.0"
206.116.192.217 - - [10/Sep/2020:18:03:12 -0400] "GET /favicon.ico HTTP/1.0" 404 575 "-" "Mozilla/5.0 (Windows NT 10.0; WOW64; rv:68.0) Gecko/20100101 Firefox/68.0"
66.160.143.139 - - [10/Sep/2020:18:16:34 -0400] "GET /scripts/526515custom.css HTTP/1.0" 200 3841 "http://www.pharoahaudio.com/synchecklegacy/downloads.html" "Mozilla/5.0 (Windows NT 6.3; Win64; x64) AppleWebKit/537.36 (KHTML, like Gecko) Chrome/85.0.4183.102 Safari/537.36"
66.160.143.139 - - [10/Sep/2020:18:16:34 -0400] "GET /images/doctype_pdf.gif HTTP/1.0" 200 1257 "http://www.pharoahaudio.com/synchecklegacy/downloads.html" "Mozilla/5.0 (Windows NT 6.3; Win64; x64) AppleWebKit/537.36 (KHTML, like Gecko) Chrome/85.0.4183.102 Safari/537.36"
66.160.143.139 - - [10/Sep/2020:18:16:34 -0400] "GET /images/doctype_zip.gif HTTP/1.0" 200 1227 "http://www.pharoahaudio.com/synchecklegacy/downloads.html" "Mozilla/5.0 (Windows NT 6.3; Win64; x64) AppleWebKit/537.36 (KHTML, like Gecko) Chrome/85.0.4183.102 Safari/537.36"
205.240.66.94 - - [10/Sep/2020:18:30:17 -0400] "GET /ak35repair3.html HTTP/1.0" 200 19856 "-" "Mozilla/5.0 (iPad; CPU OS 12_4_1 like Mac OS X) AppleWebKit/605.1.15 (KHTML, like Gecko) Version/12.1.2 Mobile/15E148 Safari/604.1"
205.240.66.94 - - [10/Sep/2020:18:30:17 -0400] "GET /apple-touch-icon-precomposed.png HTTP/1.0" 404 575 "-" "MobileSafari/604.1 CFNetwork/978.0.7 Darwin/18.7.0"
114.119.147.213 - - [10/Sep/2020:18:38:48 -0400] "GET /robots.txt HTTP/1.0" 200 25 "-" "(compatible;PetalBot;+http://aspiegel.com/petalbot)"
