66.249.66.146 - - [01/Dec/2005:06:25:44 -0500] "GET /righttest.html HTTP/1.1" 200 13019 "-" "Mozilla/5.0 (compatible; Googlebot/2.1; +http://www.google.com/bot.html)"
66.194.6.80 - - [01/Dec/2005:11:51:55 -0500] "GET / HTTP/1.1" 200 455 "-" "Mozilla/4.0 (compatible; MSIE 6.0; Windows NT 5.1; Q312463)"
68.142.251.15 - - [01/Dec/2005:18:09:40 -0500] "GET /giftware/incense.html HTTP/1.0" 200 61007 "-" "Mozilla/5.0 (compatible; Yahoo! Slurp; http://help.yahoo.com/help/us/ysearch/slurp)"
68.142.251.145 - - [01/Dec/2005:18:09:40 -0500] "GET /robots.txt HTTP/1.0" 404 204 "-" "Mozilla/5.0 (compatible; Yahoo! Slurp; http://help.yahoo.com/help/us/ysearch/slurp)"
24.174.29.108 - - [01/Dec/2005:21:04:01 -0500] "GET /images/31018.gif HTTP/1.1" 200 12571 "http://www.wheredidyougetthatgift.com/garden/plaques.html" "Mozilla/4.0 (compatible; MSIE 6.0; Windows NT 5.1; sbcydsl 3.12; SV1)"
24.174.29.108 - - [01/Dec/2005:21:04:01 -0500] "GET /images/30098.gif HTTP/1.1" 200 9844 "http://www.wheredidyougetthatgift.com/garden/plaques.html" "Mozilla/4.0 (compatible; MSIE 6.0; Windows NT 5.1; sbcydsl 3.12; SV1)"
24.174.29.108 - - [01/Dec/2005:21:04:01 -0500] "GET /garden/hp_null.css HTTP/1.1" 404 224 "http://www.wheredidyougetthatgift.com/garden/plaques.html" "Mozilla/4.0 (compatible; MSIE 6.0; Windows NT 5.1; sbcydsl 3.12; SV1)"
24.174.29.108 - - [01/Dec/2005:21:04:01 -0500] "GET /images/addcart.gif HTTP/1.1" 200 1406 "http://www.wheredidyougetthatgift.com/garden/plaques.html" "Mozilla/4.0 (compatible; MSIE 6.0; Windows NT 5.1; sbcydsl 3.12; SV1)"
24.174.29.108 - - [01/Dec/2005:21:04:01 -0500] "GET /garden/plaques.html HTTP/1.1" 200 42398 "http://www.ask.com/web?q=gift+plaques&o=10361&qsrc=247&qid=A6F76D8D54446F190EE777E2A2039FB9&page=3" "Mozilla/4.0 (compatible; MSIE 6.0; Windows NT 5.1; sbcydsl 3.12; SV1)"
24.174.29.108 - - [01/Dec/2005:21:04:01 -0500] "GET /images/29502.gif HTTP/1.1" 200 8477 "http://www.wheredidyougetthatgift.com/garden/plaques.html" "Mozilla/4.0 (compatible; MSIE 6.0; Windows NT 5.1; sbcydsl 3.12; SV1)"
24.174.29.108 - - [01/Dec/2005:21:04:01 -0500] "GET /images/30732.gif HTTP/1.1" 200 10010 "http://www.wheredidyougetthatgift.com/garden/plaques.html" "Mozilla/4.0 (compatible; MSIE 6.0; Windows NT 5.1; sbcydsl 3.12; SV1)"
24.174.29.108 - - [01/Dec/2005:21:04:01 -0500] "GET /images/30099.gif HTTP/1.1" 200 10474 "http://www.wheredidyougetthatgift.com/garden/plaques.html" "Mozilla/4.0 (compatible; MSIE 6.0; Windows NT 5.1; sbcydsl 3.12; SV1)"
24.174.29.108 - - [01/Dec/2005:21:04:02 -0500] "GET /images/30155.gif HTTP/1.1" 200 10775 "http://www.wheredidyougetthatgift.com/garden/plaques.html" "Mozilla/4.0 (compatible; MSIE 6.0; Windows NT 5.1; sbcydsl 3.12; SV1)"
68.142.251.146 - - [02/Dec/2005:10:47:24 -0500] "GET /robots.txt HTTP/1.0" 404 204 "-" "Mozilla/5.0 (compatible; Yahoo! Slurp; http://help.yahoo.com/help/us/ysearch/slurp)"
68.142.251.22 - - [02/Dec/2005:10:47:24 -0500] "GET /collectible... HTTP/1.0" 404 208 "-" "Mozilla/5.0 (compatible; Yahoo! Slurp; http://help.yahoo.com/help/us/ysearch/slurp)"
66.194.6.84 - - [02/Dec/2005:11:51:54 -0500] "GET / HTTP/1.1" 200 455 "-" "Mozilla/5.0 (compatible; Konqueror/3.1-rc5; i686 Linux; 20020302)"
216.13.169.244 - - [02/Dec/2005:19:19:54 -0500] "GET /top.html HTTP/1.0" 200 1473 "-" "-"
216.13.169.244 - - [02/Dec/2005:19:19:54 -0500] "GET /category-menus.html HTTP/1.0" 200 11777 "-" "-"
216.13.169.244 - - [02/Dec/2005:19:19:54 -0500] "GET / HTTP/1.0" 200 455 "-" "-"
216.13.169.244 - - [02/Dec/2005:19:19:55 -0500] "GET /righttest.html HTTP/1.0" 200 13019 "-" "-"
66.194.6.68 - - [03/Dec/2005:11:08:51 -0500] "GET / HTTP/1.1" 200 455 "-" "Mozilla/4.0 (compatible; MSIE 6.0; Windows NT 5.1; Q312464)"
66.194.6.75 - - [04/Dec/2005:11:33:24 -0500] "GET / HTTP/1.1" 200 455 "-" "Mozilla/4.0 (compatible; MSIE 6.0; Windows NT 5.1; Q312463)"
68.142.251.146 - - [05/Dec/2005:02:45:23 -0500] "GET /robots.txt HTTP/1.0" 404 204 "-" "Mozilla/5.0 (compatible; Yahoo! Slurp; http://help.yahoo.com/help/us/ysearch/slurp)"
68.142.250.57 - - [05/Dec/2005:02:49:17 -0500] "GET / HTTP/1.0" 304 - "-" "Mozilla/5.0 (compatible; Yahoo! Slurp; http://help.yahoo.com/help/us/ysearch/slurp)"
66.194.6.67 - - [05/Dec/2005:16:09:13 -0500] "GET / HTTP/1.1" 200 455 "-" "Mozilla/5.0 (compatible; Konqueror/3.0-rc6; i686 Linux; 20020419)"
68.142.251.148 - - [05/Dec/2005:20:55:01 -0500] "GET /robots.txt HTTP/1.0" 404 204 "-" "Mozilla/5.0 (compatible; Yahoo! Slurp; http://help.yahoo.com/help/us/ysearch/slurp)"
68.142.250.57 - - [05/Dec/2005:20:55:01 -0500] "GET / HTTP/1.0" 304 - "-" "Mozilla/5.0 (compatible; Yahoo! Slurp; http://help.yahoo.com/help/us/ysearch/slurp)"
88.144.57.123 - - [07/Dec/2005:17:18:36 -0500] "GET / HTTP/1.1" 200 455 "-" "Mozilla/5.0 (Macintosh; U; PPC Mac OS X Mach-O; en-GB; rv:1.7.12) Gecko/20050919 Firefox/1.0.7"
88.144.57.123 - - [07/Dec/2005:17:18:36 -0500] "GET /top.html HTTP/1.1" 200 1473 "http://www.wheredidyougetthatgift.com/" "Mozilla/5.0 (Macintosh; U; PPC Mac OS X Mach-O; en-GB; rv:1.7.12) Gecko/20050919 Firefox/1.0.7"
88.144.57.123 - - [07/Dec/2005:17:18:37 -0500] "GET /category-menus.html HTTP/1.1" 200 11777 "http://www.wheredidyougetthatgift.com/" "Mozilla/5.0 (Macintosh; U; PPC Mac OS X Mach-O; en-GB; rv:1.7.12) Gecko/20050919 Firefox/1.0.7"
88.144.57.123 - - [07/Dec/2005:17:18:37 -0500] "GET /righttest.html HTTP/1.1" 200 13019 "http://www.wheredidyougetthatgift.com/" "Mozilla/5.0 (Macintosh; U; PPC Mac OS X Mach-O; en-GB; rv:1.7.12) Gecko/20050919 Firefox/1.0.7"
88.144.57.123 - - [07/Dec/2005:17:18:37 -0500] "GET /master.gif HTTP/1.1" 200 11162 "http://www.wheredidyougetthatgift.com/top.html" "Mozilla/5.0 (Macintosh; U; PPC Mac OS X Mach-O; en-GB; rv:1.7.12) Gecko/20050919 Firefox/1.0.7"
88.144.57.123 - - [07/Dec/2005:17:18:37 -0500] "GET /closed.gif HTTP/1.1" 200 827 "http://www.wheredidyougetthatgift.com/category-menus.html" "Mozilla/5.0 (Macintosh; U; PPC Mac OS X Mach-O; en-GB; rv:1.7.12) Gecko/20050919 Firefox/1.0.7"
88.144.57.123 - - [07/Dec/2005:17:18:38 -0500] "GET /images/logo.jpg HTTP/1.1" 200 14924 "http://www.wheredidyougetthatgift.com/top.html" "Mozilla/5.0 (Macintosh; U; PPC Mac OS X Mach-O; en-GB; rv:1.7.12) Gecko/20050919 Firefox/1.0.7"
88.144.57.123 - - [07/Dec/2005:17:19:25 -0500] "GET /category-menus.html HTTP/1.1" 304 - "http://www.wheredidyougetthatgift.com/category-menus.html" "Mozilla/5.0 (Macintosh; U; PPC Mac OS X Mach-O; en-GB; rv:1.7.12) Gecko/20050919 Firefox/1.0.7"
88.144.57.123 - - [07/Dec/2005:17:19:33 -0500] "GET /favicon.ico HTTP/1.1" 404 217 "-" "Mozilla/5.0 (Macintosh; U; PPC Mac OS X Mach-O; en-GB; rv:1.7.12) Gecko/20050919 Firefox/1.0.7"
66.194.6.84 - - [07/Dec/2005:22:17:27 -0500] "GET / HTTP/1.1" 200 455 "-" "Mozilla/5.0 (compatible; Konqueror/3.0-rc5; i686 Linux; 20020110)"
68.142.251.148 - - [08/Dec/2005:05:17:14 -0500] "GET /robots.txt HTTP/1.0" 404 204 "-" "Mozilla/5.0 (compatible; Yahoo! Slurp; http://help.yahoo.com/help/us/ysearch/slurp)"
68.142.250.163 - - [08/Dec/2005:05:17:15 -0500] "GET /otherconsumer.html HTTP/1.0" 200 11264 "-" "Mozilla/5.0 (compatible; Yahoo! Slurp; http://help.yahoo.com/help/us/ysearch/slurp)"
66.194.6.78 - - [09/Dec/2005:05:21:21 -0500] "GET / HTTP/1.1" 200 455 "-" "Mozilla/4.0 (compatible; MSIE 6.0; Windows NT 5.1; Q312460)"
66.249.66.146 - - [09/Dec/2005:07:08:06 -0500] "GET /robots.txt HTTP/1.1" 404 216 "-" "Mozilla/5.0 (compatible; Googlebot/2.1; +http://www.google.com/bot.html)"
66.249.66.146 - - [09/Dec/2005:07:08:06 -0500] "GET /top.html HTTP/1.1" 200 1473 "-" "Mozilla/5.0 (compatible; Googlebot/2.1; +http://www.google.com/bot.html)"
66.249.66.146 - - [09/Dec/2005:23:03:03 -0500] "GET / HTTP/1.1" 200 455 "-" "Mozilla/5.0 (compatible; Googlebot/2.1; +http://www.google.com/bot.html)"
66.194.6.70 - - [10/Dec/2005:15:16:53 -0500] "GET / HTTP/1.1" 200 455 "-" "Mozilla/4.0 (compatible; MSIE 6.0; Windows NT 5.1; Q312466)"
66.194.6.67 - - [11/Dec/2005:18:28:07 -0500] "GET / HTTP/1.1" 200 455 "-" "Mozilla/5.0 (compatible; Konqueror/3.0-rc2; i686 Linux; 20020506)"
66.194.6.83 - - [12/Dec/2005:19:48:23 -0500] "GET / HTTP/1.1" 200 455 "-" "Mozilla/4.0 (compatible; MSIE 6.0; Windows NT 5.1; Q312463)"
66.249.66.146 - - [13/Dec/2005:05:05:57 -0500] "GET /robots.txt HTTP/1.1" 404 216 "-" "Mozilla/5.0 (compatible; Googlebot/2.1; +http://www.google.com/bot.html)"
66.249.66.146 - - [13/Dec/2005:05:05:57 -0500] "GET /righttest.html HTTP/1.1" 200 13019 "-" "Mozilla/5.0 (compatible; Googlebot/2.1; +http://www.google.com/bot.html)"
68.142.251.145 - - [13/Dec/2005:11:44:08 -0500] "GET /robots.txt HTTP/1.0" 404 204 "-" "Mozilla/5.0 (compatible; Yahoo! Slurp; http://help.yahoo.com/help/us/ysearch/slurp)"
68.142.250.57 - - [13/Dec/2005:11:44:57 -0500] "GET / HTTP/1.0" 304 - "-" "Mozilla/5.0 (compatible; Yahoo! Slurp; http://help.yahoo.com/help/us/ysearch/slurp)"
66.249.66.146 - - [13/Dec/2005:20:17:18 -0500] "GET /robots.txt HTTP/1.1" 404 216 "-" "Mozilla/5.0 (compatible; Googlebot/2.1; +http://www.google.com/bot.html)"
66.249.66.146 - - [13/Dec/2005:20:17:18 -0500] "GET / HTTP/1.1" 200 455 "-" "Mozilla/5.0 (compatible; Googlebot/2.1; +http://www.google.com/bot.html)"
67.190.32.89 - - [13/Dec/2005:20:39:18 -0500] "GET / HTTP/1.1" 200 455 "http://www.avantfind.com/search.asp?first=10&ISS=d-www-en-us_i-LBA4G7LPA6FK6TEV_s-136&Keywords=wholesalers+western+figurines" "Mozilla/4.0 (compatible; MSIE 6.0; Windows NT 5.1; (R1 1.3); .NET CLR 1.1.4322)"
67.190.32.89 - - [13/Dec/2005:20:39:18 -0500] "GET /favicon.ico HTTP/1.1" 404 217 "-" "Avant Browser (http://www.avantbrowser.com)"
67.190.32.89 - - [13/Dec/2005:20:39:19 -0500] "GET /category-menus.html HTTP/1.1" 200 11777 "http://www.wheredidyougetthatgift.com/" "Mozilla/4.0 (compatible; MSIE 6.0; Windows NT 5.1; (R1 1.3); .NET CLR 1.1.4322)"
67.190.32.89 - - [13/Dec/2005:20:39:19 -0500] "GET /master.gif HTTP/1.1" 200 11162 "http://www.wheredidyougetthatgift.com/top.html" "Mozilla/4.0 (compatible; MSIE 6.0; Windows NT 5.1; (R1 1.3); .NET CLR 1.1.4322)"
67.190.32.89 - - [13/Dec/2005:20:39:19 -0500] "GET /top.html HTTP/1.1" 200 1473 "http://www.wheredidyougetthatgift.com/" "Mozilla/4.0 (compatible; MSIE 6.0; Windows NT 5.1; (R1 1.3); .NET CLR 1.1.4322)"
67.190.32.89 - - [13/Dec/2005:20:39:19 -0500] "GET /righttest.html HTTP/1.1" 200 13019 "http://www.wheredidyougetthatgift.com/" "Mozilla/4.0 (compatible; MSIE 6.0; Windows NT 5.1; (R1 1.3); .NET CLR 1.1.4322)"
67.190.32.89 - - [13/Dec/2005:20:39:20 -0500] "GET /images/logo.jpg HTTP/1.1" 200 14924 "http://www.wheredidyougetthatgift.com/top.html" "Mozilla/4.0 (compatible; MSIE 6.0; Windows NT 5.1; (R1 1.3); .NET CLR 1.1.4322)"
67.190.32.89 - - [13/Dec/2005:20:39:20 -0500] "GET /closed.gif HTTP/1.1" 200 827 "http://www.wheredidyougetthatgift.com/category-menus.html" "Mozilla/4.0 (compatible; MSIE 6.0; Windows NT 5.1; (R1 1.3); .NET CLR 1.1.4322)"
67.190.32.89 - - [13/Dec/2005:20:39:20 -0500] "GET /hp_null.css HTTP/1.1" 404 217 "http://www.wheredidyougetthatgift.com/righttest.html" "Mozilla/4.0 (compatible; MSIE 6.0; Windows NT 5.1; (R1 1.3); .NET CLR 1.1.4322)"
66.194.6.80 - - [13/Dec/2005:22:27:19 -0500] "GET / HTTP/1.1" 200 455 "-" "Mozilla/4.0 (compatible; MSIE 6.0; Windows NT 5.1; Q312467)"
66.194.6.73 - - [13/Dec/2005:22:27:27 -0500] "GET / HTTP/1.1" 200 455 "-" "Mozilla/4.0 (compatible; MSIE 6.0; Windows NT 5.1; Q312460)"
66.241.84.168 - - [14/Dec/2005:15:29:59 -0500] "GET /top.html HTTP/1.1" 200 1473 "-" "WebRingChecker/1.71 LWP/5.64"
66.241.84.168 - - [14/Dec/2005:15:29:59 -0500] "GET /category-menus.html HTTP/1.1" 200 11777 "-" "WebRingChecker/1.71 LWP/5.64"
66.241.84.168 - - [14/Dec/2005:15:29:59 -0500] "GET / HTTP/1.1" 200 455 "-" "WebRingChecker/1.71 LWP/5.64"
66.241.84.168 - - [14/Dec/2005:15:30:00 -0500] "GET /righttest.html HTTP/1.1" 200 13019 "-" "WebRingChecker/1.71 LWP/5.64"
66.241.84.168 - - [14/Dec/2005:15:30:02 -0500] "GET /giftware/crystal.html HTTP/1.1" 200 62391 "-" "WebRingChecker/1.71 LWP/5.64"
66.194.6.67 - - [15/Dec/2005:07:38:06 -0500] "GET / HTTP/1.1" 200 455 "-" "Mozilla/5.0 (compatible; Konqueror/3.1-rc5; i686 Linux; 20021128)"
66.194.6.84 - - [16/Dec/2005:10:27:27 -0500] "GET / HTTP/1.1" 200 455 "-" "Mozilla/5.0 (compatible; Konqueror/3.1-rc6; i686 Linux; 20020114)"
66.194.6.73 - - [17/Dec/2005:12:07:45 -0500] "GET / HTTP/1.1" 200 455 "-" "Mozilla/5.0 (compatible; Konqueror/3.0-rc1; i686 Linux; 20020406)"
67.165.107.134 - - [17/Dec/2005:23:37:33 -0500] "GET /housegarden/clocks.html HTTP/1.1" 200 61749 "http://s19.us.ixquick.com/do/metasearch.pl?cmd=process_search&startat=20&language=english&qid=LFLLNOSSKKTL&query=sheng+bang+clocks&cat=web&rl=NONE&lui=english&rcount=" "Mozilla/4.0 (compatible; MSIE 6.0; Windows NT 5.1; SV1; .NET CLR 1.1.4322; .NET CLR 2.0.50727)"
67.165.107.134 - - [17/Dec/2005:23:37:33 -0500] "GET /images/addcart.gif HTTP/1.1" 200 1406 "http://www.wheredidyougetthatgift.com/housegarden/clocks.html" "Mozilla/4.0 (compatible; MSIE 6.0; Windows NT 5.1; SV1; .NET CLR 1.1.4322; .NET CLR 2.0.50727)"
67.165.107.134 - - [17/Dec/2005:23:37:33 -0500] "GET /images/21260.gif HTTP/1.1" 200 9939 "http://www.wheredidyougetthatgift.com/housegarden/clocks.html" "Mozilla/4.0 (compatible; MSIE 6.0; Windows NT 5.1; SV1; .NET CLR 1.1.4322; .NET CLR 2.0.50727)"
67.165.107.134 - - [17/Dec/2005:23:37:33 -0500] "GET /images/27488.GIF HTTP/1.1" 200 16064 "http://www.wheredidyougetthatgift.com/housegarden/clocks.html" "Mozilla/4.0 (compatible; MSIE 6.0; Windows NT 5.1; SV1; .NET CLR 1.1.4322; .NET CLR 2.0.50727)"
67.165.107.134 - - [17/Dec/2005:23:37:33 -0500] "GET /housegarden/hp_null.css HTTP/1.1" 404 229 "http://www.wheredidyougetthatgift.com/housegarden/clocks.html" "Mozilla/4.0 (compatible; MSIE 6.0; Windows NT 5.1; SV1; .NET CLR 1.1.4322; .NET CLR 2.0.50727)"
67.165.107.134 - - [17/Dec/2005:23:37:33 -0500] "GET /images/20689.gif HTTP/1.1" 200 8880 "http://www.wheredidyougetthatgift.com/housegarden/clocks.html" "Mozilla/4.0 (compatible; MSIE 6.0; Windows NT 5.1; SV1; .NET CLR 1.1.4322; .NET CLR 2.0.50727)"
67.165.107.134 - - [17/Dec/2005:23:37:33 -0500] "GET /images/22747.gif HTTP/1.1" 200 5984 "http://www.wheredidyougetthatgift.com/housegarden/clocks.html" "Mozilla/4.0 (compatible; MSIE 6.0; Windows NT 5.1; SV1; .NET CLR 1.1.4322; .NET CLR 2.0.50727)"
67.165.107.134 - - [17/Dec/2005:23:37:33 -0500] "GET /images/28266.GIF HTTP/1.1" 200 13245 "http://www.wheredidyougetthatgift.com/housegarden/clocks.html" "Mozilla/4.0 (compatible; MSIE 6.0; Windows NT 5.1; SV1; .NET CLR 1.1.4322; .NET CLR 2.0.50727)"
67.165.107.134 - - [17/Dec/2005:23:37:34 -0500] "GET /images/28396.gif HTTP/1.1" 200 9838 "http://www.wheredidyougetthatgift.com/housegarden/clocks.html" "Mozilla/4.0 (compatible; MSIE 6.0; Windows NT 5.1; SV1; .NET CLR 1.1.4322; .NET CLR 2.0.50727)"
67.165.107.134 - - [17/Dec/2005:23:37:34 -0500] "GET /images/29310.gif HTTP/1.1" 200 11967 "http://www.wheredidyougetthatgift.com/housegarden/clocks.html" "Mozilla/4.0 (compatible; MSIE 6.0; Windows NT 5.1; SV1; .NET CLR 1.1.4322; .NET CLR 2.0.50727)"
67.165.107.134 - - [17/Dec/2005:23:37:34 -0500] "GET /images/28397.GIF HTTP/1.1" 200 12835 "http://www.wheredidyougetthatgift.com/housegarden/clocks.html" "Mozilla/4.0 (compatible; MSIE 6.0; Windows NT 5.1; SV1; .NET CLR 1.1.4322; .NET CLR 2.0.50727)"
67.165.107.134 - - [17/Dec/2005:23:37:34 -0500] "GET /images/28398.GIF HTTP/1.1" 200 11220 "http://www.wheredidyougetthatgift.com/housegarden/clocks.html" "Mozilla/4.0 (compatible; MSIE 6.0; Windows NT 5.1; SV1; .NET CLR 1.1.4322; .NET CLR 2.0.50727)"
67.165.107.134 - - [17/Dec/2005:23:37:34 -0500] "GET /images/29489.gif HTTP/1.1" 200 13263 "http://www.wheredidyougetthatgift.com/housegarden/clocks.html" "Mozilla/4.0 (compatible; MSIE 6.0; Windows NT 5.1; SV1; .NET CLR 1.1.4322; .NET CLR 2.0.50727)"
65.214.44.152 - - [18/Dec/2005:09:52:15 -0500] "GET /robots.txt HTTP/1.0" 404 204 "-" "Mozilla/2.0 (compatible; Ask Jeeves/Teoma; +http://sp.ask.com/docs/about/tech_crawling.html)"
65.214.44.152 - - [18/Dec/2005:09:52:18 -0500] "GET / HTTP/1.0" 200 2176 "-" "Mozilla/2.0 (compatible; Ask Jeeves/Teoma; +http://sp.ask.com/docs/about/tech_crawling.html)"
66.194.6.78 - - [18/Dec/2005:16:22:28 -0500] "GET / HTTP/1.1" 200 2176 "-" "Mozilla/4.0 (compatible; MSIE 6.0; Windows NT 5.1; Q312464)"
63.148.99.234 - - [19/Dec/2005:09:02:50 -0500] "GET / HTTP/1.1" 200 2176 "-" "Mozilla/4.0 (compatible; MSIE 6.0; Windows XP)"
82.46.85.10 - - [19/Dec/2005:10:16:52 -0500] "GET / HTTP/1.1" 200 2176 "http://www.google.com/search?hl=en&q=www.wheredidyougetthatgift.com&btnG=Google+Search" "Mozilla/4.0 (compatible; MSIE 6.0; Windows NT 5.1; provided by blueyonder; AskBar 3.00; FunWebProducts; .NET CLR 1.1.4322)"
82.46.85.10 - - [19/Dec/2005:10:16:52 -0500] "GET /images/corner-topleft.gif HTTP/1.1" 200 114 "http://www.wheredidyougetthatgift.com/" "Mozilla/4.0 (compatible; MSIE 6.0; Windows NT 5.1; provided by blueyonder; AskBar 3.00; FunWebProducts; .NET CLR 1.1.4322)"
82.46.85.10 - - [19/Dec/2005:10:16:52 -0500] "GET /images/top-back.gif HTTP/1.1" 200 140 "http://www.wheredidyougetthatgift.com/" "Mozilla/4.0 (compatible; MSIE 6.0; Windows NT 5.1; provided by blueyonder; AskBar 3.00; FunWebProducts; .NET CLR 1.1.4322)"
82.46.85.10 - - [19/Dec/2005:10:16:52 -0500] "GET /images/spacer.gif HTTP/1.1" 200 807 "http://www.wheredidyougetthatgift.com/" "Mozilla/4.0 (compatible; MSIE 6.0; Windows NT 5.1; provided by blueyonder; AskBar 3.00; FunWebProducts; .NET CLR 1.1.4322)"
82.46.85.10 - - [19/Dec/2005:10:16:54 -0500] "GET /favicon.ico HTTP/1.1" 404 217 "-" "Mozilla/4.0 (compatible; MSIE 6.0; Windows NT 5.1; provided by blueyonder; AskBar 3.00; FunWebProducts; .NET CLR 1.1.4322)"
82.46.85.10 - - [19/Dec/2005:10:16:54 -0500] "GET /favicon.ico HTTP/1.1" 404 217 "-" "Mozilla/4.0 (compatible; MSIE 6.0; Windows NT 5.1; provided by blueyonder; AskBar 3.00; FunWebProducts; .NET CLR 1.1.4322)"
82.165.181.61 - - [19/Dec/2005:12:17:24 -0500] "GET /robots.txt HTTP/1.1" 404 216 "-" "MJ12bot/v1.0.6 (http://majestic12.co.uk/bot.php?+)"
82.165.181.61 - - [19/Dec/2005:12:17:25 -0500] "GET / HTTP/1.1" 200 2176 "-" "MJ12bot/v1.0.6 (http://majestic12.co.uk/bot.php?+)"
165.201.59.205 - - [19/Dec/2005:13:08:02 -0500] "GET /collectibles/miniatures.html HTTP/1.1" 404 234 "http://www.ask.com/web?q=mini+tea+set+collectables&o=0&qsrc=0&qid=B515F446C5C9ACBC8C36390ED73EAE80&page=9" "Mozilla/4.0 (compatible; MSIE 6.0; Windows NT 5.1; .NET CLR 1.1.4322)"
66.249.66.146 - - [19/Dec/2005:19:01:10 -0500] "GET /robots.txt HTTP/1.1" 404 216 "-" "Mozilla/5.0 (compatible; Googlebot/2.1; +http://www.google.com/bot.html)"
66.249.66.146 - - [19/Dec/2005:19:01:10 -0500] "GET /top.html HTTP/1.1" 404 214 "-" "Mozilla/5.0 (compatible; Googlebot/2.1; +http://www.google.com/bot.html)"
66.194.6.83 - - [19/Dec/2005:20:11:22 -0500] "GET / HTTP/1.1" 200 2176 "-" "Mozilla/4.0 (compatible; MSIE 6.0; Windows NT 5.1; Q312460)"
65.214.44.152 - - [20/Dec/2005:03:23:11 -0500] "GET /robots.txt HTTP/1.0" 404 204 "-" "Mozilla/2.0 (compatible; Ask Jeeves/Teoma; +http://sp.ask.com/docs/about/tech_crawling.html)"
65.214.44.152 - - [20/Dec/2005:03:23:16 -0500] "GET /collectibles/figurines.html HTTP/1.0" 404 221 "-" "Mozilla/2.0 (compatible; Ask Jeeves/Teoma; +http://sp.ask.com/docs/about/tech_crawling.html)"
68.142.251.138 - - [20/Dec/2005:19:13:02 -0500] "GET /robots.txt HTTP/1.0" 404 204 "-" "Mozilla/5.0 (compatible; Yahoo! Slurp; http://help.yahoo.com/help/us/ysearch/slurp)"
68.142.250.57 - - [20/Dec/2005:19:13:26 -0500] "GET / HTTP/1.0" 304 - "-" "Mozilla/5.0 (compatible; Yahoo! Slurp; http://help.yahoo.com/help/us/ysearch/slurp)"
66.194.6.83 - - [20/Dec/2005:21:36:32 -0500] "GET / HTTP/1.1" 200 2176 "-" "Mozilla/4.0 (compatible; MSIE 6.0; Windows NT 5.1; Q312460)"
66.249.66.146 - - [20/Dec/2005:22:50:20 -0500] "GET /robots.txt HTTP/1.1" 404 216 "-" "Mozilla/5.0 (compatible; Googlebot/2.1; +http://www.google.com/bot.html)"
66.249.66.146 - - [20/Dec/2005:22:50:20 -0500] "GET / HTTP/1.1" 200 2176 "-" "Mozilla/5.0 (compatible; Googlebot/2.1; +http://www.google.com/bot.html)"
66.194.6.76 - - [21/Dec/2005:23:06:10 -0500] "GET / HTTP/1.1" 200 2176 "-" "Mozilla/4.0 (compatible; MSIE 6.0; Windows NT 5.1; Q312465)"
66.218.11.182 - - [22/Dec/2005:17:44:28 -0500] "GET / HTTP/1.1" 200 2176 "http://www.mywebsearch.com/jsp/AJweb.jsp?fr=120&searchfor=novelty+shops&ptnrS=ZNxmk278DHUS&st=bar&nsa=13" "Mozilla/4.0 (compatible; MSIE 6.0; Windows NT 5.1; SV1; FunWebProducts; .NET CLR 1.1.4322)"
66.218.11.182 - - [22/Dec/2005:17:44:28 -0500] "GET /images/corner-topleft.gif HTTP/1.1" 200 114 "http://www.wheredidyougetthatgift.com/" "Mozilla/4.0 (compatible; MSIE 6.0; Windows NT 5.1; SV1; FunWebProducts; .NET CLR 1.1.4322)"
66.218.11.182 - - [22/Dec/2005:17:44:29 -0500] "GET /images/top-back.gif HTTP/1.1" 200 140 "http://www.wheredidyougetthatgift.com/" "Mozilla/4.0 (compatible; MSIE 6.0; Windows NT 5.1; SV1; FunWebProducts; .NET CLR 1.1.4322)"
66.218.11.182 - - [22/Dec/2005:17:44:29 -0500] "GET /images/spacer.gif HTTP/1.1" 200 807 "http://www.wheredidyougetthatgift.com/" "Mozilla/4.0 (compatible; MSIE 6.0; Windows NT 5.1; SV1; FunWebProducts; .NET CLR 1.1.4322)"
66.194.6.67 - - [23/Dec/2005:00:22:27 -0500] "GET / HTTP/1.1" 200 2176 "-" "Mozilla/5.0 (compatible; Konqueror/3.1-rc2; i686 Linux; 20020903)"
66.194.6.77 - - [24/Dec/2005:01:40:38 -0500] "GET / HTTP/1.1" 200 2176 "-" "Mozilla/4.0 (compatible; MSIE 6.0; Windows NT 5.1; Q312467)"
205.188.116.66 - - [25/Dec/2005:02:21:08 -0500] "GET /giftware/vases.html HTTP/1.0" 404 213 "http://www.google.com/search?q=%22novel+collection%22+%2B+pewter&hl=en&lr=&ie=UTF-8&safe=off&start=60&sa=N" "Mozilla/4.0 (compatible; MSIE 6.0; AOL 9.0; Windows NT 5.1; SV1; .NET CLR 1.0.3705; .NET CLR 2.0.50215)"
66.194.6.80 - - [25/Dec/2005:03:09:27 -0500] "GET / HTTP/1.1" 200 2176 "-" "Mozilla/5.0 (compatible; Konqueror/3.0-rc5; i686 Linux; 20021203)"
66.194.6.81 - - [26/Dec/2005:04:17:03 -0500] "GET / HTTP/1.1" 200 2176 "-" "Mozilla/5.0 (compatible; Konqueror/3.0-rc3; i686 Linux; 20020309)"
71.0.156.157 - - [26/Dec/2005:10:41:28 -0500] "GET /images/spacer.gif HTTP/1.1" 200 807 "http://www.wheredidyougetthatgift.com" "Mozilla/4.0 (compatible; MSIE 6.0; Windows NT 5.0; .NET CLR 1.1.4322)"
71.0.156.157 - - [26/Dec/2005:10:41:28 -0500] "GET /images/corner-topleft.gif HTTP/1.1" 200 114 "http://www.wheredidyougetthatgift.com" "Mozilla/4.0 (compatible; MSIE 6.0; Windows NT 5.0; .NET CLR 1.1.4322)"
71.0.156.157 - - [26/Dec/2005:10:41:28 -0500] "GET / HTTP/1.1" 200 2176 "-" "Mozilla/4.0 (compatible; MSIE 6.0; Windows NT 5.0; .NET CLR 1.1.4322)"
71.0.156.157 - - [26/Dec/2005:10:41:28 -0500] "GET /images/top-back.gif HTTP/1.1" 200 140 "http://www.wheredidyougetthatgift.com" "Mozilla/4.0 (compatible; MSIE 6.0; Windows NT 5.0; .NET CLR 1.1.4322)"
68.142.251.144 - - [26/Dec/2005:15:39:58 -0500] "GET /robots.txt HTTP/1.0" 404 204 "-" "Mozilla/5.0 (compatible; Yahoo! Slurp; http://help.yahoo.com/help/us/ysearch/slurp)"
68.142.250.163 - - [26/Dec/2005:15:40:03 -0500] "GET /otherconsumer.html HTTP/1.0" 404 212 "-" "Mozilla/5.0 (compatible; Yahoo! Slurp; http://help.yahoo.com/help/us/ysearch/slurp)"
66.194.6.83 - - [27/Dec/2005:05:25:32 -0500] "GET / HTTP/1.1" 200 2176 "-" "Mozilla/5.0 (compatible; Konqueror/3.1; i686 Linux; 20021126)"
205.236.189.222 - - [27/Dec/2005:09:59:42 -0500] "HEAD / HTTP/1.1" 200 0 "http://www.spidervisit.com" "Mozilla/4.0 (compatible; MSIE 6.0; Windows NT 5.1)"
71.0.156.157 - - [27/Dec/2005:18:15:05 -0500] "GET /images/corner-topleft.gif HTTP/1.1" 304 - "http://www.wheredidyougetthatgift.com" "Mozilla/4.0 (compatible; MSIE 6.0; Windows NT 5.0; .NET CLR 1.1.4322)"
71.0.156.157 - - [27/Dec/2005:18:15:05 -0500] "GET / HTTP/1.1" 304 - "-" "Mozilla/4.0 (compatible; MSIE 6.0; Windows NT 5.0; .NET CLR 1.1.4322)"
71.0.156.157 - - [27/Dec/2005:18:15:05 -0500] "GET /images/spacer.gif HTTP/1.1" 304 - "http://www.wheredidyougetthatgift.com" "Mozilla/4.0 (compatible; MSIE 6.0; Windows NT 5.0; .NET CLR 1.1.4322)"
71.0.156.157 - - [27/Dec/2005:18:15:05 -0500] "GET /images/top-back.gif HTTP/1.1" 304 - "http://www.wheredidyougetthatgift.com" "Mozilla/4.0 (compatible; MSIE 6.0; Windows NT 5.0; .NET CLR 1.1.4322)"
68.142.250.57 - - [27/Dec/2005:22:25:05 -0500] "GET / HTTP/1.0" 200 2176 "-" "Mozilla/5.0 (compatible; Yahoo! Slurp; http://help.yahoo.com/help/us/ysearch/slurp)"
68.142.251.146 - - [27/Dec/2005:22:25:05 -0500] "GET /robots.txt HTTP/1.0" 404 204 "-" "Mozilla/5.0 (compatible; Yahoo! Slurp; http://help.yahoo.com/help/us/ysearch/slurp)"
66.194.6.70 - - [28/Dec/2005:07:16:38 -0500] "GET / HTTP/1.1" 200 2176 "-" "Mozilla/5.0 (compatible; Konqueror/3.0-rc3; i686 Linux; 20020210)"
66.194.6.78 - - [29/Dec/2005:09:10:57 -0500] "GET / HTTP/1.1" 200 2176 "-" "Mozilla/5.0 (compatible; Konqueror/3.0-rc2; i686 Linux; 20020611)"
66.194.6.84 - - [30/Dec/2005:11:19:33 -0500] "GET / HTTP/1.1" 200 2176 "-" "Mozilla/4.0 (compatible; MSIE 6.0; Windows NT 5.1; Q312462)"
68.142.251.145 - - [31/Dec/2005:10:31:01 -0500] "GET /robots.txt HTTP/1.0" 404 204 "-" "Mozilla/5.0 (compatible; Yahoo! Slurp; http://help.yahoo.com/help/us/ysearch/slurp)"
68.142.250.57 - - [31/Dec/2005:10:35:31 -0500] "GET / HTTP/1.0" 304 - "-" "Mozilla/5.0 (compatible; Yahoo! Slurp; http://help.yahoo.com/help/us/ysearch/slurp)"
66.194.6.83 - - [31/Dec/2005:13:18:41 -0500] "GET / HTTP/1.1" 200 2176 "-" "Mozilla/5.0 (compatible; Konqueror/3.0-rc2; i686 Linux; 20020710)"
68.142.251.145 - - [31/Dec/2005:17:31:05 -0500] "GET /robots.txt HTTP/1.0" 404 204 "-" "Mozilla/5.0 (compatible; Yahoo! Slurp; http://help.yahoo.com/help/us/ysearch/slurp)"
68.142.251.15 - - [31/Dec/2005:17:31:55 -0500] "GET /giftware/incense.html HTTP/1.0" 404 215 "-" "Mozilla/5.0 (compatible; Yahoo! Slurp; http://help.yahoo.com/help/us/ysearch/slurp)"
66.249.66.74 - - [01/Jan/2006:13:16:12 -0500] "GET /robots.txt HTTP/1.1" 404 216 "-" "Mozilla/5.0 (compatible; Googlebot/2.1; +http://www.google.com/bot.html)"
66.249.66.74 - - [01/Jan/2006:13:16:13 -0500] "GET /top.html HTTP/1.1" 404 214 "-" "Mozilla/5.0 (compatible; Googlebot/2.1; +http://www.google.com/bot.html)"
66.194.6.83 - - [01/Jan/2006:21:55:01 -0500] "GET / HTTP/1.1" 200 2176 "-" "Mozilla/5.0 (compatible; Konqueror/3.1-rc2; i686 Linux; 20020402)"