0byt3m1n1
Path:
/
data
/
0
/
0
/
6
/
102
/
6917
/
meta
/
7090
/
logs
/
[
Home
]
File: x-access_log.2013-08-12
68.12.176.246 - - [12/Aug/2013:18:25:21 -0400] "GET /scripts/photoalbum.js HTTP/1.1" 304 - "http://www.wiseguysokc.com/Frame-11-randysgallerypage11.html?refresh=1375823913350" "Mozilla/5.0 (compatible; MSIE 10.0; Windows NT 6.1; WOW64; Trident/6.0)"
68.12.176.246 - - [12/Aug/2013:18:25:22 -0400] "GET /images/100_DSC_6928.jpg HTTP/1.1" 304 - "http://www.wiseguysokc.com/Frame-11-randysgallerypage11.html?refresh=1375823913350" "Mozilla/5.0 (compatible; MSIE 10.0; Windows NT 6.1; WOW64; Trident/6.0)"
68.12.176.246 - - [12/Aug/2013:18:25:22 -0400] "GET /250/images/index03.jpg HTTP/1.1" 304 - "http://www.wiseguysokc.com/Frame-11-randysgallerypage11.html?refresh=1375823913350" "Mozilla/5.0 (compatible; MSIE 10.0; Windows NT 6.1; WOW64; Trident/6.0)"
68.12.176.246 - - [12/Aug/2013:18:25:22 -0400] "GET /250/images/index06.jpg HTTP/1.1" 304 - "http://www.wiseguysokc.com/Frame-11-randysgallerypage11.html?refresh=1375823913350" "Mozilla/5.0 (compatible; MSIE 10.0; Windows NT 6.1; WOW64; Trident/6.0)"
68.12.176.246 - - [12/Aug/2013:18:25:22 -0400] "GET /250/images/06a.jpg HTTP/1.1" 304 - "http://www.wiseguysokc.com/Frame-11-randysgallerynav.htm" "Mozilla/5.0 (compatible; MSIE 10.0; Windows NT 6.1; WOW64; Trident/6.0)"
68.12.176.246 - - [12/Aug/2013:18:25:22 -0400] "GET /250/images/04b.jpg HTTP/1.1" 304 - "http://www.wiseguysokc.com/Frame-11-randysgallerynav.htm" "Mozilla/5.0 (compatible; MSIE 10.0; Windows NT 6.1; WOW64; Trident/6.0)"
68.12.176.246 - - [12/Aug/2013:18:25:22 -0400] "GET /250/images/10b.jpg HTTP/1.1" 304 - "http://www.wiseguysokc.com/Frame-11-randysgallerynav.htm" "Mozilla/5.0 (compatible; MSIE 10.0; Windows NT 6.1; WOW64; Trident/6.0)"
68.12.176.246 - - [12/Aug/2013:18:25:45 -0400] "GET /images/600_P7150684.JPG HTTP/1.1" 200 38046 "http://www.wiseguysokc.com/Frame-11-randysgallerypage11.html?refresh=1375823913350" "Mozilla/5.0 (compatible; MSIE 10.0; Windows NT 6.1; WOW64; Trident/6.0)"
99.26.212.206 - - [12/Aug/2013:21:39:53 -0400] "GET /250/images/02b.jpg HTTP/1.1" 200 3466 "http://www.wiseguysokc.com/Frame-2-meetthebandnav.htm" "Mozilla/5.0 (iPad; CPU OS 6_1 like Mac OS X) AppleWebKit/536.26 (KHTML, like Gecko) Version/6.0 Mobile/10B141 Safari/8536.25"
99.26.212.206 - - [12/Aug/2013:21:39:53 -0400] "GET /250/images/07b.jpg HTTP/1.1" 200 3345 "http://www.wiseguysokc.com/Frame-2-meetthebandnav.htm" "Mozilla/5.0 (iPad; CPU OS 6_1 like Mac OS X) AppleWebKit/536.26 (KHTML, like Gecko) Version/6.0 Mobile/10B141 Safari/8536.25"
99.26.212.206 - - [12/Aug/2013:21:39:54 -0400] "GET /250/images/spacer.gif HTTP/1.1" 200 43 "http://www.wiseguysokc.com/Frame-2-meetthebandnav.htm" "Mozilla/5.0 (iPad; CPU OS 6_1 like Mac OS X) AppleWebKit/536.26 (KHTML, like Gecko) Version/6.0 Mobile/10B141 Safari/8536.25"
99.26.212.206 - - [12/Aug/2013:21:39:54 -0400] "GET /250/images/05a.jpg HTTP/1.1" 200 3815 "http://www.wiseguysokc.com/Frame-2-meetthebandnav.htm" "Mozilla/5.0 (iPad; CPU OS 6_1 like Mac OS X) AppleWebKit/536.26 (KHTML, like Gecko) Version/6.0 Mobile/10B141 Safari/8536.25"
99.26.212.206 - - [12/Aug/2013:21:39:54 -0400] "GET /images/190_Mike_Arts_Fest_05.jpg HTTP/1.1" 200 8119 "http://www.wiseguysokc.com/Frame-2-meetthebandpage2.html?refresh=1375823913574" "Mozilla/5.0 (iPad; CPU OS 6_1 like Mac OS X) AppleWebKit/536.26 (KHTML, like Gecko) Version/6.0 Mobile/10B141 Safari/8536.25"
99.26.212.206 - - [12/Aug/2013:21:39:56 -0400] "GET /250/images/07a.jpg HTTP/1.1" 200 3422 "http://www.wiseguysokc.com/Frame-2-meetthebandnav.htm" "Mozilla/5.0 (iPad; CPU OS 6_1 like Mac OS X) AppleWebKit/536.26 (KHTML, like Gecko) Version/6.0 Mobile/10B141 Safari/8536.25"
99.26.212.206 - - [12/Aug/2013:21:39:58 -0400] "GET /250/images/index02.jpg HTTP/1.1" 200 999 "http://www.wiseguysokc.com/Frame-2-meetthebandpage2.html?refresh=1375823913574" "Mozilla/5.0 (iPad; CPU OS 6_1 like Mac OS X) AppleWebKit/536.26 (KHTML, like Gecko) Version/6.0 Mobile/10B141 Safari/8536.25"
99.26.212.206 - - [12/Aug/2013:21:39:58 -0400] "GET /250/images/index05.jpg HTTP/1.1" 200 2081 "http://www.wiseguysokc.com/Frame-2-meetthebandpage2.html?refresh=1375823913574" "Mozilla/5.0 (iPad; CPU OS 6_1 like Mac OS X) AppleWebKit/536.26 (KHTML, like Gecko) Version/6.0 Mobile/10B141 Safari/8536.25"
68.4.175.146 - - [12/Aug/2013:23:04:21 -0400] "GET /Frame-11-randysgallerypage11.html?refresh=1375823913350 HTTP/1.1" 200 11215 "http://www.wiseguysokc.com/randysgallery.html" "Mozilla/5.0 (compatible; MSIE 9.0; Windows NT 6.0; Trident/5.0)"
68.4.175.146 - - [12/Aug/2013:23:04:21 -0400] "GET /images/100_P7150030.JPG HTTP/1.1" 200 1913 "http://www.wiseguysokc.com/Frame-11-randysgallerypage11.html?refresh=1375823913350" "Mozilla/5.0 (compatible; MSIE 9.0; Windows NT 6.0; Trident/5.0)"
68.4.175.146 - - [12/Aug/2013:23:04:21 -0400] "GET /images/100_P7150762.JPG HTTP/1.1" 200 2730 "http://www.wiseguysokc.com/Frame-11-randysgallerypage11.html?refresh=1375823913350" "Mozilla/5.0 (compatible; MSIE 9.0; Windows NT 6.0; Trident/5.0)"
68.4.175.146 - - [12/Aug/2013:23:04:21 -0400] "GET /images/100_DSC_6928.jpg HTTP/1.1" 200 6874 "http://www.wiseguysokc.com/Frame-11-randysgallerypage11.html?refresh=1375823913350" "Mozilla/5.0 (compatible; MSIE 9.0; Windows NT 6.0; Trident/5.0)"
68.4.175.146 - - [12/Aug/2013:23:04:21 -0400] "GET /images/clear_pixel.gif HTTP/1.1" 404 575 "http://www.wiseguysokc.com/Frame-11-randysgallerypage11.html?refresh=1375823913350" "Mozilla/5.0 (compatible; MSIE 9.0; Windows NT 6.0; Trident/5.0)"
37.139.52.23 - - [12/Aug/2013:23:06:59 -0400] "GET /meettheband.html HTTP/1.1" 200 1106 "http://moygarag.ru/" "Mozilla/4.0 (compatible; MSIE 6.0; MSIE 5.5; Windows NT 4.0) Opera 7.0 [en]"
202.46.54.123 - - [12/Aug/2013:23:17:39 -0400] "GET /Frame-15-dougsgallerypage15.html?refresh=1352841165638 HTTP/1.1" 200 11582 "-" "Mozilla/5.0 (Windows NT 5.1; rv:6.0.2) Gecko/20100101 Firefox/6.0.2"
220.181.108.110 - - [12/Aug/2013:12:59:33 -0400] "GET /250/images/index06.jpg HTTP/1.1" 200 2838 "-" "Baiduspider-image+(+http://www.baidu.com/search/spider.htm)"
157.142.237.37 - - [12/Aug/2013:15:25:06 -0400] "GET /Frame-13-mikesgallerynav.htm HTTP/1.1" 200 4534 "http://www.wiseguysokc.com/mikesgallery.html" "Mozilla/4.0 (compatible; MSIE 8.0; Windows NT 6.1; WOW64; Trident/4.0; GTB7.5; SLCC2; .NET CLR 2.0.50727; .NET CLR 3.5.30729; .NET CLR 3.0.30729; Media Center PC 6.0; .NET4.0C; .NET4.0E; IPH 1.1.21.4019)"
157.142.237.37 - - [12/Aug/2013:15:25:06 -0400] "GET /images/100_DSC_6922.jpg HTTP/1.1" 200 2629 "http://www.wiseguysokc.com/Frame-13-mikesgallerypage13.html?refresh=1375823913267" "Mozilla/4.0 (compatible; MSIE 8.0; Windows NT 6.1; WOW64; Trident/4.0; GTB7.5; SLCC2; .NET CLR 2.0.50727; .NET CLR 3.5.30729; .NET CLR 3.0.30729; Media Center PC 6.0; .NET4.0C; .NET4.0E; IPH 1.1.21.4019)"
157.142.237.37 - - [12/Aug/2013:15:25:06 -0400] "GET /images/100_2-21-2006-087.jpg HTTP/1.1" 200 1524 "http://www.wiseguysokc.com/Frame-13-mikesgallerypage13.html?refresh=1375823913267" "Mozilla/4.0 (compatible; MSIE 8.0; Windows NT 6.1; WOW64; Trident/4.0; GTB7.5; SLCC2; .NET CLR 2.0.50727; .NET CLR 3.5.30729; .NET CLR 3.0.30729; Media Center PC 6.0; .NET4.0C; .NET4.0E; IPH 1.1.21.4019)"
157.142.237.37 - - [12/Aug/2013:15:25:06 -0400] "GET /images/100_P7150668.JPG HTTP/1.1" 200 2176 "http://www.wiseguysokc.com/Frame-13-mikesgallerypage13.html?refresh=1375823913267" "Mozilla/4.0 (compatible; MSIE 8.0; Windows NT 6.1; WOW64; Trident/4.0; GTB7.5; SLCC2; .NET CLR 2.0.50727; .NET CLR 3.5.30729; .NET CLR 3.0.30729; Media Center PC 6.0; .NET4.0C; .NET4.0E; IPH 1.1.21.4019)"
167.161.101.101 - - [12/Aug/2013:15:50:04 -0400] "GET / HTTP/1.1" 200 1092 "http://search.yahoo.com/search;_ylt=A0oG7hFSPAlScjMAEGNXNyoA;_ylc=X1MDMjc2NjY3OQRfcgMyBGNzcmNwdmlkA3AxT0REVWdldXJDOGVFLllVZ2s3MWd1bHA2RmxaVklKUEVBQURWWDcEZnIDYWx0YXZpc3RhBGZyMgNzZy1nYWMEZ3ByaWQDTjB1U183OUdUbnltNmNGdUtHY1dBQQRpdANncARuX2dwcwMxMARvcmlnaW4Dc3JwBHBvcwMzBHBxc3RyA3dpc2UgZ3V5cyBiYW5kBHF1ZXJ5A3dpc2UgZ3V5cyBiYW5kBHNhYwMxBHNhbwMxBHNlYwNyZWwtc2EEc2xrA3RleHQ-?p=wise%20guys%20band%20oklahoma%20city&fr2=sg-gac&fr=altavista&pqstr=wise%20guys%20band" "Mozilla/4.0 (compatible; MSIE 8.0; Windows NT 6.1; Trident/4.0; GTB7.5; SLCC2; .NET CLR 2.0.50727; .NET CLR 3.5.30729; .NET CLR 3.0.30729; Media Center PC 6.0; InfoPath.3; .NET4.0C; MS-RTC LM 8; .NET CLR 1.1.4322; .NET4.0E)"
167.161.101.101 - - [12/Aug/2013:15:50:04 -0400] "GET /250/scripts/master.css HTTP/1.1" 200 1956 "http://wiseguysokc.com/" "Mozilla/4.0 (compatible; MSIE 8.0; Windows NT 6.1; Trident/4.0; GTB7.5; SLCC2; .NET CLR 2.0.50727; .NET CLR 3.5.30729; .NET CLR 3.0.30729; Media Center PC 6.0; InfoPath.3; .NET4.0C; MS-RTC LM 8; .NET CLR 1.1.4322; .NET4.0E)"
66.249.75.36 - - [12/Aug/2013:10:18:05 -0400] "GET /calendar.html HTTP/1.1" 200 1100 "-" "Mozilla/5.0 (compatible; Googlebot/2.1; +http://www.google.com/bot.html)"
204.62.25.101 - - [12/Aug/2013:10:55:27 -0400] "GET /250/images/01a.jpg HTTP/1.1" 200 2917 "-" "Mozilla/4.0 (compatible;)"
204.62.25.101 - - [12/Aug/2013:10:55:27 -0400] "GET /250/images/index06.jpg HTTP/1.1" 200 2838 "-" "Mozilla/4.0 (compatible;)"
220.181.108.166 - - [12/Aug/2013:09:58:18 -0400] "GET /Frame-5-contactnewsletternav.htm HTTP/1.1" 200 4534 "-" "Mozilla/5.0 (compatible; Baiduspider/2.0; +http://www.baidu.com/search/spider.html)"
166.137.119.49 - - [12/Aug/2013:11:01:34 -0400] "GET /250/images/08b.jpg HTTP/1.1" 200 3551 "http://www.wiseguysokc.com/Frame-4-calendarnav.htm" "Mozilla/5.0 (iPhone; CPU iPhone OS 6_1_3 like Mac OS X) AppleWebKit/536.26 (KHTML, like Gecko) Version/6.0 Mobile/10B329 Safari/8536.25"
166.137.119.49 - - [12/Aug/2013:11:01:34 -0400] "GET /250/images/03a.jpg HTTP/1.1" 200 2976 "http://www.wiseguysokc.com/Frame-4-calendarnav.htm" "Mozilla/5.0 (iPhone; CPU iPhone OS 6_1_3 like Mac OS X) AppleWebKit/536.26 (KHTML, like Gecko) Version/6.0 Mobile/10B329 Safari/8536.25"
166.137.119.49 - - [12/Aug/2013:11:01:34 -0400] "GET /250/images/index04.jpg HTTP/1.1" 200 2241 "http://www.wiseguysokc.com/Frame-4-calendarpage4.html?refresh=1375823913675" "Mozilla/5.0 (iPhone; CPU iPhone OS 6_1_3 like Mac OS X) AppleWebKit/536.26 (KHTML, like Gecko) Version/6.0 Mobile/10B329 Safari/8536.25"
108.235.90.155 - - [12/Aug/2013:11:23:25 -0400] "GET /250/scripts/master.css HTTP/1.1" 200 1956 "http://www.wiseguysokc.com/" "Mozilla/5.0 (Macintosh; Intel Mac OS X 10_8_3) AppleWebKit/536.28.10 (KHTML, like Gecko) Version/6.0.3 Safari/536.28.10"
68.12.176.246 - - [12/Aug/2013:18:24:02 -0400] "GET /images/153__8280370_-_Crpt.JPG HTTP/1.1" 200 5529 "http://www.wiseguysokc.com/Frame-2-meetthebandpage2.html?refresh=1375823913574" "Mozilla/5.0 (compatible; MSIE 10.0; Windows NT 6.1; WOW64; Trident/6.0)"
202.46.51.75 - - [12/Aug/2013:15:24:06 -0400] "GET / HTTP/1.1" 200 1092 "-" "Mozilla/5.0 (Windows NT 5.1; rv:6.0.2) Gecko/20100101 Firefox/6.0.2"
167.161.101.101 - - [12/Aug/2013:15:50:04 -0400] "GET /scripts/user.js HTTP/1.1" 200 23762 "http://wiseguysokc.com/" "Mozilla/4.0 (compatible; MSIE 8.0; Windows NT 6.1; Trident/4.0; GTB7.5; SLCC2; .NET CLR 2.0.50727; .NET CLR 3.5.30729; .NET CLR 3.0.30729; Media Center PC 6.0; InfoPath.3; .NET4.0C; MS-RTC LM 8; .NET CLR 1.1.4322; .NET4.0E)"
167.161.101.101 - - [12/Aug/2013:15:50:04 -0400] "GET /scripts/photoalbum.js HTTP/1.1" 200 62481 "http://wiseguysokc.com/" "Mozilla/4.0 (compatible; MSIE 8.0; Windows NT 6.1; Trident/4.0; GTB7.5; SLCC2; .NET CLR 2.0.50727; .NET CLR 3.5.30729; .NET CLR 3.0.30729; Media Center PC 6.0; InfoPath.3; .NET4.0C; MS-RTC LM 8; .NET CLR 1.1.4322; .NET4.0E)"
72.198.92.94 - - [12/Aug/2013:16:51:35 -0400] "GET /250/scripts/icwebsiteelement.css HTTP/1.1" 304 - "http://www.wiseguysokc.com/" "Mozilla/5.0 (compatible; MSIE 10.0; Windows NT 6.1; Trident/6.0)"
72.198.92.94 - - [12/Aug/2013:16:51:35 -0400] "GET /250/images/index03.jpg HTTP/1.1" 200 2815 "http://www.wiseguysokc.com/Frame-1-homepage1.html?refresh=1375823914101" "Mozilla/5.0 (compatible; MSIE 10.0; Windows NT 6.1; Trident/6.0)"
72.198.92.94 - - [12/Aug/2013:16:51:35 -0400] "GET /250/images/content01.gif HTTP/1.1" 200 14331 "http://www.wiseguysokc.com/Frame-1-homepage1.html?refresh=1375823914101" "Mozilla/5.0 (compatible; MSIE 10.0; Windows NT 6.1; Trident/6.0)"
72.198.92.94 - - [12/Aug/2013:16:51:35 -0400] "GET /images/250_Oklahoman.gif HTTP/1.1" 200 1688 "http://www.wiseguysokc.com/Frame-1-homepage1.html?refresh=1375823914101" "Mozilla/5.0 (compatible; MSIE 10.0; Windows NT 6.1; Trident/6.0)"
72.198.92.94 - - [12/Aug/2013:16:51:35 -0400] "GET /250/images/index02.jpg HTTP/1.1" 200 999 "http://www.wiseguysokc.com/Frame-1-homepage1.html?refresh=1375823914101" "Mozilla/5.0 (compatible; MSIE 10.0; Windows NT 6.1; Trident/6.0)"
72.198.92.94 - - [12/Aug/2013:16:51:35 -0400] "GET /250/images/03a.jpg HTTP/1.1" 200 2976 "http://www.wiseguysokc.com/Frame-1-homenav.htm" "Mozilla/5.0 (compatible; MSIE 10.0; Windows NT 6.1; Trident/6.0)"
72.198.92.94 - - [12/Aug/2013:16:51:35 -0400] "GET /250/images/04a.jpg HTTP/1.1" 200 3312 "http://www.wiseguysokc.com/Frame-1-homenav.htm" "Mozilla/5.0 (compatible; MSIE 10.0; Windows NT 6.1; Trident/6.0)"
72.198.92.94 - - [12/Aug/2013:16:51:36 -0400] "GET /250/images/07a.jpg HTTP/1.1" 200 3422 "http://www.wiseguysokc.com/Frame-1-homenav.htm" "Mozilla/5.0 (compatible; MSIE 10.0; Windows NT 6.1; Trident/6.0)"
72.198.92.94 - - [12/Aug/2013:16:51:36 -0400] "GET /250/images/02b.jpg HTTP/1.1" 200 3466 "http://www.wiseguysokc.com/Frame-1-homenav.htm" "Mozilla/5.0 (compatible; MSIE 10.0; Windows NT 6.1; Trident/6.0)"
72.198.92.94 - - [12/Aug/2013:16:51:36 -0400] "GET /250/images/03b.jpg HTTP/1.1" 200 2930 "http://www.wiseguysokc.com/Frame-1-homenav.htm" "Mozilla/5.0 (compatible; MSIE 10.0; Windows NT 6.1; Trident/6.0)"
72.198.92.94 - - [12/Aug/2013:16:51:36 -0400] "GET /250/images/06b.jpg HTTP/1.1" 200 3011 "http://www.wiseguysokc.com/Frame-1-homenav.htm" "Mozilla/5.0 (compatible; MSIE 10.0; Windows NT 6.1; Trident/6.0)"
72.198.92.94 - - [12/Aug/2013:16:51:36 -0400] "GET /250/images/08b.jpg HTTP/1.1" 200 3551 "http://www.wiseguysokc.com/Frame-1-homenav.htm" "Mozilla/5.0 (compatible; MSIE 10.0; Windows NT 6.1; Trident/6.0)"
72.198.92.94 - - [12/Aug/2013:16:51:36 -0400] "GET /250/images/nav_back.jpg HTTP/1.1" 200 15744 "http://www.wiseguysokc.com/Frame-1-homenav.htm" "Mozilla/5.0 (compatible; MSIE 10.0; Windows NT 6.1; Trident/6.0)"
218.30.103.101 - - [12/Aug/2013:17:36:28 -0400] "GET /robots.txt HTTP/1.1" 200 25 "-" "Sogou web spider/4.0(+http://www.sogou.com/docs/help/webmasters.htm#07)"
76.203.134.200 - - [12/Aug/2013:13:05:33 -0400] "GET /250/scripts/icwebsiteelement.css HTTP/1.1" 200 8132 "http://www.wiseguysokc.com/" "Mozilla/5.0 (Windows NT 5.1) AppleWebKit/537.36 (KHTML, like Gecko) Chrome/28.0.1500.95 Safari/537.36"
76.203.134.200 - - [12/Aug/2013:13:05:34 -0400] "GET /250/images/back01.jpg HTTP/1.1" 200 1321 "http://www.wiseguysokc.com/Frame-1-homepage1.html?refresh=1375823914101" "Mozilla/5.0 (Windows NT 5.1) AppleWebKit/537.36 (KHTML, like Gecko) Chrome/28.0.1500.95 Safari/537.36"
76.203.134.200 - - [12/Aug/2013:13:05:35 -0400] "GET /images/180_WG_-_Facebook.jpg HTTP/1.1" 200 4974 "http://www.wiseguysokc.com/Frame-1-homepage1.html?refresh=1375823914101" "Mozilla/5.0 (Windows NT 5.1) AppleWebKit/537.36 (KHTML, like Gecko) Chrome/28.0.1500.95 Safari/537.36"
76.203.134.200 - - [12/Aug/2013:13:05:35 -0400] "GET /250/images/spacer.gif HTTP/1.1" 200 43 "http://www.wiseguysokc.com/Frame-1-homepage1.html?refresh=1375823914101" "Mozilla/5.0 (Windows NT 5.1) AppleWebKit/537.36 (KHTML, like Gecko) Chrome/28.0.1500.95 Safari/537.36"
76.203.134.200 - - [12/Aug/2013:13:05:35 -0400] "GET /250/images/index02.jpg HTTP/1.1" 200 999 "http://www.wiseguysokc.com/Frame-1-homepage1.html?refresh=1375823914101" "Mozilla/5.0 (Windows NT 5.1) AppleWebKit/537.36 (KHTML, like Gecko) Chrome/28.0.1500.95 Safari/537.36"
76.203.134.200 - - [12/Aug/2013:13:05:35 -0400] "GET /250/images/index04.jpg HTTP/1.1" 200 2241 "http://www.wiseguysokc.com/Frame-1-homepage1.html?refresh=1375823914101" "Mozilla/5.0 (Windows NT 5.1) AppleWebKit/537.36 (KHTML, like Gecko) Chrome/28.0.1500.95 Safari/537.36"
76.203.134.200 - - [12/Aug/2013:13:05:35 -0400] "GET /250/images/content01.gif HTTP/1.1" 200 14331 "http://www.wiseguysokc.com/Frame-1-homepage1.html?refresh=1375823914101" "Mozilla/5.0 (Windows NT 5.1) AppleWebKit/537.36 (KHTML, like Gecko) Chrome/28.0.1500.95 Safari/537.36"
76.203.134.200 - - [12/Aug/2013:13:05:35 -0400] "GET /250/images/05a.jpg HTTP/1.1" 200 3815 "http://www.wiseguysokc.com/Frame-1-homenav.htm" "Mozilla/5.0 (Windows NT 5.1) AppleWebKit/537.36 (KHTML, like Gecko) Chrome/28.0.1500.95 Safari/537.36"
76.203.134.200 - - [12/Aug/2013:13:05:35 -0400] "GET /250/images/08a.jpg HTTP/1.1" 200 3709 "http://www.wiseguysokc.com/Frame-1-homenav.htm" "Mozilla/5.0 (Windows NT 5.1) AppleWebKit/537.36 (KHTML, like Gecko) Chrome/28.0.1500.95 Safari/537.36"
76.203.134.200 - - [12/Aug/2013:13:05:35 -0400] "GET /250/images/05b.jpg HTTP/1.1" 200 3654 "http://www.wiseguysokc.com/Frame-1-homenav.htm" "Mozilla/5.0 (Windows NT 5.1) AppleWebKit/537.36 (KHTML, like Gecko) Chrome/28.0.1500.95 Safari/537.36"
76.203.134.200 - - [12/Aug/2013:13:05:35 -0400] "GET /250/images/09b.jpg HTTP/1.1" 200 1125 "http://www.wiseguysokc.com/Frame-1-homenav.htm" "Mozilla/5.0 (Windows NT 5.1) AppleWebKit/537.36 (KHTML, like Gecko) Chrome/28.0.1500.95 Safari/537.36"
68.4.175.146 - - [12/Aug/2013:23:04:21 -0400] "GET /images/100_2005_294.jpg HTTP/1.1" 200 4469 "http://www.wiseguysokc.com/Frame-11-randysgallerypage11.html?refresh=1375823913350" "Mozilla/5.0 (compatible; MSIE 9.0; Windows NT 6.0; Trident/5.0)"
123.125.71.12 - - [12/Aug/2013:08:51:35 -0400] "GET /calendar.html HTTP/1.1" 200 1100 "-" "Mozilla/5.0 (compatible; Baiduspider/2.0; +http://www.baidu.com/search/spider.html)"
157.55.36.35 - - [12/Aug/2013:12:22:09 -0400] "GET /Frame-5-contactnewsletterpage5.html?refresh=1357850960121 HTTP/1.1" 200 15082 "-" "Mozilla/5.0 (compatible; bingbot/2.0; +http://www.bing.com/bingbot.htm)"
76.203.134.200 - - [12/Aug/2013:13:05:33 -0400] "GET /scripts/user.js HTTP/1.1" 200 23762 "http://www.wiseguysokc.com/" "Mozilla/5.0 (Windows NT 5.1) AppleWebKit/537.36 (KHTML, like Gecko) Chrome/28.0.1500.95 Safari/537.36"
76.203.134.200 - - [12/Aug/2013:13:05:34 -0400] "GET /Frame-1-homenav.htm HTTP/1.1" 200 4534 "http://www.wiseguysokc.com/" "Mozilla/5.0 (Windows NT 5.1) AppleWebKit/537.36 (KHTML, like Gecko) Chrome/28.0.1500.95 Safari/537.36"
76.203.134.200 - - [12/Aug/2013:13:05:35 -0400] "GET /250/images/slogan.jpg HTTP/1.1" 200 5909 "http://www.wiseguysokc.com/Frame-1-homepage1.html?refresh=1375823914101" "Mozilla/5.0 (Windows NT 5.1) AppleWebKit/537.36 (KHTML, like Gecko) Chrome/28.0.1500.95 Safari/537.36"
76.203.134.200 - - [12/Aug/2013:13:05:35 -0400] "GET /250/images/02a.jpg HTTP/1.1" 200 3437 "http://www.wiseguysokc.com/Frame-1-homenav.htm" "Mozilla/5.0 (Windows NT 5.1) AppleWebKit/537.36 (KHTML, like Gecko) Chrome/28.0.1500.95 Safari/537.36"
76.203.134.200 - - [12/Aug/2013:13:05:35 -0400] "GET /250/images/02b.jpg HTTP/1.1" 200 3466 "http://www.wiseguysokc.com/Frame-1-homenav.htm" "Mozilla/5.0 (Windows NT 5.1) AppleWebKit/537.36 (KHTML, like Gecko) Chrome/28.0.1500.95 Safari/537.36"
76.203.134.200 - - [12/Aug/2013:13:05:35 -0400] "GET /250/images/nav_back.jpg HTTP/1.1" 200 15744 "http://www.wiseguysokc.com/Frame-1-homenav.htm" "Mozilla/5.0 (Windows NT 5.1) AppleWebKit/537.36 (KHTML, like Gecko) Chrome/28.0.1500.95 Safari/537.36"
157.142.237.37 - - [12/Aug/2013:15:26:37 -0400] "GET /images/155_Brad_Arts_Fest_05.jpg HTTP/1.1" 200 6514 "http://wiseguysokc.com/Frame-2-meetthebandpage2.html?refresh=1375823913574" "Mozilla/4.0 (compatible; MSIE 8.0; Windows NT 6.1; WOW64; Trident/4.0; GTB7.5; SLCC2; .NET CLR 2.0.50727; .NET CLR 3.5.30729; .NET CLR 3.0.30729; Media Center PC 6.0; .NET4.0C; .NET4.0E; IPH 1.1.21.4019)"
157.142.237.37 - - [12/Aug/2013:15:26:37 -0400] "GET /images/140_DSC_6927.jpg HTTP/1.1" 200 9948 "http://wiseguysokc.com/Frame-2-meetthebandpage2.html?refresh=1375823913574" "Mozilla/4.0 (compatible; MSIE 8.0; Windows NT 6.1; WOW64; Trident/4.0; GTB7.5; SLCC2; .NET CLR 2.0.50727; .NET CLR 3.5.30729; .NET CLR 3.0.30729; Media Center PC 6.0; .NET4.0C; .NET4.0E; IPH 1.1.21.4019)"
157.142.237.37 - - [12/Aug/2013:15:29:55 -0400] "GET /images/496__8280371.JPG HTTP/1.1" 200 34866 "http://wiseguysokc.com/Frame-3-gallerypage3.html?refresh=1375823913925" "Mozilla/4.0 (compatible; MSIE 8.0; Windows NT 6.1; WOW64; Trident/4.0; GTB7.5; SLCC2; .NET CLR 2.0.50727; .NET CLR 3.5.30729; .NET CLR 3.0.30729; Media Center PC 6.0; .NET4.0C; .NET4.0E; IPH 1.1.21.4019)"
157.142.237.37 - - [12/Aug/2013:15:29:58 -0400] "GET /images/496__8280374.JPG HTTP/1.1" 200 29396 "http://wiseguysokc.com/Frame-3-gallerypage3.html?refresh=1375823913925" "Mozilla/4.0 (compatible; MSIE 8.0; Windows NT 6.1; WOW64; Trident/4.0; GTB7.5; SLCC2; .NET CLR 2.0.50727; .NET CLR 3.5.30729; .NET CLR 3.0.30729; Media Center PC 6.0; .NET4.0C; .NET4.0E; IPH 1.1.21.4019)"
157.142.237.37 - - [12/Aug/2013:15:30:01 -0400] "GET /images/496__8280402.JPG HTTP/1.1" 200 24218 "http://wiseguysokc.com/Frame-3-gallerypage3.html?refresh=1375823913925" "Mozilla/4.0 (compatible; MSIE 8.0; Windows NT 6.1; WOW64; Trident/4.0; GTB7.5; SLCC2; .NET CLR 2.0.50727; .NET CLR 3.5.30729; .NET CLR 3.0.30729; Media Center PC 6.0; .NET4.0C; .NET4.0E; IPH 1.1.21.4019)"
157.142.237.37 - - [12/Aug/2013:15:30:04 -0400] "GET /images/496__8280420.JPG HTTP/1.1" 200 30593 "http://wiseguysokc.com/Frame-3-gallerypage3.html?refresh=1375823913925" "Mozilla/4.0 (compatible; MSIE 8.0; Windows NT 6.1; WOW64; Trident/4.0; GTB7.5; SLCC2; .NET CLR 2.0.50727; .NET CLR 3.5.30729; .NET CLR 3.0.30729; Media Center PC 6.0; .NET4.0C; .NET4.0E; IPH 1.1.21.4019)"
157.142.237.37 - - [12/Aug/2013:15:30:07 -0400] "GET /images/496__8280447.JPG HTTP/1.1" 200 33694 "http://wiseguysokc.com/Frame-3-gallerypage3.html?refresh=1375823913925" "Mozilla/4.0 (compatible; MSIE 8.0; Windows NT 6.1; WOW64; Trident/4.0; GTB7.5; SLCC2; .NET CLR 2.0.50727; .NET CLR 3.5.30729; .NET CLR 3.0.30729; Media Center PC 6.0; .NET4.0C; .NET4.0E; IPH 1.1.21.4019)"
157.142.237.37 - - [12/Aug/2013:15:30:10 -0400] "GET /images/496__8280459.JPG HTTP/1.1" 200 25925 "http://wiseguysokc.com/Frame-3-gallerypage3.html?refresh=1375823913925" "Mozilla/4.0 (compatible; MSIE 8.0; Windows NT 6.1; WOW64; Trident/4.0; GTB7.5; SLCC2; .NET CLR 2.0.50727; .NET CLR 3.5.30729; .NET CLR 3.0.30729; Media Center PC 6.0; .NET4.0C; .NET4.0E; IPH 1.1.21.4019)"
157.142.237.37 - - [12/Aug/2013:15:30:13 -0400] "GET /images/496__8280461.JPG HTTP/1.1" 200 20817 "http://wiseguysokc.com/Frame-3-gallerypage3.html?refresh=1375823913925" "Mozilla/4.0 (compatible; MSIE 8.0; Windows NT 6.1; WOW64; Trident/4.0; GTB7.5; SLCC2; .NET CLR 2.0.50727; .NET CLR 3.5.30729; .NET CLR 3.0.30729; Media Center PC 6.0; .NET4.0C; .NET4.0E; IPH 1.1.21.4019)"
157.142.237.37 - - [12/Aug/2013:15:30:16 -0400] "GET /images/329__DSC2732.jpg HTTP/1.1" 200 28762 "http://wiseguysokc.com/Frame-3-gallerypage3.html?refresh=1375823913925" "Mozilla/4.0 (compatible; MSIE 8.0; Windows NT 6.1; WOW64; Trident/4.0; GTB7.5; SLCC2; .NET CLR 2.0.50727; .NET CLR 3.5.30729; .NET CLR 3.0.30729; Media Center PC 6.0; .NET4.0C; .NET4.0E; IPH 1.1.21.4019)"
157.142.237.37 - - [12/Aug/2013:15:30:19 -0400] "GET /images/329__DSC2748.jpg HTTP/1.1" 200 26479 "http://wiseguysokc.com/Frame-3-gallerypage3.html?refresh=1375823913925" "Mozilla/4.0 (compatible; MSIE 8.0; Windows NT 6.1; WOW64; Trident/4.0; GTB7.5; SLCC2; .NET CLR 2.0.50727; .NET CLR 3.5.30729; .NET CLR 3.0.30729; Media Center PC 6.0; .NET4.0C; .NET4.0E; IPH 1.1.21.4019)"
157.142.237.37 - - [12/Aug/2013:15:30:22 -0400] "GET /images/497__DSC2773.jpg HTTP/1.1" 200 26177 "http://wiseguysokc.com/Frame-3-gallerypage3.html?refresh=1375823913925" "Mozilla/4.0 (compatible; MSIE 8.0; Windows NT 6.1; WOW64; Trident/4.0; GTB7.5; SLCC2; .NET CLR 2.0.50727; .NET CLR 3.5.30729; .NET CLR 3.0.30729; Media Center PC 6.0; .NET4.0C; .NET4.0E; IPH 1.1.21.4019)"
157.142.237.37 - - [12/Aug/2013:15:30:25 -0400] "GET /images/329__DSC2803.jpg HTTP/1.1" 200 33743 "http://wiseguysokc.com/Frame-3-gallerypage3.html?refresh=1375823913925" "Mozilla/4.0 (compatible; MSIE 8.0; Windows NT 6.1; WOW64; Trident/4.0; GTB7.5; SLCC2; .NET CLR 2.0.50727; .NET CLR 3.5.30729; .NET CLR 3.0.30729; Media Center PC 6.0; .NET4.0C; .NET4.0E; IPH 1.1.21.4019)"
157.142.237.37 - - [12/Aug/2013:15:32:13 -0400] "GET /images/doc_pdf.gif HTTP/1.1" 200 1002 "http://wiseguysokc.com/Frame-10-wisestuffpage10.html?refresh=1375823914501" "Mozilla/4.0 (compatible; MSIE 8.0; Windows NT 6.1; WOW64; Trident/4.0; GTB7.5; SLCC2; .NET CLR 2.0.50727; .NET CLR 3.5.30729; .NET CLR 3.0.30729; Media Center PC 6.0; .NET4.0C; .NET4.0E; IPH 1.1.21.4019)"
157.56.92.151 - - [12/Aug/2013:17:19:16 -0400] "GET /robots.txt HTTP/1.1" 200 25 "-" "Mozilla/5.0 (compatible; bingbot/2.0; +http://www.bing.com/bingbot.htm)"
75.16.195.34 - - [12/Aug/2013:17:22:28 -0400] "GET /250/images/company.jpg HTTP/1.1" 200 6282 "http://www.wiseguysokc.com/Frame-1-homepage1.html?refresh=1375823914101" "Mozilla/5.0 (iPad; CPU OS 5_1_1 like Mac OS X) AppleWebKit/534.46 (KHTML, like Gecko) Version/5.1 Mobile/9B206 Safari/7534.48.3"
75.16.195.34 - - [12/Aug/2013:17:22:29 -0400] "GET /250/images/05b.jpg HTTP/1.1" 200 3654 "http://www.wiseguysokc.com/Frame-1-homenav.htm" "Mozilla/5.0 (iPad; CPU OS 5_1_1 like Mac OS X) AppleWebKit/534.46 (KHTML, like Gecko) Version/5.1 Mobile/9B206 Safari/7534.48.3"
75.16.195.34 - - [12/Aug/2013:17:22:29 -0400] "GET /250/images/04a.jpg HTTP/1.1" 200 3312 "http://www.wiseguysokc.com/Frame-1-homenav.htm" "Mozilla/5.0 (iPad; CPU OS 5_1_1 like Mac OS X) AppleWebKit/534.46 (KHTML, like Gecko) Version/5.1 Mobile/9B206 Safari/7534.48.3"
75.16.195.34 - - [12/Aug/2013:17:22:29 -0400] "GET /250/images/06a.jpg HTTP/1.1" 200 3075 "http://www.wiseguysokc.com/Frame-1-homenav.htm" "Mozilla/5.0 (iPad; CPU OS 5_1_1 like Mac OS X) AppleWebKit/534.46 (KHTML, like Gecko) Version/5.1 Mobile/9B206 Safari/7534.48.3"
75.16.195.34 - - [12/Aug/2013:17:22:29 -0400] "GET /250/images/07a.jpg HTTP/1.1" 200 3422 "http://www.wiseguysokc.com/Frame-1-homenav.htm" "Mozilla/5.0 (iPad; CPU OS 5_1_1 like Mac OS X) AppleWebKit/534.46 (KHTML, like Gecko) Version/5.1 Mobile/9B206 Safari/7534.48.3"
68.12.176.246 - - [12/Aug/2013:18:25:21 -0400] "GET /randysgallery.html HTTP/1.1" 304 - "http://www.wiseguysokc.com/Frame-2-meetthebandpage2.html?refresh=1375823913574" "Mozilla/5.0 (compatible; MSIE 10.0; Windows NT 6.1; WOW64; Trident/6.0)"
68.12.176.246 - - [12/Aug/2013:18:25:21 -0400] "GET /250/scripts/master.css HTTP/1.1" 304 - "http://www.wiseguysokc.com/randysgallery.html" "Mozilla/5.0 (compatible; MSIE 10.0; Windows NT 6.1; WOW64; Trident/6.0)"
68.12.176.246 - - [12/Aug/2013:18:25:21 -0400] "GET /scripts/user.js HTTP/1.1" 304 - "http://www.wiseguysokc.com/Frame-11-randysgallerypage11.html?refresh=1375823913350" "Mozilla/5.0 (compatible; MSIE 10.0; Windows NT 6.1; WOW64; Trident/6.0)"
68.12.176.246 - - [12/Aug/2013:18:25:21 -0400] "GET /images/100_P7150684.JPG HTTP/1.1" 304 - "http://www.wiseguysokc.com/Frame-11-randysgallerypage11.html?refresh=1375823913350" "Mozilla/5.0 (compatible; MSIE 10.0; Windows NT 6.1; WOW64; Trident/6.0)"
68.12.176.246 - - [12/Aug/2013:18:25:22 -0400] "GET /images/100_P7150762.JPG HTTP/1.1" 304 - "http://www.wiseguysokc.com/Frame-11-randysgallerypage11.html?refresh=1375823913350" "Mozilla/5.0 (compatible; MSIE 10.0; Windows NT 6.1; WOW64; Trident/6.0)"
68.12.176.246 - - [12/Aug/2013:18:25:22 -0400] "GET /250/images/spacer.gif HTTP/1.1" 304 - "http://www.wiseguysokc.com/Frame-11-randysgallerypage11.html?refresh=1375823913350" "Mozilla/5.0 (compatible; MSIE 10.0; Windows NT 6.1; WOW64; Trident/6.0)"
68.12.176.246 - - [12/Aug/2013:18:25:22 -0400] "GET /250/images/slogan.jpg HTTP/1.1" 304 - "http://www.wiseguysokc.com/Frame-11-randysgallerypage11.html?refresh=1375823913350" "Mozilla/5.0 (compatible; MSIE 10.0; Windows NT 6.1; WOW64; Trident/6.0)"
68.12.176.246 - - [12/Aug/2013:18:25:22 -0400] "GET /250/images/02a.jpg HTTP/1.1" 304 - "http://www.wiseguysokc.com/Frame-11-randysgallerynav.htm" "Mozilla/5.0 (compatible; MSIE 10.0; Windows NT 6.1; WOW64; Trident/6.0)"
68.12.176.246 - - [12/Aug/2013:18:25:22 -0400] "GET /250/images/01b.jpg HTTP/1.1" 304 - "http://www.wiseguysokc.com/Frame-11-randysgallerynav.htm" "Mozilla/5.0 (compatible; MSIE 10.0; Windows NT 6.1; WOW64; Trident/6.0)"
68.12.176.246 - - [12/Aug/2013:18:25:22 -0400] "GET /250/images/06b.jpg HTTP/1.1" 304 - "http://www.wiseguysokc.com/Frame-11-randysgallerynav.htm" "Mozilla/5.0 (compatible; MSIE 10.0; Windows NT 6.1; WOW64; Trident/6.0)"
37.139.52.23 - - [12/Aug/2013:23:06:58 -0400] "GET /meettheband.html HTTP/1.1" 200 1106 "http://moygarag.ru/" "Mozilla/4.0 (compatible; MSIE 6.0; MSIE 5.5; Windows NT 4.0) Opera 7.0 [en]"
157.56.92.151 - - [12/Aug/2013:10:32:15 -0400] "GET /robots.txt HTTP/1.1" 200 25 "-" "Mozilla/5.0 (compatible; bingbot/2.0; +http://www.bing.com/bingbot.htm)"
166.137.119.49 - - [12/Aug/2013:11:01:32 -0400] "GET /scripts/user.js HTTP/1.1" 200 23762 "http://www.wiseguysokc.com/calendar.html" "Mozilla/5.0 (iPhone; CPU iPhone OS 6_1_3 like Mac OS X) AppleWebKit/536.26 (KHTML, like Gecko) Version/6.0 Mobile/10B329 Safari/8536.25"
166.137.119.49 - - [12/Aug/2013:11:01:33 -0400] "GET /Frame-4-calendarnav.htm HTTP/1.1" 200 4534 "http://www.wiseguysokc.com/calendar.html" "Mozilla/5.0 (iPhone; CPU iPhone OS 6_1_3 like Mac OS X) AppleWebKit/536.26 (KHTML, like Gecko) Version/6.0 Mobile/10B329 Safari/8536.25"
166.137.119.49 - - [12/Aug/2013:11:01:34 -0400] "GET /250/images/03b.jpg HTTP/1.1" 200 2930 "http://www.wiseguysokc.com/Frame-4-calendarnav.htm" "Mozilla/5.0 (iPhone; CPU iPhone OS 6_1_3 like Mac OS X) AppleWebKit/536.26 (KHTML, like Gecko) Version/6.0 Mobile/10B329 Safari/8536.25"
166.137.119.49 - - [12/Aug/2013:11:01:34 -0400] "GET /250/images/02b.jpg HTTP/1.1" 200 3466 "http://www.wiseguysokc.com/Frame-4-calendarnav.htm" "Mozilla/5.0 (iPhone; CPU iPhone OS 6_1_3 like Mac OS X) AppleWebKit/536.26 (KHTML, like Gecko) Version/6.0 Mobile/10B329 Safari/8536.25"
166.137.119.49 - - [12/Aug/2013:11:01:34 -0400] "GET /250/images/07b.jpg HTTP/1.1" 200 3345 "http://www.wiseguysokc.com/Frame-4-calendarnav.htm" "Mozilla/5.0 (iPhone; CPU iPhone OS 6_1_3 like Mac OS X) AppleWebKit/536.26 (KHTML, like Gecko) Version/6.0 Mobile/10B329 Safari/8536.25"
166.137.119.49 - - [12/Aug/2013:11:01:34 -0400] "GET /250/images/06b.jpg HTTP/1.1" 200 3011 "http://www.wiseguysokc.com/Frame-4-calendarnav.htm" "Mozilla/5.0 (iPhone; CPU iPhone OS 6_1_3 like Mac OS X) AppleWebKit/536.26 (KHTML, like Gecko) Version/6.0 Mobile/10B329 Safari/8536.25"
166.137.119.49 - - [12/Aug/2013:11:01:34 -0400] "GET /250/images/spacer.gif HTTP/1.1" 200 43 "http://www.wiseguysokc.com/Frame-4-calendarnav.htm" "Mozilla/5.0 (iPhone; CPU iPhone OS 6_1_3 like Mac OS X) AppleWebKit/536.26 (KHTML, like Gecko) Version/6.0 Mobile/10B329 Safari/8536.25"
166.137.119.49 - - [12/Aug/2013:11:01:34 -0400] "GET /250/images/07a.jpg HTTP/1.1" 200 3422 "http://www.wiseguysokc.com/Frame-4-calendarnav.htm" "Mozilla/5.0 (iPhone; CPU iPhone OS 6_1_3 like Mac OS X) AppleWebKit/536.26 (KHTML, like Gecko) Version/6.0 Mobile/10B329 Safari/8536.25"
166.137.119.49 - - [12/Aug/2013:11:01:34 -0400] "GET /250/images/04a.jpg HTTP/1.1" 200 3312 "http://www.wiseguysokc.com/Frame-4-calendarnav.htm" "Mozilla/5.0 (iPhone; CPU iPhone OS 6_1_3 like Mac OS X) AppleWebKit/536.26 (KHTML, like Gecko) Version/6.0 Mobile/10B329 Safari/8536.25"
108.235.90.155 - - [12/Aug/2013:11:23:25 -0400] "GET /scripts/photoalbum.js HTTP/1.1" 200 62481 "http://www.wiseguysokc.com/" "Mozilla/5.0 (Macintosh; Intel Mac OS X 10_8_3) AppleWebKit/536.28.10 (KHTML, like Gecko) Version/6.0.3 Safari/536.28.10"
157.55.35.83 - - [12/Aug/2013:05:48:29 -0400] "GET /scripts/photoalbum.js HTTP/1.1" 200 62481 "-" "Mozilla/5.0 (compatible; bingbot/2.0; +http://www.bing.com/bingbot.htm)"
66.249.75.36 - - [12/Aug/2013:06:58:00 -0400] "GET /bookingmediakit.html HTTP/1.1" 304 - "-" "Mozilla/5.0 (compatible; Googlebot/2.1; +http://www.google.com/bot.html)"
108.235.90.155 - - [12/Aug/2013:11:23:25 -0400] "GET /scripts/ic_globals_published.js HTTP/1.1" 200 566 "http://www.wiseguysokc.com/" "Mozilla/5.0 (Macintosh; Intel Mac OS X 10_8_3) AppleWebKit/536.28.10 (KHTML, like Gecko) Version/6.0.3 Safari/536.28.10"
68.12.176.246 - - [12/Aug/2013:18:23:54 -0400] "GET /250/images/02a.jpg HTTP/1.1" 200 3437 "http://www.wiseguysokc.com/Frame-1-homenav.htm" "Mozilla/5.0 (compatible; MSIE 10.0; Windows NT 6.1; WOW64; Trident/6.0)"
68.12.176.246 - - [12/Aug/2013:18:23:54 -0400] "GET /250/images/01b.jpg HTTP/1.1" 200 2948 "http://www.wiseguysokc.com/Frame-1-homenav.htm" "Mozilla/5.0 (compatible; MSIE 10.0; Windows NT 6.1; WOW64; Trident/6.0)"
68.12.176.246 - - [12/Aug/2013:18:23:54 -0400] "GET /250/images/05b.jpg HTTP/1.1" 200 3654 "http://www.wiseguysokc.com/Frame-1-homenav.htm" "Mozilla/5.0 (compatible; MSIE 10.0; Windows NT 6.1; WOW64; Trident/6.0)"
68.12.176.246 - - [12/Aug/2013:18:23:54 -0400] "GET /250/images/10b.jpg HTTP/1.1" 200 1232 "http://www.wiseguysokc.com/Frame-1-homenav.htm" "Mozilla/5.0 (compatible; MSIE 10.0; Windows NT 6.1; WOW64; Trident/6.0)"
68.12.176.246 - - [12/Aug/2013:18:23:55 -0400] "GET /images/483__DSC2843.jpg HTTP/1.1" 200 53533 "http://www.wiseguysokc.com/Frame-1-homepage1.html?refresh=1375823914101" "Mozilla/5.0 (compatible; MSIE 10.0; Windows NT 6.1; WOW64; Trident/6.0)"
68.12.176.246 - - [12/Aug/2013:18:23:56 -0400] "GET /250/images/index03.jpg HTTP/1.1" 200 2815 "http://www.wiseguysokc.com/Frame-1-homepage1.html?refresh=1375823914101" "Mozilla/5.0 (compatible; MSIE 10.0; Windows NT 6.1; WOW64; Trident/6.0)"
157.142.237.37 - - [12/Aug/2013:15:24:27 -0400] "GET /images/600_P7150684.JPG HTTP/1.1" 200 38046 "http://www.wiseguysokc.com/Frame-11-randysgallerypage11.html?refresh=1375823913350" "Mozilla/4.0 (compatible; MSIE 8.0; Windows NT 6.1; WOW64; Trident/4.0; GTB7.5; SLCC2; .NET CLR 2.0.50727; .NET CLR 3.5.30729; .NET CLR 3.0.30729; Media Center PC 6.0; .NET4.0C; .NET4.0E; IPH 1.1.21.4019)"
157.142.237.37 - - [12/Aug/2013:15:24:38 -0400] "GET /250/images/05b.jpg HTTP/1.1" 304 - "http://www.wiseguysokc.com/Frame-2-meetthebandnav.htm" "Mozilla/4.0 (compatible; MSIE 8.0; Windows NT 6.1; WOW64; Trident/4.0; GTB7.5; SLCC2; .NET CLR 2.0.50727; .NET CLR 3.5.30729; .NET CLR 3.0.30729; Media Center PC 6.0; .NET4.0C; .NET4.0E; IPH 1.1.21.4019)"
157.142.237.37 - - [12/Aug/2013:15:24:38 -0400] "GET /250/images/05a.jpg HTTP/1.1" 304 - "http://www.wiseguysokc.com/Frame-2-meetthebandnav.htm" "Mozilla/4.0 (compatible; MSIE 8.0; Windows NT 6.1; WOW64; Trident/4.0; GTB7.5; SLCC2; .NET CLR 2.0.50727; .NET CLR 3.5.30729; .NET CLR 3.0.30729; Media Center PC 6.0; .NET4.0C; .NET4.0E; IPH 1.1.21.4019)"
157.142.237.37 - - [12/Aug/2013:15:24:38 -0400] "GET /images/190_Mike_Arts_Fest_05.jpg HTTP/1.1" 304 - "http://www.wiseguysokc.com/Frame-2-meetthebandpage2.html?refresh=1375823913574" "Mozilla/4.0 (compatible; MSIE 8.0; Windows NT 6.1; WOW64; Trident/4.0; GTB7.5; SLCC2; .NET CLR 2.0.50727; .NET CLR 3.5.30729; .NET CLR 3.0.30729; Media Center PC 6.0; .NET4.0C; .NET4.0E; IPH 1.1.21.4019)"
157.142.237.37 - - [12/Aug/2013:15:24:38 -0400] "GET /images/140_DSC_6927.jpg HTTP/1.1" 304 - "http://www.wiseguysokc.com/Frame-2-meetthebandpage2.html?refresh=1375823913574" "Mozilla/4.0 (compatible; MSIE 8.0; Windows NT 6.1; WOW64; Trident/4.0; GTB7.5; SLCC2; .NET CLR 2.0.50727; .NET CLR 3.5.30729; .NET CLR 3.0.30729; Media Center PC 6.0; .NET4.0C; .NET4.0E; IPH 1.1.21.4019)"
157.142.237.37 - - [12/Aug/2013:15:24:38 -0400] "GET /250/images/index04.jpg HTTP/1.1" 304 - "http://www.wiseguysokc.com/Frame-2-meetthebandpage2.html?refresh=1375823913574" "Mozilla/4.0 (compatible; MSIE 8.0; Windows NT 6.1; WOW64; Trident/4.0; GTB7.5; SLCC2; .NET CLR 2.0.50727; .NET CLR 3.5.30729; .NET CLR 3.0.30729; Media Center PC 6.0; .NET4.0C; .NET4.0E; IPH 1.1.21.4019)"
157.142.237.37 - - [12/Aug/2013:15:24:38 -0400] "GET /250/images/index01.jpg HTTP/1.1" 304 - "http://www.wiseguysokc.com/Frame-2-meetthebandpage2.html?refresh=1375823913574" "Mozilla/4.0 (compatible; MSIE 8.0; Windows NT 6.1; WOW64; Trident/4.0; GTB7.5; SLCC2; .NET CLR 2.0.50727; .NET CLR 3.5.30729; .NET CLR 3.0.30729; Media Center PC 6.0; .NET4.0C; .NET4.0E; IPH 1.1.21.4019)"
157.142.237.37 - - [12/Aug/2013:15:24:41 -0400] "GET /images/100_P7150675.JPG HTTP/1.1" 304 - "http://www.wiseguysokc.com/Frame-11-randysgallerypage11.html?refresh=1375823913350" "Mozilla/4.0 (compatible; MSIE 8.0; Windows NT 6.1; WOW64; Trident/4.0; GTB7.5; SLCC2; .NET CLR 2.0.50727; .NET CLR 3.5.30729; .NET CLR 3.0.30729; Media Center PC 6.0; .NET4.0C; .NET4.0E; IPH 1.1.21.4019)"
157.142.237.37 - - [12/Aug/2013:15:24:41 -0400] "GET /images/100_P2170301.JPG HTTP/1.1" 304 - "http://www.wiseguysokc.com/Frame-11-randysgallerypage11.html?refresh=1375823913350" "Mozilla/4.0 (compatible; MSIE 8.0; Windows NT 6.1; WOW64; Trident/4.0; GTB7.5; SLCC2; .NET CLR 2.0.50727; .NET CLR 3.5.30729; .NET CLR 3.0.30729; Media Center PC 6.0; .NET4.0C; .NET4.0E; IPH 1.1.21.4019)"
157.142.237.37 - - [12/Aug/2013:15:26:11 -0400] "GET /scripts/photoalbum.js HTTP/1.1" 200 62481 "http://wiseguysokc.com/" "Mozilla/4.0 (compatible; MSIE 8.0; Windows NT 6.1; WOW64; Trident/4.0; GTB7.5; SLCC2; .NET CLR 2.0.50727; .NET CLR 3.5.30729; .NET CLR 3.0.30729; Media Center PC 6.0; .NET4.0C; .NET4.0E; IPH 1.1.21.4019)"
157.142.237.37 - - [12/Aug/2013:15:26:12 -0400] "GET /250/images/01b.jpg HTTP/1.1" 200 2948 "http://wiseguysokc.com/Frame-1-homenav.htm" "Mozilla/4.0 (compatible; MSIE 8.0; Windows NT 6.1; WOW64; Trident/4.0; GTB7.5; SLCC2; .NET CLR 2.0.50727; .NET CLR 3.5.30729; .NET CLR 3.0.30729; Media Center PC 6.0; .NET4.0C; .NET4.0E; IPH 1.1.21.4019)"
157.142.237.37 - - [12/Aug/2013:15:26:12 -0400] "GET /250/images/10b.jpg HTTP/1.1" 200 1232 "http://wiseguysokc.com/Frame-1-homenav.htm" "Mozilla/4.0 (compatible; MSIE 8.0; Windows NT 6.1; WOW64; Trident/4.0; GTB7.5; SLCC2; .NET CLR 2.0.50727; .NET CLR 3.5.30729; .NET CLR 3.0.30729; Media Center PC 6.0; .NET4.0C; .NET4.0E; IPH 1.1.21.4019)"
157.142.237.37 - - [12/Aug/2013:15:26:12 -0400] "GET /250/images/04a.jpg HTTP/1.1" 200 3312 "http://wiseguysokc.com/Frame-1-homenav.htm" "Mozilla/4.0 (compatible; MSIE 8.0; Windows NT 6.1; WOW64; Trident/4.0; GTB7.5; SLCC2; .NET CLR 2.0.50727; .NET CLR 3.5.30729; .NET CLR 3.0.30729; Media Center PC 6.0; .NET4.0C; .NET4.0E; IPH 1.1.21.4019)"
157.142.237.37 - - [12/Aug/2013:15:26:12 -0400] "GET /images/483_WG_s_Promo_2013.jpg HTTP/1.1" 200 24817 "http://wiseguysokc.com/Frame-1-homepage1.html?refresh=1375823914101" "Mozilla/4.0 (compatible; MSIE 8.0; Windows NT 6.1; WOW64; Trident/4.0; GTB7.5; SLCC2; .NET CLR 2.0.50727; .NET CLR 3.5.30729; .NET CLR 3.0.30729; Media Center PC 6.0; .NET4.0C; .NET4.0E; IPH 1.1.21.4019)"
157.142.237.37 - - [12/Aug/2013:15:26:12 -0400] "GET /250/images/content01.gif HTTP/1.1" 200 14331 "http://wiseguysokc.com/Frame-1-homepage1.html?refresh=1375823914101" "Mozilla/4.0 (compatible; MSIE 8.0; Windows NT 6.1; WOW64; Trident/4.0; GTB7.5; SLCC2; .NET CLR 2.0.50727; .NET CLR 3.5.30729; .NET CLR 3.0.30729; Media Center PC 6.0; .NET4.0C; .NET4.0E; IPH 1.1.21.4019)"
167.161.101.101 - - [12/Aug/2013:15:50:14 -0400] "GET /images/483_WG_s_Promo_2013.jpg HTTP/1.1" 200 24817 "http://wiseguysokc.com/Frame-1-homepage1.html?refresh=1375823914101" "Mozilla/4.0 (compatible; MSIE 8.0; Windows NT 6.1; Trident/4.0; GTB7.5; SLCC2; .NET CLR 2.0.50727; .NET CLR 3.5.30729; .NET CLR 3.0.30729; Media Center PC 6.0; InfoPath.3; .NET4.0C; MS-RTC LM 8; .NET CLR 1.1.4322; .NET4.0E)"
167.161.101.101 - - [12/Aug/2013:15:50:14 -0400] "GET /250/images/slogan.jpg HTTP/1.1" 200 5909 "http://wiseguysokc.com/Frame-1-homepage1.html?refresh=1375823914101" "Mozilla/4.0 (compatible; MSIE 8.0; Windows NT 6.1; Trident/4.0; GTB7.5; SLCC2; .NET CLR 2.0.50727; .NET CLR 3.5.30729; .NET CLR 3.0.30729; Media Center PC 6.0; InfoPath.3; .NET4.0C; MS-RTC LM 8; .NET CLR 1.1.4322; .NET4.0E)"
81.52.143.33 - - [12/Aug/2013:22:09:38 -0400] "GET /robots.txt HTTP/1.1" 200 25 "-" "Mozilla/5.0 (Windows; U; Windows NT 5.1; fr; rv:1.8.1) VoilaBot BETA 1.2 (support.voilabot@orange-ftgroup.com)"
72.198.34.136 - - [12/Aug/2013:22:26:37 -0400] "GET / HTTP/1.1" 200 1092 "http://www.google.com/url?sa=t&rct=j&q=wise%20guys%20band%20oklahoma%20city&source=web&cd=1&ved=0CCsQFjAA&url=http%3A%2F%2Fwww.wiseguysokc.com%2F&ei=MJkJUsnSBom02gW99oHADQ&usg=AFQjCNFVpdEFRf09sCn3b4S1yd0keUAD6g" "Mozilla/5.0 (compatible; MSIE 10.0; Windows NT 6.2; WOW64; Trident/6.0; ASU2JS)"
72.198.34.136 - - [12/Aug/2013:22:26:37 -0400] "GET /250/scripts/master.css HTTP/1.1" 200 1956 "http://www.wiseguysokc.com/" "Mozilla/5.0 (compatible; MSIE 10.0; Windows NT 6.2; WOW64; Trident/6.0; ASU2JS)"
72.198.34.136 - - [12/Aug/2013:22:26:37 -0400] "GET /scripts/user.js HTTP/1.1" 200 23762 "http://www.wiseguysokc.com/" "Mozilla/5.0 (compatible; MSIE 10.0; Windows NT 6.2; WOW64; Trident/6.0; ASU2JS)"
72.198.34.136 - - [12/Aug/2013:22:26:37 -0400] "GET /scripts/photoalbum.js HTTP/1.1" 200 62481 "http://www.wiseguysokc.com/" "Mozilla/5.0 (compatible; MSIE 10.0; Windows NT 6.2; WOW64; Trident/6.0; ASU2JS)"
68.4.175.146 - - [12/Aug/2013:23:04:27 -0400] "GET /images/600_DSC_7013.jpg HTTP/1.1" 200 110122 "http://www.wiseguysokc.com/Frame-11-randysgallerypage11.html?refresh=1375823913350" "Mozilla/5.0 (compatible; MSIE 9.0; Windows NT 6.0; Trident/5.0)"
68.12.176.246 - - [12/Aug/2013:18:23:52 -0400] "GET /250/scripts/icwebsiteelement.css HTTP/1.1" 200 8132 "http://www.wiseguysokc.com/" "Mozilla/5.0 (compatible; MSIE 10.0; Windows NT 6.1; WOW64; Trident/6.0)"
68.12.176.246 - - [12/Aug/2013:18:23:54 -0400] "GET /Frame-1-homepage1.html?refresh=1375823914101 HTTP/1.1" 200 19952 "http://www.wiseguysokc.com/" "Mozilla/5.0 (compatible; MSIE 10.0; Windows NT 6.1; WOW64; Trident/6.0)"
68.12.176.246 - - [12/Aug/2013:18:23:56 -0400] "GET /250/images/index04.jpg HTTP/1.1" 200 2241 "http://www.wiseguysokc.com/Frame-1-homepage1.html?refresh=1375823914101" "Mozilla/5.0 (compatible; MSIE 10.0; Windows NT 6.1; WOW64; Trident/6.0)"
68.12.176.246 - - [12/Aug/2013:18:23:56 -0400] "GET /250/images/content01.gif HTTP/1.1" 200 14331 "http://www.wiseguysokc.com/Frame-1-homepage1.html?refresh=1375823914101" "Mozilla/5.0 (compatible; MSIE 10.0; Windows NT 6.1; WOW64; Trident/6.0)"
68.12.176.246 - - [12/Aug/2013:18:24:02 -0400] "GET /images/190__DSC2389_-_Version_2_Smaller.jpg HTTP/1.1" 200 14356 "http://www.wiseguysokc.com/Frame-2-meetthebandpage2.html?refresh=1375823913574" "Mozilla/5.0 (compatible; MSIE 10.0; Windows NT 6.1; WOW64; Trident/6.0)"
68.12.176.246 - - [12/Aug/2013:18:25:40 -0400] "GET /images/600_P7150030.JPG HTTP/1.1" 200 19614 "http://www.wiseguysokc.com/Frame-11-randysgallerypage11.html?refresh=1375823913350" "Mozilla/5.0 (compatible; MSIE 10.0; Windows NT 6.1; WOW64; Trident/6.0)"
68.4.175.146 - - [12/Aug/2013:23:04:30 -0400] "GET /favicon.ico HTTP/1.1" 404 575 "-" "Mozilla/5.0 (compatible; MSIE 9.0; Windows NT 6.0; Trident/5.0)"
123.125.71.115 - - [12/Aug/2013:07:11:35 -0400] "GET /home.html HTTP/1.1" 200 1092 "-" "Mozilla/5.0 (compatible; Baiduspider/2.0; +http://www.baidu.com/search/spider.html)"
157.56.92.152 - - [12/Aug/2013:08:24:46 -0400] "GET /robots.txt HTTP/1.1" 200 25 "-" "Mozilla/5.0 (compatible; bingbot/2.0; +http://www.bing.com/bingbot.htm)"
123.125.71.57 - - [12/Aug/2013:08:51:42 -0400] "GET /Frame-4-calendarnav.htm HTTP/1.1" 200 4534 "-" "Mozilla/5.0 (compatible; Baiduspider/2.0; +http://www.baidu.com/search/spider.html)"
68.12.3.140 - - [12/Aug/2013:14:17:08 -0400] "GET /pages/1/index.htm HTTP/1.1" 200 118 "-" "Mozilla/5.0 (Macintosh; Intel Mac OS X 10_7_5) AppleWebKit/536.30.1 (KHTML, like Gecko) Version/6.0.5 Safari/536.30.1"
68.12.3.140 - - [12/Aug/2013:14:17:08 -0400] "GET /index.html HTTP/1.1" 200 1092 "http://www.wiseguysokc.com/pages/1/index.htm" "Mozilla/5.0 (Macintosh; Intel Mac OS X 10_7_5) AppleWebKit/536.30.1 (KHTML, like Gecko) Version/6.0.5 Safari/536.30.1"
68.12.3.140 - - [12/Aug/2013:14:17:08 -0400] "GET /250/scripts/master.css HTTP/1.1" 200 1956 "http://www.wiseguysokc.com/index.html" "Mozilla/5.0 (Macintosh; Intel Mac OS X 10_7_5) AppleWebKit/536.30.1 (KHTML, like Gecko) Version/6.0.5 Safari/536.30.1"
68.12.3.140 - - [12/Aug/2013:14:17:11 -0400] "GET /Frame-1-homepage1.html?refresh=1375823914101 HTTP/1.1" 200 19952 "http://www.wiseguysokc.com/index.html" "Mozilla/5.0 (Macintosh; Intel Mac OS X 10_7_5) AppleWebKit/536.30.1 (KHTML, like Gecko) Version/6.0.5 Safari/536.30.1"
68.12.3.140 - - [12/Aug/2013:14:17:11 -0400] "GET /250/images/02b.jpg HTTP/1.1" 200 3466 "http://www.wiseguysokc.com/Frame-1-homenav.htm" "Mozilla/5.0 (Macintosh; Intel Mac OS X 10_7_5) AppleWebKit/536.30.1 (KHTML, like Gecko) Version/6.0.5 Safari/536.30.1"
68.12.3.140 - - [12/Aug/2013:14:17:11 -0400] "GET /250/images/01b.jpg HTTP/1.1" 200 2948 "http://www.wiseguysokc.com/Frame-1-homenav.htm" "Mozilla/5.0 (Macintosh; Intel Mac OS X 10_7_5) AppleWebKit/536.30.1 (KHTML, like Gecko) Version/6.0.5 Safari/536.30.1"
68.12.3.140 - - [12/Aug/2013:14:17:11 -0400] "GET /250/images/06b.jpg HTTP/1.1" 200 3011 "http://www.wiseguysokc.com/Frame-1-homenav.htm" "Mozilla/5.0 (Macintosh; Intel Mac OS X 10_7_5) AppleWebKit/536.30.1 (KHTML, like Gecko) Version/6.0.5 Safari/536.30.1"
68.12.3.140 - - [12/Aug/2013:14:17:11 -0400] "GET /250/images/10b.jpg HTTP/1.1" 200 1232 "http://www.wiseguysokc.com/Frame-1-homenav.htm" "Mozilla/5.0 (Macintosh; Intel Mac OS X 10_7_5) AppleWebKit/536.30.1 (KHTML, like Gecko) Version/6.0.5 Safari/536.30.1"
68.12.3.140 - - [12/Aug/2013:14:17:11 -0400] "GET /250/images/02a.jpg HTTP/1.1" 200 3437 "http://www.wiseguysokc.com/Frame-1-homenav.htm" "Mozilla/5.0 (Macintosh; Intel Mac OS X 10_7_5) AppleWebKit/536.30.1 (KHTML, like Gecko) Version/6.0.5 Safari/536.30.1"
68.12.3.140 - - [12/Aug/2013:14:17:11 -0400] "GET /images/180_WG_-_Facebook.jpg HTTP/1.1" 200 4974 "http://www.wiseguysokc.com/Frame-1-homepage1.html?refresh=1375823914101" "Mozilla/5.0 (Macintosh; Intel Mac OS X 10_7_5) AppleWebKit/536.30.1 (KHTML, like Gecko) Version/6.0.5 Safari/536.30.1"
68.12.3.140 - - [12/Aug/2013:14:17:11 -0400] "GET /250/images/index02.jpg HTTP/1.1" 200 999 "http://www.wiseguysokc.com/Frame-1-homepage1.html?refresh=1375823914101" "Mozilla/5.0 (Macintosh; Intel Mac OS X 10_7_5) AppleWebKit/536.30.1 (KHTML, like Gecko) Version/6.0.5 Safari/536.30.1"
68.12.3.140 - - [12/Aug/2013:14:17:11 -0400] "GET /250/images/index05.jpg HTTP/1.1" 200 2081 "http://www.wiseguysokc.com/Frame-1-homepage1.html?refresh=1375823914101" "Mozilla/5.0 (Macintosh; Intel Mac OS X 10_7_5) AppleWebKit/536.30.1 (KHTML, like Gecko) Version/6.0.5 Safari/536.30.1"
68.12.3.140 - - [12/Aug/2013:14:17:11 -0400] "GET /250/images/index06.jpg HTTP/1.1" 200 2838 "http://www.wiseguysokc.com/Frame-1-homepage1.html?refresh=1375823914101" "Mozilla/5.0 (Macintosh; Intel Mac OS X 10_7_5) AppleWebKit/536.30.1 (KHTML, like Gecko) Version/6.0.5 Safari/536.30.1"
66.249.75.36 - - [12/Aug/2013:09:59:46 -0400] "GET /Frame-2-meetthebandpage2.html?refresh=1338582803174 HTTP/1.1" 200 18090 "-" "Mozilla/5.0 (compatible; Googlebot/2.1; +http://www.google.com/bot.html)"
123.125.71.58 - - [12/Aug/2013:10:31:35 -0400] "GET /meettheband.html HTTP/1.1" 200 1106 "-" "Mozilla/5.0 (compatible; Baiduspider/2.0; +http://www.baidu.com/search/spider.html)"
204.62.25.101 - - [12/Aug/2013:10:55:27 -0400] "GET /250/images/06b.jpg HTTP/1.1" 200 3011 "http://www.wiseguysokc.com/Frame-4-calendarnav.htm" "Mozilla/4.0 (compatible; MSIE 8.0; Windows NT 6.1; WOW64; Trident/4.0; SLCC2; .NET CLR 2.0.50727; .NET CLR 3.5.30729; .NET CLR 3.0.30729; Media Center PC 6.0; .NET4.0C; InfoPath.3)"
204.62.25.101 - - [12/Aug/2013:10:55:27 -0400] "GET /250/images/10b.jpg HTTP/1.1" 200 1232 "http://www.wiseguysokc.com/Frame-4-calendarnav.htm" "Mozilla/4.0 (compatible; MSIE 8.0; Windows NT 6.1; WOW64; Trident/4.0; SLCC2; .NET CLR 2.0.50727; .NET CLR 3.5.30729; .NET CLR 3.0.30729; Media Center PC 6.0; .NET4.0C; InfoPath.3)"
108.235.90.155 - - [12/Aug/2013:11:23:36 -0400] "GET /favicon.ico HTTP/1.1" 404 575 "http://www.wiseguysokc.com/" "Mozilla/5.0 (Macintosh; Intel Mac OS X 10_8_3) AppleWebKit/536.28.10 (KHTML, like Gecko) Version/6.0.3 Safari/536.28.10"
81.52.143.37 - - [12/Aug/2013:03:03:34 -0400] "GET /calendar.html HTTP/1.1" 200 1100 "-" "Mozilla/5.0 (Windows; U; Windows NT 5.1; fr; rv:1.8.1) VoilaBot BETA 1.2 (support.voilabot@orange-ftgroup.com)"
220.181.108.156 - - [12/Aug/2013:05:31:35 -0400] "GET /Frame-1-homepage1.html?refresh=1375823914101 HTTP/1.1" 200 19952 "-" "Mozilla/5.0 (compatible; Baiduspider/2.0; +http://www.baidu.com/search/spider.html)"
66.210.194.98 - - [12/Aug/2013:11:40:07 -0400] "GET /250/scripts/icwebsiteelement.css HTTP/1.1" 200 8132 "http://www.wiseguysokc.com/home.html" "Mozilla/4.0 (compatible; MSIE 8.0; Windows NT 5.1; Trident/4.0; .NET CLR 1.1.4322; .NET CLR 2.0.50727; .NET CLR 3.0.4506.2152; .NET CLR 3.5.30729)"
66.210.194.98 - - [12/Aug/2013:11:40:08 -0400] "GET /Frame-1-homenav.htm HTTP/1.1" 200 4534 "http://www.wiseguysokc.com/home.html" "Mozilla/4.0 (compatible; MSIE 8.0; Windows NT 5.1; Trident/4.0; .NET CLR 1.1.4322; .NET CLR 2.0.50727; .NET CLR 3.0.4506.2152; .NET CLR 3.5.30729)"
66.210.194.98 - - [12/Aug/2013:11:40:08 -0400] "GET /250/images/02b.jpg HTTP/1.1" 200 3466 "http://www.wiseguysokc.com/Frame-1-homenav.htm" "Mozilla/4.0 (compatible; MSIE 8.0; Windows NT 5.1; Trident/4.0; .NET CLR 1.1.4322; .NET CLR 2.0.50727; .NET CLR 3.0.4506.2152; .NET CLR 3.5.30729)"
66.210.194.98 - - [12/Aug/2013:11:40:08 -0400] "GET /250/images/07b.jpg HTTP/1.1" 200 3345 "http://www.wiseguysokc.com/Frame-1-homenav.htm" "Mozilla/4.0 (compatible; MSIE 8.0; Windows NT 5.1; Trident/4.0; .NET CLR 1.1.4322; .NET CLR 2.0.50727; .NET CLR 3.0.4506.2152; .NET CLR 3.5.30729)"
