157.142.237.37 - - [12/Aug/2013:15:20:28 -0400] "GET /scripts/ic_globals_published.js HTTP/1.1" 200 566 "http://www.wiseguysokc.com/meettheband.html" "Mozilla/4.0 (compatible; MSIE 8.0; Windows NT 6.1; WOW64; Trident/4.0; GTB7.5; SLCC2; .NET CLR 2.0.50727; .NET CLR 3.5.30729; .NET CLR 3.0.30729; Media Center PC 6.0; .NET4.0C; .NET4.0E; IPH 1.1.21.4019)"
157.142.237.37 - - [12/Aug/2013:15:20:29 -0400] "GET /Frame-2-meetthebandpage2.html?refresh=1375823913574 HTTP/1.1" 200 18090 "http://www.wiseguysokc.com/meettheband.html" "Mozilla/4.0 (compatible; MSIE 8.0; Windows NT 6.1; WOW64; Trident/4.0; GTB7.5; SLCC2; .NET CLR 2.0.50727; .NET CLR 3.5.30729; .NET CLR 3.0.30729; Media Center PC 6.0; .NET4.0C; .NET4.0E; IPH 1.1.21.4019)"
157.142.237.37 - - [12/Aug/2013:15:20:30 -0400] "GET /250/images/index02.jpg HTTP/1.1" 200 999 "http://www.wiseguysokc.com/Frame-2-meetthebandpage2.html?refresh=1375823913574" "Mozilla/4.0 (compatible; MSIE 8.0; Windows NT 6.1; WOW64; Trident/4.0; GTB7.5; SLCC2; .NET CLR 2.0.50727; .NET CLR 3.5.30729; .NET CLR 3.0.30729; Media Center PC 6.0; .NET4.0C; .NET4.0E; IPH 1.1.21.4019)"
157.142.237.37 - - [12/Aug/2013:15:20:30 -0400] "GET /250/images/index03.jpg HTTP/1.1" 200 2815 "http://www.wiseguysokc.com/Frame-2-meetthebandpage2.html?refresh=1375823913574" "Mozilla/4.0 (compatible; MSIE 8.0; Windows NT 6.1; WOW64; Trident/4.0; GTB7.5; SLCC2; .NET CLR 2.0.50727; .NET CLR 3.5.30729; .NET CLR 3.0.30729; Media Center PC 6.0; .NET4.0C; .NET4.0E; IPH 1.1.21.4019)"
157.142.237.37 - - [12/Aug/2013:15:20:30 -0400] "GET /250/images/motif01.jpg HTTP/1.1" 200 29843 "http://www.wiseguysokc.com/Frame-2-meetthebandpage2.html?refresh=1375823913574" "Mozilla/4.0 (compatible; MSIE 8.0; Windows NT 6.1; WOW64; Trident/4.0; GTB7.5; SLCC2; .NET CLR 2.0.50727; .NET CLR 3.5.30729; .NET CLR 3.0.30729; Media Center PC 6.0; .NET4.0C; .NET4.0E; IPH 1.1.21.4019)"
157.142.237.37 - - [12/Aug/2013:15:26:56 -0400] "GET /images/600_DSC_6923.jpg HTTP/1.1" 200 88067 "http://wiseguysokc.com/Frame-12-jebsgallerypage12.html?refresh=1375823914585" "Mozilla/4.0 (compatible; MSIE 8.0; Windows NT 6.1; WOW64; Trident/4.0; GTB7.5; SLCC2; .NET CLR 2.0.50727; .NET CLR 3.5.30729; .NET CLR 3.0.30729; Media Center PC 6.0; .NET4.0C; .NET4.0E; IPH 1.1.21.4019)"
157.142.237.37 - - [12/Aug/2013:15:32:13 -0400] "GET /Frame-10-wisestuffnav.htm HTTP/1.1" 200 4534 "http://wiseguysokc.com/wisestuff.html" "Mozilla/4.0 (compatible; MSIE 8.0; Windows NT 6.1; WOW64; Trident/4.0; GTB7.5; SLCC2; .NET CLR 2.0.50727; .NET CLR 3.5.30729; .NET CLR 3.0.30729; Media Center PC 6.0; .NET4.0C; .NET4.0E; IPH 1.1.21.4019)"
157.142.237.37 - - [12/Aug/2013:15:32:13 -0400] "GET /images/222_cd_cover.jpg HTTP/1.1" 200 18242 "http://wiseguysokc.com/Frame-10-wisestuffpage10.html?refresh=1375823914501" "Mozilla/4.0 (compatible; MSIE 8.0; Windows NT 6.1; WOW64; Trident/4.0; GTB7.5; SLCC2; .NET CLR 2.0.50727; .NET CLR 3.5.30729; .NET CLR 3.0.30729; Media Center PC 6.0; .NET4.0C; .NET4.0E; IPH 1.1.21.4019)"
167.161.101.101 - - [12/Aug/2013:15:50:10 -0400] "GET /250/images/06b.jpg HTTP/1.1" 200 3011 "http://wiseguysokc.com/Frame-1-homenav.htm" "Mozilla/4.0 (compatible; MSIE 8.0; Windows NT 6.1; Trident/4.0; GTB7.5; SLCC2; .NET CLR 2.0.50727; .NET CLR 3.5.30729; .NET CLR 3.0.30729; Media Center PC 6.0; InfoPath.3; .NET4.0C; MS-RTC LM 8; .NET CLR 1.1.4322; .NET4.0E)"
167.161.101.101 - - [12/Aug/2013:15:50:10 -0400] "GET /250/images/spacer.gif HTTP/1.1" 200 43 "http://wiseguysokc.com/Frame-1-homenav.htm" "Mozilla/4.0 (compatible; MSIE 8.0; Windows NT 6.1; Trident/4.0; GTB7.5; SLCC2; .NET CLR 2.0.50727; .NET CLR 3.5.30729; .NET CLR 3.0.30729; Media Center PC 6.0; InfoPath.3; .NET4.0C; MS-RTC LM 8; .NET CLR 1.1.4322; .NET4.0E)"
167.161.101.101 - - [12/Aug/2013:15:50:10 -0400] "GET /250/images/05a.jpg HTTP/1.1" 200 3815 "http://wiseguysokc.com/Frame-1-homenav.htm" "Mozilla/4.0 (compatible; MSIE 8.0; Windows NT 6.1; Trident/4.0; GTB7.5; SLCC2; .NET CLR 2.0.50727; .NET CLR 3.5.30729; .NET CLR 3.0.30729; Media Center PC 6.0; InfoPath.3; .NET4.0C; MS-RTC LM 8; .NET CLR 1.1.4322; .NET4.0E)"
167.161.101.101 - - [12/Aug/2013:15:50:30 -0400] "GET /favicon.ico HTTP/1.1" 404 575 "-" "Mozilla/4.0 (compatible; MSIE 8.0; Windows NT 6.1; Trident/4.0; GTB7.5; SLCC2; .NET CLR 2.0.50727; .NET CLR 3.5.30729; .NET CLR 3.0.30729; Media Center PC 6.0; InfoPath.3; .NET4.0C; MS-RTC LM 8; .NET CLR 1.1.4322; .NET4.0E)"
75.16.195.34 - - [12/Aug/2013:17:24:39 -0400] "GET /images/400_Fotolia_3120281_X.jpg HTTP/1.1" 200 12388 "http://www.wiseguysokc.com/Frame-6-audiovideopage6.html?refresh=1375823913132" "Mozilla/5.0 (iPad; CPU OS 5_1_1 like Mac OS X) AppleWebKit/534.46 (KHTML, like Gecko) Version/5.1 Mobile/9B206 Safari/7534.48.3"
220.181.108.93 - - [12/Aug/2013:04:24:57 -0400] "GET /Frame-6-audiovideopage6.html?refresh=1375823913132 HTTP/1.1" 200 17682 "-" "Mozilla/5.0 (compatible; Baiduspider/2.0; +http://www.baidu.com/search/spider.html)"
204.61.1.85 - - [12/Aug/2013:13:02:10 -0400] "GET /images/483_Promo_2.jpg HTTP/1.1" 200 20864 "http://www.wiseguysokc.com/Frame-4-calendarpage4.html?refresh=1375823913675" "Mozilla/5.0 (compatible; MSIE 9.0; Windows NT 6.1; Trident/5.0)"
204.61.1.85 - - [12/Aug/2013:13:02:10 -0400] "GET /250/images/index01.jpg HTTP/1.1" 200 2520 "http://www.wiseguysokc.com/Frame-4-calendarpage4.html?refresh=1375823913675" "Mozilla/5.0 (compatible; MSIE 9.0; Windows NT 6.1; Trident/5.0)"
66.210.194.98 - - [12/Aug/2013:11:40:07 -0400] "GET /home.html HTTP/1.1" 200 1092 "http://www.komaradio.com/FanJam2013.aspx" "Mozilla/4.0 (compatible; MSIE 8.0; Windows NT 5.1; Trident/4.0; .NET CLR 1.1.4322; .NET CLR 2.0.50727; .NET CLR 3.0.4506.2152; .NET CLR 3.5.30729)"
66.210.194.98 - - [12/Aug/2013:11:40:07 -0400] "GET /250/scripts/master.css HTTP/1.1" 200 1956 "http://www.wiseguysokc.com/home.html" "Mozilla/4.0 (compatible; MSIE 8.0; Windows NT 5.1; Trident/4.0; .NET CLR 1.1.4322; .NET CLR 2.0.50727; .NET CLR 3.0.4506.2152; .NET CLR 3.5.30729)"
66.210.194.98 - - [12/Aug/2013:11:40:07 -0400] "GET /scripts/photoalbum.js HTTP/1.1" 200 62481 "http://www.wiseguysokc.com/home.html" "Mozilla/4.0 (compatible; MSIE 8.0; Windows NT 5.1; Trident/4.0; .NET CLR 1.1.4322; .NET CLR 2.0.50727; .NET CLR 3.0.4506.2152; .NET CLR 3.5.30729)"
66.210.194.98 - - [12/Aug/2013:11:40:08 -0400] "GET /250/images/01b.jpg HTTP/1.1" 200 2948 "http://www.wiseguysokc.com/Frame-1-homenav.htm" "Mozilla/4.0 (compatible; MSIE 8.0; Windows NT 5.1; Trident/4.0; .NET CLR 1.1.4322; .NET CLR 2.0.50727; .NET CLR 3.0.4506.2152; .NET CLR 3.5.30729)"
66.210.194.98 - - [12/Aug/2013:11:40:08 -0400] "GET /250/images/08b.jpg HTTP/1.1" 200 3551 "http://www.wiseguysokc.com/Frame-1-homenav.htm" "Mozilla/4.0 (compatible; MSIE 8.0; Windows NT 5.1; Trident/4.0; .NET CLR 1.1.4322; .NET CLR 2.0.50727; .NET CLR 3.0.4506.2152; .NET CLR 3.5.30729)"
66.210.194.98 - - [12/Aug/2013:11:40:08 -0400] "GET /250/images/01a.jpg HTTP/1.1" 200 2917 "http://www.wiseguysokc.com/Frame-1-homenav.htm" "Mozilla/4.0 (compatible; MSIE 8.0; Windows NT 5.1; Trident/4.0; .NET CLR 1.1.4322; .NET CLR 2.0.50727; .NET CLR 3.0.4506.2152; .NET CLR 3.5.30729)"
220.181.108.103 - - [12/Aug/2013:03:51:37 -0400] "GET /Frame-9-bookingmediakitnav.htm HTTP/1.1" 200 4534 "-" "Mozilla/5.0 (compatible; Baiduspider/2.0; +http://www.baidu.com/search/spider.html)"
81.52.143.31 - - [12/Aug/2013:04:55:16 -0400] "GET /bookingmediakit.html HTTP/1.1" 200 1114 "-" "Mozilla/5.0 (Windows; U; Windows NT 5.1; fr; rv:1.8.1) VoilaBot BETA 1.2 (support.voilabot@orange-ftgroup.com)"
204.62.25.101 - - [12/Aug/2013:10:55:27 -0400] "GET /scripts/user.js HTTP/1.1" 200 23762 "http://www.wiseguysokc.com/calendar.html" "Mozilla/4.0 (compatible; MSIE 8.0; Windows NT 6.1; WOW64; Trident/4.0; SLCC2; .NET CLR 2.0.50727; .NET CLR 3.5.30729; .NET CLR 3.0.30729; Media Center PC 6.0; .NET4.0C; InfoPath.3)"
204.62.25.101 - - [12/Aug/2013:10:55:27 -0400] "GET /250/images/03a.jpg HTTP/1.1" 200 2976 "-" "Mozilla/4.0 (compatible;)"
72.198.34.136 - - [12/Aug/2013:22:27:18 -0400] "GET /meettheband.html HTTP/1.1" 304 - "http://www.wiseguysokc.com/Frame-11-randysgallerynav.htm" "Mozilla/5.0 (compatible; MSIE 10.0; Windows NT 6.2; WOW64; Trident/6.0; ASU2JS)"
92.249.127.111 - - [12/Aug/2013:06:11:54 -0400] "GET /meettheband.html HTTP/1.1" 200 1106 "http://sovetogorod.ru/frukt_lemon_virashivanie.html" "Mozilla/5.0 (compatible; news bot /2.1)"
123.125.71.42 - - [12/Aug/2013:08:51:36 -0400] "GET /Frame-4-calendarpage4.html?refresh=1375823913675 HTTP/1.1" 200 54371 "-" "Mozilla/5.0 (compatible; Baiduspider/2.0; +http://www.baidu.com/search/spider.html)"
66.249.75.36 - - [12/Aug/2013:13:33:47 -0400] "GET /audiovideo.html HTTP/1.1" 304 - "-" "Mozilla/5.0 (compatible; Googlebot/2.1; +http://www.google.com/bot.html)"
157.142.237.37 - - [12/Aug/2013:15:24:38 -0400] "GET /scripts/ic_globals_published.js HTTP/1.1" 304 - "http://www.wiseguysokc.com/meettheband.html" "Mozilla/4.0 (compatible; MSIE 8.0; Windows NT 6.1; WOW64; Trident/4.0; GTB7.5; SLCC2; .NET CLR 2.0.50727; .NET CLR 3.5.30729; .NET CLR 3.0.30729; Media Center PC 6.0; .NET4.0C; .NET4.0E; IPH 1.1.21.4019)"
157.142.237.37 - - [12/Aug/2013:15:24:38 -0400] "GET /250/images/01b.jpg HTTP/1.1" 304 - "http://www.wiseguysokc.com/Frame-2-meetthebandnav.htm" "Mozilla/4.0 (compatible; MSIE 8.0; Windows NT 6.1; WOW64; Trident/4.0; GTB7.5; SLCC2; .NET CLR 2.0.50727; .NET CLR 3.5.30729; .NET CLR 3.0.30729; Media Center PC 6.0; .NET4.0C; .NET4.0E; IPH 1.1.21.4019)"
157.142.237.37 - - [12/Aug/2013:15:24:38 -0400] "GET /250/images/10b.jpg HTTP/1.1" 304 - "http://www.wiseguysokc.com/Frame-2-meetthebandnav.htm" "Mozilla/4.0 (compatible; MSIE 8.0; Windows NT 6.1; WOW64; Trident/4.0; GTB7.5; SLCC2; .NET CLR 2.0.50727; .NET CLR 3.5.30729; .NET CLR 3.0.30729; Media Center PC 6.0; .NET4.0C; .NET4.0E; IPH 1.1.21.4019)"
157.142.237.37 - - [12/Aug/2013:15:24:38 -0400] "GET /250/images/04a.jpg HTTP/1.1" 304 - "http://www.wiseguysokc.com/Frame-2-meetthebandnav.htm" "Mozilla/4.0 (compatible; MSIE 8.0; Windows NT 6.1; WOW64; Trident/4.0; GTB7.5; SLCC2; .NET CLR 2.0.50727; .NET CLR 3.5.30729; .NET CLR 3.0.30729; Media Center PC 6.0; .NET4.0C; .NET4.0E; IPH 1.1.21.4019)"
157.142.237.37 - - [12/Aug/2013:15:24:38 -0400] "GET /250/images/02a.jpg HTTP/1.1" 304 - "http://www.wiseguysokc.com/Frame-2-meetthebandnav.htm" "Mozilla/4.0 (compatible; MSIE 8.0; Windows NT 6.1; WOW64; Trident/4.0; GTB7.5; SLCC2; .NET CLR 2.0.50727; .NET CLR 3.5.30729; .NET CLR 3.0.30729; Media Center PC 6.0; .NET4.0C; .NET4.0E; IPH 1.1.21.4019)"
157.142.237.37 - - [12/Aug/2013:15:24:38 -0400] "GET /images/180__DSC2351_-_800x600.jpg HTTP/1.1" 304 - "http://www.wiseguysokc.com/Frame-2-meetthebandpage2.html?refresh=1375823913574" "Mozilla/4.0 (compatible; MSIE 8.0; Windows NT 6.1; WOW64; Trident/4.0; GTB7.5; SLCC2; .NET CLR 2.0.50727; .NET CLR 3.5.30729; .NET CLR 3.0.30729; Media Center PC 6.0; .NET4.0C; .NET4.0E; IPH 1.1.21.4019)"
157.142.237.37 - - [12/Aug/2013:15:24:38 -0400] "GET /250/images/index03.jpg HTTP/1.1" 304 - "http://www.wiseguysokc.com/Frame-2-meetthebandpage2.html?refresh=1375823913574" "Mozilla/4.0 (compatible; MSIE 8.0; Windows NT 6.1; WOW64; Trident/4.0; GTB7.5; SLCC2; .NET CLR 2.0.50727; .NET CLR 3.5.30729; .NET CLR 3.0.30729; Media Center PC 6.0; .NET4.0C; .NET4.0E; IPH 1.1.21.4019)"
157.142.237.37 - - [12/Aug/2013:15:24:38 -0400] "GET /250/images/index06.jpg HTTP/1.1" 304 - "http://www.wiseguysokc.com/Frame-2-meetthebandpage2.html?refresh=1375823913574" "Mozilla/4.0 (compatible; MSIE 8.0; Windows NT 6.1; WOW64; Trident/4.0; GTB7.5; SLCC2; .NET CLR 2.0.50727; .NET CLR 3.5.30729; .NET CLR 3.0.30729; Media Center PC 6.0; .NET4.0C; .NET4.0E; IPH 1.1.21.4019)"
157.142.237.37 - - [12/Aug/2013:15:24:41 -0400] "GET /images/100_P7150564.JPG HTTP/1.1" 304 - "http://www.wiseguysokc.com/Frame-11-randysgallerypage11.html?refresh=1375823913350" "Mozilla/4.0 (compatible; MSIE 8.0; Windows NT 6.1; WOW64; Trident/4.0; GTB7.5; SLCC2; .NET CLR 2.0.50727; .NET CLR 3.5.30729; .NET CLR 3.0.30729; Media Center PC 6.0; .NET4.0C; .NET4.0E; IPH 1.1.21.4019)"
157.142.237.37 - - [12/Aug/2013:15:24:41 -0400] "GET /images/100_2005_294.jpg HTTP/1.1" 304 - "http://www.wiseguysokc.com/Frame-11-randysgallerypage11.html?refresh=1375823913350" "Mozilla/4.0 (compatible; MSIE 8.0; Windows NT 6.1; WOW64; Trident/4.0; GTB7.5; SLCC2; .NET CLR 2.0.50727; .NET CLR 3.5.30729; .NET CLR 3.0.30729; Media Center PC 6.0; .NET4.0C; .NET4.0E; IPH 1.1.21.4019)"
157.142.237.37 - - [12/Aug/2013:15:25:06 -0400] "GET /images/100_P7150771.JPG HTTP/1.1" 200 2724 "http://www.wiseguysokc.com/Frame-13-mikesgallerypage13.html?refresh=1375823913267" "Mozilla/4.0 (compatible; MSIE 8.0; Windows NT 6.1; WOW64; Trident/4.0; GTB7.5; SLCC2; .NET CLR 2.0.50727; .NET CLR 3.5.30729; .NET CLR 3.0.30729; Media Center PC 6.0; .NET4.0C; .NET4.0E; IPH 1.1.21.4019)"
157.142.237.37 - - [12/Aug/2013:15:25:06 -0400] "GET /images/100_DSC_6933.jpg HTTP/1.1" 200 2441 "http://www.wiseguysokc.com/Frame-13-mikesgallerypage13.html?refresh=1375823913267" "Mozilla/4.0 (compatible; MSIE 8.0; Windows NT 6.1; WOW64; Trident/4.0; GTB7.5; SLCC2; .NET CLR 2.0.50727; .NET CLR 3.5.30729; .NET CLR 3.0.30729; Media Center PC 6.0; .NET4.0C; .NET4.0E; IPH 1.1.21.4019)"
157.142.237.37 - - [12/Aug/2013:15:29:16 -0400] "GET /images/496__8280086.JPG HTTP/1.1" 200 30112 "http://wiseguysokc.com/Frame-3-gallerypage3.html?refresh=1375823913925" "Mozilla/4.0 (compatible; MSIE 8.0; Windows NT 6.1; WOW64; Trident/4.0; GTB7.5; SLCC2; .NET CLR 2.0.50727; .NET CLR 3.5.30729; .NET CLR 3.0.30729; Media Center PC 6.0; .NET4.0C; .NET4.0E; IPH 1.1.21.4019)"
157.142.237.37 - - [12/Aug/2013:15:29:19 -0400] "GET /images/497__DSC5045.jpg HTTP/1.1" 200 25169 "http://wiseguysokc.com/Frame-3-gallerypage3.html?refresh=1375823913925" "Mozilla/4.0 (compatible; MSIE 8.0; Windows NT 6.1; WOW64; Trident/4.0; GTB7.5; SLCC2; .NET CLR 2.0.50727; .NET CLR 3.5.30729; .NET CLR 3.0.30729; Media Center PC 6.0; .NET4.0C; .NET4.0E; IPH 1.1.21.4019)"
157.142.237.37 - - [12/Aug/2013:15:29:22 -0400] "GET /images/331__DSC5048.jpg HTTP/1.1" 200 16027 "http://wiseguysokc.com/Frame-3-gallerypage3.html?refresh=1375823913925" "Mozilla/4.0 (compatible; MSIE 8.0; Windows NT 6.1; WOW64; Trident/4.0; GTB7.5; SLCC2; .NET CLR 2.0.50727; .NET CLR 3.5.30729; .NET CLR 3.0.30729; Media Center PC 6.0; .NET4.0C; .NET4.0E; IPH 1.1.21.4019)"
157.142.237.37 - - [12/Aug/2013:15:29:25 -0400] "GET /images/497__DSC5082.jpg HTTP/1.1" 200 31726 "http://wiseguysokc.com/Frame-3-gallerypage3.html?refresh=1375823913925" "Mozilla/4.0 (compatible; MSIE 8.0; Windows NT 6.1; WOW64; Trident/4.0; GTB7.5; SLCC2; .NET CLR 2.0.50727; .NET CLR 3.5.30729; .NET CLR 3.0.30729; Media Center PC 6.0; .NET4.0C; .NET4.0E; IPH 1.1.21.4019)"
157.142.237.37 - - [12/Aug/2013:15:29:28 -0400] "GET /images/497__DSC5121.jpg HTTP/1.1" 200 29252 "http://wiseguysokc.com/Frame-3-gallerypage3.html?refresh=1375823913925" "Mozilla/4.0 (compatible; MSIE 8.0; Windows NT 6.1; WOW64; Trident/4.0; GTB7.5; SLCC2; .NET CLR 2.0.50727; .NET CLR 3.5.30729; .NET CLR 3.0.30729; Media Center PC 6.0; .NET4.0C; .NET4.0E; IPH 1.1.21.4019)"
157.142.237.37 - - [12/Aug/2013:15:29:31 -0400] "GET /images/497__DSC5125.jpg HTTP/1.1" 200 28821 "http://wiseguysokc.com/Frame-3-gallerypage3.html?refresh=1375823913925" "Mozilla/4.0 (compatible; MSIE 8.0; Windows NT 6.1; WOW64; Trident/4.0; GTB7.5; SLCC2; .NET CLR 2.0.50727; .NET CLR 3.5.30729; .NET CLR 3.0.30729; Media Center PC 6.0; .NET4.0C; .NET4.0E; IPH 1.1.21.4019)"
157.142.237.37 - - [12/Aug/2013:15:29:34 -0400] "GET /images/331__DSC5168.jpg HTTP/1.1" 200 32067 "http://wiseguysokc.com/Frame-3-gallerypage3.html?refresh=1375823913925" "Mozilla/4.0 (compatible; MSIE 8.0; Windows NT 6.1; WOW64; Trident/4.0; GTB7.5; SLCC2; .NET CLR 2.0.50727; .NET CLR 3.5.30729; .NET CLR 3.0.30729; Media Center PC 6.0; .NET4.0C; .NET4.0E; IPH 1.1.21.4019)"
157.142.237.37 - - [12/Aug/2013:15:29:37 -0400] "GET /images/496_P4238307.JPG HTTP/1.1" 200 19303 "http://wiseguysokc.com/Frame-3-gallerypage3.html?refresh=1375823913925" "Mozilla/4.0 (compatible; MSIE 8.0; Windows NT 6.1; WOW64; Trident/4.0; GTB7.5; SLCC2; .NET CLR 2.0.50727; .NET CLR 3.5.30729; .NET CLR 3.0.30729; Media Center PC 6.0; .NET4.0C; .NET4.0E; IPH 1.1.21.4019)"
167.161.101.101 - - [12/Aug/2013:15:50:09 -0400] "GET /Frame-1-homenav.htm HTTP/1.1" 200 4534 "http://wiseguysokc.com/" "Mozilla/4.0 (compatible; MSIE 8.0; Windows NT 6.1; Trident/4.0; GTB7.5; SLCC2; .NET CLR 2.0.50727; .NET CLR 3.5.30729; .NET CLR 3.0.30729; Media Center PC 6.0; InfoPath.3; .NET4.0C; MS-RTC LM 8; .NET CLR 1.1.4322; .NET4.0E)"
167.161.101.101 - - [12/Aug/2013:15:50:10 -0400] "GET /250/images/02b.jpg HTTP/1.1" 200 3466 "http://wiseguysokc.com/Frame-1-homenav.htm" "Mozilla/4.0 (compatible; MSIE 8.0; Windows NT 6.1; Trident/4.0; GTB7.5; SLCC2; .NET CLR 2.0.50727; .NET CLR 3.5.30729; .NET CLR 3.0.30729; Media Center PC 6.0; InfoPath.3; .NET4.0C; MS-RTC LM 8; .NET CLR 1.1.4322; .NET4.0E)"
167.161.101.101 - - [12/Aug/2013:15:50:10 -0400] "GET /250/images/07b.jpg HTTP/1.1" 200 3345 "http://wiseguysokc.com/Frame-1-homenav.htm" "Mozilla/4.0 (compatible; MSIE 8.0; Windows NT 6.1; Trident/4.0; GTB7.5; SLCC2; .NET CLR 2.0.50727; .NET CLR 3.5.30729; .NET CLR 3.0.30729; Media Center PC 6.0; InfoPath.3; .NET4.0C; MS-RTC LM 8; .NET CLR 1.1.4322; .NET4.0E)"
167.161.101.101 - - [12/Aug/2013:15:50:10 -0400] "GET /250/images/10b.jpg HTTP/1.1" 200 1232 "http://wiseguysokc.com/Frame-1-homenav.htm" "Mozilla/4.0 (compatible; MSIE 8.0; Windows NT 6.1; Trident/4.0; GTB7.5; SLCC2; .NET CLR 2.0.50727; .NET CLR 3.5.30729; .NET CLR 3.0.30729; Media Center PC 6.0; InfoPath.3; .NET4.0C; MS-RTC LM 8; .NET CLR 1.1.4322; .NET4.0E)"
167.161.101.101 - - [12/Aug/2013:15:50:10 -0400] "GET /250/images/04a.jpg HTTP/1.1" 200 3312 "http://wiseguysokc.com/Frame-1-homenav.htm" "Mozilla/4.0 (compatible; MSIE 8.0; Windows NT 6.1; Trident/4.0; GTB7.5; SLCC2; .NET CLR 2.0.50727; .NET CLR 3.5.30729; .NET CLR 3.0.30729; Media Center PC 6.0; InfoPath.3; .NET4.0C; MS-RTC LM 8; .NET CLR 1.1.4322; .NET4.0E)"
167.161.101.101 - - [12/Aug/2013:15:50:10 -0400] "GET /250/images/08a.jpg HTTP/1.1" 200 3709 "http://wiseguysokc.com/Frame-1-homenav.htm" "Mozilla/4.0 (compatible; MSIE 8.0; Windows NT 6.1; Trident/4.0; GTB7.5; SLCC2; .NET CLR 2.0.50727; .NET CLR 3.5.30729; .NET CLR 3.0.30729; Media Center PC 6.0; InfoPath.3; .NET4.0C; MS-RTC LM 8; .NET CLR 1.1.4322; .NET4.0E)"
72.198.92.94 - - [12/Aug/2013:16:51:35 -0400] "GET /scripts/ic_globals_published.js HTTP/1.1" 304 - "http://www.wiseguysokc.com/" "Mozilla/5.0 (compatible; MSIE 10.0; Windows NT 6.1; Trident/6.0)"
72.198.92.94 - - [12/Aug/2013:16:51:35 -0400] "GET /250/images/company.jpg HTTP/1.1" 200 6282 "http://www.wiseguysokc.com/Frame-1-homepage1.html?refresh=1375823914101" "Mozilla/5.0 (compatible; MSIE 10.0; Windows NT 6.1; Trident/6.0)"
72.198.92.94 - - [12/Aug/2013:16:51:35 -0400] "GET /images/240_Jeff_Shadow_copy.jpg HTTP/1.1" 200 7629 "http://www.wiseguysokc.com/Frame-1-homepage1.html?refresh=1375823914101" "Mozilla/5.0 (compatible; MSIE 10.0; Windows NT 6.1; Trident/6.0)"
72.198.92.94 - - [12/Aug/2013:16:51:35 -0400] "GET /images/130_Sandi1.jpg HTTP/1.1" 200 8040 "http://www.wiseguysokc.com/Frame-1-homepage1.html?refresh=1375823914101" "Mozilla/5.0 (compatible; MSIE 10.0; Windows NT 6.1; Trident/6.0)"
72.198.92.94 - - [12/Aug/2013:16:51:35 -0400] "GET /250/images/nav_back.jpg HTTP/1.1" 200 15744 "http://www.wiseguysokc.com/Frame-1-homenav.htm" "Mozilla/5.0 (compatible; MSIE 10.0; Windows NT 6.1; Trident/6.0)"
99.26.212.206 - - [12/Aug/2013:21:39:52 -0400] "GET /250/scripts/icwebsiteelement.css HTTP/1.1" 200 8132 "http://www.wiseguysokc.com/meettheband.html" "Mozilla/5.0 (iPad; CPU OS 6_1 like Mac OS X) AppleWebKit/536.26 (KHTML, like Gecko) Version/6.0 Mobile/10B141 Safari/8536.25"
99.26.212.206 - - [12/Aug/2013:21:39:52 -0400] "GET /scripts/ic_globals_published.js HTTP/1.1" 200 566 "http://www.wiseguysokc.com/meettheband.html" "Mozilla/5.0 (iPad; CPU OS 6_1 like Mac OS X) AppleWebKit/536.26 (KHTML, like Gecko) Version/6.0 Mobile/10B141 Safari/8536.25"
72.198.34.136 - - [12/Aug/2013:22:26:40 -0400] "GET /250/images/back01.jpg HTTP/1.1" 200 1321 "http://www.wiseguysokc.com/Frame-1-homepage1.html?refresh=1375823914101" "Mozilla/5.0 (compatible; MSIE 10.0; Windows NT 6.2; WOW64; Trident/6.0; ASU2JS)"
72.198.34.136 - - [12/Aug/2013:22:26:40 -0400] "GET /250/images/02a.jpg HTTP/1.1" 200 3437 "http://www.wiseguysokc.com/Frame-1-homenav.htm" "Mozilla/5.0 (compatible; MSIE 10.0; Windows NT 6.2; WOW64; Trident/6.0; ASU2JS)"
72.198.34.136 - - [12/Aug/2013:22:26:41 -0400] "GET /250/images/06a.jpg HTTP/1.1" 200 3075 "http://www.wiseguysokc.com/Frame-1-homenav.htm" "Mozilla/5.0 (compatible; MSIE 10.0; Windows NT 6.2; WOW64; Trident/6.0; ASU2JS)"
72.198.34.136 - - [12/Aug/2013:22:26:41 -0400] "GET /250/images/04b.jpg HTTP/1.1" 200 3245 "http://www.wiseguysokc.com/Frame-1-homenav.htm" "Mozilla/5.0 (compatible; MSIE 10.0; Windows NT 6.2; WOW64; Trident/6.0; ASU2JS)"
72.198.34.136 - - [12/Aug/2013:22:26:41 -0400] "GET /250/images/09b.jpg HTTP/1.1" 200 1125 "http://www.wiseguysokc.com/Frame-1-homenav.htm" "Mozilla/5.0 (compatible; MSIE 10.0; Windows NT 6.2; WOW64; Trident/6.0; ASU2JS)"
72.198.34.136 - - [12/Aug/2013:22:26:41 -0400] "GET /250/images/08a.jpg HTTP/1.1" 200 3709 "http://www.wiseguysokc.com/Frame-1-homenav.htm" "Mozilla/5.0 (compatible; MSIE 10.0; Windows NT 6.2; WOW64; Trident/6.0; ASU2JS)"
72.198.34.136 - - [12/Aug/2013:22:26:41 -0400] "GET /250/images/company.jpg HTTP/1.1" 200 6282 "http://www.wiseguysokc.com/Frame-1-homepage1.html?refresh=1375823914101" "Mozilla/5.0 (compatible; MSIE 10.0; Windows NT 6.2; WOW64; Trident/6.0; ASU2JS)"
72.198.34.136 - - [12/Aug/2013:22:26:41 -0400] "GET /250/images/slogan.jpg HTTP/1.1" 200 5909 "http://www.wiseguysokc.com/Frame-1-homepage1.html?refresh=1375823914101" "Mozilla/5.0 (compatible; MSIE 10.0; Windows NT 6.2; WOW64; Trident/6.0; ASU2JS)"
68.4.175.146 - - [12/Aug/2013:23:04:16 -0400] "GET /favicon.ico HTTP/1.1" 404 575 "-" "Mozilla/5.0 (compatible; MSIE 9.0; Windows NT 6.0; Trident/5.0)"
68.12.3.140 - - [12/Aug/2013:14:17:16 -0400] "GET /Frame-4-calendarnav.htm HTTP/1.1" 200 4534 "http://www.wiseguysokc.com/calendar.html" "Mozilla/5.0 (Macintosh; Intel Mac OS X 10_7_5) AppleWebKit/536.30.1 (KHTML, like Gecko) Version/6.0.5 Safari/536.30.1"
157.55.36.35 - - [12/Aug/2013:15:03:12 -0400] "GET /calendar.html HTTP/1.1" 200 1100 "-" "Mozilla/5.0 (compatible; bingbot/2.0; +http://www.bing.com/bingbot.htm)"
157.142.237.37 - - [12/Aug/2013:15:26:37 -0400] "GET /images/180__DSC2351_-_800x600.jpg HTTP/1.1" 200 8407 "http://wiseguysokc.com/Frame-2-meetthebandpage2.html?refresh=1375823913574" "Mozilla/4.0 (compatible; MSIE 8.0; Windows NT 6.1; WOW64; Trident/4.0; GTB7.5; SLCC2; .NET CLR 2.0.50727; .NET CLR 3.5.30729; .NET CLR 3.0.30729; Media Center PC 6.0; .NET4.0C; .NET4.0E; IPH 1.1.21.4019)"
157.142.237.37 - - [12/Aug/2013:15:26:45 -0400] "GET /images/100_P7150515.JPG HTTP/1.1" 200 2626 "http://wiseguysokc.com/Frame-12-jebsgallerypage12.html?refresh=1375823914585" "Mozilla/4.0 (compatible; MSIE 8.0; Windows NT 6.1; WOW64; Trident/4.0; GTB7.5; SLCC2; .NET CLR 2.0.50727; .NET CLR 3.5.30729; .NET CLR 3.0.30729; Media Center PC 6.0; .NET4.0C; .NET4.0E; IPH 1.1.21.4019)"
157.142.237.37 - - [12/Aug/2013:15:26:45 -0400] "GET /images/100_P7150563.JPG HTTP/1.1" 200 2484 "http://wiseguysokc.com/Frame-12-jebsgallerypage12.html?refresh=1375823914585" "Mozilla/4.0 (compatible; MSIE 8.0; Windows NT 6.1; WOW64; Trident/4.0; GTB7.5; SLCC2; .NET CLR 2.0.50727; .NET CLR 3.5.30729; .NET CLR 3.0.30729; Media Center PC 6.0; .NET4.0C; .NET4.0E; IPH 1.1.21.4019)"
157.142.237.37 - - [12/Aug/2013:15:27:17 -0400] "GET /250/images/06b.jpg HTTP/1.1" 304 - "http://wiseguysokc.com/Frame-2-meetthebandnav.htm" "Mozilla/4.0 (compatible; MSIE 8.0; Windows NT 6.1; WOW64; Trident/4.0; GTB7.5; SLCC2; .NET CLR 2.0.50727; .NET CLR 3.5.30729; .NET CLR 3.0.30729; Media Center PC 6.0; .NET4.0C; .NET4.0E; IPH 1.1.21.4019)"
157.142.237.37 - - [12/Aug/2013:15:27:17 -0400] "GET /250/images/06a.jpg HTTP/1.1" 304 - "http://wiseguysokc.com/Frame-2-meetthebandnav.htm" "Mozilla/4.0 (compatible; MSIE 8.0; Windows NT 6.1; WOW64; Trident/4.0; GTB7.5; SLCC2; .NET CLR 2.0.50727; .NET CLR 3.5.30729; .NET CLR 3.0.30729; Media Center PC 6.0; .NET4.0C; .NET4.0E; IPH 1.1.21.4019)"
157.142.237.37 - - [12/Aug/2013:15:27:17 -0400] "GET /images/155_Brad_Arts_Fest_05.jpg HTTP/1.1" 304 - "http://wiseguysokc.com/Frame-2-meetthebandpage2.html?refresh=1375823913574" "Mozilla/4.0 (compatible; MSIE 8.0; Windows NT 6.1; WOW64; Trident/4.0; GTB7.5; SLCC2; .NET CLR 2.0.50727; .NET CLR 3.5.30729; .NET CLR 3.0.30729; Media Center PC 6.0; .NET4.0C; .NET4.0E; IPH 1.1.21.4019)"
157.142.237.37 - - [12/Aug/2013:15:27:17 -0400] "GET /250/images/company.jpg HTTP/1.1" 304 - "http://wiseguysokc.com/Frame-2-meetthebandpage2.html?refresh=1375823913574" "Mozilla/4.0 (compatible; MSIE 8.0; Windows NT 6.1; WOW64; Trident/4.0; GTB7.5; SLCC2; .NET CLR 2.0.50727; .NET CLR 3.5.30729; .NET CLR 3.0.30729; Media Center PC 6.0; .NET4.0C; .NET4.0E; IPH 1.1.21.4019)"
157.142.237.37 - - [12/Aug/2013:15:27:17 -0400] "GET /250/images/content01.gif HTTP/1.1" 304 - "http://wiseguysokc.com/Frame-2-meetthebandpage2.html?refresh=1375823913574" "Mozilla/4.0 (compatible; MSIE 8.0; Windows NT 6.1; WOW64; Trident/4.0; GTB7.5; SLCC2; .NET CLR 2.0.50727; .NET CLR 3.5.30729; .NET CLR 3.0.30729; Media Center PC 6.0; .NET4.0C; .NET4.0E; IPH 1.1.21.4019)"
75.16.195.34 - - [12/Aug/2013:17:24:39 -0400] "GET /Frame-6-audiovideonav.htm HTTP/1.1" 200 4534 "http://www.wiseguysokc.com/audiovideo.html" "Mozilla/5.0 (iPad; CPU OS 5_1_1 like Mac OS X) AppleWebKit/534.46 (KHTML, like Gecko) Version/5.1 Mobile/9B206 Safari/7534.48.3"
75.16.195.34 - - [12/Aug/2013:17:24:40 -0400] "GET /images/media_snd.gif HTTP/1.1" 200 1379 "http://www.wiseguysokc.com/Frame-6-audiovideopage6.html?refresh=1375823913132" "Mozilla/5.0 (iPad; CPU OS 5_1_1 like Mac OS X) AppleWebKit/534.46 (KHTML, like Gecko) Version/5.1 Mobile/9B206 Safari/7534.48.3"
204.62.25.101 - - [12/Aug/2013:10:55:27 -0400] "GET /Frame-4-calendarnav.htm HTTP/1.1" 200 4534 "http://www.wiseguysokc.com/calendar.html" "Mozilla/4.0 (compatible; MSIE 8.0; Windows NT 6.1; WOW64; Trident/4.0; SLCC2; .NET CLR 2.0.50727; .NET CLR 3.5.30729; .NET CLR 3.0.30729; Media Center PC 6.0; .NET4.0C; InfoPath.3)"
68.12.176.246 - - [12/Aug/2013:18:25:12 -0400] "GET /Frame-11-randysgallerynav.htm HTTP/1.1" 200 4534 "http://www.wiseguysokc.com/randysgallery.html" "Mozilla/5.0 (compatible; MSIE 10.0; Windows NT 6.1; WOW64; Trident/6.0)"
68.12.176.246 - - [12/Aug/2013:18:25:13 -0400] "GET /images/100_DSC_6928.jpg HTTP/1.1" 200 6874 "http://www.wiseguysokc.com/Frame-11-randysgallerypage11.html?refresh=1375823913350" "Mozilla/5.0 (compatible; MSIE 10.0; Windows NT 6.1; WOW64; Trident/6.0)"
68.12.176.246 - - [12/Aug/2013:18:25:13 -0400] "GET /images/100_P7150634.JPG HTTP/1.1" 200 3222 "http://www.wiseguysokc.com/Frame-11-randysgallerypage11.html?refresh=1375823913350" "Mozilla/5.0 (compatible; MSIE 10.0; Windows NT 6.1; WOW64; Trident/6.0)"
178.137.128.238 - - [12/Aug/2013:21:43:10 -0400] "GET /meettheband.html HTTP/1.1" 200 1106 "http://sdelaisait.ru/" "Mozilla/4.0 (compatible; MSIE 6.0; Windows NT 5.1; ru) Opera 8.50"
72.198.34.136 - - [12/Aug/2013:22:28:59 -0400] "GET /Frame-4-calendarnav.htm HTTP/1.1" 200 4534 "http://www.wiseguysokc.com/calendar.html" "Mozilla/5.0 (compatible; MSIE 10.0; Windows NT 6.2; WOW64; Trident/6.0; ASU2JS)"
157.56.92.151 - - [12/Aug/2013:12:14:53 -0400] "GET /Frame-1-homepage1.html?refresh=1338386513936 HTTP/1.1" 200 19952 "-" "Mozilla/5.0 (compatible; bingbot/2.0; +http://www.bing.com/bingbot.htm)"
204.61.1.85 - - [12/Aug/2013:13:02:10 -0400] "GET /scripts/ic_globals_published.js HTTP/1.1" 200 566 "http://www.wiseguysokc.com/calendar.html" "Mozilla/5.0 (compatible; MSIE 9.0; Windows NT 6.1; Trident/5.0)"
204.61.1.85 - - [12/Aug/2013:13:02:10 -0400] "GET /250/images/04a.jpg HTTP/1.1" 200 3312 "http://www.wiseguysokc.com/Frame-4-calendarnav.htm" "Mozilla/5.0 (compatible; MSIE 9.0; Windows NT 6.1; Trident/5.0)"
204.61.1.85 - - [12/Aug/2013:13:02:10 -0400] "GET /250/images/back01.jpg HTTP/1.1" 200 1321 "http://www.wiseguysokc.com/Frame-4-calendarpage4.html?refresh=1375823913675" "Mozilla/5.0 (compatible; MSIE 9.0; Windows NT 6.1; Trident/5.0)"
204.61.1.85 - - [12/Aug/2013:13:02:10 -0400] "GET /250/images/09b.jpg HTTP/1.1" 200 1125 "http://www.wiseguysokc.com/Frame-4-calendarnav.htm" "Mozilla/5.0 (compatible; MSIE 9.0; Windows NT 6.1; Trident/5.0)"
204.61.1.85 - - [12/Aug/2013:13:02:10 -0400] "GET /250/images/index05.jpg HTTP/1.1" 200 2081 "http://www.wiseguysokc.com/Frame-4-calendarpage4.html?refresh=1375823913675" "Mozilla/5.0 (compatible; MSIE 9.0; Windows NT 6.1; Trident/5.0)"
180.76.5.11 - - [12/Aug/2013:00:01:05 -0400] "GET /robots.txt HTTP/1.1" 200 25 "-" "Mozilla/5.0 (Windows NT 5.1; rv:6.0.2) Gecko/20100101 Firefox/6.0.2"
65.198.163.148 - - [12/Aug/2013:01:19:11 -0400] "GET /250/images/03a.jpg HTTP/1.1" 200 2976 "-" "Mozilla/4.0 (compatible;)"
157.142.237.37 - - [12/Aug/2013:15:27:15 -0400] "GET /250/images/03a.jpg HTTP/1.1" 304 - "http://wiseguysokc.com/Frame-12-jebsgallerynav.htm" "Mozilla/4.0 (compatible; MSIE 8.0; Windows NT 6.1; WOW64; Trident/4.0; GTB7.5; SLCC2; .NET CLR 2.0.50727; .NET CLR 3.5.30729; .NET CLR 3.0.30729; Media Center PC 6.0; .NET4.0C; .NET4.0E; IPH 1.1.21.4019)"
157.142.237.37 - - [12/Aug/2013:15:27:15 -0400] "GET /meettheband.html HTTP/1.1" 304 - "http://wiseguysokc.com/Frame-12-jebsgallerynav.htm" "Mozilla/4.0 (compatible; MSIE 8.0; Windows NT 6.1; WOW64; Trident/4.0; GTB7.5; SLCC2; .NET CLR 2.0.50727; .NET CLR 3.5.30729; .NET CLR 3.0.30729; Media Center PC 6.0; .NET4.0C; .NET4.0E; IPH 1.1.21.4019)"
157.142.237.37 - - [12/Aug/2013:15:27:15 -0400] "GET /250/scripts/master.css HTTP/1.1" 304 - "http://wiseguysokc.com/meettheband.html" "Mozilla/4.0 (compatible; MSIE 8.0; Windows NT 6.1; WOW64; Trident/4.0; GTB7.5; SLCC2; .NET CLR 2.0.50727; .NET CLR 3.5.30729; .NET CLR 3.0.30729; Media Center PC 6.0; .NET4.0C; .NET4.0E; IPH 1.1.21.4019)"
157.142.237.37 - - [12/Aug/2013:15:27:15 -0400] "GET /250/scripts/icwebsiteelement.css HTTP/1.1" 304 - "http://wiseguysokc.com/meettheband.html" "Mozilla/4.0 (compatible; MSIE 8.0; Windows NT 6.1; WOW64; Trident/4.0; GTB7.5; SLCC2; .NET CLR 2.0.50727; .NET CLR 3.5.30729; .NET CLR 3.0.30729; Media Center PC 6.0; .NET4.0C; .NET4.0E; IPH 1.1.21.4019)"
157.142.237.37 - - [12/Aug/2013:15:27:16 -0400] "GET /Frame-2-meetthebandpage2.html?refresh=1375823913574 HTTP/1.1" 304 - "http://wiseguysokc.com/meettheband.html" "Mozilla/4.0 (compatible; MSIE 8.0; Windows NT 6.1; WOW64; Trident/4.0; GTB7.5; SLCC2; .NET CLR 2.0.50727; .NET CLR 3.5.30729; .NET CLR 3.0.30729; Media Center PC 6.0; .NET4.0C; .NET4.0E; IPH 1.1.21.4019)"
157.142.237.37 - - [12/Aug/2013:15:27:17 -0400] "GET /250/images/01b.jpg HTTP/1.1" 304 - "http://wiseguysokc.com/Frame-2-meetthebandnav.htm" "Mozilla/4.0 (compatible; MSIE 8.0; Windows NT 6.1; WOW64; Trident/4.0; GTB7.5; SLCC2; .NET CLR 2.0.50727; .NET CLR 3.5.30729; .NET CLR 3.0.30729; Media Center PC 6.0; .NET4.0C; .NET4.0E; IPH 1.1.21.4019)"
157.142.237.37 - - [12/Aug/2013:15:27:17 -0400] "GET /250/images/04b.jpg HTTP/1.1" 304 - "http://wiseguysokc.com/Frame-2-meetthebandnav.htm" "Mozilla/4.0 (compatible; MSIE 8.0; Windows NT 6.1; WOW64; Trident/4.0; GTB7.5; SLCC2; .NET CLR 2.0.50727; .NET CLR 3.5.30729; .NET CLR 3.0.30729; Media Center PC 6.0; .NET4.0C; .NET4.0E; IPH 1.1.21.4019)"
157.142.237.37 - - [12/Aug/2013:15:27:17 -0400] "GET /250/images/07b.jpg HTTP/1.1" 304 - "http://wiseguysokc.com/Frame-2-meetthebandnav.htm" "Mozilla/4.0 (compatible; MSIE 8.0; Windows NT 6.1; WOW64; Trident/4.0; GTB7.5; SLCC2; .NET CLR 2.0.50727; .NET CLR 3.5.30729; .NET CLR 3.0.30729; Media Center PC 6.0; .NET4.0C; .NET4.0E; IPH 1.1.21.4019)"
157.142.237.37 - - [12/Aug/2013:15:27:17 -0400] "GET /250/images/nav_back.jpg HTTP/1.1" 304 - "http://wiseguysokc.com/Frame-2-meetthebandnav.htm" "Mozilla/4.0 (compatible; MSIE 8.0; Windows NT 6.1; WOW64; Trident/4.0; GTB7.5; SLCC2; .NET CLR 2.0.50727; .NET CLR 3.5.30729; .NET CLR 3.0.30729; Media Center PC 6.0; .NET4.0C; .NET4.0E; IPH 1.1.21.4019)"
157.142.237.37 - - [12/Aug/2013:15:27:17 -0400] "GET /250/images/01a.jpg HTTP/1.1" 304 - "http://wiseguysokc.com/Frame-2-meetthebandnav.htm" "Mozilla/4.0 (compatible; MSIE 8.0; Windows NT 6.1; WOW64; Trident/4.0; GTB7.5; SLCC2; .NET CLR 2.0.50727; .NET CLR 3.5.30729; .NET CLR 3.0.30729; Media Center PC 6.0; .NET4.0C; .NET4.0E; IPH 1.1.21.4019)"
157.142.237.37 - - [12/Aug/2013:15:27:17 -0400] "GET /250/images/02a.jpg HTTP/1.1" 304 - "http://wiseguysokc.com/Frame-2-meetthebandnav.htm" "Mozilla/4.0 (compatible; MSIE 8.0; Windows NT 6.1; WOW64; Trident/4.0; GTB7.5; SLCC2; .NET CLR 2.0.50727; .NET CLR 3.5.30729; .NET CLR 3.0.30729; Media Center PC 6.0; .NET4.0C; .NET4.0E; IPH 1.1.21.4019)"
157.142.237.37 - - [12/Aug/2013:15:27:17 -0400] "GET /250/images/08a.jpg HTTP/1.1" 304 - "http://wiseguysokc.com/Frame-2-meetthebandnav.htm" "Mozilla/4.0 (compatible; MSIE 8.0; Windows NT 6.1; WOW64; Trident/4.0; GTB7.5; SLCC2; .NET CLR 2.0.50727; .NET CLR 3.5.30729; .NET CLR 3.0.30729; Media Center PC 6.0; .NET4.0C; .NET4.0E; IPH 1.1.21.4019)"
157.142.237.37 - - [12/Aug/2013:15:27:17 -0400] "GET /images/190_Mike_Arts_Fest_05.jpg HTTP/1.1" 304 - "http://wiseguysokc.com/Frame-2-meetthebandpage2.html?refresh=1375823913574" "Mozilla/4.0 (compatible; MSIE 8.0; Windows NT 6.1; WOW64; Trident/4.0; GTB7.5; SLCC2; .NET CLR 2.0.50727; .NET CLR 3.5.30729; .NET CLR 3.0.30729; Media Center PC 6.0; .NET4.0C; .NET4.0E; IPH 1.1.21.4019)"
157.142.237.37 - - [12/Aug/2013:15:27:17 -0400] "GET /images/180__DSC2351_-_800x600.jpg HTTP/1.1" 304 - "http://wiseguysokc.com/Frame-2-meetthebandpage2.html?refresh=1375823913574" "Mozilla/4.0 (compatible; MSIE 8.0; Windows NT 6.1; WOW64; Trident/4.0; GTB7.5; SLCC2; .NET CLR 2.0.50727; .NET CLR 3.5.30729; .NET CLR 3.0.30729; Media Center PC 6.0; .NET4.0C; .NET4.0E; IPH 1.1.21.4019)"
157.142.237.37 - - [12/Aug/2013:15:27:17 -0400] "GET /250/images/index01.jpg HTTP/1.1" 304 - "http://wiseguysokc.com/Frame-2-meetthebandpage2.html?refresh=1375823913574" "Mozilla/4.0 (compatible; MSIE 8.0; Windows NT 6.1; WOW64; Trident/4.0; GTB7.5; SLCC2; .NET CLR 2.0.50727; .NET CLR 3.5.30729; .NET CLR 3.0.30729; Media Center PC 6.0; .NET4.0C; .NET4.0E; IPH 1.1.21.4019)"
157.142.237.37 - - [12/Aug/2013:15:27:17 -0400] "GET /250/images/index02.jpg HTTP/1.1" 304 - "http://wiseguysokc.com/Frame-2-meetthebandpage2.html?refresh=1375823913574" "Mozilla/4.0 (compatible; MSIE 8.0; Windows NT 6.1; WOW64; Trident/4.0; GTB7.5; SLCC2; .NET CLR 2.0.50727; .NET CLR 3.5.30729; .NET CLR 3.0.30729; Media Center PC 6.0; .NET4.0C; .NET4.0E; IPH 1.1.21.4019)"
157.142.237.37 - - [12/Aug/2013:15:27:17 -0400] "GET /250/images/slogan.jpg HTTP/1.1" 304 - "http://wiseguysokc.com/Frame-2-meetthebandpage2.html?refresh=1375823913574" "Mozilla/4.0 (compatible; MSIE 8.0; Windows NT 6.1; WOW64; Trident/4.0; GTB7.5; SLCC2; .NET CLR 2.0.50727; .NET CLR 3.5.30729; .NET CLR 3.0.30729; Media Center PC 6.0; .NET4.0C; .NET4.0E; IPH 1.1.21.4019)"
157.142.237.37 - - [12/Aug/2013:15:27:17 -0400] "GET /250/images/motif01.jpg HTTP/1.1" 304 - "http://wiseguysokc.com/Frame-2-meetthebandpage2.html?refresh=1375823913574" "Mozilla/4.0 (compatible; MSIE 8.0; Windows NT 6.1; WOW64; Trident/4.0; GTB7.5; SLCC2; .NET CLR 2.0.50727; .NET CLR 3.5.30729; .NET CLR 3.0.30729; Media Center PC 6.0; .NET4.0C; .NET4.0E; IPH 1.1.21.4019)"
75.16.195.34 - - [12/Aug/2013:17:22:28 -0400] "GET /images/483__DSC2843.jpg HTTP/1.1" 200 53533 "http://www.wiseguysokc.com/Frame-1-homepage1.html?refresh=1375823914101" "Mozilla/5.0 (iPad; CPU OS 5_1_1 like Mac OS X) AppleWebKit/534.46 (KHTML, like Gecko) Version/5.1 Mobile/9B206 Safari/7534.48.3"
123.125.71.42 - - [12/Aug/2013:10:31:37 -0400] "GET /Frame-2-meetthebandnav.htm HTTP/1.1" 200 4534 "-" "Mozilla/5.0 (compatible; Baiduspider/2.0; +http://www.baidu.com/search/spider.html)"
204.62.25.101 - - [12/Aug/2013:10:55:27 -0400] "GET /250/images/index05.jpg HTTP/1.1" 200 2081 "-" "Mozilla/4.0 (compatible;)"
204.62.25.101 - - [12/Aug/2013:10:55:27 -0400] "GET /250/images/company.jpg HTTP/1.1" 200 6282 "-" "Mozilla/4.0 (compatible;)"
108.235.90.155 - - [12/Aug/2013:11:23:25 -0400] "GET / HTTP/1.1" 200 1092 "http://www.google.com/url?sa=t&rct=j&q=&esrc=s&source=web&cd=1&ved=0CC8QFjAA&url=http%3A%2F%2Fwww.wiseguysokc.com%2F&ei=6f0IUoSFHOGw2AWTm4GIAg&usg=AFQjCNFVpdEFRf09sCn3b4S1yd0keUAD6g&sig2=iCDqBAEScVZYjU3zLyOTpw&bvm=bv.50500085,d.b2I" "Mozilla/5.0 (Macintosh; Intel Mac OS X 10_8_3) AppleWebKit/536.28.10 (KHTML, like Gecko) Version/6.0.3 Safari/536.28.10"
108.235.90.155 - - [12/Aug/2013:11:23:25 -0400] "GET /250/scripts/icwebsiteelement.css HTTP/1.1" 200 8132 "http://www.wiseguysokc.com/" "Mozilla/5.0 (Macintosh; Intel Mac OS X 10_8_3) AppleWebKit/536.28.10 (KHTML, like Gecko) Version/6.0.3 Safari/536.28.10"
68.12.176.246 - - [12/Aug/2013:18:23:56 -0400] "GET /favicon.ico HTTP/1.1" 404 575 "-" "Mozilla/5.0 (compatible; MSIE 10.0; Windows NT 6.1; Win64; x64; Trident/6.0)"
92.249.127.111 - - [12/Aug/2013:06:11:54 -0400] "GET /meettheband.html HTTP/1.1" 200 1106 "http://sovetogorod.ru/frukt_lemon_virashivanie.html" "Mozilla/5.0 (compatible; news bot /2.1)"
207.241.226.238 - - [12/Aug/2013:06:34:38 -0400] "GET /robots.txt HTTP/1.1" 200 25 "-" "ia_archiver(OS-Wayback)"
157.55.36.35 - - [12/Aug/2013:13:30:27 -0400] "GET /robots.txt HTTP/1.1" 200 25 "-" "Mozilla/5.0 (compatible; bingbot/2.0; +http://www.bing.com/bingbot.htm)"
157.142.237.37 - - [12/Aug/2013:15:24:06 -0400] "GET /Frame-11-randysgallerynav.htm HTTP/1.1" 200 4534 "http://www.wiseguysokc.com/randysgallery.html" "Mozilla/4.0 (compatible; MSIE 8.0; Windows NT 6.1; WOW64; Trident/4.0; GTB7.5; SLCC2; .NET CLR 2.0.50727; .NET CLR 3.5.30729; .NET CLR 3.0.30729; Media Center PC 6.0; .NET4.0C; .NET4.0E; IPH 1.1.21.4019)"
157.142.237.37 - - [12/Aug/2013:15:24:07 -0400] "GET /images/100_P7150564.JPG HTTP/1.1" 200 3163 "http://www.wiseguysokc.com/Frame-11-randysgallerypage11.html?refresh=1375823913350" "Mozilla/4.0 (compatible; MSIE 8.0; Windows NT 6.1; WOW64; Trident/4.0; GTB7.5; SLCC2; .NET CLR 2.0.50727; .NET CLR 3.5.30729; .NET CLR 3.0.30729; Media Center PC 6.0; .NET4.0C; .NET4.0E; IPH 1.1.21.4019)"
157.142.237.37 - - [12/Aug/2013:15:25:02 -0400] "GET /meettheband.html HTTP/1.1" 304 - "http://www.wiseguysokc.com/Frame-11-randysgallerynav.htm" "Mozilla/4.0 (compatible; MSIE 8.0; Windows NT 6.1; WOW64; Trident/4.0; GTB7.5; SLCC2; .NET CLR 2.0.50727; .NET CLR 3.5.30729; .NET CLR 3.0.30729; Media Center PC 6.0; .NET4.0C; .NET4.0E; IPH 1.1.21.4019)"
157.142.237.37 - - [12/Aug/2013:15:26:11 -0400] "GET /scripts/user.js HTTP/1.1" 200 23762 "http://wiseguysokc.com/" "Mozilla/4.0 (compatible; MSIE 8.0; Windows NT 6.1; WOW64; Trident/4.0; GTB7.5; SLCC2; .NET CLR 2.0.50727; .NET CLR 3.5.30729; .NET CLR 3.0.30729; Media Center PC 6.0; .NET4.0C; .NET4.0E; IPH 1.1.21.4019)"
157.142.237.37 - - [12/Aug/2013:15:26:12 -0400] "GET /250/images/back01.jpg HTTP/1.1" 200 1321 "http://wiseguysokc.com/Frame-1-homepage1.html?refresh=1375823914101" "Mozilla/4.0 (compatible; MSIE 8.0; Windows NT 6.1; WOW64; Trident/4.0; GTB7.5; SLCC2; .NET CLR 2.0.50727; .NET CLR 3.5.30729; .NET CLR 3.0.30729; Media Center PC 6.0; .NET4.0C; .NET4.0E; IPH 1.1.21.4019)"
157.142.237.37 - - [12/Aug/2013:15:26:12 -0400] "GET /250/images/04b.jpg HTTP/1.1" 200 3245 "http://wiseguysokc.com/Frame-1-homenav.htm" "Mozilla/4.0 (compatible; MSIE 8.0; Windows NT 6.1; WOW64; Trident/4.0; GTB7.5; SLCC2; .NET CLR 2.0.50727; .NET CLR 3.5.30729; .NET CLR 3.0.30729; Media Center PC 6.0; .NET4.0C; .NET4.0E; IPH 1.1.21.4019)"
157.142.237.37 - - [12/Aug/2013:15:26:12 -0400] "GET /250/images/09b.jpg HTTP/1.1" 200 1125 "http://wiseguysokc.com/Frame-1-homenav.htm" "Mozilla/4.0 (compatible; MSIE 8.0; Windows NT 6.1; WOW64; Trident/4.0; GTB7.5; SLCC2; .NET CLR 2.0.50727; .NET CLR 3.5.30729; .NET CLR 3.0.30729; Media Center PC 6.0; .NET4.0C; .NET4.0E; IPH 1.1.21.4019)"
157.142.237.37 - - [12/Aug/2013:15:26:12 -0400] "GET /250/images/01a.jpg HTTP/1.1" 200 2917 "http://wiseguysokc.com/Frame-1-homenav.htm" "Mozilla/4.0 (compatible; MSIE 8.0; Windows NT 6.1; WOW64; Trident/4.0; GTB7.5; SLCC2; .NET CLR 2.0.50727; .NET CLR 3.5.30729; .NET CLR 3.0.30729; Media Center PC 6.0; .NET4.0C; .NET4.0E; IPH 1.1.21.4019)"
157.142.237.37 - - [12/Aug/2013:15:26:12 -0400] "GET /250/images/06a.jpg HTTP/1.1" 200 3075 "http://wiseguysokc.com/Frame-1-homenav.htm" "Mozilla/4.0 (compatible; MSIE 8.0; Windows NT 6.1; WOW64; Trident/4.0; GTB7.5; SLCC2; .NET CLR 2.0.50727; .NET CLR 3.5.30729; .NET CLR 3.0.30729; Media Center PC 6.0; .NET4.0C; .NET4.0E; IPH 1.1.21.4019)"
157.142.237.37 - - [12/Aug/2013:15:26:12 -0400] "GET /images/240_Jeff_Shadow_copy.jpg HTTP/1.1" 200 7629 "http://wiseguysokc.com/Frame-1-homepage1.html?refresh=1375823914101" "Mozilla/4.0 (compatible; MSIE 8.0; Windows NT 6.1; WOW64; Trident/4.0; GTB7.5; SLCC2; .NET CLR 2.0.50727; .NET CLR 3.5.30729; .NET CLR 3.0.30729; Media Center PC 6.0; .NET4.0C; .NET4.0E; IPH 1.1.21.4019)"
157.142.237.37 - - [12/Aug/2013:15:26:12 -0400] "GET /250/images/index01.jpg HTTP/1.1" 200 2520 "http://wiseguysokc.com/Frame-1-homepage1.html?refresh=1375823914101" "Mozilla/4.0 (compatible; MSIE 8.0; Windows NT 6.1; WOW64; Trident/4.0; GTB7.5; SLCC2; .NET CLR 2.0.50727; .NET CLR 3.5.30729; .NET CLR 3.0.30729; Media Center PC 6.0; .NET4.0C; .NET4.0E; IPH 1.1.21.4019)"
157.142.237.37 - - [12/Aug/2013:15:26:12 -0400] "GET /250/images/index03.jpg HTTP/1.1" 200 2815 "http://wiseguysokc.com/Frame-1-homepage1.html?refresh=1375823914101" "Mozilla/4.0 (compatible; MSIE 8.0; Windows NT 6.1; WOW64; Trident/4.0; GTB7.5; SLCC2; .NET CLR 2.0.50727; .NET CLR 3.5.30729; .NET CLR 3.0.30729; Media Center PC 6.0; .NET4.0C; .NET4.0E; IPH 1.1.21.4019)"
157.142.237.37 - - [12/Aug/2013:15:26:12 -0400] "GET /250/images/slogan.jpg HTTP/1.1" 200 5909 "http://wiseguysokc.com/Frame-1-homepage1.html?refresh=1375823914101" "Mozilla/4.0 (compatible; MSIE 8.0; Windows NT 6.1; WOW64; Trident/4.0; GTB7.5; SLCC2; .NET CLR 2.0.50727; .NET CLR 3.5.30729; .NET CLR 3.0.30729; Media Center PC 6.0; .NET4.0C; .NET4.0E; IPH 1.1.21.4019)"
157.142.237.37 - - [12/Aug/2013:15:26:13 -0400] "GET /favicon.ico HTTP/1.1" 404 575 "-" "Mozilla/4.0 (compatible; MSIE 8.0; Windows NT 6.1; WOW64; Trident/4.0; GTB7.5; SLCC2; .NET CLR 2.0.50727; .NET CLR 3.5.30729; .NET CLR 3.0.30729; Media Center PC 6.0; .NET4.0C; .NET4.0E; IPH 1.1.21.4019)"
204.62.25.101 - - [12/Aug/2013:10:55:27 -0400] "GET /250/images/slogan.jpg HTTP/1.1" 200 5909 "-" "Mozilla/4.0 (compatible;)"
220.181.108.152 - - [12/Aug/2013:06:26:10 -0400] "GET /250/images/03a.jpg HTTP/1.1" 200 2976 "-" "Baiduspider-image+(+http://www.baidu.com/search/spider.htm)"
204.16.64.3 - - [12/Aug/2013:12:05:40 -0400] "GET /scripts/ic_globals_published.js HTTP/1.1" 200 566 "http://www.wiseguysokc.com/" "Mozilla/5.0 (Windows NT 6.1; WOW64) AppleWebKit/537.36 (KHTML, like Gecko) Chrome/28.0.1500.95 Safari/537.36"
66.249.75.36 - - [12/Aug/2013:12:57:30 -0400] "GET /contactnewsletter.html HTTP/1.1" 304 - "-" "Mozilla/5.0 (compatible; Googlebot/2.1; +http://www.google.com/bot.html)"
204.61.1.85 - - [12/Aug/2013:13:02:10 -0400] "GET /250/scripts/master.css HTTP/1.1" 200 1956 "http://www.wiseguysokc.com/calendar.html" "Mozilla/5.0 (compatible; MSIE 9.0; Windows NT 6.1; Trident/5.0)"
204.61.1.85 - - [12/Aug/2013:13:02:10 -0400] "GET /250/images/02a.jpg HTTP/1.1" 200 3437 "http://www.wiseguysokc.com/Frame-4-calendarnav.htm" "Mozilla/5.0 (compatible; MSIE 9.0; Windows NT 6.1; Trident/5.0)"
204.61.1.85 - - [12/Aug/2013:13:02:10 -0400] "GET /250/images/02b.jpg HTTP/1.1" 200 3466 "http://www.wiseguysokc.com/Frame-4-calendarnav.htm" "Mozilla/5.0 (compatible; MSIE 9.0; Windows NT 6.1; Trident/5.0)"
204.61.1.85 - - [12/Aug/2013:13:02:10 -0400] "GET /250/images/08a.jpg HTTP/1.1" 200 3709 "http://www.wiseguysokc.com/Frame-4-calendarnav.htm" "Mozilla/5.0 (compatible; MSIE 9.0; Windows NT 6.1; Trident/5.0)"
204.61.1.85 - - [12/Aug/2013:13:02:10 -0400] "GET /250/images/10b.jpg HTTP/1.1" 200 1232 "http://www.wiseguysokc.com/Frame-4-calendarnav.htm" "Mozilla/5.0 (compatible; MSIE 9.0; Windows NT 6.1; Trident/5.0)"
204.61.1.85 - - [12/Aug/2013:13:02:10 -0400] "GET /250/images/slogan.jpg HTTP/1.1" 200 5909 "http://www.wiseguysokc.com/Frame-4-calendarpage4.html?refresh=1375823913675" "Mozilla/5.0 (compatible; MSIE 9.0; Windows NT 6.1; Trident/5.0)"
91.207.9.226 - - [12/Aug/2013:14:27:26 -0400] "GET /meettheband.html HTTP/1.1" 200 1106 "http://clubsovetov.ru/" "Mozilla/4.0 (compatible; MSIE 6.0; Windows NT 5.1; SV1; InfoPath.1)"
157.142.237.37 - - [12/Aug/2013:15:24:38 -0400] "GET /meettheband.html HTTP/1.1" 304 - "http://www.wiseguysokc.com/Frame-11-randysgallerypage11.html?refresh=1375823913350" "Mozilla/4.0 (compatible; MSIE 8.0; Windows NT 6.1; WOW64; Trident/4.0; GTB7.5; SLCC2; .NET CLR 2.0.50727; .NET CLR 3.5.30729; .NET CLR 3.0.30729; Media Center PC 6.0; .NET4.0C; .NET4.0E; IPH 1.1.21.4019)"
157.142.237.37 - - [12/Aug/2013:15:24:38 -0400] "GET /250/scripts/master.css HTTP/1.1" 304 - "http://www.wiseguysokc.com/meettheband.html" "Mozilla/4.0 (compatible; MSIE 8.0; Windows NT 6.1; WOW64; Trident/4.0; GTB7.5; SLCC2; .NET CLR 2.0.50727; .NET CLR 3.5.30729; .NET CLR 3.0.30729; Media Center PC 6.0; .NET4.0C; .NET4.0E; IPH 1.1.21.4019)"
157.142.237.37 - - [12/Aug/2013:15:24:38 -0400] "GET /Frame-2-meetthebandpage2.html?refresh=1375823913574 HTTP/1.1" 304 - "http://www.wiseguysokc.com/meettheband.html" "Mozilla/4.0 (compatible; MSIE 8.0; Windows NT 6.1; WOW64; Trident/4.0; GTB7.5; SLCC2; .NET CLR 2.0.50727; .NET CLR 3.5.30729; .NET CLR 3.0.30729; Media Center PC 6.0; .NET4.0C; .NET4.0E; IPH 1.1.21.4019)"
157.142.237.37 - - [12/Aug/2013:15:24:38 -0400] "GET /250/images/03b.jpg HTTP/1.1" 304 - "http://www.wiseguysokc.com/Frame-2-meetthebandnav.htm" "Mozilla/4.0 (compatible; MSIE 8.0; Windows NT 6.1; WOW64; Trident/4.0; GTB7.5; SLCC2; .NET CLR 2.0.50727; .NET CLR 3.5.30729; .NET CLR 3.0.30729; Media Center PC 6.0; .NET4.0C; .NET4.0E; IPH 1.1.21.4019)"
157.142.237.37 - - [12/Aug/2013:15:24:38 -0400] "GET /250/images/09b.jpg HTTP/1.1" 304 - "http://www.wiseguysokc.com/Frame-2-meetthebandnav.htm" "Mozilla/4.0 (compatible; MSIE 8.0; Windows NT 6.1; WOW64; Trident/4.0; GTB7.5; SLCC2; .NET CLR 2.0.50727; .NET CLR 3.5.30729; .NET CLR 3.0.30729; Media Center PC 6.0; .NET4.0C; .NET4.0E; IPH 1.1.21.4019)"
157.142.237.37 - - [12/Aug/2013:15:24:38 -0400] "GET /250/images/01a.jpg HTTP/1.1" 304 - "http://www.wiseguysokc.com/Frame-2-meetthebandnav.htm" "Mozilla/4.0 (compatible; MSIE 8.0; Windows NT 6.1; WOW64; Trident/4.0; GTB7.5; SLCC2; .NET CLR 2.0.50727; .NET CLR 3.5.30729; .NET CLR 3.0.30729; Media Center PC 6.0; .NET4.0C; .NET4.0E; IPH 1.1.21.4019)"
157.142.237.37 - - [12/Aug/2013:15:24:38 -0400] "GET /250/images/08a.jpg HTTP/1.1" 304 - "http://www.wiseguysokc.com/Frame-2-meetthebandnav.htm" "Mozilla/4.0 (compatible; MSIE 8.0; Windows NT 6.1; WOW64; Trident/4.0; GTB7.5; SLCC2; .NET CLR 2.0.50727; .NET CLR 3.5.30729; .NET CLR 3.0.30729; Media Center PC 6.0; .NET4.0C; .NET4.0E; IPH 1.1.21.4019)"
157.142.237.37 - - [12/Aug/2013:15:24:38 -0400] "GET /images/153__8280370_-_Crpt.JPG HTTP/1.1" 304 - "http://www.wiseguysokc.com/Frame-2-meetthebandpage2.html?refresh=1375823913574" "Mozilla/4.0 (compatible; MSIE 8.0; Windows NT 6.1; WOW64; Trident/4.0; GTB7.5; SLCC2; .NET CLR 2.0.50727; .NET CLR 3.5.30729; .NET CLR 3.0.30729; Media Center PC 6.0; .NET4.0C; .NET4.0E; IPH 1.1.21.4019)"
157.142.237.37 - - [12/Aug/2013:15:24:38 -0400] "GET /250/images/index02.jpg HTTP/1.1" 304 - "http://www.wiseguysokc.com/Frame-2-meetthebandpage2.html?refresh=1375823913574" "Mozilla/4.0 (compatible; MSIE 8.0; Windows NT 6.1; WOW64; Trident/4.0; GTB7.5; SLCC2; .NET CLR 2.0.50727; .NET CLR 3.5.30729; .NET CLR 3.0.30729; Media Center PC 6.0; .NET4.0C; .NET4.0E; IPH 1.1.21.4019)"
157.142.237.37 - - [12/Aug/2013:15:24:38 -0400] "GET /250/images/slogan.jpg HTTP/1.1" 304 - "http://www.wiseguysokc.com/Frame-2-meetthebandpage2.html?refresh=1375823913574" "Mozilla/4.0 (compatible; MSIE 8.0; Windows NT 6.1; WOW64; Trident/4.0; GTB7.5; SLCC2; .NET CLR 2.0.50727; .NET CLR 3.5.30729; .NET CLR 3.0.30729; Media Center PC 6.0; .NET4.0C; .NET4.0E; IPH 1.1.21.4019)"
157.142.237.37 - - [12/Aug/2013:15:24:41 -0400] "GET /Frame-11-randysgallerypage11.html?refresh=1375823913350 HTTP/1.1" 304 - "http://www.wiseguysokc.com/randysgallery.html" "Mozilla/4.0 (compatible; MSIE 8.0; Windows NT 6.1; WOW64; Trident/4.0; GTB7.5; SLCC2; .NET CLR 2.0.50727; .NET CLR 3.5.30729; .NET CLR 3.0.30729; Media Center PC 6.0; .NET4.0C; .NET4.0E; IPH 1.1.21.4019)"
157.142.237.37 - - [12/Aug/2013:15:24:41 -0400] "GET /images/100_P7150684.JPG HTTP/1.1" 304 - "http://www.wiseguysokc.com/Frame-11-randysgallerypage11.html?refresh=1375823913350" "Mozilla/4.0 (compatible; MSIE 8.0; Windows NT 6.1; WOW64; Trident/4.0; GTB7.5; SLCC2; .NET CLR 2.0.50727; .NET CLR 3.5.30729; .NET CLR 3.0.30729; Media Center PC 6.0; .NET4.0C; .NET4.0E; IPH 1.1.21.4019)"
157.142.237.37 - - [12/Aug/2013:15:24:41 -0400] "GET /images/100_P7150762.JPG HTTP/1.1" 304 - "http://www.wiseguysokc.com/Frame-11-randysgallerypage11.html?refresh=1375823913350" "Mozilla/4.0 (compatible; MSIE 8.0; Windows NT 6.1; WOW64; Trident/4.0; GTB7.5; SLCC2; .NET CLR 2.0.50727; .NET CLR 3.5.30729; .NET CLR 3.0.30729; Media Center PC 6.0; .NET4.0C; .NET4.0E; IPH 1.1.21.4019)"
157.142.237.37 - - [12/Aug/2013:15:28:00 -0400] "GET /images/photoalbum/button_photoFirst.jpg HTTP/1.1" 200 637 "http://wiseguysokc.com/Frame-3-gallerypage3.html?refresh=1375823913925" "Mozilla/4.0 (compatible; MSIE 8.0; Windows NT 6.1; WOW64; Trident/4.0; GTB7.5; SLCC2; .NET CLR 2.0.50727; .NET CLR 3.5.30729; .NET CLR 3.0.30729; Media Center PC 6.0; .NET4.0C; .NET4.0E; IPH 1.1.21.4019)"
