46.118.126.194 - - [13/Aug/2013:07:56:07 -0400] "GET /meettheband.html HTTP/1.1" 200 1106 "http://pornogig.com/" "Opera/7.11 (Windows NT 5.1; U) [en]"
66.249.75.36 - - [13/Aug/2013:09:19:09 -0400] "GET /images/photoalbum/detail_close.jpg HTTP/1.1" 200 1095 "-" "Googlebot-Image/1.0"
68.12.3.140 - - [13/Aug/2013:11:35:03 -0400] "GET /250/images/03b.jpg HTTP/1.1" 304 - "http://www.wiseguysokc.com/Frame-1-homenav.htm" "Mozilla/5.0 (Macintosh; Intel Mac OS X 10_7_5) AppleWebKit/536.30.1 (KHTML, like Gecko) Version/6.0.5 Safari/536.30.1"
91.207.9.226 - - [13/Aug/2013:21:23:52 -0400] "GET /meettheband.html HTTP/1.1" 200 1106 "http://www.socioforum.su/" "Mozilla/4.0 (compatible; MSIE 6.0; Windows NT 5.1; SV1; .NET CLR 1.1.4322)"
166.137.156.21 - - [13/Aug/2013:21:46:59 -0400] "GET /250/images/03b.jpg HTTP/1.1" 200 2930 "http://www.wiseguysokc.com/Frame-1-homenav.htm" "Mozilla/5.0 (iPhone; CPU iPhone OS 6_1_3 like Mac OS X) AppleWebKit/536.26 (KHTML, like Gecko) Version/6.0 Mobile/10B329 Safari/8536.25"
166.137.156.21 - - [13/Aug/2013:21:46:59 -0400] "GET /250/images/08b.jpg HTTP/1.1" 200 3551 "http://www.wiseguysokc.com/Frame-1-homenav.htm" "Mozilla/5.0 (iPhone; CPU iPhone OS 6_1_3 like Mac OS X) AppleWebKit/536.26 (KHTML, like Gecko) Version/6.0 Mobile/10B329 Safari/8536.25"
166.137.156.21 - - [13/Aug/2013:21:47:00 -0400] "GET /250/images/10b.jpg HTTP/1.1" 200 1232 "http://www.wiseguysokc.com/Frame-1-homenav.htm" "Mozilla/5.0 (iPhone; CPU iPhone OS 6_1_3 like Mac OS X) AppleWebKit/536.26 (KHTML, like Gecko) Version/6.0 Mobile/10B329 Safari/8536.25"
68.228.160.86 - - [13/Aug/2013:21:50:29 -0400] "GET /scripts/photoalbum.js HTTP/1.1" 200 62481 "http://wiseguysokc.com/" "Mozilla/5.0 (compatible; MSIE 10.0; Windows NT 6.1; WOW64; Trident/6.0)"
68.228.160.86 - - [13/Aug/2013:21:50:29 -0400] "GET /Frame-1-homepage1.html?refresh=1375823914101 HTTP/1.1" 200 19952 "http://wiseguysokc.com/" "Mozilla/5.0 (compatible; MSIE 10.0; Windows NT 6.1; WOW64; Trident/6.0)"
68.228.160.86 - - [13/Aug/2013:21:50:29 -0400] "GET /images/483_WG_s_Promo_2013.jpg HTTP/1.1" 200 24817 "http://wiseguysokc.com/Frame-1-homepage1.html?refresh=1375823914101" "Mozilla/5.0 (compatible; MSIE 10.0; Windows NT 6.1; WOW64; Trident/6.0)"
68.228.160.86 - - [13/Aug/2013:21:50:29 -0400] "GET /images/130_Sandi1.jpg HTTP/1.1" 200 8040 "http://wiseguysokc.com/Frame-1-homepage1.html?refresh=1375823914101" "Mozilla/5.0 (compatible; MSIE 10.0; Windows NT 6.1; WOW64; Trident/6.0)"
68.228.160.86 - - [13/Aug/2013:21:50:29 -0400] "GET /250/images/company.jpg HTTP/1.1" 200 6282 "http://wiseguysokc.com/Frame-1-homepage1.html?refresh=1375823914101" "Mozilla/5.0 (compatible; MSIE 10.0; Windows NT 6.1; WOW64; Trident/6.0)"
68.228.160.86 - - [13/Aug/2013:21:50:29 -0400] "GET /250/images/slogan.jpg HTTP/1.1" 200 5909 "http://wiseguysokc.com/Frame-1-homepage1.html?refresh=1375823914101" "Mozilla/5.0 (compatible; MSIE 10.0; Windows NT 6.1; WOW64; Trident/6.0)"
68.228.160.86 - - [13/Aug/2013:21:50:29 -0400] "GET /250/images/02a.jpg HTTP/1.1" 200 3437 "http://wiseguysokc.com/Frame-1-homenav.htm" "Mozilla/5.0 (compatible; MSIE 10.0; Windows NT 6.1; WOW64; Trident/6.0)"
68.228.160.86 - - [13/Aug/2013:21:50:29 -0400] "GET /250/images/06a.jpg HTTP/1.1" 200 3075 "http://wiseguysokc.com/Frame-1-homenav.htm" "Mozilla/5.0 (compatible; MSIE 10.0; Windows NT 6.1; WOW64; Trident/6.0)"
68.228.160.86 - - [13/Aug/2013:21:50:29 -0400] "GET /250/images/01b.jpg HTTP/1.1" 200 2948 "http://wiseguysokc.com/Frame-1-homenav.htm" "Mozilla/5.0 (compatible; MSIE 10.0; Windows NT 6.1; WOW64; Trident/6.0)"
68.228.160.86 - - [13/Aug/2013:21:50:29 -0400] "GET /250/images/nav_back.jpg HTTP/1.1" 200 15744 "http://wiseguysokc.com/Frame-1-homenav.htm" "Mozilla/5.0 (compatible; MSIE 10.0; Windows NT 6.1; WOW64; Trident/6.0)"
66.167.96.173 - - [13/Aug/2013:12:20:11 -0400] "GET /250/images/02a.jpg HTTP/1.1" 200 3437 "http://www.wiseguysokc.com/Frame-1-homenav.htm" "Mozilla/5.0 (Windows NT 5.1; rv:22.0) Gecko/20100101 Firefox/22.0"
66.167.96.173 - - [13/Aug/2013:12:20:11 -0400] "GET /250/images/08a.jpg HTTP/1.1" 200 3709 "http://www.wiseguysokc.com/Frame-1-homenav.htm" "Mozilla/5.0 (Windows NT 5.1; rv:22.0) Gecko/20100101 Firefox/22.0"
66.167.96.173 - - [13/Aug/2013:12:20:12 -0400] "GET /250/images/05b.jpg HTTP/1.1" 200 3654 "http://www.wiseguysokc.com/Frame-1-homenav.htm" "Mozilla/5.0 (Windows NT 5.1; rv:22.0) Gecko/20100101 Firefox/22.0"
66.167.96.173 - - [13/Aug/2013:12:20:12 -0400] "GET /250/images/nav_back.jpg HTTP/1.1" 200 15744 "http://www.wiseguysokc.com/Frame-1-homenav.htm" "Mozilla/5.0 (Windows NT 5.1; rv:22.0) Gecko/20100101 Firefox/22.0"
66.167.96.173 - - [13/Aug/2013:12:20:12 -0400] "GET /images/130_Sandi1.jpg HTTP/1.1" 200 8040 "http://www.wiseguysokc.com/Frame-1-homepage1.html?refresh=1375823914101" "Mozilla/5.0 (Windows NT 5.1; rv:22.0) Gecko/20100101 Firefox/22.0"
66.167.96.173 - - [13/Aug/2013:12:20:13 -0400] "GET /250/images/index01.jpg HTTP/1.1" 200 2520 "http://www.wiseguysokc.com/Frame-1-homepage1.html?refresh=1375823914101" "Mozilla/5.0 (Windows NT 5.1; rv:22.0) Gecko/20100101 Firefox/22.0"
66.167.96.173 - - [13/Aug/2013:12:20:13 -0400] "GET /250/images/index02.jpg HTTP/1.1" 200 999 "http://www.wiseguysokc.com/Frame-1-homepage1.html?refresh=1375823914101" "Mozilla/5.0 (Windows NT 5.1; rv:22.0) Gecko/20100101 Firefox/22.0"
66.167.96.173 - - [13/Aug/2013:12:20:13 -0400] "GET /250/images/company.jpg HTTP/1.1" 200 6282 "http://www.wiseguysokc.com/Frame-1-homepage1.html?refresh=1375823914101" "Mozilla/5.0 (Windows NT 5.1; rv:22.0) Gecko/20100101 Firefox/22.0"
66.167.96.173 - - [13/Aug/2013:12:20:13 -0400] "GET /250/images/index04.jpg HTTP/1.1" 200 2241 "http://www.wiseguysokc.com/Frame-1-homepage1.html?refresh=1375823914101" "Mozilla/5.0 (Windows NT 5.1; rv:22.0) Gecko/20100101 Firefox/22.0"
66.167.96.173 - - [13/Aug/2013:12:20:13 -0400] "GET /250/images/index05.jpg HTTP/1.1" 200 2081 "http://www.wiseguysokc.com/Frame-1-homepage1.html?refresh=1375823914101" "Mozilla/5.0 (Windows NT 5.1; rv:22.0) Gecko/20100101 Firefox/22.0"
66.167.96.173 - - [13/Aug/2013:12:20:13 -0400] "GET /250/images/motif01.jpg HTTP/1.1" 200 29843 "http://www.wiseguysokc.com/Frame-1-homepage1.html?refresh=1375823914101" "Mozilla/5.0 (Windows NT 5.1; rv:22.0) Gecko/20100101 Firefox/22.0"
66.167.96.173 - - [13/Aug/2013:12:20:14 -0400] "GET /250/images/index06.jpg HTTP/1.1" 200 2838 "http://www.wiseguysokc.com/Frame-1-homepage1.html?refresh=1375823914101" "Mozilla/5.0 (Windows NT 5.1; rv:22.0) Gecko/20100101 Firefox/22.0"
8.28.16.254 - - [13/Aug/2013:17:30:13 -0400] "GET /calendar.html HTTP/1.1" 200 1100 "-" "Mozilla/4.0 (compatible; MSIE 7.0; Windows NT 5.1; InfoPath.1; .NET CLR 2.0.50727; .NET CLR 1.1.4322; MS-RTC LM 8; .NET CLR 3.0.4506.2152; .NET CLR 3.5.30729)"
204.62.25.101 - - [13/Aug/2013:17:30:15 -0400] "GET /250/images/07a.jpg HTTP/1.1" 200 3422 "-" "Mozilla/4.0 (compatible;)"
199.58.86.211 - - [13/Aug/2013:06:52:00 -0400] "GET /robots.txt HTTP/1.0" 200 25 "-" "Mozilla/5.0 (compatible; MJ12bot/v1.4.3; http://www.majestic12.co.uk/bot.php?+)"
46.119.118.152 - - [13/Aug/2013:07:03:12 -0400] "GET /meettheband.html HTTP/1.1" 200 1106 "http://komputernaya-pomosh-moscow.ru/" "Opera/8.00 (Windows NT 5.1; U; en)"
68.228.160.86 - - [13/Aug/2013:21:50:30 -0400] "GET /favicon.ico HTTP/1.1" 404 575 "-" "Mozilla/5.0 (compatible; MSIE 10.0; Windows NT 6.1; Win64; x64; Trident/6.0)"
70.164.68.246 - - [13/Aug/2013:16:17:24 -0400] "GET /meettheband.html HTTP/1.1" 200 1106 "http://www.wiseguysokc.com/Frame-1-homenav.htm" "Mozilla/4.0 (compatible; MSIE 8.0; Windows NT 5.1; Trident/4.0; GTB7.5; .NET CLR 2.0.50727; .NET CLR 3.0.4506.2152; .NET CLR 3.5.30729; BRI/1; BRI/2)"
70.164.68.246 - - [13/Aug/2013:16:17:25 -0400] "GET /Frame-2-meetthebandpage2.html?refresh=1375823913574 HTTP/1.1" 200 18090 "http://www.wiseguysokc.com/meettheband.html" "Mozilla/4.0 (compatible; MSIE 8.0; Windows NT 5.1; Trident/4.0; GTB7.5; .NET CLR 2.0.50727; .NET CLR 3.0.4506.2152; .NET CLR 3.5.30729; BRI/1; BRI/2)"
70.164.68.246 - - [13/Aug/2013:16:17:27 -0400] "GET /images/190__DSC2389_-_Version_2_Smaller.jpg HTTP/1.1" 200 14356 "http://www.wiseguysokc.com/Frame-2-meetthebandpage2.html?refresh=1375823913574" "Mozilla/4.0 (compatible; MSIE 8.0; Windows NT 5.1; Trident/4.0; GTB7.5; .NET CLR 2.0.50727; .NET CLR 3.0.4506.2152; .NET CLR 3.5.30729; BRI/1; BRI/2)"
70.164.68.246 - - [13/Aug/2013:16:17:28 -0400] "GET /images/170__DSC2392_Smaller.jpg HTTP/1.1" 200 7414 "http://www.wiseguysokc.com/Frame-2-meetthebandpage2.html?refresh=1375823913574" "Mozilla/4.0 (compatible; MSIE 8.0; Windows NT 5.1; Trident/4.0; GTB7.5; .NET CLR 2.0.50727; .NET CLR 3.0.4506.2152; .NET CLR 3.5.30729; BRI/1; BRI/2)"
70.164.68.246 - - [13/Aug/2013:16:17:28 -0400] "GET /images/153__8280468_-_Crpt.JPG HTTP/1.1" 200 7172 "http://www.wiseguysokc.com/Frame-2-meetthebandpage2.html?refresh=1375823913574" "Mozilla/4.0 (compatible; MSIE 8.0; Windows NT 5.1; Trident/4.0; GTB7.5; .NET CLR 2.0.50727; .NET CLR 3.0.4506.2152; .NET CLR 3.5.30729; BRI/1; BRI/2)"
70.164.68.246 - - [13/Aug/2013:16:17:28 -0400] "GET /images/153__8280370_-_Crpt.JPG HTTP/1.1" 200 5529 "http://www.wiseguysokc.com/Frame-2-meetthebandpage2.html?refresh=1375823913574" "Mozilla/4.0 (compatible; MSIE 8.0; Windows NT 5.1; Trident/4.0; GTB7.5; .NET CLR 2.0.50727; .NET CLR 3.0.4506.2152; .NET CLR 3.5.30729; BRI/1; BRI/2)"
70.164.68.246 - - [13/Aug/2013:16:17:28 -0400] "GET /images/483__DSC2309.jpg HTTP/1.1" 200 31645 "http://www.wiseguysokc.com/Frame-2-meetthebandpage2.html?refresh=1375823913574" "Mozilla/4.0 (compatible; MSIE 8.0; Windows NT 5.1; Trident/4.0; GTB7.5; .NET CLR 2.0.50727; .NET CLR 3.0.4506.2152; .NET CLR 3.5.30729; BRI/1; BRI/2)"
86.129.77.206 - - [13/Aug/2013:09:42:24 -0400] "GET / HTTP/1.1" 200 1092 "http://www.google.com/url?sa=t&rct=j&q=the%20wiseguys&source=web&cd=3&ved=0CDsQFjAC&url=http%3A%2F%2Fwww.wiseguysokc.com%2F&ei=tzcKUsHDIMuJhQeXnYHYAw&usg=AFQjCNFVpdEFRf09sCn3b4S1yd0keUAD6g&bvm=bv.50500085,d.ZG4" "Mozilla/5.0 (Windows NT 6.1; WOW64) AppleWebKit/537.36 (KHTML, like Gecko) Chrome/28.0.1500.95 Safari/537.36"
86.129.77.206 - - [13/Aug/2013:09:42:26 -0400] "GET /250/scripts/master.css HTTP/1.1" 200 1956 "http://www.wiseguysokc.com/" "Mozilla/5.0 (Windows NT 6.1; WOW64) AppleWebKit/537.36 (KHTML, like Gecko) Chrome/28.0.1500.95 Safari/537.36"
86.129.77.206 - - [13/Aug/2013:09:42:27 -0400] "GET /250/images/03b.jpg HTTP/1.1" 200 2930 "http://www.wiseguysokc.com/Frame-1-homenav.htm" "Mozilla/5.0 (Windows NT 6.1; WOW64) AppleWebKit/537.36 (KHTML, like Gecko) Chrome/28.0.1500.95 Safari/537.36"
86.129.77.206 - - [13/Aug/2013:09:42:27 -0400] "GET /250/images/09b.jpg HTTP/1.1" 200 1125 "http://www.wiseguysokc.com/Frame-1-homenav.htm" "Mozilla/5.0 (Windows NT 6.1; WOW64) AppleWebKit/537.36 (KHTML, like Gecko) Chrome/28.0.1500.95 Safari/537.36"
86.129.77.206 - - [13/Aug/2013:09:42:27 -0400] "GET /250/images/07b.jpg HTTP/1.1" 200 3345 "http://www.wiseguysokc.com/Frame-1-homenav.htm" "Mozilla/5.0 (Windows NT 6.1; WOW64) AppleWebKit/537.36 (KHTML, like Gecko) Chrome/28.0.1500.95 Safari/537.36"
86.129.77.206 - - [13/Aug/2013:09:42:28 -0400] "GET /250/images/nav_back.jpg HTTP/1.1" 200 15744 "http://www.wiseguysokc.com/Frame-1-homenav.htm" "Mozilla/5.0 (Windows NT 6.1; WOW64) AppleWebKit/537.36 (KHTML, like Gecko) Chrome/28.0.1500.95 Safari/537.36"
86.129.77.206 - - [13/Aug/2013:09:42:28 -0400] "GET /250/images/04a.jpg HTTP/1.1" 200 3312 "http://www.wiseguysokc.com/Frame-1-homenav.htm" "Mozilla/5.0 (Windows NT 6.1; WOW64) AppleWebKit/537.36 (KHTML, like Gecko) Chrome/28.0.1500.95 Safari/537.36"
86.129.77.206 - - [13/Aug/2013:09:42:28 -0400] "GET /images/180_WG_-_Facebook.jpg HTTP/1.1" 200 4974 "http://www.wiseguysokc.com/Frame-1-homepage1.html?refresh=1375823914101" "Mozilla/5.0 (Windows NT 6.1; WOW64) AppleWebKit/537.36 (KHTML, like Gecko) Chrome/28.0.1500.95 Safari/537.36"
86.129.77.206 - - [13/Aug/2013:09:42:28 -0400] "GET /images/250_Oklahoman.gif HTTP/1.1" 200 1688 "http://www.wiseguysokc.com/Frame-1-homepage1.html?refresh=1375823914101" "Mozilla/5.0 (Windows NT 6.1; WOW64) AppleWebKit/537.36 (KHTML, like Gecko) Chrome/28.0.1500.95 Safari/537.36"
86.129.77.206 - - [13/Aug/2013:09:42:28 -0400] "GET /250/images/company.jpg HTTP/1.1" 200 6282 "http://www.wiseguysokc.com/Frame-1-homepage1.html?refresh=1375823914101" "Mozilla/5.0 (Windows NT 6.1; WOW64) AppleWebKit/537.36 (KHTML, like Gecko) Chrome/28.0.1500.95 Safari/537.36"
86.129.77.206 - - [13/Aug/2013:09:42:28 -0400] "GET /250/images/slogan.jpg HTTP/1.1" 200 5909 "http://www.wiseguysokc.com/Frame-1-homepage1.html?refresh=1375823914101" "Mozilla/5.0 (Windows NT 6.1; WOW64) AppleWebKit/537.36 (KHTML, like Gecko) Chrome/28.0.1500.95 Safari/537.36"
86.129.77.206 - - [13/Aug/2013:09:42:28 -0400] "GET /250/images/motif01.jpg HTTP/1.1" 200 29843 "http://www.wiseguysokc.com/Frame-1-homepage1.html?refresh=1375823914101" "Mozilla/5.0 (Windows NT 6.1; WOW64) AppleWebKit/537.36 (KHTML, like Gecko) Chrome/28.0.1500.95 Safari/537.36"
86.129.77.206 - - [13/Aug/2013:09:42:29 -0400] "GET /favicon.ico HTTP/1.1" 404 575 "-" "Mozilla/5.0 (Windows NT 6.1; WOW64) AppleWebKit/537.36 (KHTML, like Gecko) Chrome/28.0.1500.95 Safari/537.36"
72.198.69.35 - - [13/Aug/2013:10:36:55 -0400] "GET /images/130_Sandi1.jpg HTTP/1.1" 200 8040 "http://www.wiseguysokc.com/Frame-1-homepage1.html?refresh=1375823914101" "Mozilla/5.0 (Macintosh; Intel Mac OS X 10_5_8) AppleWebKit/537.1 (KHTML, like Gecko) Chrome/21.0.1180.90 Safari/537.1"
72.198.69.35 - - [13/Aug/2013:10:36:55 -0400] "GET /250/images/index03.jpg HTTP/1.1" 200 2815 "http://www.wiseguysokc.com/Frame-1-homepage1.html?refresh=1375823914101" "Mozilla/5.0 (Macintosh; Intel Mac OS X 10_5_8) AppleWebKit/537.1 (KHTML, like Gecko) Chrome/21.0.1180.90 Safari/537.1"
72.198.69.35 - - [13/Aug/2013:10:36:55 -0400] "GET /250/images/content01.gif HTTP/1.1" 200 14331 "http://www.wiseguysokc.com/Frame-1-homepage1.html?refresh=1375823914101" "Mozilla/5.0 (Macintosh; Intel Mac OS X 10_5_8) AppleWebKit/537.1 (KHTML, like Gecko) Chrome/21.0.1180.90 Safari/537.1"
72.198.69.35 - - [13/Aug/2013:10:36:55 -0400] "GET /250/images/02b.jpg HTTP/1.1" 200 3466 "http://www.wiseguysokc.com/Frame-1-homenav.htm" "Mozilla/5.0 (Macintosh; Intel Mac OS X 10_5_8) AppleWebKit/537.1 (KHTML, like Gecko) Chrome/21.0.1180.90 Safari/537.1"
72.198.69.35 - - [13/Aug/2013:10:36:55 -0400] "GET /250/images/06b.jpg HTTP/1.1" 200 3011 "http://www.wiseguysokc.com/Frame-1-homenav.htm" "Mozilla/5.0 (Macintosh; Intel Mac OS X 10_5_8) AppleWebKit/537.1 (KHTML, like Gecko) Chrome/21.0.1180.90 Safari/537.1"
72.198.69.35 - - [13/Aug/2013:10:36:55 -0400] "GET /250/images/10b.jpg HTTP/1.1" 200 1232 "http://www.wiseguysokc.com/Frame-1-homenav.htm" "Mozilla/5.0 (Macintosh; Intel Mac OS X 10_5_8) AppleWebKit/537.1 (KHTML, like Gecko) Chrome/21.0.1180.90 Safari/537.1"
72.198.69.35 - - [13/Aug/2013:10:36:55 -0400] "GET /250/images/03a.jpg HTTP/1.1" 200 2976 "http://www.wiseguysokc.com/Frame-1-homenav.htm" "Mozilla/5.0 (Macintosh; Intel Mac OS X 10_5_8) AppleWebKit/537.1 (KHTML, like Gecko) Chrome/21.0.1180.90 Safari/537.1"
72.198.69.35 - - [13/Aug/2013:10:36:55 -0400] "GET /250/images/07a.jpg HTTP/1.1" 200 3422 "http://www.wiseguysokc.com/Frame-1-homenav.htm" "Mozilla/5.0 (Macintosh; Intel Mac OS X 10_5_8) AppleWebKit/537.1 (KHTML, like Gecko) Chrome/21.0.1180.90 Safari/537.1"
68.12.3.140 - - [13/Aug/2013:11:35:03 -0400] "GET /250/images/04b.jpg HTTP/1.1" 304 - "http://www.wiseguysokc.com/Frame-1-homenav.htm" "Mozilla/5.0 (Macintosh; Intel Mac OS X 10_7_5) AppleWebKit/536.30.1 (KHTML, like Gecko) Version/6.0.5 Safari/536.30.1"
68.12.3.140 - - [13/Aug/2013:11:35:03 -0400] "GET /250/images/06b.jpg HTTP/1.1" 304 - "http://www.wiseguysokc.com/Frame-1-homenav.htm" "Mozilla/5.0 (Macintosh; Intel Mac OS X 10_7_5) AppleWebKit/536.30.1 (KHTML, like Gecko) Version/6.0.5 Safari/536.30.1"
68.97.74.163 - - [13/Aug/2013:20:48:07 -0400] "GET /250/images/03a.jpg HTTP/1.1" 200 2976 "http://www.wiseguysokc.com/Frame-1-homenav.htm" "Mozilla/5.0 (iPhone; CPU iPhone OS 6_1_4 like Mac OS X) AppleWebKit/536.26 (KHTML, like Gecko) Version/6.0 Mobile/10B350 Safari/8536.25"
68.97.74.163 - - [13/Aug/2013:20:48:58 -0400] "GET /Frame-4-calendarnav.htm HTTP/1.1" 200 4534 "http://www.wiseguysokc.com/calendar.html" "Mozilla/5.0 (iPhone; CPU iPhone OS 6_1_4 like Mac OS X) AppleWebKit/536.26 (KHTML, like Gecko) Version/6.0 Mobile/10B350 Safari/8536.25"
66.249.72.36 - - [13/Aug/2013:21:27:40 -0400] "GET /robots.txt HTTP/1.1" 200 25 "-" "Mozilla/5.0 (compatible; Googlebot/2.1; +http://www.google.com/bot.html)"
65.55.24.238 - - [13/Aug/2013:03:20:01 -0400] "GET /robots.txt HTTP/1.1" 200 25 "-" "Mozilla/5.0 (compatible; bingbot/2.0; +http://www.bing.com/bingbot.htm)"
68.12.3.140 - - [13/Aug/2013:11:35:03 -0400] "GET /250/images/02a.jpg HTTP/1.1" 304 - "http://www.wiseguysokc.com/Frame-1-homenav.htm" "Mozilla/5.0 (Macintosh; Intel Mac OS X 10_7_5) AppleWebKit/536.30.1 (KHTML, like Gecko) Version/6.0.5 Safari/536.30.1"
70.164.68.246 - - [13/Aug/2013:16:13:21 -0400] "GET / HTTP/1.1" 200 1092 "http://www.google.com/url?sa=t&rct=j&q=wise%20guys%20band%20in%20okc&source=web&cd=1&ved=0CCoQFjAA&url=http%3A%2F%2Fwww.wiseguysokc.com%2F&ei=XZMKUuTgKqidyQHw_4DwCQ&usg=AFQjCNFVpdEFRf09sCn3b4S1yd0keUAD6g" "Mozilla/4.0 (compatible; MSIE 8.0; Windows NT 5.1; Trident/4.0; GTB7.5; .NET CLR 2.0.50727; .NET CLR 3.0.4506.2152; .NET CLR 3.5.30729; BRI/1; BRI/2)"
70.164.68.246 - - [13/Aug/2013:16:13:22 -0400] "GET /250/scripts/master.css HTTP/1.1" 200 1956 "http://www.wiseguysokc.com/" "Mozilla/4.0 (compatible; MSIE 8.0; Windows NT 5.1; Trident/4.0; GTB7.5; .NET CLR 2.0.50727; .NET CLR 3.0.4506.2152; .NET CLR 3.5.30729; BRI/1; BRI/2)"
70.164.68.246 - - [13/Aug/2013:16:13:22 -0400] "GET /scripts/ic_globals_published.js HTTP/1.1" 200 566 "http://www.wiseguysokc.com/" "Mozilla/4.0 (compatible; MSIE 8.0; Windows NT 5.1; Trident/4.0; GTB7.5; .NET CLR 2.0.50727; .NET CLR 3.0.4506.2152; .NET CLR 3.5.30729; BRI/1; BRI/2)"
70.164.68.246 - - [13/Aug/2013:16:13:23 -0400] "GET /Frame-1-homenav.htm HTTP/1.1" 200 4534 "http://www.wiseguysokc.com/" "Mozilla/4.0 (compatible; MSIE 8.0; Windows NT 5.1; Trident/4.0; GTB7.5; .NET CLR 2.0.50727; .NET CLR 3.0.4506.2152; .NET CLR 3.5.30729; BRI/1; BRI/2)"
70.164.68.246 - - [13/Aug/2013:16:13:24 -0400] "GET /250/images/03b.jpg HTTP/1.1" 200 2930 "http://www.wiseguysokc.com/Frame-1-homenav.htm" "Mozilla/4.0 (compatible; MSIE 8.0; Windows NT 5.1; Trident/4.0; GTB7.5; .NET CLR 2.0.50727; .NET CLR 3.0.4506.2152; .NET CLR 3.5.30729; BRI/1; BRI/2)"
70.164.68.246 - - [13/Aug/2013:16:13:24 -0400] "GET /250/images/07b.jpg HTTP/1.1" 200 3345 "http://www.wiseguysokc.com/Frame-1-homenav.htm" "Mozilla/4.0 (compatible; MSIE 8.0; Windows NT 5.1; Trident/4.0; GTB7.5; .NET CLR 2.0.50727; .NET CLR 3.0.4506.2152; .NET CLR 3.5.30729; BRI/1; BRI/2)"
70.164.68.246 - - [13/Aug/2013:16:13:24 -0400] "GET /250/images/nav_back.jpg HTTP/1.1" 200 15744 "http://www.wiseguysokc.com/Frame-1-homenav.htm" "Mozilla/4.0 (compatible; MSIE 8.0; Windows NT 5.1; Trident/4.0; GTB7.5; .NET CLR 2.0.50727; .NET CLR 3.0.4506.2152; .NET CLR 3.5.30729; BRI/1; BRI/2)"
70.164.68.246 - - [13/Aug/2013:16:13:24 -0400] "GET /250/images/02a.jpg HTTP/1.1" 200 3437 "http://www.wiseguysokc.com/Frame-1-homenav.htm" "Mozilla/4.0 (compatible; MSIE 8.0; Windows NT 5.1; Trident/4.0; GTB7.5; .NET CLR 2.0.50727; .NET CLR 3.0.4506.2152; .NET CLR 3.5.30729; BRI/1; BRI/2)"
70.164.68.246 - - [13/Aug/2013:16:13:24 -0400] "GET /250/images/05a.jpg HTTP/1.1" 200 3815 "http://www.wiseguysokc.com/Frame-1-homenav.htm" "Mozilla/4.0 (compatible; MSIE 8.0; Windows NT 5.1; Trident/4.0; GTB7.5; .NET CLR 2.0.50727; .NET CLR 3.0.4506.2152; .NET CLR 3.5.30729; BRI/1; BRI/2)"
70.164.68.246 - - [13/Aug/2013:16:13:24 -0400] "GET /images/393_Readers_Choice_2012_and_2013.jpg HTTP/1.1" 200 15144 "http://www.wiseguysokc.com/Frame-1-homepage1.html?refresh=1375823914101" "Mozilla/4.0 (compatible; MSIE 8.0; Windows NT 5.1; Trident/4.0; GTB7.5; .NET CLR 2.0.50727; .NET CLR 3.0.4506.2152; .NET CLR 3.5.30729; BRI/1; BRI/2)"
70.164.68.246 - - [13/Aug/2013:16:13:24 -0400] "GET /images/130_Sandi1.jpg HTTP/1.1" 200 8040 "http://www.wiseguysokc.com/Frame-1-homepage1.html?refresh=1375823914101" "Mozilla/4.0 (compatible; MSIE 8.0; Windows NT 5.1; Trident/4.0; GTB7.5; .NET CLR 2.0.50727; .NET CLR 3.0.4506.2152; .NET CLR 3.5.30729; BRI/1; BRI/2)"
70.164.68.246 - - [13/Aug/2013:16:13:25 -0400] "GET /250/images/index05.jpg HTTP/1.1" 200 2081 "http://www.wiseguysokc.com/Frame-1-homepage1.html?refresh=1375823914101" "Mozilla/4.0 (compatible; MSIE 8.0; Windows NT 5.1; Trident/4.0; GTB7.5; .NET CLR 2.0.50727; .NET CLR 3.0.4506.2152; .NET CLR 3.5.30729; BRI/1; BRI/2)"
70.164.68.246 - - [13/Aug/2013:16:13:25 -0400] "GET /250/images/motif01.jpg HTTP/1.1" 200 29843 "http://www.wiseguysokc.com/Frame-1-homepage1.html?refresh=1375823914101" "Mozilla/4.0 (compatible; MSIE 8.0; Windows NT 5.1; Trident/4.0; GTB7.5; .NET CLR 2.0.50727; .NET CLR 3.0.4506.2152; .NET CLR 3.5.30729; BRI/1; BRI/2)"
150.70.97.115 - - [13/Aug/2013:16:14:10 -0400] "GET / HTTP/1.1" 200 1092 "-" "Mozilla/4.0 (compatible; MSIE 8.0; Windows NT 5.1; Trident/4.0)"
173.196.144.130 - - [13/Aug/2013:17:29:51 -0400] "GET /250/images/06b.jpg HTTP/1.1" 200 3011 "http://www.wiseguysokc.com/Frame-2-meetthebandnav.htm" "Mozilla/4.0 (compatible; MSIE 8.0; Windows NT 5.1; Trident/4.0; .NET CLR 1.1.4322; .NET CLR 2.0.50727; BOIE8;ENUS)"
204.62.25.101 - - [13/Aug/2013:17:30:15 -0400] "GET /250/images/slogan.jpg HTTP/1.1" 200 5909 "-" "Mozilla/4.0 (compatible;)"
107.219.30.74 - - [13/Aug/2013:17:54:23 -0400] "GET /images/media_mov.gif HTTP/1.1" 200 1438 "http://www.wiseguysokc.com/Frame-9-bookingmediakitpage9.html?refresh=1375823914410" "Mozilla/5.0 (Macintosh; Intel Mac OS X 10_7_5) AppleWebKit/536.30.1 (KHTML, like Gecko) Version/6.0.5 Safari/536.30.1"
81.52.143.36 - - [13/Aug/2013:19:47:33 -0400] "GET /Frame-10-wisestuffnav.htm HTTP/1.1" 200 4534 "-" "Mozilla/5.0 (Windows; U; Windows NT 5.1; fr; rv:1.8.1) VoilaBot BETA 1.2 (support.voilabot@orange-ftgroup.com)"
99.172.170.70 - - [13/Aug/2013:19:50:55 -0400] "GET /calendar.html HTTP/1.1" 200 1100 "http://us.yhs4.search.yahoo.com/yhs/search?p=wise+guys+oklahoma+city+calendar&hspart=att&hsimp=yhs-att_001&type=att_my_portal_home&toggle=1&cop=&ei=UTF-8&fr=att-portal" "Mozilla/5.0 (Macintosh; Intel Mac OS X 10_7_5) AppleWebKit/536.30.1 (KHTML, like Gecko) Version/6.0.5 Safari/536.30.1"
99.172.170.70 - - [13/Aug/2013:19:50:55 -0400] "GET /250/scripts/master.css HTTP/1.1" 200 1956 "http://www.wiseguysokc.com/calendar.html" "Mozilla/5.0 (Macintosh; Intel Mac OS X 10_7_5) AppleWebKit/536.30.1 (KHTML, like Gecko) Version/6.0.5 Safari/536.30.1"
99.172.170.70 - - [13/Aug/2013:19:50:57 -0400] "GET /Frame-4-calendarpage4.html?refresh=1375823913675 HTTP/1.1" 200 54371 "http://www.wiseguysokc.com/calendar.html" "Mozilla/5.0 (Macintosh; Intel Mac OS X 10_7_5) AppleWebKit/536.30.1 (KHTML, like Gecko) Version/6.0.5 Safari/536.30.1"
99.172.170.70 - - [13/Aug/2013:19:50:57 -0400] "GET /250/images/10b.jpg HTTP/1.1" 200 1232 "http://www.wiseguysokc.com/Frame-4-calendarnav.htm" "Mozilla/5.0 (Macintosh; Intel Mac OS X 10_7_5) AppleWebKit/536.30.1 (KHTML, like Gecko) Version/6.0.5 Safari/536.30.1"
99.172.170.70 - - [13/Aug/2013:19:50:57 -0400] "GET /250/images/04a.jpg HTTP/1.1" 200 3312 "http://www.wiseguysokc.com/Frame-4-calendarnav.htm" "Mozilla/5.0 (Macintosh; Intel Mac OS X 10_7_5) AppleWebKit/536.30.1 (KHTML, like Gecko) Version/6.0.5 Safari/536.30.1"
99.172.170.70 - - [13/Aug/2013:19:50:57 -0400] "GET /250/images/08a.jpg HTTP/1.1" 200 3709 "http://www.wiseguysokc.com/Frame-4-calendarnav.htm" "Mozilla/5.0 (Macintosh; Intel Mac OS X 10_7_5) AppleWebKit/536.30.1 (KHTML, like Gecko) Version/6.0.5 Safari/536.30.1"
99.172.170.70 - - [13/Aug/2013:19:50:58 -0400] "GET /250/images/index02.jpg HTTP/1.1" 200 999 "http://www.wiseguysokc.com/Frame-4-calendarpage4.html?refresh=1375823913675" "Mozilla/5.0 (Macintosh; Intel Mac OS X 10_7_5) AppleWebKit/536.30.1 (KHTML, like Gecko) Version/6.0.5 Safari/536.30.1"
99.172.170.70 - - [13/Aug/2013:19:50:58 -0400] "GET /250/images/slogan.jpg HTTP/1.1" 200 5909 "http://www.wiseguysokc.com/Frame-4-calendarpage4.html?refresh=1375823913675" "Mozilla/5.0 (Macintosh; Intel Mac OS X 10_7_5) AppleWebKit/536.30.1 (KHTML, like Gecko) Version/6.0.5 Safari/536.30.1"
98.162.225.95 - - [13/Aug/2013:22:49:33 -0400] "GET /250/images/05b.jpg HTTP/1.1" 200 3654 "http://www.wiseguysokc.com/Frame-4-calendarnav.htm" "Mozilla/4.0 (compatible; MSIE 8.0; Windows NT 5.1; Trident/4.0; BTRS99874; GTB7.5; .NET CLR 2.0.50727; .NET CLR 3.0.4506.2152; .NET CLR 3.5.30729; .NET4.0C; .NET4.0E; BRI/1)"
98.162.225.95 - - [13/Aug/2013:22:49:33 -0400] "GET /250/images/02a.jpg HTTP/1.1" 200 3437 "http://www.wiseguysokc.com/Frame-4-calendarnav.htm" "Mozilla/4.0 (compatible; MSIE 8.0; Windows NT 5.1; Trident/4.0; BTRS99874; GTB7.5; .NET CLR 2.0.50727; .NET CLR 3.0.4506.2152; .NET CLR 3.5.30729; .NET4.0C; .NET4.0E; BRI/1)"
98.162.225.95 - - [13/Aug/2013:22:49:33 -0400] "GET /250/images/04a.jpg HTTP/1.1" 200 3312 "http://www.wiseguysokc.com/Frame-4-calendarnav.htm" "Mozilla/4.0 (compatible; MSIE 8.0; Windows NT 5.1; Trident/4.0; BTRS99874; GTB7.5; .NET CLR 2.0.50727; .NET CLR 3.0.4506.2152; .NET CLR 3.5.30729; .NET4.0C; .NET4.0E; BRI/1)"
98.162.225.95 - - [13/Aug/2013:22:49:33 -0400] "GET /250/images/index04.jpg HTTP/1.1" 200 2241 "http://www.wiseguysokc.com/Frame-4-calendarpage4.html?refresh=1375823913675" "Mozilla/4.0 (compatible; MSIE 8.0; Windows NT 5.1; Trident/4.0; BTRS99874; GTB7.5; .NET CLR 2.0.50727; .NET CLR 3.0.4506.2152; .NET CLR 3.5.30729; .NET4.0C; .NET4.0E; BRI/1)"
98.162.225.95 - - [13/Aug/2013:22:49:33 -0400] "GET /favicon.ico HTTP/1.1" 404 575 "-" "Mozilla/4.0 (compatible; MSIE 8.0; Windows NT 5.1; Trident/4.0; BTRS99874; GTB7.5; .NET CLR 2.0.50727; .NET CLR 3.0.4506.2152; .NET CLR 3.5.30729; .NET4.0C; .NET4.0E; BRI/1)"
157.55.32.102 - - [13/Aug/2013:04:56:27 -0400] "GET /Frame-2-meetthebandpage2.html?refresh=1345125058365 HTTP/1.1" 200 18090 "-" "Mozilla/5.0 (compatible; bingbot/2.0; +http://www.bing.com/bingbot.htm)"
66.249.75.150 - - [13/Aug/2013:01:06:39 -0400] "GET /robots.txt HTTP/1.1" 200 25 "-" "Mozilla/5.0 (compatible; Googlebot/2.1; +http://www.google.com/bot.html)"
68.12.176.246 - - [13/Aug/2013:07:31:35 -0400] "GET /favicon.ico HTTP/1.1" 404 575 "-" "Mozilla/5.0 (compatible; MSIE 10.0; Windows NT 6.1; Win64; x64; Trident/6.0)"
72.198.69.35 - - [13/Aug/2013:10:37:21 -0400] "GET /meettheband.html HTTP/1.1" 200 1106 "http://www.wiseguysokc.com/Frame-1-homenav.htm" "Mozilla/5.0 (Macintosh; Intel Mac OS X 10_5_8) AppleWebKit/537.1 (KHTML, like Gecko) Chrome/21.0.1180.90 Safari/537.1"
72.198.69.35 - - [13/Aug/2013:10:37:21 -0400] "GET /Frame-2-meetthebandpage2.html?refresh=1375823913574 HTTP/1.1" 200 18090 "http://www.wiseguysokc.com/meettheband.html" "Mozilla/5.0 (Macintosh; Intel Mac OS X 10_5_8) AppleWebKit/537.1 (KHTML, like Gecko) Chrome/21.0.1180.90 Safari/537.1"
72.198.69.35 - - [13/Aug/2013:10:37:22 -0400] "GET /images/190__DSC2389_-_Version_2_Smaller.jpg HTTP/1.1" 200 14356 "http://www.wiseguysokc.com/Frame-2-meetthebandpage2.html?refresh=1375823913574" "Mozilla/5.0 (Macintosh; Intel Mac OS X 10_5_8) AppleWebKit/537.1 (KHTML, like Gecko) Chrome/21.0.1180.90 Safari/537.1"
72.198.69.35 - - [13/Aug/2013:10:37:22 -0400] "GET /images/155_Brad_Arts_Fest_05.jpg HTTP/1.1" 200 6514 "http://www.wiseguysokc.com/Frame-2-meetthebandpage2.html?refresh=1375823913574" "Mozilla/5.0 (Macintosh; Intel Mac OS X 10_5_8) AppleWebKit/537.1 (KHTML, like Gecko) Chrome/21.0.1180.90 Safari/537.1"
66.249.75.36 - - [13/Aug/2013:11:01:58 -0400] "GET /images/100_Arts_Fest_2005_017.jpg HTTP/1.1" 304 - "-" "Googlebot-Image/1.0"
173.196.144.130 - - [13/Aug/2013:17:29:50 -0400] "GET /scripts/photoalbum.js HTTP/1.1" 200 62481 "http://www.wiseguysokc.com/meettheband.html" "Mozilla/4.0 (compatible; MSIE 8.0; Windows NT 5.1; Trident/4.0; .NET CLR 1.1.4322; .NET CLR 2.0.50727; BOIE8;ENUS)"
173.196.144.130 - - [13/Aug/2013:17:29:52 -0400] "GET /250/images/08a.jpg HTTP/1.1" 200 3709 "http://www.wiseguysokc.com/Frame-2-meetthebandnav.htm" "Mozilla/4.0 (compatible; MSIE 8.0; Windows NT 5.1; Trident/4.0; .NET CLR 1.1.4322; .NET CLR 2.0.50727; BOIE8;ENUS)"
204.62.25.101 - - [13/Aug/2013:17:30:14 -0400] "GET /images/483_Promo_2.jpg HTTP/1.1" 200 20864 "-" "Mozilla/4.0 (compatible;)"
107.219.30.74 - - [13/Aug/2013:17:52:57 -0400] "GET /images/190_Mike_Arts_Fest_05.jpg HTTP/1.1" 200 8119 "http://www.wiseguysokc.com/Frame-2-meetthebandpage2.html?refresh=1375823913574" "Mozilla/5.0 (Macintosh; Intel Mac OS X 10_7_5) AppleWebKit/536.30.1 (KHTML, like Gecko) Version/6.0.5 Safari/536.30.1"
46.119.118.152 - - [13/Aug/2013:14:49:58 -0400] "GET /meettheband.html HTTP/1.1" 200 1106 "http://torrentec.net/" "Opera/8.00 (Windows NT 5.1; U; en)"
99.35.194.182 - - [13/Aug/2013:20:04:41 -0400] "GET /250/scripts/icwebsiteelement.css HTTP/1.1" 200 8132 "http://www.wiseguysokc.com/" "Mozilla/5.0 (iPad; CPU OS 6_1_3 like Mac OS X) AppleWebKit/536.26 (KHTML, like Gecko) Version/6.0 Mobile/10B329 Safari/8536.25"
99.35.194.182 - - [13/Aug/2013:20:04:42 -0400] "GET /scripts/user.js HTTP/1.1" 200 23762 "http://www.wiseguysokc.com/" "Mozilla/5.0 (iPad; CPU OS 6_1_3 like Mac OS X) AppleWebKit/536.26 (KHTML, like Gecko) Version/6.0 Mobile/10B329 Safari/8536.25"
99.35.194.182 - - [13/Aug/2013:20:04:42 -0400] "GET /Frame-1-homenav.htm HTTP/1.1" 200 4534 "http://www.wiseguysokc.com/" "Mozilla/5.0 (iPad; CPU OS 6_1_3 like Mac OS X) AppleWebKit/536.26 (KHTML, like Gecko) Version/6.0 Mobile/10B329 Safari/8536.25"
99.35.194.182 - - [13/Aug/2013:20:04:42 -0400] "GET /250/images/back01.jpg HTTP/1.1" 200 1321 "http://www.wiseguysokc.com/Frame-1-homepage1.html?refresh=1375823914101" "Mozilla/5.0 (iPad; CPU OS 6_1_3 like Mac OS X) AppleWebKit/536.26 (KHTML, like Gecko) Version/6.0 Mobile/10B329 Safari/8536.25"
99.35.194.182 - - [13/Aug/2013:20:04:43 -0400] "GET /images/180_WG_-_Facebook.jpg HTTP/1.1" 200 4974 "http://www.wiseguysokc.com/Frame-1-homepage1.html?refresh=1375823914101" "Mozilla/5.0 (iPad; CPU OS 6_1_3 like Mac OS X) AppleWebKit/536.26 (KHTML, like Gecko) Version/6.0 Mobile/10B329 Safari/8536.25"
99.35.194.182 - - [13/Aug/2013:20:04:43 -0400] "GET /250/images/spacer.gif HTTP/1.1" 200 43 "http://www.wiseguysokc.com/Frame-1-homepage1.html?refresh=1375823914101" "Mozilla/5.0 (iPad; CPU OS 6_1_3 like Mac OS X) AppleWebKit/536.26 (KHTML, like Gecko) Version/6.0 Mobile/10B329 Safari/8536.25"
99.35.194.182 - - [13/Aug/2013:20:04:43 -0400] "GET /250/images/index04.jpg HTTP/1.1" 200 2241 "http://www.wiseguysokc.com/Frame-1-homepage1.html?refresh=1375823914101" "Mozilla/5.0 (iPad; CPU OS 6_1_3 like Mac OS X) AppleWebKit/536.26 (KHTML, like Gecko) Version/6.0 Mobile/10B329 Safari/8536.25"
99.35.194.182 - - [13/Aug/2013:20:04:43 -0400] "GET /250/images/slogan.jpg HTTP/1.1" 200 5909 "http://www.wiseguysokc.com/Frame-1-homepage1.html?refresh=1375823914101" "Mozilla/5.0 (iPad; CPU OS 6_1_3 like Mac OS X) AppleWebKit/536.26 (KHTML, like Gecko) Version/6.0 Mobile/10B329 Safari/8536.25"
99.35.194.182 - - [13/Aug/2013:20:04:43 -0400] "GET /250/images/01b.jpg HTTP/1.1" 200 2948 "http://www.wiseguysokc.com/Frame-1-homenav.htm" "Mozilla/5.0 (iPad; CPU OS 6_1_3 like Mac OS X) AppleWebKit/536.26 (KHTML, like Gecko) Version/6.0 Mobile/10B329 Safari/8536.25"
99.35.194.182 - - [13/Aug/2013:20:04:43 -0400] "GET /250/images/05b.jpg HTTP/1.1" 200 3654 "http://www.wiseguysokc.com/Frame-1-homenav.htm" "Mozilla/5.0 (iPad; CPU OS 6_1_3 like Mac OS X) AppleWebKit/536.26 (KHTML, like Gecko) Version/6.0 Mobile/10B329 Safari/8536.25"
99.35.194.182 - - [13/Aug/2013:20:04:43 -0400] "GET /250/images/10b.jpg HTTP/1.1" 200 1232 "http://www.wiseguysokc.com/Frame-1-homenav.htm" "Mozilla/5.0 (iPad; CPU OS 6_1_3 like Mac OS X) AppleWebKit/536.26 (KHTML, like Gecko) Version/6.0 Mobile/10B329 Safari/8536.25"
99.35.194.182 - - [13/Aug/2013:20:04:43 -0400] "GET /250/images/03a.jpg HTTP/1.1" 200 2976 "http://www.wiseguysokc.com/Frame-1-homenav.htm" "Mozilla/5.0 (iPad; CPU OS 6_1_3 like Mac OS X) AppleWebKit/536.26 (KHTML, like Gecko) Version/6.0 Mobile/10B329 Safari/8536.25"
99.35.194.182 - - [13/Aug/2013:20:04:43 -0400] "GET /250/images/04a.jpg HTTP/1.1" 200 3312 "http://www.wiseguysokc.com/Frame-1-homenav.htm" "Mozilla/5.0 (iPad; CPU OS 6_1_3 like Mac OS X) AppleWebKit/536.26 (KHTML, like Gecko) Version/6.0 Mobile/10B329 Safari/8536.25"
99.35.194.182 - - [13/Aug/2013:20:04:43 -0400] "GET /250/images/07a.jpg HTTP/1.1" 200 3422 "http://www.wiseguysokc.com/Frame-1-homenav.htm" "Mozilla/5.0 (iPad; CPU OS 6_1_3 like Mac OS X) AppleWebKit/536.26 (KHTML, like Gecko) Version/6.0 Mobile/10B329 Safari/8536.25"
68.228.160.86 - - [13/Aug/2013:21:50:37 -0400] "GET /images/170__DSC2392_Smaller.jpg HTTP/1.1" 200 7414 "http://wiseguysokc.com/Frame-2-meetthebandpage2.html?refresh=1375823913574" "Mozilla/5.0 (compatible; MSIE 10.0; Windows NT 6.1; WOW64; Trident/6.0)"
217.195.202.4 - - [13/Aug/2013:12:57:58 -0400] "GET /calendar.html HTTP/1.0" 200 1100 "http://www.wiseguysokc.com/calendar.html" "Mozilla/5.0 (Windows NT 6.1; WOW64) AppleWebKit/536.5 (KHTML, like Gecko) YaBrowser/1.1.1084.5409 Chrome/19.1.1084.5409 Safari/536.5"
192.96.204.42 - - [13/Aug/2013:01:02:37 -0400] "GET /robots.txt HTTP/1.1" 200 25 "-" "Mozilla/4.0 (compatible; MSIE 5.5; Windows NT)"
37.140.165.202 - - [13/Aug/2013:03:22:58 -0400] "GET /images/100_P7150665.JPG HTTP/1.1" 304 - "-" "Mozilla/5.0 (compatible; YandexImages/3.0; +http://yandex.com/bots)"
173.196.144.130 - - [13/Aug/2013:17:29:50 -0400] "GET /250/images/04b.jpg HTTP/1.1" 200 3245 "http://www.wiseguysokc.com/Frame-2-meetthebandnav.htm" "Mozilla/4.0 (compatible; MSIE 8.0; Windows NT 5.1; Trident/4.0; .NET CLR 1.1.4322; .NET CLR 2.0.50727; BOIE8;ENUS)"
204.62.25.101 - - [13/Aug/2013:17:30:14 -0400] "GET /250/scripts/icwebsiteelement.css HTTP/1.1" 200 8132 "http://wiseguysokc.com/calendar.html" "Mozilla/5.0 (compatible; MSIE 9.0; Windows NT 6.1; WOW64; Trident/5.0)"
37.140.165.202 - - [13/Aug/2013:00:04:38 -0400] "GET /robots.txt HTTP/1.1" 200 25 "-" "Mozilla/5.0 (compatible; YandexImages/3.0; +http://yandex.com/bots)"
66.249.72.36 - - [13/Aug/2013:21:27:41 -0400] "GET /images/Stage_Diagram_Wise_Guys.pdf HTTP/1.1" 304 - "-" "Mozilla/5.0 (iPhone; U; CPU iPhone OS 4_1 like Mac OS X; en-us) AppleWebKit/532.9 (KHTML, like Gecko) Version/4.0.5 Mobile/8B117 Safari/6531.22.7 (compatible; Googlebot-Mobile/2.1; +http://www.google.com/bot.html)"
68.228.160.86 - - [13/Aug/2013:21:50:28 -0400] "GET / HTTP/1.1" 200 1092 "http://www.bing.com/search?q=wise+guys&form=HPNMHP&pc=HPNTDF&pq=wise+guys&sc=8-9&sp=-1&qs=n&sk=&ghc=1" "Mozilla/5.0 (compatible; MSIE 10.0; Windows NT 6.1; WOW64; Trident/6.0)"
68.228.160.86 - - [13/Aug/2013:21:50:28 -0400] "GET /250/scripts/master.css HTTP/1.1" 200 1956 "http://wiseguysokc.com/" "Mozilla/5.0 (compatible; MSIE 10.0; Windows NT 6.1; WOW64; Trident/6.0)"
68.228.160.86 - - [13/Aug/2013:21:50:29 -0400] "GET /scripts/ic_globals_published.js HTTP/1.1" 200 566 "http://wiseguysokc.com/" "Mozilla/5.0 (compatible; MSIE 10.0; Windows NT 6.1; WOW64; Trident/6.0)"
68.228.160.86 - - [13/Aug/2013:21:50:29 -0400] "GET /images/240_Jeff_Shadow_copy.jpg HTTP/1.1" 200 7629 "http://wiseguysokc.com/Frame-1-homepage1.html?refresh=1375823914101" "Mozilla/5.0 (compatible; MSIE 10.0; Windows NT 6.1; WOW64; Trident/6.0)"
68.228.160.86 - - [13/Aug/2013:21:50:29 -0400] "GET /images/483__DSC2843.jpg HTTP/1.1" 200 53533 "http://wiseguysokc.com/Frame-1-homepage1.html?refresh=1375823914101" "Mozilla/5.0 (compatible; MSIE 10.0; Windows NT 6.1; WOW64; Trident/6.0)"
68.228.160.86 - - [13/Aug/2013:21:50:29 -0400] "GET /250/images/03a.jpg HTTP/1.1" 200 2976 "http://wiseguysokc.com/Frame-1-homenav.htm" "Mozilla/5.0 (compatible; MSIE 10.0; Windows NT 6.1; WOW64; Trident/6.0)"
68.228.160.86 - - [13/Aug/2013:21:50:29 -0400] "GET /250/images/02b.jpg HTTP/1.1" 200 3466 "http://wiseguysokc.com/Frame-1-homenav.htm" "Mozilla/5.0 (compatible; MSIE 10.0; Windows NT 6.1; WOW64; Trident/6.0)"
68.228.160.86 - - [13/Aug/2013:21:50:29 -0400] "GET /250/images/07b.jpg HTTP/1.1" 200 3345 "http://wiseguysokc.com/Frame-1-homenav.htm" "Mozilla/5.0 (compatible; MSIE 10.0; Windows NT 6.1; WOW64; Trident/6.0)"
68.228.160.86 - - [13/Aug/2013:22:10:15 -0400] "GET /meettheband.html HTTP/1.1" 304 - "http://wiseguysokc.com/Frame-1-homenav.htm" "Mozilla/5.0 (compatible; MSIE 10.0; Windows NT 6.1; WOW64; Trident/6.0)"
157.55.32.102 - - [13/Aug/2013:23:48:26 -0400] "GET / HTTP/1.1" 200 1092 "-" "Mozilla/5.0 (compatible; bingbot/2.0; +http://www.bing.com/bingbot.htm)"
72.198.69.35 - - [13/Aug/2013:10:36:49 -0400] "GET /scripts/ic_globals_published.js HTTP/1.1" 200 566 "http://www.wiseguysokc.com/" "Mozilla/5.0 (Macintosh; Intel Mac OS X 10_5_8) AppleWebKit/537.1 (KHTML, like Gecko) Chrome/21.0.1180.90 Safari/537.1"
68.12.3.140 - - [13/Aug/2013:11:35:04 -0400] "GET /250/images/05a.jpg HTTP/1.1" 304 - "http://www.wiseguysokc.com/Frame-1-homenav.htm" "Mozilla/5.0 (Macintosh; Intel Mac OS X 10_7_5) AppleWebKit/536.30.1 (KHTML, like Gecko) Version/6.0.5 Safari/536.30.1"
68.12.3.140 - - [13/Aug/2013:11:35:04 -0400] "GET /250/images/company.jpg HTTP/1.1" 304 - "http://www.wiseguysokc.com/Frame-1-homepage1.html?refresh=1375823914101" "Mozilla/5.0 (Macintosh; Intel Mac OS X 10_7_5) AppleWebKit/536.30.1 (KHTML, like Gecko) Version/6.0.5 Safari/536.30.1"
68.12.3.140 - - [13/Aug/2013:11:35:04 -0400] "GET /250/images/index03.jpg HTTP/1.1" 304 - "http://www.wiseguysokc.com/Frame-1-homepage1.html?refresh=1375823914101" "Mozilla/5.0 (Macintosh; Intel Mac OS X 10_7_5) AppleWebKit/536.30.1 (KHTML, like Gecko) Version/6.0.5 Safari/536.30.1"
172.15.44.135 - - [13/Aug/2013:16:58:20 -0400] "GET /images/483_Promo_2.jpg HTTP/1.1" 200 20864 "http://www.wiseguysokc.com/Frame-4-calendarpage4.html?refresh=1375823913675" "Mozilla/5.0 (Windows NT 6.1; WOW64; rv:22.0) Gecko/20100101 Firefox/22.0"
204.62.25.101 - - [13/Aug/2013:17:30:15 -0400] "GET /250/images/index05.jpg HTTP/1.1" 200 2081 "-" "Mozilla/4.0 (compatible;)"
107.219.30.74 - - [13/Aug/2013:17:53:38 -0400] "GET /Frame-14-jeffsgallerynav.htm HTTP/1.1" 200 4534 "http://www.wiseguysokc.com/jeffsgallery.html" "Mozilla/5.0 (Macintosh; Intel Mac OS X 10_7_5) AppleWebKit/536.30.1 (KHTML, like Gecko) Version/6.0.5 Safari/536.30.1"
107.219.30.74 - - [13/Aug/2013:17:53:38 -0400] "GET /images/100_DSC_6897.jpg HTTP/1.1" 200 3618 "http://www.wiseguysokc.com/Frame-14-jeffsgallerypage14.html?refresh=1375823914660" "Mozilla/5.0 (Macintosh; Intel Mac OS X 10_7_5) AppleWebKit/536.30.1 (KHTML, like Gecko) Version/6.0.5 Safari/536.30.1"
107.219.30.74 - - [13/Aug/2013:17:53:38 -0400] "GET /images/100_P7150558.JPG HTTP/1.1" 200 3228 "http://www.wiseguysokc.com/Frame-14-jeffsgallerypage14.html?refresh=1375823914660" "Mozilla/5.0 (Macintosh; Intel Mac OS X 10_7_5) AppleWebKit/536.30.1 (KHTML, like Gecko) Version/6.0.5 Safari/536.30.1"
107.219.30.74 - - [13/Aug/2013:17:53:38 -0400] "GET /images/100_P7150653.JPG HTTP/1.1" 200 3021 "http://www.wiseguysokc.com/Frame-14-jeffsgallerypage14.html?refresh=1375823914660" "Mozilla/5.0 (Macintosh; Intel Mac OS X 10_7_5) AppleWebKit/536.30.1 (KHTML, like Gecko) Version/6.0.5 Safari/536.30.1"
166.137.156.40 - - [13/Aug/2013:06:22:30 -0400] "GET /250/images/index03.jpg HTTP/1.1" 304 - "http://www.wiseguysokc.com/Frame-4-calendarpage4.html?refresh=1375823913675" "Mozilla/5.0 (iPhone; CPU iPhone OS 6_1_4 like Mac OS X) AppleWebKit/536.26 (KHTML, like Gecko) Version/6.0 Mobile/10B350 Safari/8536.25"
166.137.156.40 - - [13/Aug/2013:06:22:30 -0400] "GET /250/images/content01.gif HTTP/1.1" 304 - "http://www.wiseguysokc.com/Frame-4-calendarpage4.html?refresh=1375823913675" "Mozilla/5.0 (iPhone; CPU iPhone OS 6_1_4 like Mac OS X) AppleWebKit/536.26 (KHTML, like Gecko) Version/6.0 Mobile/10B350 Safari/8536.25"
166.137.156.40 - - [13/Aug/2013:06:22:30 -0400] "GET /250/images/04b.jpg HTTP/1.1" 304 - "http://www.wiseguysokc.com/Frame-4-calendarnav.htm" "Mozilla/5.0 (iPhone; CPU iPhone OS 6_1_4 like Mac OS X) AppleWebKit/536.26 (KHTML, like Gecko) Version/6.0 Mobile/10B350 Safari/8536.25"
166.137.156.40 - - [13/Aug/2013:06:22:30 -0400] "GET /250/images/index05.jpg HTTP/1.1" 304 - "http://www.wiseguysokc.com/Frame-4-calendarpage4.html?refresh=1375823913675" "Mozilla/5.0 (iPhone; CPU iPhone OS 6_1_4 like Mac OS X) AppleWebKit/536.26 (KHTML, like Gecko) Version/6.0 Mobile/10B350 Safari/8536.25"
166.137.156.40 - - [13/Aug/2013:06:22:30 -0400] "GET /250/images/index04.jpg HTTP/1.1" 304 - "http://www.wiseguysokc.com/Frame-4-calendarpage4.html?refresh=1375823913675" "Mozilla/5.0 (iPhone; CPU iPhone OS 6_1_4 like Mac OS X) AppleWebKit/536.26 (KHTML, like Gecko) Version/6.0 Mobile/10B350 Safari/8536.25"
166.137.156.40 - - [13/Aug/2013:06:22:31 -0400] "GET /250/images/nav_back.jpg HTTP/1.1" 304 - "http://www.wiseguysokc.com/Frame-4-calendarnav.htm" "Mozilla/5.0 (iPhone; CPU iPhone OS 6_1_4 like Mac OS X) AppleWebKit/536.26 (KHTML, like Gecko) Version/6.0 Mobile/10B350 Safari/8536.25"
166.137.156.40 - - [13/Aug/2013:06:22:31 -0400] "GET /250/images/02a.jpg HTTP/1.1" 304 - "http://www.wiseguysokc.com/Frame-4-calendarnav.htm" "Mozilla/5.0 (iPhone; CPU iPhone OS 6_1_4 like Mac OS X) AppleWebKit/536.26 (KHTML, like Gecko) Version/6.0 Mobile/10B350 Safari/8536.25"
166.137.156.40 - - [13/Aug/2013:06:22:31 -0400] "GET /250/images/slogan.jpg HTTP/1.1" 304 - "http://www.wiseguysokc.com/Frame-4-calendarpage4.html?refresh=1375823913675" "Mozilla/5.0 (iPhone; CPU iPhone OS 6_1_4 like Mac OS X) AppleWebKit/536.26 (KHTML, like Gecko) Version/6.0 Mobile/10B350 Safari/8536.25"
166.137.156.40 - - [13/Aug/2013:06:22:31 -0400] "GET /250/images/03a.jpg HTTP/1.1" 304 - "http://www.wiseguysokc.com/Frame-4-calendarnav.htm" "Mozilla/5.0 (iPhone; CPU iPhone OS 6_1_4 like Mac OS X) AppleWebKit/536.26 (KHTML, like Gecko) Version/6.0 Mobile/10B350 Safari/8536.25"
166.137.156.40 - - [13/Aug/2013:06:22:31 -0400] "GET /250/images/04a.jpg HTTP/1.1" 304 - "http://www.wiseguysokc.com/Frame-4-calendarnav.htm" "Mozilla/5.0 (iPhone; CPU iPhone OS 6_1_4 like Mac OS X) AppleWebKit/536.26 (KHTML, like Gecko) Version/6.0 Mobile/10B350 Safari/8536.25"
166.137.156.40 - - [13/Aug/2013:06:22:31 -0400] "GET /250/images/motif01.jpg HTTP/1.1" 304 - "http://www.wiseguysokc.com/Frame-4-calendarpage4.html?refresh=1375823913675" "Mozilla/5.0 (iPhone; CPU iPhone OS 6_1_4 like Mac OS X) AppleWebKit/536.26 (KHTML, like Gecko) Version/6.0 Mobile/10B350 Safari/8536.25"
166.137.156.40 - - [13/Aug/2013:06:22:31 -0400] "GET /250/images/01b.jpg HTTP/1.1" 304 - "http://www.wiseguysokc.com/Frame-4-calendarnav.htm" "Mozilla/5.0 (iPhone; CPU iPhone OS 6_1_4 like Mac OS X) AppleWebKit/536.26 (KHTML, like Gecko) Version/6.0 Mobile/10B350 Safari/8536.25"
166.137.156.40 - - [13/Aug/2013:06:22:31 -0400] "GET /250/images/index06.jpg HTTP/1.1" 304 - "http://www.wiseguysokc.com/Frame-4-calendarpage4.html?refresh=1375823913675" "Mozilla/5.0 (iPhone; CPU iPhone OS 6_1_4 like Mac OS X) AppleWebKit/536.26 (KHTML, like Gecko) Version/6.0 Mobile/10B350 Safari/8536.25"
166.137.156.40 - - [13/Aug/2013:06:22:32 -0400] "GET /250/images/02b.jpg HTTP/1.1" 304 - "http://www.wiseguysokc.com/Frame-4-calendarnav.htm" "Mozilla/5.0 (iPhone; CPU iPhone OS 6_1_4 like Mac OS X) AppleWebKit/536.26 (KHTML, like Gecko) Version/6.0 Mobile/10B350 Safari/8536.25"
166.137.156.40 - - [13/Aug/2013:06:22:32 -0400] "GET /250/images/01a.jpg HTTP/1.1" 304 - "http://www.wiseguysokc.com/Frame-4-calendarnav.htm" "Mozilla/5.0 (iPhone; CPU iPhone OS 6_1_4 like Mac OS X) AppleWebKit/536.26 (KHTML, like Gecko) Version/6.0 Mobile/10B350 Safari/8536.25"
166.137.156.40 - - [13/Aug/2013:06:22:32 -0400] "GET /250/images/07a.jpg HTTP/1.1" 304 - "http://www.wiseguysokc.com/Frame-4-calendarnav.htm" "Mozilla/5.0 (iPhone; CPU iPhone OS 6_1_4 like Mac OS X) AppleWebKit/536.26 (KHTML, like Gecko) Version/6.0 Mobile/10B350 Safari/8536.25"
166.137.156.40 - - [13/Aug/2013:06:22:32 -0400] "GET /250/images/08a.jpg HTTP/1.1" 304 - "http://www.wiseguysokc.com/Frame-4-calendarnav.htm" "Mozilla/5.0 (iPhone; CPU iPhone OS 6_1_4 like Mac OS X) AppleWebKit/536.26 (KHTML, like Gecko) Version/6.0 Mobile/10B350 Safari/8536.25"
166.137.156.40 - - [13/Aug/2013:06:22:32 -0400] "GET /250/images/06b.jpg HTTP/1.1" 304 - "http://www.wiseguysokc.com/Frame-4-calendarnav.htm" "Mozilla/5.0 (iPhone; CPU iPhone OS 6_1_4 like Mac OS X) AppleWebKit/536.26 (KHTML, like Gecko) Version/6.0 Mobile/10B350 Safari/8536.25"
166.137.156.40 - - [13/Aug/2013:06:22:32 -0400] "GET /250/images/05b.jpg HTTP/1.1" 304 - "http://www.wiseguysokc.com/Frame-4-calendarnav.htm" "Mozilla/5.0 (iPhone; CPU iPhone OS 6_1_4 like Mac OS X) AppleWebKit/536.26 (KHTML, like Gecko) Version/6.0 Mobile/10B350 Safari/8536.25"
166.137.156.40 - - [13/Aug/2013:06:22:33 -0400] "GET /250/images/07b.jpg HTTP/1.1" 304 - "http://www.wiseguysokc.com/Frame-4-calendarnav.htm" "Mozilla/5.0 (iPhone; CPU iPhone OS 6_1_4 like Mac OS X) AppleWebKit/536.26 (KHTML, like Gecko) Version/6.0 Mobile/10B350 Safari/8536.25"
166.137.156.40 - - [13/Aug/2013:06:22:33 -0400] "GET /250/images/08b.jpg HTTP/1.1" 304 - "http://www.wiseguysokc.com/Frame-4-calendarnav.htm" "Mozilla/5.0 (iPhone; CPU iPhone OS 6_1_4 like Mac OS X) AppleWebKit/536.26 (KHTML, like Gecko) Version/6.0 Mobile/10B350 Safari/8536.25"
166.137.156.40 - - [13/Aug/2013:06:22:33 -0400] "GET /250/images/09b.jpg HTTP/1.1" 304 - "http://www.wiseguysokc.com/Frame-4-calendarnav.htm" "Mozilla/5.0 (iPhone; CPU iPhone OS 6_1_4 like Mac OS X) AppleWebKit/536.26 (KHTML, like Gecko) Version/6.0 Mobile/10B350 Safari/8536.25"
166.137.156.40 - - [13/Aug/2013:06:22:33 -0400] "GET /250/images/10b.jpg HTTP/1.1" 304 - "http://www.wiseguysokc.com/Frame-4-calendarnav.htm" "Mozilla/5.0 (iPhone; CPU iPhone OS 6_1_4 like Mac OS X) AppleWebKit/536.26 (KHTML, like Gecko) Version/6.0 Mobile/10B350 Safari/8536.25"
166.137.156.40 - - [13/Aug/2013:06:22:34 -0400] "GET /250/images/05a.jpg HTTP/1.1" 304 - "http://www.wiseguysokc.com/Frame-4-calendarnav.htm" "Mozilla/5.0 (iPhone; CPU iPhone OS 6_1_4 like Mac OS X) AppleWebKit/536.26 (KHTML, like Gecko) Version/6.0 Mobile/10B350 Safari/8536.25"
166.137.156.40 - - [13/Aug/2013:06:22:34 -0400] "GET /250/images/06a.jpg HTTP/1.1" 304 - "http://www.wiseguysokc.com/Frame-4-calendarnav.htm" "Mozilla/5.0 (iPhone; CPU iPhone OS 6_1_4 like Mac OS X) AppleWebKit/536.26 (KHTML, like Gecko) Version/6.0 Mobile/10B350 Safari/8536.25"
46.118.126.194 - - [13/Aug/2013:07:56:08 -0400] "GET /meettheband.html HTTP/1.1" 200 1106 "http://www.auto-loker.ru/" "Opera/8.00 (Windows NT 5.1; U; en)"
68.227.105.22 - - [13/Aug/2013:21:12:16 -0400] "GET /scripts/photoalbum.js HTTP/1.1" 200 62481 "http://www.wiseguysokc.com/" "Mozilla/5.0 (iPad; CPU OS 6_1_3 like Mac OS X) AppleWebKit/536.26 (KHTML, like Gecko) Mobile/10B329"
68.227.105.22 - - [13/Aug/2013:21:12:16 -0400] "GET /250/images/01b.jpg HTTP/1.1" 200 2948 "http://www.wiseguysokc.com/Frame-1-homenav.htm" "Mozilla/5.0 (iPad; CPU OS 6_1_3 like Mac OS X) AppleWebKit/536.26 (KHTML, like Gecko) Mobile/10B329"
68.227.105.22 - - [13/Aug/2013:21:12:16 -0400] "GET /250/images/06b.jpg HTTP/1.1" 200 3011 "http://www.wiseguysokc.com/Frame-1-homenav.htm" "Mozilla/5.0 (iPad; CPU OS 6_1_3 like Mac OS X) AppleWebKit/536.26 (KHTML, like Gecko) Mobile/10B329"
68.227.105.22 - - [13/Aug/2013:21:12:16 -0400] "GET /250/images/nav_back.jpg HTTP/1.1" 200 15744 "http://www.wiseguysokc.com/Frame-1-homenav.htm" "Mozilla/5.0 (iPad; CPU OS 6_1_3 like Mac OS X) AppleWebKit/536.26 (KHTML, like Gecko) Mobile/10B329"
68.227.105.22 - - [13/Aug/2013:21:12:17 -0400] "GET /250/images/04a.jpg HTTP/1.1" 200 3312 "http://www.wiseguysokc.com/Frame-1-homenav.htm" "Mozilla/5.0 (iPad; CPU OS 6_1_3 like Mac OS X) AppleWebKit/536.26 (KHTML, like Gecko) Mobile/10B329"
68.227.105.22 - - [13/Aug/2013:21:12:18 -0400] "GET /250/images/07a.jpg HTTP/1.1" 200 3422 "http://www.wiseguysokc.com/Frame-1-homenav.htm" "Mozilla/5.0 (iPad; CPU OS 6_1_3 like Mac OS X) AppleWebKit/536.26 (KHTML, like Gecko) Mobile/10B329"
68.227.105.22 - - [13/Aug/2013:21:12:18 -0400] "GET /250/images/index02.jpg HTTP/1.1" 200 999 "http://www.wiseguysokc.com/Frame-1-homepage1.html?refresh=1375823914101" "Mozilla/5.0 (iPad; CPU OS 6_1_3 like Mac OS X) AppleWebKit/536.26 (KHTML, like Gecko) Mobile/10B329"
68.227.105.22 - - [13/Aug/2013:21:12:18 -0400] "GET /250/images/company.jpg HTTP/1.1" 200 6282 "http://www.wiseguysokc.com/Frame-1-homepage1.html?refresh=1375823914101" "Mozilla/5.0 (iPad; CPU OS 6_1_3 like Mac OS X) AppleWebKit/536.26 (KHTML, like Gecko) Mobile/10B329"
68.228.160.86 - - [13/Aug/2013:21:50:29 -0400] "GET /250/images/spacer.gif HTTP/1.1" 200 43 "http://wiseguysokc.com/Frame-1-homepage1.html?refresh=1375823914101" "Mozilla/5.0 (compatible; MSIE 10.0; Windows NT 6.1; WOW64; Trident/6.0)"
68.228.160.86 - - [13/Aug/2013:21:50:54 -0400] "GET /Frame-11-randysgallerynav.htm HTTP/1.1" 200 4534 "http://wiseguysokc.com/randysgallery.html" "Mozilla/5.0 (compatible; MSIE 10.0; Windows NT 6.1; WOW64; Trident/6.0)"
68.228.160.86 - - [13/Aug/2013:21:50:54 -0400] "GET /images/100_DSC_7013.jpg HTTP/1.1" 200 5624 "http://wiseguysokc.com/Frame-11-randysgallerypage11.html?refresh=1375823913350" "Mozilla/5.0 (compatible; MSIE 10.0; Windows NT 6.1; WOW64; Trident/6.0)"
68.228.160.86 - - [13/Aug/2013:21:50:54 -0400] "GET /images/100_Misc-Good_Camera_257.jpg HTTP/1.1" 200 3440 "http://wiseguysokc.com/Frame-11-randysgallerypage11.html?refresh=1375823913350" "Mozilla/5.0 (compatible; MSIE 10.0; Windows NT 6.1; WOW64; Trident/6.0)"
74.197.196.23 - - [13/Aug/2013:23:25:05 -0400] "GET /250/images/index01.jpg HTTP/1.1" 200 2520 "http://www.wiseguysokc.com/Frame-4-calendarpage4.html?refresh=1375823913675" "Mozilla/5.0 (iPad; CPU OS 5_1_1 like Mac OS X) AppleWebKit/534.46 (KHTML, like Gecko) Version/5.1 Mobile/9B206 Safari/7534.48.3"
