0byt3m1n1
Path:
/
data
/
0
/
0
/
6
/
102
/
6917
/
meta
/
7090
/
logs
/
[
Home
]
File: x-access_log.2013-08-13
150.70.75.212 - - [13/Aug/2013:16:22:39 -0400] "GET / HTTP/1.1" 200 1092 "-" "Mozilla/4.0 (compatible; MSIE 8.0; Windows NT 5.1; Trident/4.0)"
172.15.44.135 - - [13/Aug/2013:16:58:00 -0400] "GET /250/images/index04.jpg HTTP/1.1" 200 2241 "http://www.wiseguysokc.com/Frame-1-homepage1.html?refresh=1375823914101" "Mozilla/5.0 (Windows NT 6.1; WOW64; rv:22.0) Gecko/20100101 Firefox/22.0"
172.15.44.135 - - [13/Aug/2013:16:58:01 -0400] "GET /250/images/content01.gif HTTP/1.1" 200 14331 "http://www.wiseguysokc.com/Frame-1-homepage1.html?refresh=1375823914101" "Mozilla/5.0 (Windows NT 6.1; WOW64; rv:22.0) Gecko/20100101 Firefox/22.0"
172.15.44.135 - - [13/Aug/2013:16:58:01 -0400] "GET /250/images/03a.jpg HTTP/1.1" 200 2976 "http://www.wiseguysokc.com/Frame-1-homenav.htm" "Mozilla/5.0 (Windows NT 6.1; WOW64; rv:22.0) Gecko/20100101 Firefox/22.0"
172.15.44.135 - - [13/Aug/2013:16:58:01 -0400] "GET /250/images/07a.jpg HTTP/1.1" 200 3422 "http://www.wiseguysokc.com/Frame-1-homenav.htm" "Mozilla/5.0 (Windows NT 6.1; WOW64; rv:22.0) Gecko/20100101 Firefox/22.0"
172.15.44.135 - - [13/Aug/2013:16:58:01 -0400] "GET /250/images/02b.jpg HTTP/1.1" 200 3466 "http://www.wiseguysokc.com/Frame-1-homenav.htm" "Mozilla/5.0 (Windows NT 6.1; WOW64; rv:22.0) Gecko/20100101 Firefox/22.0"
172.15.44.135 - - [13/Aug/2013:16:58:01 -0400] "GET /250/images/06b.jpg HTTP/1.1" 200 3011 "http://www.wiseguysokc.com/Frame-1-homenav.htm" "Mozilla/5.0 (Windows NT 6.1; WOW64; rv:22.0) Gecko/20100101 Firefox/22.0"
172.15.44.135 - - [13/Aug/2013:16:58:01 -0400] "GET /250/images/10b.jpg HTTP/1.1" 200 1232 "http://www.wiseguysokc.com/Frame-1-homenav.htm" "Mozilla/5.0 (Windows NT 6.1; WOW64; rv:22.0) Gecko/20100101 Firefox/22.0"
173.196.144.130 - - [13/Aug/2013:17:29:50 -0400] "GET /Frame-2-meetthebandnav.htm HTTP/1.1" 200 4534 "http://www.wiseguysokc.com/meettheband.html" "Mozilla/4.0 (compatible; MSIE 8.0; Windows NT 5.1; Trident/4.0; .NET CLR 1.1.4322; .NET CLR 2.0.50727; BOIE8;ENUS)"
204.62.25.101 - - [13/Aug/2013:17:30:15 -0400] "GET /250/images/spacer.gif HTTP/1.1" 200 43 "-" "Mozilla/4.0 (compatible;)"
204.62.25.101 - - [13/Aug/2013:17:30:15 -0400] "GET /250/images/08a.jpg HTTP/1.1" 200 3709 "-" "Mozilla/4.0 (compatible;)"
66.249.75.36 - - [13/Aug/2013:09:16:00 -0400] "GET /Frame-5-contactnewsletterpage5.html?refresh=1375823912000 HTTP/1.1" 200 15082 "http://www.wiseguysokc.com/contactnewsletter.html" "Mozilla/5.0 (compatible; Googlebot/2.1; +http://www.google.com/bot.html)"
68.12.3.140 - - [13/Aug/2013:11:35:03 -0400] "GET /250/images/10b.jpg HTTP/1.1" 304 - "http://www.wiseguysokc.com/Frame-1-homenav.htm" "Mozilla/5.0 (Macintosh; Intel Mac OS X 10_7_5) AppleWebKit/536.30.1 (KHTML, like Gecko) Version/6.0.5 Safari/536.30.1"
68.227.105.22 - - [13/Aug/2013:21:12:16 -0400] "GET /250/scripts/icwebsiteelement.css HTTP/1.1" 200 8132 "http://www.wiseguysokc.com/" "Mozilla/5.0 (iPad; CPU OS 6_1_3 like Mac OS X) AppleWebKit/536.26 (KHTML, like Gecko) Mobile/10B329"
68.227.105.22 - - [13/Aug/2013:21:12:16 -0400] "GET /scripts/ic_globals_published.js HTTP/1.1" 200 566 "http://www.wiseguysokc.com/" "Mozilla/5.0 (iPad; CPU OS 6_1_3 like Mac OS X) AppleWebKit/536.26 (KHTML, like Gecko) Mobile/10B329"
68.227.105.22 - - [13/Aug/2013:21:12:16 -0400] "GET /Frame-1-homenav.htm HTTP/1.1" 200 4534 "http://www.wiseguysokc.com/" "Mozilla/5.0 (iPad; CPU OS 6_1_3 like Mac OS X) AppleWebKit/536.26 (KHTML, like Gecko) Mobile/10B329"
68.227.105.22 - - [13/Aug/2013:21:12:16 -0400] "GET /250/images/back01.jpg HTTP/1.1" 200 1321 "http://www.wiseguysokc.com/Frame-1-homepage1.html?refresh=1375823914101" "Mozilla/5.0 (iPad; CPU OS 6_1_3 like Mac OS X) AppleWebKit/536.26 (KHTML, like Gecko) Mobile/10B329"
68.227.105.22 - - [13/Aug/2013:21:12:18 -0400] "GET /250/images/05b.jpg HTTP/1.1" 200 3654 "http://www.wiseguysokc.com/Frame-1-homenav.htm" "Mozilla/5.0 (iPad; CPU OS 6_1_3 like Mac OS X) AppleWebKit/536.26 (KHTML, like Gecko) Mobile/10B329"
68.227.105.22 - - [13/Aug/2013:21:12:18 -0400] "GET /250/images/10b.jpg HTTP/1.1" 200 1232 "http://www.wiseguysokc.com/Frame-1-homenav.htm" "Mozilla/5.0 (iPad; CPU OS 6_1_3 like Mac OS X) AppleWebKit/536.26 (KHTML, like Gecko) Mobile/10B329"
68.227.105.22 - - [13/Aug/2013:21:12:18 -0400] "GET /250/images/03a.jpg HTTP/1.1" 200 2976 "http://www.wiseguysokc.com/Frame-1-homenav.htm" "Mozilla/5.0 (iPad; CPU OS 6_1_3 like Mac OS X) AppleWebKit/536.26 (KHTML, like Gecko) Mobile/10B329"
68.227.105.22 - - [13/Aug/2013:21:13:19 -0400] "GET /images/170__DSC2392_Smaller.jpg HTTP/1.1" 200 7414 "http://www.wiseguysokc.com/Frame-2-meetthebandpage2.html?refresh=1375823913574" "Mozilla/5.0 (iPad; CPU OS 6_1_3 like Mac OS X) AppleWebKit/536.26 (KHTML, like Gecko) Mobile/10B329"
68.227.105.22 - - [13/Aug/2013:21:13:19 -0400] "GET /images/153__8280468_-_Crpt.JPG HTTP/1.1" 200 7172 "http://www.wiseguysokc.com/Frame-2-meetthebandpage2.html?refresh=1375823913574" "Mozilla/5.0 (iPad; CPU OS 6_1_3 like Mac OS X) AppleWebKit/536.26 (KHTML, like Gecko) Mobile/10B329"
157.55.32.102 - - [13/Aug/2013:04:55:47 -0400] "GET /robots.txt HTTP/1.1" 200 25 "-" "Mozilla/5.0 (compatible; bingbot/2.0; +http://www.bing.com/bingbot.htm)"
46.119.118.152 - - [13/Aug/2013:07:03:11 -0400] "GET /meettheband.html HTTP/1.1" 200 1106 "http://komputernaya-pomosh-moscow.ru/" "Opera/8.00 (Windows NT 5.1; U; en)"
68.12.176.246 - - [13/Aug/2013:07:31:18 -0400] "GET /meettheband.html HTTP/1.1" 200 1106 "http://www.wiseguysokc.com/Frame-1-homenav.htm" "Mozilla/5.0 (compatible; MSIE 10.0; Windows NT 6.1; WOW64; Trident/6.0)"
68.12.176.246 - - [13/Aug/2013:07:31:21 -0400] "GET /images/190__DSC2389_-_Version_2_Smaller.jpg HTTP/1.1" 200 14356 "http://www.wiseguysokc.com/Frame-2-meetthebandpage2.html?refresh=1375823913574" "Mozilla/5.0 (compatible; MSIE 10.0; Windows NT 6.1; WOW64; Trident/6.0)"
68.12.176.246 - - [13/Aug/2013:07:31:21 -0400] "GET /images/483__DSC2309.jpg HTTP/1.1" 200 31645 "http://www.wiseguysokc.com/Frame-2-meetthebandpage2.html?refresh=1375823913574" "Mozilla/5.0 (compatible; MSIE 10.0; Windows NT 6.1; WOW64; Trident/6.0)"
68.12.3.140 - - [13/Aug/2013:11:35:04 -0400] "GET /images/393_Readers_Choice_2012_and_2013.jpg HTTP/1.1" 304 - "http://www.wiseguysokc.com/Frame-1-homepage1.html?refresh=1375823914101" "Mozilla/5.0 (Macintosh; Intel Mac OS X 10_7_5) AppleWebKit/536.30.1 (KHTML, like Gecko) Version/6.0.5 Safari/536.30.1"
68.12.3.140 - - [13/Aug/2013:11:35:04 -0400] "GET /250/images/motif01.jpg HTTP/1.1" 304 - "http://www.wiseguysokc.com/Frame-1-homepage1.html?refresh=1375823914101" "Mozilla/5.0 (Macintosh; Intel Mac OS X 10_7_5) AppleWebKit/536.30.1 (KHTML, like Gecko) Version/6.0.5 Safari/536.30.1"
68.227.105.22 - - [13/Aug/2013:21:13:19 -0400] "GET /images/153__8280370_-_Crpt.JPG HTTP/1.1" 200 5529 "http://www.wiseguysokc.com/Frame-2-meetthebandpage2.html?refresh=1375823913574" "Mozilla/5.0 (iPad; CPU OS 6_1_3 like Mac OS X) AppleWebKit/536.26 (KHTML, like Gecko) Mobile/10B329"
66.249.75.36 - - [13/Aug/2013:12:17:56 -0400] "GET /Frame-11-randysgallerypage11.html?refresh=1375823913000 HTTP/1.1" 200 11215 "http://www.wiseguysokc.com/randysgallery.html" "Mozilla/5.0 (compatible; Googlebot/2.1; +http://www.google.com/bot.html)"
66.167.96.173 - - [13/Aug/2013:12:20:11 -0400] "GET /Frame-1-homepage1.html?refresh=1375823914101 HTTP/1.1" 200 19952 "http://www.wiseguysokc.com/" "Mozilla/5.0 (Windows NT 5.1; rv:22.0) Gecko/20100101 Firefox/22.0"
66.167.96.173 - - [13/Aug/2013:12:20:11 -0400] "GET /250/images/05a.jpg HTTP/1.1" 200 3815 "http://www.wiseguysokc.com/Frame-1-homenav.htm" "Mozilla/5.0 (Windows NT 5.1; rv:22.0) Gecko/20100101 Firefox/22.0"
66.167.96.173 - - [13/Aug/2013:12:20:11 -0400] "GET /250/images/01a.jpg HTTP/1.1" 200 2917 "http://www.wiseguysokc.com/Frame-1-homenav.htm" "Mozilla/5.0 (Windows NT 5.1; rv:22.0) Gecko/20100101 Firefox/22.0"
66.167.96.173 - - [13/Aug/2013:12:20:11 -0400] "GET /250/images/07a.jpg HTTP/1.1" 200 3422 "http://www.wiseguysokc.com/Frame-1-homenav.htm" "Mozilla/5.0 (Windows NT 5.1; rv:22.0) Gecko/20100101 Firefox/22.0"
66.167.96.173 - - [13/Aug/2013:12:20:12 -0400] "GET /250/images/03b.jpg HTTP/1.1" 200 2930 "http://www.wiseguysokc.com/Frame-1-homenav.htm" "Mozilla/5.0 (Windows NT 5.1; rv:22.0) Gecko/20100101 Firefox/22.0"
66.167.96.173 - - [13/Aug/2013:12:20:12 -0400] "GET /250/images/04b.jpg HTTP/1.1" 200 3245 "http://www.wiseguysokc.com/Frame-1-homenav.htm" "Mozilla/5.0 (Windows NT 5.1; rv:22.0) Gecko/20100101 Firefox/22.0"
66.167.96.173 - - [13/Aug/2013:12:20:12 -0400] "GET /250/images/09b.jpg HTTP/1.1" 200 1125 "http://www.wiseguysokc.com/Frame-1-homenav.htm" "Mozilla/5.0 (Windows NT 5.1; rv:22.0) Gecko/20100101 Firefox/22.0"
66.167.96.173 - - [13/Aug/2013:12:20:12 -0400] "GET /250/images/10b.jpg HTTP/1.1" 200 1232 "http://www.wiseguysokc.com/Frame-1-homenav.htm" "Mozilla/5.0 (Windows NT 5.1; rv:22.0) Gecko/20100101 Firefox/22.0"
66.167.96.173 - - [13/Aug/2013:12:20:12 -0400] "GET /images/180_WG_-_Facebook.jpg HTTP/1.1" 200 4974 "http://www.wiseguysokc.com/Frame-1-homepage1.html?refresh=1375823914101" "Mozilla/5.0 (Windows NT 5.1; rv:22.0) Gecko/20100101 Firefox/22.0"
66.167.96.173 - - [13/Aug/2013:12:20:12 -0400] "GET /images/250_Oklahoman.gif HTTP/1.1" 200 1688 "http://www.wiseguysokc.com/Frame-1-homepage1.html?refresh=1375823914101" "Mozilla/5.0 (Windows NT 5.1; rv:22.0) Gecko/20100101 Firefox/22.0"
107.219.30.74 - - [13/Aug/2013:17:52:38 -0400] "GET /scripts/ic_globals_published.js HTTP/1.1" 200 566 "http://www.wiseguysokc.com/" "Mozilla/5.0 (Macintosh; Intel Mac OS X 10_7_5) AppleWebKit/536.30.1 (KHTML, like Gecko) Version/6.0.5 Safari/536.30.1"
107.219.30.74 - - [13/Aug/2013:17:52:40 -0400] "GET /images/483_WG_s_Promo_2013.jpg HTTP/1.1" 200 24817 "http://www.wiseguysokc.com/Frame-1-homepage1.html?refresh=1375823914101" "Mozilla/5.0 (Macintosh; Intel Mac OS X 10_7_5) AppleWebKit/536.30.1 (KHTML, like Gecko) Version/6.0.5 Safari/536.30.1"
107.219.30.74 - - [13/Aug/2013:17:52:41 -0400] "GET /250/images/10b.jpg HTTP/1.1" 200 1232 "http://www.wiseguysokc.com/Frame-1-homenav.htm" "Mozilla/5.0 (Macintosh; Intel Mac OS X 10_7_5) AppleWebKit/536.30.1 (KHTML, like Gecko) Version/6.0.5 Safari/536.30.1"
107.219.30.74 - - [13/Aug/2013:17:52:41 -0400] "GET /250/images/03a.jpg HTTP/1.1" 200 2976 "http://www.wiseguysokc.com/Frame-1-homenav.htm" "Mozilla/5.0 (Macintosh; Intel Mac OS X 10_7_5) AppleWebKit/536.30.1 (KHTML, like Gecko) Version/6.0.5 Safari/536.30.1"
107.219.30.74 - - [13/Aug/2013:17:52:41 -0400] "GET /250/images/06a.jpg HTTP/1.1" 200 3075 "http://www.wiseguysokc.com/Frame-1-homenav.htm" "Mozilla/5.0 (Macintosh; Intel Mac OS X 10_7_5) AppleWebKit/536.30.1 (KHTML, like Gecko) Version/6.0.5 Safari/536.30.1"
107.219.30.74 - - [13/Aug/2013:17:52:41 -0400] "GET /images/250_Oklahoman.gif HTTP/1.1" 200 1688 "http://www.wiseguysokc.com/Frame-1-homepage1.html?refresh=1375823914101" "Mozilla/5.0 (Macintosh; Intel Mac OS X 10_7_5) AppleWebKit/536.30.1 (KHTML, like Gecko) Version/6.0.5 Safari/536.30.1"
107.219.30.74 - - [13/Aug/2013:17:52:41 -0400] "GET /250/images/index02.jpg HTTP/1.1" 200 999 "http://www.wiseguysokc.com/Frame-1-homepage1.html?refresh=1375823914101" "Mozilla/5.0 (Macintosh; Intel Mac OS X 10_7_5) AppleWebKit/536.30.1 (KHTML, like Gecko) Version/6.0.5 Safari/536.30.1"
107.219.30.74 - - [13/Aug/2013:17:52:41 -0400] "GET /250/images/index04.jpg HTTP/1.1" 200 2241 "http://www.wiseguysokc.com/Frame-1-homepage1.html?refresh=1375823914101" "Mozilla/5.0 (Macintosh; Intel Mac OS X 10_7_5) AppleWebKit/536.30.1 (KHTML, like Gecko) Version/6.0.5 Safari/536.30.1"
107.219.30.74 - - [13/Aug/2013:17:52:41 -0400] "GET /250/images/content01.gif HTTP/1.1" 200 14331 "http://www.wiseguysokc.com/Frame-1-homepage1.html?refresh=1375823914101" "Mozilla/5.0 (Macintosh; Intel Mac OS X 10_7_5) AppleWebKit/536.30.1 (KHTML, like Gecko) Version/6.0.5 Safari/536.30.1"
64.125.188.25 - - [13/Aug/2013:21:14:06 -0400] "GET / HTTP/1.1" 200 1092 "-" "Mozilla/5.0 (Windows; U; Windows NT 5.1; en-US; rv:1.9.0.1) Gecko/2008070208 Firefox/3.0.1"
166.137.156.21 - - [13/Aug/2013:21:46:58 -0400] "GET / HTTP/1.1" 200 1092 "https://www.google.com/" "Mozilla/5.0 (iPhone; CPU iPhone OS 6_1_3 like Mac OS X) AppleWebKit/536.26 (KHTML, like Gecko) Version/6.0 Mobile/10B329 Safari/8536.25"
166.137.156.21 - - [13/Aug/2013:21:46:58 -0400] "GET /250/scripts/master.css HTTP/1.1" 200 1956 "http://www.wiseguysokc.com/" "Mozilla/5.0 (iPhone; CPU iPhone OS 6_1_3 like Mac OS X) AppleWebKit/536.26 (KHTML, like Gecko) Version/6.0 Mobile/10B329 Safari/8536.25"
166.137.156.21 - - [13/Aug/2013:21:46:58 -0400] "GET /250/scripts/icwebsiteelement.css HTTP/1.1" 200 8132 "http://www.wiseguysokc.com/" "Mozilla/5.0 (iPhone; CPU iPhone OS 6_1_3 like Mac OS X) AppleWebKit/536.26 (KHTML, like Gecko) Version/6.0 Mobile/10B329 Safari/8536.25"
166.137.156.21 - - [13/Aug/2013:21:46:58 -0400] "GET /scripts/ic_globals_published.js HTTP/1.1" 200 566 "http://www.wiseguysokc.com/" "Mozilla/5.0 (iPhone; CPU iPhone OS 6_1_3 like Mac OS X) AppleWebKit/536.26 (KHTML, like Gecko) Version/6.0 Mobile/10B329 Safari/8536.25"
166.137.156.21 - - [13/Aug/2013:21:46:58 -0400] "GET /scripts/photoalbum.js HTTP/1.1" 200 62481 "http://www.wiseguysokc.com/" "Mozilla/5.0 (iPhone; CPU iPhone OS 6_1_3 like Mac OS X) AppleWebKit/536.26 (KHTML, like Gecko) Version/6.0 Mobile/10B329 Safari/8536.25"
166.137.156.21 - - [13/Aug/2013:21:46:59 -0400] "GET /Frame-1-homepage1.html?refresh=1375823914101 HTTP/1.1" 200 19952 "http://www.wiseguysokc.com/" "Mozilla/5.0 (iPhone; CPU iPhone OS 6_1_3 like Mac OS X) AppleWebKit/536.26 (KHTML, like Gecko) Version/6.0 Mobile/10B329 Safari/8536.25"
166.137.156.21 - - [13/Aug/2013:21:46:59 -0400] "GET /250/images/back01.jpg HTTP/1.1" 200 1321 "http://www.wiseguysokc.com/Frame-1-homepage1.html?refresh=1375823914101" "Mozilla/5.0 (iPhone; CPU iPhone OS 6_1_3 like Mac OS X) AppleWebKit/536.26 (KHTML, like Gecko) Version/6.0 Mobile/10B329 Safari/8536.25"
166.137.156.21 - - [13/Aug/2013:21:46:59 -0400] "GET /images/240_Jeff_Shadow_copy.jpg HTTP/1.1" 200 7629 "http://www.wiseguysokc.com/Frame-1-homepage1.html?refresh=1375823914101" "Mozilla/5.0 (iPhone; CPU iPhone OS 6_1_3 like Mac OS X) AppleWebKit/536.26 (KHTML, like Gecko) Version/6.0 Mobile/10B329 Safari/8536.25"
166.137.156.21 - - [13/Aug/2013:21:46:59 -0400] "GET /images/130_Sandi1.jpg HTTP/1.1" 200 8040 "http://www.wiseguysokc.com/Frame-1-homepage1.html?refresh=1375823914101" "Mozilla/5.0 (iPhone; CPU iPhone OS 6_1_3 like Mac OS X) AppleWebKit/536.26 (KHTML, like Gecko) Version/6.0 Mobile/10B329 Safari/8536.25"
166.137.156.21 - - [13/Aug/2013:21:46:59 -0400] "GET /images/250_Oklahoman.gif HTTP/1.1" 200 1688 "http://www.wiseguysokc.com/Frame-1-homepage1.html?refresh=1375823914101" "Mozilla/5.0 (iPhone; CPU iPhone OS 6_1_3 like Mac OS X) AppleWebKit/536.26 (KHTML, like Gecko) Version/6.0 Mobile/10B329 Safari/8536.25"
166.137.156.21 - - [13/Aug/2013:21:47:01 -0400] "GET /250/images/04b.jpg HTTP/1.1" 200 3245 "http://www.wiseguysokc.com/Frame-1-homenav.htm" "Mozilla/5.0 (iPhone; CPU iPhone OS 6_1_3 like Mac OS X) AppleWebKit/536.26 (KHTML, like Gecko) Version/6.0 Mobile/10B329 Safari/8536.25"
166.137.156.21 - - [13/Aug/2013:21:47:01 -0400] "GET /250/images/09b.jpg HTTP/1.1" 200 1125 "http://www.wiseguysokc.com/Frame-1-homenav.htm" "Mozilla/5.0 (iPhone; CPU iPhone OS 6_1_3 like Mac OS X) AppleWebKit/536.26 (KHTML, like Gecko) Version/6.0 Mobile/10B329 Safari/8536.25"
166.137.156.21 - - [13/Aug/2013:21:47:01 -0400] "GET /250/images/04a.jpg HTTP/1.1" 200 3312 "http://www.wiseguysokc.com/Frame-1-homenav.htm" "Mozilla/5.0 (iPhone; CPU iPhone OS 6_1_3 like Mac OS X) AppleWebKit/536.26 (KHTML, like Gecko) Version/6.0 Mobile/10B329 Safari/8536.25"
68.228.160.86 - - [13/Aug/2013:21:56:30 -0400] "GET /images/222_cd_cover.jpg HTTP/1.1" 200 18242 "http://wiseguysokc.com/Frame-10-wisestuffpage10.html?refresh=1375823914501" "Mozilla/5.0 (compatible; MSIE 10.0; Windows NT 6.1; WOW64; Trident/6.0)"
217.195.202.4 - - [13/Aug/2013:12:58:00 -0400] "GET /Frame-4-calendarnav.htm HTTP/1.0" 200 4534 "http://www.wiseguysokc.com/Frame-4-calendarnav.htm" "Mozilla/5.0 (Windows NT 6.1; WOW64) AppleWebKit/536.5 (KHTML, like Gecko) YaBrowser/1.1.1084.5409 Chrome/19.1.1084.5409 Safari/536.5"
68.12.63.50 - - [13/Aug/2013:15:07:59 -0400] "GET /250/scripts/master.css HTTP/1.1" 200 1956 "http://www.wiseguysokc.com/calendar.html" "Mozilla/5.0 (Macintosh; Intel Mac OS X 10_8_4) AppleWebKit/536.30.1 (KHTML, like Gecko) Version/6.0.5 Safari/536.30.1"
68.12.63.50 - - [13/Aug/2013:15:07:59 -0400] "GET /250/images/02b.jpg HTTP/1.1" 200 3466 "http://www.wiseguysokc.com/Frame-4-calendarnav.htm" "Mozilla/5.0 (Macintosh; Intel Mac OS X 10_8_4) AppleWebKit/536.30.1 (KHTML, like Gecko) Version/6.0.5 Safari/536.30.1"
68.12.63.50 - - [13/Aug/2013:15:07:59 -0400] "GET /250/images/05b.jpg HTTP/1.1" 200 3654 "http://www.wiseguysokc.com/Frame-4-calendarnav.htm" "Mozilla/5.0 (Macintosh; Intel Mac OS X 10_8_4) AppleWebKit/536.30.1 (KHTML, like Gecko) Version/6.0.5 Safari/536.30.1"
68.12.63.50 - - [13/Aug/2013:15:07:59 -0400] "GET /250/images/08b.jpg HTTP/1.1" 200 3551 "http://www.wiseguysokc.com/Frame-4-calendarnav.htm" "Mozilla/5.0 (Macintosh; Intel Mac OS X 10_8_4) AppleWebKit/536.30.1 (KHTML, like Gecko) Version/6.0.5 Safari/536.30.1"
68.12.63.50 - - [13/Aug/2013:15:07:59 -0400] "GET /250/images/03a.jpg HTTP/1.1" 200 2976 "http://www.wiseguysokc.com/Frame-4-calendarnav.htm" "Mozilla/5.0 (Macintosh; Intel Mac OS X 10_8_4) AppleWebKit/536.30.1 (KHTML, like Gecko) Version/6.0.5 Safari/536.30.1"
68.12.63.50 - - [13/Aug/2013:15:08:00 -0400] "GET /250/images/08a.jpg HTTP/1.1" 200 3709 "http://www.wiseguysokc.com/Frame-4-calendarnav.htm" "Mozilla/5.0 (Macintosh; Intel Mac OS X 10_8_4) AppleWebKit/536.30.1 (KHTML, like Gecko) Version/6.0.5 Safari/536.30.1"
68.12.63.50 - - [13/Aug/2013:15:08:00 -0400] "GET /250/images/index03.jpg HTTP/1.1" 200 2815 "http://www.wiseguysokc.com/Frame-4-calendarpage4.html?refresh=1375823913675" "Mozilla/5.0 (Macintosh; Intel Mac OS X 10_8_4) AppleWebKit/536.30.1 (KHTML, like Gecko) Version/6.0.5 Safari/536.30.1"
150.70.97.117 - - [13/Aug/2013:16:14:15 -0400] "GET /scripts/photoalbum.js HTTP/1.1" 200 62481 "-" "Mozilla/4.0 (compatible; MSIE 8.0; Windows NT 5.1; Trident/4.0)"
172.15.44.135 - - [13/Aug/2013:16:58:00 -0400] "GET /images/250_Oklahoman.gif HTTP/1.1" 200 1688 "http://www.wiseguysokc.com/Frame-1-homepage1.html?refresh=1375823914101" "Mozilla/5.0 (Windows NT 6.1; WOW64; rv:22.0) Gecko/20100101 Firefox/22.0"
172.15.44.135 - - [13/Aug/2013:16:58:00 -0400] "GET /250/images/spacer.gif HTTP/1.1" 200 43 "http://www.wiseguysokc.com/Frame-1-homepage1.html?refresh=1375823914101" "Mozilla/5.0 (Windows NT 6.1; WOW64; rv:22.0) Gecko/20100101 Firefox/22.0"
172.15.44.135 - - [13/Aug/2013:16:58:00 -0400] "GET /250/images/index02.jpg HTTP/1.1" 200 999 "http://www.wiseguysokc.com/Frame-1-homepage1.html?refresh=1375823914101" "Mozilla/5.0 (Windows NT 6.1; WOW64; rv:22.0) Gecko/20100101 Firefox/22.0"
172.15.44.135 - - [13/Aug/2013:16:58:00 -0400] "GET /250/images/index05.jpg HTTP/1.1" 200 2081 "http://www.wiseguysokc.com/Frame-1-homepage1.html?refresh=1375823914101" "Mozilla/5.0 (Windows NT 6.1; WOW64; rv:22.0) Gecko/20100101 Firefox/22.0"
172.15.44.135 - - [13/Aug/2013:16:58:00 -0400] "GET /250/images/motif01.jpg HTTP/1.1" 200 29843 "http://www.wiseguysokc.com/Frame-1-homepage1.html?refresh=1375823914101" "Mozilla/5.0 (Windows NT 6.1; WOW64; rv:22.0) Gecko/20100101 Firefox/22.0"
172.15.44.135 - - [13/Aug/2013:16:58:01 -0400] "GET /250/images/04a.jpg HTTP/1.1" 200 3312 "http://www.wiseguysokc.com/Frame-1-homenav.htm" "Mozilla/5.0 (Windows NT 6.1; WOW64; rv:22.0) Gecko/20100101 Firefox/22.0"
172.15.44.135 - - [13/Aug/2013:16:58:01 -0400] "GET /250/images/08a.jpg HTTP/1.1" 200 3709 "http://www.wiseguysokc.com/Frame-1-homenav.htm" "Mozilla/5.0 (Windows NT 6.1; WOW64; rv:22.0) Gecko/20100101 Firefox/22.0"
172.15.44.135 - - [13/Aug/2013:16:58:01 -0400] "GET /250/images/03b.jpg HTTP/1.1" 200 2930 "http://www.wiseguysokc.com/Frame-1-homenav.htm" "Mozilla/5.0 (Windows NT 6.1; WOW64; rv:22.0) Gecko/20100101 Firefox/22.0"
172.15.44.135 - - [13/Aug/2013:16:58:01 -0400] "GET /250/images/07b.jpg HTTP/1.1" 200 3345 "http://www.wiseguysokc.com/Frame-1-homenav.htm" "Mozilla/5.0 (Windows NT 6.1; WOW64; rv:22.0) Gecko/20100101 Firefox/22.0"
172.15.44.135 - - [13/Aug/2013:16:58:01 -0400] "GET /250/images/nav_back.jpg HTTP/1.1" 200 15744 "http://www.wiseguysokc.com/Frame-1-homenav.htm" "Mozilla/5.0 (Windows NT 6.1; WOW64; rv:22.0) Gecko/20100101 Firefox/22.0"
199.116.169.254 - - [13/Aug/2013:17:29:50 -0400] "GET /Frame-2-meetthebandpage2.html?refresh=1375823913574 HTTP/1.1" 200 18090 "-" "Mozilla/4.0 (compatible; MSIE 7.0; Windows NT 5.1; InfoPath.1; .NET CLR 2.0.50727; .NET CLR 1.1.4322; MS-RTC LM 8; .NET CLR 3.0.4506.2152; .NET CLR 3.5.30729)"
173.196.144.130 - - [13/Aug/2013:17:29:52 -0400] "GET /250/images/06a.jpg HTTP/1.1" 200 3075 "http://www.wiseguysokc.com/Frame-2-meetthebandnav.htm" "Mozilla/4.0 (compatible; MSIE 8.0; Windows NT 5.1; Trident/4.0; .NET CLR 1.1.4322; .NET CLR 2.0.50727; BOIE8;ENUS)"
204.62.25.101 - - [13/Aug/2013:17:30:14 -0400] "GET /Frame-4-calendarnav.htm HTTP/1.1" 200 4534 "http://wiseguysokc.com/calendar.html" "Mozilla/5.0 (compatible; MSIE 9.0; Windows NT 6.1; WOW64; Trident/5.0)"
107.219.30.74 - - [13/Aug/2013:17:53:38 -0400] "GET /jeffsgallery.html HTTP/1.1" 200 1111 "http://www.wiseguysokc.com/Frame-2-meetthebandpage2.html?refresh=1375823913574" "Mozilla/5.0 (Macintosh; Intel Mac OS X 10_7_5) AppleWebKit/536.30.1 (KHTML, like Gecko) Version/6.0.5 Safari/536.30.1"
107.219.30.74 - - [13/Aug/2013:17:53:38 -0400] "GET /Frame-14-jeffsgallerypage14.html?refresh=1375823914660 HTTP/1.1" 200 11231 "http://www.wiseguysokc.com/jeffsgallery.html" "Mozilla/5.0 (Macintosh; Intel Mac OS X 10_7_5) AppleWebKit/536.30.1 (KHTML, like Gecko) Version/6.0.5 Safari/536.30.1"
107.219.30.74 - - [13/Aug/2013:17:53:38 -0400] "GET /images/100_P7150057.JPG HTTP/1.1" 200 3558 "http://www.wiseguysokc.com/Frame-14-jeffsgallerypage14.html?refresh=1375823914660" "Mozilla/5.0 (Macintosh; Intel Mac OS X 10_7_5) AppleWebKit/536.30.1 (KHTML, like Gecko) Version/6.0.5 Safari/536.30.1"
107.219.30.74 - - [13/Aug/2013:17:53:38 -0400] "GET /images/100_Arts_Fest_2005_012.jpg HTTP/1.1" 200 3972 "http://www.wiseguysokc.com/Frame-14-jeffsgallerypage14.html?refresh=1375823914660" "Mozilla/5.0 (Macintosh; Intel Mac OS X 10_7_5) AppleWebKit/536.30.1 (KHTML, like Gecko) Version/6.0.5 Safari/536.30.1"
107.219.30.74 - - [13/Aug/2013:17:53:38 -0400] "GET /images/100_P7150703.JPG HTTP/1.1" 200 3362 "http://www.wiseguysokc.com/Frame-14-jeffsgallerypage14.html?refresh=1375823914660" "Mozilla/5.0 (Macintosh; Intel Mac OS X 10_7_5) AppleWebKit/536.30.1 (KHTML, like Gecko) Version/6.0.5 Safari/536.30.1"
107.219.30.74 - - [13/Aug/2013:17:54:23 -0400] "GET /Frame-9-bookingmediakitnav.htm HTTP/1.1" 200 4534 "http://www.wiseguysokc.com/bookingmediakit.html" "Mozilla/5.0 (Macintosh; Intel Mac OS X 10_7_5) AppleWebKit/536.30.1 (KHTML, like Gecko) Version/6.0.5 Safari/536.30.1"
46.118.126.194 - - [13/Aug/2013:07:56:05 -0400] "GET /meettheband.html HTTP/1.1" 200 1106 "http://pornogig.com/" "Opera/7.11 (Windows NT 5.1; U) [en]"
81.52.143.31 - - [13/Aug/2013:19:26:34 -0400] "GET /robots.txt HTTP/1.1" 200 25 "-" "Mozilla/5.0 (Windows; U; Windows NT 5.1; fr; rv:1.8.1) VoilaBot BETA 1.2 (support.voilabot@orange-ftgroup.com)"
72.198.69.35 - - [13/Aug/2013:10:36:49 -0400] "GET /250/scripts/icwebsiteelement.css HTTP/1.1" 200 8132 "http://www.wiseguysokc.com/" "Mozilla/5.0 (Macintosh; Intel Mac OS X 10_5_8) AppleWebKit/537.1 (KHTML, like Gecko) Chrome/21.0.1180.90 Safari/537.1"
68.12.3.140 - - [13/Aug/2013:11:35:04 -0400] "GET /250/images/index06.jpg HTTP/1.1" 304 - "http://www.wiseguysokc.com/Frame-1-homepage1.html?refresh=1375823914101" "Mozilla/5.0 (Macintosh; Intel Mac OS X 10_7_5) AppleWebKit/536.30.1 (KHTML, like Gecko) Version/6.0.5 Safari/536.30.1"
199.116.169.254 - - [13/Aug/2013:17:29:49 -0400] "GET /meettheband.html HTTP/1.1" 200 1106 "-" "Mozilla/4.0 (compatible; MSIE 7.0; Windows NT 5.1; InfoPath.1; .NET CLR 2.0.50727; .NET CLR 1.1.4322; MS-RTC LM 8; .NET CLR 3.0.4506.2152; .NET CLR 3.5.30729)"
199.116.169.254 - - [13/Aug/2013:17:29:50 -0400] "GET /Frame-2-meetthebandnav.htm HTTP/1.1" 200 4534 "-" "Mozilla/4.0 (compatible; MSIE 7.0; Windows NT 5.1; InfoPath.1; .NET CLR 2.0.50727; .NET CLR 1.1.4322; MS-RTC LM 8; .NET CLR 3.0.4506.2152; .NET CLR 3.5.30729)"
68.228.160.86 - - [13/Aug/2013:21:50:37 -0400] "GET /images/190_Mike_Arts_Fest_05.jpg HTTP/1.1" 200 8119 "http://wiseguysokc.com/Frame-2-meetthebandpage2.html?refresh=1375823913574" "Mozilla/5.0 (compatible; MSIE 10.0; Windows NT 6.1; WOW64; Trident/6.0)"
74.197.196.23 - - [13/Aug/2013:23:25:05 -0400] "GET /images/483_Promo_2.jpg HTTP/1.1" 200 20864 "http://www.wiseguysokc.com/Frame-4-calendarpage4.html?refresh=1375823913675" "Mozilla/5.0 (iPad; CPU OS 5_1_1 like Mac OS X) AppleWebKit/534.46 (KHTML, like Gecko) Version/5.1 Mobile/9B206 Safari/7534.48.3"
74.197.196.23 - - [13/Aug/2013:23:25:06 -0400] "GET /250/images/10b.jpg HTTP/1.1" 200 1232 "http://www.wiseguysokc.com/Frame-4-calendarnav.htm" "Mozilla/5.0 (iPad; CPU OS 5_1_1 like Mac OS X) AppleWebKit/534.46 (KHTML, like Gecko) Version/5.1 Mobile/9B206 Safari/7534.48.3"
74.197.196.23 - - [13/Aug/2013:23:25:06 -0400] "GET /250/images/nav_back.jpg HTTP/1.1" 200 15744 "http://www.wiseguysokc.com/Frame-4-calendarnav.htm" "Mozilla/5.0 (iPad; CPU OS 5_1_1 like Mac OS X) AppleWebKit/534.46 (KHTML, like Gecko) Version/5.1 Mobile/9B206 Safari/7534.48.3"
74.197.196.23 - - [13/Aug/2013:23:25:06 -0400] "GET /250/images/01a.jpg HTTP/1.1" 200 2917 "http://www.wiseguysokc.com/Frame-4-calendarnav.htm" "Mozilla/5.0 (iPad; CPU OS 5_1_1 like Mac OS X) AppleWebKit/534.46 (KHTML, like Gecko) Version/5.1 Mobile/9B206 Safari/7534.48.3"
74.197.196.23 - - [13/Aug/2013:23:25:06 -0400] "GET /250/images/02a.jpg HTTP/1.1" 200 3437 "http://www.wiseguysokc.com/Frame-4-calendarnav.htm" "Mozilla/5.0 (iPad; CPU OS 5_1_1 like Mac OS X) AppleWebKit/534.46 (KHTML, like Gecko) Version/5.1 Mobile/9B206 Safari/7534.48.3"
99.172.170.70 - - [13/Aug/2013:19:50:57 -0400] "GET /250/images/03b.jpg HTTP/1.1" 200 2930 "http://www.wiseguysokc.com/Frame-4-calendarnav.htm" "Mozilla/5.0 (Macintosh; Intel Mac OS X 10_7_5) AppleWebKit/536.30.1 (KHTML, like Gecko) Version/6.0.5 Safari/536.30.1"
99.172.170.70 - - [13/Aug/2013:19:50:57 -0400] "GET /250/images/07b.jpg HTTP/1.1" 200 3345 "http://www.wiseguysokc.com/Frame-4-calendarnav.htm" "Mozilla/5.0 (Macintosh; Intel Mac OS X 10_7_5) AppleWebKit/536.30.1 (KHTML, like Gecko) Version/6.0.5 Safari/536.30.1"
99.172.170.70 - - [13/Aug/2013:19:50:57 -0400] "GET /250/images/02a.jpg HTTP/1.1" 200 3437 "http://www.wiseguysokc.com/Frame-4-calendarnav.htm" "Mozilla/5.0 (Macintosh; Intel Mac OS X 10_7_5) AppleWebKit/536.30.1 (KHTML, like Gecko) Version/6.0.5 Safari/536.30.1"
68.12.3.140 - - [13/Aug/2013:11:35:11 -0400] "GET /Frame-4-calendarpage4.html?refresh=1375823913675 HTTP/1.1" 304 - "http://www.wiseguysokc.com/calendar.html" "Mozilla/5.0 (Macintosh; Intel Mac OS X 10_7_5) AppleWebKit/536.30.1 (KHTML, like Gecko) Version/6.0.5 Safari/536.30.1"
217.195.202.4 - - [13/Aug/2013:12:56:10 -0400] "GET / HTTP/1.0" 200 1092 "http://wiseguysokc.com/" "Mozilla/5.0 (Windows; U; Windows NT 6.1; ru; rv:1.9.2.28) Gecko/20120306 Firefox/3.6.28 sputnik 2.5.2.8"
66.249.75.36 - - [13/Aug/2013:13:38:43 -0400] "GET /images/Previous_Years_Calendar.pdf HTTP/1.1" 304 - "-" "Mozilla/5.0 (compatible; Googlebot/2.1; +http://www.google.com/bot.html)"
70.164.68.246 - - [13/Aug/2013:16:13:24 -0400] "GET /250/images/08a.jpg HTTP/1.1" 200 3709 "http://www.wiseguysokc.com/Frame-1-homenav.htm" "Mozilla/4.0 (compatible; MSIE 8.0; Windows NT 5.1; Trident/4.0; GTB7.5; .NET CLR 2.0.50727; .NET CLR 3.0.4506.2152; .NET CLR 3.5.30729; BRI/1; BRI/2)"
70.164.68.246 - - [13/Aug/2013:16:13:24 -0400] "GET /images/180_WG_-_Facebook.jpg HTTP/1.1" 200 4974 "http://www.wiseguysokc.com/Frame-1-homepage1.html?refresh=1375823914101" "Mozilla/4.0 (compatible; MSIE 8.0; Windows NT 5.1; Trident/4.0; GTB7.5; .NET CLR 2.0.50727; .NET CLR 3.0.4506.2152; .NET CLR 3.5.30729; BRI/1; BRI/2)"
70.164.68.246 - - [13/Aug/2013:16:13:24 -0400] "GET /images/483__DSC2843.jpg HTTP/1.1" 200 53533 "http://www.wiseguysokc.com/Frame-1-homepage1.html?refresh=1375823914101" "Mozilla/4.0 (compatible; MSIE 8.0; Windows NT 5.1; Trident/4.0; GTB7.5; .NET CLR 2.0.50727; .NET CLR 3.0.4506.2152; .NET CLR 3.5.30729; BRI/1; BRI/2)"
172.15.44.135 - - [13/Aug/2013:16:58:20 -0400] "GET /Frame-4-calendarnav.htm HTTP/1.1" 200 4534 "http://www.wiseguysokc.com/calendar.html" "Mozilla/5.0 (Windows NT 6.1; WOW64; rv:22.0) Gecko/20100101 Firefox/22.0"
173.196.144.130 - - [13/Aug/2013:17:29:50 -0400] "GET /scripts/user.js HTTP/1.1" 200 23762 "http://www.wiseguysokc.com/meettheband.html" "Mozilla/4.0 (compatible; MSIE 8.0; Windows NT 5.1; Trident/4.0; .NET CLR 1.1.4322; .NET CLR 2.0.50727; BOIE8;ENUS)"
204.62.25.101 - - [13/Aug/2013:17:30:14 -0400] "GET /250/images/back01.jpg HTTP/1.1" 200 1321 "-" "Mozilla/4.0 (compatible;)"
107.219.30.74 - - [13/Aug/2013:17:52:38 -0400] "GET /scripts/user.js HTTP/1.1" 200 23762 "http://www.wiseguysokc.com/" "Mozilla/5.0 (Macintosh; Intel Mac OS X 10_7_5) AppleWebKit/536.30.1 (KHTML, like Gecko) Version/6.0.5 Safari/536.30.1"
107.219.30.74 - - [13/Aug/2013:17:52:40 -0400] "GET /images/393_Readers_Choice_2012_and_2013.jpg HTTP/1.1" 200 15144 "http://www.wiseguysokc.com/Frame-1-homepage1.html?refresh=1375823914101" "Mozilla/5.0 (Macintosh; Intel Mac OS X 10_7_5) AppleWebKit/536.30.1 (KHTML, like Gecko) Version/6.0.5 Safari/536.30.1"
107.219.30.74 - - [13/Aug/2013:17:52:41 -0400] "GET /250/images/04b.jpg HTTP/1.1" 200 3245 "http://www.wiseguysokc.com/Frame-1-homenav.htm" "Mozilla/5.0 (Macintosh; Intel Mac OS X 10_7_5) AppleWebKit/536.30.1 (KHTML, like Gecko) Version/6.0.5 Safari/536.30.1"
217.195.202.4 - - [13/Aug/2013:12:56:12 -0400] "GET /Frame-1-homenav.htm HTTP/1.0" 200 4534 "http://wiseguysokc.com/Frame-1-homenav.htm" "Mozilla/5.0 (Windows; U; Windows NT 6.1; ru; rv:1.9.2.28) Gecko/20120306 Firefox/3.6.28 sputnik 2.5.2.8"
99.172.170.70 - - [13/Aug/2013:19:50:55 -0400] "GET /scripts/photoalbum.js HTTP/1.1" 200 62481 "http://www.wiseguysokc.com/calendar.html" "Mozilla/5.0 (Macintosh; Intel Mac OS X 10_7_5) AppleWebKit/536.30.1 (KHTML, like Gecko) Version/6.0.5 Safari/536.30.1"
99.172.170.70 - - [13/Aug/2013:19:50:57 -0400] "GET /250/images/02b.jpg HTTP/1.1" 200 3466 "http://www.wiseguysokc.com/Frame-4-calendarnav.htm" "Mozilla/5.0 (Macintosh; Intel Mac OS X 10_7_5) AppleWebKit/536.30.1 (KHTML, like Gecko) Version/6.0.5 Safari/536.30.1"
99.172.170.70 - - [13/Aug/2013:19:50:57 -0400] "GET /250/images/06b.jpg HTTP/1.1" 200 3011 "http://www.wiseguysokc.com/Frame-4-calendarnav.htm" "Mozilla/5.0 (Macintosh; Intel Mac OS X 10_7_5) AppleWebKit/536.30.1 (KHTML, like Gecko) Version/6.0.5 Safari/536.30.1"
99.172.170.70 - - [13/Aug/2013:19:50:57 -0400] "GET /250/images/nav_back.jpg HTTP/1.1" 200 15744 "http://www.wiseguysokc.com/Frame-4-calendarnav.htm" "Mozilla/5.0 (Macintosh; Intel Mac OS X 10_7_5) AppleWebKit/536.30.1 (KHTML, like Gecko) Version/6.0.5 Safari/536.30.1"
99.172.170.70 - - [13/Aug/2013:19:50:57 -0400] "GET /250/images/index01.jpg HTTP/1.1" 200 2520 "http://www.wiseguysokc.com/Frame-4-calendarpage4.html?refresh=1375823913675" "Mozilla/5.0 (Macintosh; Intel Mac OS X 10_7_5) AppleWebKit/536.30.1 (KHTML, like Gecko) Version/6.0.5 Safari/536.30.1"
99.172.170.70 - - [13/Aug/2013:19:50:58 -0400] "GET /250/images/index05.jpg HTTP/1.1" 200 2081 "http://www.wiseguysokc.com/Frame-4-calendarpage4.html?refresh=1375823913675" "Mozilla/5.0 (Macintosh; Intel Mac OS X 10_7_5) AppleWebKit/536.30.1 (KHTML, like Gecko) Version/6.0.5 Safari/536.30.1"
68.97.74.163 - - [13/Aug/2013:20:48:02 -0400] "GET /images/240_Jeff_Shadow_copy.jpg HTTP/1.1" 200 7629 "http://www.wiseguysokc.com/Frame-1-homepage1.html?refresh=1375823914101" "Mozilla/5.0 (iPhone; CPU iPhone OS 6_1_4 like Mac OS X) AppleWebKit/536.26 (KHTML, like Gecko) Version/6.0 Mobile/10B350 Safari/8536.25"
68.97.74.163 - - [13/Aug/2013:20:48:02 -0400] "GET /250/images/index01.jpg HTTP/1.1" 200 2520 "http://www.wiseguysokc.com/Frame-1-homepage1.html?refresh=1375823914101" "Mozilla/5.0 (iPhone; CPU iPhone OS 6_1_4 like Mac OS X) AppleWebKit/536.26 (KHTML, like Gecko) Version/6.0 Mobile/10B350 Safari/8536.25"
68.97.74.163 - - [13/Aug/2013:20:48:02 -0400] "GET /250/images/index04.jpg HTTP/1.1" 200 2241 "http://www.wiseguysokc.com/Frame-1-homepage1.html?refresh=1375823914101" "Mozilla/5.0 (iPhone; CPU iPhone OS 6_1_4 like Mac OS X) AppleWebKit/536.26 (KHTML, like Gecko) Version/6.0 Mobile/10B350 Safari/8536.25"
68.97.74.163 - - [13/Aug/2013:20:48:02 -0400] "GET /250/images/09b.jpg HTTP/1.1" 200 1125 "http://www.wiseguysokc.com/Frame-1-homenav.htm" "Mozilla/5.0 (iPhone; CPU iPhone OS 6_1_4 like Mac OS X) AppleWebKit/536.26 (KHTML, like Gecko) Version/6.0 Mobile/10B350 Safari/8536.25"
68.97.74.163 - - [13/Aug/2013:20:48:02 -0400] "GET /250/images/07a.jpg HTTP/1.1" 200 3422 "http://www.wiseguysokc.com/Frame-1-homenav.htm" "Mozilla/5.0 (iPhone; CPU iPhone OS 6_1_4 like Mac OS X) AppleWebKit/536.26 (KHTML, like Gecko) Version/6.0 Mobile/10B350 Safari/8536.25"
66.249.72.150 - - [13/Aug/2013:23:15:12 -0400] "GET / HTTP/1.1" 200 1092 "-" "Mozilla/5.0 (iPhone; U; CPU iPhone OS 4_1 like Mac OS X; en-us) AppleWebKit/532.9 (KHTML, like Gecko) Version/4.0.5 Mobile/8B117 Safari/6531.22.7 (compatible; Googlebot-Mobile/2.1; +http://www.google.com/bot.html)"
72.198.69.35 - - [13/Aug/2013:10:36:55 -0400] "GET /scripts/photoalbum.js HTTP/1.1" 200 62481 "http://www.wiseguysokc.com/" "Mozilla/5.0 (Macintosh; Intel Mac OS X 10_5_8) AppleWebKit/537.1 (KHTML, like Gecko) Chrome/21.0.1180.90 Safari/537.1"
72.198.69.35 - - [13/Aug/2013:10:36:55 -0400] "GET /Frame-1-homepage1.html?refresh=1375823914101 HTTP/1.1" 200 19952 "http://www.wiseguysokc.com/" "Mozilla/5.0 (Macintosh; Intel Mac OS X 10_5_8) AppleWebKit/537.1 (KHTML, like Gecko) Chrome/21.0.1180.90 Safari/537.1"
72.198.69.35 - - [13/Aug/2013:10:36:55 -0400] "GET /250/images/back01.jpg HTTP/1.1" 200 1321 "http://www.wiseguysokc.com/Frame-1-homepage1.html?refresh=1375823914101" "Mozilla/5.0 (Macintosh; Intel Mac OS X 10_5_8) AppleWebKit/537.1 (KHTML, like Gecko) Chrome/21.0.1180.90 Safari/537.1"
72.198.69.35 - - [13/Aug/2013:10:36:55 -0400] "GET /images/483_WG_s_Promo_2013.jpg HTTP/1.1" 200 24817 "http://www.wiseguysokc.com/Frame-1-homepage1.html?refresh=1375823914101" "Mozilla/5.0 (Macintosh; Intel Mac OS X 10_5_8) AppleWebKit/537.1 (KHTML, like Gecko) Chrome/21.0.1180.90 Safari/537.1"
72.198.69.35 - - [13/Aug/2013:10:36:55 -0400] "GET /images/483__DSC2843.jpg HTTP/1.1" 200 53533 "http://www.wiseguysokc.com/Frame-1-homepage1.html?refresh=1375823914101" "Mozilla/5.0 (Macintosh; Intel Mac OS X 10_5_8) AppleWebKit/537.1 (KHTML, like Gecko) Chrome/21.0.1180.90 Safari/537.1"
72.198.69.35 - - [13/Aug/2013:10:36:57 -0400] "GET /favicon.ico HTTP/1.1" 404 575 "-" "Mozilla/5.0 (Macintosh; Intel Mac OS X 10_5_8) AppleWebKit/537.1 (KHTML, like Gecko) Chrome/21.0.1180.90 Safari/537.1"
68.12.63.50 - - [13/Aug/2013:15:07:59 -0400] "GET /scripts/photoalbum.js HTTP/1.1" 200 62481 "http://www.wiseguysokc.com/calendar.html" "Mozilla/5.0 (Macintosh; Intel Mac OS X 10_8_4) AppleWebKit/536.30.1 (KHTML, like Gecko) Version/6.0.5 Safari/536.30.1"
68.12.63.50 - - [13/Aug/2013:15:07:59 -0400] "GET /images/483_Promo_2.jpg HTTP/1.1" 200 20864 "http://www.wiseguysokc.com/Frame-4-calendarpage4.html?refresh=1375823913675" "Mozilla/5.0 (Macintosh; Intel Mac OS X 10_8_4) AppleWebKit/536.30.1 (KHTML, like Gecko) Version/6.0.5 Safari/536.30.1"
68.12.63.50 - - [13/Aug/2013:15:07:59 -0400] "GET /250/images/10b.jpg HTTP/1.1" 200 1232 "http://www.wiseguysokc.com/Frame-4-calendarnav.htm" "Mozilla/5.0 (Macintosh; Intel Mac OS X 10_8_4) AppleWebKit/536.30.1 (KHTML, like Gecko) Version/6.0.5 Safari/536.30.1"
68.12.63.50 - - [13/Aug/2013:15:07:59 -0400] "GET /250/images/02a.jpg HTTP/1.1" 200 3437 "http://www.wiseguysokc.com/Frame-4-calendarnav.htm" "Mozilla/5.0 (Macintosh; Intel Mac OS X 10_8_4) AppleWebKit/536.30.1 (KHTML, like Gecko) Version/6.0.5 Safari/536.30.1"
68.12.63.50 - - [13/Aug/2013:15:08:00 -0400] "GET /250/images/07a.jpg HTTP/1.1" 200 3422 "http://www.wiseguysokc.com/Frame-4-calendarnav.htm" "Mozilla/5.0 (Macintosh; Intel Mac OS X 10_8_4) AppleWebKit/536.30.1 (KHTML, like Gecko) Version/6.0.5 Safari/536.30.1"
68.12.63.50 - - [13/Aug/2013:15:08:00 -0400] "GET /250/images/index05.jpg HTTP/1.1" 200 2081 "http://www.wiseguysokc.com/Frame-4-calendarpage4.html?refresh=1375823913675" "Mozilla/5.0 (Macintosh; Intel Mac OS X 10_8_4) AppleWebKit/536.30.1 (KHTML, like Gecko) Version/6.0.5 Safari/536.30.1"
68.12.63.50 - - [13/Aug/2013:15:08:00 -0400] "GET /250/images/content01.gif HTTP/1.1" 200 14331 "http://www.wiseguysokc.com/Frame-4-calendarpage4.html?refresh=1375823913675" "Mozilla/5.0 (Macintosh; Intel Mac OS X 10_8_4) AppleWebKit/536.30.1 (KHTML, like Gecko) Version/6.0.5 Safari/536.30.1"
173.196.144.130 - - [13/Aug/2013:17:29:50 -0400] "GET /scripts/ic_globals_published.js HTTP/1.1" 200 566 "http://www.wiseguysokc.com/meettheband.html" "Mozilla/4.0 (compatible; MSIE 8.0; Windows NT 5.1; Trident/4.0; .NET CLR 1.1.4322; .NET CLR 2.0.50727; BOIE8;ENUS)"
173.196.144.130 - - [13/Aug/2013:17:29:51 -0400] "GET /250/images/02a.jpg HTTP/1.1" 200 3437 "http://www.wiseguysokc.com/Frame-2-meetthebandnav.htm" "Mozilla/4.0 (compatible; MSIE 8.0; Windows NT 5.1; Trident/4.0; .NET CLR 1.1.4322; .NET CLR 2.0.50727; BOIE8;ENUS)"
107.219.30.74 - - [13/Aug/2013:17:52:57 -0400] "GET /Frame-2-meetthebandnav.htm HTTP/1.1" 200 4534 "http://www.wiseguysokc.com/meettheband.html" "Mozilla/5.0 (Macintosh; Intel Mac OS X 10_7_5) AppleWebKit/536.30.1 (KHTML, like Gecko) Version/6.0.5 Safari/536.30.1"
107.219.30.74 - - [13/Aug/2013:17:52:57 -0400] "GET /images/180__DSC2351_-_800x600.jpg HTTP/1.1" 200 8407 "http://www.wiseguysokc.com/Frame-2-meetthebandpage2.html?refresh=1375823913574" "Mozilla/5.0 (Macintosh; Intel Mac OS X 10_7_5) AppleWebKit/536.30.1 (KHTML, like Gecko) Version/6.0.5 Safari/536.30.1"
107.219.30.74 - - [13/Aug/2013:17:52:57 -0400] "GET /images/153__8280468_-_Crpt.JPG HTTP/1.1" 200 7172 "http://www.wiseguysokc.com/Frame-2-meetthebandpage2.html?refresh=1375823913574" "Mozilla/5.0 (Macintosh; Intel Mac OS X 10_7_5) AppleWebKit/536.30.1 (KHTML, like Gecko) Version/6.0.5 Safari/536.30.1"
68.12.176.246 - - [13/Aug/2013:07:31:04 -0400] "GET /scripts/photoalbum.js HTTP/1.1" 200 62481 "http://www.wiseguysokc.com/" "Mozilla/5.0 (compatible; MSIE 10.0; Windows NT 6.1; WOW64; Trident/6.0)"
68.12.176.246 - - [13/Aug/2013:07:31:07 -0400] "GET /Frame-1-homepage1.html?refresh=1375823914101 HTTP/1.1" 200 19952 "http://www.wiseguysokc.com/" "Mozilla/5.0 (compatible; MSIE 10.0; Windows NT 6.1; WOW64; Trident/6.0)"
68.12.176.246 - - [13/Aug/2013:07:31:07 -0400] "GET /250/images/03a.jpg HTTP/1.1" 200 2976 "http://www.wiseguysokc.com/Frame-1-homenav.htm" "Mozilla/5.0 (compatible; MSIE 10.0; Windows NT 6.1; WOW64; Trident/6.0)"
86.129.77.206 - - [13/Aug/2013:09:42:26 -0400] "GET /scripts/photoalbum.js HTTP/1.1" 200 62481 "http://www.wiseguysokc.com/" "Mozilla/5.0 (Windows NT 6.1; WOW64) AppleWebKit/537.36 (KHTML, like Gecko) Chrome/28.0.1500.95 Safari/537.36"
86.129.77.206 - - [13/Aug/2013:09:42:27 -0400] "GET /Frame-1-homepage1.html?refresh=1375823914101 HTTP/1.1" 200 19952 "http://www.wiseguysokc.com/" "Mozilla/5.0 (Windows NT 6.1; WOW64) AppleWebKit/537.36 (KHTML, like Gecko) Chrome/28.0.1500.95 Safari/537.36"
86.129.77.206 - - [13/Aug/2013:09:42:27 -0400] "GET /images/483_WG_s_Promo_2013.jpg HTTP/1.1" 200 24817 "http://www.wiseguysokc.com/Frame-1-homepage1.html?refresh=1375823914101" "Mozilla/5.0 (Windows NT 6.1; WOW64) AppleWebKit/537.36 (KHTML, like Gecko) Chrome/28.0.1500.95 Safari/537.36"
86.129.77.206 - - [13/Aug/2013:09:42:27 -0400] "GET /250/images/02b.jpg HTTP/1.1" 200 3466 "http://www.wiseguysokc.com/Frame-1-homenav.htm" "Mozilla/5.0 (Windows NT 6.1; WOW64) AppleWebKit/537.36 (KHTML, like Gecko) Chrome/28.0.1500.95 Safari/537.36"
86.129.77.206 - - [13/Aug/2013:09:42:27 -0400] "GET /250/images/08b.jpg HTTP/1.1" 200 3551 "http://www.wiseguysokc.com/Frame-1-homenav.htm" "Mozilla/5.0 (Windows NT 6.1; WOW64) AppleWebKit/537.36 (KHTML, like Gecko) Chrome/28.0.1500.95 Safari/537.36"
86.129.77.206 - - [13/Aug/2013:09:42:28 -0400] "GET /250/images/02a.jpg HTTP/1.1" 200 3437 "http://www.wiseguysokc.com/Frame-1-homenav.htm" "Mozilla/5.0 (Windows NT 6.1; WOW64) AppleWebKit/537.36 (KHTML, like Gecko) Chrome/28.0.1500.95 Safari/537.36"
86.129.77.206 - - [13/Aug/2013:09:42:28 -0400] "GET /250/images/05a.jpg HTTP/1.1" 200 3815 "http://www.wiseguysokc.com/Frame-1-homenav.htm" "Mozilla/5.0 (Windows NT 6.1; WOW64) AppleWebKit/537.36 (KHTML, like Gecko) Chrome/28.0.1500.95 Safari/537.36"
86.129.77.206 - - [13/Aug/2013:09:42:28 -0400] "GET /images/130_Sandi1.jpg HTTP/1.1" 200 8040 "http://www.wiseguysokc.com/Frame-1-homepage1.html?refresh=1375823914101" "Mozilla/5.0 (Windows NT 6.1; WOW64) AppleWebKit/537.36 (KHTML, like Gecko) Chrome/28.0.1500.95 Safari/537.36"
86.129.77.206 - - [13/Aug/2013:09:42:28 -0400] "GET /250/images/index03.jpg HTTP/1.1" 200 2815 "http://www.wiseguysokc.com/Frame-1-homepage1.html?refresh=1375823914101" "Mozilla/5.0 (Windows NT 6.1; WOW64) AppleWebKit/537.36 (KHTML, like Gecko) Chrome/28.0.1500.95 Safari/537.36"
86.129.77.206 - - [13/Aug/2013:09:42:28 -0400] "GET /250/images/index06.jpg HTTP/1.1" 200 2838 "http://www.wiseguysokc.com/Frame-1-homepage1.html?refresh=1375823914101" "Mozilla/5.0 (Windows NT 6.1; WOW64) AppleWebKit/537.36 (KHTML, like Gecko) Chrome/28.0.1500.95 Safari/537.36"
72.198.69.35 - - [13/Aug/2013:10:37:22 -0400] "GET /images/153__8280468_-_Crpt.JPG HTTP/1.1" 200 7172 "http://www.wiseguysokc.com/Frame-2-meetthebandpage2.html?refresh=1375823913574" "Mozilla/5.0 (Macintosh; Intel Mac OS X 10_5_8) AppleWebKit/537.1 (KHTML, like Gecko) Chrome/21.0.1180.90 Safari/537.1"
68.12.3.140 - - [13/Aug/2013:11:35:03 -0400] "GET /250/scripts/master.css HTTP/1.1" 304 - "http://www.wiseguysokc.com/index.html" "Mozilla/5.0 (Macintosh; Intel Mac OS X 10_7_5) AppleWebKit/536.30.1 (KHTML, like Gecko) Version/6.0.5 Safari/536.30.1"
68.228.160.86 - - [13/Aug/2013:21:56:29 -0400] "GET /wisestuff.html HTTP/1.1" 200 1105 "http://wiseguysokc.com/Frame-1-homenav.htm" "Mozilla/5.0 (compatible; MSIE 10.0; Windows NT 6.1; WOW64; Trident/6.0)"
68.228.160.86 - - [13/Aug/2013:21:56:29 -0400] "GET /Frame-10-wisestuffpage10.html?refresh=1375823914501 HTTP/1.1" 200 10240 "http://wiseguysokc.com/wisestuff.html" "Mozilla/5.0 (compatible; MSIE 10.0; Windows NT 6.1; WOW64; Trident/6.0)"
68.228.160.86 - - [13/Aug/2013:21:56:30 -0400] "GET /images/100_---_5172.JPG HTTP/1.1" 200 2999 "http://wiseguysokc.com/Frame-10-wisestuffpage10.html?refresh=1375823914501" "Mozilla/5.0 (compatible; MSIE 10.0; Windows NT 6.1; WOW64; Trident/6.0)"
157.55.35.38 - - [13/Aug/2013:23:49:54 -0400] "GET /Frame-1-homepage1.html?refresh=1375823914101 HTTP/1.1" 200 19952 "-" "Mozilla/5.0 (compatible; bingbot/2.0; +http://www.bing.com/bingbot.htm)"
202.46.48.50 - - [13/Aug/2013:13:58:08 -0400] "GET /Frame-5-contactnewsletterpage5.html?refresh=1375823912967 HTTP/1.1" 200 15082 "-" "Mozilla/5.0 (Windows NT 5.1; rv:6.0.2) Gecko/20100101 Firefox/6.0.2"
150.70.97.117 - - [13/Aug/2013:16:14:15 -0400] "GET /scripts/user.js HTTP/1.1" 200 23762 "-" "Mozilla/4.0 (compatible; MSIE 8.0; Windows NT 5.1; Trident/4.0)"
173.196.144.130 - - [13/Aug/2013:17:29:52 -0400] "GET /250/images/04a.jpg HTTP/1.1" 200 3312 "http://www.wiseguysokc.com/Frame-2-meetthebandnav.htm" "Mozilla/4.0 (compatible; MSIE 8.0; Windows NT 5.1; Trident/4.0; .NET CLR 1.1.4322; .NET CLR 2.0.50727; BOIE8;ENUS)"
204.62.25.101 - - [13/Aug/2013:17:30:13 -0400] "GET /calendar.html HTTP/1.1" 200 1100 "http://myemail.constantcontact.com/Road-Notes-With-The-Wise-Guys----August-2013---Update.html?soid=1102268039028&aid=jmsbBsXhB8s" "Mozilla/5.0 (compatible; MSIE 9.0; Windows NT 6.1; WOW64; Trident/5.0)"
72.198.69.35 - - [13/Aug/2013:10:36:55 -0400] "GET /images/180_WG_-_Facebook.jpg HTTP/1.1" 200 4974 "http://www.wiseguysokc.com/Frame-1-homepage1.html?refresh=1375823914101" "Mozilla/5.0 (Macintosh; Intel Mac OS X 10_5_8) AppleWebKit/537.1 (KHTML, like Gecko) Chrome/21.0.1180.90 Safari/537.1"
72.198.69.35 - - [13/Aug/2013:10:36:55 -0400] "GET /250/images/index02.jpg HTTP/1.1" 200 999 "http://www.wiseguysokc.com/Frame-1-homepage1.html?refresh=1375823914101" "Mozilla/5.0 (Macintosh; Intel Mac OS X 10_5_8) AppleWebKit/537.1 (KHTML, like Gecko) Chrome/21.0.1180.90 Safari/537.1"
72.198.69.35 - - [13/Aug/2013:10:36:55 -0400] "GET /250/images/slogan.jpg HTTP/1.1" 200 5909 "http://www.wiseguysokc.com/Frame-1-homepage1.html?refresh=1375823914101" "Mozilla/5.0 (Macintosh; Intel Mac OS X 10_5_8) AppleWebKit/537.1 (KHTML, like Gecko) Chrome/21.0.1180.90 Safari/537.1"
72.198.69.35 - - [13/Aug/2013:10:36:55 -0400] "GET /250/images/01b.jpg HTTP/1.1" 200 2948 "http://www.wiseguysokc.com/Frame-1-homenav.htm" "Mozilla/5.0 (Macintosh; Intel Mac OS X 10_5_8) AppleWebKit/537.1 (KHTML, like Gecko) Chrome/21.0.1180.90 Safari/537.1"
72.198.69.35 - - [13/Aug/2013:10:36:55 -0400] "GET /250/images/04b.jpg HTTP/1.1" 200 3245 "http://www.wiseguysokc.com/Frame-1-homenav.htm" "Mozilla/5.0 (Macintosh; Intel Mac OS X 10_5_8) AppleWebKit/537.1 (KHTML, like Gecko) Chrome/21.0.1180.90 Safari/537.1"
72.198.69.35 - - [13/Aug/2013:10:36:55 -0400] "GET /250/images/08b.jpg HTTP/1.1" 200 3551 "http://www.wiseguysokc.com/Frame-1-homenav.htm" "Mozilla/5.0 (Macintosh; Intel Mac OS X 10_5_8) AppleWebKit/537.1 (KHTML, like Gecko) Chrome/21.0.1180.90 Safari/537.1"
72.198.69.35 - - [13/Aug/2013:10:36:55 -0400] "GET /250/images/01a.jpg HTTP/1.1" 200 2917 "http://www.wiseguysokc.com/Frame-1-homenav.htm" "Mozilla/5.0 (Macintosh; Intel Mac OS X 10_5_8) AppleWebKit/537.1 (KHTML, like Gecko) Chrome/21.0.1180.90 Safari/537.1"
72.198.69.35 - - [13/Aug/2013:10:36:55 -0400] "GET /250/images/05a.jpg HTTP/1.1" 200 3815 "http://www.wiseguysokc.com/Frame-1-homenav.htm" "Mozilla/5.0 (Macintosh; Intel Mac OS X 10_5_8) AppleWebKit/537.1 (KHTML, like Gecko) Chrome/21.0.1180.90 Safari/537.1"
68.227.105.22 - - [13/Aug/2013:21:13:19 -0400] "GET /meettheband.html HTTP/1.1" 200 1106 "http://www.wiseguysokc.com/Frame-1-homenav.htm" "Mozilla/5.0 (iPad; CPU OS 6_1_3 like Mac OS X) AppleWebKit/536.26 (KHTML, like Gecko) Mobile/10B329"
68.227.105.22 - - [13/Aug/2013:21:13:19 -0400] "GET /Frame-2-meetthebandpage2.html?refresh=1375823913574 HTTP/1.1" 200 18090 "http://www.wiseguysokc.com/meettheband.html" "Mozilla/5.0 (iPad; CPU OS 6_1_3 like Mac OS X) AppleWebKit/536.26 (KHTML, like Gecko) Mobile/10B329"
68.227.105.22 - - [13/Aug/2013:21:13:19 -0400] "GET /images/190__DSC2389_-_Version_2_Smaller.jpg HTTP/1.1" 200 14356 "http://www.wiseguysokc.com/Frame-2-meetthebandpage2.html?refresh=1375823913574" "Mozilla/5.0 (iPad; CPU OS 6_1_3 like Mac OS X) AppleWebKit/536.26 (KHTML, like Gecko) Mobile/10B329"
68.227.105.22 - - [13/Aug/2013:21:13:19 -0400] "GET /images/180__DSC2351_-_800x600.jpg HTTP/1.1" 200 8407 "http://www.wiseguysokc.com/Frame-2-meetthebandpage2.html?refresh=1375823913574" "Mozilla/5.0 (iPad; CPU OS 6_1_3 like Mac OS X) AppleWebKit/536.26 (KHTML, like Gecko) Mobile/10B329"
66.249.75.36 - - [13/Aug/2013:12:08:20 -0400] "GET /randysgallery.html HTTP/1.1" 200 1113 "-" "Mozilla/5.0 (compatible; Googlebot/2.1; +http://www.google.com/bot.html)"
66.249.75.36 - - [13/Aug/2013:12:44:48 -0400] "GET /Frame-11-randysgallerypage11.html?refresh=1375823913350 HTTP/1.1" 200 11215 "-" "Mozilla/5.0 (compatible; Googlebot/2.1; +http://www.google.com/bot.html)"
150.70.75.35 - - [13/Aug/2013:16:15:51 -0400] "GET /scripts/ic_globals_published.js HTTP/1.0" 200 566 "-" "Mozilla/4.0 (compatible; MSIE 6.0; Windows NT 5.1)"
70.164.68.246 - - [13/Aug/2013:16:17:25 -0400] "GET /Frame-2-meetthebandnav.htm HTTP/1.1" 200 4534 "http://www.wiseguysokc.com/meettheband.html" "Mozilla/4.0 (compatible; MSIE 8.0; Windows NT 5.1; Trident/4.0; GTB7.5; .NET CLR 2.0.50727; .NET CLR 3.0.4506.2152; .NET CLR 3.5.30729; BRI/1; BRI/2)"
70.164.68.246 - - [13/Aug/2013:16:17:27 -0400] "GET /images/190_Mike_Arts_Fest_05.jpg HTTP/1.1" 200 8119 "http://www.wiseguysokc.com/Frame-2-meetthebandpage2.html?refresh=1375823913574" "Mozilla/4.0 (compatible; MSIE 8.0; Windows NT 5.1; Trident/4.0; GTB7.5; .NET CLR 2.0.50727; .NET CLR 3.0.4506.2152; .NET CLR 3.5.30729; BRI/1; BRI/2)"
70.164.68.246 - - [13/Aug/2013:16:17:28 -0400] "GET /images/180__DSC2351_-_800x600.jpg HTTP/1.1" 200 8407 "http://www.wiseguysokc.com/Frame-2-meetthebandpage2.html?refresh=1375823913574" "Mozilla/4.0 (compatible; MSIE 8.0; Windows NT 5.1; Trident/4.0; GTB7.5; .NET CLR 2.0.50727; .NET CLR 3.0.4506.2152; .NET CLR 3.5.30729; BRI/1; BRI/2)"
173.196.144.130 - - [13/Aug/2013:17:29:51 -0400] "GET /250/images/09b.jpg HTTP/1.1" 200 1125 "http://www.wiseguysokc.com/Frame-2-meetthebandnav.htm" "Mozilla/4.0 (compatible; MSIE 8.0; Windows NT 5.1; Trident/4.0; .NET CLR 1.1.4322; .NET CLR 2.0.50727; BOIE8;ENUS)"
204.62.25.101 - - [13/Aug/2013:17:30:15 -0400] "GET /250/images/index04.jpg HTTP/1.1" 200 2241 "-" "Mozilla/4.0 (compatible;)"
109.120.157.179 - - [13/Aug/2013:02:11:02 -0400] "GET /meettheband.html HTTP/1.1" 200 1106 "http://weightlosskingdom.com/" "Mozilla/5.0 (compatible; Add Catalog/2.1;)"
46.118.126.194 - - [13/Aug/2013:07:56:06 -0400] "GET /meettheband.html HTTP/1.1" 200 1106 "http://www.auto-loker.ru/" "Opera/8.00 (Windows NT 5.1; U; en)"
76.225.133.60 - - [13/Aug/2013:05:00:24 -0400] "GET /scripts/ic_globals_published.js HTTP/1.1" 304 - "-" "Mozilla/4.0 (compatible;)"
