174.239.38.144 - - [13/Aug/2013:16:15:30 -0400] "GET /250/images/index02.jpg HTTP/1.1" 200 999 "http://wiseguysokc.com/Frame-4-calendarpage4.html?refresh=1375823913675" "Mozilla/5.0 (iPhone; CPU iPhone OS 6_1_3 like Mac OS X) AppleWebKit/536.26 (KHTML, like Gecko) Version/6.0 Mobile/10B329 Safari/8536.25"
174.239.38.144 - - [13/Aug/2013:16:15:30 -0400] "GET /250/images/company.jpg HTTP/1.1" 200 6282 "http://wiseguysokc.com/Frame-4-calendarpage4.html?refresh=1375823913675" "Mozilla/5.0 (iPhone; CPU iPhone OS 6_1_3 like Mac OS X) AppleWebKit/536.26 (KHTML, like Gecko) Version/6.0 Mobile/10B329 Safari/8536.25"
174.239.38.144 - - [13/Aug/2013:16:15:30 -0400] "GET /250/images/index03.jpg HTTP/1.1" 200 2815 "http://wiseguysokc.com/Frame-4-calendarpage4.html?refresh=1375823913675" "Mozilla/5.0 (iPhone; CPU iPhone OS 6_1_3 like Mac OS X) AppleWebKit/536.26 (KHTML, like Gecko) Version/6.0 Mobile/10B329 Safari/8536.25"
174.239.38.144 - - [13/Aug/2013:16:15:31 -0400] "GET /250/images/index05.jpg HTTP/1.1" 200 2081 "http://wiseguysokc.com/Frame-4-calendarpage4.html?refresh=1375823913675" "Mozilla/5.0 (iPhone; CPU iPhone OS 6_1_3 like Mac OS X) AppleWebKit/536.26 (KHTML, like Gecko) Version/6.0 Mobile/10B329 Safari/8536.25"
174.239.38.144 - - [13/Aug/2013:16:15:31 -0400] "GET /250/images/slogan.jpg HTTP/1.1" 200 5909 "http://wiseguysokc.com/Frame-4-calendarpage4.html?refresh=1375823913675" "Mozilla/5.0 (iPhone; CPU iPhone OS 6_1_3 like Mac OS X) AppleWebKit/536.26 (KHTML, like Gecko) Version/6.0 Mobile/10B329 Safari/8536.25"
174.239.38.144 - - [13/Aug/2013:16:15:31 -0400] "GET /250/images/motif01.jpg HTTP/1.1" 200 29843 "http://wiseguysokc.com/Frame-4-calendarpage4.html?refresh=1375823913675" "Mozilla/5.0 (iPhone; CPU iPhone OS 6_1_3 like Mac OS X) AppleWebKit/536.26 (KHTML, like Gecko) Version/6.0 Mobile/10B329 Safari/8536.25"
174.239.38.144 - - [13/Aug/2013:16:15:31 -0400] "GET /250/images/content01.gif HTTP/1.1" 200 14331 "http://wiseguysokc.com/Frame-4-calendarpage4.html?refresh=1375823913675" "Mozilla/5.0 (iPhone; CPU iPhone OS 6_1_3 like Mac OS X) AppleWebKit/536.26 (KHTML, like Gecko) Version/6.0 Mobile/10B329 Safari/8536.25"
173.196.144.130 - - [13/Aug/2013:17:29:51 -0400] "GET /250/images/spacer.gif HTTP/1.1" 200 43 "http://www.wiseguysokc.com/Frame-2-meetthebandnav.htm" "Mozilla/4.0 (compatible; MSIE 8.0; Windows NT 5.1; Trident/4.0; .NET CLR 1.1.4322; .NET CLR 2.0.50727; BOIE8;ENUS)"
66.249.75.36 - - [13/Aug/2013:01:06:36 -0400] "GET / HTTP/1.1" 200 1092 "-" "Mozilla/5.0 (iPhone; U; CPU iPhone OS 4_1 like Mac OS X; en-us) AppleWebKit/532.9 (KHTML, like Gecko) Version/4.0.5 Mobile/8B117 Safari/6531.22.7 (compatible; Googlebot-Mobile/2.1; +http://www.google.com/bot.html)"
157.55.32.102 - - [13/Aug/2013:23:47:12 -0400] "GET /robots.txt HTTP/1.1" 200 25 "-" "Mozilla/5.0 (compatible; bingbot/2.0; +http://www.bing.com/bingbot.htm)"
150.70.75.35 - - [13/Aug/2013:16:15:41 -0400] "GET /scripts/photoalbum.js HTTP/1.0" 200 62481 "-" "Mozilla/4.0 (compatible; MSIE 6.0; Windows NT 5.1)"
204.62.25.101 - - [13/Aug/2013:17:30:15 -0400] "GET /250/images/index02.jpg HTTP/1.1" 200 999 "-" "Mozilla/4.0 (compatible;)"
107.219.30.74 - - [13/Aug/2013:17:53:47 -0400] "GET /images/100_Bentwood_Trail_Pres_July_2004_001.jpg HTTP/1.1" 200 3747 "http://www.wiseguysokc.com/Frame-14-jeffsgallerypage14.html?refresh=1375823914660" "Mozilla/5.0 (Macintosh; Intel Mac OS X 10_7_5) AppleWebKit/536.30.1 (KHTML, like Gecko) Version/6.0.5 Safari/536.30.1"
68.227.105.22 - - [13/Aug/2013:21:12:16 -0400] "GET /250/images/02b.jpg HTTP/1.1" 200 3466 "http://www.wiseguysokc.com/Frame-1-homenav.htm" "Mozilla/5.0 (iPad; CPU OS 6_1_3 like Mac OS X) AppleWebKit/536.26 (KHTML, like Gecko) Mobile/10B329"
68.227.105.22 - - [13/Aug/2013:21:12:16 -0400] "GET /250/images/07b.jpg HTTP/1.1" 200 3345 "http://www.wiseguysokc.com/Frame-1-homenav.htm" "Mozilla/5.0 (iPad; CPU OS 6_1_3 like Mac OS X) AppleWebKit/536.26 (KHTML, like Gecko) Mobile/10B329"
68.227.105.22 - - [13/Aug/2013:21:12:16 -0400] "GET /250/images/spacer.gif HTTP/1.1" 200 43 "http://www.wiseguysokc.com/Frame-1-homenav.htm" "Mozilla/5.0 (iPad; CPU OS 6_1_3 like Mac OS X) AppleWebKit/536.26 (KHTML, like Gecko) Mobile/10B329"
68.227.105.22 - - [13/Aug/2013:21:12:17 -0400] "GET /250/images/05a.jpg HTTP/1.1" 200 3815 "http://www.wiseguysokc.com/Frame-1-homenav.htm" "Mozilla/5.0 (iPad; CPU OS 6_1_3 like Mac OS X) AppleWebKit/536.26 (KHTML, like Gecko) Mobile/10B329"
68.227.105.22 - - [13/Aug/2013:21:12:17 -0400] "GET /250/images/08a.jpg HTTP/1.1" 200 3709 "http://www.wiseguysokc.com/Frame-1-homenav.htm" "Mozilla/5.0 (iPad; CPU OS 6_1_3 like Mac OS X) AppleWebKit/536.26 (KHTML, like Gecko) Mobile/10B329"
68.227.105.22 - - [13/Aug/2013:21:12:17 -0400] "GET /images/483__DSC2843.jpg HTTP/1.1" 200 53533 "http://www.wiseguysokc.com/Frame-1-homepage1.html?refresh=1375823914101" "Mozilla/5.0 (iPad; CPU OS 6_1_3 like Mac OS X) AppleWebKit/536.26 (KHTML, like Gecko) Mobile/10B329"
68.227.105.22 - - [13/Aug/2013:21:12:17 -0400] "GET /250/images/index01.jpg HTTP/1.1" 200 2520 "http://www.wiseguysokc.com/Frame-1-homepage1.html?refresh=1375823914101" "Mozilla/5.0 (iPad; CPU OS 6_1_3 like Mac OS X) AppleWebKit/536.26 (KHTML, like Gecko) Mobile/10B329"
68.227.105.22 - - [13/Aug/2013:21:12:17 -0400] "GET /250/images/index04.jpg HTTP/1.1" 200 2241 "http://www.wiseguysokc.com/Frame-1-homepage1.html?refresh=1375823914101" "Mozilla/5.0 (iPad; CPU OS 6_1_3 like Mac OS X) AppleWebKit/536.26 (KHTML, like Gecko) Mobile/10B329"
68.227.105.22 - - [13/Aug/2013:21:12:17 -0400] "GET /250/images/index06.jpg HTTP/1.1" 200 2838 "http://www.wiseguysokc.com/Frame-1-homepage1.html?refresh=1375823914101" "Mozilla/5.0 (iPad; CPU OS 6_1_3 like Mac OS X) AppleWebKit/536.26 (KHTML, like Gecko) Mobile/10B329"
68.227.105.22 - - [13/Aug/2013:21:13:19 -0400] "GET /images/155_Brad_Arts_Fest_05.jpg HTTP/1.1" 200 6514 "http://www.wiseguysokc.com/Frame-2-meetthebandpage2.html?refresh=1375823913574" "Mozilla/5.0 (iPad; CPU OS 6_1_3 like Mac OS X) AppleWebKit/536.26 (KHTML, like Gecko) Mobile/10B329"
68.227.105.22 - - [13/Aug/2013:21:13:19 -0400] "GET /images/483__DSC2309.jpg HTTP/1.1" 200 31645 "http://www.wiseguysokc.com/Frame-2-meetthebandpage2.html?refresh=1375823913574" "Mozilla/5.0 (iPad; CPU OS 6_1_3 like Mac OS X) AppleWebKit/536.26 (KHTML, like Gecko) Mobile/10B329"
66.249.75.36 - - [13/Aug/2013:09:15:12 -0400] "GET /Frame-5-contactnewsletterpage5.html?refresh=1360866649000 HTTP/1.1" 200 15082 "-" "Mozilla/5.0 (compatible; Googlebot/2.1; +http://www.google.com/bot.html)"
99.35.194.182 - - [13/Aug/2013:20:04:43 -0400] "GET /images/130_Sandi1.jpg HTTP/1.1" 200 8040 "http://www.wiseguysokc.com/Frame-1-homepage1.html?refresh=1375823914101" "Mozilla/5.0 (iPad; CPU OS 6_1_3 like Mac OS X) AppleWebKit/536.26 (KHTML, like Gecko) Version/6.0 Mobile/10B329 Safari/8536.25"
99.35.194.182 - - [13/Aug/2013:20:04:43 -0400] "GET /250/images/company.jpg HTTP/1.1" 200 6282 "http://www.wiseguysokc.com/Frame-1-homepage1.html?refresh=1375823914101" "Mozilla/5.0 (iPad; CPU OS 6_1_3 like Mac OS X) AppleWebKit/536.26 (KHTML, like Gecko) Version/6.0 Mobile/10B329 Safari/8536.25"
99.35.194.182 - - [13/Aug/2013:20:04:43 -0400] "GET /250/images/index06.jpg HTTP/1.1" 200 2838 "http://www.wiseguysokc.com/Frame-1-homepage1.html?refresh=1375823914101" "Mozilla/5.0 (iPad; CPU OS 6_1_3 like Mac OS X) AppleWebKit/536.26 (KHTML, like Gecko) Version/6.0 Mobile/10B329 Safari/8536.25"
99.35.194.182 - - [13/Aug/2013:20:04:43 -0400] "GET /250/images/08b.jpg HTTP/1.1" 200 3551 "http://www.wiseguysokc.com/Frame-1-homenav.htm" "Mozilla/5.0 (iPad; CPU OS 6_1_3 like Mac OS X) AppleWebKit/536.26 (KHTML, like Gecko) Version/6.0 Mobile/10B329 Safari/8536.25"
99.35.194.182 - - [13/Aug/2013:20:04:43 -0400] "GET /250/images/02a.jpg HTTP/1.1" 200 3437 "http://www.wiseguysokc.com/Frame-1-homenav.htm" "Mozilla/5.0 (iPad; CPU OS 6_1_3 like Mac OS X) AppleWebKit/536.26 (KHTML, like Gecko) Version/6.0 Mobile/10B329 Safari/8536.25"
68.97.74.163 - - [13/Aug/2013:20:48:07 -0400] "GET /250/images/01a.jpg HTTP/1.1" 200 2917 "http://www.wiseguysokc.com/Frame-1-homenav.htm" "Mozilla/5.0 (iPhone; CPU iPhone OS 6_1_4 like Mac OS X) AppleWebKit/536.26 (KHTML, like Gecko) Version/6.0 Mobile/10B350 Safari/8536.25"
124.89.102.54 - - [13/Aug/2013:10:43:19 -0400] "GET /robots.txt HTTP/1.1" 200 25 "http://www.wiseguysokc.com/" "Mozilla/5.0 (compatible; MSIE 8.0; Windows NT 6.1)"
68.12.63.50 - - [13/Aug/2013:15:07:58 -0400] "GET /calendar.html HTTP/1.1" 200 1100 "http://www.google.com/url?sa=t&rct=j&q=&esrc=s&source=web&cd=1&ved=0CCwQFjAA&url=http%3A%2F%2Fwww.wiseguysokc.com%2Fcalendar.html&ei=BoQKUtiNJsLOyAH6_4GIDg&usg=AFQjCNFCkTxQFOHVdKvhXSTvPDb1uBkUpw&bvm=bv.50500085,d.aWc" "Mozilla/5.0 (Macintosh; Intel Mac OS X 10_8_4) AppleWebKit/536.30.1 (KHTML, like Gecko) Version/6.0.5 Safari/536.30.1"
68.12.63.50 - - [13/Aug/2013:15:07:59 -0400] "GET /250/scripts/icwebsiteelement.css HTTP/1.1" 200 8132 "http://www.wiseguysokc.com/calendar.html" "Mozilla/5.0 (Macintosh; Intel Mac OS X 10_8_4) AppleWebKit/536.30.1 (KHTML, like Gecko) Version/6.0.5 Safari/536.30.1"
68.12.63.50 - - [13/Aug/2013:15:07:59 -0400] "GET /Frame-4-calendarnav.htm HTTP/1.1" 200 4534 "http://www.wiseguysokc.com/calendar.html" "Mozilla/5.0 (Macintosh; Intel Mac OS X 10_8_4) AppleWebKit/536.30.1 (KHTML, like Gecko) Version/6.0.5 Safari/536.30.1"
68.12.63.50 - - [13/Aug/2013:15:07:59 -0400] "GET /250/images/04b.jpg HTTP/1.1" 200 3245 "http://www.wiseguysokc.com/Frame-4-calendarnav.htm" "Mozilla/5.0 (Macintosh; Intel Mac OS X 10_8_4) AppleWebKit/536.30.1 (KHTML, like Gecko) Version/6.0.5 Safari/536.30.1"
68.12.63.50 - - [13/Aug/2013:15:07:59 -0400] "GET /250/images/07b.jpg HTTP/1.1" 200 3345 "http://www.wiseguysokc.com/Frame-4-calendarnav.htm" "Mozilla/5.0 (Macintosh; Intel Mac OS X 10_8_4) AppleWebKit/536.30.1 (KHTML, like Gecko) Version/6.0.5 Safari/536.30.1"
68.12.63.50 - - [13/Aug/2013:15:08:03 -0400] "GET /favicon.ico HTTP/1.1" 404 575 "http://www.wiseguysokc.com/calendar.html" "Mozilla/5.0 (Macintosh; Intel Mac OS X 10_8_4) AppleWebKit/536.30.1 (KHTML, like Gecko) Version/6.0.5 Safari/536.30.1"
65.55.24.238 - - [13/Aug/2013:03:27:06 -0400] "GET /Frame-1-homepage1.html?refresh=1375823914101 HTTP/1.1" 200 19952 "-" "Mozilla/5.0 (compatible; bingbot/2.0; +http://www.bing.com/bingbot.htm)"
202.46.51.55 - - [13/Aug/2013:01:58:12 -0400] "GET /Frame-15-dougsgallerypage15.html?refresh=1370986277655 HTTP/1.1" 200 11582 "-" "Mozilla/5.0 (Windows NT 5.1; rv:6.0.2) Gecko/20100101 Firefox/6.0.2"
202.46.49.80 - - [13/Aug/2013:07:12:19 -0400] "GET /Frame-3-gallerypage3.html?refresh=1352841165399 HTTP/1.1" 200 18292 "-" "Mozilla/5.0 (Windows NT 5.1; rv:6.0.2) Gecko/20100101 Firefox/6.0.2"
68.12.176.246 - - [13/Aug/2013:07:36:27 -0400] "GET /250/scripts/master.css HTTP/1.1" 200 1956 "-" "Mozilla/4.0 (compatible; MSIE 7.0; Windows NT 6.1; WOW64; Trident/6.0; SLCC2; .NET CLR 2.0.50727; .NET CLR 3.5.30729; .NET CLR 3.0.30729; Media Center PC 6.0; MASA; BRI/1; .NET4.0C; BRI/2)"
68.12.176.246 - - [13/Aug/2013:07:36:27 -0400] "GET /250/scripts/icwebsiteelement.css HTTP/1.1" 200 8132 "-" "Mozilla/4.0 (compatible; MSIE 7.0; Windows NT 6.1; WOW64; Trident/6.0; SLCC2; .NET CLR 2.0.50727; .NET CLR 3.5.30729; .NET CLR 3.0.30729; Media Center PC 6.0; MASA; BRI/1; .NET4.0C; BRI/2)"
66.249.75.36 - - [13/Aug/2013:08:59:56 -0400] "GET /contactnewsletter.html HTTP/1.1" 200 1118 "-" "Mozilla/5.0 (iPhone; U; CPU iPhone OS 4_1 like Mac OS X; en-us) AppleWebKit/532.9 (KHTML, like Gecko) Version/4.0.5 Mobile/8B117 Safari/6531.22.7 (compatible; Googlebot-Mobile/2.1; +http://www.google.com/bot.html)"
86.129.77.206 - - [13/Aug/2013:09:42:26 -0400] "GET /scripts/ic_globals_published.js HTTP/1.1" 200 566 "http://www.wiseguysokc.com/" "Mozilla/5.0 (Windows NT 6.1; WOW64) AppleWebKit/537.36 (KHTML, like Gecko) Chrome/28.0.1500.95 Safari/537.36"
86.129.77.206 - - [13/Aug/2013:09:42:27 -0400] "GET /images/240_Jeff_Shadow_copy.jpg HTTP/1.1" 200 7629 "http://www.wiseguysokc.com/Frame-1-homepage1.html?refresh=1375823914101" "Mozilla/5.0 (Windows NT 6.1; WOW64) AppleWebKit/537.36 (KHTML, like Gecko) Chrome/28.0.1500.95 Safari/537.36"
86.129.77.206 - - [13/Aug/2013:09:42:27 -0400] "GET /250/images/04b.jpg HTTP/1.1" 200 3245 "http://www.wiseguysokc.com/Frame-1-homenav.htm" "Mozilla/5.0 (Windows NT 6.1; WOW64) AppleWebKit/537.36 (KHTML, like Gecko) Chrome/28.0.1500.95 Safari/537.36"
86.129.77.206 - - [13/Aug/2013:09:42:28 -0400] "GET /250/images/10b.jpg HTTP/1.1" 200 1232 "http://www.wiseguysokc.com/Frame-1-homenav.htm" "Mozilla/5.0 (Windows NT 6.1; WOW64) AppleWebKit/537.36 (KHTML, like Gecko) Chrome/28.0.1500.95 Safari/537.36"
86.129.77.206 - - [13/Aug/2013:09:42:28 -0400] "GET /250/images/03a.jpg HTTP/1.1" 200 2976 "http://www.wiseguysokc.com/Frame-1-homenav.htm" "Mozilla/5.0 (Windows NT 6.1; WOW64) AppleWebKit/537.36 (KHTML, like Gecko) Chrome/28.0.1500.95 Safari/537.36"
86.129.77.206 - - [13/Aug/2013:09:42:28 -0400] "GET /250/images/08a.jpg HTTP/1.1" 200 3709 "http://www.wiseguysokc.com/Frame-1-homenav.htm" "Mozilla/5.0 (Windows NT 6.1; WOW64) AppleWebKit/537.36 (KHTML, like Gecko) Chrome/28.0.1500.95 Safari/537.36"
86.129.77.206 - - [13/Aug/2013:09:42:28 -0400] "GET /250/images/index02.jpg HTTP/1.1" 200 999 "http://www.wiseguysokc.com/Frame-1-homepage1.html?refresh=1375823914101" "Mozilla/5.0 (Windows NT 6.1; WOW64) AppleWebKit/537.36 (KHTML, like Gecko) Chrome/28.0.1500.95 Safari/537.36"
86.129.77.206 - - [13/Aug/2013:09:42:28 -0400] "GET /250/images/index04.jpg HTTP/1.1" 200 2241 "http://www.wiseguysokc.com/Frame-1-homepage1.html?refresh=1375823914101" "Mozilla/5.0 (Windows NT 6.1; WOW64) AppleWebKit/537.36 (KHTML, like Gecko) Chrome/28.0.1500.95 Safari/537.36"
68.228.160.86 - - [13/Aug/2013:21:50:28 -0400] "GET /250/scripts/icwebsiteelement.css HTTP/1.1" 200 8132 "http://wiseguysokc.com/" "Mozilla/5.0 (compatible; MSIE 10.0; Windows NT 6.1; WOW64; Trident/6.0)"
68.228.160.86 - - [13/Aug/2013:21:50:29 -0400] "GET /images/393_Readers_Choice_2012_and_2013.jpg HTTP/1.1" 200 15144 "http://wiseguysokc.com/Frame-1-homepage1.html?refresh=1375823914101" "Mozilla/5.0 (compatible; MSIE 10.0; Windows NT 6.1; WOW64; Trident/6.0)"
68.228.160.86 - - [13/Aug/2013:21:50:29 -0400] "GET /250/images/index02.jpg HTTP/1.1" 200 999 "http://wiseguysokc.com/Frame-1-homepage1.html?refresh=1375823914101" "Mozilla/5.0 (compatible; MSIE 10.0; Windows NT 6.1; WOW64; Trident/6.0)"
68.228.160.86 - - [13/Aug/2013:21:50:29 -0400] "GET /250/images/index05.jpg HTTP/1.1" 200 2081 "http://wiseguysokc.com/Frame-1-homepage1.html?refresh=1375823914101" "Mozilla/5.0 (compatible; MSIE 10.0; Windows NT 6.1; WOW64; Trident/6.0)"
68.228.160.86 - - [13/Aug/2013:21:50:29 -0400] "GET /250/images/01a.jpg HTTP/1.1" 200 2917 "http://wiseguysokc.com/Frame-1-homenav.htm" "Mozilla/5.0 (compatible; MSIE 10.0; Windows NT 6.1; WOW64; Trident/6.0)"
68.228.160.86 - - [13/Aug/2013:21:50:29 -0400] "GET /250/images/04a.jpg HTTP/1.1" 200 3312 "http://wiseguysokc.com/Frame-1-homenav.htm" "Mozilla/5.0 (compatible; MSIE 10.0; Windows NT 6.1; WOW64; Trident/6.0)"
68.228.160.86 - - [13/Aug/2013:21:50:29 -0400] "GET /250/images/03b.jpg HTTP/1.1" 200 2930 "http://wiseguysokc.com/Frame-1-homenav.htm" "Mozilla/5.0 (compatible; MSIE 10.0; Windows NT 6.1; WOW64; Trident/6.0)"
68.228.160.86 - - [13/Aug/2013:21:50:29 -0400] "GET /250/images/08b.jpg HTTP/1.1" 200 3551 "http://wiseguysokc.com/Frame-1-homenav.htm" "Mozilla/5.0 (compatible; MSIE 10.0; Windows NT 6.1; WOW64; Trident/6.0)"
98.162.225.95 - - [13/Aug/2013:22:49:33 -0400] "GET /250/images/02b.jpg HTTP/1.1" 200 3466 "http://www.wiseguysokc.com/Frame-4-calendarnav.htm" "Mozilla/4.0 (compatible; MSIE 8.0; Windows NT 5.1; Trident/4.0; BTRS99874; GTB7.5; .NET CLR 2.0.50727; .NET CLR 3.0.4506.2152; .NET CLR 3.5.30729; .NET4.0C; .NET4.0E; BRI/1)"
98.162.225.95 - - [13/Aug/2013:22:49:33 -0400] "GET /250/images/spacer.gif HTTP/1.1" 200 43 "http://www.wiseguysokc.com/Frame-4-calendarnav.htm" "Mozilla/4.0 (compatible; MSIE 8.0; Windows NT 5.1; Trident/4.0; BTRS99874; GTB7.5; .NET CLR 2.0.50727; .NET CLR 3.0.4506.2152; .NET CLR 3.5.30729; .NET4.0C; .NET4.0E; BRI/1)"
98.162.225.95 - - [13/Aug/2013:22:49:33 -0400] "GET /250/images/06a.jpg HTTP/1.1" 200 3075 "http://www.wiseguysokc.com/Frame-4-calendarnav.htm" "Mozilla/4.0 (compatible; MSIE 8.0; Windows NT 5.1; Trident/4.0; BTRS99874; GTB7.5; .NET CLR 2.0.50727; .NET CLR 3.0.4506.2152; .NET CLR 3.5.30729; .NET4.0C; .NET4.0E; BRI/1)"
98.162.225.95 - - [13/Aug/2013:22:49:33 -0400] "GET /250/images/company.jpg HTTP/1.1" 200 6282 "http://www.wiseguysokc.com/Frame-4-calendarpage4.html?refresh=1375823913675" "Mozilla/4.0 (compatible; MSIE 8.0; Windows NT 5.1; Trident/4.0; BTRS99874; GTB7.5; .NET CLR 2.0.50727; .NET CLR 3.0.4506.2152; .NET CLR 3.5.30729; .NET4.0C; .NET4.0E; BRI/1)"
98.162.225.95 - - [13/Aug/2013:22:49:33 -0400] "GET /250/images/motif01.jpg HTTP/1.1" 200 29843 "http://www.wiseguysokc.com/Frame-4-calendarpage4.html?refresh=1375823913675" "Mozilla/4.0 (compatible; MSIE 8.0; Windows NT 5.1; Trident/4.0; BTRS99874; GTB7.5; .NET CLR 2.0.50727; .NET CLR 3.0.4506.2152; .NET CLR 3.5.30729; .NET4.0C; .NET4.0E; BRI/1)"
66.167.96.173 - - [13/Aug/2013:12:20:08 -0400] "GET /scripts/user.js HTTP/1.1" 200 23762 "http://www.wiseguysokc.com/" "Mozilla/5.0 (Windows NT 5.1; rv:22.0) Gecko/20100101 Firefox/22.0"
68.228.160.86 - - [13/Aug/2013:21:56:30 -0400] "GET /images/222_tray_out_proof2_-_Crpt.jpg HTTP/1.1" 200 13609 "http://wiseguysokc.com/Frame-10-wisestuffpage10.html?refresh=1375823914501" "Mozilla/5.0 (compatible; MSIE 10.0; Windows NT 6.1; WOW64; Trident/6.0)"
99.172.170.70 - - [13/Aug/2013:19:50:55 -0400] "GET /scripts/user.js HTTP/1.1" 200 23762 "http://www.wiseguysokc.com/calendar.html" "Mozilla/5.0 (Macintosh; Intel Mac OS X 10_7_5) AppleWebKit/536.30.1 (KHTML, like Gecko) Version/6.0.5 Safari/536.30.1"
99.172.170.70 - - [13/Aug/2013:19:50:57 -0400] "GET /250/images/01b.jpg HTTP/1.1" 200 2948 "http://www.wiseguysokc.com/Frame-4-calendarnav.htm" "Mozilla/5.0 (Macintosh; Intel Mac OS X 10_7_5) AppleWebKit/536.30.1 (KHTML, like Gecko) Version/6.0.5 Safari/536.30.1"
99.172.170.70 - - [13/Aug/2013:19:50:57 -0400] "GET /250/images/05b.jpg HTTP/1.1" 200 3654 "http://www.wiseguysokc.com/Frame-4-calendarnav.htm" "Mozilla/5.0 (Macintosh; Intel Mac OS X 10_7_5) AppleWebKit/536.30.1 (KHTML, like Gecko) Version/6.0.5 Safari/536.30.1"
99.172.170.70 - - [13/Aug/2013:19:50:57 -0400] "GET /250/images/09b.jpg HTTP/1.1" 200 1125 "http://www.wiseguysokc.com/Frame-4-calendarnav.htm" "Mozilla/5.0 (Macintosh; Intel Mac OS X 10_7_5) AppleWebKit/536.30.1 (KHTML, like Gecko) Version/6.0.5 Safari/536.30.1"
99.172.170.70 - - [13/Aug/2013:19:50:57 -0400] "GET /250/images/03a.jpg HTTP/1.1" 200 2976 "http://www.wiseguysokc.com/Frame-4-calendarnav.htm" "Mozilla/5.0 (Macintosh; Intel Mac OS X 10_7_5) AppleWebKit/536.30.1 (KHTML, like Gecko) Version/6.0.5 Safari/536.30.1"
99.172.170.70 - - [13/Aug/2013:19:50:57 -0400] "GET /250/images/07a.jpg HTTP/1.1" 200 3422 "http://www.wiseguysokc.com/Frame-4-calendarnav.htm" "Mozilla/5.0 (Macintosh; Intel Mac OS X 10_7_5) AppleWebKit/536.30.1 (KHTML, like Gecko) Version/6.0.5 Safari/536.30.1"
99.172.170.70 - - [13/Aug/2013:19:50:58 -0400] "GET /250/images/index04.jpg HTTP/1.1" 200 2241 "http://www.wiseguysokc.com/Frame-4-calendarpage4.html?refresh=1375823913675" "Mozilla/5.0 (Macintosh; Intel Mac OS X 10_7_5) AppleWebKit/536.30.1 (KHTML, like Gecko) Version/6.0.5 Safari/536.30.1"
99.172.170.70 - - [13/Aug/2013:19:50:58 -0400] "GET /250/images/index06.jpg HTTP/1.1" 200 2838 "http://www.wiseguysokc.com/Frame-4-calendarpage4.html?refresh=1375823913675" "Mozilla/5.0 (Macintosh; Intel Mac OS X 10_7_5) AppleWebKit/536.30.1 (KHTML, like Gecko) Version/6.0.5 Safari/536.30.1"
202.46.50.88 - - [13/Aug/2013:09:50:15 -0400] "GET /Frame-12-jebsgallerypage12.html?refresh=1375823914585 HTTP/1.1" 200 11170 "-" "Mozilla/5.0 (Windows NT 5.1; rv:6.0.2) Gecko/20100101 Firefox/6.0.2"
68.12.3.140 - - [13/Aug/2013:11:35:03 -0400] "GET /250/images/05b.jpg HTTP/1.1" 304 - "http://www.wiseguysokc.com/Frame-1-homenav.htm" "Mozilla/5.0 (Macintosh; Intel Mac OS X 10_7_5) AppleWebKit/536.30.1 (KHTML, like Gecko) Version/6.0.5 Safari/536.30.1"
68.12.3.140 - - [13/Aug/2013:11:35:03 -0400] "GET /250/images/spacer.gif HTTP/1.1" 304 - "http://www.wiseguysokc.com/Frame-1-homenav.htm" "Mozilla/5.0 (Macintosh; Intel Mac OS X 10_7_5) AppleWebKit/536.30.1 (KHTML, like Gecko) Version/6.0.5 Safari/536.30.1"
172.15.44.135 - - [13/Aug/2013:16:58:00 -0400] "GET /scripts/ic_globals_published.js HTTP/1.1" 200 566 "http://www.wiseguysokc.com/" "Mozilla/5.0 (Windows NT 6.1; WOW64; rv:22.0) Gecko/20100101 Firefox/22.0"
172.15.44.135 - - [13/Aug/2013:16:58:00 -0400] "GET /images/180_WG_-_Facebook.jpg HTTP/1.1" 200 4974 "http://www.wiseguysokc.com/Frame-1-homepage1.html?refresh=1375823914101" "Mozilla/5.0 (Windows NT 6.1; WOW64; rv:22.0) Gecko/20100101 Firefox/22.0"
173.196.144.130 - - [13/Aug/2013:17:29:50 -0400] "GET /250/scripts/master.css HTTP/1.1" 200 1956 "http://www.wiseguysokc.com/meettheband.html" "Mozilla/4.0 (compatible; MSIE 8.0; Windows NT 5.1; Trident/4.0; .NET CLR 1.1.4322; .NET CLR 2.0.50727; BOIE8;ENUS)"
173.196.144.130 - - [13/Aug/2013:17:29:51 -0400] "GET /250/images/03b.jpg HTTP/1.1" 200 2930 "http://www.wiseguysokc.com/Frame-2-meetthebandnav.htm" "Mozilla/4.0 (compatible; MSIE 8.0; Windows NT 5.1; Trident/4.0; .NET CLR 1.1.4322; .NET CLR 2.0.50727; BOIE8;ENUS)"
173.196.144.130 - - [13/Aug/2013:17:29:51 -0400] "GET /250/images/08b.jpg HTTP/1.1" 200 3551 "http://www.wiseguysokc.com/Frame-2-meetthebandnav.htm" "Mozilla/4.0 (compatible; MSIE 8.0; Windows NT 5.1; Trident/4.0; .NET CLR 1.1.4322; .NET CLR 2.0.50727; BOIE8;ENUS)"
46.119.118.152 - - [13/Aug/2013:14:49:57 -0400] "GET /meettheband.html HTTP/1.1" 200 1106 "http://torrentec.net/" "Opera/8.00 (Windows NT 5.1; U; en)"
68.12.3.140 - - [13/Aug/2013:11:35:03 -0400] "GET /scripts/user.js HTTP/1.1" 304 - "http://www.wiseguysokc.com/index.html" "Mozilla/5.0 (Macintosh; Intel Mac OS X 10_7_5) AppleWebKit/536.30.1 (KHTML, like Gecko) Version/6.0.5 Safari/536.30.1"
166.137.156.40 - - [13/Aug/2013:06:22:30 -0400] "GET /250/images/index01.jpg HTTP/1.1" 304 - "http://www.wiseguysokc.com/Frame-4-calendarpage4.html?refresh=1375823913675" "Mozilla/5.0 (iPhone; CPU iPhone OS 6_1_4 like Mac OS X) AppleWebKit/536.26 (KHTML, like Gecko) Version/6.0 Mobile/10B350 Safari/8536.25"
166.137.156.40 - - [13/Aug/2013:06:22:30 -0400] "GET /250/images/index02.jpg HTTP/1.1" 304 - "http://www.wiseguysokc.com/Frame-4-calendarpage4.html?refresh=1375823913675" "Mozilla/5.0 (iPhone; CPU iPhone OS 6_1_4 like Mac OS X) AppleWebKit/536.26 (KHTML, like Gecko) Version/6.0 Mobile/10B350 Safari/8536.25"
166.137.156.40 - - [13/Aug/2013:06:22:32 -0400] "GET /250/images/03b.jpg HTTP/1.1" 304 - "http://www.wiseguysokc.com/Frame-4-calendarnav.htm" "Mozilla/5.0 (iPhone; CPU iPhone OS 6_1_4 like Mac OS X) AppleWebKit/536.26 (KHTML, like Gecko) Version/6.0 Mobile/10B350 Safari/8536.25"
65.55.24.238 - - [13/Aug/2013:03:29:40 -0400] "GET /Frame-10-wisestuffpage10.html?refresh=1367239914771 HTTP/1.1" 200 10240 "-" "Mozilla/5.0 (compatible; bingbot/2.0; +http://www.bing.com/bingbot.htm)"
157.55.32.116 - - [13/Aug/2013:15:35:43 -0400] "GET /robots.txt HTTP/1.1" 200 25 "-" "Mozilla/5.0 (compatible; bingbot/2.0; +http://www.bing.com/bingbot.htm)"
172.15.44.135 - - [13/Aug/2013:16:58:00 -0400] "GET /scripts/photoalbum.js HTTP/1.1" 200 62481 "http://www.wiseguysokc.com/" "Mozilla/5.0 (Windows NT 6.1; WOW64; rv:22.0) Gecko/20100101 Firefox/22.0"
172.15.44.135 - - [13/Aug/2013:16:58:00 -0400] "GET /Frame-1-homepage1.html?refresh=1375823914101 HTTP/1.1" 200 19952 "http://www.wiseguysokc.com/" "Mozilla/5.0 (Windows NT 6.1; WOW64; rv:22.0) Gecko/20100101 Firefox/22.0"
172.15.44.135 - - [13/Aug/2013:16:58:00 -0400] "GET /images/483_WG_s_Promo_2013.jpg HTTP/1.1" 200 24817 "http://www.wiseguysokc.com/Frame-1-homepage1.html?refresh=1375823914101" "Mozilla/5.0 (Windows NT 6.1; WOW64; rv:22.0) Gecko/20100101 Firefox/22.0"
172.15.44.135 - - [13/Aug/2013:16:58:00 -0400] "GET /images/130_Sandi1.jpg HTTP/1.1" 200 8040 "http://www.wiseguysokc.com/Frame-1-homepage1.html?refresh=1375823914101" "Mozilla/5.0 (Windows NT 6.1; WOW64; rv:22.0) Gecko/20100101 Firefox/22.0"
172.15.44.135 - - [13/Aug/2013:16:58:00 -0400] "GET /250/images/index01.jpg HTTP/1.1" 200 2520 "http://www.wiseguysokc.com/Frame-1-homepage1.html?refresh=1375823914101" "Mozilla/5.0 (Windows NT 6.1; WOW64; rv:22.0) Gecko/20100101 Firefox/22.0"
172.15.44.135 - - [13/Aug/2013:16:58:00 -0400] "GET /250/images/index03.jpg HTTP/1.1" 200 2815 "http://www.wiseguysokc.com/Frame-1-homepage1.html?refresh=1375823914101" "Mozilla/5.0 (Windows NT 6.1; WOW64; rv:22.0) Gecko/20100101 Firefox/22.0"
172.15.44.135 - - [13/Aug/2013:16:58:00 -0400] "GET /250/images/slogan.jpg HTTP/1.1" 200 5909 "http://www.wiseguysokc.com/Frame-1-homepage1.html?refresh=1375823914101" "Mozilla/5.0 (Windows NT 6.1; WOW64; rv:22.0) Gecko/20100101 Firefox/22.0"
172.15.44.135 - - [13/Aug/2013:16:58:01 -0400] "GET /250/images/index06.jpg HTTP/1.1" 200 2838 "http://www.wiseguysokc.com/Frame-1-homepage1.html?refresh=1375823914101" "Mozilla/5.0 (Windows NT 6.1; WOW64; rv:22.0) Gecko/20100101 Firefox/22.0"
172.15.44.135 - - [13/Aug/2013:16:58:01 -0400] "GET /250/images/01a.jpg HTTP/1.1" 200 2917 "http://www.wiseguysokc.com/Frame-1-homenav.htm" "Mozilla/5.0 (Windows NT 6.1; WOW64; rv:22.0) Gecko/20100101 Firefox/22.0"
172.15.44.135 - - [13/Aug/2013:16:58:01 -0400] "GET /250/images/05a.jpg HTTP/1.1" 200 3815 "http://www.wiseguysokc.com/Frame-1-homenav.htm" "Mozilla/5.0 (Windows NT 6.1; WOW64; rv:22.0) Gecko/20100101 Firefox/22.0"
172.15.44.135 - - [13/Aug/2013:16:58:01 -0400] "GET /250/images/back01.jpg HTTP/1.1" 200 1321 "http://www.wiseguysokc.com/Frame-1-homepage1.html?refresh=1375823914101" "Mozilla/5.0 (Windows NT 6.1; WOW64; rv:22.0) Gecko/20100101 Firefox/22.0"
172.15.44.135 - - [13/Aug/2013:16:58:01 -0400] "GET /250/images/04b.jpg HTTP/1.1" 200 3245 "http://www.wiseguysokc.com/Frame-1-homenav.htm" "Mozilla/5.0 (Windows NT 6.1; WOW64; rv:22.0) Gecko/20100101 Firefox/22.0"
172.15.44.135 - - [13/Aug/2013:16:58:01 -0400] "GET /250/images/08b.jpg HTTP/1.1" 200 3551 "http://www.wiseguysokc.com/Frame-1-homenav.htm" "Mozilla/5.0 (Windows NT 6.1; WOW64; rv:22.0) Gecko/20100101 Firefox/22.0"
172.15.44.135 - - [13/Aug/2013:16:58:02 -0400] "GET /favicon.ico HTTP/1.1" 404 575 "-" "Mozilla/5.0 (Windows NT 6.1; WOW64; rv:22.0) Gecko/20100101 Firefox/22.0"
172.15.44.135 - - [13/Aug/2013:16:58:02 -0400] "GET /favicon.ico HTTP/1.1" 404 575 "-" "Mozilla/5.0 (Windows NT 6.1; WOW64; rv:22.0) Gecko/20100101 Firefox/22.0"
204.62.25.101 - - [13/Aug/2013:17:30:15 -0400] "GET /250/images/company.jpg HTTP/1.1" 200 6282 "-" "Mozilla/4.0 (compatible;)"
74.197.196.23 - - [13/Aug/2013:23:24:59 -0400] "GET /250/scripts/icwebsiteelement.css HTTP/1.1" 200 8132 "http://www.wiseguysokc.com/calendar.html" "Mozilla/5.0 (iPad; CPU OS 5_1_1 like Mac OS X) AppleWebKit/534.46 (KHTML, like Gecko) Version/5.1 Mobile/9B206 Safari/7534.48.3"
74.197.196.23 - - [13/Aug/2013:23:25:00 -0400] "GET /scripts/ic_globals_published.js HTTP/1.1" 200 566 "http://www.wiseguysokc.com/calendar.html" "Mozilla/5.0 (iPad; CPU OS 5_1_1 like Mac OS X) AppleWebKit/534.46 (KHTML, like Gecko) Version/5.1 Mobile/9B206 Safari/7534.48.3"
109.120.157.179 - - [13/Aug/2013:02:11:03 -0400] "GET /meettheband.html HTTP/1.1" 200 1106 "http://weightlosskingdom.com/" "Mozilla/5.0 (compatible; Add Catalog/2.1;)"
72.198.69.35 - - [13/Aug/2013:10:36:49 -0400] "GET /scripts/user.js HTTP/1.1" 200 23762 "http://www.wiseguysokc.com/" "Mozilla/5.0 (Macintosh; Intel Mac OS X 10_5_8) AppleWebKit/537.1 (KHTML, like Gecko) Chrome/21.0.1180.90 Safari/537.1"
72.198.69.35 - - [13/Aug/2013:10:36:55 -0400] "GET /Frame-1-homenav.htm HTTP/1.1" 200 4534 "http://www.wiseguysokc.com/" "Mozilla/5.0 (Macintosh; Intel Mac OS X 10_5_8) AppleWebKit/537.1 (KHTML, like Gecko) Chrome/21.0.1180.90 Safari/537.1"
72.198.69.35 - - [13/Aug/2013:10:36:55 -0400] "GET /images/393_Readers_Choice_2012_and_2013.jpg HTTP/1.1" 200 15144 "http://www.wiseguysokc.com/Frame-1-homepage1.html?refresh=1375823914101" "Mozilla/5.0 (Macintosh; Intel Mac OS X 10_5_8) AppleWebKit/537.1 (KHTML, like Gecko) Chrome/21.0.1180.90 Safari/537.1"
72.198.69.35 - - [13/Aug/2013:10:36:55 -0400] "GET /250/images/index01.jpg HTTP/1.1" 200 2520 "http://www.wiseguysokc.com/Frame-1-homepage1.html?refresh=1375823914101" "Mozilla/5.0 (Macintosh; Intel Mac OS X 10_5_8) AppleWebKit/537.1 (KHTML, like Gecko) Chrome/21.0.1180.90 Safari/537.1"
72.198.69.35 - - [13/Aug/2013:10:36:55 -0400] "GET /250/images/index05.jpg HTTP/1.1" 200 2081 "http://www.wiseguysokc.com/Frame-1-homepage1.html?refresh=1375823914101" "Mozilla/5.0 (Macintosh; Intel Mac OS X 10_5_8) AppleWebKit/537.1 (KHTML, like Gecko) Chrome/21.0.1180.90 Safari/537.1"
72.198.69.35 - - [13/Aug/2013:10:36:55 -0400] "GET /250/images/index06.jpg HTTP/1.1" 200 2838 "http://www.wiseguysokc.com/Frame-1-homepage1.html?refresh=1375823914101" "Mozilla/5.0 (Macintosh; Intel Mac OS X 10_5_8) AppleWebKit/537.1 (KHTML, like Gecko) Chrome/21.0.1180.90 Safari/537.1"
72.198.69.35 - - [13/Aug/2013:10:36:55 -0400] "GET /250/images/03b.jpg HTTP/1.1" 200 2930 "http://www.wiseguysokc.com/Frame-1-homenav.htm" "Mozilla/5.0 (Macintosh; Intel Mac OS X 10_5_8) AppleWebKit/537.1 (KHTML, like Gecko) Chrome/21.0.1180.90 Safari/537.1"
72.198.69.35 - - [13/Aug/2013:10:36:55 -0400] "GET /250/images/07b.jpg HTTP/1.1" 200 3345 "http://www.wiseguysokc.com/Frame-1-homenav.htm" "Mozilla/5.0 (Macintosh; Intel Mac OS X 10_5_8) AppleWebKit/537.1 (KHTML, like Gecko) Chrome/21.0.1180.90 Safari/537.1"
72.198.69.35 - - [13/Aug/2013:10:36:55 -0400] "GET /250/images/nav_back.jpg HTTP/1.1" 200 15744 "http://www.wiseguysokc.com/Frame-1-homenav.htm" "Mozilla/5.0 (Macintosh; Intel Mac OS X 10_5_8) AppleWebKit/537.1 (KHTML, like Gecko) Chrome/21.0.1180.90 Safari/537.1"
72.198.69.35 - - [13/Aug/2013:10:36:55 -0400] "GET /250/images/04a.jpg HTTP/1.1" 200 3312 "http://www.wiseguysokc.com/Frame-1-homenav.htm" "Mozilla/5.0 (Macintosh; Intel Mac OS X 10_5_8) AppleWebKit/537.1 (KHTML, like Gecko) Chrome/21.0.1180.90 Safari/537.1"
72.198.69.35 - - [13/Aug/2013:10:36:55 -0400] "GET /250/images/08a.jpg HTTP/1.1" 200 3709 "http://www.wiseguysokc.com/Frame-1-homenav.htm" "Mozilla/5.0 (Macintosh; Intel Mac OS X 10_5_8) AppleWebKit/537.1 (KHTML, like Gecko) Chrome/21.0.1180.90 Safari/537.1"
68.12.3.140 - - [13/Aug/2013:11:35:04 -0400] "GET /250/images/06a.jpg HTTP/1.1" 304 - "http://www.wiseguysokc.com/Frame-1-homenav.htm" "Mozilla/5.0 (Macintosh; Intel Mac OS X 10_7_5) AppleWebKit/536.30.1 (KHTML, like Gecko) Version/6.0.5 Safari/536.30.1"
68.12.63.50 - - [13/Aug/2013:15:07:59 -0400] "GET /scripts/ic_globals_published.js HTTP/1.1" 200 566 "http://www.wiseguysokc.com/calendar.html" "Mozilla/5.0 (Macintosh; Intel Mac OS X 10_8_4) AppleWebKit/536.30.1 (KHTML, like Gecko) Version/6.0.5 Safari/536.30.1"
68.12.63.50 - - [13/Aug/2013:15:07:59 -0400] "GET /Frame-4-calendarpage4.html?refresh=1375823913675 HTTP/1.1" 200 54371 "http://www.wiseguysokc.com/calendar.html" "Mozilla/5.0 (Macintosh; Intel Mac OS X 10_8_4) AppleWebKit/536.30.1 (KHTML, like Gecko) Version/6.0.5 Safari/536.30.1"
68.12.63.50 - - [13/Aug/2013:15:07:59 -0400] "GET /250/images/09b.jpg HTTP/1.1" 200 1125 "http://www.wiseguysokc.com/Frame-4-calendarnav.htm" "Mozilla/5.0 (Macintosh; Intel Mac OS X 10_8_4) AppleWebKit/536.30.1 (KHTML, like Gecko) Version/6.0.5 Safari/536.30.1"
68.12.63.50 - - [13/Aug/2013:15:07:59 -0400] "GET /250/images/01a.jpg HTTP/1.1" 200 2917 "http://www.wiseguysokc.com/Frame-4-calendarnav.htm" "Mozilla/5.0 (Macintosh; Intel Mac OS X 10_8_4) AppleWebKit/536.30.1 (KHTML, like Gecko) Version/6.0.5 Safari/536.30.1"
68.12.63.50 - - [13/Aug/2013:15:08:00 -0400] "GET /250/images/index02.jpg HTTP/1.1" 200 999 "http://www.wiseguysokc.com/Frame-4-calendarpage4.html?refresh=1375823913675" "Mozilla/5.0 (Macintosh; Intel Mac OS X 10_8_4) AppleWebKit/536.30.1 (KHTML, like Gecko) Version/6.0.5 Safari/536.30.1"
68.12.63.50 - - [13/Aug/2013:15:08:00 -0400] "GET /250/images/company.jpg HTTP/1.1" 200 6282 "http://www.wiseguysokc.com/Frame-4-calendarpage4.html?refresh=1375823913675" "Mozilla/5.0 (Macintosh; Intel Mac OS X 10_8_4) AppleWebKit/536.30.1 (KHTML, like Gecko) Version/6.0.5 Safari/536.30.1"
68.12.63.50 - - [13/Aug/2013:15:08:00 -0400] "GET /250/images/motif01.jpg HTTP/1.1" 200 29843 "http://www.wiseguysokc.com/Frame-4-calendarpage4.html?refresh=1375823913675" "Mozilla/5.0 (Macintosh; Intel Mac OS X 10_8_4) AppleWebKit/536.30.1 (KHTML, like Gecko) Version/6.0.5 Safari/536.30.1"
70.164.68.246 - - [13/Aug/2013:16:13:25 -0400] "GET /250/images/index03.jpg HTTP/1.1" 200 2815 "http://www.wiseguysokc.com/Frame-1-homepage1.html?refresh=1375823914101" "Mozilla/4.0 (compatible; MSIE 8.0; Windows NT 5.1; Trident/4.0; GTB7.5; .NET CLR 2.0.50727; .NET CLR 3.0.4506.2152; .NET CLR 3.5.30729; BRI/1; BRI/2)"
70.164.68.246 - - [13/Aug/2013:16:13:25 -0400] "GET /250/images/index06.jpg HTTP/1.1" 200 2838 "http://www.wiseguysokc.com/Frame-1-homepage1.html?refresh=1375823914101" "Mozilla/4.0 (compatible; MSIE 8.0; Windows NT 5.1; Trident/4.0; GTB7.5; .NET CLR 2.0.50727; .NET CLR 3.0.4506.2152; .NET CLR 3.5.30729; BRI/1; BRI/2)"
204.62.25.101 - - [13/Aug/2013:17:30:15 -0400] "GET /250/images/04a.jpg HTTP/1.1" 200 3312 "-" "Mozilla/4.0 (compatible;)"
68.228.160.86 - - [13/Aug/2013:21:50:29 -0400] "GET /250/images/index06.jpg HTTP/1.1" 200 2838 "http://wiseguysokc.com/Frame-1-homepage1.html?refresh=1375823914101" "Mozilla/5.0 (compatible; MSIE 10.0; Windows NT 6.1; WOW64; Trident/6.0)"
68.228.160.86 - - [13/Aug/2013:21:50:29 -0400] "GET /250/images/07a.jpg HTTP/1.1" 200 3422 "http://wiseguysokc.com/Frame-1-homenav.htm" "Mozilla/5.0 (compatible; MSIE 10.0; Windows NT 6.1; WOW64; Trident/6.0)"
68.228.160.86 - - [13/Aug/2013:21:50:29 -0400] "GET /250/images/05b.jpg HTTP/1.1" 200 3654 "http://wiseguysokc.com/Frame-1-homenav.htm" "Mozilla/5.0 (compatible; MSIE 10.0; Windows NT 6.1; WOW64; Trident/6.0)"
68.228.160.86 - - [13/Aug/2013:21:50:29 -0400] "GET /250/images/10b.jpg HTTP/1.1" 200 1232 "http://wiseguysokc.com/Frame-1-homenav.htm" "Mozilla/5.0 (compatible; MSIE 10.0; Windows NT 6.1; WOW64; Trident/6.0)"
68.228.160.86 - - [13/Aug/2013:21:50:37 -0400] "GET /favicon.ico HTTP/1.1" 404 575 "-" "Mozilla/5.0 (compatible; MSIE 10.0; Windows NT 6.1; Win64; x64; Trident/6.0)"
37.140.165.202 - - [13/Aug/2013:02:41:33 -0400] "GET /images/100_P7150517.JPG HTTP/1.1" 304 - "-" "Mozilla/5.0 (compatible; YandexImages/3.0; +http://yandex.com/bots)"
66.249.75.36 - - [13/Aug/2013:18:08:45 -0400] "GET /Frame-3-gallerypage3.html?refresh=1373548544000 HTTP/1.1" 200 18292 "-" "Mozilla/5.0 (compatible; Googlebot/2.1; +http://www.google.com/bot.html)"
66.249.75.36 - - [13/Aug/2013:19:15:18 -0400] "GET /audiovideo.html HTTP/1.1" 304 - "-" "Mozilla/5.0 (iPhone; U; CPU iPhone OS 4_1 like Mac OS X; en-us) AppleWebKit/532.9 (KHTML, like Gecko) Version/4.0.5 Mobile/8B117 Safari/6531.22.7 (compatible; Googlebot-Mobile/2.1; +http://www.google.com/bot.html)"
99.35.194.182 - - [13/Aug/2013:20:04:42 -0400] "GET /images/393_Readers_Choice_2012_and_2013.jpg HTTP/1.1" 200 15144 "http://www.wiseguysokc.com/Frame-1-homepage1.html?refresh=1375823914101" "Mozilla/5.0 (iPad; CPU OS 6_1_3 like Mac OS X) AppleWebKit/536.26 (KHTML, like Gecko) Version/6.0 Mobile/10B329 Safari/8536.25"
99.35.194.182 - - [13/Aug/2013:20:04:43 -0400] "GET /250/images/index02.jpg HTTP/1.1" 200 999 "http://www.wiseguysokc.com/Frame-1-homepage1.html?refresh=1375823914101" "Mozilla/5.0 (iPad; CPU OS 6_1_3 like Mac OS X) AppleWebKit/536.26 (KHTML, like Gecko) Version/6.0 Mobile/10B329 Safari/8536.25"
99.35.194.182 - - [13/Aug/2013:20:04:43 -0400] "GET /250/images/content01.gif HTTP/1.1" 200 14331 "http://www.wiseguysokc.com/Frame-1-homepage1.html?refresh=1375823914101" "Mozilla/5.0 (iPad; CPU OS 6_1_3 like Mac OS X) AppleWebKit/536.26 (KHTML, like Gecko) Version/6.0 Mobile/10B329 Safari/8536.25"
99.35.194.182 - - [13/Aug/2013:20:04:43 -0400] "GET /250/images/02b.jpg HTTP/1.1" 200 3466 "http://www.wiseguysokc.com/Frame-1-homenav.htm" "Mozilla/5.0 (iPad; CPU OS 6_1_3 like Mac OS X) AppleWebKit/536.26 (KHTML, like Gecko) Version/6.0 Mobile/10B329 Safari/8536.25"
99.35.194.182 - - [13/Aug/2013:20:04:43 -0400] "GET /250/images/07b.jpg HTTP/1.1" 200 3345 "http://www.wiseguysokc.com/Frame-1-homenav.htm" "Mozilla/5.0 (iPad; CPU OS 6_1_3 like Mac OS X) AppleWebKit/536.26 (KHTML, like Gecko) Version/6.0 Mobile/10B329 Safari/8536.25"
99.35.194.182 - - [13/Aug/2013:20:04:43 -0400] "GET /250/images/09b.jpg HTTP/1.1" 200 1125 "http://www.wiseguysokc.com/Frame-1-homenav.htm" "Mozilla/5.0 (iPad; CPU OS 6_1_3 like Mac OS X) AppleWebKit/536.26 (KHTML, like Gecko) Version/6.0 Mobile/10B329 Safari/8536.25"
99.35.194.182 - - [13/Aug/2013:20:04:43 -0400] "GET /250/images/01a.jpg HTTP/1.1" 200 2917 "http://www.wiseguysokc.com/Frame-1-homenav.htm" "Mozilla/5.0 (iPad; CPU OS 6_1_3 like Mac OS X) AppleWebKit/536.26 (KHTML, like Gecko) Version/6.0 Mobile/10B329 Safari/8536.25"
99.35.194.182 - - [13/Aug/2013:20:04:43 -0400] "GET /250/images/05a.jpg HTTP/1.1" 200 3815 "http://www.wiseguysokc.com/Frame-1-homenav.htm" "Mozilla/5.0 (iPad; CPU OS 6_1_3 like Mac OS X) AppleWebKit/536.26 (KHTML, like Gecko) Version/6.0 Mobile/10B329 Safari/8536.25"
99.35.194.182 - - [13/Aug/2013:20:04:43 -0400] "GET /250/images/06a.jpg HTTP/1.1" 200 3075 "http://www.wiseguysokc.com/Frame-1-homenav.htm" "Mozilla/5.0 (iPad; CPU OS 6_1_3 like Mac OS X) AppleWebKit/536.26 (KHTML, like Gecko) Version/6.0 Mobile/10B329 Safari/8536.25"
99.35.194.182 - - [13/Aug/2013:20:04:43 -0400] "GET /250/images/08a.jpg HTTP/1.1" 200 3709 "http://www.wiseguysokc.com/Frame-1-homenav.htm" "Mozilla/5.0 (iPad; CPU OS 6_1_3 like Mac OS X) AppleWebKit/536.26 (KHTML, like Gecko) Version/6.0 Mobile/10B329 Safari/8536.25"
72.198.69.35 - - [13/Aug/2013:10:36:24 -0400] "GET / HTTP/1.1" 200 1092 "http://www.google.com/search?q=the+wise+guys+okc&rlz=1C1CHFA_enUS485US485&sugexp=chrome,mod=11&sourceid=chrome&ie=UTF-8" "Mozilla/5.0 (Macintosh; Intel Mac OS X 10_5_8) AppleWebKit/537.1 (KHTML, like Gecko) Chrome/21.0.1180.90 Safari/537.1"
72.198.69.35 - - [13/Aug/2013:10:36:49 -0400] "GET /250/scripts/master.css HTTP/1.1" 200 1956 "http://www.wiseguysokc.com/" "Mozilla/5.0 (Macintosh; Intel Mac OS X 10_5_8) AppleWebKit/537.1 (KHTML, like Gecko) Chrome/21.0.1180.90 Safari/537.1"
72.198.69.35 - - [13/Aug/2013:10:37:22 -0400] "GET /images/153__8280370_-_Crpt.JPG HTTP/1.1" 200 5529 "http://www.wiseguysokc.com/Frame-2-meetthebandpage2.html?refresh=1375823913574" "Mozilla/5.0 (Macintosh; Intel Mac OS X 10_5_8) AppleWebKit/537.1 (KHTML, like Gecko) Chrome/21.0.1180.90 Safari/537.1"
68.12.3.140 - - [13/Aug/2013:11:35:03 -0400] "GET /Frame-1-homepage1.html?refresh=1375823914101 HTTP/1.1" 304 - "http://www.wiseguysokc.com/index.html" "Mozilla/5.0 (Macintosh; Intel Mac OS X 10_7_5) AppleWebKit/536.30.1 (KHTML, like Gecko) Version/6.0.5 Safari/536.30.1"
68.12.3.140 - - [13/Aug/2013:11:35:04 -0400] "GET /250/images/index05.jpg HTTP/1.1" 304 - "http://www.wiseguysokc.com/Frame-1-homepage1.html?refresh=1375823914101" "Mozilla/5.0 (Macintosh; Intel Mac OS X 10_7_5) AppleWebKit/536.30.1 (KHTML, like Gecko) Version/6.0.5 Safari/536.30.1"
68.228.160.86 - - [13/Aug/2013:21:51:06 -0400] "GET /meettheband.html HTTP/1.1" 304 - "http://wiseguysokc.com/Frame-11-randysgallerypage11.html?refresh=1375823913350" "Mozilla/5.0 (compatible; MSIE 10.0; Windows NT 6.1; WOW64; Trident/6.0)"
174.239.38.144 - - [13/Aug/2013:16:15:30 -0400] "GET /images/483_Promo_2.jpg HTTP/1.1" 200 20864 "http://wiseguysokc.com/Frame-4-calendarpage4.html?refresh=1375823913675" "Mozilla/5.0 (iPhone; CPU iPhone OS 6_1_3 like Mac OS X) AppleWebKit/536.26 (KHTML, like Gecko) Version/6.0 Mobile/10B329 Safari/8536.25"
174.239.38.144 - - [13/Aug/2013:16:15:30 -0400] "GET /250/images/06b.jpg HTTP/1.1" 200 3011 "http://wiseguysokc.com/Frame-4-calendarnav.htm" "Mozilla/5.0 (iPhone; CPU iPhone OS 6_1_3 like Mac OS X) AppleWebKit/536.26 (KHTML, like Gecko) Version/6.0 Mobile/10B329 Safari/8536.25"
174.239.38.144 - - [13/Aug/2013:16:15:31 -0400] "GET /250/images/spacer.gif HTTP/1.1" 200 43 "http://wiseguysokc.com/Frame-4-calendarnav.htm" "Mozilla/5.0 (iPhone; CPU iPhone OS 6_1_3 like Mac OS X) AppleWebKit/536.26 (KHTML, like Gecko) Version/6.0 Mobile/10B329 Safari/8536.25"
174.239.38.144 - - [13/Aug/2013:16:15:32 -0400] "GET /250/images/05a.jpg HTTP/1.1" 200 3815 "http://wiseguysokc.com/Frame-4-calendarnav.htm" "Mozilla/5.0 (iPhone; CPU iPhone OS 6_1_3 like Mac OS X) AppleWebKit/536.26 (KHTML, like Gecko) Version/6.0 Mobile/10B329 Safari/8536.25"
123.125.71.95 - - [13/Aug/2013:17:22:10 -0400] "GET / HTTP/1.1" 200 1092 "-" "Mozilla/5.0 (Linux;u;Android 2.3.7;zh-cn;) AppleWebKit/533.1 (KHTML,like Gecko) Version/4.0 Mobile Safari/533.1 (compatible; +http://www.baidu.com/search/spider.html)"
173.196.144.130 - - [13/Aug/2013:17:29:50 -0400] "GET /250/scripts/icwebsiteelement.css HTTP/1.1" 200 8132 "http://www.wiseguysokc.com/meettheband.html" "Mozilla/4.0 (compatible; MSIE 8.0; Windows NT 5.1; Trident/4.0; .NET CLR 1.1.4322; .NET CLR 2.0.50727; BOIE8;ENUS)"
204.62.25.101 - - [13/Aug/2013:17:30:15 -0400] "GET /250/images/02a.jpg HTTP/1.1" 200 3437 "-" "Mozilla/4.0 (compatible;)"
66.249.75.150 - - [13/Aug/2013:01:06:39 -0400] "GET / HTTP/1.1" 200 1092 "-" "Mozilla/5.0 (iPhone; U; CPU iPhone OS 4_1 like Mac OS X; en-us) AppleWebKit/532.9 (KHTML, like Gecko) Version/4.0.5 Mobile/8B117 Safari/6531.22.7 (compatible; Googlebot-Mobile/2.1; +http://www.google.com/bot.html)"
68.227.105.22 - - [13/Aug/2013:21:12:16 -0400] "GET / HTTP/1.1" 200 1092 "http://www.google.com/url?sa=t&rct=j&q=the%20wise%20guys%20okc&source=web&cd=1&ved=0CCoQFjAA&url=http%3A%2F%2Fwww.wiseguysokc.com%2F&ei=bNkKUq7wG-aNygGEkoDgDA&usg=AFQjCNFVpdEFRf09sCn3b4S1yd0keUAD6g&bvm=bv.50723672,d.cGE" "Mozilla/5.0 (iPad; CPU OS 6_1_3 like Mac OS X) AppleWebKit/536.26 (KHTML, like Gecko) Mobile/10B329"
68.227.105.22 - - [13/Aug/2013:21:12:16 -0400] "GET /250/scripts/master.css HTTP/1.1" 200 1956 "http://www.wiseguysokc.com/" "Mozilla/5.0 (iPad; CPU OS 6_1_3 like Mac OS X) AppleWebKit/536.26 (KHTML, like Gecko) Mobile/10B329"
68.227.105.22 - - [13/Aug/2013:21:12:16 -0400] "GET /scripts/user.js HTTP/1.1" 200 23762 "http://www.wiseguysokc.com/" "Mozilla/5.0 (iPad; CPU OS 6_1_3 like Mac OS X) AppleWebKit/536.26 (KHTML, like Gecko) Mobile/10B329"
68.227.105.22 - - [13/Aug/2013:21:12:16 -0400] "GET /Frame-1-homepage1.html?refresh=1375823914101 HTTP/1.1" 200 19952 "http://www.wiseguysokc.com/" "Mozilla/5.0 (iPad; CPU OS 6_1_3 like Mac OS X) AppleWebKit/536.26 (KHTML, like Gecko) Mobile/10B329"
68.227.105.22 - - [13/Aug/2013:21:12:16 -0400] "GET /250/images/04b.jpg HTTP/1.1" 200 3245 "http://www.wiseguysokc.com/Frame-1-homenav.htm" "Mozilla/5.0 (iPad; CPU OS 6_1_3 like Mac OS X) AppleWebKit/536.26 (KHTML, like Gecko) Mobile/10B329"
68.227.105.22 - - [13/Aug/2013:21:12:16 -0400] "GET /250/images/09b.jpg HTTP/1.1" 200 1125 "http://www.wiseguysokc.com/Frame-1-homenav.htm" "Mozilla/5.0 (iPad; CPU OS 6_1_3 like Mac OS X) AppleWebKit/536.26 (KHTML, like Gecko) Mobile/10B329"
68.227.105.22 - - [13/Aug/2013:21:12:16 -0400] "GET /250/images/02a.jpg HTTP/1.1" 200 3437 "http://www.wiseguysokc.com/Frame-1-homenav.htm" "Mozilla/5.0 (iPad; CPU OS 6_1_3 like Mac OS X) AppleWebKit/536.26 (KHTML, like Gecko) Mobile/10B329"
68.227.105.22 - - [13/Aug/2013:21:12:16 -0400] "GET /images/483_WG_s_Promo_2013.jpg HTTP/1.1" 200 24817 "http://www.wiseguysokc.com/Frame-1-homepage1.html?refresh=1375823914101" "Mozilla/5.0 (iPad; CPU OS 6_1_3 like Mac OS X) AppleWebKit/536.26 (KHTML, like Gecko) Mobile/10B329"
68.227.105.22 - - [13/Aug/2013:21:12:17 -0400] "GET /images/393_Readers_Choice_2012_and_2013.jpg HTTP/1.1" 200 15144 "http://www.wiseguysokc.com/Frame-1-homepage1.html?refresh=1375823914101" "Mozilla/5.0 (iPad; CPU OS 6_1_3 like Mac OS X) AppleWebKit/536.26 (KHTML, like Gecko) Mobile/10B329"
68.227.105.22 - - [13/Aug/2013:21:12:17 -0400] "GET /images/240_Jeff_Shadow_copy.jpg HTTP/1.1" 200 7629 "http://www.wiseguysokc.com/Frame-1-homepage1.html?refresh=1375823914101" "Mozilla/5.0 (iPad; CPU OS 6_1_3 like Mac OS X) AppleWebKit/536.26 (KHTML, like Gecko) Mobile/10B329"
68.227.105.22 - - [13/Aug/2013:21:12:17 -0400] "GET /images/180_WG_-_Facebook.jpg HTTP/1.1" 200 4974 "http://www.wiseguysokc.com/Frame-1-homepage1.html?refresh=1375823914101" "Mozilla/5.0 (iPad; CPU OS 6_1_3 like Mac OS X) AppleWebKit/536.26 (KHTML, like Gecko) Mobile/10B329"
68.227.105.22 - - [13/Aug/2013:21:12:17 -0400] "GET /250/images/index05.jpg HTTP/1.1" 200 2081 "http://www.wiseguysokc.com/Frame-1-homepage1.html?refresh=1375823914101" "Mozilla/5.0 (iPad; CPU OS 6_1_3 like Mac OS X) AppleWebKit/536.26 (KHTML, like Gecko) Mobile/10B329"
68.227.105.22 - - [13/Aug/2013:21:12:17 -0400] "GET /250/images/slogan.jpg HTTP/1.1" 200 5909 "http://www.wiseguysokc.com/Frame-1-homepage1.html?refresh=1375823914101" "Mozilla/5.0 (iPad; CPU OS 6_1_3 like Mac OS X) AppleWebKit/536.26 (KHTML, like Gecko) Mobile/10B329"
68.228.160.86 - - [13/Aug/2013:21:50:37 -0400] "GET /images/155_Brad_Arts_Fest_05.jpg HTTP/1.1" 200 6514 "http://wiseguysokc.com/Frame-2-meetthebandpage2.html?refresh=1375823913574" "Mozilla/5.0 (compatible; MSIE 10.0; Windows NT 6.1; WOW64; Trident/6.0)"
68.228.160.86 - - [13/Aug/2013:21:50:37 -0400] "GET /images/483__DSC2309.jpg HTTP/1.1" 200 31645 "http://wiseguysokc.com/Frame-2-meetthebandpage2.html?refresh=1375823913574" "Mozilla/5.0 (compatible; MSIE 10.0; Windows NT 6.1; WOW64; Trident/6.0)"
66.249.72.36 - - [13/Aug/2013:22:33:35 -0400] "GET /Frame-9-bookingmediakitpage9.html?refresh=1346377717499 HTTP/1.1" 200 18826 "-" "Mozilla/5.0 (compatible; Googlebot/2.1; +http://www.google.com/bot.html)"
70.164.68.246 - - [13/Aug/2013:16:13:22 -0400] "GET /scripts/photoalbum.js HTTP/1.1" 200 62481 "http://www.wiseguysokc.com/" "Mozilla/4.0 (compatible; MSIE 8.0; Windows NT 5.1; Trident/4.0; GTB7.5; .NET CLR 2.0.50727; .NET CLR 3.0.4506.2152; .NET CLR 3.5.30729; BRI/1; BRI/2)"
70.164.68.246 - - [13/Aug/2013:16:13:24 -0400] "GET /250/images/01b.jpg HTTP/1.1" 200 2948 "http://www.wiseguysokc.com/Frame-1-homenav.htm" "Mozilla/4.0 (compatible; MSIE 8.0; Windows NT 5.1; Trident/4.0; GTB7.5; .NET CLR 2.0.50727; .NET CLR 3.0.4506.2152; .NET CLR 3.5.30729; BRI/1; BRI/2)"
70.164.68.246 - - [13/Aug/2013:16:13:24 -0400] "GET /250/images/06b.jpg HTTP/1.1" 200 3011 "http://www.wiseguysokc.com/Frame-1-homenav.htm" "Mozilla/4.0 (compatible; MSIE 8.0; Windows NT 5.1; Trident/4.0; GTB7.5; .NET CLR 2.0.50727; .NET CLR 3.0.4506.2152; .NET CLR 3.5.30729; BRI/1; BRI/2)"
70.164.68.246 - - [13/Aug/2013:16:13:24 -0400] "GET /250/images/10b.jpg HTTP/1.1" 200 1232 "http://www.wiseguysokc.com/Frame-1-homenav.htm" "Mozilla/4.0 (compatible; MSIE 8.0; Windows NT 5.1; Trident/4.0; GTB7.5; .NET CLR 2.0.50727; .NET CLR 3.0.4506.2152; .NET CLR 3.5.30729; BRI/1; BRI/2)"
150.70.75.31 - - [13/Aug/2013:16:15:29 -0400] "GET /scripts/user.js HTTP/1.0" 200 23762 "-" "Mozilla/4.0 (compatible; MSIE 6.0; Windows NT 5.1)"
173.196.144.130 - - [13/Aug/2013:17:29:51 -0400] "GET /250/images/07b.jpg HTTP/1.1" 200 3345 "http://www.wiseguysokc.com/Frame-2-meetthebandnav.htm" "Mozilla/4.0 (compatible; MSIE 8.0; Windows NT 5.1; Trident/4.0; .NET CLR 1.1.4322; .NET CLR 2.0.50727; BOIE8;ENUS)"
204.62.25.101 - - [13/Aug/2013:17:30:15 -0400] "GET /250/images/index06.jpg HTTP/1.1" 200 2838 "-" "Mozilla/4.0 (compatible;)"
166.137.156.21 - - [13/Aug/2013:21:46:58 -0400] "GET /scripts/user.js HTTP/1.1" 200 23762 "http://www.wiseguysokc.com/" "Mozilla/5.0 (iPhone; CPU iPhone OS 6_1_3 like Mac OS X) AppleWebKit/536.26 (KHTML, like Gecko) Version/6.0 Mobile/10B329 Safari/8536.25"
166.137.156.21 - - [13/Aug/2013:21:46:59 -0400] "GET /Frame-1-homenav.htm HTTP/1.1" 200 4534 "http://www.wiseguysokc.com/" "Mozilla/5.0 (iPhone; CPU iPhone OS 6_1_3 like Mac OS X) AppleWebKit/536.26 (KHTML, like Gecko) Version/6.0 Mobile/10B329 Safari/8536.25"
166.137.156.21 - - [13/Aug/2013:21:46:59 -0400] "GET /images/180_WG_-_Facebook.jpg HTTP/1.1" 200 4974 "http://www.wiseguysokc.com/Frame-1-homepage1.html?refresh=1375823914101" "Mozilla/5.0 (iPhone; CPU iPhone OS 6_1_3 like Mac OS X) AppleWebKit/536.26 (KHTML, like Gecko) Version/6.0 Mobile/10B329 Safari/8536.25"
166.137.156.21 - - [13/Aug/2013:21:46:59 -0400] "GET /images/483_WG_s_Promo_2013.jpg HTTP/1.1" 200 24817 "http://www.wiseguysokc.com/Frame-1-homepage1.html?refresh=1375823914101" "Mozilla/5.0 (iPhone; CPU iPhone OS 6_1_3 like Mac OS X) AppleWebKit/536.26 (KHTML, like Gecko) Version/6.0 Mobile/10B329 Safari/8536.25"
166.137.156.21 - - [13/Aug/2013:21:46:59 -0400] "GET /250/images/01a.jpg HTTP/1.1" 200 2917 "http://www.wiseguysokc.com/Frame-1-homenav.htm" "Mozilla/5.0 (iPhone; CPU iPhone OS 6_1_3 like Mac OS X) AppleWebKit/536.26 (KHTML, like Gecko) Version/6.0 Mobile/10B329 Safari/8536.25"
166.137.156.21 - - [13/Aug/2013:21:46:59 -0400] "GET /250/images/02a.jpg HTTP/1.1" 200 3437 "http://www.wiseguysokc.com/Frame-1-homenav.htm" "Mozilla/5.0 (iPhone; CPU iPhone OS 6_1_3 like Mac OS X) AppleWebKit/536.26 (KHTML, like Gecko) Version/6.0 Mobile/10B329 Safari/8536.25"
166.137.156.21 - - [13/Aug/2013:21:46:59 -0400] "GET /250/images/05a.jpg HTTP/1.1" 200 3815 "http://www.wiseguysokc.com/Frame-1-homenav.htm" "Mozilla/5.0 (iPhone; CPU iPhone OS 6_1_3 like Mac OS X) AppleWebKit/536.26 (KHTML, like Gecko) Version/6.0 Mobile/10B329 Safari/8536.25"
166.137.156.21 - - [13/Aug/2013:21:47:00 -0400] "GET /250/images/06a.jpg HTTP/1.1" 200 3075 "http://www.wiseguysokc.com/Frame-1-homenav.htm" "Mozilla/5.0 (iPhone; CPU iPhone OS 6_1_3 like Mac OS X) AppleWebKit/536.26 (KHTML, like Gecko) Version/6.0 Mobile/10B329 Safari/8536.25"
