0byt3m1n1
Path:
/
data
/
0
/
0
/
6
/
102
/
6917
/
meta
/
7090
/
logs
/
[
Home
]
File: x-access_log.2013-08-19
37.140.165.202 - - [19/Aug/2013:02:36:00 -0400] "GET /images/240_Jeff_Shadow_copy.jpg HTTP/1.1" 304 - "-" "Mozilla/5.0 (compatible; YandexImages/3.0; +http://yandex.com/bots)"
156.110.24.142 - - [19/Aug/2013:12:54:53 -0400] "GET /250/images/06a.jpg HTTP/1.1" 200 3075 "http://www.wiseguysokc.com/Frame-1-homenav.htm" "Mozilla/5.0 (compatible; MSIE 9.0; Windows NT 6.1; WOW64; Trident/5.0)"
46.118.126.194 - - [19/Aug/2013:13:45:14 -0400] "GET /meettheband.html HTTP/1.1" 200 1106 "http://skupkaru.ru/" "Mozilla/4.0 (compatible; MSIE 6.0; Windows NT 5.1; SV1)"
46.224.240.192 - - [19/Aug/2013:14:06:35 -0400] "GET /images/180_WG_-_Facebook.jpg HTTP/1.1" 200 4974 "http://www.wiseguysokc.com/Frame-1-homepage1.html?refresh=1375823914101" "Mozilla/5.0 (Windows NT 6.1) AppleWebKit/537.36 (KHTML, like Gecko) Chrome/28.0.1500.95 Safari/537.36"
46.224.240.192 - - [19/Aug/2013:14:06:38 -0400] "GET /250/images/index05.jpg HTTP/1.1" 200 2081 "http://www.wiseguysokc.com/Frame-1-homepage1.html?refresh=1375823914101" "Mozilla/5.0 (Windows NT 6.1) AppleWebKit/537.36 (KHTML, like Gecko) Chrome/28.0.1500.95 Safari/537.36"
193.252.118.174 - - [19/Aug/2013:04:33:25 -0400] "GET /meettheband.html HTTP/1.1" 200 1106 "-" "Mozilla/5.0 (Windows; U; Windows NT 5.1; fr; rv:1.8.1) VoilaBot BETA 1.2 (support.voilabot@orange-ftgroup.com)"
157.55.33.80 - - [19/Aug/2013:11:16:00 -0400] "GET /home.html HTTP/1.1" 200 1092 "-" "Mozilla/5.0 (compatible; bingbot/2.0; +http://www.bing.com/bingbot.htm)"
68.12.3.140 - - [19/Aug/2013:11:39:18 -0400] "GET /scripts/photoalbum.js HTTP/1.1" 200 62481 "http://www.wiseguysokc.com/index.html" "Mozilla/5.0 (Macintosh; Intel Mac OS X 10_7_5) AppleWebKit/536.30.1 (KHTML, like Gecko) Version/6.0.5 Safari/536.30.1"
68.12.3.140 - - [19/Aug/2013:11:39:19 -0400] "GET /images/393_Readers_Choice_2012_and_2013.jpg HTTP/1.1" 200 15144 "http://www.wiseguysokc.com/Frame-1-homepage1.html?refresh=1375823914101" "Mozilla/5.0 (Macintosh; Intel Mac OS X 10_7_5) AppleWebKit/536.30.1 (KHTML, like Gecko) Version/6.0.5 Safari/536.30.1"
68.12.3.140 - - [19/Aug/2013:11:39:19 -0400] "GET /250/images/05b.jpg HTTP/1.1" 200 3654 "http://www.wiseguysokc.com/Frame-1-homenav.htm" "Mozilla/5.0 (Macintosh; Intel Mac OS X 10_7_5) AppleWebKit/536.30.1 (KHTML, like Gecko) Version/6.0.5 Safari/536.30.1"
68.12.3.140 - - [19/Aug/2013:11:39:19 -0400] "GET /250/images/10b.jpg HTTP/1.1" 200 1232 "http://www.wiseguysokc.com/Frame-1-homenav.htm" "Mozilla/5.0 (Macintosh; Intel Mac OS X 10_7_5) AppleWebKit/536.30.1 (KHTML, like Gecko) Version/6.0.5 Safari/536.30.1"
68.12.3.140 - - [19/Aug/2013:11:39:19 -0400] "GET /images/180_WG_-_Facebook.jpg HTTP/1.1" 200 4974 "http://www.wiseguysokc.com/Frame-1-homepage1.html?refresh=1375823914101" "Mozilla/5.0 (Macintosh; Intel Mac OS X 10_7_5) AppleWebKit/536.30.1 (KHTML, like Gecko) Version/6.0.5 Safari/536.30.1"
68.12.3.140 - - [19/Aug/2013:11:39:19 -0400] "GET /250/images/index02.jpg HTTP/1.1" 200 999 "http://www.wiseguysokc.com/Frame-1-homepage1.html?refresh=1375823914101" "Mozilla/5.0 (Macintosh; Intel Mac OS X 10_7_5) AppleWebKit/536.30.1 (KHTML, like Gecko) Version/6.0.5 Safari/536.30.1"
68.12.3.140 - - [19/Aug/2013:11:39:19 -0400] "GET /250/images/slogan.jpg HTTP/1.1" 200 5909 "http://www.wiseguysokc.com/Frame-1-homepage1.html?refresh=1375823914101" "Mozilla/5.0 (Macintosh; Intel Mac OS X 10_7_5) AppleWebKit/536.30.1 (KHTML, like Gecko) Version/6.0.5 Safari/536.30.1"
68.12.3.140 - - [19/Aug/2013:11:39:19 -0400] "GET /250/images/index06.jpg HTTP/1.1" 200 2838 "http://www.wiseguysokc.com/Frame-1-homepage1.html?refresh=1375823914101" "Mozilla/5.0 (Macintosh; Intel Mac OS X 10_7_5) AppleWebKit/536.30.1 (KHTML, like Gecko) Version/6.0.5 Safari/536.30.1"
68.12.3.140 - - [19/Aug/2013:11:39:19 -0400] "GET /250/images/07a.jpg HTTP/1.1" 200 3422 "http://www.wiseguysokc.com/Frame-1-homenav.htm" "Mozilla/5.0 (Macintosh; Intel Mac OS X 10_7_5) AppleWebKit/536.30.1 (KHTML, like Gecko) Version/6.0.5 Safari/536.30.1"
37.140.165.202 - - [19/Aug/2013:15:36:25 -0400] "GET /250/images/content01.gif HTTP/1.1" 200 14331 "-" "Mozilla/5.0 (compatible; YandexImages/3.0; +http://yandex.com/bots)"
123.125.71.108 - - [19/Aug/2013:17:13:46 -0400] "GET /images/393_Readers_Choice_2012_and_2013.jpg HTTP/1.1" 200 15144 "-" "Baiduspider-image+(+http://www.baidu.com/search/spider.htm)"
66.249.75.36 - - [19/Aug/2013:17:32:02 -0400] "GET /meettheband.html HTTP/1.1" 304 - "-" "Mozilla/5.0 (compatible; Googlebot/2.1; +http://www.google.com/bot.html)"
150.70.75.35 - - [19/Aug/2013:19:39:41 -0400] "GET /scripts/photoalbum.js HTTP/1.0" 200 62481 "-" "Mozilla/4.0 (compatible; MSIE 6.0; Windows NT 5.1)"
92.249.127.111 - - [19/Aug/2013:10:49:26 -0400] "GET /meettheband.html HTTP/1.1" 200 1106 "http://chydesa.mybb.ru/" "Mozilla/5.0 (compatible; news bot /2.1)"
46.224.240.192 - - [19/Aug/2013:14:06:33 -0400] "GET /250/images/back01.jpg HTTP/1.1" 200 1321 "http://www.wiseguysokc.com/Frame-1-homepage1.html?refresh=1375823914101" "Mozilla/5.0 (Windows NT 6.1) AppleWebKit/537.36 (KHTML, like Gecko) Chrome/28.0.1500.95 Safari/537.36"
46.224.240.192 - - [19/Aug/2013:14:06:33 -0400] "GET /250/images/02b.jpg HTTP/1.1" 200 3466 "http://www.wiseguysokc.com/Frame-1-homenav.htm" "Mozilla/5.0 (Windows NT 6.1) AppleWebKit/537.36 (KHTML, like Gecko) Chrome/28.0.1500.95 Safari/537.36"
46.224.240.192 - - [19/Aug/2013:14:06:33 -0400] "GET /250/images/04b.jpg HTTP/1.1" 200 3245 "http://www.wiseguysokc.com/Frame-1-homenav.htm" "Mozilla/5.0 (Windows NT 6.1) AppleWebKit/537.36 (KHTML, like Gecko) Chrome/28.0.1500.95 Safari/537.36"
46.224.240.192 - - [19/Aug/2013:14:06:33 -0400] "GET /250/images/06b.jpg HTTP/1.1" 200 3011 "http://www.wiseguysokc.com/Frame-1-homenav.htm" "Mozilla/5.0 (Windows NT 6.1) AppleWebKit/537.36 (KHTML, like Gecko) Chrome/28.0.1500.95 Safari/537.36"
46.224.240.192 - - [19/Aug/2013:14:06:34 -0400] "GET /250/images/spacer.gif HTTP/1.1" 200 43 "http://www.wiseguysokc.com/Frame-1-homenav.htm" "Mozilla/5.0 (Windows NT 6.1) AppleWebKit/537.36 (KHTML, like Gecko) Chrome/28.0.1500.95 Safari/537.36"
46.224.240.192 - - [19/Aug/2013:14:06:34 -0400] "GET /250/images/02a.jpg HTTP/1.1" 200 3437 "http://www.wiseguysokc.com/Frame-1-homenav.htm" "Mozilla/5.0 (Windows NT 6.1) AppleWebKit/537.36 (KHTML, like Gecko) Chrome/28.0.1500.95 Safari/537.36"
46.224.240.192 - - [19/Aug/2013:14:06:35 -0400] "GET /250/images/05a.jpg HTTP/1.1" 200 3815 "http://www.wiseguysokc.com/Frame-1-homenav.htm" "Mozilla/5.0 (Windows NT 6.1) AppleWebKit/537.36 (KHTML, like Gecko) Chrome/28.0.1500.95 Safari/537.36"
46.224.240.192 - - [19/Aug/2013:14:06:35 -0400] "GET /250/images/07a.jpg HTTP/1.1" 200 3422 "http://www.wiseguysokc.com/Frame-1-homenav.htm" "Mozilla/5.0 (Windows NT 6.1) AppleWebKit/537.36 (KHTML, like Gecko) Chrome/28.0.1500.95 Safari/537.36"
46.224.240.192 - - [19/Aug/2013:14:06:36 -0400] "GET /images/483__DSC2843.jpg HTTP/1.1" 200 53533 "http://www.wiseguysokc.com/Frame-1-homepage1.html?refresh=1375823914101" "Mozilla/5.0 (Windows NT 6.1) AppleWebKit/537.36 (KHTML, like Gecko) Chrome/28.0.1500.95 Safari/537.36"
37.140.165.202 - - [19/Aug/2013:12:17:35 -0400] "GET /250/images/index04.jpg HTTP/1.1" 200 2241 "-" "Mozilla/5.0 (compatible; YandexImages/3.0; +http://yandex.com/bots)"
46.224.240.192 - - [19/Aug/2013:14:06:22 -0400] "GET /scripts/user.js HTTP/1.1" 200 23762 "http://www.wiseguysokc.com/" "Mozilla/5.0 (Windows NT 6.1) AppleWebKit/537.36 (KHTML, like Gecko) Chrome/28.0.1500.95 Safari/537.36"
68.12.110.53 - - [19/Aug/2013:00:14:39 -0400] "GET /scripts/user.js HTTP/1.1" 200 23762 "http://www.wiseguysokc.com/meettheband.html" "Mozilla/5.0 (Macintosh; Intel Mac OS X 10.6; rv:22.0) Gecko/20100101 Firefox/22.0"
68.12.110.53 - - [19/Aug/2013:00:14:39 -0400] "GET /Frame-2-meetthebandnav.htm HTTP/1.1" 200 4534 "http://www.wiseguysokc.com/meettheband.html" "Mozilla/5.0 (Macintosh; Intel Mac OS X 10.6; rv:22.0) Gecko/20100101 Firefox/22.0"
68.12.110.53 - - [19/Aug/2013:00:14:39 -0400] "GET /images/190_Mike_Arts_Fest_05.jpg HTTP/1.1" 200 8119 "http://www.wiseguysokc.com/Frame-2-meetthebandpage2.html?refresh=1375823913574" "Mozilla/5.0 (Macintosh; Intel Mac OS X 10.6; rv:22.0) Gecko/20100101 Firefox/22.0"
68.12.110.53 - - [19/Aug/2013:00:14:39 -0400] "GET /250/images/spacer.gif HTTP/1.1" 200 43 "http://www.wiseguysokc.com/Frame-2-meetthebandpage2.html?refresh=1375823913574" "Mozilla/5.0 (Macintosh; Intel Mac OS X 10.6; rv:22.0) Gecko/20100101 Firefox/22.0"
68.12.110.53 - - [19/Aug/2013:00:14:39 -0400] "GET /250/images/index04.jpg HTTP/1.1" 200 2241 "http://www.wiseguysokc.com/Frame-2-meetthebandpage2.html?refresh=1375823913574" "Mozilla/5.0 (Macintosh; Intel Mac OS X 10.6; rv:22.0) Gecko/20100101 Firefox/22.0"
68.12.110.53 - - [19/Aug/2013:00:14:39 -0400] "GET /250/images/index06.jpg HTTP/1.1" 200 2838 "http://www.wiseguysokc.com/Frame-2-meetthebandpage2.html?refresh=1375823913574" "Mozilla/5.0 (Macintosh; Intel Mac OS X 10.6; rv:22.0) Gecko/20100101 Firefox/22.0"
68.12.110.53 - - [19/Aug/2013:00:14:39 -0400] "GET /250/images/05a.jpg HTTP/1.1" 200 3815 "http://www.wiseguysokc.com/Frame-2-meetthebandnav.htm" "Mozilla/5.0 (Macintosh; Intel Mac OS X 10.6; rv:22.0) Gecko/20100101 Firefox/22.0"
68.12.110.53 - - [19/Aug/2013:00:14:39 -0400] "GET /250/images/02b.jpg HTTP/1.1" 200 3466 "http://www.wiseguysokc.com/Frame-2-meetthebandnav.htm" "Mozilla/5.0 (Macintosh; Intel Mac OS X 10.6; rv:22.0) Gecko/20100101 Firefox/22.0"
68.12.110.53 - - [19/Aug/2013:00:14:39 -0400] "GET /250/images/07b.jpg HTTP/1.1" 200 3345 "http://www.wiseguysokc.com/Frame-2-meetthebandnav.htm" "Mozilla/5.0 (Macintosh; Intel Mac OS X 10.6; rv:22.0) Gecko/20100101 Firefox/22.0"
68.12.110.53 - - [19/Aug/2013:00:14:39 -0400] "GET /250/images/nav_back.jpg HTTP/1.1" 200 15744 "http://www.wiseguysokc.com/Frame-2-meetthebandnav.htm" "Mozilla/5.0 (Macintosh; Intel Mac OS X 10.6; rv:22.0) Gecko/20100101 Firefox/22.0"
69.151.51.120 - - [19/Aug/2013:19:38:39 -0400] "GET /250/images/06a.jpg HTTP/1.1" 304 - "http://www.wiseguysokc.com/Frame-1-homenav.htm" "Mozilla/5.0 (compatible; MSIE 9.0; Windows NT 6.0; WOW64; Trident/5.0)"
69.151.51.120 - - [19/Aug/2013:19:38:41 -0400] "GET /250/scripts/master.css HTTP/1.1" 304 - "http://www.wiseguysokc.com/calendar.html" "Mozilla/5.0 (compatible; MSIE 9.0; Windows NT 6.0; WOW64; Trident/5.0)"
68.228.162.239 - - [19/Aug/2013:12:01:31 -0400] "GET /images/155_Brad_Arts_Fest_05.jpg HTTP/1.1" 200 6514 "http://www.wiseguysokc.com/Frame-2-meetthebandpage2.html?refresh=1375823913574" "Mozilla/4.0 (compatible; MSIE 8.0; Windows NT 6.0; Trident/4.0; SLCC1; .NET CLR 2.0.50727; Media Center PC 5.0; .NET CLR 3.5.30729; .NET4.0C; .NET CLR 3.0.30729; McAfee)"
68.12.110.53 - - [19/Aug/2013:00:14:39 -0400] "GET /scripts/photoalbum.js HTTP/1.1" 200 62481 "http://www.wiseguysokc.com/meettheband.html" "Mozilla/5.0 (Macintosh; Intel Mac OS X 10.6; rv:22.0) Gecko/20100101 Firefox/22.0"
68.12.110.53 - - [19/Aug/2013:00:14:39 -0400] "GET /Frame-2-meetthebandpage2.html?refresh=1375823913574 HTTP/1.1" 200 18090 "http://www.wiseguysokc.com/meettheband.html" "Mozilla/5.0 (Macintosh; Intel Mac OS X 10.6; rv:22.0) Gecko/20100101 Firefox/22.0"
68.12.110.53 - - [19/Aug/2013:00:14:39 -0400] "GET /images/190__DSC2389_-_Version_2_Smaller.jpg HTTP/1.1" 200 14356 "http://www.wiseguysokc.com/Frame-2-meetthebandpage2.html?refresh=1375823913574" "Mozilla/5.0 (Macintosh; Intel Mac OS X 10.6; rv:22.0) Gecko/20100101 Firefox/22.0"
68.12.110.53 - - [19/Aug/2013:00:14:39 -0400] "GET /images/483__DSC2309.jpg HTTP/1.1" 200 31645 "http://www.wiseguysokc.com/Frame-2-meetthebandpage2.html?refresh=1375823913574" "Mozilla/5.0 (Macintosh; Intel Mac OS X 10.6; rv:22.0) Gecko/20100101 Firefox/22.0"
68.12.110.53 - - [19/Aug/2013:00:14:39 -0400] "GET /250/images/index03.jpg HTTP/1.1" 200 2815 "http://www.wiseguysokc.com/Frame-2-meetthebandpage2.html?refresh=1375823913574" "Mozilla/5.0 (Macintosh; Intel Mac OS X 10.6; rv:22.0) Gecko/20100101 Firefox/22.0"
68.12.110.53 - - [19/Aug/2013:00:14:39 -0400] "GET /250/images/01a.jpg HTTP/1.1" 200 2917 "http://www.wiseguysokc.com/Frame-2-meetthebandnav.htm" "Mozilla/5.0 (Macintosh; Intel Mac OS X 10.6; rv:22.0) Gecko/20100101 Firefox/22.0"
68.12.110.53 - - [19/Aug/2013:00:14:39 -0400] "GET /250/images/04a.jpg HTTP/1.1" 200 3312 "http://www.wiseguysokc.com/Frame-2-meetthebandnav.htm" "Mozilla/5.0 (Macintosh; Intel Mac OS X 10.6; rv:22.0) Gecko/20100101 Firefox/22.0"
68.12.110.53 - - [19/Aug/2013:00:14:39 -0400] "GET /250/images/01b.jpg HTTP/1.1" 200 2948 "http://www.wiseguysokc.com/Frame-2-meetthebandnav.htm" "Mozilla/5.0 (Macintosh; Intel Mac OS X 10.6; rv:22.0) Gecko/20100101 Firefox/22.0"
68.12.110.53 - - [19/Aug/2013:00:14:39 -0400] "GET /250/images/05b.jpg HTTP/1.1" 200 3654 "http://www.wiseguysokc.com/Frame-2-meetthebandnav.htm" "Mozilla/5.0 (Macintosh; Intel Mac OS X 10.6; rv:22.0) Gecko/20100101 Firefox/22.0"
68.12.110.53 - - [19/Aug/2013:00:14:39 -0400] "GET /250/images/10b.jpg HTTP/1.1" 200 1232 "http://www.wiseguysokc.com/Frame-2-meetthebandnav.htm" "Mozilla/5.0 (Macintosh; Intel Mac OS X 10.6; rv:22.0) Gecko/20100101 Firefox/22.0"
68.12.110.53 - - [19/Aug/2013:00:14:40 -0400] "GET /favicon.ico HTTP/1.1" 404 575 "-" "Mozilla/5.0 (Macintosh; Intel Mac OS X 10.6; rv:22.0) Gecko/20100101 Firefox/22.0"
92.249.127.111 - - [19/Aug/2013:19:12:57 -0400] "GET /meettheband.html HTTP/1.1" 200 1106 "http://www.bravica.jobs/ru/" "Mozilla/5.0 (compatible; news bot /2.1)"
46.224.240.192 - - [19/Aug/2013:14:06:22 -0400] "GET /scripts/ic_globals_published.js HTTP/1.1" 200 566 "http://www.wiseguysokc.com/" "Mozilla/5.0 (Windows NT 6.1) AppleWebKit/537.36 (KHTML, like Gecko) Chrome/28.0.1500.95 Safari/537.36"
46.224.240.192 - - [19/Aug/2013:14:06:32 -0400] "GET /Frame-1-homepage1.html?refresh=1375823914101 HTTP/1.1" 200 19952 "http://www.wiseguysokc.com/" "Mozilla/5.0 (Windows NT 6.1) AppleWebKit/537.36 (KHTML, like Gecko) Chrome/28.0.1500.95 Safari/537.36"
66.249.75.36 - - [19/Aug/2013:07:33:59 -0400] "GET / HTTP/1.1" 200 1092 "-" "Mozilla/5.0 (compatible; Googlebot/2.1; +http://www.google.com/bot.html)"
68.12.110.53 - - [19/Aug/2013:00:14:43 -0400] "GET / HTTP/1.1" 200 1092 "http://www.google.com/url?sa=t&rct=j&q=&esrc=s&source=web&cd=1&ved=0CC0QFjAA&url=http%3A%2F%2Fwww.wiseguysokc.com%2F&ei=f5sRUrKsO8WY2QX_ooCIDw&usg=AFQjCNFVpdEFRf09sCn3b4S1yd0keUAD6g&sig2=ZmvLLXStExNmnfDtZhoPIg&bvm=bv.50768961,d.b2I" "Mozilla/5.0 (Macintosh; Intel Mac OS X 10.6; rv:22.0) Gecko/20100101 Firefox/22.0"
68.12.110.53 - - [19/Aug/2013:00:14:44 -0400] "GET /Frame-1-homepage1.html?refresh=1375823914101 HTTP/1.1" 200 19952 "http://www.wiseguysokc.com/" "Mozilla/5.0 (Macintosh; Intel Mac OS X 10.6; rv:22.0) Gecko/20100101 Firefox/22.0"
68.12.110.53 - - [19/Aug/2013:00:14:44 -0400] "GET /images/250_Oklahoman.gif HTTP/1.1" 200 1688 "http://www.wiseguysokc.com/Frame-1-homepage1.html?refresh=1375823914101" "Mozilla/5.0 (Macintosh; Intel Mac OS X 10.6; rv:22.0) Gecko/20100101 Firefox/22.0"
68.12.110.53 - - [19/Aug/2013:00:14:44 -0400] "GET /images/483__DSC2843.jpg HTTP/1.1" 200 53533 "http://www.wiseguysokc.com/Frame-1-homepage1.html?refresh=1375823914101" "Mozilla/5.0 (Macintosh; Intel Mac OS X 10.6; rv:22.0) Gecko/20100101 Firefox/22.0"
157.55.33.80 - - [19/Aug/2013:09:37:38 -0400] "GET /robots.txt HTTP/1.1" 200 25 "-" "Mozilla/5.0 (compatible; bingbot/2.0; +http://www.bing.com/bingbot.htm)"
180.76.5.21 - - [19/Aug/2013:11:37:13 -0400] "GET /Frame-9-bookingmediakitpage9.html?refresh=1352841166090 HTTP/1.1" 200 18826 "-" "Mozilla/5.0 (compatible; Baiduspider/2.0; +http://www.baidu.com/search/spider.html)"
109.58.147.196 - - [19/Aug/2013:07:17:38 -0400] "GET /250/images/02b.jpg HTTP/1.1" 200 3466 "http://www.wiseguysokc.com/Frame-2-meetthebandnav.htm" "Mozilla/5.0 (iPhone; CPU iPhone OS 6_1_4 like Mac OS X) AppleWebKit/536.26 (KHTML, like Gecko) Version/6.0 Mobile/10B350 Safari/8536.25"
109.58.147.196 - - [19/Aug/2013:07:17:38 -0400] "GET /250/images/07b.jpg HTTP/1.1" 200 3345 "http://www.wiseguysokc.com/Frame-2-meetthebandnav.htm" "Mozilla/5.0 (iPhone; CPU iPhone OS 6_1_4 like Mac OS X) AppleWebKit/536.26 (KHTML, like Gecko) Version/6.0 Mobile/10B350 Safari/8536.25"
109.58.147.196 - - [19/Aug/2013:07:17:39 -0400] "GET /250/images/spacer.gif HTTP/1.1" 200 43 "http://www.wiseguysokc.com/Frame-2-meetthebandnav.htm" "Mozilla/5.0 (iPhone; CPU iPhone OS 6_1_4 like Mac OS X) AppleWebKit/536.26 (KHTML, like Gecko) Version/6.0 Mobile/10B350 Safari/8536.25"
109.58.147.196 - - [19/Aug/2013:07:17:39 -0400] "GET /images/153__8280370_-_Crpt.JPG HTTP/1.1" 200 5529 "http://www.wiseguysokc.com/Frame-2-meetthebandpage2.html?refresh=1375823913574" "Mozilla/5.0 (iPhone; CPU iPhone OS 6_1_4 like Mac OS X) AppleWebKit/536.26 (KHTML, like Gecko) Version/6.0 Mobile/10B350 Safari/8536.25"
109.58.147.196 - - [19/Aug/2013:07:17:39 -0400] "GET /250/images/slogan.jpg HTTP/1.1" 200 5909 "http://www.wiseguysokc.com/Frame-2-meetthebandpage2.html?refresh=1375823913574" "Mozilla/5.0 (iPhone; CPU iPhone OS 6_1_4 like Mac OS X) AppleWebKit/536.26 (KHTML, like Gecko) Version/6.0 Mobile/10B350 Safari/8536.25"
109.58.147.196 - - [19/Aug/2013:07:17:39 -0400] "GET /250/images/motif01.jpg HTTP/1.1" 200 29843 "http://www.wiseguysokc.com/Frame-2-meetthebandpage2.html?refresh=1375823913574" "Mozilla/5.0 (iPhone; CPU iPhone OS 6_1_4 like Mac OS X) AppleWebKit/536.26 (KHTML, like Gecko) Version/6.0 Mobile/10B350 Safari/8536.25"
109.58.147.196 - - [19/Aug/2013:07:17:40 -0400] "GET /250/images/07a.jpg HTTP/1.1" 200 3422 "http://www.wiseguysokc.com/Frame-2-meetthebandnav.htm" "Mozilla/5.0 (iPhone; CPU iPhone OS 6_1_4 like Mac OS X) AppleWebKit/536.26 (KHTML, like Gecko) Version/6.0 Mobile/10B350 Safari/8536.25"
92.249.127.111 - - [19/Aug/2013:10:49:26 -0400] "GET /meettheband.html HTTP/1.1" 200 1106 "http://chydesa.mybb.ru/" "Mozilla/5.0 (compatible; news bot /2.1)"
180.76.5.139 - - [19/Aug/2013:02:01:16 -0400] "GET /Frame-1-homepage1.html?refresh=1375823914101 HTTP/1.1" 200 19952 "-" "Mozilla/5.0 (compatible; Baiduspider/2.0; +http://www.baidu.com/search/spider.html)"
92.249.127.111 - - [19/Aug/2013:19:12:59 -0400] "GET /meettheband.html HTTP/1.1" 200 1106 "http://www.bravica.jobs/ru/" "Mozilla/5.0 (compatible; news bot /2.1)"
69.151.51.120 - - [19/Aug/2013:19:38:49 -0400] "GET /250/images/index04.jpg HTTP/1.1" 304 - "http://www.wiseguysokc.com/Frame-4-calendarpage4.html?refresh=1375823913675" "Mozilla/5.0 (compatible; MSIE 9.0; Windows NT 6.0; WOW64; Trident/5.0)"
69.151.51.120 - - [19/Aug/2013:19:38:49 -0400] "GET /250/images/02b.jpg HTTP/1.1" 304 - "http://www.wiseguysokc.com/Frame-4-calendarnav.htm" "Mozilla/5.0 (compatible; MSIE 9.0; Windows NT 6.0; WOW64; Trident/5.0)"
69.151.51.120 - - [19/Aug/2013:19:38:49 -0400] "GET /250/images/09b.jpg HTTP/1.1" 304 - "http://www.wiseguysokc.com/Frame-4-calendarnav.htm" "Mozilla/5.0 (compatible; MSIE 9.0; Windows NT 6.0; WOW64; Trident/5.0)"
193.43.252.252 - - [19/Aug/2013:19:51:27 -0400] "GET / HTTP/1.0" 200 1092 "http://filesonload.com" "Mozilla/5.0 (Windows NT 6.1; rv:12.0) Gecko/20100101 Firefox/12.0"
68.12.110.53 - - [19/Aug/2013:00:14:44 -0400] "GET /images/393_Readers_Choice_2012_and_2013.jpg HTTP/1.1" 200 15144 "http://www.wiseguysokc.com/Frame-1-homepage1.html?refresh=1375823914101" "Mozilla/5.0 (Macintosh; Intel Mac OS X 10.6; rv:22.0) Gecko/20100101 Firefox/22.0"
157.55.33.80 - - [19/Aug/2013:08:00:26 -0400] "GET /robots.txt HTTP/1.1" 200 25 "-" "Mozilla/5.0 (compatible; bingbot/2.0; +http://www.bing.com/bingbot.htm)"
178.137.128.12 - - [19/Aug/2013:09:00:10 -0400] "GET /meettheband.html HTTP/1.1" 200 1106 "http://sivs.ru/" "Mozilla/4.0 (compatible; MSIE 5.5; Windows 95)"
68.228.162.239 - - [19/Aug/2013:12:00:58 -0400] "GET /250/images/09b.jpg HTTP/1.1" 200 1125 "http://www.wiseguysokc.com/Frame-1-homenav.htm" "Mozilla/4.0 (compatible; MSIE 8.0; Windows NT 6.0; Trident/4.0; SLCC1; .NET CLR 2.0.50727; Media Center PC 5.0; .NET CLR 3.5.30729; .NET4.0C; .NET CLR 3.0.30729; McAfee)"
68.228.162.239 - - [19/Aug/2013:12:00:58 -0400] "GET /images/483__DSC2843.jpg HTTP/1.1" 200 53533 "http://www.wiseguysokc.com/Frame-1-homepage1.html?refresh=1375823914101" "Mozilla/4.0 (compatible; MSIE 8.0; Windows NT 6.0; Trident/4.0; SLCC1; .NET CLR 2.0.50727; Media Center PC 5.0; .NET CLR 3.5.30729; .NET4.0C; .NET CLR 3.0.30729; McAfee)"
156.110.24.142 - - [19/Aug/2013:12:54:54 -0400] "GET /250/images/company.jpg HTTP/1.1" 200 6282 "http://www.wiseguysokc.com/Frame-1-homepage1.html?refresh=1375823914101" "Mozilla/5.0 (compatible; MSIE 9.0; Windows NT 6.1; WOW64; Trident/5.0)"
156.110.24.142 - - [19/Aug/2013:12:54:54 -0400] "GET /250/images/motif01.jpg HTTP/1.1" 200 29843 "http://www.wiseguysokc.com/Frame-1-homepage1.html?refresh=1375823914101" "Mozilla/5.0 (compatible; MSIE 9.0; Windows NT 6.1; WOW64; Trident/5.0)"
156.110.24.142 - - [19/Aug/2013:12:54:54 -0400] "GET /250/images/index06.jpg HTTP/1.1" 200 2838 "http://www.wiseguysokc.com/Frame-1-homepage1.html?refresh=1375823914101" "Mozilla/5.0 (compatible; MSIE 9.0; Windows NT 6.1; WOW64; Trident/5.0)"
156.110.24.142 - - [19/Aug/2013:12:54:56 -0400] "GET /calendar.html HTTP/1.1" 200 1100 "http://www.wiseguysokc.com/Frame-1-homenav.htm" "Mozilla/5.0 (compatible; MSIE 9.0; Windows NT 6.1; WOW64; Trident/5.0)"
156.110.24.142 - - [19/Aug/2013:12:54:56 -0400] "GET /250/images/05a.jpg HTTP/1.1" 200 3815 "http://www.wiseguysokc.com/Frame-4-calendarnav.htm" "Mozilla/5.0 (compatible; MSIE 9.0; Windows NT 6.1; WOW64; Trident/5.0)"
156.110.24.142 - - [19/Aug/2013:12:54:56 -0400] "GET /images/483_Promo_2.jpg HTTP/1.1" 200 20864 "http://www.wiseguysokc.com/Frame-4-calendarpage4.html?refresh=1375823913675" "Mozilla/5.0 (compatible; MSIE 9.0; Windows NT 6.1; WOW64; Trident/5.0)"
46.224.240.192 - - [19/Aug/2013:14:06:22 -0400] "GET /250/scripts/icwebsiteelement.css HTTP/1.1" 200 8132 "http://www.wiseguysokc.com/" "Mozilla/5.0 (Windows NT 6.1) AppleWebKit/537.36 (KHTML, like Gecko) Chrome/28.0.1500.95 Safari/537.36"
65.55.24.247 - - [19/Aug/2013:00:16:31 -0400] "GET /robots.txt HTTP/1.1" 200 25 "-" "Mozilla/5.0 (compatible; bingbot/2.0; +http://www.bing.com/bingbot.htm)"
68.228.162.239 - - [19/Aug/2013:12:01:31 -0400] "GET /images/153__8280468_-_Crpt.JPG HTTP/1.1" 200 7172 "http://www.wiseguysokc.com/Frame-2-meetthebandpage2.html?refresh=1375823913574" "Mozilla/4.0 (compatible; MSIE 8.0; Windows NT 6.0; Trident/4.0; SLCC1; .NET CLR 2.0.50727; Media Center PC 5.0; .NET CLR 3.5.30729; .NET4.0C; .NET CLR 3.0.30729; McAfee)"
156.110.24.142 - - [19/Aug/2013:12:54:52 -0400] "GET /scripts/user.js HTTP/1.1" 200 23762 "http://www.wiseguysokc.com/" "Mozilla/5.0 (compatible; MSIE 9.0; Windows NT 6.1; WOW64; Trident/5.0)"
156.110.24.142 - - [19/Aug/2013:12:54:53 -0400] "GET /250/images/01a.jpg HTTP/1.1" 200 2917 "http://www.wiseguysokc.com/Frame-1-homenav.htm" "Mozilla/5.0 (compatible; MSIE 9.0; Windows NT 6.1; WOW64; Trident/5.0)"
68.12.3.140 - - [19/Aug/2013:11:39:17 -0400] "GET /pages/1/index.htm HTTP/1.1" 200 118 "-" "Mozilla/5.0 (Macintosh; Intel Mac OS X 10_7_5) AppleWebKit/536.30.1 (KHTML, like Gecko) Version/6.0.5 Safari/536.30.1"
68.12.3.140 - - [19/Aug/2013:11:39:17 -0400] "GET /index.html HTTP/1.1" 200 1092 "http://www.wiseguysokc.com/pages/1/index.htm" "Mozilla/5.0 (Macintosh; Intel Mac OS X 10_7_5) AppleWebKit/536.30.1 (KHTML, like Gecko) Version/6.0.5 Safari/536.30.1"
68.12.3.140 - - [19/Aug/2013:11:39:18 -0400] "GET /250/scripts/master.css HTTP/1.1" 200 1956 "http://www.wiseguysokc.com/index.html" "Mozilla/5.0 (Macintosh; Intel Mac OS X 10_7_5) AppleWebKit/536.30.1 (KHTML, like Gecko) Version/6.0.5 Safari/536.30.1"
68.12.3.140 - - [19/Aug/2013:11:39:19 -0400] "GET /Frame-1-homepage1.html?refresh=1375823914101 HTTP/1.1" 200 19952 "http://www.wiseguysokc.com/index.html" "Mozilla/5.0 (Macintosh; Intel Mac OS X 10_7_5) AppleWebKit/536.30.1 (KHTML, like Gecko) Version/6.0.5 Safari/536.30.1"
68.12.3.140 - - [19/Aug/2013:11:39:19 -0400] "GET /250/images/01b.jpg HTTP/1.1" 200 2948 "http://www.wiseguysokc.com/Frame-1-homenav.htm" "Mozilla/5.0 (Macintosh; Intel Mac OS X 10_7_5) AppleWebKit/536.30.1 (KHTML, like Gecko) Version/6.0.5 Safari/536.30.1"
68.12.3.140 - - [19/Aug/2013:11:39:19 -0400] "GET /250/images/03b.jpg HTTP/1.1" 200 2930 "http://www.wiseguysokc.com/Frame-1-homenav.htm" "Mozilla/5.0 (Macintosh; Intel Mac OS X 10_7_5) AppleWebKit/536.30.1 (KHTML, like Gecko) Version/6.0.5 Safari/536.30.1"
68.12.3.140 - - [19/Aug/2013:11:39:19 -0400] "GET /250/images/08b.jpg HTTP/1.1" 200 3551 "http://www.wiseguysokc.com/Frame-1-homenav.htm" "Mozilla/5.0 (Macintosh; Intel Mac OS X 10_7_5) AppleWebKit/536.30.1 (KHTML, like Gecko) Version/6.0.5 Safari/536.30.1"
68.12.3.140 - - [19/Aug/2013:11:39:19 -0400] "GET /250/images/01a.jpg HTTP/1.1" 200 2917 "http://www.wiseguysokc.com/Frame-1-homenav.htm" "Mozilla/5.0 (Macintosh; Intel Mac OS X 10_7_5) AppleWebKit/536.30.1 (KHTML, like Gecko) Version/6.0.5 Safari/536.30.1"
68.12.3.140 - - [19/Aug/2013:11:39:19 -0400] "GET /images/483__DSC2843.jpg HTTP/1.1" 200 53533 "http://www.wiseguysokc.com/Frame-1-homepage1.html?refresh=1375823914101" "Mozilla/5.0 (Macintosh; Intel Mac OS X 10_7_5) AppleWebKit/536.30.1 (KHTML, like Gecko) Version/6.0.5 Safari/536.30.1"
68.12.3.140 - - [19/Aug/2013:11:39:19 -0400] "GET /250/images/content01.gif HTTP/1.1" 200 14331 "http://www.wiseguysokc.com/Frame-1-homepage1.html?refresh=1375823914101" "Mozilla/5.0 (Macintosh; Intel Mac OS X 10_7_5) AppleWebKit/536.30.1 (KHTML, like Gecko) Version/6.0.5 Safari/536.30.1"
68.12.3.140 - - [19/Aug/2013:11:39:19 -0400] "GET /250/images/06a.jpg HTTP/1.1" 200 3075 "http://www.wiseguysokc.com/Frame-1-homenav.htm" "Mozilla/5.0 (Macintosh; Intel Mac OS X 10_7_5) AppleWebKit/536.30.1 (KHTML, like Gecko) Version/6.0.5 Safari/536.30.1"
157.55.33.80 - - [19/Aug/2013:03:39:15 -0400] "GET /gallery.html HTTP/1.1" 200 1098 "-" "Mozilla/5.0 (compatible; bingbot/2.0; +http://www.bing.com/bingbot.htm)"
199.30.26.221 - - [19/Aug/2013:06:39:48 -0400] "GET /robots.txt HTTP/1.1" 200 25 "-" "msnbot/2.0b (+http://search.msn.com/msnbot.htm)"
69.151.51.120 - - [19/Aug/2013:19:37:55 -0400] "GET /favicon.ico HTTP/1.1" 404 575 "-" "Mozilla/5.0 (compatible; MSIE 9.0; Windows NT 6.0; WOW64; Trident/5.0)"
46.118.126.194 - - [19/Aug/2013:04:34:07 -0400] "GET /meettheband.html HTTP/1.1" 200 1106 "http://xn--80apaieal0gc.xn--p1ai/" "Mozilla/4.0 (compatible; MSIE 4.01; Digital AlphaServer 1000A 4/233; Windows NT; Powered By 64-Bit Alpha Processor)"
193.252.118.173 - - [19/Aug/2013:16:40:31 -0400] "GET /images/Classic_Rocks_-_MAIL_ORDER_FORM.pdf HTTP/1.1" 200 34930 "-" "Mozilla/5.0 (Windows; U; Windows NT 5.1; fr; rv:1.8.1) VoilaBot BETA 1.2 (support.voilabot@orange-ftgroup.com)"
66.249.75.36 - - [19/Aug/2013:18:28:45 -0400] "GET /meettheband.html HTTP/1.1" 304 - "-" "Mozilla/5.0 (compatible; Googlebot/2.1; +http://www.google.com/bot.html)"
50.157.99.65 - - [19/Aug/2013:12:59:06 -0400] "GET /scripts/user.js HTTP/1.1" 200 23762 "http://www.wiseguysokc.com/" "Mozilla/5.0 (Windows NT 6.1; WOW64; rv:23.0) Gecko/20100101 Firefox/23.0"
50.157.99.65 - - [19/Aug/2013:12:59:06 -0400] "GET /Frame-1-homenav.htm HTTP/1.1" 200 4534 "http://www.wiseguysokc.com/" "Mozilla/5.0 (Windows NT 6.1; WOW64; rv:23.0) Gecko/20100101 Firefox/23.0"
50.157.99.65 - - [19/Aug/2013:12:59:06 -0400] "GET /250/images/01a.jpg HTTP/1.1" 200 2917 "http://www.wiseguysokc.com/Frame-1-homenav.htm" "Mozilla/5.0 (Windows NT 6.1; WOW64; rv:23.0) Gecko/20100101 Firefox/23.0"
50.157.99.65 - - [19/Aug/2013:12:59:06 -0400] "GET /250/images/08a.jpg HTTP/1.1" 200 3709 "http://www.wiseguysokc.com/Frame-1-homenav.htm" "Mozilla/5.0 (Windows NT 6.1; WOW64; rv:23.0) Gecko/20100101 Firefox/23.0"
50.157.99.65 - - [19/Aug/2013:12:59:06 -0400] "GET /images/130_Sandi1.jpg HTTP/1.1" 200 8040 "http://www.wiseguysokc.com/Frame-1-homepage1.html?refresh=1375823914101" "Mozilla/5.0 (Windows NT 6.1; WOW64; rv:23.0) Gecko/20100101 Firefox/23.0"
50.157.99.65 - - [19/Aug/2013:12:59:06 -0400] "GET /250/images/company.jpg HTTP/1.1" 200 6282 "http://www.wiseguysokc.com/Frame-1-homepage1.html?refresh=1375823914101" "Mozilla/5.0 (Windows NT 6.1; WOW64; rv:23.0) Gecko/20100101 Firefox/23.0"
50.157.99.65 - - [19/Aug/2013:12:59:06 -0400] "GET /250/images/motif01.jpg HTTP/1.1" 200 29843 "http://www.wiseguysokc.com/Frame-1-homepage1.html?refresh=1375823914101" "Mozilla/5.0 (Windows NT 6.1; WOW64; rv:23.0) Gecko/20100101 Firefox/23.0"
50.157.99.65 - - [19/Aug/2013:12:59:06 -0400] "GET /250/images/04b.jpg HTTP/1.1" 200 3245 "http://www.wiseguysokc.com/Frame-1-homenav.htm" "Mozilla/5.0 (Windows NT 6.1; WOW64; rv:23.0) Gecko/20100101 Firefox/23.0"
50.157.99.65 - - [19/Aug/2013:12:59:06 -0400] "GET /250/images/10b.jpg HTTP/1.1" 200 1232 "http://www.wiseguysokc.com/Frame-1-homenav.htm" "Mozilla/5.0 (Windows NT 6.1; WOW64; rv:23.0) Gecko/20100101 Firefox/23.0"
157.55.35.84 - - [19/Aug/2013:02:51:29 -0400] "GET /robots.txt HTTP/1.1" 200 25 "-" "Mozilla/5.0 (compatible; bingbot/2.0; +http://www.bing.com/bingbot.htm)"
157.55.33.80 - - [19/Aug/2013:17:27:09 -0400] "GET /Frame-4-calendarpage4.html?refresh=1273617797671 HTTP/1.1" 200 54371 "-" "Mozilla/5.0 (compatible; bingbot/2.0; +http://www.bing.com/bingbot.htm)"
68.228.162.239 - - [19/Aug/2013:12:00:57 -0400] "GET /scripts/user.js HTTP/1.1" 200 23762 "http://www.wiseguysokc.com/" "Mozilla/4.0 (compatible; MSIE 8.0; Windows NT 6.0; Trident/4.0; SLCC1; .NET CLR 2.0.50727; Media Center PC 5.0; .NET CLR 3.5.30729; .NET4.0C; .NET CLR 3.0.30729; McAfee)"
68.228.162.239 - - [19/Aug/2013:12:00:58 -0400] "GET /250/images/01b.jpg HTTP/1.1" 200 2948 "http://www.wiseguysokc.com/Frame-1-homenav.htm" "Mozilla/4.0 (compatible; MSIE 8.0; Windows NT 6.0; Trident/4.0; SLCC1; .NET CLR 2.0.50727; Media Center PC 5.0; .NET CLR 3.5.30729; .NET4.0C; .NET CLR 3.0.30729; McAfee)"
68.228.162.239 - - [19/Aug/2013:12:00:59 -0400] "GET /250/images/nav_back.jpg HTTP/1.1" 200 15744 "http://www.wiseguysokc.com/Frame-1-homenav.htm" "Mozilla/4.0 (compatible; MSIE 8.0; Windows NT 6.0; Trident/4.0; SLCC1; .NET CLR 2.0.50727; Media Center PC 5.0; .NET CLR 3.5.30729; .NET4.0C; .NET CLR 3.0.30729; McAfee)"
156.110.24.142 - - [19/Aug/2013:12:54:53 -0400] "GET /250/images/03a.jpg HTTP/1.1" 200 2976 "http://www.wiseguysokc.com/Frame-1-homenav.htm" "Mozilla/5.0 (compatible; MSIE 9.0; Windows NT 6.1; WOW64; Trident/5.0)"
178.137.128.12 - - [19/Aug/2013:11:14:15 -0400] "GET /meettheband.html HTTP/1.1" 200 1106 "http://sdelaisait.ru/" "Mozilla/4.0 (compatible; MSIE 5.01; Windows 95; MSIECrawler)"
68.12.3.140 - - [19/Aug/2013:11:39:20 -0400] "GET /favicon.ico HTTP/1.1" 404 575 "http://www.wiseguysokc.com/index.html" "Mozilla/5.0 (Macintosh; Intel Mac OS X 10_7_5) AppleWebKit/536.30.1 (KHTML, like Gecko) Version/6.0.5 Safari/536.30.1"
172.15.44.127 - - [19/Aug/2013:12:25:31 -0400] "GET /scripts/ic_globals_published.js HTTP/1.1" 200 566 "http://www.wiseguysokc.com/meettheband.html" "Mozilla/5.0 (Windows NT 6.1; WOW64) AppleWebKit/537.36 (KHTML, like Gecko) Chrome/28.0.1500.95 Safari/537.36"
172.15.44.127 - - [19/Aug/2013:12:25:31 -0400] "GET /images/190_Mike_Arts_Fest_05.jpg HTTP/1.1" 200 8119 "http://www.wiseguysokc.com/Frame-2-meetthebandpage2.html?refresh=1375823913574" "Mozilla/5.0 (Windows NT 6.1; WOW64) AppleWebKit/537.36 (KHTML, like Gecko) Chrome/28.0.1500.95 Safari/537.36"
172.15.44.127 - - [19/Aug/2013:12:25:31 -0400] "GET /images/483__DSC2309.jpg HTTP/1.1" 200 31645 "http://www.wiseguysokc.com/Frame-2-meetthebandpage2.html?refresh=1375823913574" "Mozilla/5.0 (Windows NT 6.1; WOW64) AppleWebKit/537.36 (KHTML, like Gecko) Chrome/28.0.1500.95 Safari/537.36"
172.15.44.127 - - [19/Aug/2013:12:25:32 -0400] "GET /250/images/01b.jpg HTTP/1.1" 200 2948 "http://www.wiseguysokc.com/Frame-2-meetthebandnav.htm" "Mozilla/5.0 (Windows NT 6.1; WOW64) AppleWebKit/537.36 (KHTML, like Gecko) Chrome/28.0.1500.95 Safari/537.36"
172.15.44.127 - - [19/Aug/2013:12:25:32 -0400] "GET /250/images/06b.jpg HTTP/1.1" 200 3011 "http://www.wiseguysokc.com/Frame-2-meetthebandnav.htm" "Mozilla/5.0 (Windows NT 6.1; WOW64) AppleWebKit/537.36 (KHTML, like Gecko) Chrome/28.0.1500.95 Safari/537.36"
172.15.44.127 - - [19/Aug/2013:12:25:32 -0400] "GET /250/images/01a.jpg HTTP/1.1" 200 2917 "http://www.wiseguysokc.com/Frame-2-meetthebandnav.htm" "Mozilla/5.0 (Windows NT 6.1; WOW64) AppleWebKit/537.36 (KHTML, like Gecko) Chrome/28.0.1500.95 Safari/537.36"
172.15.44.127 - - [19/Aug/2013:12:25:32 -0400] "GET /250/images/07a.jpg HTTP/1.1" 200 3422 "http://www.wiseguysokc.com/Frame-2-meetthebandnav.htm" "Mozilla/5.0 (Windows NT 6.1; WOW64) AppleWebKit/537.36 (KHTML, like Gecko) Chrome/28.0.1500.95 Safari/537.36"
156.110.24.142 - - [19/Aug/2013:12:54:56 -0400] "GET /250/images/05a.jpg HTTP/1.1" 200 3815 "http://www.wiseguysokc.com/Frame-1-homenav.htm" "Mozilla/5.0 (compatible; MSIE 9.0; Windows NT 6.1; WOW64; Trident/5.0)"
69.151.51.120 - - [19/Aug/2013:19:37:48 -0400] "GET /250/scripts/icwebsiteelement.css HTTP/1.1" 200 8132 "http://www.wiseguysokc.com/" "Mozilla/5.0 (compatible; MSIE 9.0; Windows NT 6.0; WOW64; Trident/5.0)"
69.151.51.120 - - [19/Aug/2013:19:37:50 -0400] "GET /scripts/ic_globals_published.js HTTP/1.1" 304 - "http://www.wiseguysokc.com/Frame-1-homepage1.html?refresh=1375823914101" "Mozilla/5.0 (compatible; MSIE 9.0; Windows NT 6.0; WOW64; Trident/5.0)"
69.151.51.120 - - [19/Aug/2013:19:37:51 -0400] "GET /250/images/spacer.gif HTTP/1.1" 200 43 "http://www.wiseguysokc.com/Frame-1-homenav.htm" "Mozilla/5.0 (compatible; MSIE 9.0; Windows NT 6.0; WOW64; Trident/5.0)"
69.151.51.120 - - [19/Aug/2013:19:37:51 -0400] "GET /250/images/04a.jpg HTTP/1.1" 200 3312 "http://www.wiseguysokc.com/Frame-1-homenav.htm" "Mozilla/5.0 (compatible; MSIE 9.0; Windows NT 6.0; WOW64; Trident/5.0)"
69.151.51.120 - - [19/Aug/2013:19:37:51 -0400] "GET /250/images/06a.jpg HTTP/1.1" 200 3075 "http://www.wiseguysokc.com/Frame-1-homenav.htm" "Mozilla/5.0 (compatible; MSIE 9.0; Windows NT 6.0; WOW64; Trident/5.0)"
69.151.51.120 - - [19/Aug/2013:19:37:51 -0400] "GET /images/240_Jeff_Shadow_copy.jpg HTTP/1.1" 200 7629 "http://www.wiseguysokc.com/Frame-1-homepage1.html?refresh=1375823914101" "Mozilla/5.0 (compatible; MSIE 9.0; Windows NT 6.0; WOW64; Trident/5.0)"
69.151.51.120 - - [19/Aug/2013:19:37:51 -0400] "GET /images/130_Sandi1.jpg HTTP/1.1" 200 8040 "http://www.wiseguysokc.com/Frame-1-homepage1.html?refresh=1375823914101" "Mozilla/5.0 (compatible; MSIE 9.0; Windows NT 6.0; WOW64; Trident/5.0)"
69.151.51.120 - - [19/Aug/2013:19:37:51 -0400] "GET /250/images/company.jpg HTTP/1.1" 200 6282 "http://www.wiseguysokc.com/Frame-1-homepage1.html?refresh=1375823914101" "Mozilla/5.0 (compatible; MSIE 9.0; Windows NT 6.0; WOW64; Trident/5.0)"
69.151.51.120 - - [19/Aug/2013:19:37:52 -0400] "GET /250/images/01b.jpg HTTP/1.1" 200 2948 "http://www.wiseguysokc.com/Frame-1-homenav.htm" "Mozilla/5.0 (compatible; MSIE 9.0; Windows NT 6.0; WOW64; Trident/5.0)"
69.151.51.120 - - [19/Aug/2013:19:37:52 -0400] "GET /250/images/02b.jpg HTTP/1.1" 200 3466 "http://www.wiseguysokc.com/Frame-1-homenav.htm" "Mozilla/5.0 (compatible; MSIE 9.0; Windows NT 6.0; WOW64; Trident/5.0)"
69.151.51.120 - - [19/Aug/2013:19:37:52 -0400] "GET /250/images/05b.jpg HTTP/1.1" 200 3654 "http://www.wiseguysokc.com/Frame-1-homenav.htm" "Mozilla/5.0 (compatible; MSIE 9.0; Windows NT 6.0; WOW64; Trident/5.0)"
69.151.51.120 - - [19/Aug/2013:19:37:52 -0400] "GET /250/images/07b.jpg HTTP/1.1" 200 3345 "http://www.wiseguysokc.com/Frame-1-homenav.htm" "Mozilla/5.0 (compatible; MSIE 9.0; Windows NT 6.0; WOW64; Trident/5.0)"
69.151.51.120 - - [19/Aug/2013:19:37:52 -0400] "GET /250/images/09b.jpg HTTP/1.1" 200 1125 "http://www.wiseguysokc.com/Frame-1-homenav.htm" "Mozilla/5.0 (compatible; MSIE 9.0; Windows NT 6.0; WOW64; Trident/5.0)"
69.151.51.120 - - [19/Aug/2013:19:37:52 -0400] "GET /250/images/nav_back.jpg HTTP/1.1" 200 15744 "http://www.wiseguysokc.com/Frame-1-homenav.htm" "Mozilla/5.0 (compatible; MSIE 9.0; Windows NT 6.0; WOW64; Trident/5.0)"
69.151.51.120 - - [19/Aug/2013:19:37:52 -0400] "GET /250/images/motif01.jpg HTTP/1.1" 200 29843 "http://www.wiseguysokc.com/Frame-1-homepage1.html?refresh=1375823914101" "Mozilla/5.0 (compatible; MSIE 9.0; Windows NT 6.0; WOW64; Trident/5.0)"
5.9.149.166 - - [19/Aug/2013:04:34:00 -0400] "GET /robots.txt HTTP/1.1" 200 25 "-" "Mozilla/4.0 (compatible; MSIE 5.5; Windows NT)"
65.55.52.88 - - [19/Aug/2013:21:33:55 -0400] "GET /robots.txt HTTP/1.1" 200 25 "-" "Mozilla/5.0 (compatible; bingbot/2.0; +http://www.bing.com/bingbot.htm)"
46.119.118.152 - - [19/Aug/2013:16:33:16 -0400] "GET /meettheband.html HTTP/1.1" 200 1106 "http://www.bravica.tw/ru/" "Mozilla/4.0 (compatible; Powermarks/3.5; Windows 95/98/2000/NT)"
199.30.20.160 - - [19/Aug/2013:04:59:38 -0400] "GET /robots.txt HTTP/1.1" 200 25 "-" "msnbot-media/1.1 (+http://search.msn.com/msnbot.htm)"
72.23.182.22 - - [19/Aug/2013:09:28:27 -0400] "GET / HTTP/1.1" 304 - "http://www.google.com/url?sa=t&rct=j&q=wise%20guys%20band%20pa&source=web&cd=3&ved=0CDcQFjAC&url=http%3A%2F%2Fwww.wiseguysokc.com%2F&ei=Vh0SUvjMJcWi2gXS2IGADQ&usg=AFQjCNFVpdEFRf09sCn3b4S1yd0keUAD6g&bvm=bv.50768961,d.b2I" "Mozilla/5.0 (compatible; MSIE 10.0; Windows NT 6.1; Trident/6.0)"
66.249.75.36 - - [19/Aug/2013:12:06:54 -0400] "GET / HTTP/1.1" 200 1092 "-" "Mozilla/5.0 (iPhone; U; CPU iPhone OS 4_1 like Mac OS X; en-us) AppleWebKit/532.9 (KHTML, like Gecko) Version/4.0.5 Mobile/8B117 Safari/6531.22.7 (compatible; Googlebot-Mobile/2.1; +http://www.google.com/bot.html)"
156.110.24.142 - - [19/Aug/2013:12:54:54 -0400] "GET /250/images/index02.jpg HTTP/1.1" 200 999 "http://www.wiseguysokc.com/Frame-1-homepage1.html?refresh=1375823914101" "Mozilla/5.0 (compatible; MSIE 9.0; Windows NT 6.1; WOW64; Trident/5.0)"
65.55.52.88 - - [19/Aug/2013:21:51:10 -0400] "GET /Frame-5-contactnewsletterpage5.html?refresh=1367239913389 HTTP/1.1" 200 15082 "-" "Mozilla/5.0 (compatible; bingbot/2.0; +http://www.bing.com/bingbot.htm)"
66.249.75.36 - - [19/Aug/2013:00:00:19 -0400] "GET /images/Stage_Diagram_Wise_Guys.pdf HTTP/1.1" 304 - "-" "Mozilla/5.0 (iPhone; U; CPU iPhone OS 4_1 like Mac OS X; en-us) AppleWebKit/532.9 (KHTML, like Gecko) Version/4.0.5 Mobile/8B117 Safari/6531.22.7 (compatible; Googlebot-Mobile/2.1; +http://www.google.com/bot.html)"
180.76.5.100 - - [19/Aug/2013:15:45:24 -0400] "GET /Frame-2-meetthebandnav.htm HTTP/1.1" 200 4534 "-" "Mozilla/5.0 (compatible; Baiduspider/2.0; +http://www.baidu.com/search/spider.html)"
68.12.110.53 - - [19/Aug/2013:00:14:39 -0400] "GET /250/scripts/icwebsiteelement.css HTTP/1.1" 200 8132 "http://www.wiseguysokc.com/meettheband.html" "Mozilla/5.0 (Macintosh; Intel Mac OS X 10.6; rv:22.0) Gecko/20100101 Firefox/22.0"
68.12.110.53 - - [19/Aug/2013:00:14:39 -0400] "GET /images/170__DSC2392_Smaller.jpg HTTP/1.1" 200 7414 "http://www.wiseguysokc.com/Frame-2-meetthebandpage2.html?refresh=1375823913574" "Mozilla/5.0 (Macintosh; Intel Mac OS X 10.6; rv:22.0) Gecko/20100101 Firefox/22.0"
68.12.110.53 - - [19/Aug/2013:00:14:39 -0400] "GET /images/153__8280468_-_Crpt.JPG HTTP/1.1" 200 7172 "http://www.wiseguysokc.com/Frame-2-meetthebandpage2.html?refresh=1375823913574" "Mozilla/5.0 (Macintosh; Intel Mac OS X 10.6; rv:22.0) Gecko/20100101 Firefox/22.0"
68.12.110.53 - - [19/Aug/2013:00:14:39 -0400] "GET /250/images/company.jpg HTTP/1.1" 200 6282 "http://www.wiseguysokc.com/Frame-2-meetthebandpage2.html?refresh=1375823913574" "Mozilla/5.0 (Macintosh; Intel Mac OS X 10.6; rv:22.0) Gecko/20100101 Firefox/22.0"
68.12.110.53 - - [19/Aug/2013:00:14:39 -0400] "GET /250/images/motif01.jpg HTTP/1.1" 200 29843 "http://www.wiseguysokc.com/Frame-2-meetthebandpage2.html?refresh=1375823913574" "Mozilla/5.0 (Macintosh; Intel Mac OS X 10.6; rv:22.0) Gecko/20100101 Firefox/22.0"
68.12.110.53 - - [19/Aug/2013:00:14:39 -0400] "GET /250/images/08a.jpg HTTP/1.1" 200 3709 "http://www.wiseguysokc.com/Frame-2-meetthebandnav.htm" "Mozilla/5.0 (Macintosh; Intel Mac OS X 10.6; rv:22.0) Gecko/20100101 Firefox/22.0"
65.198.163.148 - - [19/Aug/2013:09:28:37 -0400] "GET /250/images/back01.jpg HTTP/1.1" 304 - "-" "Mozilla/4.0 (compatible;)"
66.249.75.150 - - [19/Aug/2013:10:50:55 -0400] "GET /robots.txt HTTP/1.1" 200 25 "-" "Mozilla/5.0 (compatible; Googlebot/2.1; +http://www.google.com/bot.html)"
68.12.3.140 - - [19/Aug/2013:11:39:24 -0400] "GET /images/483_Promo_2.jpg HTTP/1.1" 200 20864 "http://www.wiseguysokc.com/Frame-4-calendarpage4.html?refresh=1375823913675" "Mozilla/5.0 (Macintosh; Intel Mac OS X 10_7_5) AppleWebKit/536.30.1 (KHTML, like Gecko) Version/6.0.5 Safari/536.30.1"
199.30.20.160 - - [19/Aug/2013:04:59:38 -0400] "GET /images/240_Jeff_Shadow_copy.jpg HTTP/1.1" 200 7629 "-" "msnbot-media/1.1 (+http://search.msn.com/msnbot.htm)"
46.224.240.192 - - [19/Aug/2013:14:06:33 -0400] "GET /images/483_WG_s_Promo_2013.jpg HTTP/1.1" 200 24817 "http://www.wiseguysokc.com/Frame-1-homepage1.html?refresh=1375823914101" "Mozilla/5.0 (Windows NT 6.1) AppleWebKit/537.36 (KHTML, like Gecko) Chrome/28.0.1500.95 Safari/537.36"
69.151.51.120 - - [19/Aug/2013:19:37:48 -0400] "GET /scripts/user.js HTTP/1.1" 200 23762 "http://www.wiseguysokc.com/" "Mozilla/5.0 (compatible; MSIE 9.0; Windows NT 6.0; WOW64; Trident/5.0)"
69.151.51.120 - - [19/Aug/2013:19:37:50 -0400] "GET /250/scripts/master.css HTTP/1.1" 304 - "http://www.wiseguysokc.com/Frame-1-homepage1.html?refresh=1375823914101" "Mozilla/5.0 (compatible; MSIE 9.0; Windows NT 6.0; WOW64; Trident/5.0)"
69.151.51.120 - - [19/Aug/2013:19:37:51 -0400] "GET /images/483_WG_s_Promo_2013.jpg HTTP/1.1" 200 24817 "http://www.wiseguysokc.com/Frame-1-homepage1.html?refresh=1375823914101" "Mozilla/5.0 (compatible; MSIE 9.0; Windows NT 6.0; WOW64; Trident/5.0)"
69.151.51.120 - - [19/Aug/2013:19:37:51 -0400] "GET /250/images/08a.jpg HTTP/1.1" 200 3709 "http://www.wiseguysokc.com/Frame-1-homenav.htm" "Mozilla/5.0 (compatible; MSIE 9.0; Windows NT 6.0; WOW64; Trident/5.0)"
69.151.51.120 - - [19/Aug/2013:19:37:51 -0400] "GET /images/250_Oklahoman.gif HTTP/1.1" 200 1688 "http://www.wiseguysokc.com/Frame-1-homepage1.html?refresh=1375823914101" "Mozilla/5.0 (compatible; MSIE 9.0; Windows NT 6.0; WOW64; Trident/5.0)"
69.151.51.120 - - [19/Aug/2013:19:37:51 -0400] "GET /images/483__DSC2843.jpg HTTP/1.1" 200 53533 "http://www.wiseguysokc.com/Frame-1-homepage1.html?refresh=1375823914101" "Mozilla/5.0 (compatible; MSIE 9.0; Windows NT 6.0; WOW64; Trident/5.0)"
180.76.5.162 - - [19/Aug/2013:02:01:14 -0400] "GET / HTTP/1.1" 200 1092 "-" "Mozilla/5.0 (compatible; Baiduspider/2.0; +http://www.baidu.com/search/spider.html)"
172.15.44.127 - - [19/Aug/2013:12:25:31 -0400] "GET /images/153__8280370_-_Crpt.JPG HTTP/1.1" 200 5529 "http://www.wiseguysokc.com/Frame-2-meetthebandpage2.html?refresh=1375823913574" "Mozilla/5.0 (Windows NT 6.1; WOW64) AppleWebKit/537.36 (KHTML, like Gecko) Chrome/28.0.1500.95 Safari/537.36"
172.15.44.127 - - [19/Aug/2013:12:25:31 -0400] "GET /250/images/index03.jpg HTTP/1.1" 200 2815 "http://www.wiseguysokc.com/Frame-2-meetthebandpage2.html?refresh=1375823913574" "Mozilla/5.0 (Windows NT 6.1; WOW64) AppleWebKit/537.36 (KHTML, like Gecko) Chrome/28.0.1500.95 Safari/537.36"
172.15.44.127 - - [19/Aug/2013:12:25:32 -0400] "GET /250/images/content01.gif HTTP/1.1" 200 14331 "http://www.wiseguysokc.com/Frame-2-meetthebandpage2.html?refresh=1375823913574" "Mozilla/5.0 (Windows NT 6.1; WOW64) AppleWebKit/537.36 (KHTML, like Gecko) Chrome/28.0.1500.95 Safari/537.36"
172.15.44.127 - - [19/Aug/2013:12:25:32 -0400] "GET /250/images/10b.jpg HTTP/1.1" 200 1232 "http://www.wiseguysokc.com/Frame-2-meetthebandnav.htm" "Mozilla/5.0 (Windows NT 6.1; WOW64) AppleWebKit/537.36 (KHTML, like Gecko) Chrome/28.0.1500.95 Safari/537.36"
172.15.44.127 - - [19/Aug/2013:12:25:32 -0400] "GET /250/images/05a.jpg HTTP/1.1" 200 3815 "http://www.wiseguysokc.com/Frame-2-meetthebandnav.htm" "Mozilla/5.0 (Windows NT 6.1; WOW64) AppleWebKit/537.36 (KHTML, like Gecko) Chrome/28.0.1500.95 Safari/537.36"
156.110.24.142 - - [19/Aug/2013:12:54:48 -0400] "GET /scripts/ic_globals_published.js HTTP/1.1" 200 566 "http://www.wiseguysokc.com/" "Mozilla/5.0 (compatible; MSIE 9.0; Windows NT 6.1; WOW64; Trident/5.0)"
156.110.24.142 - - [19/Aug/2013:12:54:53 -0400] "GET /250/images/03b.jpg HTTP/1.1" 200 2930 "http://www.wiseguysokc.com/Frame-1-homenav.htm" "Mozilla/5.0 (compatible; MSIE 9.0; Windows NT 6.1; WOW64; Trident/5.0)"
156.110.24.142 - - [19/Aug/2013:12:54:54 -0400] "GET /250/images/09b.jpg HTTP/1.1" 200 1125 "http://www.wiseguysokc.com/Frame-1-homenav.htm" "Mozilla/5.0 (compatible; MSIE 9.0; Windows NT 6.1; WOW64; Trident/5.0)"
46.119.118.152 - - [19/Aug/2013:16:33:12 -0400] "GET /meettheband.html HTTP/1.1" 200 1106 "http://www.bravica.tw/ru/" "Mozilla/4.0 (compatible; Powermarks/3.5; Windows 95/98/2000/NT)"
150.70.75.31 - - [19/Aug/2013:19:40:07 -0400] "GET /scripts/ic_globals_published.js HTTP/1.0" 200 566 "-" "Mozilla/4.0 (compatible; MSIE 6.0; Windows NT 5.1)"
157.55.35.84 - - [19/Aug/2013:04:53:33 -0400] "GET /Frame-4-calendarpage4.html?refresh=1310573617034 HTTP/1.1" 200 54371 "-" "Mozilla/5.0 (compatible; bingbot/2.0; +http://www.bing.com/bingbot.htm)"
69.151.51.120 - - [19/Aug/2013:19:37:48 -0400] "GET / HTTP/1.1" 200 1092 "http://search.aol.com/aol/search?s_it=topsearchbox.search&v_t=enus-mh-1_-hp-ws-cn-nb-le&q=wise+guys+band" "Mozilla/5.0 (compatible; MSIE 9.0; Windows NT 6.0; WOW64; Trident/5.0)"
69.151.51.120 - - [19/Aug/2013:19:37:48 -0400] "GET /250/scripts/icwebsiteelement.css HTTP/1.1" 200 8132 "http://www.wiseguysokc.com/" "Mozilla/5.0 (compatible; MSIE 9.0; Windows NT 6.0; WOW64; Trident/5.0)"
193.43.252.252 - - [19/Aug/2013:19:51:28 -0400] "GET /Frame-1-homenav.htm HTTP/1.0" 200 4534 "http://filesonload.com" "Mozilla/5.0 (Windows NT 6.1; WOW64) AppleWebKit/537.4 (KHTML, like Gecko) Chrome/22.0.1229.96 Safari/537.4"
46.119.118.152 - - [19/Aug/2013:16:33:13 -0400] "GET /meettheband.html HTTP/1.1" 200 1106 "http://remont-fridge-tv.ru/" "Mozilla/4.0 (compatible; Powermarks/3.5; Windows 95/98/2000/NT)"
156.110.24.142 - - [19/Aug/2013:12:54:54 -0400] "GET /250/images/content01.gif HTTP/1.1" 200 14331 "http://www.wiseguysokc.com/Frame-1-homepage1.html?refresh=1375823914101" "Mozilla/5.0 (compatible; MSIE 9.0; Windows NT 6.1; WOW64; Trident/5.0)"
156.110.24.142 - - [19/Aug/2013:12:54:54 -0400] "GET /250/images/07b.jpg HTTP/1.1" 200 3345 "http://www.wiseguysokc.com/Frame-1-homenav.htm" "Mozilla/5.0 (compatible; MSIE 9.0; Windows NT 6.1; WOW64; Trident/5.0)"
156.110.24.142 - - [19/Aug/2013:12:54:56 -0400] "GET /Frame-4-calendarpage4.html?refresh=1375823913675 HTTP/1.1" 200 54371 "http://www.wiseguysokc.com/calendar.html" "Mozilla/5.0 (compatible; MSIE 9.0; Windows NT 6.1; WOW64; Trident/5.0)"
69.151.51.120 - - [19/Aug/2013:19:38:45 -0400] "GET /Frame-4-calendarnav.htm HTTP/1.1" 200 4534 "http://www.wiseguysokc.com/calendar.html" "Mozilla/5.0 (compatible; MSIE 9.0; Windows NT 6.0; WOW64; Trident/5.0)"
69.151.51.120 - - [19/Aug/2013:19:38:47 -0400] "GET /250/images/05a.jpg HTTP/1.1" 304 - "http://www.wiseguysokc.com/Frame-4-calendarnav.htm" "Mozilla/5.0 (compatible; MSIE 9.0; Windows NT 6.0; WOW64; Trident/5.0)"
69.151.51.120 - - [19/Aug/2013:19:38:47 -0400] "GET /250/images/07a.jpg HTTP/1.1" 304 - "http://www.wiseguysokc.com/Frame-4-calendarnav.htm" "Mozilla/5.0 (compatible; MSIE 9.0; Windows NT 6.0; WOW64; Trident/5.0)"
69.151.51.120 - - [19/Aug/2013:19:38:49 -0400] "GET /250/images/back01.jpg HTTP/1.1" 304 - "http://www.wiseguysokc.com/Frame-4-calendarpage4.html?refresh=1375823913675" "Mozilla/5.0 (compatible; MSIE 9.0; Windows NT 6.0; WOW64; Trident/5.0)"
69.151.51.120 - - [19/Aug/2013:19:38:49 -0400] "GET /250/images/index02.jpg HTTP/1.1" 304 - "http://www.wiseguysokc.com/Frame-4-calendarpage4.html?refresh=1375823913675" "Mozilla/5.0 (compatible; MSIE 9.0; Windows NT 6.0; WOW64; Trident/5.0)"
69.151.51.120 - - [19/Aug/2013:19:38:49 -0400] "GET /250/images/motif01.jpg HTTP/1.1" 304 - "http://www.wiseguysokc.com/Frame-4-calendarpage4.html?refresh=1375823913675" "Mozilla/5.0 (compatible; MSIE 9.0; Windows NT 6.0; WOW64; Trident/5.0)"
69.151.51.120 - - [19/Aug/2013:19:38:49 -0400] "GET /250/images/03b.jpg HTTP/1.1" 304 - "http://www.wiseguysokc.com/Frame-4-calendarnav.htm" "Mozilla/5.0 (compatible; MSIE 9.0; Windows NT 6.0; WOW64; Trident/5.0)"
69.151.51.120 - - [19/Aug/2013:19:38:49 -0400] "GET /250/images/08b.jpg HTTP/1.1" 304 - "http://www.wiseguysokc.com/Frame-4-calendarnav.htm" "Mozilla/5.0 (compatible; MSIE 9.0; Windows NT 6.0; WOW64; Trident/5.0)"
69.151.51.120 - - [19/Aug/2013:19:38:51 -0400] "GET /250/images/05a.jpg HTTP/1.1" 304 - "http://www.wiseguysokc.com/Frame-4-calendarnav.htm" "Mozilla/5.0 (compatible; MSIE 9.0; Windows NT 6.0; WOW64; Trident/5.0)"
150.70.75.31 - - [19/Aug/2013:19:40:43 -0400] "GET /scripts/user.js HTTP/1.0" 200 23762 "-" "Mozilla/4.0 (compatible; MSIE 6.0; Windows NT 5.1)"
157.55.33.84 - - [19/Aug/2013:03:44:39 -0400] "GET /Frame-3-gallerypage3.html?refresh=1373548544668 HTTP/1.1" 200 18292 "-" "Mozilla/5.0 (compatible; bingbot/2.0; +http://www.bing.com/bingbot.htm)"
178.137.128.12 - - [19/Aug/2013:09:00:11 -0400] "GET /meettheband.html HTTP/1.1" 200 1106 "http://sivs.ru/" "Mozilla/4.0 (compatible; MSIE 5.5; Windows 95)"
68.12.3.140 - - [19/Aug/2013:11:39:18 -0400] "GET /scripts/ic_globals_published.js HTTP/1.1" 200 566 "http://www.wiseguysokc.com/index.html" "Mozilla/5.0 (Macintosh; Intel Mac OS X 10_7_5) AppleWebKit/536.30.1 (KHTML, like Gecko) Version/6.0.5 Safari/536.30.1"
68.12.3.140 - - [19/Aug/2013:11:39:19 -0400] "GET /250/images/back01.jpg HTTP/1.1" 200 1321 "http://www.wiseguysokc.com/Frame-1-homepage1.html?refresh=1375823914101" "Mozilla/5.0 (Macintosh; Intel Mac OS X 10_7_5) AppleWebKit/536.30.1 (KHTML, like Gecko) Version/6.0.5 Safari/536.30.1"
68.12.3.140 - - [19/Aug/2013:11:39:19 -0400] "GET /250/images/04b.jpg HTTP/1.1" 200 3245 "http://www.wiseguysokc.com/Frame-1-homenav.htm" "Mozilla/5.0 (Macintosh; Intel Mac OS X 10_7_5) AppleWebKit/536.30.1 (KHTML, like Gecko) Version/6.0.5 Safari/536.30.1"
