72.198.48.90 - - [20/Jun/2014:20:15:23 -0400] "GET /250/images/company.jpg HTTP/1.1" 200 6282 "http://www.wiseguysokc.com/Frame-2-meetthebandpage2.html?refresh=1400863618904" "Mozilla/5.0 (iPad; CPU OS 7_1_1 like Mac OS X) AppleWebKit/537.51.2 (KHTML, like Gecko) Version/7.0 Mobile/11D201 Safari/9537.53"
72.198.48.90 - - [20/Jun/2014:20:15:23 -0400] "GET /250/images/index03.jpg HTTP/1.1" 200 2815 "http://www.wiseguysokc.com/Frame-2-meetthebandpage2.html?refresh=1400863618904" "Mozilla/5.0 (iPad; CPU OS 7_1_1 like Mac OS X) AppleWebKit/537.51.2 (KHTML, like Gecko) Version/7.0 Mobile/11D201 Safari/9537.53"
66.249.64.223 - - [20/Jun/2014:21:20:11 -0400] "GET /images/483_Promo_Pic_2_-_2014.jpg HTTP/1.1" 304 - "-" "Googlebot-Image/1.0"
66.249.64.223 - - [20/Jun/2014:21:39:28 -0400] "GET /audiovideo.html HTTP/1.1" 304 - "-" "Mozilla/5.0 (compatible; Googlebot/2.1; +http://www.google.com/bot.html)"
74.195.153.16 - - [20/Jun/2014:00:09:19 -0400] "GET /meettheband.html HTTP/1.1" 200 1106 "http://r.search.yahoo.com/_ylt=A0LEVu7asaNTZDEAQyUPxQt.;_ylu=X3oDMTByNzA1YWV1BHNlYwNzcgRwb3MDOQRjb2xvA2JmMQR2dGlkAw--/RV=2/RE=1403265626/RO=10/RU=http%3a%2f%2fwww.wiseguysokc.com%2fmeettheband.html/RK=0/RS=jeo5Tql9YstDIS_qtImn8uRvmng-" "Mozilla/5.0 (Macintosh; Intel Mac OS X 10_9_3) AppleWebKit/537.76.4 (KHTML, like Gecko) Version/7.0.4 Safari/537.76.4"
74.195.153.16 - - [20/Jun/2014:00:09:19 -0400] "GET /250/scripts/master.css HTTP/1.1" 200 1956 "http://www.wiseguysokc.com/meettheband.html" "Mozilla/5.0 (Macintosh; Intel Mac OS X 10_9_3) AppleWebKit/537.76.4 (KHTML, like Gecko) Version/7.0.4 Safari/537.76.4"
74.195.153.16 - - [20/Jun/2014:00:09:19 -0400] "GET /Frame-2-meetthebandpage2.html?refresh=1400863618904 HTTP/1.1" 200 18090 "http://www.wiseguysokc.com/meettheband.html" "Mozilla/5.0 (Macintosh; Intel Mac OS X 10_9_3) AppleWebKit/537.76.4 (KHTML, like Gecko) Version/7.0.4 Safari/537.76.4"
74.195.153.16 - - [20/Jun/2014:00:09:19 -0400] "GET /250/images/01b.jpg HTTP/1.1" 200 2948 "http://www.wiseguysokc.com/Frame-2-meetthebandnav.htm" "Mozilla/5.0 (Macintosh; Intel Mac OS X 10_9_3) AppleWebKit/537.76.4 (KHTML, like Gecko) Version/7.0.4 Safari/537.76.4"
74.195.153.16 - - [20/Jun/2014:00:09:19 -0400] "GET /250/images/06b.jpg HTTP/1.1" 200 3011 "http://www.wiseguysokc.com/Frame-2-meetthebandnav.htm" "Mozilla/5.0 (Macintosh; Intel Mac OS X 10_9_3) AppleWebKit/537.76.4 (KHTML, like Gecko) Version/7.0.4 Safari/537.76.4"
74.195.153.16 - - [20/Jun/2014:00:09:20 -0400] "GET /250/images/nav_back.jpg HTTP/1.1" 200 15744 "http://www.wiseguysokc.com/Frame-2-meetthebandnav.htm" "Mozilla/5.0 (Macintosh; Intel Mac OS X 10_9_3) AppleWebKit/537.76.4 (KHTML, like Gecko) Version/7.0.4 Safari/537.76.4"
74.195.153.16 - - [20/Jun/2014:00:09:20 -0400] "GET /250/images/05a.jpg HTTP/1.1" 200 3815 "http://www.wiseguysokc.com/Frame-2-meetthebandnav.htm" "Mozilla/5.0 (Macintosh; Intel Mac OS X 10_9_3) AppleWebKit/537.76.4 (KHTML, like Gecko) Version/7.0.4 Safari/537.76.4"
74.195.153.16 - - [20/Jun/2014:00:09:20 -0400] "GET /images/140_DSC_6927.jpg HTTP/1.1" 200 9948 "http://www.wiseguysokc.com/Frame-2-meetthebandpage2.html?refresh=1400863618904" "Mozilla/5.0 (Macintosh; Intel Mac OS X 10_9_3) AppleWebKit/537.76.4 (KHTML, like Gecko) Version/7.0.4 Safari/537.76.4"
74.195.153.16 - - [20/Jun/2014:00:09:20 -0400] "GET /250/images/index05.jpg HTTP/1.1" 200 2081 "http://www.wiseguysokc.com/Frame-2-meetthebandpage2.html?refresh=1400863618904" "Mozilla/5.0 (Macintosh; Intel Mac OS X 10_9_3) AppleWebKit/537.76.4 (KHTML, like Gecko) Version/7.0.4 Safari/537.76.4"
65.55.215.35 - - [20/Jun/2014:03:14:08 -0400] "GET /images/483_WG-Pub2013-17.jpg HTTP/1.1" 200 24476 "-" "msnbot-media/1.1 (+http://search.msn.com/msnbot.htm)"
72.198.103.39 - - [20/Jun/2014:17:02:58 -0400] "GET /images/130_Sandi1.jpg HTTP/1.1" 200 8040 "http://www.wiseguysokc.com/Frame-1-homepage1.html?refresh=1400863619270" "Mozilla/5.0 (Macintosh; Intel Mac OS X 10_6_8) AppleWebKit/534.59.10 (KHTML, like Gecko) Version/5.1.9 Safari/534.59.10"
144.76.85.195 - - [20/Jun/2014:17:13:19 -0400] "GET /Frame-9-bookingmediakitpage9.html?refresh=1400863619388 HTTP/1.1" 200 18761 "-" "Mozilla/5.0 (compatible; 007ac9 Crawler; http://crawler.007ac9.net/)"
144.76.85.195 - - [20/Jun/2014:17:13:20 -0400] "GET /Frame-9-bookingmediakitnav.htm HTTP/1.1" 200 4534 "-" "Mozilla/5.0 (compatible; 007ac9 Crawler; http://crawler.007ac9.net/)"
144.76.85.195 - - [20/Jun/2014:17:13:20 -0400] "GET /Frame-2-meetthebandpage2.html?refresh=1400863618904 HTTP/1.1" 200 18090 "-" "Mozilla/5.0 (compatible; 007ac9 Crawler; http://crawler.007ac9.net/)"
144.76.85.195 - - [20/Jun/2014:17:13:21 -0400] "GET /Frame-2-meetthebandnav.htm HTTP/1.1" 200 4534 "-" "Mozilla/5.0 (compatible; 007ac9 Crawler; http://crawler.007ac9.net/)"
144.76.85.195 - - [20/Jun/2014:17:13:21 -0400] "GET /Frame-3-gallerypage3.html?refresh=1400863619146 HTTP/1.1" 200 18292 "-" "Mozilla/5.0 (compatible; 007ac9 Crawler; http://crawler.007ac9.net/)"
144.76.85.195 - - [20/Jun/2014:17:13:22 -0400] "GET /Frame-3-gallerynav.htm HTTP/1.1" 200 4534 "-" "Mozilla/5.0 (compatible; 007ac9 Crawler; http://crawler.007ac9.net/)"
144.76.85.195 - - [20/Jun/2014:17:13:24 -0400] "GET /Frame-4-calendarpage4.html?refresh=1400863618949 HTTP/1.1" 200 42254 "-" "Mozilla/5.0 (compatible; 007ac9 Crawler; http://crawler.007ac9.net/)"
70.192.206.59 - - [20/Jun/2014:18:51:29 -0400] "GET / HTTP/1.1" 200 1092 "https://www.google.com/" "Mozilla/5.0 (iPhone; CPU iPhone OS 7_1_1 like Mac OS X) AppleWebKit/537.51.2 (KHTML, like Gecko) Version/7.0 Mobile/11D201 Safari/9537.53"
70.192.206.59 - - [20/Jun/2014:18:51:29 -0400] "GET /250/scripts/master.css HTTP/1.1" 200 1956 "http://www.wiseguysokc.com/" "Mozilla/5.0 (iPhone; CPU iPhone OS 7_1_1 like Mac OS X) AppleWebKit/537.51.2 (KHTML, like Gecko) Version/7.0 Mobile/11D201 Safari/9537.53"
70.192.206.59 - - [20/Jun/2014:18:51:29 -0400] "GET /scripts/photoalbum.js HTTP/1.1" 200 62481 "http://www.wiseguysokc.com/" "Mozilla/5.0 (iPhone; CPU iPhone OS 7_1_1 like Mac OS X) AppleWebKit/537.51.2 (KHTML, like Gecko) Version/7.0 Mobile/11D201 Safari/9537.53"
70.192.206.59 - - [20/Jun/2014:18:51:29 -0400] "GET /scripts/user.js HTTP/1.1" 200 23762 "http://www.wiseguysokc.com/" "Mozilla/5.0 (iPhone; CPU iPhone OS 7_1_1 like Mac OS X) AppleWebKit/537.51.2 (KHTML, like Gecko) Version/7.0 Mobile/11D201 Safari/9537.53"
70.192.206.59 - - [20/Jun/2014:18:51:30 -0400] "GET /Frame-1-homepage1.html?refresh=1400863619270 HTTP/1.1" 200 19961 "http://www.wiseguysokc.com/" "Mozilla/5.0 (iPhone; CPU iPhone OS 7_1_1 like Mac OS X) AppleWebKit/537.51.2 (KHTML, like Gecko) Version/7.0 Mobile/11D201 Safari/9537.53"
70.192.206.59 - - [20/Jun/2014:18:51:30 -0400] "GET /250/images/back01.jpg HTTP/1.1" 200 1321 "http://www.wiseguysokc.com/Frame-1-homepage1.html?refresh=1400863619270" "Mozilla/5.0 (iPhone; CPU iPhone OS 7_1_1 like Mac OS X) AppleWebKit/537.51.2 (KHTML, like Gecko) Version/7.0 Mobile/11D201 Safari/9537.53"
70.192.206.59 - - [20/Jun/2014:18:51:30 -0400] "GET /images/250_Oklahoman.gif HTTP/1.1" 200 1688 "http://www.wiseguysokc.com/Frame-1-homepage1.html?refresh=1400863619270" "Mozilla/5.0 (iPhone; CPU iPhone OS 7_1_1 like Mac OS X) AppleWebKit/537.51.2 (KHTML, like Gecko) Version/7.0 Mobile/11D201 Safari/9537.53"
70.192.206.59 - - [20/Jun/2014:18:51:30 -0400] "GET /250/images/index02.jpg HTTP/1.1" 200 999 "http://www.wiseguysokc.com/Frame-1-homepage1.html?refresh=1400863619270" "Mozilla/5.0 (iPhone; CPU iPhone OS 7_1_1 like Mac OS X) AppleWebKit/537.51.2 (KHTML, like Gecko) Version/7.0 Mobile/11D201 Safari/9537.53"
70.192.206.59 - - [20/Jun/2014:18:51:30 -0400] "GET /250/images/slogan.jpg HTTP/1.1" 200 5909 "http://www.wiseguysokc.com/Frame-1-homepage1.html?refresh=1400863619270" "Mozilla/5.0 (iPhone; CPU iPhone OS 7_1_1 like Mac OS X) AppleWebKit/537.51.2 (KHTML, like Gecko) Version/7.0 Mobile/11D201 Safari/9537.53"
70.192.206.59 - - [20/Jun/2014:18:51:30 -0400] "GET /250/images/02b.jpg HTTP/1.1" 200 3466 "http://www.wiseguysokc.com/Frame-1-homenav.htm" "Mozilla/5.0 (iPhone; CPU iPhone OS 7_1_1 like Mac OS X) AppleWebKit/537.51.2 (KHTML, like Gecko) Version/7.0 Mobile/11D201 Safari/9537.53"
70.192.206.59 - - [20/Jun/2014:18:51:30 -0400] "GET /250/images/03b.jpg HTTP/1.1" 200 2930 "http://www.wiseguysokc.com/Frame-1-homenav.htm" "Mozilla/5.0 (iPhone; CPU iPhone OS 7_1_1 like Mac OS X) AppleWebKit/537.51.2 (KHTML, like Gecko) Version/7.0 Mobile/11D201 Safari/9537.53"
70.192.206.59 - - [20/Jun/2014:18:51:30 -0400] "GET /250/images/04b.jpg HTTP/1.1" 200 3245 "http://www.wiseguysokc.com/Frame-1-homenav.htm" "Mozilla/5.0 (iPhone; CPU iPhone OS 7_1_1 like Mac OS X) AppleWebKit/537.51.2 (KHTML, like Gecko) Version/7.0 Mobile/11D201 Safari/9537.53"
70.192.206.59 - - [20/Jun/2014:18:51:30 -0400] "GET /250/images/05b.jpg HTTP/1.1" 200 3654 "http://www.wiseguysokc.com/Frame-1-homenav.htm" "Mozilla/5.0 (iPhone; CPU iPhone OS 7_1_1 like Mac OS X) AppleWebKit/537.51.2 (KHTML, like Gecko) Version/7.0 Mobile/11D201 Safari/9537.53"
70.192.206.59 - - [20/Jun/2014:18:51:30 -0400] "GET /250/images/06b.jpg HTTP/1.1" 200 3011 "http://www.wiseguysokc.com/Frame-1-homenav.htm" "Mozilla/5.0 (iPhone; CPU iPhone OS 7_1_1 like Mac OS X) AppleWebKit/537.51.2 (KHTML, like Gecko) Version/7.0 Mobile/11D201 Safari/9537.53"
70.192.206.59 - - [20/Jun/2014:18:51:30 -0400] "GET /250/images/07b.jpg HTTP/1.1" 200 3345 "http://www.wiseguysokc.com/Frame-1-homenav.htm" "Mozilla/5.0 (iPhone; CPU iPhone OS 7_1_1 like Mac OS X) AppleWebKit/537.51.2 (KHTML, like Gecko) Version/7.0 Mobile/11D201 Safari/9537.53"
70.192.206.59 - - [20/Jun/2014:18:51:30 -0400] "GET /250/images/09b.jpg HTTP/1.1" 200 1125 "http://www.wiseguysokc.com/Frame-1-homenav.htm" "Mozilla/5.0 (iPhone; CPU iPhone OS 7_1_1 like Mac OS X) AppleWebKit/537.51.2 (KHTML, like Gecko) Version/7.0 Mobile/11D201 Safari/9537.53"
70.192.206.59 - - [20/Jun/2014:18:51:30 -0400] "GET /250/images/10b.jpg HTTP/1.1" 200 1232 "http://www.wiseguysokc.com/Frame-1-homenav.htm" "Mozilla/5.0 (iPhone; CPU iPhone OS 7_1_1 like Mac OS X) AppleWebKit/537.51.2 (KHTML, like Gecko) Version/7.0 Mobile/11D201 Safari/9537.53"
70.192.206.59 - - [20/Jun/2014:18:51:30 -0400] "GET /250/images/01a.jpg HTTP/1.1" 200 2917 "http://www.wiseguysokc.com/Frame-1-homenav.htm" "Mozilla/5.0 (iPhone; CPU iPhone OS 7_1_1 like Mac OS X) AppleWebKit/537.51.2 (KHTML, like Gecko) Version/7.0 Mobile/11D201 Safari/9537.53"
70.192.206.59 - - [20/Jun/2014:18:51:30 -0400] "GET /250/images/02a.jpg HTTP/1.1" 200 3437 "http://www.wiseguysokc.com/Frame-1-homenav.htm" "Mozilla/5.0 (iPhone; CPU iPhone OS 7_1_1 like Mac OS X) AppleWebKit/537.51.2 (KHTML, like Gecko) Version/7.0 Mobile/11D201 Safari/9537.53"
70.192.206.59 - - [20/Jun/2014:18:51:30 -0400] "GET /250/images/05a.jpg HTTP/1.1" 200 3815 "http://www.wiseguysokc.com/Frame-1-homenav.htm" "Mozilla/5.0 (iPhone; CPU iPhone OS 7_1_1 like Mac OS X) AppleWebKit/537.51.2 (KHTML, like Gecko) Version/7.0 Mobile/11D201 Safari/9537.53"
70.192.206.59 - - [20/Jun/2014:18:51:30 -0400] "GET /250/images/06a.jpg HTTP/1.1" 200 3075 "http://www.wiseguysokc.com/Frame-1-homenav.htm" "Mozilla/5.0 (iPhone; CPU iPhone OS 7_1_1 like Mac OS X) AppleWebKit/537.51.2 (KHTML, like Gecko) Version/7.0 Mobile/11D201 Safari/9537.53"
99.90.18.167 - - [20/Jun/2014:19:13:24 -0400] "GET /images/155_Brad_Arts_Fest_05.jpg HTTP/1.1" 200 6514 "http://www.wiseguysokc.com/Frame-2-meetthebandpage2.html?refresh=1400863618904" "Mozilla/5.0 (compatible; MSIE 10.0; Windows NT 6.1; WOW64; Trident/6.0)"
180.76.5.75 - - [20/Jun/2014:07:30:59 -0400] "GET /Frame-6-audiovideonav.htm HTTP/1.1" 200 4534 "-" "Mozilla/5.0 (compatible; Baiduspider/2.0; +http://www.baidu.com/search/spider.html)"
183.60.212.159 - - [20/Jun/2014:08:43:33 -0400] "GET /Frame-9-bookingmediakitpage9.html?refresh=1393912127651 HTTP/1.1" 200 18761 "-" "Mozilla/5.0 (compatible; EasouSpider; +http://www.easou.com/search/spider.html)"
170.29.1.3 - - [20/Jun/2014:09:08:36 -0400] "GET /calendar.html HTTP/1.1" 200 1100 "http://www.wiseguysokc.com/Frame-2-meetthebandnav.htm" "Mozilla/4.0 (compatible; MSIE 8.0; Windows NT 5.1; Trident/4.0; .NET CLR 1.1.4322; .NET CLR 2.0.50727; .NET CLR 3.0.04506.648; .NET CLR 3.5.21022; .NET CLR 3.0.4506.2152; .NET CLR 3.5.30729; InfoPath.2)"
65.55.215.35 - - [20/Jun/2014:03:14:08 -0400] "GET /robots.txt HTTP/1.1" 200 25 "-" "msnbot-media/1.1 (+http://search.msn.com/msnbot.htm)"
72.198.103.39 - - [20/Jun/2014:17:02:58 -0400] "GET /250/images/spacer.gif HTTP/1.1" 200 43 "http://www.wiseguysokc.com/Frame-1-homenav.htm" "Mozilla/5.0 (Macintosh; Intel Mac OS X 10_6_8) AppleWebKit/534.59.10 (KHTML, like Gecko) Version/5.1.9 Safari/534.59.10"
72.198.103.39 - - [20/Jun/2014:17:02:58 -0400] "GET /images/483_Promo_Pic_2_-_2014.jpg HTTP/1.1" 200 25391 "http://www.wiseguysokc.com/Frame-1-homepage1.html?refresh=1400863619270" "Mozilla/5.0 (Macintosh; Intel Mac OS X 10_6_8) AppleWebKit/534.59.10 (KHTML, like Gecko) Version/5.1.9 Safari/534.59.10"
144.76.85.195 - - [20/Jun/2014:17:13:13 -0400] "GET /home.html HTTP/1.1" 200 1092 "-" "Mozilla/5.0 (compatible; 007ac9 Crawler; http://crawler.007ac9.net/)"
144.76.85.195 - - [20/Jun/2014:17:13:14 -0400] "GET /meettheband.html HTTP/1.1" 200 1106 "-" "Mozilla/5.0 (compatible; 007ac9 Crawler; http://crawler.007ac9.net/)"
144.76.85.195 - - [20/Jun/2014:17:13:14 -0400] "GET /gallery.html HTTP/1.1" 200 1098 "-" "Mozilla/5.0 (compatible; 007ac9 Crawler; http://crawler.007ac9.net/)"
144.76.85.195 - - [20/Jun/2014:17:13:15 -0400] "GET /calendar.html HTTP/1.1" 200 1100 "-" "Mozilla/5.0 (compatible; 007ac9 Crawler; http://crawler.007ac9.net/)"
144.76.85.195 - - [20/Jun/2014:17:13:15 -0400] "GET /wisestuff.html HTTP/1.1" 200 1105 "-" "Mozilla/5.0 (compatible; 007ac9 Crawler; http://crawler.007ac9.net/)"
144.76.85.195 - - [20/Jun/2014:17:13:16 -0400] "GET /contactnewsletter.html HTTP/1.1" 200 1118 "-" "Mozilla/5.0 (compatible; 007ac9 Crawler; http://crawler.007ac9.net/)"
144.76.85.195 - - [20/Jun/2014:17:13:16 -0400] "GET /Frame-6-audiovideopage6.html?refresh=1400863618603 HTTP/1.1" 200 17682 "-" "Mozilla/5.0 (compatible; 007ac9 Crawler; http://crawler.007ac9.net/)"
144.76.85.195 - - [20/Jun/2014:17:13:17 -0400] "GET /Frame-6-audiovideonav.htm HTTP/1.1" 200 4534 "-" "Mozilla/5.0 (compatible; 007ac9 Crawler; http://crawler.007ac9.net/)"
99.35.192.73 - - [20/Jun/2014:18:53:17 -0400] "GET /images/Twilight_Zone.mp3 HTTP/1.1" 200 7217396 "http://www.wiseguysokc.com/Frame-6-audiovideopage6.html?refresh=1400863618603" "Mozilla/5.0 (Windows NT 6.1; WOW64) AppleWebKit/537.36 (KHTML, like Gecko) Chrome/35.0.1916.153 Safari/537.36"
14.121.4.21 - - [20/Jun/2014:20:02:19 -0400] "POST /calendar.html/trackback/ HTTP/1.1" 404 575 "http://www.wiseguysokc.com/calendar.html" "Mozilla/4.0 (compatible; MSIE 6.0; Windows NT 5.1; SV1; Mozilla/4.0 (compatible; MSIE 6.0; Windows NT 5.1; SV1) )"
193.150.120.14 - - [20/Jun/2014:21:14:20 -0400] "GET / HTTP/1.1" 200 1092 "http://best-poppers.com.ua/" "Mozilla/4.0 (compatible; MSIE 6.0; Windows NT 5.1; MRA 4.3 (build 01218); .NET CLR 1.1.4322)"
65.255.83.87 - - [20/Jun/2014:11:32:36 -0400] "GET /calendar.html HTTP/1.1" 200 1100 "http://www.bing.com/search?q=louis+on+the+lake+okc+music&src=IE-TopResult&FORM=IE11TR&conversationid=" "Mozilla/5.0 (Windows NT 6.1; WOW64; Trident/7.0; rv:11.0) like Gecko"
65.255.83.87 - - [20/Jun/2014:11:32:36 -0400] "GET /250/scripts/icwebsiteelement.css HTTP/1.1" 200 8132 "http://www.wiseguysokc.com/calendar.html" "Mozilla/5.0 (Windows NT 6.1; WOW64; Trident/7.0; rv:11.0) like Gecko"
65.255.83.87 - - [20/Jun/2014:11:32:37 -0400] "GET /images/483_WG-Pub2013-17.jpg HTTP/1.1" 200 24476 "http://www.wiseguysokc.com/Frame-4-calendarpage4.html?refresh=1400863618949" "Mozilla/5.0 (Windows NT 6.1; WOW64; Trident/7.0; rv:11.0) like Gecko"
65.255.83.87 - - [20/Jun/2014:11:32:37 -0400] "GET /250/images/index04.jpg HTTP/1.1" 200 2241 "http://www.wiseguysokc.com/Frame-4-calendarpage4.html?refresh=1400863618949" "Mozilla/5.0 (Windows NT 6.1; WOW64; Trident/7.0; rv:11.0) like Gecko"
65.255.83.87 - - [20/Jun/2014:11:32:37 -0400] "GET /250/images/06a.jpg HTTP/1.1" 200 3075 "http://www.wiseguysokc.com/Frame-4-calendarnav.htm" "Mozilla/5.0 (Windows NT 6.1; WOW64; Trident/7.0; rv:11.0) like Gecko"
65.255.83.87 - - [20/Jun/2014:11:32:37 -0400] "GET /250/images/06b.jpg HTTP/1.1" 200 3011 "http://www.wiseguysokc.com/Frame-4-calendarnav.htm" "Mozilla/5.0 (Windows NT 6.1; WOW64; Trident/7.0; rv:11.0) like Gecko"
65.255.83.87 - - [20/Jun/2014:11:32:37 -0400] "GET /250/images/10b.jpg HTTP/1.1" 200 1232 "http://www.wiseguysokc.com/Frame-4-calendarnav.htm" "Mozilla/5.0 (Windows NT 6.1; WOW64; Trident/7.0; rv:11.0) like Gecko"
207.200.116.12 - - [20/Jun/2014:13:38:35 -0400] "HEAD / HTTP/1.1" 200 - "-" "Mozilla/4.0 (compatible; MSIE 7.0; AOL 9.5; AOLBuild 4337.5400; Windows NT 6.0; WOW64; Trident/5.0; SLCC1; .NET CLR 2.0.50727; Media Center PC 5.0; .NET CLR 3.5.21022; .NET CLR 3.5.30729; MDDC; .NET CLR 3.0.30729; InfoPath.1; .NET4.0C; .NET4.0E)"
74.195.153.16 - - [20/Jun/2014:00:09:19 -0400] "GET /images/155_Brad_Arts_Fest_05.jpg HTTP/1.1" 200 6514 "http://www.wiseguysokc.com/Frame-2-meetthebandpage2.html?refresh=1400863618904" "Mozilla/5.0 (Macintosh; Intel Mac OS X 10_9_3) AppleWebKit/537.76.4 (KHTML, like Gecko) Version/7.0.4 Safari/537.76.4"
74.195.153.16 - - [20/Jun/2014:00:09:19 -0400] "GET /250/images/03a.jpg HTTP/1.1" 200 2976 "http://www.wiseguysokc.com/Frame-2-meetthebandnav.htm" "Mozilla/5.0 (Macintosh; Intel Mac OS X 10_9_3) AppleWebKit/537.76.4 (KHTML, like Gecko) Version/7.0.4 Safari/537.76.4"
74.195.153.16 - - [20/Jun/2014:00:09:19 -0400] "GET /images/153__8280370_-_Crpt.JPG HTTP/1.1" 200 5529 "http://www.wiseguysokc.com/Frame-2-meetthebandpage2.html?refresh=1400863618904" "Mozilla/5.0 (Macintosh; Intel Mac OS X 10_9_3) AppleWebKit/537.76.4 (KHTML, like Gecko) Version/7.0.4 Safari/537.76.4"
74.195.153.16 - - [20/Jun/2014:00:09:19 -0400] "GET /250/images/company.jpg HTTP/1.1" 200 6282 "http://www.wiseguysokc.com/Frame-2-meetthebandpage2.html?refresh=1400863618904" "Mozilla/5.0 (Macintosh; Intel Mac OS X 10_9_3) AppleWebKit/537.76.4 (KHTML, like Gecko) Version/7.0.4 Safari/537.76.4"
74.195.153.16 - - [20/Jun/2014:00:09:19 -0400] "GET /250/images/index06.jpg HTTP/1.1" 200 2838 "http://www.wiseguysokc.com/Frame-2-meetthebandpage2.html?refresh=1400863618904" "Mozilla/5.0 (Macintosh; Intel Mac OS X 10_9_3) AppleWebKit/537.76.4 (KHTML, like Gecko) Version/7.0.4 Safari/537.76.4"
66.249.67.33 - - [20/Jun/2014:00:11:20 -0400] "GET /250/images/motif01.jpg HTTP/1.1" 304 - "-" "Googlebot-Image/1.0"
68.12.236.211 - - [20/Jun/2014:03:30:14 -0400] "GET /favicon.ico HTTP/1.1" 404 575 "-" "Mozilla/5.0 (Windows NT 6.1; Win64; x64; Trident/7.0; rv:11.0) like Gecko"
68.15.109.138 - - [20/Jun/2014:14:34:43 -0400] "GET /images/483__DSC2843.jpg HTTP/1.1" 200 53533 "http://www.wiseguysokc.com/Frame-1-homepage1.html?refresh=1400863619270" "Mozilla/5.0 (Macintosh; Intel Mac OS X 10_6_8) AppleWebKit/534.59.10 (KHTML, like Gecko) Version/5.1.9 Safari/534.59.10"
68.15.109.138 - - [20/Jun/2014:14:34:55 -0400] "GET /250/images/05a.jpg HTTP/1.1" 200 3815 "http://www.wiseguysokc.com/Frame-1-homenav.htm" "Mozilla/5.0 (Macintosh; Intel Mac OS X 10_6_8) AppleWebKit/534.59.10 (KHTML, like Gecko) Version/5.1.9 Safari/534.59.10"
66.249.64.228 - - [20/Jun/2014:15:42:08 -0400] "GET / HTTP/1.1" 200 1092 "-" "Mozilla/5.0 (compatible; Googlebot/2.1; +http://www.google.com/bot.html)"
72.198.103.39 - - [20/Jun/2014:17:02:57 -0400] "GET / HTTP/1.1" 200 1092 "-" "Mozilla/5.0 (Macintosh; Intel Mac OS X 10_6_8) AppleWebKit/534.59.10 (KHTML, like Gecko) Version/5.1.9 Safari/534.59.10"
72.198.103.39 - - [20/Jun/2014:17:02:57 -0400] "GET /scripts/photoalbum.js HTTP/1.1" 200 62481 "http://www.wiseguysokc.com/" "Mozilla/5.0 (Macintosh; Intel Mac OS X 10_6_8) AppleWebKit/534.59.10 (KHTML, like Gecko) Version/5.1.9 Safari/534.59.10"
72.198.103.39 - - [20/Jun/2014:17:02:57 -0400] "GET /scripts/user.js HTTP/1.1" 200 23762 "http://www.wiseguysokc.com/" "Mozilla/5.0 (Macintosh; Intel Mac OS X 10_6_8) AppleWebKit/534.59.10 (KHTML, like Gecko) Version/5.1.9 Safari/534.59.10"
107.129.28.75 - - [20/Jun/2014:19:10:55 -0400] "GET /scripts/ic_globals_published.js HTTP/1.1" 200 566 "http://www.wiseguysokc.com/" "Mozilla/5.0 (Macintosh; Intel Mac OS X 10_7_5) AppleWebKit/537.76.4 (KHTML, like Gecko) Version/6.1.4 Safari/537.76.4"
107.129.28.75 - - [20/Jun/2014:19:10:55 -0400] "GET /images/483_Promo_Pic_2_-_2014.jpg HTTP/1.1" 200 25391 "http://www.wiseguysokc.com/Frame-1-homepage1.html?refresh=1400863619270" "Mozilla/5.0 (Macintosh; Intel Mac OS X 10_7_5) AppleWebKit/537.76.4 (KHTML, like Gecko) Version/6.1.4 Safari/537.76.4"
107.129.28.75 - - [20/Jun/2014:19:10:56 -0400] "GET /250/images/01a.jpg HTTP/1.1" 200 2917 "http://www.wiseguysokc.com/Frame-1-homenav.htm" "Mozilla/5.0 (Macintosh; Intel Mac OS X 10_7_5) AppleWebKit/537.76.4 (KHTML, like Gecko) Version/6.1.4 Safari/537.76.4"
107.129.28.75 - - [20/Jun/2014:19:10:56 -0400] "GET /images/180_WG_-_Facebook.jpg HTTP/1.1" 200 4974 "http://www.wiseguysokc.com/Frame-1-homepage1.html?refresh=1400863619270" "Mozilla/5.0 (Macintosh; Intel Mac OS X 10_7_5) AppleWebKit/537.76.4 (KHTML, like Gecko) Version/6.1.4 Safari/537.76.4"
107.129.28.75 - - [20/Jun/2014:19:10:56 -0400] "GET /250/images/company.jpg HTTP/1.1" 200 6282 "http://www.wiseguysokc.com/Frame-1-homepage1.html?refresh=1400863619270" "Mozilla/5.0 (Macintosh; Intel Mac OS X 10_7_5) AppleWebKit/537.76.4 (KHTML, like Gecko) Version/6.1.4 Safari/537.76.4"
107.129.28.75 - - [20/Jun/2014:19:10:56 -0400] "GET /250/images/index06.jpg HTTP/1.1" 200 2838 "http://www.wiseguysokc.com/Frame-1-homepage1.html?refresh=1400863619270" "Mozilla/5.0 (Macintosh; Intel Mac OS X 10_7_5) AppleWebKit/537.76.4 (KHTML, like Gecko) Version/6.1.4 Safari/537.76.4"
166.137.119.20 - - [20/Jun/2014:20:20:12 -0400] "GET /images/393_Readers_Choice_2012_and_2013_-_Ed1.jpg HTTP/1.1" 200 15543 "http://www.wiseguysokc.com/Frame-1-homepage1.html?refresh=1400863619270" "Mozilla/5.0 (iPhone; CPU iPhone OS 7_1_1 like Mac OS X) AppleWebKit/537.51.2 (KHTML, like Gecko) Version/7.0 Mobile/11D201 Safari/9537.53"
166.137.119.20 - - [20/Jun/2014:20:20:12 -0400] "GET /250/images/index05.jpg HTTP/1.1" 200 2081 "http://www.wiseguysokc.com/Frame-1-homepage1.html?refresh=1400863619270" "Mozilla/5.0 (iPhone; CPU iPhone OS 7_1_1 like Mac OS X) AppleWebKit/537.51.2 (KHTML, like Gecko) Version/7.0 Mobile/11D201 Safari/9537.53"
166.137.119.20 - - [20/Jun/2014:20:20:12 -0400] "GET /250/images/index04.jpg HTTP/1.1" 200 2241 "http://www.wiseguysokc.com/Frame-1-homepage1.html?refresh=1400863619270" "Mozilla/5.0 (iPhone; CPU iPhone OS 7_1_1 like Mac OS X) AppleWebKit/537.51.2 (KHTML, like Gecko) Version/7.0 Mobile/11D201 Safari/9537.53"
166.137.119.20 - - [20/Jun/2014:20:20:12 -0400] "GET /250/images/index06.jpg HTTP/1.1" 200 2838 "http://www.wiseguysokc.com/Frame-1-homepage1.html?refresh=1400863619270" "Mozilla/5.0 (iPhone; CPU iPhone OS 7_1_1 like Mac OS X) AppleWebKit/537.51.2 (KHTML, like Gecko) Version/7.0 Mobile/11D201 Safari/9537.53"
166.137.119.20 - - [20/Jun/2014:20:20:13 -0400] "GET /250/images/10b.jpg HTTP/1.1" 200 1232 "http://www.wiseguysokc.com/Frame-1-homenav.htm" "Mozilla/5.0 (iPhone; CPU iPhone OS 7_1_1 like Mac OS X) AppleWebKit/537.51.2 (KHTML, like Gecko) Version/7.0 Mobile/11D201 Safari/9537.53"
166.137.119.18 - - [20/Jun/2014:07:22:40 -0400] "GET /250/scripts/icwebsiteelement.css HTTP/1.1" 200 8132 "http://www.wiseguysokc.com/" "Mozilla/5.0 (iPhone; CPU iPhone OS 7_1_1 like Mac OS X) AppleWebKit/537.51.2 (KHTML, like Gecko) Version/7.0 Mobile/11D201 Safari/9537.53"
166.137.119.18 - - [20/Jun/2014:07:22:40 -0400] "GET /scripts/ic_globals_published.js HTTP/1.1" 200 566 "http://www.wiseguysokc.com/" "Mozilla/5.0 (iPhone; CPU iPhone OS 7_1_1 like Mac OS X) AppleWebKit/537.51.2 (KHTML, like Gecko) Version/7.0 Mobile/11D201 Safari/9537.53"
166.137.119.18 - - [20/Jun/2014:07:22:40 -0400] "GET /scripts/photoalbum.js HTTP/1.1" 200 62481 "http://www.wiseguysokc.com/" "Mozilla/5.0 (iPhone; CPU iPhone OS 7_1_1 like Mac OS X) AppleWebKit/537.51.2 (KHTML, like Gecko) Version/7.0 Mobile/11D201 Safari/9537.53"
166.137.119.18 - - [20/Jun/2014:07:22:40 -0400] "GET /Frame-1-homepage1.html?refresh=1400863619270 HTTP/1.1" 200 19961 "http://www.wiseguysokc.com/" "Mozilla/5.0 (iPhone; CPU iPhone OS 7_1_1 like Mac OS X) AppleWebKit/537.51.2 (KHTML, like Gecko) Version/7.0 Mobile/11D201 Safari/9537.53"
166.137.119.18 - - [20/Jun/2014:07:22:41 -0400] "GET /images/483_Promo_Pic_2_-_2014.jpg HTTP/1.1" 200 25391 "http://www.wiseguysokc.com/Frame-1-homepage1.html?refresh=1400863619270" "Mozilla/5.0 (iPhone; CPU iPhone OS 7_1_1 like Mac OS X) AppleWebKit/537.51.2 (KHTML, like Gecko) Version/7.0 Mobile/11D201 Safari/9537.53"
70.196.133.93 - - [20/Jun/2014:12:03:38 -0400] "GET /250/images/02b.jpg HTTP/1.1" 200 3466 "http://wiseguysokc.com/Frame-1-homenav.htm" "Mozilla/5.0 (iPhone; CPU iPhone OS 7_1 like Mac OS X) AppleWebKit/537.51.2 (KHTML, like Gecko) Version/7.0 Mobile/11D167 Safari/9537.53"
70.196.133.93 - - [20/Jun/2014:12:03:38 -0400] "GET /250/images/07b.jpg HTTP/1.1" 200 3345 "http://wiseguysokc.com/Frame-1-homenav.htm" "Mozilla/5.0 (iPhone; CPU iPhone OS 7_1 like Mac OS X) AppleWebKit/537.51.2 (KHTML, like Gecko) Version/7.0 Mobile/11D167 Safari/9537.53"
70.196.133.93 - - [20/Jun/2014:12:03:38 -0400] "GET /250/images/spacer.gif HTTP/1.1" 200 43 "http://wiseguysokc.com/Frame-1-homenav.htm" "Mozilla/5.0 (iPhone; CPU iPhone OS 7_1 like Mac OS X) AppleWebKit/537.51.2 (KHTML, like Gecko) Version/7.0 Mobile/11D167 Safari/9537.53"
70.196.133.93 - - [20/Jun/2014:12:03:38 -0400] "GET /250/images/05a.jpg HTTP/1.1" 200 3815 "http://wiseguysokc.com/Frame-1-homenav.htm" "Mozilla/5.0 (iPhone; CPU iPhone OS 7_1 like Mac OS X) AppleWebKit/537.51.2 (KHTML, like Gecko) Version/7.0 Mobile/11D167 Safari/9537.53"
70.196.133.93 - - [20/Jun/2014:12:03:38 -0400] "GET /images/130_Sandi1.jpg HTTP/1.1" 200 8040 "http://wiseguysokc.com/Frame-1-homepage1.html?refresh=1400863619270" "Mozilla/5.0 (iPhone; CPU iPhone OS 7_1 like Mac OS X) AppleWebKit/537.51.2 (KHTML, like Gecko) Version/7.0 Mobile/11D167 Safari/9537.53"
70.196.133.93 - - [20/Jun/2014:12:03:39 -0400] "GET /images/483__DSC2843.jpg HTTP/1.1" 200 53533 "http://wiseguysokc.com/Frame-1-homepage1.html?refresh=1400863619270" "Mozilla/5.0 (iPhone; CPU iPhone OS 7_1 like Mac OS X) AppleWebKit/537.51.2 (KHTML, like Gecko) Version/7.0 Mobile/11D167 Safari/9537.53"
70.196.133.93 - - [20/Jun/2014:12:03:39 -0400] "GET /250/images/index05.jpg HTTP/1.1" 200 2081 "http://wiseguysokc.com/Frame-1-homepage1.html?refresh=1400863619270" "Mozilla/5.0 (iPhone; CPU iPhone OS 7_1 like Mac OS X) AppleWebKit/537.51.2 (KHTML, like Gecko) Version/7.0 Mobile/11D167 Safari/9537.53"
76.188.128.139 - - [20/Jun/2014:12:21:23 -0400] "GET / HTTP/1.1" 200 1092 "https://www.google.com/" "Mozilla/5.0 (iPad; CPU OS 6_1 like Mac OS X) AppleWebKit/536.26 (KHTML, like Gecko) Version/6.0 Mobile/10B141 Safari/8536.25"
76.188.128.139 - - [20/Jun/2014:12:21:23 -0400] "GET /250/scripts/master.css HTTP/1.1" 200 1956 "http://www.wiseguysokc.com/" "Mozilla/5.0 (iPad; CPU OS 6_1 like Mac OS X) AppleWebKit/536.26 (KHTML, like Gecko) Version/6.0 Mobile/10B141 Safari/8536.25"
76.188.128.139 - - [20/Jun/2014:12:21:23 -0400] "GET /scripts/user.js HTTP/1.1" 200 23762 "http://www.wiseguysokc.com/" "Mozilla/5.0 (iPad; CPU OS 6_1 like Mac OS X) AppleWebKit/536.26 (KHTML, like Gecko) Version/6.0 Mobile/10B141 Safari/8536.25"
76.188.128.139 - - [20/Jun/2014:12:21:24 -0400] "GET /Frame-1-homepage1.html?refresh=1400863619270 HTTP/1.1" 200 19961 "http://www.wiseguysokc.com/" "Mozilla/5.0 (iPad; CPU OS 6_1 like Mac OS X) AppleWebKit/536.26 (KHTML, like Gecko) Version/6.0 Mobile/10B141 Safari/8536.25"
76.188.128.139 - - [20/Jun/2014:12:21:24 -0400] "GET /250/images/04b.jpg HTTP/1.1" 200 3245 "http://www.wiseguysokc.com/Frame-1-homenav.htm" "Mozilla/5.0 (iPad; CPU OS 6_1 like Mac OS X) AppleWebKit/536.26 (KHTML, like Gecko) Version/6.0 Mobile/10B141 Safari/8536.25"
76.188.128.139 - - [20/Jun/2014:12:21:24 -0400] "GET /250/images/09b.jpg HTTP/1.1" 200 1125 "http://www.wiseguysokc.com/Frame-1-homenav.htm" "Mozilla/5.0 (iPad; CPU OS 6_1 like Mac OS X) AppleWebKit/536.26 (KHTML, like Gecko) Version/6.0 Mobile/10B141 Safari/8536.25"
76.188.128.139 - - [20/Jun/2014:12:21:24 -0400] "GET /250/images/02a.jpg HTTP/1.1" 200 3437 "http://www.wiseguysokc.com/Frame-1-homenav.htm" "Mozilla/5.0 (iPad; CPU OS 6_1 like Mac OS X) AppleWebKit/536.26 (KHTML, like Gecko) Version/6.0 Mobile/10B141 Safari/8536.25"
76.188.128.139 - - [20/Jun/2014:12:21:24 -0400] "GET /images/483_Promo_Pic_2_-_2014.jpg HTTP/1.1" 200 25391 "http://www.wiseguysokc.com/Frame-1-homepage1.html?refresh=1400863619270" "Mozilla/5.0 (iPad; CPU OS 6_1 like Mac OS X) AppleWebKit/536.26 (KHTML, like Gecko) Version/6.0 Mobile/10B141 Safari/8536.25"
76.188.128.139 - - [20/Jun/2014:12:21:24 -0400] "GET /images/393_Readers_Choice_2012_and_2013_-_Ed1.jpg HTTP/1.1" 200 15543 "http://www.wiseguysokc.com/Frame-1-homepage1.html?refresh=1400863619270" "Mozilla/5.0 (iPad; CPU OS 6_1 like Mac OS X) AppleWebKit/536.26 (KHTML, like Gecko) Version/6.0 Mobile/10B141 Safari/8536.25"
76.188.128.139 - - [20/Jun/2014:12:21:24 -0400] "GET /images/240_Jeff_Shadow_copy.jpg HTTP/1.1" 200 7629 "http://www.wiseguysokc.com/Frame-1-homepage1.html?refresh=1400863619270" "Mozilla/5.0 (iPad; CPU OS 6_1 like Mac OS X) AppleWebKit/536.26 (KHTML, like Gecko) Version/6.0 Mobile/10B141 Safari/8536.25"
76.188.128.139 - - [20/Jun/2014:12:21:24 -0400] "GET /images/180_WG_-_Facebook.jpg HTTP/1.1" 200 4974 "http://www.wiseguysokc.com/Frame-1-homepage1.html?refresh=1400863619270" "Mozilla/5.0 (iPad; CPU OS 6_1 like Mac OS X) AppleWebKit/536.26 (KHTML, like Gecko) Version/6.0 Mobile/10B141 Safari/8536.25"
76.188.128.139 - - [20/Jun/2014:12:21:24 -0400] "GET /images/250_Oklahoman.gif HTTP/1.1" 200 1688 "http://www.wiseguysokc.com/Frame-1-homepage1.html?refresh=1400863619270" "Mozilla/5.0 (iPad; CPU OS 6_1 like Mac OS X) AppleWebKit/536.26 (KHTML, like Gecko) Version/6.0 Mobile/10B141 Safari/8536.25"
76.188.128.139 - - [20/Jun/2014:12:21:24 -0400] "GET /images/130_Sandi1.jpg HTTP/1.1" 200 8040 "http://www.wiseguysokc.com/Frame-1-homepage1.html?refresh=1400863619270" "Mozilla/5.0 (iPad; CPU OS 6_1 like Mac OS X) AppleWebKit/536.26 (KHTML, like Gecko) Version/6.0 Mobile/10B141 Safari/8536.25"
76.188.128.139 - - [20/Jun/2014:12:21:24 -0400] "GET /250/images/index02.jpg HTTP/1.1" 200 999 "http://www.wiseguysokc.com/Frame-1-homepage1.html?refresh=1400863619270" "Mozilla/5.0 (iPad; CPU OS 6_1 like Mac OS X) AppleWebKit/536.26 (KHTML, like Gecko) Version/6.0 Mobile/10B141 Safari/8536.25"
76.188.128.139 - - [20/Jun/2014:12:21:24 -0400] "GET /250/images/company.jpg HTTP/1.1" 200 6282 "http://www.wiseguysokc.com/Frame-1-homepage1.html?refresh=1400863619270" "Mozilla/5.0 (iPad; CPU OS 6_1 like Mac OS X) AppleWebKit/536.26 (KHTML, like Gecko) Version/6.0 Mobile/10B141 Safari/8536.25"
76.188.128.139 - - [20/Jun/2014:12:21:24 -0400] "GET /250/images/index06.jpg HTTP/1.1" 200 2838 "http://www.wiseguysokc.com/Frame-1-homepage1.html?refresh=1400863619270" "Mozilla/5.0 (iPad; CPU OS 6_1 like Mac OS X) AppleWebKit/536.26 (KHTML, like Gecko) Version/6.0 Mobile/10B141 Safari/8536.25"
216.207.220.249 - - [20/Jun/2014:15:48:45 -0400] "GET /scripts/user.js HTTP/1.1" 200 23762 "http://wiseguysokc.com/" "Mozilla/4.0 (compatible; MSIE 8.0; Windows NT 5.1; Trident/4.0; .NET CLR 1.1.4322; .NET CLR 2.0.50727; .NET CLR 3.0.4506.2152; .NET CLR 3.5.30729; .NET4.0C; .NET4.0E)"
216.207.220.249 - - [20/Jun/2014:15:48:45 -0400] "GET /250/images/02b.jpg HTTP/1.1" 200 3466 "http://wiseguysokc.com/Frame-1-homenav.htm" "Mozilla/4.0 (compatible; MSIE 8.0; Windows NT 5.1; Trident/4.0; .NET CLR 1.1.4322; .NET CLR 2.0.50727; .NET CLR 3.0.4506.2152; .NET CLR 3.5.30729; .NET4.0C; .NET4.0E)"
216.207.220.249 - - [20/Jun/2014:15:48:45 -0400] "GET /250/images/09b.jpg HTTP/1.1" 200 1125 "http://wiseguysokc.com/Frame-1-homenav.htm" "Mozilla/4.0 (compatible; MSIE 8.0; Windows NT 5.1; Trident/4.0; .NET CLR 1.1.4322; .NET CLR 2.0.50727; .NET CLR 3.0.4506.2152; .NET CLR 3.5.30729; .NET4.0C; .NET4.0E)"
216.207.220.249 - - [20/Jun/2014:15:48:45 -0400] "GET /250/images/03a.jpg HTTP/1.1" 200 2976 "http://wiseguysokc.com/Frame-1-homenav.htm" "Mozilla/4.0 (compatible; MSIE 8.0; Windows NT 5.1; Trident/4.0; .NET CLR 1.1.4322; .NET CLR 2.0.50727; .NET CLR 3.0.4506.2152; .NET CLR 3.5.30729; .NET4.0C; .NET4.0E)"
216.207.220.249 - - [20/Jun/2014:15:48:45 -0400] "GET /images/483_Promo_Pic_2_-_2014.jpg HTTP/1.1" 200 25391 "http://wiseguysokc.com/Frame-1-homepage1.html?refresh=1400863619270" "Mozilla/4.0 (compatible; MSIE 8.0; Windows NT 5.1; Trident/4.0; .NET CLR 1.1.4322; .NET CLR 2.0.50727; .NET CLR 3.0.4506.2152; .NET CLR 3.5.30729; .NET4.0C; .NET4.0E)"
216.207.220.249 - - [20/Jun/2014:15:48:46 -0400] "GET /250/images/index03.jpg HTTP/1.1" 200 2815 "http://wiseguysokc.com/Frame-1-homepage1.html?refresh=1400863619270" "Mozilla/4.0 (compatible; MSIE 8.0; Windows NT 5.1; Trident/4.0; .NET CLR 1.1.4322; .NET CLR 2.0.50727; .NET CLR 3.0.4506.2152; .NET CLR 3.5.30729; .NET4.0C; .NET4.0E)"
216.207.220.249 - - [20/Jun/2014:15:48:46 -0400] "GET /250/images/content01.gif HTTP/1.1" 200 14331 "http://wiseguysokc.com/Frame-1-homepage1.html?refresh=1400863619270" "Mozilla/4.0 (compatible; MSIE 8.0; Windows NT 5.1; Trident/4.0; .NET CLR 1.1.4322; .NET CLR 2.0.50727; .NET CLR 3.0.4506.2152; .NET CLR 3.5.30729; .NET4.0C; .NET4.0E)"
216.207.220.249 - - [20/Jun/2014:15:48:46 -0400] "GET /images/130_Sandi1.jpg HTTP/1.1" 200 8040 "http://wiseguysokc.com/Frame-1-homepage1.html?refresh=1400863619270" "Mozilla/4.0 (compatible; MSIE 8.0; Windows NT 5.1; Trident/4.0; .NET CLR 1.1.4322; .NET CLR 2.0.50727; .NET CLR 3.0.4506.2152; .NET CLR 3.5.30729; .NET4.0C; .NET4.0E)"
144.76.85.195 - - [20/Jun/2014:17:13:30 -0400] "GET /images/Got_to_Get_You_Into_My_Life.mp3 HTTP/1.1" 200 1403864 "-" "Mozilla/5.0 (compatible; 007ac9 Crawler; http://crawler.007ac9.net/)"
99.35.192.73 - - [20/Jun/2014:18:53:31 -0400] "GET /images/Cara_Mia.mp3 HTTP/1.1" 206 2418773 "http://www.wiseguysokc.com/images/Cara_Mia.mp3" "Mozilla/5.0 (Windows NT 6.1; WOW64) AppleWebKit/537.36 (KHTML, like Gecko) Chrome/35.0.1916.153 Safari/537.36"
76.188.128.139 - - [20/Jun/2014:12:23:39 -0400] "GET /images/Here_Comes_My_Girl.mp3 HTTP/1.1" 206 2 "-" "AppleCoreMedia/1.0.0.10B141 (iPad; U; CPU OS 6_1 like Mac OS X; en_us)"
76.188.128.139 - - [20/Jun/2014:12:23:39 -0400] "GET /images/Here_Comes_My_Girl.mp3 HTTP/1.1" 206 1509399 "-" "AppleCoreMedia/1.0.0.10B141 (iPad; U; CPU OS 6_1 like Mac OS X; en_us)"
72.198.103.39 - - [20/Jun/2014:17:02:57 -0400] "GET /250/images/01b.jpg HTTP/1.1" 200 2948 "http://www.wiseguysokc.com/Frame-1-homenav.htm" "Mozilla/5.0 (Macintosh; Intel Mac OS X 10_6_8) AppleWebKit/534.59.10 (KHTML, like Gecko) Version/5.1.9 Safari/534.59.10"
72.198.103.39 - - [20/Jun/2014:17:02:57 -0400] "GET /250/images/04a.jpg HTTP/1.1" 200 3312 "http://www.wiseguysokc.com/Frame-1-homenav.htm" "Mozilla/5.0 (Macintosh; Intel Mac OS X 10_6_8) AppleWebKit/534.59.10 (KHTML, like Gecko) Version/5.1.9 Safari/534.59.10"
70.192.206.59 - - [20/Jun/2014:18:51:29 -0400] "GET /images/240_Jeff_Shadow_copy.jpg HTTP/1.1" 200 7629 "http://www.wiseguysokc.com/Frame-1-homepage1.html?refresh=1400863619270" "Mozilla/5.0 (iPhone; CPU iPhone OS 7_1_1 like Mac OS X) AppleWebKit/537.51.2 (KHTML, like Gecko) Version/7.0 Mobile/11D201 Safari/9537.53"
70.192.206.59 - - [20/Jun/2014:18:51:29 -0400] "GET /250/images/spacer.gif HTTP/1.1" 200 43 "http://www.wiseguysokc.com/Frame-1-homepage1.html?refresh=1400863619270" "Mozilla/5.0 (iPhone; CPU iPhone OS 7_1_1 like Mac OS X) AppleWebKit/537.51.2 (KHTML, like Gecko) Version/7.0 Mobile/11D201 Safari/9537.53"
70.192.206.59 - - [20/Jun/2014:18:51:29 -0400] "GET /250/images/index04.jpg HTTP/1.1" 200 2241 "http://www.wiseguysokc.com/Frame-1-homepage1.html?refresh=1400863619270" "Mozilla/5.0 (iPhone; CPU iPhone OS 7_1_1 like Mac OS X) AppleWebKit/537.51.2 (KHTML, like Gecko) Version/7.0 Mobile/11D201 Safari/9537.53"
70.192.206.59 - - [20/Jun/2014:18:51:29 -0400] "GET /250/images/index06.jpg HTTP/1.1" 200 2838 "http://www.wiseguysokc.com/Frame-1-homepage1.html?refresh=1400863619270" "Mozilla/5.0 (iPhone; CPU iPhone OS 7_1_1 like Mac OS X) AppleWebKit/537.51.2 (KHTML, like Gecko) Version/7.0 Mobile/11D201 Safari/9537.53"
70.192.206.59 - - [20/Jun/2014:18:51:29 -0400] "GET /250/images/03a.jpg HTTP/1.1" 200 2976 "http://www.wiseguysokc.com/Frame-1-homenav.htm" "Mozilla/5.0 (iPhone; CPU iPhone OS 7_1_1 like Mac OS X) AppleWebKit/537.51.2 (KHTML, like Gecko) Version/7.0 Mobile/11D201 Safari/9537.53"
70.192.206.59 - - [20/Jun/2014:18:51:29 -0400] "GET /250/images/04a.jpg HTTP/1.1" 200 3312 "http://www.wiseguysokc.com/Frame-1-homenav.htm" "Mozilla/5.0 (iPhone; CPU iPhone OS 7_1_1 like Mac OS X) AppleWebKit/537.51.2 (KHTML, like Gecko) Version/7.0 Mobile/11D201 Safari/9537.53"
54.80.218.57 - - [20/Jun/2014:20:28:37 -0400] "GET /robots.txt HTTP/1.0" 200 25 "-" "WikiDo/1.1 (http://wikido.com; crawler@wikido.com)"
193.150.120.14 - - [20/Jun/2014:21:14:19 -0400] "GET / HTTP/1.1" 200 1092 "http://best-poppers.com.ua/" "Mozilla/4.0 (compatible; MSIE 6.0; Windows NT 5.1; MRA 4.3 (build 01218); .NET CLR 1.1.4322)"
66.249.84.68 - - [20/Jun/2014:22:01:50 -0400] "GET /images/Web_Brochure_2010.pdf?src=EXbrodown/ HTTP/1.1" 200 355216 "-" "Mozilla/5.0 (Windows NT 6.1; WOW64; Trident/7.0; rv:11.0) like Gecko,gzip(gfe) (via docs.google.com/viewer)"
157.55.39.84 - - [20/Jun/2014:08:24:54 -0400] "GET / HTTP/1.1" 200 1092 "-" "Mozilla/5.0 (compatible; bingbot/2.0; +http://www.bing.com/bingbot.htm)"
66.249.67.33 - - [20/Jun/2014:08:26:10 -0400] "GET /images/100_---_5172.JPG HTTP/1.1" 304 - "-" "Googlebot-Image/1.0"
70.196.133.93 - - [20/Jun/2014:12:03:42 -0400] "GET /250/images/04b.jpg HTTP/1.1" 200 3245 "http://wiseguysokc.com/Frame-1-homenav.htm" "Mozilla/5.0 (iPhone; CPU iPhone OS 7_1 like Mac OS X) AppleWebKit/537.51.2 (KHTML, like Gecko) Version/7.0 Mobile/11D167 Safari/9537.53"
70.196.133.93 - - [20/Jun/2014:12:03:42 -0400] "GET /250/images/09b.jpg HTTP/1.1" 200 1125 "http://wiseguysokc.com/Frame-1-homenav.htm" "Mozilla/5.0 (iPhone; CPU iPhone OS 7_1 like Mac OS X) AppleWebKit/537.51.2 (KHTML, like Gecko) Version/7.0 Mobile/11D167 Safari/9537.53"
70.196.133.93 - - [20/Jun/2014:12:03:43 -0400] "GET /250/images/02a.jpg HTTP/1.1" 200 3437 "http://wiseguysokc.com/Frame-1-homenav.htm" "Mozilla/5.0 (iPhone; CPU iPhone OS 7_1 like Mac OS X) AppleWebKit/537.51.2 (KHTML, like Gecko) Version/7.0 Mobile/11D167 Safari/9537.53"
70.196.133.93 - - [20/Jun/2014:12:03:43 -0400] "GET /250/images/07a.jpg HTTP/1.1" 200 3422 "http://wiseguysokc.com/Frame-1-homenav.htm" "Mozilla/5.0 (iPhone; CPU iPhone OS 7_1 like Mac OS X) AppleWebKit/537.51.2 (KHTML, like Gecko) Version/7.0 Mobile/11D167 Safari/9537.53"
70.196.133.93 - - [20/Jun/2014:12:03:43 -0400] "GET /250/images/index01.jpg HTTP/1.1" 200 2520 "http://wiseguysokc.com/Frame-1-homepage1.html?refresh=1400863619270" "Mozilla/5.0 (iPhone; CPU iPhone OS 7_1 like Mac OS X) AppleWebKit/537.51.2 (KHTML, like Gecko) Version/7.0 Mobile/11D167 Safari/9537.53"
70.196.133.93 - - [20/Jun/2014:12:03:43 -0400] "GET /250/images/index02.jpg HTTP/1.1" 200 999 "http://wiseguysokc.com/Frame-1-homepage1.html?refresh=1400863619270" "Mozilla/5.0 (iPhone; CPU iPhone OS 7_1 like Mac OS X) AppleWebKit/537.51.2 (KHTML, like Gecko) Version/7.0 Mobile/11D167 Safari/9537.53"
70.196.133.93 - - [20/Jun/2014:12:03:43 -0400] "GET /250/images/slogan.jpg HTTP/1.1" 200 5909 "http://wiseguysokc.com/Frame-1-homepage1.html?refresh=1400863619270" "Mozilla/5.0 (iPhone; CPU iPhone OS 7_1 like Mac OS X) AppleWebKit/537.51.2 (KHTML, like Gecko) Version/7.0 Mobile/11D167 Safari/9537.53"
70.196.133.93 - - [20/Jun/2014:12:03:43 -0400] "GET /250/images/content01.gif HTTP/1.1" 200 14331 "http://wiseguysokc.com/Frame-1-homepage1.html?refresh=1400863619270" "Mozilla/5.0 (iPhone; CPU iPhone OS 7_1 like Mac OS X) AppleWebKit/537.51.2 (KHTML, like Gecko) Version/7.0 Mobile/11D167 Safari/9537.53"
70.196.133.93 - - [20/Jun/2014:12:03:43 -0400] "GET /250/images/index06.jpg HTTP/1.1" 200 2838 "http://wiseguysokc.com/Frame-1-homepage1.html?refresh=1400863619270" "Mozilla/5.0 (iPhone; CPU iPhone OS 7_1 like Mac OS X) AppleWebKit/537.51.2 (KHTML, like Gecko) Version/7.0 Mobile/11D167 Safari/9537.53"
162.196.65.113 - - [20/Jun/2014:01:01:40 -0400] "GET /250/scripts/icwebsiteelement.css HTTP/1.1" 200 8132 "http://www.wiseguysokc.com/" "Mozilla/5.0 (iPhone; CPU iPhone OS 7_1_1 like Mac OS X) AppleWebKit/537.51.2 (KHTML, like Gecko) Version/7.0 Mobile/11D201 Safari/9537.53"
180.76.6.37 - - [20/Jun/2014:01:18:21 -0400] "GET /Frame-9-bookingmediakitpage9.html?refresh=1380041714294 HTTP/1.1" 200 18761 "-" "Mozilla/5.0 (compatible; Baiduspider/2.0; +http://www.baidu.com/search/spider.html)"
123.125.71.107 - - [20/Jun/2014:02:13:40 -0400] "GET /Frame-2-meetthebandpage2.html?refresh=1400863618904 HTTP/1.1" 200 18090 "-" "Mozilla/5.0 (compatible; Baiduspider/2.0; +http://www.baidu.com/search/spider.html)"
216.207.220.249 - - [20/Jun/2014:15:48:49 -0400] "GET / HTTP/1.1" 200 1092 "http://www.bing.com/search?q=the+wise+guys+band&src=IE-SearchBox&Form=IE8SRC&adlt=strict" "Mozilla/4.0 (compatible; MSIE 8.0; Windows NT 5.1; Trident/4.0; .NET CLR 1.1.4322; .NET CLR 2.0.50727; .NET CLR 3.0.4506.2152; .NET CLR 3.5.30729; .NET4.0C; .NET4.0E)"
216.207.220.249 - - [20/Jun/2014:15:48:49 -0400] "GET /250/scripts/master.css HTTP/1.1" 200 1956 "http://wiseguysokc.com/" "Mozilla/4.0 (compatible; MSIE 8.0; Windows NT 5.1; Trident/4.0; .NET CLR 1.1.4322; .NET CLR 2.0.50727; .NET CLR 3.0.4506.2152; .NET CLR 3.5.30729; .NET4.0C; .NET4.0E)"
216.207.220.249 - - [20/Jun/2014:15:48:49 -0400] "GET /scripts/ic_globals_published.js HTTP/1.1" 200 566 "http://wiseguysokc.com/" "Mozilla/4.0 (compatible; MSIE 8.0; Windows NT 5.1; Trident/4.0; .NET CLR 1.1.4322; .NET CLR 2.0.50727; .NET CLR 3.0.4506.2152; .NET CLR 3.5.30729; .NET4.0C; .NET4.0E)"
72.198.103.39 - - [20/Jun/2014:17:02:57 -0400] "GET /Frame-1-homepage1.html?refresh=1400863619270 HTTP/1.1" 200 19961 "http://www.wiseguysokc.com/" "Mozilla/5.0 (Macintosh; Intel Mac OS X 10_6_8) AppleWebKit/534.59.10 (KHTML, like Gecko) Version/5.1.9 Safari/534.59.10"
72.198.103.39 - - [20/Jun/2014:17:02:59 -0400] "GET /250/images/company.jpg HTTP/1.1" 200 6282 "http://www.wiseguysokc.com/Frame-1-homepage1.html?refresh=1400863619270" "Mozilla/5.0 (Macintosh; Intel Mac OS X 10_6_8) AppleWebKit/534.59.10 (KHTML, like Gecko) Version/5.1.9 Safari/534.59.10"
72.198.103.39 - - [20/Jun/2014:17:02:59 -0400] "GET /250/images/content01.gif HTTP/1.1" 200 14331 "http://www.wiseguysokc.com/Frame-1-homepage1.html?refresh=1400863619270" "Mozilla/5.0 (Macintosh; Intel Mac OS X 10_6_8) AppleWebKit/534.59.10 (KHTML, like Gecko) Version/5.1.9 Safari/534.59.10"
144.76.85.195 - - [20/Jun/2014:17:13:37 -0400] "GET /images/Satisfaction.mp3 HTTP/1.1" 200 1438590 "-" "Mozilla/5.0 (compatible; 007ac9 Crawler; http://crawler.007ac9.net/)"
46.119.115.144 - - [20/Jun/2014:17:25:09 -0400] "GET / HTTP/1.1" 200 1092 "http://vrotike.ru/" "Mozilla/4.0 (compatible; MSIE 6.0; Windows NT 5.1; MyIE2; Deepnet Explorer)"
72.198.48.90 - - [20/Jun/2014:20:15:21 -0400] "GET /images/170__DSC2392_Smaller.jpg HTTP/1.1" 200 7414 "http://www.wiseguysokc.com/Frame-2-meetthebandpage2.html?refresh=1400863618904" "Mozilla/5.0 (iPad; CPU OS 7_1_1 like Mac OS X) AppleWebKit/537.51.2 (KHTML, like Gecko) Version/7.0 Mobile/11D201 Safari/9537.53"
72.198.48.90 - - [20/Jun/2014:20:15:23 -0400] "GET /images/140_DSC_6927.jpg HTTP/1.1" 200 9948 "http://www.wiseguysokc.com/Frame-2-meetthebandpage2.html?refresh=1400863618904" "Mozilla/5.0 (iPad; CPU OS 7_1_1 like Mac OS X) AppleWebKit/537.51.2 (KHTML, like Gecko) Version/7.0 Mobile/11D201 Safari/9537.53"
72.198.48.90 - - [20/Jun/2014:20:15:23 -0400] "GET /250/images/03b.jpg HTTP/1.1" 200 2930 "http://www.wiseguysokc.com/Frame-2-meetthebandnav.htm" "Mozilla/5.0 (iPad; CPU OS 7_1_1 like Mac OS X) AppleWebKit/537.51.2 (KHTML, like Gecko) Version/7.0 Mobile/11D201 Safari/9537.53"
72.198.48.90 - - [20/Jun/2014:20:15:23 -0400] "GET /250/images/08b.jpg HTTP/1.1" 200 3551 "http://www.wiseguysokc.com/Frame-2-meetthebandnav.htm" "Mozilla/5.0 (iPad; CPU OS 7_1_1 like Mac OS X) AppleWebKit/537.51.2 (KHTML, like Gecko) Version/7.0 Mobile/11D201 Safari/9537.53"
72.198.48.90 - - [20/Jun/2014:20:15:23 -0400] "GET /250/images/index05.jpg HTTP/1.1" 200 2081 "http://www.wiseguysokc.com/Frame-2-meetthebandpage2.html?refresh=1400863618904" "Mozilla/5.0 (iPad; CPU OS 7_1_1 like Mac OS X) AppleWebKit/537.51.2 (KHTML, like Gecko) Version/7.0 Mobile/11D201 Safari/9537.53"
72.198.48.90 - - [20/Jun/2014:20:15:23 -0400] "GET /250/images/slogan.jpg HTTP/1.1" 200 5909 "http://www.wiseguysokc.com/Frame-2-meetthebandpage2.html?refresh=1400863618904" "Mozilla/5.0 (iPad; CPU OS 7_1_1 like Mac OS X) AppleWebKit/537.51.2 (KHTML, like Gecko) Version/7.0 Mobile/11D201 Safari/9537.53"
202.46.63.82 - - [20/Jun/2014:22:20:57 -0400] "GET /meettheband.html HTTP/1.1" 200 1106 "-" "Mozilla/5.0 (Windows NT 6.1; WOW64; rv:22.0) Gecko/20100101 Firefox/22.0"
183.60.212.159 - - [20/Jun/2014:22:51:06 -0400] "GET /Frame-1-homepage1.html?refresh=1361897554070 HTTP/1.1" 200 19961 "-" "Mozilla/5.0 (compatible; EasouSpider; +http://www.easou.com/search/spider.html)"
65.255.83.87 - - [20/Jun/2014:11:32:37 -0400] "GET /250/scripts/master.css HTTP/1.1" 200 1956 "http://www.wiseguysokc.com/calendar.html" "Mozilla/5.0 (Windows NT 6.1; WOW64; Trident/7.0; rv:11.0) like Gecko"
65.255.83.87 - - [20/Jun/2014:11:32:37 -0400] "GET /250/images/index01.jpg HTTP/1.1" 200 2520 "http://www.wiseguysokc.com/Frame-4-calendarpage4.html?refresh=1400863618949" "Mozilla/5.0 (Windows NT 6.1; WOW64; Trident/7.0; rv:11.0) like Gecko"
65.255.83.87 - - [20/Jun/2014:11:32:37 -0400] "GET /250/images/index05.jpg HTTP/1.1" 200 2081 "http://www.wiseguysokc.com/Frame-4-calendarpage4.html?refresh=1400863618949" "Mozilla/5.0 (Windows NT 6.1; WOW64; Trident/7.0; rv:11.0) like Gecko"
65.255.83.87 - - [20/Jun/2014:11:32:38 -0400] "GET /250/images/content01.gif HTTP/1.1" 200 14331 "http://www.wiseguysokc.com/Frame-4-calendarpage4.html?refresh=1400863618949" "Mozilla/5.0 (Windows NT 6.1; WOW64; Trident/7.0; rv:11.0) like Gecko"
65.255.83.87 - - [20/Jun/2014:11:32:38 -0400] "GET /250/images/04a.jpg HTTP/1.1" 200 3312 "http://www.wiseguysokc.com/Frame-4-calendarnav.htm" "Mozilla/5.0 (Windows NT 6.1; WOW64; Trident/7.0; rv:11.0) like Gecko"
65.255.83.87 - - [20/Jun/2014:11:32:38 -0400] "GET /250/images/03b.jpg HTTP/1.1" 200 2930 "http://www.wiseguysokc.com/Frame-4-calendarnav.htm" "Mozilla/5.0 (Windows NT 6.1; WOW64; Trident/7.0; rv:11.0) like Gecko"
65.255.83.87 - - [20/Jun/2014:11:32:38 -0400] "GET /250/images/08b.jpg HTTP/1.1" 200 3551 "http://www.wiseguysokc.com/Frame-4-calendarnav.htm" "Mozilla/5.0 (Windows NT 6.1; WOW64; Trident/7.0; rv:11.0) like Gecko"
65.255.83.87 - - [20/Jun/2014:11:32:38 -0400] "GET /250/images/02a.jpg HTTP/1.1" 200 3437 "http://www.wiseguysokc.com/Frame-4-calendarnav.htm" "Mozilla/5.0 (Windows NT 6.1; WOW64; Trident/7.0; rv:11.0) like Gecko"
65.255.83.87 - - [20/Jun/2014:11:32:38 -0400] "GET /favicon.ico HTTP/1.1" 404 575 "-" "Mozilla/5.0 (Windows NT 6.1; WOW64; Trident/7.0; rv:11.0) like Gecko"
70.90.203.90 - - [20/Jun/2014:14:51:20 -0400] "GET /images/180_WG_-_Facebook.jpg HTTP/1.1" 200 4974 "http://www.wiseguysokc.com/Frame-1-homepage1.html?refresh=1400863619270" "Mozilla/5.0 (Macintosh; Intel Mac OS X 10_7_5) AppleWebKit/537.36 (KHTML, like Gecko) Chrome/35.0.1916.153 Safari/537.36"
216.207.220.249 - - [20/Jun/2014:15:48:50 -0400] "GET /250/images/03b.jpg HTTP/1.1" 200 2930 "http://wiseguysokc.com/Frame-1-homenav.htm" "Mozilla/4.0 (compatible; MSIE 8.0; Windows NT 5.1; Trident/4.0; .NET CLR 1.1.4322; .NET CLR 2.0.50727; .NET CLR 3.0.4506.2152; .NET CLR 3.5.30729; .NET4.0C; .NET4.0E)"
216.207.220.249 - - [20/Jun/2014:15:48:50 -0400] "GET /250/images/10b.jpg HTTP/1.1" 200 1232 "http://wiseguysokc.com/Frame-1-homenav.htm" "Mozilla/4.0 (compatible; MSIE 8.0; Windows NT 5.1; Trident/4.0; .NET CLR 1.1.4322; .NET CLR 2.0.50727; .NET CLR 3.0.4506.2152; .NET CLR 3.5.30729; .NET4.0C; .NET4.0E)"
216.207.220.249 - - [20/Jun/2014:15:48:50 -0400] "GET /250/images/07a.jpg HTTP/1.1" 200 3422 "http://wiseguysokc.com/Frame-1-homenav.htm" "Mozilla/4.0 (compatible; MSIE 8.0; Windows NT 5.1; Trident/4.0; .NET CLR 1.1.4322; .NET CLR 2.0.50727; .NET CLR 3.0.4506.2152; .NET CLR 3.5.30729; .NET4.0C; .NET4.0E)"
216.207.220.249 - - [20/Jun/2014:15:48:50 -0400] "GET /images/250_Oklahoman.gif HTTP/1.1" 200 1688 "http://wiseguysokc.com/Frame-1-homepage1.html?refresh=1400863619270" "Mozilla/4.0 (compatible; MSIE 8.0; Windows NT 5.1; Trident/4.0; .NET CLR 1.1.4322; .NET CLR 2.0.50727; .NET CLR 3.0.4506.2152; .NET CLR 3.5.30729; .NET4.0C; .NET4.0E)"
216.207.220.249 - - [20/Jun/2014:15:48:50 -0400] "GET /250/images/company.jpg HTTP/1.1" 200 6282 "http://wiseguysokc.com/Frame-1-homepage1.html?refresh=1400863619270" "Mozilla/4.0 (compatible; MSIE 8.0; Windows NT 5.1; Trident/4.0; .NET CLR 1.1.4322; .NET CLR 2.0.50727; .NET CLR 3.0.4506.2152; .NET CLR 3.5.30729; .NET4.0C; .NET4.0E)"
216.207.220.249 - - [20/Jun/2014:15:48:50 -0400] "GET /250/images/slogan.jpg HTTP/1.1" 200 5909 "http://wiseguysokc.com/Frame-1-homepage1.html?refresh=1400863619270" "Mozilla/4.0 (compatible; MSIE 8.0; Windows NT 5.1; Trident/4.0; .NET CLR 1.1.4322; .NET CLR 2.0.50727; .NET CLR 3.0.4506.2152; .NET CLR 3.5.30729; .NET4.0C; .NET4.0E)"
216.207.220.249 - - [20/Jun/2014:15:48:50 -0400] "GET /250/images/01a.jpg HTTP/1.1" 200 2917 "http://wiseguysokc.com/Frame-1-homenav.htm" "Mozilla/4.0 (compatible; MSIE 8.0; Windows NT 5.1; Trident/4.0; .NET CLR 1.1.4322; .NET CLR 2.0.50727; .NET CLR 3.0.4506.2152; .NET CLR 3.5.30729; .NET4.0C; .NET4.0E)"
