170.29.1.3 - - [20/Jun/2014:09:07:32 -0400] "GET /250/images/06a.jpg HTTP/1.1" 200 3075 "http://www.wiseguysokc.com/Frame-1-homenav.htm" "Mozilla/4.0 (compatible; MSIE 8.0; Windows NT 5.1; Trident/4.0; .NET CLR 1.1.4322; .NET CLR 2.0.50727; .NET CLR 3.0.04506.648; .NET CLR 3.5.21022; .NET CLR 3.0.4506.2152; .NET CLR 3.5.30729; InfoPath.2)"
170.29.1.3 - - [20/Jun/2014:09:07:32 -0400] "GET /250/images/01a.jpg HTTP/1.1" 200 2917 "http://www.wiseguysokc.com/Frame-1-homenav.htm" "Mozilla/4.0 (compatible; MSIE 8.0; Windows NT 5.1; Trident/4.0; .NET CLR 1.1.4322; .NET CLR 2.0.50727; .NET CLR 3.0.04506.648; .NET CLR 3.5.21022; .NET CLR 3.0.4506.2152; .NET CLR 3.5.30729; InfoPath.2)"
170.29.1.3 - - [20/Jun/2014:09:07:32 -0400] "GET /250/images/07b.jpg HTTP/1.1" 200 3345 "http://www.wiseguysokc.com/Frame-1-homenav.htm" "Mozilla/4.0 (compatible; MSIE 8.0; Windows NT 5.1; Trident/4.0; .NET CLR 1.1.4322; .NET CLR 2.0.50727; .NET CLR 3.0.04506.648; .NET CLR 3.5.21022; .NET CLR 3.0.4506.2152; .NET CLR 3.5.30729; InfoPath.2)"
170.29.1.3 - - [20/Jun/2014:09:07:33 -0400] "GET /250/images/index01.jpg HTTP/1.1" 200 2520 "http://www.wiseguysokc.com/Frame-1-homepage1.html?refresh=1400863619270" "Mozilla/4.0 (compatible; MSIE 8.0; Windows NT 5.1; Trident/4.0; .NET CLR 1.1.4322; .NET CLR 2.0.50727; .NET CLR 3.0.04506.648; .NET CLR 3.5.21022; .NET CLR 3.0.4506.2152; .NET CLR 3.5.30729; InfoPath.2)"
46.118.155.40 - - [20/Jun/2014:03:10:02 -0400] "GET / HTTP/1.1" 200 1092 "http://vitanail.ru/" "Mozilla/4.0 (compatible; MSIE 6.0; Windows NT 5.1)"
68.12.236.211 - - [20/Jun/2014:03:30:14 -0400] "GET /250/images/02b.jpg HTTP/1.1" 200 3466 "http://www.wiseguysokc.com/Frame-2-meetthebandnav.htm" "Mozilla/5.0 (Windows NT 6.1; WOW64; Trident/7.0; rv:11.0) like Gecko"
68.12.236.211 - - [20/Jun/2014:03:30:14 -0400] "GET /250/images/05b.jpg HTTP/1.1" 200 3654 "http://www.wiseguysokc.com/Frame-2-meetthebandnav.htm" "Mozilla/5.0 (Windows NT 6.1; WOW64; Trident/7.0; rv:11.0) like Gecko"
68.12.236.211 - - [20/Jun/2014:03:30:15 -0400] "GET /250/images/05a.jpg HTTP/1.1" 200 3815 "http://www.wiseguysokc.com/Frame-2-meetthebandnav.htm" "Mozilla/5.0 (Windows NT 6.1; WOW64; Trident/7.0; rv:11.0) like Gecko"
68.15.109.138 - - [20/Jun/2014:14:34:41 -0400] "GET /250/scripts/icwebsiteelement.css HTTP/1.1" 200 8132 "http://www.wiseguysokc.com/" "Mozilla/5.0 (Macintosh; Intel Mac OS X 10_6_8) AppleWebKit/534.59.10 (KHTML, like Gecko) Version/5.1.9 Safari/534.59.10"
68.15.109.138 - - [20/Jun/2014:14:34:47 -0400] "GET /250/images/03b.jpg HTTP/1.1" 200 2930 "http://www.wiseguysokc.com/Frame-1-homenav.htm" "Mozilla/5.0 (Macintosh; Intel Mac OS X 10_6_8) AppleWebKit/534.59.10 (KHTML, like Gecko) Version/5.1.9 Safari/534.59.10"
68.15.109.138 - - [20/Jun/2014:14:34:56 -0400] "GET /250/images/06a.jpg HTTP/1.1" 200 3075 "http://www.wiseguysokc.com/Frame-1-homenav.htm" "Mozilla/5.0 (Macintosh; Intel Mac OS X 10_6_8) AppleWebKit/534.59.10 (KHTML, like Gecko) Version/5.1.9 Safari/534.59.10"
144.76.85.195 - - [20/Jun/2014:17:14:08 -0400] "GET /Frame-11-randysgallerypage11.html?refresh=1400863618759 HTTP/1.1" 200 11215 "-" "Mozilla/5.0 (compatible; 007ac9 Crawler; http://crawler.007ac9.net/)"
144.76.85.195 - - [20/Jun/2014:17:14:09 -0400] "GET /Frame-11-randysgallerynav.htm HTTP/1.1" 200 4534 "-" "Mozilla/5.0 (compatible; 007ac9 Crawler; http://crawler.007ac9.net/)"
144.76.85.195 - - [20/Jun/2014:17:14:11 -0400] "GET /Frame-13-mikesgallerypage13.html?refresh=1400863618674 HTTP/1.1" 200 11170 "-" "Mozilla/5.0 (compatible; 007ac9 Crawler; http://crawler.007ac9.net/)"
144.76.85.195 - - [20/Jun/2014:17:14:11 -0400] "GET /Frame-13-mikesgallerynav.htm HTTP/1.1" 200 4534 "-" "Mozilla/5.0 (compatible; 007ac9 Crawler; http://crawler.007ac9.net/)"
144.76.85.195 - - [20/Jun/2014:17:14:12 -0400] "GET /Frame-12-jebsgallerypage12.html?refresh=1400863619486 HTTP/1.1" 200 11170 "-" "Mozilla/5.0 (compatible; 007ac9 Crawler; http://crawler.007ac9.net/)"
144.76.85.195 - - [20/Jun/2014:17:14:12 -0400] "GET /Frame-12-jebsgallerynav.htm HTTP/1.1" 200 4534 "-" "Mozilla/5.0 (compatible; 007ac9 Crawler; http://crawler.007ac9.net/)"
144.76.85.195 - - [20/Jun/2014:17:14:13 -0400] "GET /Frame-16-bradsgallerypage16.html?refresh=1400863618826 HTTP/1.1" 200 11265 "-" "Mozilla/5.0 (compatible; 007ac9 Crawler; http://crawler.007ac9.net/)"
144.76.85.195 - - [20/Jun/2014:17:14:13 -0400] "GET /Frame-16-bradsgallerynav.htm HTTP/1.1" 200 4534 "-" "Mozilla/5.0 (compatible; 007ac9 Crawler; http://crawler.007ac9.net/)"
46.119.115.144 - - [20/Jun/2014:17:25:10 -0400] "GET / HTTP/1.1" 200 1092 "http://vrotike.ru/" "Mozilla/4.0 (compatible; MSIE 6.0; Windows NT 5.1; MyIE2; Deepnet Explorer)"
107.129.28.75 - - [20/Jun/2014:19:10:58 -0400] "GET /favicon.ico HTTP/1.1" 404 575 "http://www.wiseguysokc.com/" "Mozilla/5.0 (Macintosh; Intel Mac OS X 10_7_5) AppleWebKit/537.76.4 (KHTML, like Gecko) Version/6.1.4 Safari/537.76.4"
157.55.39.205 - - [20/Jun/2014:08:24:42 -0400] "GET /Frame-1-homepage1.html?refresh=1400863619270 HTTP/1.1" 200 19961 "-" "Mozilla/5.0 (compatible; bingbot/2.0; +http://www.bing.com/bingbot.htm)"
46.119.115.144 - - [20/Jun/2014:08:48:33 -0400] "GET / HTTP/1.1" 200 1092 "http://infoportnews.com/" "Mozilla/4.0 (compatible; MSIE 6.0; Windows NT 5.1; SV1; .NET CLR 1.1.4322; .NET CLR 2.0.50727)"
207.138.192.247 - - [20/Jun/2014:11:47:07 -0400] "GET /images/Wise_Guys_Arts_Festival_08_-_Holiday_Road.wmv HTTP/1.1" 200 15406249 "http://www.wiseguysokc.com/Frame-6-audiovideopage6.html?refresh=1400863618603" "Mozilla/5.0 (Windows NT 6.1; WOW64; rv:30.0) Gecko/20100101 Firefox/30.0"
68.15.109.138 - - [20/Jun/2014:14:34:43 -0400] "GET /images/483_Promo_Pic_2_-_2014.jpg HTTP/1.1" 200 25391 "http://www.wiseguysokc.com/Frame-1-homepage1.html?refresh=1400863619270" "Mozilla/5.0 (Macintosh; Intel Mac OS X 10_6_8) AppleWebKit/534.59.10 (KHTML, like Gecko) Version/5.1.9 Safari/534.59.10"
68.15.109.138 - - [20/Jun/2014:14:34:47 -0400] "GET /250/images/slogan.jpg HTTP/1.1" 200 5909 "http://www.wiseguysokc.com/Frame-1-homepage1.html?refresh=1400863619270" "Mozilla/5.0 (Macintosh; Intel Mac OS X 10_6_8) AppleWebKit/534.59.10 (KHTML, like Gecko) Version/5.1.9 Safari/534.59.10"
68.15.109.138 - - [20/Jun/2014:14:34:47 -0400] "GET /250/images/06b.jpg HTTP/1.1" 200 3011 "http://www.wiseguysokc.com/Frame-1-homenav.htm" "Mozilla/5.0 (Macintosh; Intel Mac OS X 10_6_8) AppleWebKit/534.59.10 (KHTML, like Gecko) Version/5.1.9 Safari/534.59.10"
66.249.64.218 - - [20/Jun/2014:14:42:16 -0400] "GET /Frame-4-calendarpage4.html?refresh=1400863618000 HTTP/1.1" 200 42254 "-" "Mozilla/5.0 (compatible; Googlebot/2.1; +http://www.google.com/bot.html)"
123.125.71.29 - - [20/Jun/2014:17:52:01 -0400] "GET /Frame-1-homepage1.html?refresh=1400863619270 HTTP/1.1" 200 19961 "-" "Mozilla/5.0 (Linux;u;Android 2.3.7;zh-cn;) AppleWebKit/533.1 (KHTML,like Gecko) Version/4.0 Mobile Safari/533.1 (compatible; +http://www.baidu.com/search/spider.html)"
99.35.192.73 - - [20/Jun/2014:18:50:45 -0400] "GET /Frame-6-audiovideonav.htm HTTP/1.1" 200 4534 "http://www.wiseguysokc.com/audiovideo.html" "Mozilla/5.0 (Windows NT 6.1; WOW64) AppleWebKit/537.36 (KHTML, like Gecko) Chrome/35.0.1916.153 Safari/537.36"
99.35.192.73 - - [20/Jun/2014:18:50:45 -0400] "GET /images/400_Fotolia_3120281_X.jpg HTTP/1.1" 200 12388 "http://www.wiseguysokc.com/Frame-6-audiovideopage6.html?refresh=1400863618603" "Mozilla/5.0 (Windows NT 6.1; WOW64) AppleWebKit/537.36 (KHTML, like Gecko) Chrome/35.0.1916.153 Safari/537.36"
99.35.192.73 - - [20/Jun/2014:18:50:57 -0400] "GET /images/Handle_Me_With_Care.mp3 HTTP/1.1" 200 1674218 "http://www.wiseguysokc.com/Frame-6-audiovideopage6.html?refresh=1400863618603" "Mozilla/5.0 (Windows NT 6.1; WOW64) AppleWebKit/537.36 (KHTML, like Gecko) Chrome/35.0.1916.153 Safari/537.36"
170.29.1.3 - - [20/Jun/2014:09:07:53 -0400] "GET /meettheband.html HTTP/1.1" 200 1106 "http://www.wiseguysokc.com/Frame-1-homenav.htm" "Mozilla/4.0 (compatible; MSIE 8.0; Windows NT 5.1; Trident/4.0; .NET CLR 1.1.4322; .NET CLR 2.0.50727; .NET CLR 3.0.04506.648; .NET CLR 3.5.21022; .NET CLR 3.0.4506.2152; .NET CLR 3.5.30729; InfoPath.2)"
46.119.115.144 - - [20/Jun/2014:00:54:48 -0400] "GET / HTTP/1.1" 200 1092 "http://www.radiogambling.com/ru/" "Mozilla/4.0 (compatible; MSIE 6.0; Windows NT 5.1; SV1; .NET CLR 1.1.4322) Babya Discoverer 8.0:"
180.76.6.54 - - [20/Jun/2014:05:49:04 -0400] "GET /Frame-12-jebsgallerynav.htm HTTP/1.1" 200 4534 "-" "Mozilla/5.0 (compatible; Baiduspider/2.0; +http://www.baidu.com/search/spider.html)"
144.76.85.195 - - [20/Jun/2014:17:13:56 -0400] "GET /randysgallery.html HTTP/1.1" 200 1113 "-" "Mozilla/5.0 (compatible; 007ac9 Crawler; http://crawler.007ac9.net/)"
144.76.85.195 - - [20/Jun/2014:17:13:56 -0400] "GET /mikesgallery.html HTTP/1.1" 200 1111 "-" "Mozilla/5.0 (compatible; 007ac9 Crawler; http://crawler.007ac9.net/)"
144.76.85.195 - - [20/Jun/2014:17:13:57 -0400] "GET /jebsgallery.html HTTP/1.1" 200 1109 "-" "Mozilla/5.0 (compatible; 007ac9 Crawler; http://crawler.007ac9.net/)"
220.181.108.107 - - [20/Jun/2014:17:48:59 -0400] "GET /Frame-10-wisestuffnav.htm HTTP/1.1" 200 4534 "-" "Mozilla/5.0 (compatible; Baiduspider/2.0; +http://www.baidu.com/search/spider.html)"
99.35.192.73 - - [20/Jun/2014:18:52:50 -0400] "GET /images/Bang-A-Gong_-_Hear_You_Knockin.mp3 HTTP/1.1" 206 2227766 "http://www.wiseguysokc.com/images/Bang-A-Gong_-_Hear_You_Knockin.mp3" "Mozilla/5.0 (Windows NT 6.1; WOW64) AppleWebKit/537.36 (KHTML, like Gecko) Chrome/35.0.1916.153 Safari/537.36"
107.129.28.75 - - [20/Jun/2014:19:10:55 -0400] "GET / HTTP/1.1" 200 1092 "http://www.google.com/url?sa=t&rct=j&q=&esrc=s&source=web&cd=1&ved=0CB0QFjAA&url=http%3A%2F%2Fwww.wiseguysokc.com%2F&ei=er-kU_LfNsShqAb-q4G4Bw&usg=AFQjCNFVpdEFRf09sCn3b4S1yd0keUAD6g&bvm=bv.69411363,d.b2k" "Mozilla/5.0 (Macintosh; Intel Mac OS X 10_7_5) AppleWebKit/537.76.4 (KHTML, like Gecko) Version/6.1.4 Safari/537.76.4"
107.129.28.75 - - [20/Jun/2014:19:10:55 -0400] "GET /250/scripts/master.css HTTP/1.1" 200 1956 "http://www.wiseguysokc.com/" "Mozilla/5.0 (Macintosh; Intel Mac OS X 10_7_5) AppleWebKit/537.76.4 (KHTML, like Gecko) Version/6.1.4 Safari/537.76.4"
107.129.28.75 - - [20/Jun/2014:19:10:56 -0400] "GET /Frame-1-homepage1.html?refresh=1400863619270 HTTP/1.1" 200 19961 "http://www.wiseguysokc.com/" "Mozilla/5.0 (Macintosh; Intel Mac OS X 10_7_5) AppleWebKit/537.76.4 (KHTML, like Gecko) Version/6.1.4 Safari/537.76.4"
107.129.28.75 - - [20/Jun/2014:19:10:56 -0400] "GET /250/images/02b.jpg HTTP/1.1" 200 3466 "http://www.wiseguysokc.com/Frame-1-homenav.htm" "Mozilla/5.0 (Macintosh; Intel Mac OS X 10_7_5) AppleWebKit/537.76.4 (KHTML, like Gecko) Version/6.1.4 Safari/537.76.4"
107.129.28.75 - - [20/Jun/2014:19:10:56 -0400] "GET /250/images/07b.jpg HTTP/1.1" 200 3345 "http://www.wiseguysokc.com/Frame-1-homenav.htm" "Mozilla/5.0 (Macintosh; Intel Mac OS X 10_7_5) AppleWebKit/537.76.4 (KHTML, like Gecko) Version/6.1.4 Safari/537.76.4"
107.129.28.75 - - [20/Jun/2014:19:10:56 -0400] "GET /250/images/nav_back.jpg HTTP/1.1" 200 15744 "http://www.wiseguysokc.com/Frame-1-homenav.htm" "Mozilla/5.0 (Macintosh; Intel Mac OS X 10_7_5) AppleWebKit/537.76.4 (KHTML, like Gecko) Version/6.1.4 Safari/537.76.4"
107.129.28.75 - - [20/Jun/2014:19:10:56 -0400] "GET /250/images/07a.jpg HTTP/1.1" 200 3422 "http://www.wiseguysokc.com/Frame-1-homenav.htm" "Mozilla/5.0 (Macintosh; Intel Mac OS X 10_7_5) AppleWebKit/537.76.4 (KHTML, like Gecko) Version/6.1.4 Safari/537.76.4"
107.129.28.75 - - [20/Jun/2014:19:10:56 -0400] "GET /250/images/index01.jpg HTTP/1.1" 200 2520 "http://www.wiseguysokc.com/Frame-1-homepage1.html?refresh=1400863619270" "Mozilla/5.0 (Macintosh; Intel Mac OS X 10_7_5) AppleWebKit/537.76.4 (KHTML, like Gecko) Version/6.1.4 Safari/537.76.4"
107.129.28.75 - - [20/Jun/2014:19:10:57 -0400] "GET /250/images/slogan.jpg HTTP/1.1" 200 5909 "http://www.wiseguysokc.com/Frame-1-homepage1.html?refresh=1400863619270" "Mozilla/5.0 (Macintosh; Intel Mac OS X 10_7_5) AppleWebKit/537.76.4 (KHTML, like Gecko) Version/6.1.4 Safari/537.76.4"
68.15.109.138 - - [20/Jun/2014:14:34:43 -0400] "GET /250/images/back01.jpg HTTP/1.1" 200 1321 "http://www.wiseguysokc.com/Frame-1-homepage1.html?refresh=1400863619270" "Mozilla/5.0 (Macintosh; Intel Mac OS X 10_6_8) AppleWebKit/534.59.10 (KHTML, like Gecko) Version/5.1.9 Safari/534.59.10"
68.15.109.138 - - [20/Jun/2014:14:34:47 -0400] "GET /250/images/content01.gif HTTP/1.1" 200 14331 "http://www.wiseguysokc.com/Frame-1-homepage1.html?refresh=1400863619270" "Mozilla/5.0 (Macintosh; Intel Mac OS X 10_6_8) AppleWebKit/534.59.10 (KHTML, like Gecko) Version/5.1.9 Safari/534.59.10"
92.249.127.111 - - [20/Jun/2014:06:06:44 -0400] "GET / HTTP/1.1" 200 1092 "http://www.artparquet.ru/" "Mozilla/4.0 (compatible; MSIE 6.0; Windows NT 5.1; en) Opera 9.0"
144.76.85.195 - - [20/Jun/2014:17:13:55 -0400] "GET /images/Web_Brochure_2010.pdf HTTP/1.1" 200 355216 "-" "Mozilla/5.0 (compatible; 007ac9 Crawler; http://crawler.007ac9.net/)"
144.76.85.195 - - [20/Jun/2014:17:14:21 -0400] "GET /Frame-14-jeffsgallerypage14.html?refresh=1400863619542 HTTP/1.1" 200 11231 "-" "Mozilla/5.0 (compatible; 007ac9 Crawler; http://crawler.007ac9.net/)"
144.76.85.195 - - [20/Jun/2014:17:14:21 -0400] "GET /Frame-14-jeffsgallerynav.htm HTTP/1.1" 200 4534 "-" "Mozilla/5.0 (compatible; 007ac9 Crawler; http://crawler.007ac9.net/)"
144.76.85.195 - - [20/Jun/2014:17:14:22 -0400] "GET /Frame-15-dougsgallerypage15.html?refresh=1400863619204 HTTP/1.1" 200 11582 "-" "Mozilla/5.0 (compatible; 007ac9 Crawler; http://crawler.007ac9.net/)"
144.76.85.195 - - [20/Jun/2014:17:14:23 -0400] "GET /Frame-15-dougsgallerynav.htm HTTP/1.1" 200 4534 "-" "Mozilla/5.0 (compatible; 007ac9 Crawler; http://crawler.007ac9.net/)"
144.76.85.195 - - [20/Jun/2014:17:14:24 -0400] "GET /images/WP_000112.mp4 HTTP/1.1" 200 27336829 "-" "Mozilla/5.0 (compatible; 007ac9 Crawler; http://crawler.007ac9.net/)"
46.119.115.144 - - [20/Jun/2014:17:25:02 -0400] "GET / HTTP/1.1" 200 1092 "http://mastermolotok.ru/" "Mozilla/4.0 (compatible; MSIE 6.0; Windows NT 5.0; APC; .NET CLR 1.0.3705; .NET CLR 1.1.4322; .NET CLR 2.0.50215; InfoPath.1)"
68.97.202.160 - - [20/Jun/2014:20:57:15 -0400] "GET /250/scripts/icwebsiteelement.css HTTP/1.1" 200 8132 "http://www.wiseguysokc.com/" "Mozilla/5.0 (iPhone; CPU iPhone OS 7_1_1 like Mac OS X) AppleWebKit/537.51.2 (KHTML, like Gecko) Version/7.0 Mobile/11D201 Safari/9537.53"
68.97.202.160 - - [20/Jun/2014:20:57:15 -0400] "GET /scripts/ic_globals_published.js HTTP/1.1" 200 566 "http://www.wiseguysokc.com/" "Mozilla/5.0 (iPhone; CPU iPhone OS 7_1_1 like Mac OS X) AppleWebKit/537.51.2 (KHTML, like Gecko) Version/7.0 Mobile/11D201 Safari/9537.53"
68.97.202.160 - - [20/Jun/2014:20:57:15 -0400] "GET /Frame-1-homenav.htm HTTP/1.1" 200 4534 "http://www.wiseguysokc.com/" "Mozilla/5.0 (iPhone; CPU iPhone OS 7_1_1 like Mac OS X) AppleWebKit/537.51.2 (KHTML, like Gecko) Version/7.0 Mobile/11D201 Safari/9537.53"
68.97.202.160 - - [20/Jun/2014:20:57:16 -0400] "GET /images/483_Promo_Pic_2_-_2014.jpg HTTP/1.1" 200 25391 "http://www.wiseguysokc.com/Frame-1-homepage1.html?refresh=1400863619270" "Mozilla/5.0 (iPhone; CPU iPhone OS 7_1_1 like Mac OS X) AppleWebKit/537.51.2 (KHTML, like Gecko) Version/7.0 Mobile/11D201 Safari/9537.53"
68.97.202.160 - - [20/Jun/2014:20:57:16 -0400] "GET /images/250_Oklahoman.gif HTTP/1.1" 200 1688 "http://www.wiseguysokc.com/Frame-1-homepage1.html?refresh=1400863619270" "Mozilla/5.0 (iPhone; CPU iPhone OS 7_1_1 like Mac OS X) AppleWebKit/537.51.2 (KHTML, like Gecko) Version/7.0 Mobile/11D201 Safari/9537.53"
68.97.202.160 - - [20/Jun/2014:20:57:16 -0400] "GET /250/images/index02.jpg HTTP/1.1" 200 999 "http://www.wiseguysokc.com/Frame-1-homepage1.html?refresh=1400863619270" "Mozilla/5.0 (iPhone; CPU iPhone OS 7_1_1 like Mac OS X) AppleWebKit/537.51.2 (KHTML, like Gecko) Version/7.0 Mobile/11D201 Safari/9537.53"
68.97.202.160 - - [20/Jun/2014:20:57:16 -0400] "GET /250/images/slogan.jpg HTTP/1.1" 200 5909 "http://www.wiseguysokc.com/Frame-1-homepage1.html?refresh=1400863619270" "Mozilla/5.0 (iPhone; CPU iPhone OS 7_1_1 like Mac OS X) AppleWebKit/537.51.2 (KHTML, like Gecko) Version/7.0 Mobile/11D201 Safari/9537.53"
68.97.202.160 - - [20/Jun/2014:20:57:16 -0400] "GET /250/images/content01.gif HTTP/1.1" 200 14331 "http://www.wiseguysokc.com/Frame-1-homepage1.html?refresh=1400863619270" "Mozilla/5.0 (iPhone; CPU iPhone OS 7_1_1 like Mac OS X) AppleWebKit/537.51.2 (KHTML, like Gecko) Version/7.0 Mobile/11D201 Safari/9537.53"
68.97.202.160 - - [20/Jun/2014:20:57:16 -0400] "GET /250/images/04b.jpg HTTP/1.1" 200 3245 "http://www.wiseguysokc.com/Frame-1-homenav.htm" "Mozilla/5.0 (iPhone; CPU iPhone OS 7_1_1 like Mac OS X) AppleWebKit/537.51.2 (KHTML, like Gecko) Version/7.0 Mobile/11D201 Safari/9537.53"
68.97.202.160 - - [20/Jun/2014:20:57:16 -0400] "GET /250/images/09b.jpg HTTP/1.1" 200 1125 "http://www.wiseguysokc.com/Frame-1-homenav.htm" "Mozilla/5.0 (iPhone; CPU iPhone OS 7_1_1 like Mac OS X) AppleWebKit/537.51.2 (KHTML, like Gecko) Version/7.0 Mobile/11D201 Safari/9537.53"
68.97.202.160 - - [20/Jun/2014:20:57:17 -0400] "GET /250/images/01a.jpg HTTP/1.1" 200 2917 "http://www.wiseguysokc.com/Frame-1-homenav.htm" "Mozilla/5.0 (iPhone; CPU iPhone OS 7_1_1 like Mac OS X) AppleWebKit/537.51.2 (KHTML, like Gecko) Version/7.0 Mobile/11D201 Safari/9537.53"
180.76.6.58 - - [20/Jun/2014:07:30:54 -0400] "GET /Frame-6-audiovideopage6.html?refresh=1400863618603 HTTP/1.1" 200 17682 "-" "Mozilla/5.0 (compatible; Baiduspider/2.0; +http://www.baidu.com/search/spider.html)"
46.119.120.207 - - [20/Jun/2014:08:13:03 -0400] "GET / HTTP/1.1" 200 1092 "http://www.gurusmart.ru/chehol-akkumulyator-dlja-samsung-galaxy-s4" "Mozilla/4.0 (compatible; MSIE 6.0; Windows NT 5.1; MRA 4.6 (build 01425))"
70.196.133.93 - - [20/Jun/2014:12:03:37 -0400] "GET /250/scripts/icwebsiteelement.css HTTP/1.1" 200 8132 "http://wiseguysokc.com/" "Mozilla/5.0 (iPhone; CPU iPhone OS 7_1 like Mac OS X) AppleWebKit/537.51.2 (KHTML, like Gecko) Version/7.0 Mobile/11D167 Safari/9537.53"
70.196.133.93 - - [20/Jun/2014:12:03:37 -0400] "GET /scripts/ic_globals_published.js HTTP/1.1" 200 566 "http://wiseguysokc.com/" "Mozilla/5.0 (iPhone; CPU iPhone OS 7_1 like Mac OS X) AppleWebKit/537.51.2 (KHTML, like Gecko) Version/7.0 Mobile/11D167 Safari/9537.53"
70.196.133.93 - - [20/Jun/2014:12:03:38 -0400] "GET /Frame-1-homenav.htm HTTP/1.1" 200 4534 "http://wiseguysokc.com/" "Mozilla/5.0 (iPhone; CPU iPhone OS 7_1 like Mac OS X) AppleWebKit/537.51.2 (KHTML, like Gecko) Version/7.0 Mobile/11D167 Safari/9537.53"
70.196.133.93 - - [20/Jun/2014:12:03:38 -0400] "GET /250/images/01b.jpg HTTP/1.1" 200 2948 "http://wiseguysokc.com/Frame-1-homenav.htm" "Mozilla/5.0 (iPhone; CPU iPhone OS 7_1 like Mac OS X) AppleWebKit/537.51.2 (KHTML, like Gecko) Version/7.0 Mobile/11D167 Safari/9537.53"
70.196.133.93 - - [20/Jun/2014:12:03:38 -0400] "GET /250/images/06b.jpg HTTP/1.1" 200 3011 "http://wiseguysokc.com/Frame-1-homenav.htm" "Mozilla/5.0 (iPhone; CPU iPhone OS 7_1 like Mac OS X) AppleWebKit/537.51.2 (KHTML, like Gecko) Version/7.0 Mobile/11D167 Safari/9537.53"
70.196.133.93 - - [20/Jun/2014:12:03:38 -0400] "GET /250/images/nav_back.jpg HTTP/1.1" 200 15744 "http://wiseguysokc.com/Frame-1-homenav.htm" "Mozilla/5.0 (iPhone; CPU iPhone OS 7_1 like Mac OS X) AppleWebKit/537.51.2 (KHTML, like Gecko) Version/7.0 Mobile/11D167 Safari/9537.53"
70.196.133.93 - - [20/Jun/2014:12:03:38 -0400] "GET /250/images/04a.jpg HTTP/1.1" 200 3312 "http://wiseguysokc.com/Frame-1-homenav.htm" "Mozilla/5.0 (iPhone; CPU iPhone OS 7_1 like Mac OS X) AppleWebKit/537.51.2 (KHTML, like Gecko) Version/7.0 Mobile/11D167 Safari/9537.53"
70.196.133.93 - - [20/Jun/2014:12:03:38 -0400] "GET /250/images/08a.jpg HTTP/1.1" 200 3709 "http://wiseguysokc.com/Frame-1-homenav.htm" "Mozilla/5.0 (iPhone; CPU iPhone OS 7_1 like Mac OS X) AppleWebKit/537.51.2 (KHTML, like Gecko) Version/7.0 Mobile/11D167 Safari/9537.53"
70.196.133.93 - - [20/Jun/2014:12:03:38 -0400] "GET /250/images/company.jpg HTTP/1.1" 200 6282 "http://wiseguysokc.com/Frame-1-homepage1.html?refresh=1400863619270" "Mozilla/5.0 (iPhone; CPU iPhone OS 7_1 like Mac OS X) AppleWebKit/537.51.2 (KHTML, like Gecko) Version/7.0 Mobile/11D167 Safari/9537.53"
70.196.133.93 - - [20/Jun/2014:12:03:38 -0400] "GET /250/images/index03.jpg HTTP/1.1" 200 2815 "http://wiseguysokc.com/Frame-1-homepage1.html?refresh=1400863619270" "Mozilla/5.0 (iPhone; CPU iPhone OS 7_1 like Mac OS X) AppleWebKit/537.51.2 (KHTML, like Gecko) Version/7.0 Mobile/11D167 Safari/9537.53"
70.196.133.93 - - [20/Jun/2014:12:03:39 -0400] "GET /250/images/motif01.jpg HTTP/1.1" 200 29843 "http://wiseguysokc.com/Frame-1-homepage1.html?refresh=1400863619270" "Mozilla/5.0 (iPhone; CPU iPhone OS 7_1 like Mac OS X) AppleWebKit/537.51.2 (KHTML, like Gecko) Version/7.0 Mobile/11D167 Safari/9537.53"
123.125.71.45 - - [20/Jun/2014:01:40:18 -0400] "GET /home.html HTTP/1.1" 200 1092 "-" "Mozilla/5.0 (compatible; Baiduspider/2.0; +http://www.baidu.com/search/spider.html)"
216.207.220.249 - - [20/Jun/2014:15:48:45 -0400] "GET /250/images/06b.jpg HTTP/1.1" 200 3011 "http://wiseguysokc.com/Frame-1-homenav.htm" "Mozilla/4.0 (compatible; MSIE 8.0; Windows NT 5.1; Trident/4.0; .NET CLR 1.1.4322; .NET CLR 2.0.50727; .NET CLR 3.0.4506.2152; .NET CLR 3.5.30729; .NET4.0C; .NET4.0E)"
216.207.220.249 - - [20/Jun/2014:15:48:45 -0400] "GET /250/images/02a.jpg HTTP/1.1" 200 3437 "http://wiseguysokc.com/Frame-1-homenav.htm" "Mozilla/4.0 (compatible; MSIE 8.0; Windows NT 5.1; Trident/4.0; .NET CLR 1.1.4322; .NET CLR 2.0.50727; .NET CLR 3.0.4506.2152; .NET CLR 3.5.30729; .NET4.0C; .NET4.0E)"
216.207.220.249 - - [20/Jun/2014:15:48:45 -0400] "GET /250/images/08a.jpg HTTP/1.1" 200 3709 "http://wiseguysokc.com/Frame-1-homenav.htm" "Mozilla/4.0 (compatible; MSIE 8.0; Windows NT 5.1; Trident/4.0; .NET CLR 1.1.4322; .NET CLR 2.0.50727; .NET CLR 3.0.4506.2152; .NET CLR 3.5.30729; .NET4.0C; .NET4.0E)"
216.207.220.249 - - [20/Jun/2014:15:48:45 -0400] "GET /250/images/index04.jpg HTTP/1.1" 200 2241 "http://wiseguysokc.com/Frame-1-homepage1.html?refresh=1400863619270" "Mozilla/4.0 (compatible; MSIE 8.0; Windows NT 5.1; Trident/4.0; .NET CLR 1.1.4322; .NET CLR 2.0.50727; .NET CLR 3.0.4506.2152; .NET CLR 3.5.30729; .NET4.0C; .NET4.0E)"
216.207.220.249 - - [20/Jun/2014:15:48:46 -0400] "GET /250/images/spacer.gif HTTP/1.1" 200 43 "http://wiseguysokc.com/Frame-1-homenav.htm" "Mozilla/4.0 (compatible; MSIE 8.0; Windows NT 5.1; Trident/4.0; .NET CLR 1.1.4322; .NET CLR 2.0.50727; .NET CLR 3.0.4506.2152; .NET CLR 3.5.30729; .NET4.0C; .NET4.0E)"
72.198.103.39 - - [20/Jun/2014:17:02:53 -0400] "GET /Frame-1-homenav.htm HTTP/1.1" 200 4534 "http://www.wiseguysokc.com/" "Mozilla/5.0 (Macintosh; Intel Mac OS X 10_6_8) AppleWebKit/534.59.10 (KHTML, like Gecko) Version/5.1.9 Safari/534.59.10"
72.198.103.39 - - [20/Jun/2014:17:02:53 -0400] "GET /250/images/back01.jpg HTTP/1.1" 200 1321 "http://www.wiseguysokc.com/Frame-1-homenav.htm" "Mozilla/5.0 (Macintosh; Intel Mac OS X 10_6_8) AppleWebKit/534.59.10 (KHTML, like Gecko) Version/5.1.9 Safari/534.59.10"
144.76.85.195 - - [20/Jun/2014:17:13:34 -0400] "GET /images/Summer_of_69_Intro_and_Ending.mp3 HTTP/1.1" 200 2516419 "-" "Mozilla/5.0 (compatible; 007ac9 Crawler; http://crawler.007ac9.net/)"
164.58.66.129 - - [20/Jun/2014:17:57:20 -0400] "GET /audiovideo.html HTTP/1.1" 304 - "-" "Mozilla/5.0 (iPhone; CPU iPhone OS 6_1_2 like Mac OS X) AppleWebKit/536.26 (KHTML, like Gecko) Version/6.0 Mobile/10B146 Safari/8536.25"
164.58.66.129 - - [20/Jun/2014:17:57:21 -0400] "GET /250/scripts/master.css HTTP/1.1" 304 - "http://www.wiseguysokc.com/audiovideo.html" "Mozilla/5.0 (iPhone; CPU iPhone OS 6_1_2 like Mac OS X) AppleWebKit/536.26 (KHTML, like Gecko) Version/6.0 Mobile/10B146 Safari/8536.25"
164.58.66.129 - - [20/Jun/2014:17:57:21 -0400] "GET /scripts/user.js HTTP/1.1" 304 - "http://www.wiseguysokc.com/audiovideo.html" "Mozilla/5.0 (iPhone; CPU iPhone OS 6_1_2 like Mac OS X) AppleWebKit/536.26 (KHTML, like Gecko) Version/6.0 Mobile/10B146 Safari/8536.25"
164.58.66.129 - - [20/Jun/2014:17:57:21 -0400] "GET /Frame-6-audiovideopage6.html?refresh=1400863618603 HTTP/1.1" 304 - "http://www.wiseguysokc.com/audiovideo.html" "Mozilla/5.0 (iPhone; CPU iPhone OS 6_1_2 like Mac OS X) AppleWebKit/536.26 (KHTML, like Gecko) Version/6.0 Mobile/10B146 Safari/8536.25"
164.58.66.129 - - [20/Jun/2014:17:57:21 -0400] "GET /250/images/back01.jpg HTTP/1.1" 304 - "http://www.wiseguysokc.com/Frame-6-audiovideopage6.html?refresh=1400863618603" "Mozilla/5.0 (iPhone; CPU iPhone OS 6_1_2 like Mac OS X) AppleWebKit/536.26 (KHTML, like Gecko) Version/6.0 Mobile/10B146 Safari/8536.25"
164.58.66.129 - - [20/Jun/2014:17:57:21 -0400] "GET /250/images/spacer.gif HTTP/1.1" 304 - "http://www.wiseguysokc.com/Frame-6-audiovideopage6.html?refresh=1400863618603" "Mozilla/5.0 (iPhone; CPU iPhone OS 6_1_2 like Mac OS X) AppleWebKit/536.26 (KHTML, like Gecko) Version/6.0 Mobile/10B146 Safari/8536.25"
164.58.66.129 - - [20/Jun/2014:17:57:21 -0400] "GET /250/images/company.jpg HTTP/1.1" 304 - "http://www.wiseguysokc.com/Frame-6-audiovideopage6.html?refresh=1400863618603" "Mozilla/5.0 (iPhone; CPU iPhone OS 6_1_2 like Mac OS X) AppleWebKit/536.26 (KHTML, like Gecko) Version/6.0 Mobile/10B146 Safari/8536.25"
164.58.66.129 - - [20/Jun/2014:17:57:21 -0400] "GET /250/images/index05.jpg HTTP/1.1" 304 - "http://www.wiseguysokc.com/Frame-6-audiovideopage6.html?refresh=1400863618603" "Mozilla/5.0 (iPhone; CPU iPhone OS 6_1_2 like Mac OS X) AppleWebKit/536.26 (KHTML, like Gecko) Version/6.0 Mobile/10B146 Safari/8536.25"
164.58.66.129 - - [20/Jun/2014:17:57:21 -0400] "GET /250/images/slogan.jpg HTTP/1.1" 304 - "http://www.wiseguysokc.com/Frame-6-audiovideopage6.html?refresh=1400863618603" "Mozilla/5.0 (iPhone; CPU iPhone OS 6_1_2 like Mac OS X) AppleWebKit/536.26 (KHTML, like Gecko) Version/6.0 Mobile/10B146 Safari/8536.25"
164.58.66.129 - - [20/Jun/2014:17:57:22 -0400] "GET /250/images/01b.jpg HTTP/1.1" 304 - "http://www.wiseguysokc.com/Frame-6-audiovideonav.htm" "Mozilla/5.0 (iPhone; CPU iPhone OS 6_1_2 like Mac OS X) AppleWebKit/536.26 (KHTML, like Gecko) Version/6.0 Mobile/10B146 Safari/8536.25"
164.58.66.129 - - [20/Jun/2014:17:57:22 -0400] "GET /250/images/03b.jpg HTTP/1.1" 304 - "http://www.wiseguysokc.com/Frame-6-audiovideonav.htm" "Mozilla/5.0 (iPhone; CPU iPhone OS 6_1_2 like Mac OS X) AppleWebKit/536.26 (KHTML, like Gecko) Version/6.0 Mobile/10B146 Safari/8536.25"
164.58.66.129 - - [20/Jun/2014:17:57:22 -0400] "GET /250/images/09b.jpg HTTP/1.1" 304 - "http://www.wiseguysokc.com/Frame-6-audiovideonav.htm" "Mozilla/5.0 (iPhone; CPU iPhone OS 6_1_2 like Mac OS X) AppleWebKit/536.26 (KHTML, like Gecko) Version/6.0 Mobile/10B146 Safari/8536.25"
99.35.192.73 - - [20/Jun/2014:18:51:51 -0400] "GET /images/Carousel.mp3 HTTP/1.1" 206 1712349 "http://www.wiseguysokc.com/images/Carousel.mp3" "Mozilla/5.0 (Windows NT 6.1; WOW64) AppleWebKit/537.36 (KHTML, like Gecko) Chrome/35.0.1916.153 Safari/537.36"
99.35.192.73 - - [20/Jun/2014:18:52:16 -0400] "GET /images/Here_Comes_My_Girl.mp3 HTTP/1.1" 206 1509399 "http://www.wiseguysokc.com/images/Here_Comes_My_Girl.mp3" "Mozilla/5.0 (Windows NT 6.1; WOW64) AppleWebKit/537.36 (KHTML, like Gecko) Chrome/35.0.1916.153 Safari/537.36"
99.35.192.73 - - [20/Jun/2014:18:53:01 -0400] "GET /images/Mustang_Sally.mp3 HTTP/1.1" 200 2430199 "http://www.wiseguysokc.com/Frame-6-audiovideopage6.html?refresh=1400863618603" "Mozilla/5.0 (Windows NT 6.1; WOW64) AppleWebKit/537.36 (KHTML, like Gecko) Chrome/35.0.1916.153 Safari/537.36"
66.249.67.46 - - [20/Jun/2014:08:24:18 -0400] "GET /images/222_tray_out_proof2_-_Crpt.jpg HTTP/1.1" 304 - "-" "Googlebot-Image/1.0"
68.15.109.138 - - [20/Jun/2014:14:34:13 -0400] "GET /250/images/motif01.jpg HTTP/1.1" 200 29843 "http://www.wiseguysokc.com/Frame-1-homepage1.html?refresh=1400863619270" "Mozilla/5.0 (Macintosh; Intel Mac OS X 10_6_8) AppleWebKit/534.59.10 (KHTML, like Gecko) Version/5.1.9 Safari/534.59.10"
68.15.109.138 - - [20/Jun/2014:14:34:21 -0400] "GET /250/images/02a.jpg HTTP/1.1" 200 3437 "http://www.wiseguysokc.com/Frame-1-homenav.htm" "Mozilla/5.0 (Macintosh; Intel Mac OS X 10_6_8) AppleWebKit/534.59.10 (KHTML, like Gecko) Version/5.1.9 Safari/534.59.10"
68.15.109.138 - - [20/Jun/2014:14:34:22 -0400] "GET /250/images/08a.jpg HTTP/1.1" 200 3709 "http://www.wiseguysokc.com/Frame-1-homenav.htm" "Mozilla/5.0 (Macintosh; Intel Mac OS X 10_6_8) AppleWebKit/534.59.10 (KHTML, like Gecko) Version/5.1.9 Safari/534.59.10"
68.12.236.211 - - [20/Jun/2014:03:28:18 -0400] "GET /scripts/user.js HTTP/1.1" 200 23762 "http://www.wiseguysokc.com/Frame-2-meetthebandpage2.html?refresh=1370986278753" "Mozilla/5.0 (Windows NT 6.1; WOW64; Trident/7.0; rv:11.0) like Gecko"
68.12.236.211 - - [20/Jun/2014:03:28:19 -0400] "GET /250/images/company.jpg HTTP/1.1" 200 6282 "http://www.wiseguysokc.com/Frame-2-meetthebandpage2.html?refresh=1370986278753" "Mozilla/5.0 (Windows NT 6.1; WOW64; Trident/7.0; rv:11.0) like Gecko"
68.12.236.211 - - [20/Jun/2014:03:28:19 -0400] "GET /250/images/index05.jpg HTTP/1.1" 200 2081 "http://www.wiseguysokc.com/Frame-2-meetthebandpage2.html?refresh=1370986278753" "Mozilla/5.0 (Windows NT 6.1; WOW64; Trident/7.0; rv:11.0) like Gecko"
144.76.85.195 - - [20/Jun/2014:17:13:03 -0400] "GET /images/Here_Comes_My_Girl.mp3 HTTP/1.1" 200 1509399 "-" "Mozilla/5.0 (compatible; 007ac9 Crawler; http://crawler.007ac9.net/)"
144.76.85.195 - - [20/Jun/2014:17:13:18 -0400] "GET /images/Wise_Guys_Arts_Festival_08_-_Holiday_Road.wmv HTTP/1.1" 200 15406249 "-" "Mozilla/5.0 (compatible; 007ac9 Crawler; http://crawler.007ac9.net/)"
123.125.71.29 - - [20/Jun/2014:17:51:28 -0400] "GET /Frame-1-homenav.htm HTTP/1.1" 200 4534 "-" "Mozilla/5.0 (Linux;u;Android 2.3.7;zh-cn;) AppleWebKit/533.1 (KHTML,like Gecko) Version/4.0 Mobile Safari/533.1 (compatible; +http://www.baidu.com/search/spider.html)"
99.35.192.73 - - [20/Jun/2014:18:52:02 -0400] "GET /images/Summer_of_69_Intro_and_Ending.mp3 HTTP/1.1" 206 2516419 "http://www.wiseguysokc.com/images/Summer_of_69_Intro_and_Ending.mp3" "Mozilla/5.0 (Windows NT 6.1; WOW64) AppleWebKit/537.36 (KHTML, like Gecko) Chrome/35.0.1916.153 Safari/537.36"
99.35.192.73 - - [20/Jun/2014:18:54:58 -0400] "GET /images/Wise_Guys_Arts_Festival_08_-_Holiday_Road.wmv HTTP/1.1" 200 15406249 "http://www.wiseguysokc.com/Frame-6-audiovideopage6.html?refresh=1400863618603" "Mozilla/5.0 (Windows NT 6.1; WOW64) AppleWebKit/537.36 (KHTML, like Gecko) Chrome/35.0.1916.153 Safari/537.36"
99.90.18.167 - - [20/Jun/2014:19:12:16 -0400] "GET /250/images/spacer.gif HTTP/1.1" 200 43 "http://www.wiseguysokc.com/Frame-1-homenav.htm" "Mozilla/5.0 (compatible; MSIE 10.0; Windows NT 6.1; WOW64; Trident/6.0)"
99.90.18.167 - - [20/Jun/2014:19:12:16 -0400] "GET /250/images/07a.jpg HTTP/1.1" 200 3422 "http://www.wiseguysokc.com/Frame-1-homenav.htm" "Mozilla/5.0 (compatible; MSIE 10.0; Windows NT 6.1; WOW64; Trident/6.0)"
99.90.18.167 - - [20/Jun/2014:19:12:16 -0400] "GET /250/images/04b.jpg HTTP/1.1" 200 3245 "http://www.wiseguysokc.com/Frame-1-homenav.htm" "Mozilla/5.0 (compatible; MSIE 10.0; Windows NT 6.1; WOW64; Trident/6.0)"
99.90.18.167 - - [20/Jun/2014:19:12:17 -0400] "GET /250/images/back01.jpg HTTP/1.1" 200 1321 "http://www.wiseguysokc.com/Frame-1-homenav.htm" "Mozilla/5.0 (compatible; MSIE 10.0; Windows NT 6.1; WOW64; Trident/6.0)"
99.90.18.167 - - [20/Jun/2014:19:12:17 -0400] "GET /images/483__DSC2843.jpg HTTP/1.1" 200 53533 "http://www.wiseguysokc.com/Frame-1-homepage1.html?refresh=1400863619270" "Mozilla/5.0 (compatible; MSIE 10.0; Windows NT 6.1; WOW64; Trident/6.0)"
170.29.1.3 - - [20/Jun/2014:09:07:52 -0400] "GET /images/153__8280370_-_Crpt.JPG HTTP/1.1" 200 5529 "http://www.wiseguysokc.com/Frame-2-meetthebandpage2.html?refresh=1400863618904" "Mozilla/4.0 (compatible; MSIE 8.0; Windows NT 5.1; Trident/4.0; .NET CLR 1.1.4322; .NET CLR 2.0.50727; .NET CLR 3.0.04506.648; .NET CLR 3.5.21022; .NET CLR 3.0.4506.2152; .NET CLR 3.5.30729; InfoPath.2)"
170.29.1.3 - - [20/Jun/2014:09:07:52 -0400] "GET /images/153__8280468_-_Crpt.JPG HTTP/1.1" 200 7172 "http://www.wiseguysokc.com/Frame-2-meetthebandpage2.html?refresh=1400863618904" "Mozilla/4.0 (compatible; MSIE 8.0; Windows NT 5.1; Trident/4.0; .NET CLR 1.1.4322; .NET CLR 2.0.50727; .NET CLR 3.0.04506.648; .NET CLR 3.5.21022; .NET CLR 3.0.4506.2152; .NET CLR 3.5.30729; InfoPath.2)"
65.255.83.87 - - [20/Jun/2014:11:32:35 -0400] "GET /250/images/company.jpg HTTP/1.1" 200 6282 "http://www.wiseguysokc.com/Frame-4-calendarpage4.html?refresh=1400863618949" "Mozilla/5.0 (Windows NT 6.1; WOW64; Trident/7.0; rv:11.0) like Gecko"
65.255.83.87 - - [20/Jun/2014:11:32:36 -0400] "GET /250/images/07a.jpg HTTP/1.1" 200 3422 "http://www.wiseguysokc.com/Frame-4-calendarnav.htm" "Mozilla/5.0 (Windows NT 6.1; WOW64; Trident/7.0; rv:11.0) like Gecko"
65.255.83.87 - - [20/Jun/2014:11:32:36 -0400] "GET /250/images/01b.jpg HTTP/1.1" 200 2948 "http://www.wiseguysokc.com/Frame-4-calendarnav.htm" "Mozilla/5.0 (Windows NT 6.1; WOW64; Trident/7.0; rv:11.0) like Gecko"
65.255.83.87 - - [20/Jun/2014:11:32:36 -0400] "GET /250/images/07b.jpg HTTP/1.1" 200 3345 "http://www.wiseguysokc.com/Frame-4-calendarnav.htm" "Mozilla/5.0 (Windows NT 6.1; WOW64; Trident/7.0; rv:11.0) like Gecko"
65.255.83.87 - - [20/Jun/2014:11:32:36 -0400] "GET /250/images/08a.jpg HTTP/1.1" 200 3709 "http://www.wiseguysokc.com/Frame-4-calendarnav.htm" "Mozilla/5.0 (Windows NT 6.1; WOW64; Trident/7.0; rv:11.0) like Gecko"
68.12.236.211 - - [20/Jun/2014:03:30:12 -0400] "GET /250/images/01b.jpg HTTP/1.1" 200 2948 "http://www.wiseguysokc.com/Frame-2-meetthebandnav.htm" "Mozilla/5.0 (Windows NT 6.1; WOW64; Trident/7.0; rv:11.0) like Gecko"
68.12.236.211 - - [20/Jun/2014:03:30:13 -0400] "GET /250/images/08b.jpg HTTP/1.1" 200 3551 "http://www.wiseguysokc.com/Frame-2-meetthebandnav.htm" "Mozilla/5.0 (Windows NT 6.1; WOW64; Trident/7.0; rv:11.0) like Gecko"
68.12.236.211 - - [20/Jun/2014:03:30:13 -0400] "GET /250/images/07a.jpg HTTP/1.1" 200 3422 "http://www.wiseguysokc.com/Frame-2-meetthebandnav.htm" "Mozilla/5.0 (Windows NT 6.1; WOW64; Trident/7.0; rv:11.0) like Gecko"
72.198.103.39 - - [20/Jun/2014:17:02:57 -0400] "GET /250/images/index01.jpg HTTP/1.1" 200 2520 "http://www.wiseguysokc.com/Frame-1-homepage1.html?refresh=1400863619270" "Mozilla/5.0 (Macintosh; Intel Mac OS X 10_6_8) AppleWebKit/534.59.10 (KHTML, like Gecko) Version/5.1.9 Safari/534.59.10"
72.198.103.39 - - [20/Jun/2014:17:02:57 -0400] "GET /250/images/index05.jpg HTTP/1.1" 200 2081 "http://www.wiseguysokc.com/Frame-1-homepage1.html?refresh=1400863619270" "Mozilla/5.0 (Macintosh; Intel Mac OS X 10_6_8) AppleWebKit/534.59.10 (KHTML, like Gecko) Version/5.1.9 Safari/534.59.10"
72.198.103.39 - - [20/Jun/2014:17:02:57 -0400] "GET /250/images/index06.jpg HTTP/1.1" 200 2838 "http://www.wiseguysokc.com/Frame-1-homepage1.html?refresh=1400863619270" "Mozilla/5.0 (Macintosh; Intel Mac OS X 10_6_8) AppleWebKit/534.59.10 (KHTML, like Gecko) Version/5.1.9 Safari/534.59.10"
46.119.115.144 - - [20/Jun/2014:17:24:59 -0400] "GET / HTTP/1.1" 200 1092 "http://mastermolotok.ru/" "Mozilla/4.0 (compatible; MSIE 6.0; Windows NT 5.0; APC; .NET CLR 1.0.3705; .NET CLR 1.1.4322; .NET CLR 2.0.50215; InfoPath.1)"
99.35.192.73 - - [20/Jun/2014:18:42:55 -0400] "GET /Frame-4-calendarnav.htm HTTP/1.1" 200 4534 "http://www.wiseguysokc.com/calendar.html" "Mozilla/5.0 (Windows NT 6.1; WOW64) AppleWebKit/537.36 (KHTML, like Gecko) Chrome/35.0.1916.153 Safari/537.36"
99.35.192.73 - - [20/Jun/2014:18:42:56 -0400] "GET /images/483_WG-Pub2013-17.jpg HTTP/1.1" 200 24476 "http://www.wiseguysokc.com/Frame-4-calendarpage4.html?refresh=1400863618949" "Mozilla/5.0 (Windows NT 6.1; WOW64) AppleWebKit/537.36 (KHTML, like Gecko) Chrome/35.0.1916.153 Safari/537.36"
107.129.28.75 - - [20/Jun/2014:19:11:01 -0400] "GET /calendar.html HTTP/1.1" 200 1100 "http://www.wiseguysokc.com/Frame-1-homenav.htm" "Mozilla/5.0 (Macintosh; Intel Mac OS X 10_7_5) AppleWebKit/537.76.4 (KHTML, like Gecko) Version/6.1.4 Safari/537.76.4"
107.129.28.75 - - [20/Jun/2014:19:11:01 -0400] "GET /Frame-4-calendarpage4.html?refresh=1400863618949 HTTP/1.1" 200 42254 "http://www.wiseguysokc.com/calendar.html" "Mozilla/5.0 (Macintosh; Intel Mac OS X 10_7_5) AppleWebKit/537.76.4 (KHTML, like Gecko) Version/6.1.4 Safari/537.76.4"
66.249.64.218 - - [20/Jun/2014:20:11:13 -0400] "GET /wisestuff.html HTTP/1.1" 200 1105 "-" "Mozilla/5.0 (compatible; Googlebot/2.1; +http://www.google.com/bot.html)"
180.76.6.60 - - [20/Jun/2014:07:30:36 -0400] "GET /audiovideo.html HTTP/1.1" 200 1104 "-" "Mozilla/5.0 (compatible; Baiduspider/2.0; +http://www.baidu.com/search/spider.html)"
68.15.109.138 - - [20/Jun/2014:14:34:24 -0400] "GET /250/images/02b.jpg HTTP/1.1" 200 3466 "http://www.wiseguysokc.com/Frame-1-homenav.htm" "Mozilla/5.0 (Macintosh; Intel Mac OS X 10_6_8) AppleWebKit/534.59.10 (KHTML, like Gecko) Version/5.1.9 Safari/534.59.10"
68.15.109.138 - - [20/Jun/2014:14:34:24 -0400] "GET /250/images/04b.jpg HTTP/1.1" 200 3245 "http://www.wiseguysokc.com/Frame-1-homenav.htm" "Mozilla/5.0 (Macintosh; Intel Mac OS X 10_6_8) AppleWebKit/534.59.10 (KHTML, like Gecko) Version/5.1.9 Safari/534.59.10"
66.249.64.223 - - [20/Jun/2014:14:39:40 -0400] "GET /calendar.html HTTP/1.1" 200 1100 "-" "Mozilla/5.0 (compatible; Googlebot/2.1; +http://www.google.com/bot.html)"
123.125.71.36 - - [20/Jun/2014:01:40:02 -0400] "GET /Frame-1-homenav.htm HTTP/1.1" 200 4534 "-" "Mozilla/5.0 (compatible; Baiduspider/2.0; +http://www.baidu.com/search/spider.html)"
144.76.85.195 - - [20/Jun/2014:17:12:41 -0400] "GET /robots.txt HTTP/1.1" 200 25 "-" "Mozilla/5.0 (compatible; 007ac9 Crawler; http://crawler.007ac9.net/)"
144.76.85.195 - - [20/Jun/2014:17:12:41 -0400] "GET / HTTP/1.1" 200 1092 "-" "Mozilla/5.0 (compatible; 007ac9 Crawler; http://crawler.007ac9.net/)"
144.76.85.195 - - [20/Jun/2014:17:12:41 -0400] "GET /Frame-1-homepage1.html?refresh=1400863619270 HTTP/1.1" 200 19961 "-" "Mozilla/5.0 (compatible; 007ac9 Crawler; http://crawler.007ac9.net/)"
144.76.85.195 - - [20/Jun/2014:17:12:43 -0400] "GET /Frame-1-homenav.htm HTTP/1.1" 200 4534 "-" "Mozilla/5.0 (compatible; 007ac9 Crawler; http://crawler.007ac9.net/)"
144.76.85.195 - - [20/Jun/2014:17:12:43 -0400] "GET /audiovideo.html HTTP/1.1" 200 1104 "-" "Mozilla/5.0 (compatible; 007ac9 Crawler; http://crawler.007ac9.net/)"
144.76.85.195 - - [20/Jun/2014:17:12:43 -0400] "GET /bookingmediakit.html HTTP/1.1" 200 1114 "-" "Mozilla/5.0 (compatible; 007ac9 Crawler; http://crawler.007ac9.net/)"
144.76.85.195 - - [20/Jun/2014:17:13:26 -0400] "GET /images/Mustang_Sally.mp3 HTTP/1.1" 200 2430199 "-" "Mozilla/5.0 (compatible; 007ac9 Crawler; http://crawler.007ac9.net/)"
107.129.28.75 - - [20/Jun/2014:19:10:41 -0400] "GET /images/483_WG-Pub2013-17.jpg HTTP/1.1" 200 24476 "http://www.wiseguysokc.com/Frame-4-calendarpage4.html?refresh=1400863618949" "Mozilla/5.0 (Macintosh; Intel Mac OS X 10_7_5) AppleWebKit/537.76.4 (KHTML, like Gecko) Version/6.1.4 Safari/537.76.4"
193.150.120.14 - - [20/Jun/2014:20:59:31 -0400] "GET / HTTP/1.1" 200 1092 "http://krovlya-fasady.ru/" "Opera/9.00 (Windows NT 5.1; U; ru)"
170.29.1.3 - - [20/Jun/2014:09:06:49 -0400] "GET /scripts/ic_globals_published.js HTTP/1.1" 200 566 "http://www.wiseguysokc.com/" "Mozilla/4.0 (compatible; MSIE 8.0; Windows NT 5.1; Trident/4.0; .NET CLR 1.1.4322; .NET CLR 2.0.50727; .NET CLR 3.0.04506.648; .NET CLR 3.5.21022; .NET CLR 3.0.4506.2152; .NET CLR 3.5.30729; InfoPath.2)"
170.29.1.3 - - [20/Jun/2014:09:06:49 -0400] "GET /250/scripts/icwebsiteelement.css HTTP/1.1" 200 8132 "http://www.wiseguysokc.com/" "Mozilla/4.0 (compatible; MSIE 8.0; Windows NT 5.1; Trident/4.0; .NET CLR 1.1.4322; .NET CLR 2.0.50727; .NET CLR 3.0.04506.648; .NET CLR 3.5.21022; .NET CLR 3.0.4506.2152; .NET CLR 3.5.30729; InfoPath.2)"
170.29.1.3 - - [20/Jun/2014:09:06:49 -0400] "GET /Frame-1-homenav.htm HTTP/1.1" 200 4534 "http://www.wiseguysokc.com/" "Mozilla/4.0 (compatible; MSIE 8.0; Windows NT 5.1; Trident/4.0; .NET CLR 1.1.4322; .NET CLR 2.0.50727; .NET CLR 3.0.04506.648; .NET CLR 3.5.21022; .NET CLR 3.0.4506.2152; .NET CLR 3.5.30729; InfoPath.2)"
170.29.1.3 - - [20/Jun/2014:09:06:49 -0400] "GET /Frame-1-homepage1.html?refresh=1400863619270 HTTP/1.1" 200 19961 "http://www.wiseguysokc.com/" "Mozilla/4.0 (compatible; MSIE 8.0; Windows NT 5.1; Trident/4.0; .NET CLR 1.1.4322; .NET CLR 2.0.50727; .NET CLR 3.0.04506.648; .NET CLR 3.5.21022; .NET CLR 3.0.4506.2152; .NET CLR 3.5.30729; InfoPath.2)"
170.29.1.3 - - [20/Jun/2014:09:06:49 -0400] "GET /250/images/02b.jpg HTTP/1.1" 200 3466 "http://www.wiseguysokc.com/Frame-1-homenav.htm" "Mozilla/4.0 (compatible; MSIE 8.0; Windows NT 5.1; Trident/4.0; .NET CLR 1.1.4322; .NET CLR 2.0.50727; .NET CLR 3.0.04506.648; .NET CLR 3.5.21022; .NET CLR 3.0.4506.2152; .NET CLR 3.5.30729; InfoPath.2)"
170.29.1.3 - - [20/Jun/2014:09:06:49 -0400] "GET /250/images/03b.jpg HTTP/1.1" 200 2930 "http://www.wiseguysokc.com/Frame-1-homenav.htm" "Mozilla/4.0 (compatible; MSIE 8.0; Windows NT 5.1; Trident/4.0; .NET CLR 1.1.4322; .NET CLR 2.0.50727; .NET CLR 3.0.04506.648; .NET CLR 3.5.21022; .NET CLR 3.0.4506.2152; .NET CLR 3.5.30729; InfoPath.2)"
170.29.1.3 - - [20/Jun/2014:09:06:49 -0400] "GET /250/images/spacer.gif HTTP/1.1" 200 43 "http://www.wiseguysokc.com/Frame-1-homenav.htm" "Mozilla/4.0 (compatible; MSIE 8.0; Windows NT 5.1; Trident/4.0; .NET CLR 1.1.4322; .NET CLR 2.0.50727; .NET CLR 3.0.04506.648; .NET CLR 3.5.21022; .NET CLR 3.0.4506.2152; .NET CLR 3.5.30729; InfoPath.2)"
170.29.1.3 - - [20/Jun/2014:09:06:49 -0400] "GET /250/images/10b.jpg HTTP/1.1" 200 1232 "http://www.wiseguysokc.com/Frame-1-homenav.htm" "Mozilla/4.0 (compatible; MSIE 8.0; Windows NT 5.1; Trident/4.0; .NET CLR 1.1.4322; .NET CLR 2.0.50727; .NET CLR 3.0.04506.648; .NET CLR 3.5.21022; .NET CLR 3.0.4506.2152; .NET CLR 3.5.30729; InfoPath.2)"
170.29.1.3 - - [20/Jun/2014:09:06:50 -0400] "GET /250/images/03a.jpg HTTP/1.1" 200 2976 "http://www.wiseguysokc.com/Frame-1-homenav.htm" "Mozilla/4.0 (compatible; MSIE 8.0; Windows NT 5.1; Trident/4.0; .NET CLR 1.1.4322; .NET CLR 2.0.50727; .NET CLR 3.0.04506.648; .NET CLR 3.5.21022; .NET CLR 3.0.4506.2152; .NET CLR 3.5.30729; InfoPath.2)"
170.29.1.3 - - [20/Jun/2014:09:06:50 -0400] "GET /250/images/07a.jpg HTTP/1.1" 200 3422 "http://www.wiseguysokc.com/Frame-1-homenav.htm" "Mozilla/4.0 (compatible; MSIE 8.0; Windows NT 5.1; Trident/4.0; .NET CLR 1.1.4322; .NET CLR 2.0.50727; .NET CLR 3.0.04506.648; .NET CLR 3.5.21022; .NET CLR 3.0.4506.2152; .NET CLR 3.5.30729; InfoPath.2)"
170.29.1.3 - - [20/Jun/2014:09:06:50 -0400] "GET /250/images/08a.jpg HTTP/1.1" 200 3709 "http://www.wiseguysokc.com/Frame-1-homenav.htm" "Mozilla/4.0 (compatible; MSIE 8.0; Windows NT 5.1; Trident/4.0; .NET CLR 1.1.4322; .NET CLR 2.0.50727; .NET CLR 3.0.04506.648; .NET CLR 3.5.21022; .NET CLR 3.0.4506.2152; .NET CLR 3.5.30729; InfoPath.2)"
170.29.1.3 - - [20/Jun/2014:09:06:50 -0400] "GET /images/180_WG_-_Facebook.jpg HTTP/1.1" 200 4974 "http://www.wiseguysokc.com/Frame-1-homepage1.html?refresh=1400863619270" "Mozilla/4.0 (compatible; MSIE 8.0; Windows NT 5.1; Trident/4.0; .NET CLR 1.1.4322; .NET CLR 2.0.50727; .NET CLR 3.0.04506.648; .NET CLR 3.5.21022; .NET CLR 3.0.4506.2152; .NET CLR 3.5.30729; InfoPath.2)"
170.29.1.3 - - [20/Jun/2014:09:06:50 -0400] "GET /250/images/index04.jpg HTTP/1.1" 200 2241 "http://www.wiseguysokc.com/Frame-1-homepage1.html?refresh=1400863619270" "Mozilla/4.0 (compatible; MSIE 8.0; Windows NT 5.1; Trident/4.0; .NET CLR 1.1.4322; .NET CLR 2.0.50727; .NET CLR 3.0.04506.648; .NET CLR 3.5.21022; .NET CLR 3.0.4506.2152; .NET CLR 3.5.30729; InfoPath.2)"
170.29.1.3 - - [20/Jun/2014:09:06:50 -0400] "GET /250/images/index05.jpg HTTP/1.1" 200 2081 "http://www.wiseguysokc.com/Frame-1-homepage1.html?refresh=1400863619270" "Mozilla/4.0 (compatible; MSIE 8.0; Windows NT 5.1; Trident/4.0; .NET CLR 1.1.4322; .NET CLR 2.0.50727; .NET CLR 3.0.04506.648; .NET CLR 3.5.21022; .NET CLR 3.0.4506.2152; .NET CLR 3.5.30729; InfoPath.2)"
170.29.1.3 - - [20/Jun/2014:09:06:50 -0400] "GET /250/images/content01.gif HTTP/1.1" 200 14331 "http://www.wiseguysokc.com/Frame-1-homepage1.html?refresh=1400863619270" "Mozilla/4.0 (compatible; MSIE 8.0; Windows NT 5.1; Trident/4.0; .NET CLR 1.1.4322; .NET CLR 2.0.50727; .NET CLR 3.0.04506.648; .NET CLR 3.5.21022; .NET CLR 3.0.4506.2152; .NET CLR 3.5.30729; InfoPath.2)"
170.29.1.3 - - [20/Jun/2014:09:06:51 -0400] "GET /250/images/slogan.jpg HTTP/1.1" 200 5909 "http://www.wiseguysokc.com/Frame-1-homepage1.html?refresh=1400863619270" "Mozilla/4.0 (compatible; MSIE 8.0; Windows NT 5.1; Trident/4.0; .NET CLR 1.1.4322; .NET CLR 2.0.50727; .NET CLR 3.0.04506.648; .NET CLR 3.5.21022; .NET CLR 3.0.4506.2152; .NET CLR 3.5.30729; InfoPath.2)"
170.29.1.3 - - [20/Jun/2014:09:06:51 -0400] "GET /favicon.ico HTTP/1.1" 404 575 "-" "Mozilla/4.0 (compatible; MSIE 8.0; Windows NT 5.1; Trident/4.0; .NET CLR 1.1.4322; .NET CLR 2.0.50727; .NET CLR 3.0.04506.648; .NET CLR 3.5.21022; .NET CLR 3.0.4506.2152; .NET CLR 3.5.30729; InfoPath.2)"
157.55.39.205 - - [20/Jun/2014:13:17:48 -0400] "GET /Frame-2-meetthebandpage2.html?refresh=1314292512137 HTTP/1.1" 200 18090 "-" "Mozilla/5.0 (compatible; bingbot/2.0; +http://www.bing.com/bingbot.htm)"
180.76.6.156 - - [20/Jun/2014:04:30:03 -0400] "GET /Frame-5-contactnewsletterpage5.html?refresh=1375823912967 HTTP/1.1" 200 15082 "-" "Mozilla/5.0 (compatible; Baiduspider/2.0; +http://www.baidu.com/search/spider.html)"
216.207.220.249 - - [20/Jun/2014:15:48:07 -0400] "GET /scripts/ic_globals_published.js HTTP/1.1" 200 566 "http://wiseguysokc.com/Frame-1-homepage1.html?refresh=1400863619270" "Mozilla/4.0 (compatible; MSIE 8.0; Windows NT 5.1; Trident/4.0; .NET CLR 1.1.4322; .NET CLR 2.0.50727; .NET CLR 3.0.4506.2152; .NET CLR 3.5.30729; .NET4.0C; .NET4.0E)"
72.198.103.39 - - [20/Jun/2014:17:02:14 -0400] "GET /scripts/ic_globals_published.js HTTP/1.1" 200 566 "http://www.wiseguysokc.com/" "Mozilla/5.0 (Macintosh; Intel Mac OS X 10_6_8) AppleWebKit/534.59.10 (KHTML, like Gecko) Version/5.1.9 Safari/534.59.10"
72.198.103.39 - - [20/Jun/2014:17:02:15 -0400] "GET /250/images/02b.jpg HTTP/1.1" 200 3466 "http://www.wiseguysokc.com/Frame-1-homenav.htm" "Mozilla/5.0 (Macintosh; Intel Mac OS X 10_6_8) AppleWebKit/534.59.10 (KHTML, like Gecko) Version/5.1.9 Safari/534.59.10"
144.76.85.195 - - [20/Jun/2014:17:13:05 -0400] "GET /images/Bang-A-Gong_-_Hear_You_Knockin.mp3 HTTP/1.1" 200 2227766 "-" "Mozilla/5.0 (compatible; 007ac9 Crawler; http://crawler.007ac9.net/)"
99.90.18.167 - - [20/Jun/2014:19:12:06 -0400] "GET /scripts/user.js HTTP/1.1" 200 23762 "http://www.wiseguysokc.com/" "Mozilla/5.0 (compatible; MSIE 10.0; Windows NT 6.1; WOW64; Trident/6.0)"
99.90.18.167 - - [20/Jun/2014:19:12:07 -0400] "GET /Frame-1-homepage1.html?refresh=1400863619270 HTTP/1.1" 200 19961 "http://www.wiseguysokc.com/" "Mozilla/5.0 (compatible; MSIE 10.0; Windows NT 6.1; WOW64; Trident/6.0)"
99.90.18.167 - - [20/Jun/2014:19:12:08 -0400] "GET /250/images/03a.jpg HTTP/1.1" 200 2976 "http://www.wiseguysokc.com/Frame-1-homenav.htm" "Mozilla/5.0 (compatible; MSIE 10.0; Windows NT 6.1; WOW64; Trident/6.0)"
99.90.18.167 - - [20/Jun/2014:19:12:08 -0400] "GET /250/images/01b.jpg HTTP/1.1" 200 2948 "http://www.wiseguysokc.com/Frame-1-homenav.htm" "Mozilla/5.0 (compatible; MSIE 10.0; Windows NT 6.1; WOW64; Trident/6.0)"
99.90.18.167 - - [20/Jun/2014:19:12:08 -0400] "GET /250/images/06b.jpg HTTP/1.1" 200 3011 "http://www.wiseguysokc.com/Frame-1-homenav.htm" "Mozilla/5.0 (compatible; MSIE 10.0; Windows NT 6.1; WOW64; Trident/6.0)"
99.90.18.167 - - [20/Jun/2014:19:12:08 -0400] "GET /250/images/08b.jpg HTTP/1.1" 200 3551 "http://www.wiseguysokc.com/Frame-1-homenav.htm" "Mozilla/5.0 (compatible; MSIE 10.0; Windows NT 6.1; WOW64; Trident/6.0)"
99.90.18.167 - - [20/Jun/2014:19:12:08 -0400] "GET /images/483_Promo_Pic_2_-_2014.jpg HTTP/1.1" 200 25391 "http://www.wiseguysokc.com/Frame-1-homepage1.html?refresh=1400863619270" "Mozilla/5.0 (compatible; MSIE 10.0; Windows NT 6.1; WOW64; Trident/6.0)"
99.90.18.167 - - [20/Jun/2014:19:12:09 -0400] "GET /images/240_Jeff_Shadow_copy.jpg HTTP/1.1" 200 7629 "http://www.wiseguysokc.com/Frame-1-homepage1.html?refresh=1400863619270" "Mozilla/5.0 (compatible; MSIE 10.0; Windows NT 6.1; WOW64; Trident/6.0)"
99.90.18.167 - - [20/Jun/2014:19:12:09 -0400] "GET /250/images/index02.jpg HTTP/1.1" 200 999 "http://www.wiseguysokc.com/Frame-1-homepage1.html?refresh=1400863619270" "Mozilla/5.0 (compatible; MSIE 10.0; Windows NT 6.1; WOW64; Trident/6.0)"
99.90.18.167 - - [20/Jun/2014:19:12:09 -0400] "GET /250/images/index03.jpg HTTP/1.1" 200 2815 "http://www.wiseguysokc.com/Frame-1-homepage1.html?refresh=1400863619270" "Mozilla/5.0 (compatible; MSIE 10.0; Windows NT 6.1; WOW64; Trident/6.0)"
99.90.18.167 - - [20/Jun/2014:19:12:09 -0400] "GET /250/images/index06.jpg HTTP/1.1" 200 2838 "http://www.wiseguysokc.com/Frame-1-homepage1.html?refresh=1400863619270" "Mozilla/5.0 (compatible; MSIE 10.0; Windows NT 6.1; WOW64; Trident/6.0)"
99.90.18.167 - - [20/Jun/2014:19:12:11 -0400] "GET /calendar.html HTTP/1.1" 200 1100 "http://www.wiseguysokc.com/Frame-1-homenav.htm" "Mozilla/5.0 (compatible; MSIE 10.0; Windows NT 6.1; WOW64; Trident/6.0)"
99.90.18.167 - - [20/Jun/2014:19:12:13 -0400] "GET /images/483_WG-Pub2013-17.jpg HTTP/1.1" 200 24476 "http://www.wiseguysokc.com/Frame-4-calendarpage4.html?refresh=1400863618949" "Mozilla/5.0 (compatible; MSIE 10.0; Windows NT 6.1; WOW64; Trident/6.0)"
68.97.202.160 - - [20/Jun/2014:20:56:46 -0400] "GET /calendar.html HTTP/1.1" 200 1100 "http://www.wiseguysokc.com/Frame-1-homenav.htm" "Mozilla/5.0 (iPhone; CPU iPhone OS 7_1_1 like Mac OS X) AppleWebKit/537.51.2 (KHTML, like Gecko) Version/7.0 Mobile/11D201 Safari/9537.53"
