166.147.120.44 - - [13/Aug/2013:07:27:28 -0400] "GET /mp3/web/TFTW_God_Is_Faithful.mp3 HTTP/1.1" 206 13900696 "-" "AppleCoreMedia/1.0.0.10B329 (iPhone; U; CPU OS 6_1_3 like Mac OS X; en_us)"
199.21.99.124 - - [13/Aug/2013:07:53:28 -0400] "GET /%E5%AD%B8 HTTP/1.1" 301 248 "-" "Mozilla/5.0 (compatible; YandexBot/3.0; +http://yandex.com/bots)"
199.21.99.124 - - [13/Aug/2013:07:53:30 -0400] "GET /%E6%80%8E%E6%A8%A3%E6%88%90%E7%82%BA%E4%B8%80%E5%80%8B%E5%9F%BA%E7%9D%A3%E5%BE%92 HTTP/1.1" 301 320 "-" "Mozilla/5.0 (compatible; YandexBot/3.0; +http://yandex.com/bots)"
199.21.99.124 - - [13/Aug/2013:07:53:32 -0400] "GET /%E8%88%8A%E7%B4%84%E6%AD%B7%E5%8F%B2 HTTP/1.1" 301 275 "-" "Mozilla/5.0 (compatible; YandexBot/3.0; +http://yandex.com/bots)"
199.21.99.124 - - [13/Aug/2013:07:53:35 -0400] "GET /%E8%AC%9B%E9%81%93%E7%9A%84%E5%A4%A7%E7%B6%B1 HTTP/1.1" 301 284 "-" "Mozilla/5.0 (compatible; YandexBot/3.0; +http://yandex.com/bots)"
199.21.99.124 - - [13/Aug/2013:07:53:37 -0400] "GET /zh/%E9%9B%BB%E5%8F%B0%E7%AF%80%E7%9B%AE HTTP/1.1" 404 17147 "-" "Mozilla/5.0 (compatible; YandexBot/3.0; +http://yandex.com/bots)"
199.21.99.124 - - [13/Aug/2013:07:53:41 -0400] "GET /zh/%E5%B0%8F%E5%86%8A%E5%AD%90 HTTP/1.1" 404 17180 "-" "Mozilla/5.0 (compatible; YandexBot/3.0; +http://yandex.com/bots)"
199.21.99.124 - - [13/Aug/2013:07:53:44 -0400] "GET /zh/%E5%AD%B8 HTTP/1.1" 404 17072 "-" "Mozilla/5.0 (compatible; YandexBot/3.0; +http://yandex.com/bots)"
173.135.153.227 - - [13/Aug/2013:07:58:30 -0400] "GET /pix/bg_headdb.jpg HTTP/1.1" 200 3209 "http://truthfortheworld.org/" "Mozilla/5.0 (Linux; U; Android 2.3.3; en-us; LS670 Build/GRI40) AppleWebKit/533.1 (KHTML, like Gecko) Version/4.0 Mobile Safari/533.1"
173.135.153.227 - - [13/Aug/2013:07:58:30 -0400] "GET /pix/bgtexture.jpg HTTP/1.1" 200 23844 "http://truthfortheworld.org/" "Mozilla/5.0 (Linux; U; Android 2.3.3; en-us; LS670 Build/GRI40) AppleWebKit/533.1 (KHTML, like Gecko) Version/4.0 Mobile Safari/533.1"
173.135.153.227 - - [13/Aug/2013:07:58:31 -0400] "GET /pix/id.png HTTP/1.1" 200 430 "http://truthfortheworld.org/" "Mozilla/5.0 (Linux; U; Android 2.3.3; en-us; LS670 Build/GRI40) AppleWebKit/533.1 (KHTML, like Gecko) Version/4.0 Mobile Safari/533.1"
173.135.153.227 - - [13/Aug/2013:07:58:32 -0400] "GET /pix/cn.png HTTP/1.1" 200 472 "http://truthfortheworld.org/" "Mozilla/5.0 (Linux; U; Android 2.3.3; en-us; LS670 Build/GRI40) AppleWebKit/533.1 (KHTML, like Gecko) Version/4.0 Mobile Safari/533.1"
173.135.153.227 - - [13/Aug/2013:07:58:32 -0400] "GET /pix/bg_headlb.jpg HTTP/1.1" 200 3277 "http://truthfortheworld.org/" "Mozilla/5.0 (Linux; U; Android 2.3.3; en-us; LS670 Build/GRI40) AppleWebKit/533.1 (KHTML, like Gecko) Version/4.0 Mobile Safari/533.1"
173.135.153.227 - - [13/Aug/2013:07:58:32 -0400] "GET /pix/floatbar_bg_title.png HTTP/1.1" 200 5217 "http://truthfortheworld.org/" "Mozilla/5.0 (Linux; U; Android 2.3.3; en-us; LS670 Build/GRI40) AppleWebKit/533.1 (KHTML, like Gecko) Version/4.0 Mobile Safari/533.1"
173.135.153.227 - - [13/Aug/2013:07:58:32 -0400] "GET /pix/nav_bg.jpg HTTP/1.1" 200 3618 "http://truthfortheworld.org/" "Mozilla/5.0 (Linux; U; Android 2.3.3; en-us; LS670 Build/GRI40) AppleWebKit/533.1 (KHTML, like Gecko) Version/4.0 Mobile Safari/533.1"
173.135.153.227 - - [13/Aug/2013:07:58:32 -0400] "GET /pix/news.png HTTP/1.1" 200 1921 "http://truthfortheworld.org/" "Mozilla/5.0 (Linux; U; Android 2.3.3; en-us; LS670 Build/GRI40) AppleWebKit/533.1 (KHTML, like Gecko) Version/4.0 Mobile Safari/533.1"
173.135.153.227 - - [13/Aug/2013:07:58:32 -0400] "GET /pix/divider.png HTTP/1.1" 200 993 "http://truthfortheworld.org/" "Mozilla/5.0 (Linux; U; Android 2.3.3; en-us; LS670 Build/GRI40) AppleWebKit/533.1 (KHTML, like Gecko) Version/4.0 Mobile Safari/533.1"
173.135.153.227 - - [13/Aug/2013:07:58:33 -0400] "GET /pix/on.jpg HTTP/1.1" 200 2489 "http://truthfortheworld.org/" "Mozilla/5.0 (Linux; U; Android 2.3.3; en-us; LS670 Build/GRI40) AppleWebKit/533.1 (KHTML, like Gecko) Version/4.0 Mobile Safari/533.1"
173.135.153.227 - - [13/Aug/2013:07:58:33 -0400] "GET /pix/earth.jpg HTTP/1.1" 200 13099 "http://truthfortheworld.org/" "Mozilla/5.0 (Linux; U; Android 2.3.3; en-us; LS670 Build/GRI40) AppleWebKit/533.1 (KHTML, like Gecko) Version/4.0 Mobile Safari/533.1"
173.135.153.227 - - [13/Aug/2013:07:58:35 -0400] "GET /pix/id_lg.png HTTP/1.1" 200 490 "http://truthfortheworld.org/" "Mozilla/5.0 (Linux; U; Android 2.3.3; en-us; LS670 Build/GRI40) AppleWebKit/533.1 (KHTML, like Gecko) Version/4.0 Mobile Safari/533.1"
220.181.89.184 - - [13/Aug/2013:08:01:04 -0400] "GET / HTTP/1.1" 200 8285 "-" "Sogou web spider/4.0(+http://www.sogou.com/docs/help/webmasters.htm#07)"
110.139.22.120 - - [13/Aug/2013:08:05:13 -0400] "GET /bagaimana-roh-kudus-tinggal-dalam-orang-kristen HTTP/1.1" 200 21433 "https://www.google.com/" "Mozilla/5.0 (Windows NT 6.1) AppleWebKit/537.36 (KHTML, like Gecko) Chrome/28.0.1500.72 Safari/537.36 OPR/15.0.1147.148"
141.0.11.96 - - [13/Aug/2013:08:05:17 -0400] "GET /css/footer.css HTTP/1.1" 200 3501 "http://id.truthfortheworld.org/bagaimanakah-kita-memasuki-gereja" "Opera/9.80 (Android; Opera Mini/6.1.25375/30.3643; U; en) Presto/2.8.119 Version/11.10"
141.0.11.96 - - [13/Aug/2013:08:05:17 -0400] "GET /pix/earth.jpg HTTP/1.1" 200 13099 "http://id.truthfortheworld.org/bagaimanakah-kita-memasuki-gereja" "Opera/9.80 (Android; Opera Mini/6.1.25375/30.3643; U; en) Presto/2.8.119 Version/11.10"
36.76.50.189 - - [13/Aug/2013:08:08:32 -0400] "GET /pix/favicon.ico HTTP/1.1" 304 - "-" "Mozilla/5.0 (Windows NT 5.1; rv:23.0) Gecko/20100101 Firefox/23.0"
36.76.50.189 - - [13/Aug/2013:08:08:33 -0400] "GET /js/jquery.smooth-scroll.min.js HTTP/1.1" 304 - "http://id.truthfortheworld.org/suami-dan-ayah" "Mozilla/5.0 (Windows NT 5.1; rv:23.0) Gecko/20100101 Firefox/23.0"
36.76.50.189 - - [13/Aug/2013:08:08:34 -0400] "GET /css/header.css HTTP/1.1" 304 - "http://truthfortheworld.org/css/main.css" "Mozilla/5.0 (Windows NT 5.1; rv:23.0) Gecko/20100101 Firefox/23.0"
36.76.50.189 - - [13/Aug/2013:08:08:35 -0400] "GET /pix/twitter.png HTTP/1.1" 200 1798 "http://id.truthfortheworld.org/suami-dan-ayah" "Mozilla/5.0 (Windows NT 5.1; rv:23.0) Gecko/20100101 Firefox/23.0"
36.76.50.189 - - [13/Aug/2013:08:08:38 -0400] "GET /pix/id.brightball.jpg HTTP/1.1" 200 7542 "http://truthfortheworld.org/css/header.css" "Mozilla/5.0 (Windows NT 5.1; rv:23.0) Gecko/20100101 Firefox/23.0"
36.76.50.189 - - [13/Aug/2013:08:08:39 -0400] "GET /pix/id.floatbar_bg_title.png HTTP/1.1" 200 5330 "http://truthfortheworld.org/css/header.css" "Mozilla/5.0 (Windows NT 5.1; rv:23.0) Gecko/20100101 Firefox/23.0"
184.170.116.212 - - [13/Aug/2013:08:10:30 -0400] "GET /favicon.ico HTTP/1.1" 404 17133 "http://nano.data.toolbar.yahoo.com/bh/slideout?.intl=us&.pc=&.rev=20130511113&.ver=YNanoChrome%201.0.0.230&modid=ytframe" "Mozilla/5.0 (Windows NT 5.1) AppleWebKit/537.36 (KHTML, like Gecko) Chrome/28.0.1500.95 Safari/537.36"
122.168.164.180 - - [13/Aug/2013:08:11:51 -0400] "GET /pix/donateButton.png HTTP/1.1" 304 - "http://truthfortheworld.org/" "Mozilla/5.0 (compatible; MSIE 10.0; Windows NT 6.1; Trident/6.0)"
144.76.71.164 - - [13/Aug/2013:08:35:15 -0400] "GET /blog/2013/03/19/blog/blog/2013/01/15/blog/2013/03/19/blog2013/blog2013/blog2012/blog/2012/09/21/blog/2013/03/19/blog/2013/01/15/blog/2012/11/07/blog2013/blog/2013/03/19/blog/blog2013/blog/blog2012/blog2012/blog2013/blog2012/11 HTTP/1.0" 200 11285 "-" "Mozilla/5.0 (compatible; MJ12bot/v1.4.3; http://www.majestic12.co.uk/bot.php?+)"
144.76.71.164 - - [13/Aug/2013:08:47:12 -0400] "GET /blog/2013/03/19/blog/blog/2013/01/15/blog/2013/03/19/blog2013/blog2013/blog2012/blog/2012/09/21/blog/2013/03/19/blog/2013/01/15/blog/2012/11/07/blog2013/blog/2013/03/19/blog2012/blog/2012/11/07/blog2012/blog/blog/blog2012/09 HTTP/1.0" 200 11285 "-" "Mozilla/5.0 (compatible; MJ12bot/v1.4.3; http://www.majestic12.co.uk/bot.php?+)"
117.103.174.122 - - [13/Aug/2013:08:51:42 -0400] "GET /css/main.css HTTP/1.1" 200 29868 "http://id.truthfortheworld.org/obat-obat-terlarang-dan-lkohol" "Mozilla/5.0 (Windows NT 5.1) AppleWebKit/534.24 (KHTML, like Gecko) Chrome/11.0.696.65 Safari/534.24"
117.103.174.122 - - [13/Aug/2013:08:51:43 -0400] "GET /css/reset.css HTTP/1.1" 200 1173 "http://id.truthfortheworld.org/obat-obat-terlarang-dan-lkohol" "Mozilla/5.0 (Windows NT 5.1) AppleWebKit/534.24 (KHTML, like Gecko) Chrome/11.0.696.65 Safari/534.24"
117.103.174.122 - - [13/Aug/2013:08:51:46 -0400] "GET /pix/bg_headdb.jpg HTTP/1.1" 200 3209 "http://id.truthfortheworld.org/obat-obat-terlarang-dan-lkohol" "Mozilla/5.0 (Windows NT 5.1) AppleWebKit/534.24 (KHTML, like Gecko) Chrome/11.0.696.65 Safari/534.24"
117.103.174.122 - - [13/Aug/2013:08:51:46 -0400] "GET /pix/id.brightball.jpg HTTP/1.1" 200 7542 "http://id.truthfortheworld.org/obat-obat-terlarang-dan-lkohol" "Mozilla/5.0 (Windows NT 5.1) AppleWebKit/534.24 (KHTML, like Gecko) Chrome/11.0.696.65 Safari/534.24"
117.103.174.122 - - [13/Aug/2013:08:51:47 -0400] "GET /pix/uk.png HTTP/1.1" 200 1276 "http://id.truthfortheworld.org/obat-obat-terlarang-dan-lkohol" "Mozilla/5.0 (Windows NT 5.1) AppleWebKit/534.24 (KHTML, like Gecko) Chrome/11.0.696.65 Safari/534.24"
117.103.174.122 - - [13/Aug/2013:08:51:47 -0400] "GET /pix/littleball.png HTTP/1.1" 200 1639 "http://id.truthfortheworld.org/obat-obat-terlarang-dan-lkohol" "Mozilla/5.0 (Windows NT 5.1) AppleWebKit/534.24 (KHTML, like Gecko) Chrome/11.0.696.65 Safari/534.24"
117.103.174.122 - - [13/Aug/2013:08:51:47 -0400] "GET /pix/twitter.png HTTP/1.1" 200 1798 "http://id.truthfortheworld.org/obat-obat-terlarang-dan-lkohol" "Mozilla/5.0 (Windows NT 5.1) AppleWebKit/534.24 (KHTML, like Gecko) Chrome/11.0.696.65 Safari/534.24"
117.103.174.122 - - [13/Aug/2013:08:51:48 -0400] "GET /pix/search.png HTTP/1.1" 200 1047 "http://id.truthfortheworld.org/obat-obat-terlarang-dan-lkohol" "Mozilla/5.0 (Windows NT 5.1) AppleWebKit/534.24 (KHTML, like Gecko) Chrome/11.0.696.65 Safari/534.24"
117.103.174.122 - - [13/Aug/2013:08:51:48 -0400] "GET /pix/swirl.png HTTP/1.1" 200 1619 "http://id.truthfortheworld.org/obat-obat-terlarang-dan-lkohol" "Mozilla/5.0 (Windows NT 5.1) AppleWebKit/534.24 (KHTML, like Gecko) Chrome/11.0.696.65 Safari/534.24"
144.76.71.164 - - [13/Aug/2013:08:57:40 -0400] "GET /blog/2013/03/19/blog/blog/2013/01/15/blog/2013/03/19/blog2013/blog2013/blog2012/blog/2012/09/21/blog/2013/03/19/blog/2013/01/15/blog/2012/11/07/blog2013/blog/2013/03/19/blog2012/blog/blog/blog/2012/09/21/blog2012/blog2012/11 HTTP/1.0" 200 11285 "-" "Mozilla/5.0 (compatible; MJ12bot/v1.4.3; http://www.majestic12.co.uk/bot.php?+)"
180.214.232.87 - - [13/Aug/2013:15:00:44 -0400] "GET /js/superfish.js HTTP/1.1" 200 6728 "http://id.truthfortheworld.org/karunia-karunia-roh-kudus" "Mozilla/5.0 (Windows NT 6.1) AppleWebKit/537.36 (KHTML, like Gecko) Chrome/28.0.1500.95 Safari/537.36"
180.214.232.87 - - [13/Aug/2013:15:00:45 -0400] "GET /pix/cn.png HTTP/1.1" 200 472 "http://id.truthfortheworld.org/karunia-karunia-roh-kudus" "Mozilla/5.0 (Windows NT 6.1) AppleWebKit/537.36 (KHTML, like Gecko) Chrome/28.0.1500.95 Safari/537.36"
180.214.232.87 - - [13/Aug/2013:15:00:45 -0400] "GET /pix/bg_headlb.jpg HTTP/1.1" 200 3277 "http://id.truthfortheworld.org/karunia-karunia-roh-kudus" "Mozilla/5.0 (Windows NT 6.1) AppleWebKit/537.36 (KHTML, like Gecko) Chrome/28.0.1500.95 Safari/537.36"
180.214.232.87 - - [13/Aug/2013:15:00:46 -0400] "GET /pix/earth.jpg HTTP/1.1" 200 13099 "http://id.truthfortheworld.org/karunia-karunia-roh-kudus" "Mozilla/5.0 (Windows NT 6.1) AppleWebKit/537.36 (KHTML, like Gecko) Chrome/28.0.1500.95 Safari/537.36"
157.55.33.182 - - [13/Aug/2013:15:00:53 -0400] "GET /sciptures/john52829.htm HTTP/1.1" 404 17133 "-" "Mozilla/5.0 (compatible; bingbot/2.0; +http://www.bing.com/bingbot.htm)"
157.56.92.160 - - [13/Aug/2013:15:18:07 -0400] "GET /Courses/text HTTP/1.0" 404 17190 "-" "Mozilla/5.0 (compatible; bingbot/2.0; +http://www.bing.com/bingbot.htm)"
157.56.92.160 - - [13/Aug/2013:15:18:13 -0400] "GET /QA/Q197.htm HTTP/1.1" 404 17218 "-" "Mozilla/5.0 (compatible; bingbot/2.0; +http://www.bing.com/bingbot.htm)"
8.37.225.217 - - [13/Aug/2013:15:19:13 -0400] "GET /pix/larrow.png HTTP/1.1" 200 1045 "http://truthfortheworld.org/women-in-the-church-tract" "Mozilla/5.0 (Windows; U; Windows NT 5.1; zh-CN; rv:1.9.0.5) Gecko/200900101 Firefox/3.0.5"
8.37.225.217 - - [13/Aug/2013:15:19:13 -0400] "GET /js/html5shiv.js HTTP/1.1" 200 2359 "http://truthfortheworld.org/women-in-the-church-tract" "Mozilla/5.0 (Windows; U; Windows NT 5.1; zh-CN; rv:1.9.0.5) Gecko/200900101 Firefox/3.0.5"
8.37.225.217 - - [13/Aug/2013:15:19:13 -0400] "GET /pix/bg_headdb.jpg HTTP/1.1" 200 3209 "http://truthfortheworld.org/women-in-the-church-tract" "Mozilla/5.0 (Windows; U; Windows NT 5.1; zh-CN; rv:1.9.0.5) Gecko/200900101 Firefox/3.0.5"
8.37.225.217 - - [13/Aug/2013:15:19:14 -0400] "GET /pix/nav_bg6.jpg HTTP/1.1" 200 3915 "http://truthfortheworld.org/women-in-the-church-tract" "Mozilla/5.0 (Windows; U; Windows NT 5.1; zh-CN; rv:1.9.0.5) Gecko/200900101 Firefox/3.0.5"
8.37.225.217 - - [13/Aug/2013:15:19:14 -0400] "GET /pix/twitter.png HTTP/1.1" 200 1798 "http://truthfortheworld.org/women-in-the-church-tract" "Mozilla/5.0 (Windows; U; Windows NT 5.1; zh-CN; rv:1.9.0.5) Gecko/200900101 Firefox/3.0.5"
8.37.225.217 - - [13/Aug/2013:15:19:14 -0400] "GET /pix/asc.png HTTP/1.1" 200 971 "http://truthfortheworld.org/women-in-the-church-tract" "Mozilla/5.0 (Windows; U; Windows NT 5.1; zh-CN; rv:1.9.0.5) Gecko/200900101 Firefox/3.0.5"
8.37.225.217 - - [13/Aug/2013:15:19:14 -0400] "GET /pix/earth.jpg HTTP/1.1" 200 13099 "http://truthfortheworld.org/women-in-the-church-tract" "Mozilla/5.0 (Windows; U; Windows NT 5.1; zh-CN; rv:1.9.0.5) Gecko/200900101 Firefox/3.0.5"
36.250.182.139 - - [13/Aug/2013:15:28:35 -0400] "GET /bcc/courses/bcc_cob_l9.html HTTP/1.1" 200 21850 "-" "Mozilla/4.0 (compatible; MSIE 6.0; Windows NT 5.1; SV1)"
75.24.185.31 - - [13/Aug/2013:15:42:21 -0400] "GET /pix/littleball.png HTTP/1.1" 200 1639 "http://truthfortheworld.org/" "Mozilla/5.0 (compatible; MSIE 10.0; Windows NT 6.2; ARM; Trident/6.0; Touch)"
75.24.185.31 - - [13/Aug/2013:15:42:21 -0400] "GET /pix/pan_ios.jpg HTTP/1.1" 200 27182 "http://truthfortheworld.org/" "Mozilla/5.0 (compatible; MSIE 10.0; Windows NT 6.2; ARM; Trident/6.0; Touch)"
75.24.185.31 - - [13/Aug/2013:15:42:22 -0400] "GET /css/reset.css HTTP/1.1" 200 1173 "http://truthfortheworld.org/" "Mozilla/5.0 (compatible; MSIE 10.0; Windows NT 6.2; ARM; Trident/6.0; Touch)"
75.24.185.31 - - [13/Aug/2013:15:42:22 -0400] "GET /css/footer.css HTTP/1.1" 200 3501 "http://truthfortheworld.org/" "Mozilla/5.0 (compatible; MSIE 10.0; Windows NT 6.2; ARM; Trident/6.0; Touch)"
75.24.185.31 - - [13/Aug/2013:15:42:22 -0400] "GET /css/sidebars.css HTTP/1.1" 200 8643 "http://truthfortheworld.org/" "Mozilla/5.0 (compatible; MSIE 10.0; Windows NT 6.2; ARM; Trident/6.0; Touch)"
75.24.185.31 - - [13/Aug/2013:15:42:23 -0400] "GET /pix/bg_headdb.jpg HTTP/1.1" 200 3209 "http://truthfortheworld.org/" "Mozilla/5.0 (compatible; MSIE 10.0; Windows NT 6.2; ARM; Trident/6.0; Touch)"
75.24.185.31 - - [13/Aug/2013:15:42:23 -0400] "GET /pix/earth.jpg HTTP/1.1" 200 13099 "http://truthfortheworld.org/" "Mozilla/5.0 (compatible; MSIE 10.0; Windows NT 6.2; ARM; Trident/6.0; Touch)"
75.24.185.31 - - [13/Aug/2013:15:42:23 -0400] "GET /pix/floatbar_bg.png HTTP/1.1" 200 4653 "http://truthfortheworld.org/" "Mozilla/5.0 (compatible; MSIE 10.0; Windows NT 6.2; ARM; Trident/6.0; Touch)"
75.24.185.31 - - [13/Aug/2013:15:42:24 -0400] "GET /pix/id.png HTTP/1.1" 200 430 "http://truthfortheworld.org/" "Mozilla/5.0 (compatible; MSIE 10.0; Windows NT 6.2; ARM; Trident/6.0; Touch)"
75.24.185.31 - - [13/Aug/2013:15:42:24 -0400] "GET /pix/about.png HTTP/1.1" 200 10920 "http://truthfortheworld.org/" "Mozilla/5.0 (compatible; MSIE 10.0; Windows NT 6.2; ARM; Trident/6.0; Touch)"
75.24.185.31 - - [13/Aug/2013:15:42:24 -0400] "GET /pix/buttonWay.png HTTP/1.1" 200 3504 "http://truthfortheworld.org/" "Mozilla/5.0 (compatible; MSIE 10.0; Windows NT 6.2; ARM; Trident/6.0; Touch)"
71.239.138.93 - - [13/Aug/2013:15:47:19 -0400] "GET /css/bcc.css HTTP/1.1" 200 3352 "http://truthfortheworld.org/bcc/" "Mozilla/5.0 (Linux; U; Android 4.1.2; en-us; SGH-T999 Build/JZO54K) AppleWebKit/534.30 (KHTML, like Gecko) Version/4.0 Mobile Safari/534.30"
71.239.138.93 - - [13/Aug/2013:15:47:19 -0400] "GET /css/reset.css HTTP/1.1" 200 1173 "http://truthfortheworld.org/bcc/" "Mozilla/5.0 (Linux; U; Android 4.1.2; en-us; SGH-T999 Build/JZO54K) AppleWebKit/534.30 (KHTML, like Gecko) Version/4.0 Mobile Safari/534.30"
71.239.138.93 - - [13/Aug/2013:15:47:20 -0400] "GET /bcc/images/logo.jpg HTTP/1.1" 200 10578 "http://truthfortheworld.org/bcc/" "Mozilla/5.0 (Linux; U; Android 4.1.2; en-us; SGH-T999 Build/JZO54K) AppleWebKit/534.30 (KHTML, like Gecko) Version/4.0 Mobile Safari/534.30"
71.239.138.93 - - [13/Aug/2013:15:47:20 -0400] "GET /favicon.ico HTTP/1.1" 404 17105 "http://truthfortheworld.org/bcc/" "Mozilla/5.0 (Linux; U; Android 4.1.2; en-us; SGH-T999 Build/JZO54K) AppleWebKit/534.30 (KHTML, like Gecko) Version/4.0 Mobile Safari/534.30"
197.111.223.244 - - [13/Aug/2013:15:48:07 -0400] "GET /favicon.ico HTTP/1.1" 404 17072 "http://truthfortheworld.org/bcc/" "Mozilla/5.0 (Linux; U; Android 2.2.2; en-za; Desire_A8181 Build/FRG83G) AppleWebKit/533.1 (KHTML, like Gecko) Version/4.0 Mobile Safari/533.1"
66.249.75.153 - - [13/Aug/2013:15:50:52 -0400] "GET /courses/bcc_bbs_l2.html HTTP/1.1" 404 17119 "-" "Mozilla/5.0 (compatible; Googlebot/2.1; +http://www.google.com/bot.html)"
90.209.249.223 - - [13/Aug/2013:15:57:40 -0400] "GET /pix/favicon.ico HTTP/1.1" 200 1150 "-" "Mozilla/5.0 (compatible; MSIE 10.0; Windows NT 6.1; Win64; x64; Trident/6.0; MATM)"
207.250.21.33 - - [13/Aug/2013:16:03:23 -0400] "GET /css/main.css HTTP/1.1" 200 29868 "http://truthfortheworld.org/" "Mozilla/5.0 (compatible; MSIE 9.0; Windows NT 6.1; Trident/5.0)"
207.250.21.33 - - [13/Aug/2013:16:03:23 -0400] "GET /pix/youtube.png HTTP/1.1" 200 2803 "http://truthfortheworld.org/" "Mozilla/5.0 (compatible; MSIE 9.0; Windows NT 6.1; Trident/5.0)"
207.250.21.33 - - [13/Aug/2013:16:03:23 -0400] "GET /css/reset.css HTTP/1.1" 200 1173 "http://truthfortheworld.org/" "Mozilla/5.0 (compatible; MSIE 9.0; Windows NT 6.1; Trident/5.0)"
207.250.21.33 - - [13/Aug/2013:16:03:26 -0400] "GET /pix/bg_headlb.jpg HTTP/1.1" 200 3277 "http://truthfortheworld.org/" "Mozilla/5.0 (compatible; MSIE 9.0; Windows NT 6.1; Trident/5.0)"
207.250.21.33 - - [13/Aug/2013:16:03:26 -0400] "GET /pix/buttonWay.png HTTP/1.1" 200 3504 "http://truthfortheworld.org/" "Mozilla/5.0 (compatible; MSIE 9.0; Windows NT 6.1; Trident/5.0)"
69.171.224.119 - - [13/Aug/2013:16:03:30 -0400] "GET / HTTP/1.1" 301 236 "-" "facebookexternalhit/1.1 (+http://www.facebook.com/externalhit_uatext.php)"
69.171.224.119 - - [13/Aug/2013:16:03:30 -0400] "GET / HTTP/1.1" 200 17147 "-" "facebookexternalhit/1.1 (+http://www.facebook.com/externalhit_uatext.php)"
207.250.21.33 - - [13/Aug/2013:16:04:14 -0400] "GET /pix/cn_lg.png HTTP/1.1" 200 793 "http://truthfortheworld.org/radio-programs" "Mozilla/5.0 (compatible; MSIE 9.0; Windows NT 6.1; Trident/5.0)"
99.28.186.210 - - [13/Aug/2013:16:12:49 -0400] "GET /pix/pan_ios.jpg HTTP/1.1" 200 27182 "http://truthfortheworld.org/" "Mozilla/5.0 (iPad; CPU OS 6_1_3 like Mac OS X) AppleWebKit/536.26 (KHTML, like Gecko) Version/6.0 Mobile/10B329 Safari/8536.25"
24.159.164.34 - - [13/Aug/2013:16:21:37 -0400] "POST /connectors/resource/index.php?action=getNodes&id=zh-si_0&type=modContext HTTP/1.1" 200 3959 "http://truthfortheworld.org/manager/?a=30&id=1565" "Mozilla/5.0 (Windows NT 6.2; WOW64) AppleWebKit/537.36 (KHTML, like Gecko) Chrome/28.0.1500.95 Safari/537.36"
24.159.164.34 - - [13/Aug/2013:16:21:41 -0400] "POST /connectors/system/registry/register.php HTTP/1.1" 200 61 "http://truthfortheworld.org/manager/?a=30&id=1565" "Mozilla/5.0 (Windows NT 6.2; WOW64) AppleWebKit/537.36 (KHTML, like Gecko) Chrome/28.0.1500.95 Safari/537.36"
180.214.233.34 - - [13/Aug/2013:16:28:17 -0400] "GET /pix/facebook.png HTTP/1.1" 200 2478 "http://id.truthfortheworld.org/atheisme-lawan-kekristenan" "Mozilla/5.0 (Windows NT 6.1; rv:22.0) Gecko/20100101 Firefox/22.0"
180.214.233.34 - - [13/Aug/2013:16:28:17 -0400] "GET /css/sidebars.css HTTP/1.1" 200 8643 "http://truthfortheworld.org/css/main.css" "Mozilla/5.0 (Windows NT 6.1; rv:22.0) Gecko/20100101 Firefox/22.0"
180.214.233.34 - - [13/Aug/2013:16:28:18 -0400] "GET /pix/bgtexture.jpg HTTP/1.1" 200 23844 "http://truthfortheworld.org/css/main.css" "Mozilla/5.0 (Windows NT 6.1; rv:22.0) Gecko/20100101 Firefox/22.0"
180.214.233.34 - - [13/Aug/2013:16:28:19 -0400] "GET /pix/cn.png HTTP/1.1" 200 472 "http://truthfortheworld.org/css/header.css" "Mozilla/5.0 (Windows NT 6.1; rv:22.0) Gecko/20100101 Firefox/22.0"
180.214.233.34 - - [13/Aug/2013:16:28:20 -0400] "GET /pix/floatbar_bg.png HTTP/1.1" 200 4653 "http://truthfortheworld.org/css/header.css" "Mozilla/5.0 (Windows NT 6.1; rv:22.0) Gecko/20100101 Firefox/22.0"
24.159.164.34 - - [13/Aug/2013:16:31:15 -0400] "POST /connectors/system/registry/register.php HTTP/1.1" 200 61 "http://truthfortheworld.org/manager/?a=30&id=1565" "Mozilla/5.0 (Windows NT 6.2; WOW64) AppleWebKit/537.36 (KHTML, like Gecko) Chrome/28.0.1500.95 Safari/537.36"
107.23.86.44 - - [13/Aug/2013:16:35:16 -0400] "GET /tftwpodcast.rss HTTP/1.1" 200 73579 "-" "StitcherBot (MP3 Search Bot for Stitcher Personalized Radio Service)"
80.57.78.214 - - [13/Aug/2013:16:35:45 -0400] "GET /blog/2013/03/19/blog/blog/2013/01/15/blog/2013/03/19/blog2013/blog2013/blog2012/blog/2012/09/21/blog/2013/03/19/blog/2013/01/15/blog/2012/11/07/blog2013/blog/2013/03/19/blog2012/blog2012/blog/blog2013/blog/blog/feed.rss HTTP/1.0" 200 11285 "-" "Mozilla/5.0 (compatible; MJ12bot/v1.4.3; http://www.majestic12.co.uk/bot.php?+)"
80.57.78.214 - - [13/Aug/2013:16:35:51 -0400] "GET /blog/2013/03/19/blog/blog/2013/01/15/blog/2013/03/19/blog2013/blog2013/blog2012/blog/2012/09/21/blog/2013/03/19/blog/2013/01/15/blog/2012/11/07/blog2013/blog/2013/03/19/blog2012/blog2012/blog/blog2013/blog/blog2012/09 HTTP/1.0" 200 11285 "-" "Mozilla/5.0 (compatible; MJ12bot/v1.4.3; http://www.majestic12.co.uk/bot.php?+)"
24.159.164.34 - - [13/Aug/2013:16:44:18 -0400] "POST /connectors/system/registry/register.php HTTP/1.1" 200 61 "http://truthfortheworld.org/manager/?a=30&id=1565" "Mozilla/5.0 (Windows NT 6.2; WOW64) AppleWebKit/537.36 (KHTML, like Gecko) Chrome/28.0.1500.95 Safari/537.36"
24.159.164.34 - - [13/Aug/2013:16:44:34 -0400] "POST /connectors/resource/index.php HTTP/1.1" 200 929 "http://truthfortheworld.org/manager/?a=30&id=1565" "Mozilla/5.0 (Windows NT 6.2; WOW64) AppleWebKit/537.36 (KHTML, like Gecko) Chrome/28.0.1500.95 Safari/537.36"
24.159.164.34 - - [13/Aug/2013:16:44:37 -0400] "POST /connectors/resource/index.php?action=getNodes&id=zh-si_586&type=modResource HTTP/1.1" 200 21462 "http://truthfortheworld.org/manager/?a=30&id=1565" "Mozilla/5.0 (Windows NT 6.2; WOW64) AppleWebKit/537.36 (KHTML, like Gecko) Chrome/28.0.1500.95 Safari/537.36"
24.159.164.34 - - [13/Aug/2013:16:47:55 -0400] "POST /connectors/system/registry/register.php HTTP/1.1" 200 61 "http://truthfortheworld.org/manager/?a=30&id=1565" "Mozilla/5.0 (Windows NT 6.2; WOW64) AppleWebKit/537.36 (KHTML, like Gecko) Chrome/28.0.1500.95 Safari/537.36"
24.159.164.34 - - [13/Aug/2013:16:47:56 -0400] "POST /connectors/system/contenttype.php HTTP/1.1" 200 1099 "http://truthfortheworld.org/manager/?a=30&id=1565" "Mozilla/5.0 (Windows NT 6.2; WOW64) AppleWebKit/537.36 (KHTML, like Gecko) Chrome/28.0.1500.95 Safari/537.36"
80.57.78.214 - - [13/Aug/2013:16:50:08 -0400] "GET /blog/2013/03/19/blog/blog/2013/01/15/blog/2013/03/19/blog2013/blog2013/blog2012/blog/2012/09/21/blog/2013/03/19/blog/2013/01/15/blog/2012/11/07/blog2013/blog/2013/03/19/blog2013/blog2013/blog/blog2012/blog2012/blog/feed.rss HTTP/1.0" 200 11285 "-" "Mozilla/5.0 (compatible; MJ12bot/v1.4.3; http://www.majestic12.co.uk/bot.php?+)"
80.57.78.214 - - [13/Aug/2013:16:50:26 -0400] "GET /blog/2013/03/19/blog/blog/2013/01/15/blog/2013/03/19/blog2013/blog2013/blog2012/blog/2012/09/21/blog/2013/03/19/blog/2013/01/15/blog/2012/11/07/blog2013/blog/2013/03/19/blog2013/blog2013/blog/blog2012/blog2012/blog2013/03 HTTP/1.0" 200 11285 "-" "Mozilla/5.0 (compatible; MJ12bot/v1.4.3; http://www.majestic12.co.uk/bot.php?+)"
80.57.78.214 - - [13/Aug/2013:16:59:16 -0400] "GET /blog/2013/03/19/blog/blog/2013/01/15/blog/2013/03/19/blog2013/blog2013/blog2012/blog/2012/09/21/blog/2013/03/19/blog/2013/01/15/blog/2012/11/07/blog2013/blog/2013/03/19/blog2013/blog2013/blog2012/blog/blog2012/blog2012/11 HTTP/1.0" 200 11285 "-" "Mozilla/5.0 (compatible; MJ12bot/v1.4.3; http://www.majestic12.co.uk/bot.php?+)"
80.57.78.214 - - [13/Aug/2013:17:03:21 -0400] "GET /blog/2013/03/19/blog/blog/2013/01/15/blog/2013/03/19/blog2013/blog2013/blog2012/blog/2012/09/21/blog/2013/03/19/blog/2013/01/15/blog/2012/11/07/blog2013/blog/2013/03/19/blog2013/blog2013/blog2012/blog2012/blog2013/blog2012/09 HTTP/1.0" 200 11285 "-" "Mozilla/5.0 (compatible; MJ12bot/v1.4.3; http://www.majestic12.co.uk/bot.php?+)"
173.242.125.191 - - [13/Aug/2013:17:05:13 -0400] "GET / HTTP/1.0" 301 236 "-" "Mozilla/5.0 (compatible; MJ12bot/v1.4.3; http://www.majestic12.co.uk/bot.php?+)"
75.252.196.198 - - [13/Aug/2013:17:05:53 -0400] "GET /study HTTP/1.1" 200 9813 "http://truthfortheworld.org/church-of-christ" "Mozilla/4.0 (compatible; MSIE 8.0; Windows NT 5.1; Trident/4.0; GTB7.5; .NET CLR 1.1.4322; .NET CLR 2.0.50727; .NET CLR 3.0.4506.2152; .NET CLR 3.5.30729)"
80.57.78.214 - - [13/Aug/2013:17:06:35 -0400] "GET /blog/2013/03/19/blog/blog/2013/01/15/blog/2013/03/19/blog2013/blog2013/blog2012/blog/2012/09/21/blog/2013/03/19/blog/2013/01/15/blog/2012/11/07/blog2013/blog/blog/2012/09/21/blog/2012/09/21/blog/2013/03/19/blog/blog2013/03 HTTP/1.0" 200 11285 "-" "Mozilla/5.0 (compatible; MJ12bot/v1.4.3; http://www.majestic12.co.uk/bot.php?+)"
75.252.196.198 - - [13/Aug/2013:17:10:39 -0400] "GET /ask HTTP/1.1" 200 9796 "http://truthfortheworld.org/" "Mozilla/4.0 (compatible; MSIE 8.0; Windows NT 5.1; Trident/4.0; GTB7.5; .NET CLR 1.1.4322; .NET CLR 2.0.50727; .NET CLR 3.0.4506.2152; .NET CLR 3.5.30729)"
46.161.41.39 - - [13/Aug/2013:17:14:27 -0400] "GET /HTML/BCC/courses/bcc_bbs_l1.html HTTP/1.0" 404 17157 "http://truthfortheworld.org/HTML/BCC/courses/bcc_bbs_l1.html" "Mozilla/4.0 (compatible; MSIE 8.0; Windows NT 5.2; Trident/4.0; .NET CLR 1.1.4322)"
220.181.51.156 - - [13/Aug/2013:17:14:56 -0400] "HEAD /mp3/zh/1john01.mp3 HTTP/1.0" 200 - "-" "NSPlayer/10.0.0.4072 WMFSDK/10.0"
151.46.34.58 - - [13/Aug/2013:17:18:24 -0400] "GET /topics HTTP/1.1" 200 15516 "http://truthfortheworld.org/" "Mozilla/5.0 (Windows NT 6.1; WOW64) AppleWebKit/537.36 (KHTML, like Gecko) Chrome/28.0.1500.95 Safari/537.36"
74.4.99.92 - - [13/Aug/2013:17:22:52 -0400] "GET / HTTP/1.1" 200 17119 "-" "Mozilla/5.0 (Windows NT 6.1; rv:22.0) Gecko/20100101 Firefox/22.0"
66.249.75.153 - - [13/Aug/2013:17:23:37 -0400] "GET /bcc/courses/bcc_ibs_l1.html HTTP/1.1" 304 - "-" "Mozilla/5.0 (iPhone; U; CPU iPhone OS 4_1 like Mac OS X; en-us) AppleWebKit/532.9 (KHTML, like Gecko) Version/4.0.5 Mobile/8B117 Safari/6531.22.7 (compatible; Googlebot-Mobile/2.1; +http://www.google.com/bot.html)"
220.181.51.157 - - [13/Aug/2013:17:25:59 -0400] "HEAD /mp3/zh/1john11.mp3 HTTP/1.0" 200 - "-" "NSPlayer/10.0.0.4072 WMFSDK/10.0"
66.249.75.179 - - [13/Aug/2013:17:27:33 -0400] "GET /potret-orang-tua-yang-telah-direncanakan-oleh-allah HTTP/1.1" 200 21829 "-" "Mozilla/5.0 (compatible; Googlebot/2.1; +http://www.google.com/bot.html)"
220.181.51.158 - - [13/Aug/2013:17:31:08 -0400] "HEAD /mp3/zh/1john16.mp3 HTTP/1.0" 200 - "-" "NSPlayer/10.0.0.4072 WMFSDK/10.0"
157.56.92.160 - - [13/Aug/2013:17:36:56 -0400] "GET /QA/Q544.htm HTTP/1.1" 301 247 "-" "Mozilla/5.0 (compatible; bingbot/2.0; +http://www.bing.com/bingbot.htm)"
220.181.51.158 - - [13/Aug/2013:17:53:22 -0400] "HEAD /mp3/zh/mbfof35.mp3 HTTP/1.0" 200 - "-" "NSPlayer/10.0.0.4072 WMFSDK/10.0"
141.0.9.229 - - [13/Aug/2013:12:03:17 -0400] "GET /pix/twitter.png HTTP/1.1" 200 1798 "http://id.truthfortheworld.org/apakah-orang-kristen-harus" "Opera/9.80 (J2ME/MIDP; Opera Mini/4.2.15091/30.3643; U; en) Presto/2.8.119 Version/11.10"
141.0.9.229 - - [13/Aug/2013:12:03:17 -0400] "GET /js/superfish.js HTTP/1.1" 200 6728 "http://id.truthfortheworld.org/apakah-orang-kristen-harus" "Opera/9.80 (J2ME/MIDP; Opera Mini/4.2.15091/30.3643; U; en) Presto/2.8.119 Version/11.10"
141.0.9.229 - - [13/Aug/2013:12:03:18 -0400] "GET /css/footer.css HTTP/1.1" 200 3501 "http://id.truthfortheworld.org/apakah-orang-kristen-harus" "Opera/9.80 (J2ME/MIDP; Opera Mini/4.2.15091/30.3643; U; en) Presto/2.8.119 Version/11.10"
141.0.9.229 - - [13/Aug/2013:12:03:19 -0400] "GET /pix/earth.jpg HTTP/1.1" 200 13099 "http://id.truthfortheworld.org/apakah-orang-kristen-harus" "Opera/9.80 (J2ME/MIDP; Opera Mini/4.2.15091/30.3643; U; en) Presto/2.8.119 Version/11.10"
141.0.8.199 - - [13/Aug/2013:12:08:31 -0400] "GET /css/header.css HTTP/1.1" 200 20687 "http://id.truthfortheworld.org/obat-obat-terlarang-dan-lkohol" "Opera/9.80 (Series 60; Opera Mini/7.1.32444/30.3643; U; id) Presto/2.8.119 Version/11.10"
141.0.8.199 - - [13/Aug/2013:12:08:32 -0400] "GET /pix/bg_headdb.jpg HTTP/1.1" 200 3209 "http://id.truthfortheworld.org/obat-obat-terlarang-dan-lkohol" "Opera/9.80 (Series 60; Opera Mini/7.1.32444/30.3643; U; id) Presto/2.8.119 Version/11.10"
199.21.99.124 - - [13/Aug/2013:12:09:36 -0400] "GET / HTTP/1.1" 301 239 "-" "Mozilla/5.0 (compatible; YandexBot/3.0; +http://yandex.com/bots)"
146.52.224.48 - - [13/Aug/2013:12:14:00 -0400] "GET /blog/2013/03/19/blog/blog/2013/01/15/blog/2013/03/19/blog2013/blog2013/blog2012/blog/2012/09/21/blog/2013/03/19/blog/2013/01/15/blog/2012/11/07/blog2013/blog/2013/03/19/blog/blog2013/blog/blog2012/blog2013/blog2012/blog2013/03 HTTP/1.0" 200 11285 "-" "Mozilla/5.0 (compatible; MJ12bot/v1.4.3; http://www.majestic12.co.uk/bot.php?+)"
69.171.234.115 - - [13/Aug/2013:12:15:40 -0400] "GET /HTML/Archives/TFTW_Archives_Print/Basic_Facts_of_the_Faith/../../../../Images/Mastheads/Archives_Masthead.png HTTP/1.1" 301 274 "-" "facebookexternalhit/1.1 (+http://www.facebook.com/externalhit_uatext.php)"
69.171.234.115 - - [13/Aug/2013:12:15:41 -0400] "GET /Images/Mastheads/Archives_Masthead.png HTTP/1.1" 404 17105 "-" "facebookexternalhit/1.1 (+http://www.facebook.com/externalhit_uatext.php)"
69.171.234.115 - - [13/Aug/2013:12:15:45 -0400] "GET /HTML/BCC/courses/../../../Images/BCC_Images/medTFTWLogo.jpg HTTP/1.1" 301 269 "-" "facebookexternalhit/1.0 (+http://www.facebook.com/externalhit_uatext.php)"
69.171.234.115 - - [13/Aug/2013:12:15:45 -0400] "GET /Images/BCC_Images/medTFTWLogo.jpg HTTP/1.1" 404 17190 "-" "facebookexternalhit/1.0 (+http://www.facebook.com/externalhit_uatext.php)"
146.52.224.48 - - [13/Aug/2013:12:16:21 -0400] "GET /blog/2013/03/19/blog/blog/2013/01/15/blog/2013/03/19/blog2013/blog2013/blog2012/blog/2012/09/21/blog/2013/03/19/blog/2013/01/15/blog/2012/11/07/blog2013/blog/2013/03/19/blog2012/blog/2013/03/19/blog/blog/blog/blog2012/09 HTTP/1.0" 200 11285 "-" "Mozilla/5.0 (compatible; MJ12bot/v1.4.3; http://www.majestic12.co.uk/bot.php?+)"
198.96.223.190 - - [13/Aug/2013:12:16:32 -0400] "GET /css/bcc.css HTTP/1.0" 200 3352 "http://truthfortheworld.org/bcc/courses/BCC6-L6.html" "Mozilla/4.0 (compatible; MSIE 8.0; Windows NT 5.1; Trident/4.0; GTB7.5; (R1 1.5); (R1 1.1); .NET CLR 1.1.4322; .NET CLR 2.0.50727; .NET4.0C)"
66.249.75.110 - - [13/Aug/2013:12:16:55 -0400] "GET /%E4%BF%A1%E5%BF%83-si HTTP/1.1" 200 10474 "-" "Mozilla/5.0 (compatible; Googlebot/2.1; +http://www.google.com/bot.html)"
89.123.49.32 - - [13/Aug/2013:12:17:28 -0400] "GET / HTTP/1.1" 200 17218 "-" "Java/1.6.0_04"
89.123.49.32 - - [13/Aug/2013:12:17:44 -0400] "GET /& HTTP/1.1" 301 241 "-" "Java/1.6.0_04"
89.123.49.32 - - [13/Aug/2013:12:17:52 -0400] "GET /discs HTTP/1.1" 301 241 "-" "Java/1.6.0_04"
89.123.49.32 - - [13/Aug/2013:12:18:34 -0400] "GET /roku-channel HTTP/1.1" 301 248 "-" "Java/1.6.0_04"
24.159.164.34 - - [13/Aug/2013:12:30:01 -0400] "GET /favicon.ico HTTP/1.1" 404 17133 "-" "Mozilla/5.0 (Windows NT 6.2; WOW64) AppleWebKit/537.36 (KHTML, like Gecko) Chrome/28.0.1500.95 Safari/537.36"
146.52.224.48 - - [13/Aug/2013:12:45:41 -0400] "GET /blog/2013/03/19/blog/blog/2013/01/15/blog/2013/03/19/blog2013/blog2013/blog2012/blog/2012/09/21/blog/2013/03/19/blog/2013/01/15/blog/2012/11/07/blog2013/blog/blog/2012/09/21/blog/2012/11/07/blog2013/blog2012/blog2013/03 HTTP/1.0" 200 11285 "-" "Mozilla/5.0 (compatible; MJ12bot/v1.4.3; http://www.majestic12.co.uk/bot.php?+)"
206.53.144.160 - - [13/Aug/2013:12:50:24 -0400] "GET /css/main.css HTTP/1.1" 200 29868 "http://truthfortheworld.org/science-proves-the-bible" "BlackBerry9100/5.0.0.748 Profile/MIDP-2.1 Configuration/CLDC-1.1 VendorID/370"
206.53.144.160 - - [13/Aug/2013:12:50:24 -0400] "GET /css/footer.css HTTP/1.1" 200 3501 "http://truthfortheworld.org/science-proves-the-bible" "BlackBerry9100/5.0.0.748 Profile/MIDP-2.1 Configuration/CLDC-1.1 VendorID/370"
114.79.54.153 - - [13/Aug/2013:12:53:45 -0400] "GET /css/main.css HTTP/1.1" 200 29868 "http://id.truthfortheworld.org/atheisme-lawan-kekristenan" "Mozilla/5.0 (Linux; U; Android 4.0.4; en-gb; GT-P7500 Build/IMM76D) AppleWebKit/534.30 (KHTML, like Gecko) Version/4.0 Safari/534.30"
206.53.144.160 - - [13/Aug/2013:12:54:01 -0400] "GET /science-proves-the-bible HTTP/1.1" 200 19148 "-" "BlackBerry9100/5.0.0.748 Profile/MIDP-2.1 Configuration/CLDC-1.1 VendorID/370"
206.53.144.160 - - [13/Aug/2013:12:54:03 -0400] "GET /favicon.ico HTTP/1.1" 404 17072 "http://truthfortheworld.org/science-proves-the-bible" "BlackBerry9100/5.0.0.748 Profile/MIDP-2.1 Configuration/CLDC-1.1 VendorID/370"
24.159.164.34 - - [13/Aug/2013:13:21:02 -0400] "GET /manager/min/index.php?f=/manager/templates/default/css/xtheme-modx.css,/manager/templates/default/css/index.css HTTP/1.1" 304 - "http://truthfortheworld.org/manager/" "Mozilla/5.0 (Windows NT 6.2; WOW64) AppleWebKit/537.36 (KHTML, like Gecko) Chrome/28.0.1500.95 Safari/537.36"
114.33.25.29 - - [13/Aug/2013:13:25:32 -0400] "GET /css/print.css HTTP/1.1" 200 437 "http://zh-tr.truthfortheworld.org/%E7%AC%AC%E4%B8%89%E7%AB%A0-%E5%AE%87%E5%AE%99%E7%9A%84%E8%B5%B7%E6%BA%90" "Mozilla/5.0 (compatible; MSIE 10.0; Windows NT 6.2; WOW64; Trident/6.0; Touch; MAARJS)"
114.33.25.29 - - [13/Aug/2013:13:25:33 -0400] "GET /pix/facebook.png HTTP/1.1" 200 2478 "http://zh-tr.truthfortheworld.org/%E7%AC%AC%E4%B8%89%E7%AB%A0-%E5%AE%87%E5%AE%99%E7%9A%84%E8%B5%B7%E6%BA%90" "Mozilla/5.0 (compatible; MSIE 10.0; Windows NT 6.2; WOW64; Trident/6.0; Touch; MAARJS)"
114.33.25.29 - - [13/Aug/2013:13:25:33 -0400] "GET /pix/google-plus.png HTTP/1.1" 200 2371 "http://zh-tr.truthfortheworld.org/%E7%AC%AC%E4%B8%89%E7%AB%A0-%E5%AE%87%E5%AE%99%E7%9A%84%E8%B5%B7%E6%BA%90" "Mozilla/5.0 (compatible; MSIE 10.0; Windows NT 6.2; WOW64; Trident/6.0; Touch; MAARJS)"
24.159.164.34 - - [13/Aug/2013:13:41:28 -0400] "GET /webinar.html HTTP/1.1" 200 728 "-" "Mozilla/5.0 (Windows NT 6.2; WOW64) AppleWebKit/537.36 (KHTML, like Gecko) Chrome/28.0.1500.95 Safari/537.36"
24.159.164.34 - - [13/Aug/2013:13:41:28 -0400] "GET /css/bcc.css HTTP/1.1" 304 - "http://truthfortheworld.org/webinar.html" "Mozilla/5.0 (Windows NT 6.2; WOW64) AppleWebKit/537.36 (KHTML, like Gecko) Chrome/28.0.1500.95 Safari/537.36"
24.159.164.34 - - [13/Aug/2013:13:41:28 -0400] "GET /css/reset.css HTTP/1.1" 304 - "http://truthfortheworld.org/webinar.html" "Mozilla/5.0 (Windows NT 6.2; WOW64) AppleWebKit/537.36 (KHTML, like Gecko) Chrome/28.0.1500.95 Safari/537.36"
24.159.164.34 - - [13/Aug/2013:13:41:30 -0400] "GET /pix/bgtexture.jpg HTTP/1.1" 304 - "http://truthfortheworld.org/webinar.html" "Mozilla/5.0 (Windows NT 6.2; WOW64) AppleWebKit/537.36 (KHTML, like Gecko) Chrome/28.0.1500.95 Safari/537.36"
24.159.164.34 - - [13/Aug/2013:13:41:30 -0400] "GET /favicon.ico HTTP/1.1" 404 17147 "-" "Mozilla/5.0 (Windows NT 6.2; WOW64) AppleWebKit/537.36 (KHTML, like Gecko) Chrome/28.0.1500.95 Safari/537.36"
24.159.164.34 - - [13/Aug/2013:13:41:34 -0400] "GET /webinar HTTP/1.1" 301 - "http://truthfortheworld.org/webinar.html" "Mozilla/5.0 (Windows NT 6.2; WOW64) AppleWebKit/537.36 (KHTML, like Gecko) Chrome/28.0.1500.95 Safari/537.36"
24.159.164.34 - - [13/Aug/2013:13:41:34 -0400] "GET /webinar.html HTTP/1.1" 304 - "http://truthfortheworld.org/webinar.html" "Mozilla/5.0 (Windows NT 6.2; WOW64) AppleWebKit/537.36 (KHTML, like Gecko) Chrome/28.0.1500.95 Safari/537.36"
24.159.164.34 - - [13/Aug/2013:13:41:34 -0400] "GET /favicon.ico HTTP/1.1" 404 17157 "-" "Mozilla/5.0 (Windows NT 6.2; WOW64) AppleWebKit/537.36 (KHTML, like Gecko) Chrome/28.0.1500.95 Safari/537.36"
69.197.222.12 - - [13/Aug/2013:13:43:08 -0400] "GET /js/html5shiv.js HTTP/1.1" 200 2359 "http://truthfortheworld.org/science-proves-the-bible" "Mozilla/5.0 (iPhone; CPU iPhone OS 6_1 like Mac OS X) AppleWebKit/536.26 (KHTML, like Gecko) Version/6.0 Mobile/10B142 Safari/8536.25"
69.19.14.15 - - [13/Aug/2013:13:50:14 -0400] "GET /bible_courses.html HTTP/1.1" 200 288 "http://search.myway.com/search/GGmain.jhtml?searchfor=how+to+do+a+bible+coures&trs=hps&p2=%5E0B%5Ehps100%5ES05502%5Eus&n=77FD2EDF&ss=sub&st=tab&ptb=140D4637-DDF9-410C-AC75-3CCD7FB6ED4E&tpr=sbb&ts=1376415788134" "Mozilla/5.0 (Windows NT 6.2; WOW64) AppleWebKit/537.36 (KHTML, like Gecko) Chrome/28.0.1500.95 Safari/537.36"
69.19.14.15 - - [13/Aug/2013:13:50:17 -0400] "GET /pix/bgtexture.jpg HTTP/1.1" 200 23844 "http://truthfortheworld.org/bcc/" "Mozilla/5.0 (Windows NT 6.2; WOW64) AppleWebKit/537.36 (KHTML, like Gecko) Chrome/28.0.1500.95 Safari/537.36"
206.212.164.12 - - [13/Aug/2013:14:00:22 -0400] "GET /bcc/ HTTP/1.1" 200 25243 "http://truthfortheworld.org/online-bcc" "Mozilla/5.0 (Windows NT 5.1) AppleWebKit/537.36 (KHTML, like Gecko) Chrome/28.0.1500.95 Safari/537.36"
69.19.14.15 - - [13/Aug/2013:14:18:56 -0400] "GET /pix/watchPickSprite.jpg HTTP/1.1" 200 52385 "http://truthfortheworld.org/" "Mozilla/5.0 (Windows NT 6.2; WOW64) AppleWebKit/537.36 (KHTML, like Gecko) Chrome/28.0.1500.95 Safari/537.36"
69.19.14.15 - - [13/Aug/2013:14:18:57 -0400] "GET /pix/bg_headlb.jpg HTTP/1.1" 200 3277 "http://truthfortheworld.org/" "Mozilla/5.0 (Windows NT 6.2; WOW64) AppleWebKit/537.36 (KHTML, like Gecko) Chrome/28.0.1500.95 Safari/537.36"
69.19.14.15 - - [13/Aug/2013:14:18:57 -0400] "GET /pix/id.header.jpg HTTP/1.1" 200 25535 "http://truthfortheworld.org/" "Mozilla/5.0 (Windows NT 6.2; WOW64) AppleWebKit/537.36 (KHTML, like Gecko) Chrome/28.0.1500.95 Safari/537.36"
105.226.85.176 - - [13/Aug/2013:14:19:36 -0400] "GET /css/reset.css HTTP/1.1" 200 1173 "http://truthfortheworld.org/only-one-is-the-true-church-of-christ" "Mozilla/5.0 (Windows NT 6.2; WOW64) AppleWebKit/537.36 (KHTML, like Gecko) Chrome/28.0.1500.95 Safari/537.36"
173.225.243.244 - - [13/Aug/2013:14:38:34 -0400] "GET /js/easySlider1.7.js HTTP/1.1" 200 6198 "http://truthfortheworld.org/works-of-the-flesh" "Mozilla/5.0 (Windows NT 5.1; rv:22.0) Gecko/20100101 Firefox/22.0"
186.44.180.145 - - [13/Aug/2013:14:38:39 -0400] "GET /css/main.css HTTP/1.1" 200 29868 "http://truthfortheworld.org/" "Mozilla/5.0 (compatible; MSIE 10.0; Windows NT 6.1; Trident/6.0;WUID=5F7BA2EF7886480A8907EE1D6A19F1AE;WTB=6236)"
186.44.180.145 - - [13/Aug/2013:14:38:40 -0400] "GET /pix/pan_lpfm.jpg HTTP/1.1" 200 25921 "http://truthfortheworld.org/" "Mozilla/5.0 (compatible; MSIE 10.0; Windows NT 6.1; Trident/6.0;WUID=5F7BA2EF7886480A8907EE1D6A19F1AE;WTB=6236)"
186.44.180.145 - - [13/Aug/2013:14:38:40 -0400] "GET /css/reset.css HTTP/1.1" 200 1173 "http://truthfortheworld.org/" "Mozilla/5.0 (compatible; MSIE 10.0; Windows NT 6.1; Trident/6.0;WUID=5F7BA2EF7886480A8907EE1D6A19F1AE;WTB=6236)"
186.44.180.145 - - [13/Aug/2013:14:38:41 -0400] "GET /css/sidebars.css HTTP/1.1" 200 8643 "http://truthfortheworld.org/" "Mozilla/5.0 (compatible; MSIE 10.0; Windows NT 6.1; Trident/6.0;WUID=5F7BA2EF7886480A8907EE1D6A19F1AE;WTB=6236)"
186.44.180.145 - - [13/Aug/2013:14:38:41 -0400] "GET /pix/facebook.png HTTP/1.1" 200 2478 "http://truthfortheworld.org/" "Mozilla/5.0 (compatible; MSIE 10.0; Windows NT 6.1; Trident/6.0;WUID=5F7BA2EF7886480A8907EE1D6A19F1AE;WTB=6236)"
186.44.180.145 - - [13/Aug/2013:14:38:41 -0400] "GET /pix/youtube.png HTTP/1.1" 200 2803 "http://truthfortheworld.org/" "Mozilla/5.0 (compatible; MSIE 10.0; Windows NT 6.1; Trident/6.0;WUID=5F7BA2EF7886480A8907EE1D6A19F1AE;WTB=6236)"
186.44.180.145 - - [13/Aug/2013:14:38:41 -0400] "GET /js/jquery.hoverIntent.js HTTP/1.1" 200 4944 "http://truthfortheworld.org/" "Mozilla/5.0 (compatible; MSIE 10.0; Windows NT 6.1; Trident/6.0;WUID=5F7BA2EF7886480A8907EE1D6A19F1AE;WTB=6236)"
186.44.180.145 - - [13/Aug/2013:14:38:41 -0400] "GET /js/easySlider1.7.js HTTP/1.1" 200 6198 "http://truthfortheworld.org/" "Mozilla/5.0 (compatible; MSIE 10.0; Windows NT 6.1; Trident/6.0;WUID=5F7BA2EF7886480A8907EE1D6A19F1AE;WTB=6236)"
186.44.180.145 - - [13/Aug/2013:14:38:43 -0400] "GET /pix/divider.png HTTP/1.1" 200 993 "http://truthfortheworld.org/" "Mozilla/5.0 (compatible; MSIE 10.0; Windows NT 6.1; Trident/6.0;WUID=5F7BA2EF7886480A8907EE1D6A19F1AE;WTB=6236)"
186.44.180.145 - - [13/Aug/2013:14:38:43 -0400] "GET /pix/brightball.jpg HTTP/1.1" 200 7625 "http://truthfortheworld.org/" "Mozilla/5.0 (compatible; MSIE 10.0; Windows NT 6.1; Trident/6.0;WUID=5F7BA2EF7886480A8907EE1D6A19F1AE;WTB=6236)"
186.44.180.145 - - [13/Aug/2013:14:38:43 -0400] "GET /pix/id.png HTTP/1.1" 200 430 "http://truthfortheworld.org/" "Mozilla/5.0 (compatible; MSIE 10.0; Windows NT 6.1; Trident/6.0;WUID=5F7BA2EF7886480A8907EE1D6A19F1AE;WTB=6236)"
186.44.180.145 - - [13/Aug/2013:14:38:43 -0400] "GET /pix/about.png HTTP/1.1" 200 10920 "http://truthfortheworld.org/" "Mozilla/5.0 (compatible; MSIE 10.0; Windows NT 6.1; Trident/6.0;WUID=5F7BA2EF7886480A8907EE1D6A19F1AE;WTB=6236)"
186.44.180.145 - - [13/Aug/2013:14:38:43 -0400] "GET /pix/news.png HTTP/1.1" 200 1921 "http://truthfortheworld.org/" "Mozilla/5.0 (compatible; MSIE 10.0; Windows NT 6.1; Trident/6.0;WUID=5F7BA2EF7886480A8907EE1D6A19F1AE;WTB=6236)"
173.225.243.244 - - [13/Aug/2013:14:38:44 -0400] "GET /pix/swirl.png HTTP/1.1" 200 1619 "http://truthfortheworld.org/css/main.css" "Mozilla/5.0 (Windows NT 5.1; rv:22.0) Gecko/20100101 Firefox/22.0"
186.44.180.145 - - [13/Aug/2013:14:42:21 -0400] "GET /tag-server?tag=The+Gospel&key=tags HTTP/1.1" 200 449 "http://truthfortheworld.org/topics" "Mozilla/5.0 (compatible; MSIE 10.0; Windows NT 6.1; Trident/6.0;WUID=5F7BA2EF7886480A8907EE1D6A19F1AE;WTB=6236)"
186.44.180.145 - - [13/Aug/2013:14:42:24 -0400] "GET /tag-server?tag=The+Gospel&key=tags HTTP/1.1" 200 449 "http://truthfortheworld.org/topics" "Mozilla/5.0 (compatible; MSIE 10.0; Windows NT 6.1; Trident/6.0;WUID=5F7BA2EF7886480A8907EE1D6A19F1AE;WTB=6236)"
186.44.180.145 - - [13/Aug/2013:14:42:40 -0400] "GET /gospel HTTP/1.1" 200 12415 "http://truthfortheworld.org/topics" "Mozilla/5.0 (compatible; MSIE 10.0; Windows NT 6.1; Trident/6.0;WUID=5F7BA2EF7886480A8907EE1D6A19F1AE;WTB=6236)"
64.183.235.151 - - [13/Aug/2013:14:48:17 -0400] "GET /css/reftagger.css HTTP/1.1" 304 - "http://truthfortheworld.org/sin-of-division" "Mozilla/4.0 (compatible; MSIE 8.0; Windows NT 5.1; Trident/4.0; .NET CLR 1.1.4322; .NET CLR 2.0.50727; .NET CLR 3.0.4506.2152; .NET CLR 3.5.30729)"
64.183.235.151 - - [13/Aug/2013:14:48:17 -0400] "GET /pix/bgtexture.jpg HTTP/1.1" 200 23844 "http://truthfortheworld.org/sin-of-division" "Mozilla/4.0 (compatible; MSIE 8.0; Windows NT 5.1; Trident/4.0; .NET CLR 1.1.4322; .NET CLR 2.0.50727; .NET CLR 3.0.4506.2152; .NET CLR 3.5.30729)"
64.183.235.151 - - [13/Aug/2013:14:48:18 -0400] "GET /pix/pdficon.png HTTP/1.1" 200 1397 "http://truthfortheworld.org/sin-of-division" "Mozilla/4.0 (compatible; MSIE 8.0; Windows NT 5.1; Trident/4.0; .NET CLR 1.1.4322; .NET CLR 2.0.50727; .NET CLR 3.0.4506.2152; .NET CLR 3.5.30729)"
72.14.199.153 - - [13/Aug/2013:14:57:37 -0400] "GET /tftwpodcast.rss HTTP/1.1" 200 73579 "-" "Feedfetcher-Google; (+http://www.google.com/feedfetcher.html; 6 subscribers; feed-id=15065747293105542486)"
69.30.238.18 - - [13/Aug/2013:03:02:21 -0400] "GET /blog/2013/03/19/blog/blog/2013/01/15/blog/2013/03/19/blog2013/blog2013/blog2012/blog/2012/09/21/blog/2013/03/19/blog/2013/01/15/blog/2012/11/07/blog2013/blog/2013/03/19/blog/blog2013/blog/blog/2012/09/21/blog2013/blog2012/11 HTTP/1.0" 200 11285 "-" "Mozilla/5.0 (compatible; MJ12bot/v1.4.3; http://www.majestic12.co.uk/bot.php?+)"
141.0.8.241 - - [13/Aug/2013:03:03:05 -0400] "GET /sex-outside-of-marriage HTTP/1.1" 200 14719 "http://id.truthfortheworld.org/kategori-seleksi?tag=Dosa&key=id.tags" "Opera/9.80 (J2ME/MIDP; Opera Mini/4.1.15082/30.3643; U; id) Presto/2.8.119 Version/11.10"
69.30.238.18 - - [13/Aug/2013:03:03:30 -0400] "GET /blog/2013/03/19/blog/blog/2013/01/15/blog/2013/03/19/blog2013/blog2013/blog2012/blog/2012/09/21/blog/2013/03/19/blog/2013/01/15/blog/2012/11/07/blog2013/blog/2013/03/19/blog/blog2013/blog/blog/2013/01/15/blog2013/blog/feed.rss HTTP/1.0" 200 11285 "-" "Mozilla/5.0 (compatible; MJ12bot/v1.4.3; http://www.majestic12.co.uk/bot.php?+)"
69.30.238.18 - - [13/Aug/2013:03:05:02 -0400] "GET /blog/2013/03/19/blog/blog/2013/01/15/blog/2013/03/19/blog2013/blog2013/blog2012/blog/2012/09/21/blog/2013/03/19/blog/2013/01/15/blog/2012/11/07/blog2013/blog/2013/03/19/blog/blog2013/blog/blog/blog/blog2012/11 HTTP/1.0" 200 11285 "-" "Mozilla/5.0 (compatible; MJ12bot/v1.4.3; http://www.majestic12.co.uk/bot.php?+)"
69.30.238.18 - - [13/Aug/2013:03:10:30 -0400] "GET /blog/2013/03/19/blog/blog/2013/01/15/blog/2013/03/19/blog2013/blog2013/blog2012/blog/2012/09/21/blog/2013/03/19/blog/2013/01/15/blog/2012/11/07/blog2013/blog/2013/03/19/blog/blog2013/blog/blog2012/blog/blog2012/blog2013/01 HTTP/1.0" 200 11285 "-" "Mozilla/5.0 (compatible; MJ12bot/v1.4.3; http://www.majestic12.co.uk/bot.php?+)"
141.0.9.26 - - [13/Aug/2013:03:13:24 -0400] "GET /pix/google-plus.png HTTP/1.1" 200 2371 "http://id.truthfortheworld.org/nubuatan-nubuatan-dalam-alkitab" "Opera/9.80 (Android; Opera Mini/7.5.33361/30.3643; U; en) Presto/2.8.119 Version/11.10"
141.0.9.26 - - [13/Aug/2013:03:13:25 -0400] "GET /css/footer.css HTTP/1.1" 200 3501 "http://id.truthfortheworld.org/nubuatan-nubuatan-dalam-alkitab" "Opera/9.80 (Android; Opera Mini/7.5.33361/30.3643; U; en) Presto/2.8.119 Version/11.10"
141.0.9.26 - - [13/Aug/2013:03:13:26 -0400] "GET /pix/uk.png HTTP/1.1" 200 1276 "http://id.truthfortheworld.org/nubuatan-nubuatan-dalam-alkitab" "Opera/9.80 (Android; Opera Mini/7.5.33361/30.3643; U; en) Presto/2.8.119 Version/11.10"
69.30.238.18 - - [13/Aug/2013:03:14:09 -0400] "GET /blog/2013/03/19/blog/blog/2013/01/15/blog/2013/03/19/blog2013/blog2013/blog2012/blog/2012/09/21/blog/2013/03/19/blog/2013/01/15/blog/2012/11/07/blog2013/blog/2013/03/19/blog/blog2013/blog2013/blog/blog2012/blog/blog/feed.rss HTTP/1.0" 200 11285 "-" "Mozilla/5.0 (compatible; MJ12bot/v1.4.3; http://www.majestic12.co.uk/bot.php?+)"
123.136.11.149 - - [13/Aug/2013:03:48:31 -0400] "GET /pix/twitter.png HTTP/1.1" 200 1798 "http://id.truthfortheworld.org/siapakah-roh-kudus-itu" "Mozilla/5.0 (Linux; U; Android 2.3.6; en-gb; GT-S7500 Build/GINGERBREAD) AppleWebKit/533.1 (KHTML, like Gecko) Version/4.0 Mobile Safari/533.1"
49.177.194.64 - - [13/Aug/2013:04:14:42 -0400] "GET /js/main.js HTTP/1.1" 200 9723 "http://truthfortheworld.org/do-demons-possess-people-today" "Mozilla/5.0 (Linux; U; Android 4.0.3; en-au; LG-E612 Build/IML74K) AppleWebKit/534.30 (KHTML, like Gecko) Version/4.0 Mobile Safari/534.30"
49.177.194.64 - - [13/Aug/2013:04:14:45 -0400] "GET /pix/mob.header.jpg HTTP/1.1" 200 12343 "http://truthfortheworld.org/do-demons-possess-people-today" "Mozilla/5.0 (Linux; U; Android 4.0.3; en-au; LG-E612 Build/IML74K) AppleWebKit/534.30 (KHTML, like Gecko) Version/4.0 Mobile Safari/534.30"
220.181.51.109 - - [13/Aug/2013:04:15:01 -0400] "GET / HTTP/1.1" 200 17133 "-" "Mozilla/5.0 (Windows NT 5.1; rv:6.0.2) Gecko/20100101 Firefox/6.0.2"
220.181.132.191 - - [13/Aug/2013:04:17:11 -0400] "GET /js/superfish.js HTTP/1.1" 200 6728 "http://zh-tr.truthfortheworld.org/" "Mozilla/5.0 (X11; Linux x86_64) AppleWebKit/536.11 (KHTML, like Gecko) DumpRenderTree/0.0.0.0 Safari/536.11"
220.181.132.191 - - [13/Aug/2013:04:17:12 -0400] "GET /css/footer.css HTTP/1.1" 200 3501 "http://zh-tr.truthfortheworld.org/" "Mozilla/5.0 (X11; Linux x86_64) AppleWebKit/536.11 (KHTML, like Gecko) DumpRenderTree/0.0.0.0 Safari/536.11"
220.181.132.191 - - [13/Aug/2013:04:17:12 -0400] "GET /css/sidebars.css HTTP/1.1" 200 8643 "http://zh-tr.truthfortheworld.org/" "Mozilla/5.0 (X11; Linux x86_64) AppleWebKit/536.11 (KHTML, like Gecko) DumpRenderTree/0.0.0.0 Safari/536.11"
220.181.132.191 - - [13/Aug/2013:04:17:14 -0400] "GET /css/print.css HTTP/1.1" 200 437 "http://zh-tr.truthfortheworld.org/" "Mozilla/5.0 (X11; Linux x86_64) AppleWebKit/536.11 (KHTML, like Gecko) DumpRenderTree/0.0.0.0 Safari/536.11"
66.229.85.208 - - [13/Aug/2013:04:22:26 -0400] "GET /roku/pix/wtlb_sd.jpg HTTP/1.1" 200 5748 "-" "Roku/DVP-5.1 (025.01E01165A)"
41.33.152.1 - - [13/Aug/2013:04:34:54 -0400] "GET /js/jquery.jqplugin.1.0.2.min.js HTTP/1.1" 404 17157 "http://truthfortheworld.org/online-radio" "Mozilla/5.0 (Windows NT 6.1; WOW64) AppleWebKit/537.31 (KHTML, like Gecko) Chrome/26.0.1410.64 Safari/537.31"
202.65.148.10 - - [13/Aug/2013:04:42:10 -0400] "GET /js/html5shiv.js HTTP/1.1" 200 2359 "http://truthfortheworld.org/pearls-from-philippians-chapter-1" "Mozilla/5.0 (Windows NT 5.1) AppleWebKit/537.36 (KHTML, like Gecko) Chrome/28.0.1500.95 Safari/537.36"
202.65.148.10 - - [13/Aug/2013:04:42:11 -0400] "GET /pix/littleball.png HTTP/1.1" 200 1639 "http://truthfortheworld.org/pearls-from-philippians-chapter-1" "Mozilla/5.0 (Windows NT 5.1) AppleWebKit/537.36 (KHTML, like Gecko) Chrome/28.0.1500.95 Safari/537.36"
