82.145.208.221 - - [19/Aug/2013:14:33:54 -0400] "GET /pix/youtube.png HTTP/1.1" 200 2803 "http://truthfortheworld.org/" "Opera/9.80 (J2ME/MIDP; Opera Mini/5.0.18635/30.3697; U; en) Presto/2.8.119 Version/11.10"
82.145.208.221 - - [19/Aug/2013:14:34:19 -0400] "GET /pix/facebook.png HTTP/1.1" 200 2478 "http://truthfortheworld.org/" "Opera/9.80 (J2ME/MIDP; Opera Mini/5.0.18635/30.3697; U; en) Presto/2.8.119 Version/11.10"
82.145.208.221 - - [19/Aug/2013:14:36:00 -0400] "GET /pix/youtube.png HTTP/1.1" 200 2803 "http://truthfortheworld.org/topics" "Opera/9.80 (J2ME/MIDP; Opera Mini/5.0.18635/30.3697; U; en) Presto/2.8.119 Version/11.10"
82.145.208.221 - - [19/Aug/2013:14:37:23 -0400] "GET /pix/google-plus.png HTTP/1.1" 200 2371 "http://truthfortheworld.org/goodness-of-god-part-1" "Opera/9.80 (J2ME/MIDP; Opera Mini/5.0.18635/30.3697; U; en) Presto/2.8.119 Version/11.10"
64.246.165.210 - - [19/Aug/2013:14:40:35 -0400] "GET / HTTP/1.1" 200 8285 "http://whois.domaintools.com/tftwindo.org" "Mozilla/5.0 (Windows; U; Windows NT 5.1; en; rv:1.9.0.13) Gecko/2009073022 Firefox/3.5.2 (.NET CLR 3.5.30729) SurveyBot/2.3 (DomainTools)"
82.145.208.221 - - [19/Aug/2013:14:44:53 -0400] "GET /css/sidebars.css HTTP/1.1" 200 8749 "http://truthfortheworld.org/category-selection?tag=Prayer&key=tags" "Opera/9.80 (J2ME/MIDP; Opera Mini/5.0.18635/30.3697; U; en) Presto/2.8.119 Version/11.10"
82.145.208.221 - - [19/Aug/2013:14:44:54 -0400] "GET /js/easySlider1.7.js HTTP/1.1" 200 6198 "http://truthfortheworld.org/category-selection?tag=Prayer&key=tags" "Opera/9.80 (J2ME/MIDP; Opera Mini/5.0.18635/30.3697; U; en) Presto/2.8.119 Version/11.10"
208.115.113.85 - - [19/Aug/2013:14:49:58 -0400] "GET /robots.txt HTTP/1.1" 200 392 "-" "Mozilla/5.0 (compatible; Ezooms/1.0; ezooms.bot@gmail.com)"
208.115.113.85 - - [19/Aug/2013:14:49:58 -0400] "GET /robots.txt HTTP/1.1" 404 171 "-" "Mozilla/5.0 (compatible; Ezooms/1.0; ezooms.bot@gmail.com)"
27.111.50.208 - - [19/Aug/2013:00:00:17 -0400] "GET /pix/email.png HTTP/1.1" 200 1157 "http://id.truthfortheworld.org/obat-obat-terlarang-dan-lkohol" "Mozilla/5.0 (Windows; U; Windows NT 6.1; en-US; rv:1.9) Gecko/2008052906 AskTbMPC2/3.15.15.35882 Firefox/3.0"
173.236.21.106 - - [19/Aug/2013:00:02:11 -0400] "GET /blog/2013/04/26/blog/2012/11/07/blog/2012/09/21/blog/2012/09/21/blog/blog/blog2013/blog/2013/04/26/blog2012/09 HTTP/1.0" 200 11285 "-" "Mozilla/5.0 (compatible; MJ12bot/v1.4.3; http://www.majestic12.co.uk/bot.php?+)"
173.236.21.106 - - [19/Aug/2013:00:03:22 -0400] "GET /blog/2013/04/26/blog/2012/11/07/blog/2012/09/21/blog/2012/09/21/blog/blog/blog2013/blog/blog2013/03 HTTP/1.0" 200 11285 "-" "Mozilla/5.0 (compatible; MJ12bot/v1.4.3; http://www.majestic12.co.uk/bot.php?+)"
173.236.21.106 - - [19/Aug/2013:00:10:26 -0400] "GET /blog/2013/04/26/blog/2012/11/07/blog/2012/09/21/blog/2012/09/21/blog/blog2013/blog/2013/04/26/blog/2012/09/21/blog2013/01 HTTP/1.0" 200 11285 "-" "Mozilla/5.0 (compatible; MJ12bot/v1.4.3; http://www.majestic12.co.uk/bot.php?+)"
173.236.21.106 - - [19/Aug/2013:00:13:17 -0400] "GET /blog/2013/04/26/blog/2012/11/07/blog/2012/09/21/blog/2012/09/21/blog/blog2013/blog/2013/04/26/blog/blog/2012/09/21/truth-for-the-world-starts-blog HTTP/1.0" 200 11285 "-" "Mozilla/5.0 (compatible; MJ12bot/v1.4.3; http://www.majestic12.co.uk/bot.php?+)"
173.236.21.106 - - [19/Aug/2013:00:15:01 -0400] "GET /blog/2013/04/26/blog/2012/11/07/blog/2012/09/21/blog/2012/09/21/blog/blog2013/blog/blog/2013/03/19/mission-trip-to-peru HTTP/1.0" 200 11285 "-" "Mozilla/5.0 (compatible; MJ12bot/v1.4.3; http://www.majestic12.co.uk/bot.php?+)"
173.236.21.106 - - [19/Aug/2013:00:15:43 -0400] "GET /blog/2013/04/26/blog/2012/11/07/blog/2012/09/21/blog/2012/09/21/blog/blog2013/blog2013/blog/2012/09/21/truth-for-the-world-starts-blog HTTP/1.0" 200 11285 "-" "Mozilla/5.0 (compatible; MJ12bot/v1.4.3; http://www.majestic12.co.uk/bot.php?+)"
36.71.163.203 - - [19/Aug/2013:00:17:19 -0400] "GET /suami-dan-ayah HTTP/1.1" 200 26384 "-" "Mozilla/5.0 (Linux; U; Android 4.1.2; en-us; GT-N5100 Build/JZO54K) AppleWebKit/534.30 (KHTML, like Gecko) Version/4.0 Safari/534.30"
208.115.113.85 - - [19/Aug/2013:00:20:07 -0400] "GET /blogauthor/blog/2012/09/21/truth-for-the-world-starts-blog/blog/2012/09/21/truth-for-the-world-starts-blog/blog/tags/blog/2012/09/21/truth-for-the-world-starts-blog/blog/tags/blog/tags/blogauthor/blog/tags/radio HTTP/1.1" 200 16338 "-" "Mozilla/5.0 (compatible; Ezooms/1.0; ezooms.bot@gmail.com)"
66.249.81.145 - - [19/Aug/2013:00:24:04 -0400] "GET /css/sidebars.css HTTP/1.1" 200 8749 "http://truthfortheworld.org/bfof-ch6" "Mozilla/5.0 (en-us) AppleWebKit/534.14 (KHTML, like Gecko; Google Wireless Transcoder) Chrome/9.0.597 Safari/534.14"
66.249.81.145 - - [19/Aug/2013:00:24:04 -0400] "GET /pix/bg_headlb.jpg HTTP/1.1" 200 3277 "http://truthfortheworld.org/bfof-ch6" "Mozilla/5.0 (en-us) AppleWebKit/534.14 (KHTML, like Gecko; Google Wireless Transcoder) Chrome/9.0.597 Safari/534.14"
103.10.65.123 - - [19/Aug/2013:00:45:27 -0400] "GET /css/reset.css HTTP/1.1" 200 1173 "http://id.truthfortheworld.org/anugerah-allah" "Opera/9.80 (Android 2.3.6; Linux; Opera Mobi/ADR-1207201848; U; id) Presto/2.10.254 Version/12.00"
141.255.167.45 - - [19/Aug/2013:00:55:56 -0400] "GET / HTTP/1.1" 301 236 "http://www.tftw.org/" "Mozilla/5.0 (iPad; CPU OS 5_1_1 like Mac OS X) AppleWebKit/534.46 (KHTML, like Gecko) Version/5.1 Mobile/9B206 Safari/7534.48.3"
208.115.111.69 - - [19/Aug/2013:01:01:00 -0400] "GET /HTML/Archives/TFTW_Archives_Print/Articles/Goodness_of_God_Part_1.html HTTP/1.1" 404 17150 "-" "Mozilla/5.0 (compatible; Ezooms/1.0; ezooms.bot@gmail.com)"
174.2.200.211 - - [19/Aug/2013:01:07:13 -0400] "GET /css/print.css HTTP/1.1" 200 437 "http://truthfortheworld.org/" "Mozilla/5.0 (Windows NT 6.1; WOW64; rv:23.0) Gecko/20100101 Firefox/23.0"
174.2.200.211 - - [19/Aug/2013:01:07:14 -0400] "GET /js/superfish.js HTTP/1.1" 200 6728 "http://truthfortheworld.org/" "Mozilla/5.0 (Windows NT 6.1; WOW64; rv:23.0) Gecko/20100101 Firefox/23.0"
174.2.200.211 - - [19/Aug/2013:01:07:15 -0400] "GET /pix/header.jpg HTTP/1.1" 200 23509 "http://truthfortheworld.org/css/header.css" "Mozilla/5.0 (Windows NT 6.1; WOW64; rv:23.0) Gecko/20100101 Firefox/23.0"
174.2.200.211 - - [19/Aug/2013:01:07:16 -0400] "GET /pix/nav_bg.jpg HTTP/1.1" 200 3618 "http://truthfortheworld.org/css/header.css" "Mozilla/5.0 (Windows NT 6.1; WOW64; rv:23.0) Gecko/20100101 Firefox/23.0"
174.2.200.211 - - [19/Aug/2013:01:07:17 -0400] "GET /pix/rarrow.png HTTP/1.1" 200 1045 "http://truthfortheworld.org/css/main.css" "Mozilla/5.0 (Windows NT 6.1; WOW64; rv:23.0) Gecko/20100101 Firefox/23.0"
141.0.11.201 - - [19/Aug/2013:01:07:45 -0400] "GET /doktrin-alkitab HTTP/1.1" 200 30925 "http://www.google.com/m?q=berapa%20pengajaran%20dlm%20alkitap?&client=ms-opera-mini&channel=new" "Opera/9.80 (BREW; Opera Mini/4.4.29939/30.3697; U; id) Presto/2.8.119 Version/11.10"
38.111.147.84 - - [19/Aug/2013:01:11:57 -0400] "GET /Media/Articles/Gospel.pdf HTTP/1.0" 404 17108 "-" "TurnitinBot/2.1 (http://www.turnitin.com/robot/crawlerinfo.html)"
70.189.220.56 - - [19/Aug/2013:01:24:45 -0400] "GET /pix/favicon.ico HTTP/1.1" 200 1150 "-" "Mozilla/5.0 (compatible; MSIE 10.0; Windows NT 6.1; Win64; x64; Trident/6.0)"
220.181.108.77 - - [19/Aug/2013:01:27:46 -0400] "GET / HTTP/1.1" 301 239 "-" "Mozilla/5.0 (compatible; Baiduspider/2.0; +http://www.baidu.com/search/spider.html)"
141.0.10.52 - - [19/Aug/2013:01:32:03 -0400] "GET /css/reset.css HTTP/1.1" 200 1173 "http://id.truthfortheworld.org/obat-obat-terlarang-dan-lkohol" "Opera/9.80 (J2ME/MIDP; Opera Mini/4.2.18154/30.3697; U; id) Presto/2.8.119 Version/11.10"
141.0.10.52 - - [19/Aug/2013:01:32:04 -0400] "GET /js/jquery.smooth-scroll.min.js HTTP/1.1" 200 2648 "http://id.truthfortheworld.org/obat-obat-terlarang-dan-lkohol" "Opera/9.80 (J2ME/MIDP; Opera Mini/4.2.18154/30.3697; U; id) Presto/2.8.119 Version/11.10"
184.91.144.103 - - [19/Aug/2013:01:33:36 -0400] "GET /pix/facebook.png HTTP/1.1" 200 2478 "http://truthfortheworld.org/live" "Mozilla/5.0 (iPod; CPU iPhone OS 5_1_1 like Mac OS X) AppleWebKit/534.46 (KHTML, like Gecko) Version/5.1 Mobile/9B206 Safari/7534.48.3"
184.91.144.103 - - [19/Aug/2013:01:33:36 -0400] "GET /pix/mob.header.jpg HTTP/1.1" 200 12343 "http://truthfortheworld.org/live" "Mozilla/5.0 (iPod; CPU iPhone OS 5_1_1 like Mac OS X) AppleWebKit/534.46 (KHTML, like Gecko) Version/5.1 Mobile/9B206 Safari/7534.48.3"
220.181.51.158 - - [19/Aug/2013:01:34:38 -0400] "GET /mp3/zh/mbfof26.mp3 HTTP/1.0" 200 17502566 "-" "NSPlayer/10.0.0.4072 WMFSDK/10.0"
182.239.102.146 - - [19/Aug/2013:01:44:42 -0400] "GET /apple-touch-icon.png HTTP/1.1" 404 171 "-" "Dolphin http client/10.0.1(230) (Android)"
182.239.102.146 - - [19/Aug/2013:01:44:44 -0400] "GET /favicon.ico HTTP/1.1" 404 171 "-" "Dolphin http client/10.0.1(230) (Android)"
58.44.245.132 - - [19/Aug/2013:01:58:40 -0400] "GET /css/header.css HTTP/1.1" 200 20687 "http://zh-tr.truthfortheworld.org/" "Mozilla/5.0 (Linux; U; Android 4.0.4; zh-cn; GT-S7562 Build/IMM76I) AppleWebKit/534.30 (KHTML, like Gecko) Version/4.0 Mobile Safari/534.30"
208.115.111.69 - - [19/Aug/2013:02:05:05 -0400] "GET /blog2012/blogauthor/blog/2012/09/21/truth-for-the-world-starts-blog/blog/tags/blog2012/blog/tags/blog/tags/blog/2013/03/19/mission-trip-to-peru/blog/2013/01/15/mission-trip-to-mexico/ HTTP/1.1" 200 13491 "-" "Mozilla/5.0 (compatible; Ezooms/1.0; ezooms.bot@gmail.com)"
208.115.111.69 - - [19/Aug/2013:02:05:27 -0400] "GET /%E6%82%A8%E5%BF%85%E9%A1%BB%E9%9D%A2%E5%AF%B9%E7%9A%84%E4%BA%8B%E5%AE%9E HTTP/1.1" 200 8106 "-" "Mozilla/5.0 (compatible; Ezooms/1.0; ezooms.bot@gmail.com)"
36.73.125.71 - - [19/Aug/2013:02:29:03 -0400] "GET /pix/bgtexture.jpg HTTP/1.1" 200 23844 "http://truthfortheworld.org/css/main.css" "Mozilla/5.0 (Windows NT 5.1; rv:23.0) Gecko/20100101 Firefox/23.0"
38.111.147.84 - - [19/Aug/2013:02:26:32 -0400] "GET /Media/Articles/God_Has_Joined_Himself_to_Jesus.pdf HTTP/1.0" 500 17183 "-" "TurnitinBot/2.1 (http://www.turnitin.com/robot/crawlerinfo.html)"
157.55.32.96 - - [19/Aug/2013:02:42:16 -0400] "GET /TeachingPaper/Vol4/vol4QA.htm HTTP/1.1" 301 265 "-" "Mozilla/5.0 (compatible; bingbot/2.0; +http://www.bing.com/bingbot.htm)"
98.93.13.93 - - [19/Aug/2013:15:13:27 -0400] "GET /favicon.ico HTTP/1.1" 404 17146 "-" "Mozilla/5.0 (Windows NT 5.1) AppleWebKit/537.36 (KHTML, like Gecko) Chrome/28.0.1500.95 Safari/537.36"
12.54.94.28 - - [19/Aug/2013:15:13:40 -0400] "GET /tag-server?key=tags HTTP/1.1" 200 31658 "http://truthfortheworld.org/topics" "Mozilla/4.0 (compatible; MSIE 7.0; Windows NT 5.1; Trident/4.0; .NET CLR 1.0.3705; .NET CLR 1.1.4322; .NET CLR 2.0.50727; .NET CLR 3.0.04506.30; .NET CLR 3.0.4506.2152; .NET CLR 3.5.30729; MS-RTC LM 8; .NET4.0C; .NET4.0E; InfoPath.1)"
12.54.94.28 - - [19/Aug/2013:15:19:24 -0400] "GET /problems-with-the-new-international-version HTTP/1.1" 200 16052 "http://truthfortheworld.org/topics" "Mozilla/4.0 (compatible; MSIE 7.0; Windows NT 5.1; Trident/4.0; .NET CLR 1.0.3705; .NET CLR 1.1.4322; .NET CLR 2.0.50727; .NET CLR 3.0.04506.30; .NET CLR 3.0.4506.2152; .NET CLR 3.5.30729; MS-RTC LM 8; .NET4.0C; .NET4.0E; InfoPath.1)"
12.54.94.28 - - [19/Aug/2013:15:19:26 -0400] "GET /js/html5shiv.js HTTP/1.1" 304 - "http://truthfortheworld.org/problems-with-the-new-international-version" "Mozilla/4.0 (compatible; MSIE 7.0; Windows NT 5.1; Trident/4.0; .NET CLR 1.0.3705; .NET CLR 1.1.4322; .NET CLR 2.0.50727; .NET CLR 3.0.04506.30; .NET CLR 3.0.4506.2152; .NET CLR 3.5.30729; MS-RTC LM 8; .NET4.0C; .NET4.0E; InfoPath.1)"
12.54.94.28 - - [19/Aug/2013:15:19:26 -0400] "GET /js/jquery.smooth-scroll.min.js HTTP/1.1" 304 - "http://truthfortheworld.org/problems-with-the-new-international-version" "Mozilla/4.0 (compatible; MSIE 7.0; Windows NT 5.1; Trident/4.0; .NET CLR 1.0.3705; .NET CLR 1.1.4322; .NET CLR 2.0.50727; .NET CLR 3.0.04506.30; .NET CLR 3.0.4506.2152; .NET CLR 3.5.30729; MS-RTC LM 8; .NET4.0C; .NET4.0E; InfoPath.1)"
12.54.94.28 - - [19/Aug/2013:15:19:27 -0400] "GET /css/footer.css HTTP/1.1" 304 - "http://truthfortheworld.org/problems-with-the-new-international-version" "Mozilla/4.0 (compatible; MSIE 7.0; Windows NT 5.1; Trident/4.0; .NET CLR 1.0.3705; .NET CLR 1.1.4322; .NET CLR 2.0.50727; .NET CLR 3.0.04506.30; .NET CLR 3.0.4506.2152; .NET CLR 3.5.30729; MS-RTC LM 8; .NET4.0C; .NET4.0E; InfoPath.1)"
12.54.94.28 - - [19/Aug/2013:15:19:27 -0400] "GET /css/sidebars.css HTTP/1.1" 304 - "http://truthfortheworld.org/problems-with-the-new-international-version" "Mozilla/4.0 (compatible; MSIE 7.0; Windows NT 5.1; Trident/4.0; .NET CLR 1.0.3705; .NET CLR 1.1.4322; .NET CLR 2.0.50727; .NET CLR 3.0.04506.30; .NET CLR 3.0.4506.2152; .NET CLR 3.5.30729; MS-RTC LM 8; .NET4.0C; .NET4.0E; InfoPath.1)"
12.54.94.28 - - [19/Aug/2013:15:19:27 -0400] "GET /css/header.css HTTP/1.1" 304 - "http://truthfortheworld.org/problems-with-the-new-international-version" "Mozilla/4.0 (compatible; MSIE 7.0; Windows NT 5.1; Trident/4.0; .NET CLR 1.0.3705; .NET CLR 1.1.4322; .NET CLR 2.0.50727; .NET CLR 3.0.04506.30; .NET CLR 3.0.4506.2152; .NET CLR 3.5.30729; MS-RTC LM 8; .NET4.0C; .NET4.0E; InfoPath.1)"
12.54.94.28 - - [19/Aug/2013:15:19:28 -0400] "GET /pix/pdficon.png HTTP/1.1" 304 - "http://truthfortheworld.org/problems-with-the-new-international-version" "Mozilla/4.0 (compatible; MSIE 7.0; Windows NT 5.1; Trident/4.0; .NET CLR 1.0.3705; .NET CLR 1.1.4322; .NET CLR 2.0.50727; .NET CLR 3.0.04506.30; .NET CLR 3.0.4506.2152; .NET CLR 3.5.30729; MS-RTC LM 8; .NET4.0C; .NET4.0E; InfoPath.1)"
12.54.94.28 - - [19/Aug/2013:15:19:28 -0400] "GET /pix/facebook.png HTTP/1.1" 304 - "http://truthfortheworld.org/problems-with-the-new-international-version" "Mozilla/4.0 (compatible; MSIE 7.0; Windows NT 5.1; Trident/4.0; .NET CLR 1.0.3705; .NET CLR 1.1.4322; .NET CLR 2.0.50727; .NET CLR 3.0.04506.30; .NET CLR 3.0.4506.2152; .NET CLR 3.5.30729; MS-RTC LM 8; .NET4.0C; .NET4.0E; InfoPath.1)"
96.19.160.136 - - [19/Aug/2013:15:28:54 -0400] "GET /?id=32 HTTP/1.1" 301 - "http://truthfortheworld.org/bcc/courses/bcc_cob_l1.html" "Mozilla/4.0 (compatible; MSIE 8.0; Windows NT 6.0; Trident/4.0; GTB7.5; SLCC1; .NET CLR 2.0.50727; .NET CLR 3.5.30729; .NET4.0C; ShopperReports 3.0.489.0; SRS_IT_E879027FB276545531AB91; .NET CLR 3.0.30729)"
96.19.160.136 - - [19/Aug/2013:15:28:55 -0400] "GET /god-has-joined-jesus-to-the-church HTTP/1.1" 200 19505 "http://truthfortheworld.org/bcc/courses/bcc_cob_l1.html" "Mozilla/4.0 (compatible; MSIE 8.0; Windows NT 6.0; Trident/4.0; GTB7.5; SLCC1; .NET CLR 2.0.50727; .NET CLR 3.5.30729; .NET4.0C; ShopperReports 3.0.489.0; SRS_IT_E879027FB276545531AB91; .NET CLR 3.0.30729)"
76.20.70.57 - - [19/Aug/2013:15:33:03 -0400] "GET /favicon.ico HTTP/1.1" 404 17136 "-" "Mozilla/5.0 (Windows NT 6.1; WOW64; rv:23.0) Gecko/20100101 Firefox/23.0"
76.20.70.57 - - [19/Aug/2013:15:33:05 -0400] "GET /favicon.ico HTTP/1.1" 404 17122 "-" "Mozilla/5.0 (Windows NT 6.1; WOW64; rv:23.0) Gecko/20100101 Firefox/23.0"
71.102.70.240 - - [19/Aug/2013:15:33:07 -0400] "GET /video/ae-bg-01.mp4 HTTP/1.1" 206 385306292 "-" "Roku/DVP-5.1 (045.01E01177A)"
157.55.33.251 - - [19/Aug/2013:15:36:03 -0400] "GET /blog/tags/online HTTP/1.1" 200 16482 "-" "Mozilla/5.0 (compatible; bingbot/2.0; +http://www.bing.com/bingbot.htm)"
96.19.160.136 - - [19/Aug/2013:15:43:22 -0400] "GET /god-has-joined-jesus-to-the-church HTTP/1.1" 200 19500 "http://truthfortheworld.org/bcc/courses/bcc_cob_l1.html" "Mozilla/4.0 (compatible; MSIE 8.0; Windows NT 6.0; Trident/4.0; GTB7.5; SLCC1; .NET CLR 2.0.50727; .NET CLR 3.5.30729; .NET4.0C; ShopperReports 3.0.489.0; SRS_IT_E879027FB276545531AB91; .NET CLR 3.0.30729)"
96.19.160.136 - - [19/Aug/2013:15:44:14 -0400] "GET /pix/pan_expl.jpg HTTP/1.1" 200 26609 "http://truthfortheworld.org/" "Mozilla/4.0 (compatible; MSIE 8.0; Windows NT 6.0; Trident/4.0; GTB7.5; SLCC1; .NET CLR 2.0.50727; .NET CLR 3.5.30729; .NET4.0C; ShopperReports 3.0.489.0; SRS_IT_E879027FB276545531AB91; .NET CLR 3.0.30729)"
96.19.160.136 - - [19/Aug/2013:15:44:16 -0400] "GET /pix/larrow.png HTTP/1.1" 200 1045 "http://truthfortheworld.org/" "Mozilla/4.0 (compatible; MSIE 8.0; Windows NT 6.0; Trident/4.0; GTB7.5; SLCC1; .NET CLR 2.0.50727; .NET CLR 3.5.30729; .NET4.0C; ShopperReports 3.0.489.0; SRS_IT_E879027FB276545531AB91; .NET CLR 3.0.30729)"
105.242.104.182 - - [19/Aug/2013:15:50:18 -0400] "GET /css/sidebars.css HTTP/1.1" 200 8749 "http://truthfortheworld.org/why-are-there-so-many-churches" "Mozilla/5.0 (iPhone; CPU iPhone OS 5_1_1 like Mac OS X) AppleWebKit/534.46 (KHTML, like Gecko) Version/5.1 Mobile/9B206 Safari/7534.48.3"
105.242.104.182 - - [19/Aug/2013:15:50:19 -0400] "GET /pix/littleball.png HTTP/1.1" 200 1639 "http://truthfortheworld.org/why-are-there-so-many-churches" "Mozilla/5.0 (iPhone; CPU iPhone OS 5_1_1 like Mac OS X) AppleWebKit/534.46 (KHTML, like Gecko) Version/5.1 Mobile/9B206 Safari/7534.48.3"
105.242.104.182 - - [19/Aug/2013:15:50:20 -0400] "GET /pix/bgtexture.jpg HTTP/1.1" 200 23844 "http://truthfortheworld.org/why-are-there-so-many-churches" "Mozilla/5.0 (iPhone; CPU iPhone OS 5_1_1 like Mac OS X) AppleWebKit/534.46 (KHTML, like Gecko) Version/5.1 Mobile/9B206 Safari/7534.48.3"
105.242.104.182 - - [19/Aug/2013:15:50:20 -0400] "GET /css/print.css HTTP/1.1" 200 437 "http://truthfortheworld.org/why-are-there-so-many-churches" "Mozilla/5.0 (iPhone; CPU iPhone OS 5_1_1 like Mac OS X) AppleWebKit/534.46 (KHTML, like Gecko) Version/5.1 Mobile/9B206 Safari/7534.48.3"
63.210.44.13 - - [19/Aug/2013:15:55:52 -0400] "GET /pix/brightball.jpg HTTP/1.1" 200 7625 "http://truthfortheworld.org/" "Mozilla/5.0 (Windows NT 6.1; WOW64) AppleWebKit/537.36 (KHTML, like Gecko) Chrome/28.0.1500.95 Safari/537.36"
63.210.44.13 - - [19/Aug/2013:15:55:52 -0400] "GET /pix/es.png HTTP/1.1" 200 469 "http://truthfortheworld.org/" "Mozilla/5.0 (Windows NT 6.1; WOW64) AppleWebKit/537.36 (KHTML, like Gecko) Chrome/28.0.1500.95 Safari/537.36"
63.210.44.13 - - [19/Aug/2013:15:55:52 -0400] "GET /pix/floatbar_bg_title.png HTTP/1.1" 200 5217 "http://truthfortheworld.org/" "Mozilla/5.0 (Windows NT 6.1; WOW64) AppleWebKit/537.36 (KHTML, like Gecko) Chrome/28.0.1500.95 Safari/537.36"
63.210.44.13 - - [19/Aug/2013:15:55:52 -0400] "GET /pix/news.png HTTP/1.1" 200 1921 "http://truthfortheworld.org/" "Mozilla/5.0 (Windows NT 6.1; WOW64) AppleWebKit/537.36 (KHTML, like Gecko) Chrome/28.0.1500.95 Safari/537.36"
24.159.164.34 - - [19/Aug/2013:15:56:03 -0400] "POST /connectors/element/index.php?action=getNodes&id=root HTTP/1.1" 200 891 "http://truthfortheworld.org/manager/?a=30&id=655" "Mozilla/5.0 (Windows NT 6.2; WOW64) AppleWebKit/537.36 (KHTML, like Gecko) Chrome/28.0.1500.95 Safari/537.36"
24.159.164.34 - - [19/Aug/2013:15:56:04 -0400] "GET /manager/templates/default/images/modx-theme/tree/folder.gif HTTP/1.1" 200 952 "http://truthfortheworld.org/manager/?a=30&id=655" "Mozilla/5.0 (Windows NT 6.2; WOW64) AppleWebKit/537.36 (KHTML, like Gecko) Chrome/28.0.1500.95 Safari/537.36"
24.159.164.34 - - [19/Aug/2013:15:56:05 -0400] "POST /connectors/system/registry/register.php HTTP/1.1" 200 61 "http://truthfortheworld.org/manager/?a=30&id=655" "Mozilla/5.0 (Windows NT 6.2; WOW64) AppleWebKit/537.36 (KHTML, like Gecko) Chrome/28.0.1500.95 Safari/537.36"
24.159.164.34 - - [19/Aug/2013:15:56:06 -0400] "POST /connectors/element/index.php?action=getNodes&id=n_snippet_category_18&type=snippet HTTP/1.1" 200 279 "http://truthfortheworld.org/manager/?a=30&id=655" "Mozilla/5.0 (Windows NT 6.2; WOW64) AppleWebKit/537.36 (KHTML, like Gecko) Chrome/28.0.1500.95 Safari/537.36"
24.159.164.34 - - [19/Aug/2013:15:56:08 -0400] "POST /connectors/system/registry/register.php HTTP/1.1" 200 61 "http://truthfortheworld.org/manager/?a=30&id=655" "Mozilla/5.0 (Windows NT 6.2; WOW64) AppleWebKit/537.36 (KHTML, like Gecko) Chrome/28.0.1500.95 Safari/537.36"
24.159.164.34 - - [19/Aug/2013:15:56:09 -0400] "POST /connectors/element/index.php?action=getNodes&id=n_type_chunk&type=chunk HTTP/1.1" 200 6674 "http://truthfortheworld.org/manager/?a=30&id=655" "Mozilla/5.0 (Windows NT 6.2; WOW64) AppleWebKit/537.36 (KHTML, like Gecko) Chrome/28.0.1500.95 Safari/537.36"
24.159.164.34 - - [19/Aug/2013:15:56:09 -0400] "POST /connectors/system/registry/register.php HTTP/1.1" 200 61 "http://truthfortheworld.org/manager/?a=30&id=655" "Mozilla/5.0 (Windows NT 6.2; WOW64) AppleWebKit/537.36 (KHTML, like Gecko) Chrome/28.0.1500.95 Safari/537.36"
24.159.164.34 - - [19/Aug/2013:15:56:10 -0400] "POST /connectors/system/registry/register.php HTTP/1.1" 200 61 "http://truthfortheworld.org/manager/?a=30&id=655" "Mozilla/5.0 (Windows NT 6.2; WOW64) AppleWebKit/537.36 (KHTML, like Gecko) Chrome/28.0.1500.95 Safari/537.36"
24.159.164.34 - - [19/Aug/2013:15:59:05 -0400] "GET /manager/min/index.php?f=/manager/assets/modext/core/modx.localization.js,/manager/assets/modext/util/utilities.js,/manager/assets/modext/core/modx.component.js,/manager/assets/modext/widgets/core/modx.panel.js,/manager/assets/modext/widgets/core/modx.tabs.js,/manager/assets/modext/widgets/core/modx.window.js,/manager/assets/modext/widgets/core/modx.tree.js,/manager/assets/modext/widgets/core/modx.combo.js,/manager/assets/modext/widgets/core/modx.grid.js,/manager/assets/modext/widgets/core/modx.console.js,/manager/assets/modext/widgets/core/modx.portal.js HTTP/1.1" 304 - "http://truthfortheworld.org/manager/index.php?id=655&a=55&class_key=modDocument&parent=655&context_key=zh-tr" "Mozilla/5.0 (Windows NT 6.2; WOW64) AppleWebKit/537.36 (KHTML, like Gecko) Chrome/28.0.1500.95 Safari/537.36"
24.159.164.34 - - [19/Aug/2013:15:59:07 -0400] "GET /favicon.ico HTTP/1.1" 404 17075 "-" "Mozilla/5.0 (Windows NT 6.2; WOW64) AppleWebKit/537.36 (KHTML, like Gecko) Chrome/28.0.1500.95 Safari/537.36"
69.197.221.17 - - [19/Aug/2013:16:01:30 -0400] "GET /css/header.css HTTP/1.1" 200 20687 "http://truthfortheworld.org/radio-programs" "Mozilla/5.0 (iPhone; CPU iPhone OS 6_1_3 like Mac OS X) AppleWebKit/536.26 (KHTML, like Gecko) Version/6.0 Mobile/10B329 Safari/8536.25"
24.159.164.34 - - [19/Aug/2013:16:06:05 -0400] "GET /favicon.ico HTTP/1.1" 404 17221 "-" "Mozilla/5.0 (Windows NT 6.2; WOW64) AppleWebKit/537.36 (KHTML, like Gecko) Chrome/28.0.1500.95 Safari/537.36"
24.159.164.34 - - [19/Aug/2013:16:06:06 -0400] "GET /favicon.ico HTTP/1.1" 404 17193 "-" "Mozilla/5.0 (Windows NT 6.2; WOW64) AppleWebKit/537.36 (KHTML, like Gecko) Chrome/28.0.1500.95 Safari/537.36"
24.159.164.34 - - [19/Aug/2013:16:06:08 -0400] "POST /connectors/system/registry/register.php HTTP/1.1" 200 61 "http://truthfortheworld.org/manager/index.php?a=30&id=1568&reload=52127a6589a279.92644262" "Mozilla/5.0 (Windows NT 6.2; WOW64) AppleWebKit/537.36 (KHTML, like Gecko) Chrome/28.0.1500.95 Safari/537.36"
24.159.164.34 - - [19/Aug/2013:16:06:09 -0400] "POST /connectors/element/index.php?action=getNodes&id=root HTTP/1.1" 200 891 "http://truthfortheworld.org/manager/index.php?a=30&id=1568&reload=52127a6589a279.92644262" "Mozilla/5.0 (Windows NT 6.2; WOW64) AppleWebKit/537.36 (KHTML, like Gecko) Chrome/28.0.1500.95 Safari/537.36"
24.159.164.34 - - [19/Aug/2013:16:06:09 -0400] "POST /connectors/element/index.php?action=getNodes&id=n_type_chunk&type=chunk HTTP/1.1" 200 6674 "http://truthfortheworld.org/manager/index.php?a=30&id=1568&reload=52127a6589a279.92644262" "Mozilla/5.0 (Windows NT 6.2; WOW64) AppleWebKit/537.36 (KHTML, like Gecko) Chrome/28.0.1500.95 Safari/537.36"
24.159.164.34 - - [19/Aug/2013:16:06:10 -0400] "POST /connectors/element/index.php?action=getNodes&id=n_tv_category_5&type=tv HTTP/1.1" 200 1305 "http://truthfortheworld.org/manager/index.php?a=30&id=1568&reload=52127a6589a279.92644262" "Mozilla/5.0 (Windows NT 6.2; WOW64) AppleWebKit/537.36 (KHTML, like Gecko) Chrome/28.0.1500.95 Safari/537.36"
24.159.164.34 - - [19/Aug/2013:16:06:42 -0400] "GET /manager/index.php?a=23&id=30 HTTP/1.1" 200 17007 "http://truthfortheworld.org/manager/index.php?a=30&id=1568&reload=52127a6589a279.92644262" "Mozilla/5.0 (Windows NT 6.2; WOW64) AppleWebKit/537.36 (KHTML, like Gecko) Chrome/28.0.1500.95 Safari/537.36"
24.159.164.34 - - [19/Aug/2013:16:06:43 -0400] "GET /manager/min/index.php?f=/manager/templates/default/css/xtheme-modx.css,/manager/templates/default/css/index.css HTTP/1.1" 304 - "http://truthfortheworld.org/manager/" "Mozilla/5.0 (Windows NT 6.2; WOW64) AppleWebKit/537.36 (KHTML, like Gecko) Chrome/28.0.1500.95 Safari/537.36"
24.159.164.34 - - [19/Aug/2013:16:08:03 -0400] "POST /connectors/element/index.php?action=getNodes&id=root HTTP/1.1" 200 891 "http://truthfortheworld.org/manager/index.php?a=30&id=1568" "Mozilla/5.0 (Windows NT 6.2; WOW64) AppleWebKit/537.36 (KHTML, like Gecko) Chrome/28.0.1500.95 Safari/537.36"
24.159.164.34 - - [19/Aug/2013:16:08:05 -0400] "POST /connectors/element/index.php?action=getNodes&id=n_type_tv&type=tv HTTP/1.1" 200 2797 "http://truthfortheworld.org/manager/index.php?a=30&id=1568" "Mozilla/5.0 (Windows NT 6.2; WOW64) AppleWebKit/537.36 (KHTML, like Gecko) Chrome/28.0.1500.95 Safari/537.36"
24.159.164.34 - - [19/Aug/2013:16:08:05 -0400] "POST /connectors/element/index.php?action=getNodes&id=n_tv_category_5&type=tv HTTP/1.1" 200 1567 "http://truthfortheworld.org/manager/index.php?a=30&id=1568" "Mozilla/5.0 (Windows NT 6.2; WOW64) AppleWebKit/537.36 (KHTML, like Gecko) Chrome/28.0.1500.95 Safari/537.36"
24.159.164.34 - - [19/Aug/2013:16:08:07 -0400] "GET /manager/index.php?a=23&id=30 HTTP/1.1" 200 17045 "http://truthfortheworld.org/manager/index.php?a=30&id=1568" "Mozilla/5.0 (Windows NT 6.2; WOW64) AppleWebKit/537.36 (KHTML, like Gecko) Chrome/28.0.1500.95 Safari/537.36"
24.159.164.34 - - [19/Aug/2013:16:08:08 -0400] "GET /manager/min/index.php?f=/manager/templates/default/css/xtheme-modx.css,/manager/templates/default/css/index.css HTTP/1.1" 304 - "http://truthfortheworld.org/manager/" "Mozilla/5.0 (Windows NT 6.2; WOW64) AppleWebKit/537.36 (KHTML, like Gecko) Chrome/28.0.1500.95 Safari/537.36"
24.159.164.34 - - [19/Aug/2013:16:08:10 -0400] "POST /connectors/element/tv/template.php HTTP/1.1" 200 3231 "http://truthfortheworld.org/manager/index.php?a=23&id=30" "Mozilla/5.0 (Windows NT 6.2; WOW64) AppleWebKit/537.36 (KHTML, like Gecko) Chrome/28.0.1500.95 Safari/537.36"
24.159.164.34 - - [19/Aug/2013:16:08:11 -0400] "POST /connectors/element/category.php HTTP/1.1" 200 947 "http://truthfortheworld.org/manager/index.php?a=23&id=30" "Mozilla/5.0 (Windows NT 6.2; WOW64) AppleWebKit/537.36 (KHTML, like Gecko) Chrome/28.0.1500.95 Safari/537.36"
24.159.164.34 - - [19/Aug/2013:16:08:11 -0400] "GET /connectors/element/tv/renders.php?action=getInputProperties&context=mgr&tv=30&type=listbox&HTTP_MODAUTH=modx502d27d0ee8411.20362183_1521230fb738d18.28727169 HTTP/1.1" 200 4086 "http://truthfortheworld.org/manager/index.php?a=23&id=30" "Mozilla/5.0 (Windows NT 6.2; WOW64) AppleWebKit/537.36 (KHTML, like Gecko) Chrome/28.0.1500.95 Safari/537.36"
82.145.208.221 - - [19/Aug/2013:16:08:51 -0400] "GET / HTTP/1.1" 200 17108 "-" "Opera/9.80 (J2ME/MIDP; Opera Mini/5.0.18635/30.3697; U; en) Presto/2.8.119 Version/11.10"
108.59.8.70 - - [19/Aug/2013:16:09:05 -0400] "GET /blog/2013/04/26/blog/2012/11/07/blog/2012/09/21/blog/2012/09/21/blog/blog/2013/04/26/blog/2012/09/21/blog2013/03 HTTP/1.0" 200 11285 "-" "Mozilla/5.0 (compatible; MJ12bot/v1.4.3; http://www.majestic12.co.uk/bot.php?+)"
24.159.164.34 - - [19/Aug/2013:16:09:40 -0400] "GET /manager/min/index.php?f=/manager/assets/modext/widgets/modx.treedrop.js,/manager/assets/modext/widgets/windows.js,/manager/assets/modext/widgets/resource/modx.tree.resource.js,/manager/assets/modext/widgets/element/modx.tree.element.js,/manager/assets/modext/widgets/system/modx.tree.directory.js,/manager/assets/modext/core/modx.view.js,/manager/assets/modext/core/modx.layout.js HTTP/1.1" 304 - "http://truthfortheworld.org/manager/index.php?a=23&id=24" "Mozilla/5.0 (Windows NT 6.2; WOW64) AppleWebKit/537.36 (KHTML, like Gecko) Chrome/28.0.1500.95 Safari/537.36"
82.145.208.190 - - [19/Aug/2013:16:10:18 -0400] "GET /pix/littleball.png HTTP/1.1" 200 1639 "http://truthfortheworld.org/" "Opera/9.80 (J2ME/MIDP; Opera Mini/5.0.18635/30.3697; U; en) Presto/2.8.119 Version/11.10"
82.145.208.190 - - [19/Aug/2013:16:10:19 -0400] "GET /js/superfish.js HTTP/1.1" 200 6728 "http://truthfortheworld.org/" "Opera/9.80 (J2ME/MIDP; Opera Mini/5.0.18635/30.3697; U; en) Presto/2.8.119 Version/11.10"
208.115.113.85 - - [19/Aug/2013:16:15:57 -0400] "GET /bcc/courses/bcc_cob_l12.html HTTP/1.1" 200 22397 "-" "Mozilla/5.0 (compatible; Ezooms/1.0; ezooms.bot@gmail.com)"
63.210.44.13 - - [19/Aug/2013:16:17:58 -0400] "POST /bcc/teachers/FormatEmail.php HTTP/1.1" 200 2644 "http://truthfortheworld.org/bcc/courses/bcc_intro.html" "Mozilla/5.0 (Windows NT 6.1; WOW64) AppleWebKit/537.36 (KHTML, like Gecko) Chrome/28.0.1500.95 Safari/537.36"
63.210.44.13 - - [19/Aug/2013:16:18:00 -0400] "GET /favicon.ico HTTP/1.1" 404 17108 "-" "Mozilla/5.0 (Windows NT 6.1; WOW64) AppleWebKit/537.36 (KHTML, like Gecko) Chrome/28.0.1500.95 Safari/537.36"
108.59.8.70 - - [19/Aug/2013:16:19:50 -0400] "GET /blog/2013/04/26/blog/2012/11/07/blog/2012/09/21/blog/2012/09/21/blog2012/blog/2013/04/26/blog/2012/09/21/blog/2013/04/26/blog/2012/09/21/truth-for-the-world-starts-blog HTTP/1.0" 200 11285 "-" "Mozilla/5.0 (compatible; MJ12bot/v1.4.3; http://www.majestic12.co.uk/bot.php?+)"
108.59.8.70 - - [19/Aug/2013:16:20:57 -0400] "GET /blog/2013/04/26/blog/2012/11/07/blog/2012/09/21/blog/2012/09/21/blog2012/blog/2013/04/26/blog/2012/09/21/blog2013/blog2012/09 HTTP/1.0" 200 11285 "-" "Mozilla/5.0 (compatible; MJ12bot/v1.4.3; http://www.majestic12.co.uk/bot.php?+)"
82.145.209.83 - - [19/Aug/2013:16:22:33 -0400] "GET /roku-channel HTTP/1.1" 200 9293 "http://truthfortheworld.org/" "Opera/9.80 (J2ME/MIDP; Opera Mini/5.0.18635/30.3697; U; en) Presto/2.8.119 Version/11.10"
82.145.209.83 - - [19/Aug/2013:16:22:36 -0400] "GET /css/main.css HTTP/1.1" 200 29927 "http://truthfortheworld.org/roku-channel" "Opera/9.80 (J2ME/MIDP; Opera Mini/5.0.18635/30.3697; U; en) Presto/2.8.119 Version/11.10"
82.145.209.83 - - [19/Aug/2013:16:22:37 -0400] "GET /css/reset.css HTTP/1.1" 200 1173 "http://truthfortheworld.org/roku-channel" "Opera/9.80 (J2ME/MIDP; Opera Mini/5.0.18635/30.3697; U; en) Presto/2.8.119 Version/11.10"
82.145.209.83 - - [19/Aug/2013:16:22:38 -0400] "GET /js/superfish.js HTTP/1.1" 200 6728 "http://truthfortheworld.org/roku-channel" "Opera/9.80 (J2ME/MIDP; Opera Mini/5.0.18635/30.3697; U; en) Presto/2.8.119 Version/11.10"
108.56.154.159 - - [19/Aug/2013:16:23:44 -0400] "GET /js/html5shiv.js HTTP/1.1" 200 2359 "http://truthfortheworld.org/do-demons-possess-people-today" "Mozilla/5.0 (compatible; MSIE 10.0; Windows NT 6.1; WOW64; Trident/6.0)"
108.56.154.159 - - [19/Aug/2013:16:23:44 -0400] "GET /pix/google-plus.png HTTP/1.1" 200 2371 "http://truthfortheworld.org/do-demons-possess-people-today" "Mozilla/5.0 (compatible; MSIE 10.0; Windows NT 6.1; WOW64; Trident/6.0)"
108.56.154.159 - - [19/Aug/2013:16:23:44 -0400] "GET /css/reftagger.css HTTP/1.1" 200 1583 "http://truthfortheworld.org/do-demons-possess-people-today" "Mozilla/5.0 (compatible; MSIE 10.0; Windows NT 6.1; WOW64; Trident/6.0)"
108.56.154.159 - - [19/Aug/2013:16:23:44 -0400] "GET /js/main.js HTTP/1.1" 200 9723 "http://truthfortheworld.org/do-demons-possess-people-today" "Mozilla/5.0 (compatible; MSIE 10.0; Windows NT 6.1; WOW64; Trident/6.0)"
108.56.154.159 - - [19/Aug/2013:16:23:44 -0400] "GET /pix/bg_headdb.jpg HTTP/1.1" 200 3209 "http://truthfortheworld.org/do-demons-possess-people-today" "Mozilla/5.0 (compatible; MSIE 10.0; Windows NT 6.1; WOW64; Trident/6.0)"
108.56.154.159 - - [19/Aug/2013:16:23:44 -0400] "GET /pix/cn.png HTTP/1.1" 200 472 "http://truthfortheworld.org/do-demons-possess-people-today" "Mozilla/5.0 (compatible; MSIE 10.0; Windows NT 6.1; WOW64; Trident/6.0)"
108.56.154.159 - - [19/Aug/2013:16:23:45 -0400] "GET /pix/floatbar_bg_title.png HTTP/1.1" 200 5217 "http://truthfortheworld.org/do-demons-possess-people-today" "Mozilla/5.0 (compatible; MSIE 10.0; Windows NT 6.1; WOW64; Trident/6.0)"
24.159.164.34 - - [19/Aug/2013:16:24:15 -0400] "GET /%E9%8C%84%E9%9F%B3%E7%9A%84%E8%AA%B2%E7%A8%8B HTTP/1.1" 200 7514 "-" "Mozilla/5.0 (Windows NT 6.2; WOW64) AppleWebKit/537.36 (KHTML, like Gecko) Chrome/28.0.1500.95 Safari/537.36"
24.159.164.34 - - [19/Aug/2013:16:24:16 -0400] "GET /favicon.ico HTTP/1.1" 404 171 "-" "Mozilla/5.0 (Windows NT 6.2; WOW64) AppleWebKit/537.36 (KHTML, like Gecko) Chrome/28.0.1500.95 Safari/537.36"
24.159.164.34 - - [19/Aug/2013:16:37:03 -0400] "GET /pix/littleball.png HTTP/1.1" 304 - "http://zh-tr.truthfortheworld.org/%E9%8C%84%E9%9F%B3%E7%9A%84%E8%AA%B2%E7%A8%8B" "Mozilla/5.0 (Windows NT 6.2; WOW64) AppleWebKit/537.36 (KHTML, like Gecko) Chrome/28.0.1500.95 Safari/537.36"
24.159.164.34 - - [19/Aug/2013:16:37:03 -0400] "GET /js/main.js HTTP/1.1" 304 - "http://zh-tr.truthfortheworld.org/%E9%8C%84%E9%9F%B3%E7%9A%84%E8%AA%B2%E7%A8%8B" "Mozilla/5.0 (Windows NT 6.2; WOW64) AppleWebKit/537.36 (KHTML, like Gecko) Chrome/28.0.1500.95 Safari/537.36"
24.159.164.34 - - [19/Aug/2013:16:37:03 -0400] "GET /css/reftagger.css HTTP/1.1" 304 - "http://zh-tr.truthfortheworld.org/%E9%8C%84%E9%9F%B3%E7%9A%84%E8%AA%B2%E7%A8%8B" "Mozilla/5.0 (Windows NT 6.2; WOW64) AppleWebKit/537.36 (KHTML, like Gecko) Chrome/28.0.1500.95 Safari/537.36"
24.159.164.34 - - [19/Aug/2013:16:37:03 -0400] "GET /pix/bg_headdb.jpg HTTP/1.1" 304 - "http://zh-tr.truthfortheworld.org/%E9%8C%84%E9%9F%B3%E7%9A%84%E8%AA%B2%E7%A8%8B" "Mozilla/5.0 (Windows NT 6.2; WOW64) AppleWebKit/537.36 (KHTML, like Gecko) Chrome/28.0.1500.95 Safari/537.36"
24.159.164.34 - - [19/Aug/2013:16:37:03 -0400] "GET /pix/id.png HTTP/1.1" 304 - "http://zh-tr.truthfortheworld.org/%E9%8C%84%E9%9F%B3%E7%9A%84%E8%AA%B2%E7%A8%8B" "Mozilla/5.0 (Windows NT 6.2; WOW64) AppleWebKit/537.36 (KHTML, like Gecko) Chrome/28.0.1500.95 Safari/537.36"
24.159.164.34 - - [19/Aug/2013:16:37:03 -0400] "GET /pix/search.png HTTP/1.1" 304 - "http://zh-tr.truthfortheworld.org/%E9%8C%84%E9%9F%B3%E7%9A%84%E8%AA%B2%E7%A8%8B" "Mozilla/5.0 (Windows NT 6.2; WOW64) AppleWebKit/537.36 (KHTML, like Gecko) Chrome/28.0.1500.95 Safari/537.36"
24.159.164.34 - - [19/Aug/2013:16:37:03 -0400] "GET /pix/wm_play.png HTTP/1.1" 304 - "http://zh-tr.truthfortheworld.org/%E9%8C%84%E9%9F%B3%E7%9A%84%E8%AA%B2%E7%A8%8B" "Mozilla/5.0 (Windows NT 6.2; WOW64) AppleWebKit/537.36 (KHTML, like Gecko) Chrome/28.0.1500.95 Safari/537.36"
24.159.164.34 - - [19/Aug/2013:16:38:55 -0400] "POST /connectors/element/index.php?action=getNodes&id=n_type_tv&type=tv HTTP/1.1" 200 2797 "http://truthfortheworld.org/manager/index.php?a=30&id=655" "Mozilla/5.0 (Windows NT 6.2; WOW64) AppleWebKit/537.36 (KHTML, like Gecko) Chrome/28.0.1500.95 Safari/537.36"
24.159.164.34 - - [19/Aug/2013:16:38:57 -0400] "POST /connectors/system/registry/register.php HTTP/1.1" 200 61 "http://truthfortheworld.org/manager/index.php?a=30&id=655" "Mozilla/5.0 (Windows NT 6.2; WOW64) AppleWebKit/537.36 (KHTML, like Gecko) Chrome/28.0.1500.95 Safari/537.36"
24.159.164.34 - - [19/Aug/2013:16:44:27 -0400] "GET /favicon.ico HTTP/1.1" 404 17160 "-" "Mozilla/5.0 (Windows NT 6.2; WOW64) AppleWebKit/537.36 (KHTML, like Gecko) Chrome/28.0.1500.95 Safari/537.36"
24.159.164.34 - - [19/Aug/2013:16:44:29 -0400] "GET /favicon.ico HTTP/1.1" 404 17136 "-" "Mozilla/5.0 (Windows NT 6.2; WOW64) AppleWebKit/537.36 (KHTML, like Gecko) Chrome/28.0.1500.95 Safari/537.36"
123.125.67.243 - - [19/Aug/2013:16:46:41 -0400] "GET /mp3/zh/mbfof55.mp3 HTTP/1.0" 200 17994922 "-" "NSPlayer/10.0.0.4072 WMFSDK/10.0"
173.208.168.14 - - [19/Aug/2013:17:19:50 -0400] "GET /robots.txt HTTP/1.1" 200 392 "-" "LinkChecker/7.4 (+http://linkchecker.sourceforge.net/)"
67.161.144.36 - - [19/Aug/2013:17:21:26 -0400] "GET /js/html5shiv.js HTTP/1.1" 200 2359 "http://truthfortheworld.org/" "Mozilla/5.0 (Windows NT 6.2; WOW64) AppleWebKit/537.36 (KHTML, like Gecko) Chrome/28.0.1500.95 Safari/537.36"
67.161.144.36 - - [19/Aug/2013:17:21:26 -0400] "GET /pix/littleball.png HTTP/1.1" 200 1639 "http://truthfortheworld.org/" "Mozilla/5.0 (Windows NT 6.2; WOW64) AppleWebKit/537.36 (KHTML, like Gecko) Chrome/28.0.1500.95 Safari/537.36"
67.161.144.36 - - [19/Aug/2013:17:21:26 -0400] "GET /pix/pan_tunein.jpg HTTP/1.1" 200 34375 "http://truthfortheworld.org/" "Mozilla/5.0 (Windows NT 6.2; WOW64) AppleWebKit/537.36 (KHTML, like Gecko) Chrome/28.0.1500.95 Safari/537.36"
67.161.144.36 - - [19/Aug/2013:17:21:27 -0400] "GET /css/print.css HTTP/1.1" 200 437 "http://truthfortheworld.org/" "Mozilla/5.0 (Windows NT 6.2; WOW64) AppleWebKit/537.36 (KHTML, like Gecko) Chrome/28.0.1500.95 Safari/537.36"
67.161.144.36 - - [19/Aug/2013:17:21:27 -0400] "GET /pix/bg_headlb.jpg HTTP/1.1" 200 3277 "http://truthfortheworld.org/" "Mozilla/5.0 (Windows NT 6.2; WOW64) AppleWebKit/537.36 (KHTML, like Gecko) Chrome/28.0.1500.95 Safari/537.36"
67.161.144.36 - - [19/Aug/2013:17:21:27 -0400] "GET /js/main.js HTTP/1.1" 200 9723 "http://truthfortheworld.org/" "Mozilla/5.0 (Windows NT 6.2; WOW64) AppleWebKit/537.36 (KHTML, like Gecko) Chrome/28.0.1500.95 Safari/537.36"
67.161.144.36 - - [19/Aug/2013:17:21:27 -0400] "GET /pix/news.png HTTP/1.1" 200 1921 "http://truthfortheworld.org/" "Mozilla/5.0 (Windows NT 6.2; WOW64) AppleWebKit/537.36 (KHTML, like Gecko) Chrome/28.0.1500.95 Safari/537.36"
67.161.144.36 - - [19/Aug/2013:17:22:10 -0400] "GET /search-results?search=moses&id=267&sisea_offset=10 HTTP/1.1" 200 14303 "http://truthfortheworld.org/search-results?search=moses&id=267" "Mozilla/5.0 (Windows NT 6.2; WOW64) AppleWebKit/537.36 (KHTML, like Gecko) Chrome/28.0.1500.95 Safari/537.36"
199.187.122.91 - - [19/Aug/2013:17:30:10 -0400] "GET /love-me-keep-commandments HTTP/1.1" 200 15607 "-" "Mozilla/4.0 (compatible; MSIE 6.0; Windows NT 5.1; SV1; .NET CLR 2.0.50727)"
199.187.122.91 - - [19/Aug/2013:17:30:50 -0400] "GET /HTML/BCC/courses/bcc_bbs_l4.html HTTP/1.1" 404 17193 "-" "Mozilla/4.0 (compatible; MSIE 6.0; Windows NT 5.1; SV1; .NET CLR 2.0.50727)"
199.187.122.91 - - [19/Aug/2013:17:31:08 -0400] "GET /translations-of-the-bible HTTP/1.1" 200 16099 "-" "Mozilla/4.0 (compatible; MSIE 6.0; Windows NT 5.1; SV1; .NET CLR 2.0.50727)"
199.187.122.91 - - [19/Aug/2013:17:31:41 -0400] "GET /bcc/ HTTP/1.1" 200 25243 "-" "Mozilla/4.0 (compatible; MSIE 6.0; Windows NT 5.1; SV1; .NET CLR 2.0.50727)"
82.145.208.166 - - [19/Aug/2013:17:36:15 -0400] "GET /topics HTTP/1.1" 200 15516 "http://truthfortheworld.org/" "Opera/9.80 (MAUI Runtime; Opera Mini/6.1.27412/30.3697; U; en) Presto/2.8.119 Version/11.10"
206.53.152.166 - - [19/Aug/2013:17:59:08 -0400] "GET /css/main.css HTTP/1.1" 200 29927 "http://id.truthfortheworld.org/dua-ekpresi-pujian" "Mozilla/5.0 (BlackBerry; U; BlackBerry 9300; en-US) AppleWebKit/534.8+ (KHTML, like Gecko) Version/6.0.0.666 Mobile Safari/534.8+"
208.115.111.69 - - [19/Aug/2013:18:01:41 -0400] "GET /blogauthor/blog/2012/09/21/tftw-app-launched/blog/2012/09/21/tftw-app-launched/blog/2012/09/21/truth-for-the-world-starts-blog/blog/tags/blog/tags/blog/tags/blog?arc_author=&page=2 HTTP/1.1" 200 12962 "-" "Mozilla/5.0 (compatible; Ezooms/1.0; ezooms.bot@gmail.com)"
24.119.15.164 - - [19/Aug/2013:18:05:34 -0400] "GET /is-hand-clapping-scriptural HTTP/1.1" 200 17728 "-" "Mozilla/5.0 (compatible; MSIE 10.0; Windows NT 6.1; Trident/6.0)"
24.119.15.164 - - [19/Aug/2013:18:05:53 -0400] "GET /is-hand-clapping-scriptural HTTP/1.1" 200 17777 "-" "Mozilla/5.0 (compatible; MSIE 10.0; Windows NT 6.1; Trident/6.0)"
172.242.130.3 - - [19/Aug/2013:18:07:29 -0400] "GET /bcc/ HTTP/1.1" 200 25243 "-" "Mozilla/4.0 (compatible; MSIE 8.0; Windows NT 6.0; Trident/4.0; SLCC1; .NET CLR 2.0.50727; Media Center PC 5.0; .NET CLR 3.5.30729; .NET CLR 3.0.30729; .NET4.0C; InfoPath.2; AskTbORJ/5.15.23.36191)"
172.242.130.3 - - [19/Aug/2013:18:07:30 -0400] "GET /css/bcc.css HTTP/1.1" 304 - "http://truthfortheworld.org/bcc/" "Mozilla/4.0 (compatible; MSIE 8.0; Windows NT 6.0; Trident/4.0; SLCC1; .NET CLR 2.0.50727; Media Center PC 5.0; .NET CLR 3.5.30729; .NET CLR 3.0.30729; .NET4.0C; InfoPath.2; AskTbORJ/5.15.23.36191)"
172.242.130.3 - - [19/Aug/2013:18:07:31 -0400] "GET /css/reset.css HTTP/1.1" 200 1173 "http://truthfortheworld.org/bcc/" "Mozilla/4.0 (compatible; MSIE 8.0; Windows NT 6.0; Trident/4.0; SLCC1; .NET CLR 2.0.50727; Media Center PC 5.0; .NET CLR 3.5.30729; .NET CLR 3.0.30729; .NET4.0C; InfoPath.2; AskTbORJ/5.15.23.36191)"
76.20.70.57 - - [19/Aug/2013:18:08:02 -0400] "GET /css/reset.css HTTP/1.1" 200 1173 "http://truthfortheworld.org/css/bcc.css" "Mozilla/5.0 (Windows NT 6.1; WOW64; rv:22.0) Gecko/20100101 Firefox/22.0"
76.20.70.57 - - [19/Aug/2013:18:08:03 -0400] "GET /css/reftagger.css HTTP/1.1" 200 1583 "http://truthfortheworld.org/css/bcc.css" "Mozilla/5.0 (Windows NT 6.1; WOW64; rv:22.0) Gecko/20100101 Firefox/22.0"
76.20.70.57 - - [19/Aug/2013:18:08:05 -0400] "GET /pix/bgtexture.jpg HTTP/1.1" 200 23844 "http://truthfortheworld.org/css/bcc.css" "Mozilla/5.0 (Windows NT 6.1; WOW64; rv:22.0) Gecko/20100101 Firefox/22.0"
172.242.130.3 - - [19/Aug/2013:18:18:46 -0400] "GET /pix/google-plus.png HTTP/1.1" 200 2371 "http://truthfortheworld.org/jesus-and-the-bible" "Mozilla/4.0 (compatible; MSIE 8.0; Windows NT 6.0; Trident/4.0; SLCC1; .NET CLR 2.0.50727; Media Center PC 5.0; .NET CLR 3.5.30729; .NET CLR 3.0.30729; .NET4.0C; InfoPath.2; AskTbORJ/5.15.23.36191)"
172.242.130.3 - - [19/Aug/2013:18:21:09 -0400] "GET /pix/littleball.png HTTP/1.1" 304 - "http://truthfortheworld.org/tracts" "Mozilla/4.0 (compatible; MSIE 8.0; Windows NT 6.0; Trident/4.0; SLCC1; .NET CLR 2.0.50727; Media Center PC 5.0; .NET CLR 3.5.30729; .NET CLR 3.0.30729; .NET4.0C; InfoPath.2; AskTbORJ/5.15.23.36191)"
172.242.130.3 - - [19/Aug/2013:18:22:12 -0400] "GET /js/html5shiv.js HTTP/1.1" 304 - "http://truthfortheworld.org/jesus-and-the-bible" "Mozilla/4.0 (compatible; MSIE 8.0; Windows NT 6.0; Trident/4.0; SLCC1; .NET CLR 2.0.50727; Media Center PC 5.0; .NET CLR 3.5.30729; .NET CLR 3.0.30729; .NET4.0C; InfoPath.2; AskTbORJ/5.15.23.36191)"
70.49.1.185 - - [19/Aug/2013:18:22:25 -0400] "GET /bcc/ HTTP/1.1" 200 25243 "-" "Mozilla/5.0 (Macintosh; Intel Mac OS X 10_7_5) AppleWebKit/536.30.1 (KHTML, like Gecko) Version/6.0.5 Safari/536.30.1"
70.49.1.185 - - [19/Aug/2013:18:22:25 -0400] "GET /css/reset.css HTTP/1.1" 200 1173 "http://truthfortheworld.org/bcc/" "Mozilla/5.0 (Macintosh; Intel Mac OS X 10_7_5) AppleWebKit/536.30.1 (KHTML, like Gecko) Version/6.0.5 Safari/536.30.1"
70.49.1.185 - - [19/Aug/2013:18:22:25 -0400] "GET /pix/bgtexture.jpg HTTP/1.1" 200 23844 "http://truthfortheworld.org/bcc/" "Mozilla/5.0 (Macintosh; Intel Mac OS X 10_7_5) AppleWebKit/536.30.1 (KHTML, like Gecko) Version/6.0.5 Safari/536.30.1"
172.242.130.3 - - [19/Aug/2013:18:22:29 -0400] "GET /js/html5shiv.js HTTP/1.1" 304 - "http://truthfortheworld.org/god-has-joined-himself-to-the-bible" "Mozilla/4.0 (compatible; MSIE 8.0; Windows NT 6.0; Trident/4.0; SLCC1; .NET CLR 2.0.50727; Media Center PC 5.0; .NET CLR 3.5.30729; .NET CLR 3.0.30729; .NET4.0C; InfoPath.2; AskTbORJ/5.15.23.36191)"
71.200.246.73 - - [19/Aug/2013:18:25:20 -0400] "GET /roku/pix/expl_hd.jpg HTTP/1.1" 200 15446 "-" "Roku/DVP-5.1 (025.01E01178A)"
172.242.130.3 - - [19/Aug/2013:18:27:59 -0400] "GET /js/html5shiv.js HTTP/1.1" 304 - "-" "Mozilla/4.0 (compatible; MSIE 8.0; Windows NT 6.0; Trident/4.0; SLCC1; .NET CLR 2.0.50727; Media Center PC 5.0; .NET CLR 3.5.30729; .NET CLR 3.0.30729; .NET4.0C; InfoPath.2; AskTbORJ/5.15.23.36191)"
172.242.130.3 - - [19/Aug/2013:18:43:58 -0400] "GET /js/jquery.hoverIntent.js HTTP/1.1" 304 - "http://truthfortheworld.org/new-covenant" "Mozilla/4.0 (compatible; MSIE 8.0; Windows NT 6.0; Trident/4.0; SLCC1; .NET CLR 2.0.50727; Media Center PC 5.0; .NET CLR 3.5.30729; .NET CLR 3.0.30729; .NET4.0C; InfoPath.2; AskTbORJ/5.15.23.36191)"
172.242.130.3 - - [19/Aug/2013:18:44:01 -0400] "GET /css/header.css HTTP/1.1" 200 20687 "http://truthfortheworld.org/new-covenant" "Mozilla/4.0 (compatible; MSIE 8.0; Windows NT 6.0; Trident/4.0; SLCC1; .NET CLR 2.0.50727; Media Center PC 5.0; .NET CLR 3.5.30729; .NET CLR 3.0.30729; .NET4.0C; InfoPath.2; AskTbORJ/5.15.23.36191)"
173.166.29.222 - - [19/Aug/2013:18:49:27 -0400] "POST /bcc/teachers/FormatEmail.php HTTP/1.1" 200 2911 "http://truthfortheworld.org/bcc/courses/bcc_adv_l5.html" "Mozilla/5.0 (compatible; MSIE 9.0; Windows NT 6.0; Trident/5.0)"
108.232.47.117 - - [19/Aug/2013:18:53:13 -0400] "GET /video/ae-bg-01.mp4 HTTP/1.1" 206 385511944 "-" "Roku/DVP-5.1 (025.01E01178A)"
172.242.130.3 - - [19/Aug/2013:18:55:27 -0400] "GET /favicon.ico HTTP/1.1" 404 17136 "http://truthfortheworld.org/new-covenant" "Mozilla/4.0 (compatible; MSIE 8.0; Windows NT 6.0; Trident/4.0; SLCC1; .NET CLR 2.0.50727; Media Center PC 5.0; .NET CLR 3.5.30729; .NET CLR 3.0.30729; .NET4.0C; InfoPath.2; AskTbORJ/5.15.23.36191)"
74.171.11.222 - - [19/Aug/2013:19:11:16 -0400] "GET / HTTP/1.1" 200 17150 "http://www.poriruachurch.com/links.php" "Mozilla/5.0 (iPad; U; CPU OS 6_1_3 like Mac OS X; en-us) AppleWebKit/533.17.9 (KHTML, like Gecko) Version/5.0.2 Mobile/8C134 NetNanny Mobile/1.0 Safari/6533.18.5"
74.171.11.222 - - [19/Aug/2013:19:11:26 -0400] "GET /pix/pan_ios.jpg HTTP/1.1" 200 27182 "http://truthfortheworld.org/" "Mozilla/5.0 (iPad; U; CPU OS 6_1_3 like Mac OS X; en-us) AppleWebKit/533.17.9 (KHTML, like Gecko) Version/5.0.2 Mobile/8C134 NetNanny Mobile/1.0 Safari/6533.18.5"
74.171.11.222 - - [19/Aug/2013:19:11:26 -0400] "GET /pix/google-plus.png HTTP/1.1" 200 2371 "http://truthfortheworld.org/" "Mozilla/5.0 (iPad; U; CPU OS 6_1_3 like Mac OS X; en-us) AppleWebKit/533.17.9 (KHTML, like Gecko) Version/5.0.2 Mobile/8C134 NetNanny Mobile/1.0 Safari/6533.18.5"
74.171.11.222 - - [19/Aug/2013:19:11:26 -0400] "GET /js/easySlider1.7.js HTTP/1.1" 200 6198 "http://truthfortheworld.org/" "Mozilla/5.0 (iPad; U; CPU OS 6_1_3 like Mac OS X; en-us) AppleWebKit/533.17.9 (KHTML, like Gecko) Version/5.0.2 Mobile/8C134 NetNanny Mobile/1.0 Safari/6533.18.5"
74.171.11.222 - - [19/Aug/2013:19:11:27 -0400] "GET /pix/cn.png HTTP/1.1" 200 472 "http://truthfortheworld.org/" "Mozilla/5.0 (iPad; U; CPU OS 6_1_3 like Mac OS X; en-us) AppleWebKit/533.17.9 (KHTML, like Gecko) Version/5.0.2 Mobile/8C134 NetNanny Mobile/1.0 Safari/6533.18.5"
74.171.11.222 - - [19/Aug/2013:19:11:28 -0400] "GET /pix/about.png HTTP/1.1" 200 10920 "http://truthfortheworld.org/" "Mozilla/5.0 (iPad; U; CPU OS 6_1_3 like Mac OS X; en-us) AppleWebKit/533.17.9 (KHTML, like Gecko) Version/5.0.2 Mobile/8C134 NetNanny Mobile/1.0 Safari/6533.18.5"
74.171.11.222 - - [19/Aug/2013:19:11:28 -0400] "GET /pix/divider.png HTTP/1.1" 200 993 "http://truthfortheworld.org/" "Mozilla/5.0 (iPad; U; CPU OS 6_1_3 like Mac OS X; en-us) AppleWebKit/533.17.9 (KHTML, like Gecko) Version/5.0.2 Mobile/8C134 NetNanny Mobile/1.0 Safari/6533.18.5"
184.5.152.189 - - [19/Aug/2013:19:14:54 -0400] "GET /favicon.ico HTTP/1.1" 404 17136 "-" "Mozilla/5.0 (Windows NT 6.1; WOW64) AppleWebKit/537.36 (KHTML, like Gecko) Chrome/28.0.1500.95 Safari/537.36"
74.171.11.222 - - [19/Aug/2013:19:18:37 -0400] "GET /gods-plan-for-church-finance HTTP/1.1" 200 15924 "http://truthfortheworld.org/why-worship-on-sunday-tract" "Mozilla/5.0 (iPad; U; CPU OS 6_1_3 like Mac OS X; en-us) AppleWebKit/533.17.9 (KHTML, like Gecko) Version/5.0.2 Mobile/8C134 NetNanny Mobile/1.0 Safari/6533.18.5"
74.171.11.222 - - [19/Aug/2013:19:18:40 -0400] "GET /pix/tracts/129.jpg HTTP/1.1" 200 17124 "http://truthfortheworld.org/gods-plan-for-church-finance" "Mozilla/5.0 (iPad; U; CPU OS 6_1_3 like Mac OS X; en-us) AppleWebKit/533.17.9 (KHTML, like Gecko) Version/5.0.2 Mobile/8C134 NetNanny Mobile/1.0 Safari/6533.18.5"
66.249.75.153 - - [19/Aug/2013:19:19:00 -0400] "GET /css/header.css HTTP/1.1" 200 20687 "http://truthfortheworld.org/" "Mozilla/5.0 (compatible; Googlebot/2.1; +http://www.google.com/bot.html)"
173.166.29.222 - - [19/Aug/2013:19:22:13 -0400] "POST /bcc/teachers/FormatEmail.php HTTP/1.1" 200 2749 "http://truthfortheworld.org/bcc/courses/bcc_adv_l6.html" "Mozilla/5.0 (compatible; MSIE 9.0; Windows NT 6.0; Trident/5.0)"
172.242.130.3 - - [19/Aug/2013:19:28:05 -0400] "GET /js/jquery.smooth-scroll.min.js HTTP/1.1" 304 - "http://truthfortheworld.org/how-to-study-the-bible" "Mozilla/4.0 (compatible; MSIE 8.0; Windows NT 6.0; Trident/4.0; SLCC1; .NET CLR 2.0.50727; Media Center PC 5.0; .NET CLR 3.5.30729; .NET CLR 3.0.30729; .NET4.0C; InfoPath.2; AskTbORJ/5.15.23.36191)"
172.242.130.3 - - [19/Aug/2013:19:28:05 -0400] "GET /js/jquery.hoverIntent.js HTTP/1.1" 304 - "http://truthfortheworld.org/how-to-study-the-bible" "Mozilla/4.0 (compatible; MSIE 8.0; Windows NT 6.0; Trident/4.0; SLCC1; .NET CLR 2.0.50727; Media Center PC 5.0; .NET CLR 3.5.30729; .NET CLR 3.0.30729; .NET4.0C; InfoPath.2; AskTbORJ/5.15.23.36191)"
172.242.130.3 - - [19/Aug/2013:19:28:52 -0400] "GET /js/easySlider1.7.js HTTP/1.1" 304 - "http://truthfortheworld.org/god-has-joined-himself-to-the-bible" "Mozilla/4.0 (compatible; MSIE 8.0; Windows NT 6.0; Trident/4.0; SLCC1; .NET CLR 2.0.50727; Media Center PC 5.0; .NET CLR 3.5.30729; .NET CLR 3.0.30729; .NET4.0C; InfoPath.2; AskTbORJ/5.15.23.36191)"
172.242.130.3 - - [19/Aug/2013:19:28:51 -0400] "GET /js/jquery.smooth-scroll.min.js HTTP/1.1" 304 - "http://truthfortheworld.org/god-has-joined-himself-to-the-bible" "Mozilla/4.0 (compatible; MSIE 8.0; Windows NT 6.0; Trident/4.0; SLCC1; .NET CLR 2.0.50727; Media Center PC 5.0; .NET CLR 3.5.30729; .NET CLR 3.0.30729; .NET4.0C; InfoPath.2; AskTbORJ/5.15.23.36191)"
172.242.130.3 - - [19/Aug/2013:19:28:51 -0400] "GET /pix/google-plus.png HTTP/1.1" 304 - "http://truthfortheworld.org/god-has-joined-himself-to-the-bible" "Mozilla/4.0 (compatible; MSIE 8.0; Windows NT 6.0; Trident/4.0; SLCC1; .NET CLR 2.0.50727; Media Center PC 5.0; .NET CLR 3.5.30729; .NET CLR 3.0.30729; .NET4.0C; InfoPath.2; AskTbORJ/5.15.23.36191)"
