172.242.130.3 - - [19/Aug/2013:20:47:10 -0400] "GET /bcc/ HTTP/1.1" 304 - "-" "Mozilla/4.0 (compatible; MSIE 8.0; Windows NT 6.0; Trident/4.0; SLCC1; .NET CLR 2.0.50727; Media Center PC 5.0; .NET CLR 3.5.30729; .NET CLR 3.0.30729; .NET4.0C; InfoPath.2; AskTbORJ/5.15.23.36191)"
220.181.89.180 - - [19/Aug/2013:15:06:04 -0400] "GET /%E8%BF%BD%E6%B1%82 HTTP/1.1" 200 10710 "-" "Sogou web spider/4.0(+http://www.sogou.com/docs/help/webmasters.htm#07)"
71.85.246.108 - - [19/Aug/2013:15:15:52 -0400] "GET /css/sidebars.css HTTP/1.1" 200 8749 "http://truthfortheworld.org/topics" "Mozilla/5.0 (iPhone; CPU iPhone OS 6_1_3 like Mac OS X) AppleWebKit/536.26 (KHTML, like Gecko) Version/6.0 Mobile/10B329 Safari/8536.25"
71.85.246.108 - - [19/Aug/2013:15:15:52 -0400] "GET /js/jquery.smooth-scroll.min.js HTTP/1.1" 200 2648 "http://truthfortheworld.org/topics" "Mozilla/5.0 (iPhone; CPU iPhone OS 6_1_3 like Mac OS X) AppleWebKit/536.26 (KHTML, like Gecko) Version/6.0 Mobile/10B329 Safari/8536.25"
71.85.246.108 - - [19/Aug/2013:15:15:52 -0400] "GET /pix/bgtexture.jpg HTTP/1.1" 200 23844 "http://truthfortheworld.org/topics" "Mozilla/5.0 (iPhone; CPU iPhone OS 6_1_3 like Mac OS X) AppleWebKit/536.26 (KHTML, like Gecko) Version/6.0 Mobile/10B329 Safari/8536.25"
173.185.6.126 - - [19/Aug/2013:15:22:23 -0400] "GET /css/print.css HTTP/1.1" 200 437 "http://truthfortheworld.org/online-bcc" "Mozilla/5.0 (compatible; MSIE 10.0; Windows NT 6.1; WOW64; Trident/6.0)"
173.185.6.126 - - [19/Aug/2013:15:22:23 -0400] "GET /pix/youtube.png HTTP/1.1" 200 2803 "http://truthfortheworld.org/online-bcc" "Mozilla/5.0 (compatible; MSIE 10.0; Windows NT 6.1; WOW64; Trident/6.0)"
173.185.6.126 - - [19/Aug/2013:15:22:23 -0400] "GET /js/main.js HTTP/1.1" 200 9723 "http://truthfortheworld.org/online-bcc" "Mozilla/5.0 (compatible; MSIE 10.0; Windows NT 6.1; WOW64; Trident/6.0)"
173.185.6.126 - - [19/Aug/2013:15:22:24 -0400] "GET /css/header.css HTTP/1.1" 200 20687 "http://truthfortheworld.org/online-bcc" "Mozilla/5.0 (compatible; MSIE 10.0; Windows NT 6.1; WOW64; Trident/6.0)"
173.185.6.126 - - [19/Aug/2013:15:22:24 -0400] "GET /pix/bg_headdb.jpg HTTP/1.1" 200 3209 "http://truthfortheworld.org/online-bcc" "Mozilla/5.0 (compatible; MSIE 10.0; Windows NT 6.1; WOW64; Trident/6.0)"
173.185.6.126 - - [19/Aug/2013:15:22:24 -0400] "GET /pix/floatbar_bg.png HTTP/1.1" 200 4653 "http://truthfortheworld.org/online-bcc" "Mozilla/5.0 (compatible; MSIE 10.0; Windows NT 6.1; WOW64; Trident/6.0)"
173.185.6.126 - - [19/Aug/2013:15:22:24 -0400] "GET /pix/bg_headlb.jpg HTTP/1.1" 200 3277 "http://truthfortheworld.org/online-bcc" "Mozilla/5.0 (compatible; MSIE 10.0; Windows NT 6.1; WOW64; Trident/6.0)"
17.176.137.14 - - [19/Aug/2013:15:24:28 -0400] "HEAD /tftwpodcast.rss HTTP/1.1" 200 - "-" "iTMS"
17.176.137.14 - - [19/Aug/2013:15:24:29 -0400] "HEAD /tftwpodcast.rss HTTP/1.1" 200 - "-" "iTMS"
17.176.137.14 - - [19/Aug/2013:15:24:29 -0400] "GET /tftwpodcast.rss HTTP/1.1" 200 73579 "-" "iTMS"
17.176.137.14 - - [19/Aug/2013:15:24:29 -0400] "GET /tftwpodcast.rss HTTP/1.1" 200 73579 "-" "Jakarta Commons-HttpClient/3.0"
17.176.137.14 - - [19/Aug/2013:15:24:30 -0400] "HEAD /pix/podcastlogo.png HTTP/1.1" 200 - "-" "iTMS"
17.176.137.14 - - [19/Aug/2013:15:24:30 -0400] "GET /pix/podcastlogo.png HTTP/1.1" 200 4578 "-" "iTMS"
12.54.94.28 - - [19/Aug/2013:15:28:06 -0400] "GET /favicon.ico HTTP/1.1" 404 17146 "-" "Mozilla/4.0 (compatible; MSIE 8.0; Windows NT 5.1; Trident/4.0; .NET CLR 1.0.3705; .NET CLR 1.1.4322; .NET CLR 2.0.50727; .NET CLR 3.0.04506.30; .NET CLR 3.0.4506.2152; .NET CLR 3.5.30729; MS-RTC LM 8; .NET4.0C; .NET4.0E; InfoPath.1)"
12.54.94.28 - - [19/Aug/2013:15:28:10 -0400] "GET /js/html5shiv.js HTTP/1.1" 304 - "http://truthfortheworld.org/topics" "Mozilla/4.0 (compatible; MSIE 7.0; Windows NT 5.1; Trident/4.0; .NET CLR 1.0.3705; .NET CLR 1.1.4322; .NET CLR 2.0.50727; .NET CLR 3.0.04506.30; .NET CLR 3.0.4506.2152; .NET CLR 3.5.30729; MS-RTC LM 8; .NET4.0C; .NET4.0E; InfoPath.1)"
12.54.94.28 - - [19/Aug/2013:15:28:10 -0400] "GET /js/superfish.js HTTP/1.1" 304 - "http://truthfortheworld.org/topics" "Mozilla/4.0 (compatible; MSIE 7.0; Windows NT 5.1; Trident/4.0; .NET CLR 1.0.3705; .NET CLR 1.1.4322; .NET CLR 2.0.50727; .NET CLR 3.0.04506.30; .NET CLR 3.0.4506.2152; .NET CLR 3.5.30729; MS-RTC LM 8; .NET4.0C; .NET4.0E; InfoPath.1)"
12.54.94.28 - - [19/Aug/2013:15:28:11 -0400] "GET /css/reset.css HTTP/1.1" 304 - "http://truthfortheworld.org/topics" "Mozilla/4.0 (compatible; MSIE 7.0; Windows NT 5.1; Trident/4.0; .NET CLR 1.0.3705; .NET CLR 1.1.4322; .NET CLR 2.0.50727; .NET CLR 3.0.04506.30; .NET CLR 3.0.4506.2152; .NET CLR 3.5.30729; MS-RTC LM 8; .NET4.0C; .NET4.0E; InfoPath.1)"
12.54.94.28 - - [19/Aug/2013:15:28:11 -0400] "GET /pix/youtube.png HTTP/1.1" 304 - "http://truthfortheworld.org/topics" "Mozilla/4.0 (compatible; MSIE 7.0; Windows NT 5.1; Trident/4.0; .NET CLR 1.0.3705; .NET CLR 1.1.4322; .NET CLR 2.0.50727; .NET CLR 3.0.04506.30; .NET CLR 3.0.4506.2152; .NET CLR 3.5.30729; MS-RTC LM 8; .NET4.0C; .NET4.0E; InfoPath.1)"
76.20.70.57 - - [19/Aug/2013:15:29:35 -0400] "GET /css/reftagger.css HTTP/1.1" 200 1583 "http://truthfortheworld.org/css/bcc.css" "Mozilla/5.0 (Windows NT 6.1; WOW64; rv:23.0) Gecko/20100101 Firefox/23.0"
24.159.164.34 - - [19/Aug/2013:15:43:15 -0400] "GET /sandbox/popcorn/playback.html HTTP/1.1" 304 - "-" "Mozilla/5.0 (Windows NT 6.2; WOW64; rv:23.0) Gecko/20100101 Firefox/23.0"
24.159.164.34 - - [19/Aug/2013:15:43:15 -0400] "GET /sandbox/popcorn/bbb.playback.css HTTP/1.1" 304 - "http://truthfortheworld.org/sandbox/popcorn/playback.html" "Mozilla/5.0 (Windows NT 6.2; WOW64; rv:23.0) Gecko/20100101 Firefox/23.0"
24.159.164.34 - - [19/Aug/2013:15:43:16 -0400] "GET /sandbox/images/logo.png HTTP/1.1" 404 17122 "http://truthfortheworld.org/sandbox/popcorn/bbb.playback.css" "Mozilla/5.0 (Windows NT 6.2; WOW64; rv:23.0) Gecko/20100101 Firefox/23.0"
24.159.164.34 - - [19/Aug/2013:15:56:19 -0400] "GET /manager/templates/default/images/modx-theme/sizer/se-handle.gif HTTP/1.1" 200 853 "http://truthfortheworld.org/manager/?a=30&id=655" "Mozilla/5.0 (Windows NT 6.2; WOW64) AppleWebKit/537.36 (KHTML, like Gecko) Chrome/28.0.1500.95 Safari/537.36"
24.159.164.34 - - [19/Aug/2013:15:59:05 -0400] "GET /manager/min/index.php?f=/manager/assets/modext/widgets/modx.treedrop.js,/manager/assets/modext/widgets/windows.js,/manager/assets/modext/widgets/resource/modx.tree.resource.js,/manager/assets/modext/widgets/element/modx.tree.element.js,/manager/assets/modext/widgets/system/modx.tree.directory.js,/manager/assets/modext/core/modx.view.js,/manager/assets/modext/core/modx.layout.js HTTP/1.1" 304 - "http://truthfortheworld.org/manager/index.php?id=655&a=55&class_key=modDocument&parent=655&context_key=zh-tr" "Mozilla/5.0 (Windows NT 6.2; WOW64) AppleWebKit/537.36 (KHTML, like Gecko) Chrome/28.0.1500.95 Safari/537.36"
24.159.164.34 - - [19/Aug/2013:15:59:07 -0400] "POST /connectors/resource/index.php?action=getNodes&id=root HTTP/1.1" 200 2370 "http://truthfortheworld.org/manager/index.php?id=655&a=55&class_key=modDocument&parent=655&context_key=zh-tr" "Mozilla/5.0 (Windows NT 6.2; WOW64) AppleWebKit/537.36 (KHTML, like Gecko) Chrome/28.0.1500.95 Safari/537.36"
24.159.164.34 - - [19/Aug/2013:15:59:07 -0400] "POST /connectors/system/derivatives.php HTTP/1.1" 200 190 "http://truthfortheworld.org/manager/index.php?id=655&a=55&class_key=modDocument&parent=655&context_key=zh-tr" "Mozilla/5.0 (Windows NT 6.2; WOW64) AppleWebKit/537.36 (KHTML, like Gecko) Chrome/28.0.1500.95 Safari/537.36"
24.159.164.34 - - [19/Aug/2013:15:59:07 -0400] "GET /assets/components/tinymce/jscripts/tiny_mce/plugins/advimage/editor_plugin.js?v=222pl HTTP/1.1" 200 791 "http://truthfortheworld.org/manager/index.php?id=655&a=55&class_key=modDocument&parent=655&context_key=zh-tr" "Mozilla/5.0 (Windows NT 6.2; WOW64) AppleWebKit/537.36 (KHTML, like Gecko) Chrome/28.0.1500.95 Safari/537.36"
24.159.164.34 - - [19/Aug/2013:15:59:08 -0400] "GET /assets/components/tinymce/jscripts/tiny_mce/plugins/modxlink/editor_plugin.js?v=222pl HTTP/1.1" 200 1858 "http://truthfortheworld.org/manager/index.php?id=655&a=55&class_key=modDocument&parent=655&context_key=zh-tr" "Mozilla/5.0 (Windows NT 6.2; WOW64) AppleWebKit/537.36 (KHTML, like Gecko) Chrome/28.0.1500.95 Safari/537.36"
24.159.164.34 - - [19/Aug/2013:15:59:08 -0400] "GET /assets/components/tinymce/jscripts/tiny_mce/plugins/paste/editor_plugin.js?v=222pl HTTP/1.1" 200 13452 "http://truthfortheworld.org/manager/index.php?id=655&a=55&class_key=modDocument&parent=655&context_key=zh-tr" "Mozilla/5.0 (Windows NT 6.2; WOW64) AppleWebKit/537.36 (KHTML, like Gecko) Chrome/28.0.1500.95 Safari/537.36"
24.159.164.34 - - [19/Aug/2013:15:59:08 -0400] "GET /assets/components/tinymce/jscripts/tiny_mce/plugins/inlinepopups/editor_plugin.js?v=222pl HTTP/1.1" 200 11909 "http://truthfortheworld.org/manager/index.php?id=655&a=55&class_key=modDocument&parent=655&context_key=zh-tr" "Mozilla/5.0 (Windows NT 6.2; WOW64) AppleWebKit/537.36 (KHTML, like Gecko) Chrome/28.0.1500.95 Safari/537.36"
24.159.164.34 - - [19/Aug/2013:15:59:08 -0400] "GET /assets/components/tinymce/jscripts/tiny_mce/plugins/modxlink/langs/en.js?v=222pl HTTP/1.1" 200 68 "http://truthfortheworld.org/manager/index.php?id=655&a=55&class_key=modDocument&parent=655&context_key=zh-tr" "Mozilla/5.0 (Windows NT 6.2; WOW64) AppleWebKit/537.36 (KHTML, like Gecko) Chrome/28.0.1500.95 Safari/537.36"
24.159.164.34 - - [19/Aug/2013:15:59:08 -0400] "GET /assets/components/tinymce/jscripts/tiny_mce/plugins/inlinepopups/skins/clearlooks2/window.css?v=222pl HTTP/1.1" 200 6625 "http://truthfortheworld.org/manager/index.php?id=655&a=55&class_key=modDocument&parent=655&context_key=zh-tr" "Mozilla/5.0 (Windows NT 6.2; WOW64) AppleWebKit/537.36 (KHTML, like Gecko) Chrome/28.0.1500.95 Safari/537.36"
24.159.164.34 - - [19/Aug/2013:15:59:08 -0400] "GET /assets/components/tinymce/jscripts/tiny_mce/themes/advanced/skins/cirkuit/content.css HTTP/1.1" 200 3729 "-" "Mozilla/5.0 (Windows NT 6.2; WOW64) AppleWebKit/537.36 (KHTML, like Gecko) Chrome/28.0.1500.95 Safari/537.36"
24.159.164.34 - - [19/Aug/2013:15:59:08 -0400] "GET /assets/components/tinymce/jscripts/tiny_mce/themes/advanced/skins/cirkuit/img/butt2.png HTTP/1.1" 200 135 "http://truthfortheworld.org/manager/index.php?id=655&a=55&class_key=modDocument&parent=655&context_key=zh-tr" "Mozilla/5.0 (Windows NT 6.2; WOW64) AppleWebKit/537.36 (KHTML, like Gecko) Chrome/28.0.1500.95 Safari/537.36"
24.159.164.34 - - [19/Aug/2013:16:01:11 -0400] "POST /connectors/resource/index.php?action=getNodes&id=web_220&type=modResource HTTP/1.1" 200 171715 "http://truthfortheworld.org/manager/?a=30&id=220" "Mozilla/5.0 (Windows NT 6.2; WOW64) AppleWebKit/537.36 (KHTML, like Gecko) Chrome/28.0.1500.95 Safari/537.36"
24.159.164.34 - - [19/Aug/2013:16:03:44 -0400] "GET /manager/min/index.php?f=/manager/assets/modext/widgets/modx.treedrop.js,/manager/assets/modext/widgets/windows.js,/manager/assets/modext/widgets/resource/modx.tree.resource.js,/manager/assets/modext/widgets/element/modx.tree.element.js,/manager/assets/modext/widgets/system/modx.tree.directory.js,/manager/assets/modext/core/modx.view.js,/manager/assets/modext/core/modx.layout.js HTTP/1.1" 304 - "http://truthfortheworld.org/manager/index.php?a=23&id=8" "Mozilla/5.0 (Windows NT 6.2; WOW64) AppleWebKit/537.36 (KHTML, like Gecko) Chrome/28.0.1500.95 Safari/537.36"
24.159.164.34 - - [19/Aug/2013:16:03:46 -0400] "GET /favicon.ico HTTP/1.1" 404 17183 "-" "Mozilla/5.0 (Windows NT 6.2; WOW64) AppleWebKit/537.36 (KHTML, like Gecko) Chrome/28.0.1500.95 Safari/537.36"
24.159.164.34 - - [19/Aug/2013:16:03:46 -0400] "POST /connectors/element/index.php?action=getNodes&id=n_type_tv&type=tv HTTP/1.1" 200 2797 "http://truthfortheworld.org/manager/index.php?a=23&id=16" "Mozilla/5.0 (Windows NT 6.2; WOW64) AppleWebKit/537.36 (KHTML, like Gecko) Chrome/28.0.1500.95 Safari/537.36"
24.159.164.34 - - [19/Aug/2013:16:03:47 -0400] "POST /connectors/element/index.php?action=getNodes&id=n_chunk_category_5&type=chunk HTTP/1.1" 200 2007 "http://truthfortheworld.org/manager/index.php?a=23&id=16" "Mozilla/5.0 (Windows NT 6.2; WOW64) AppleWebKit/537.36 (KHTML, like Gecko) Chrome/28.0.1500.95 Safari/537.36"
24.159.164.34 - - [19/Aug/2013:16:03:48 -0400] "POST /connectors/system/registry/register.php HTTP/1.1" 200 61 "http://truthfortheworld.org/manager/index.php?a=23&id=16" "Mozilla/5.0 (Windows NT 6.2; WOW64) AppleWebKit/537.36 (KHTML, like Gecko) Chrome/28.0.1500.95 Safari/537.36"
24.159.164.34 - - [19/Aug/2013:16:03:50 -0400] "POST /connectors/system/registry/register.php HTTP/1.1" 200 61 "http://truthfortheworld.org/manager/index.php?a=23&id=16" "Mozilla/5.0 (Windows NT 6.2; WOW64) AppleWebKit/537.36 (KHTML, like Gecko) Chrome/28.0.1500.95 Safari/537.36"
108.59.8.70 - - [19/Aug/2013:16:08:41 -0400] "GET /blog/2013/04/26/blog/2012/11/07/blog/2012/09/21/blog/2012/09/21/blog/blog/2013/04/26/blog/2012/09/21/blog/2012/09/21/truth-for-the-world-starts-blog HTTP/1.0" 200 11285 "-" "Mozilla/5.0 (compatible; MJ12bot/v1.4.3; http://www.majestic12.co.uk/bot.php?+)"
24.159.164.34 - - [19/Aug/2013:16:12:20 -0400] "GET /connectors/lang.js.php?ctx=mgr&topic=topmenu,file,resource,resource&action=30 HTTP/1.1" 200 41729 "http://truthfortheworld.org/manager/index.php?a=30&id=1568" "Mozilla/5.0 (Windows NT 6.2; WOW64) AppleWebKit/537.36 (KHTML, like Gecko) Chrome/28.0.1500.95 Safari/537.36"
24.159.164.34 - - [19/Aug/2013:16:12:48 -0400] "GET /manager/min/index.php?f=/manager/assets/modext/widgets/modx.treedrop.js,/manager/assets/modext/widgets/windows.js,/manager/assets/modext/widgets/resource/modx.tree.resource.js,/manager/assets/modext/widgets/element/modx.tree.element.js,/manager/assets/modext/widgets/system/modx.tree.directory.js,/manager/assets/modext/core/modx.view.js,/manager/assets/modext/core/modx.layout.js HTTP/1.1" 304 - "http://truthfortheworld.org/manager/index.php?a=30&id=1568" "Mozilla/5.0 (Windows NT 6.2; WOW64) AppleWebKit/537.36 (KHTML, like Gecko) Chrome/28.0.1500.95 Safari/537.36"
24.159.164.34 - - [19/Aug/2013:16:12:50 -0400] "POST /connectors/system/registry/register.php HTTP/1.1" 200 5213 "http://truthfortheworld.org/manager/index.php?a=30&id=1568" "Mozilla/5.0 (Windows NT 6.2; WOW64) AppleWebKit/537.36 (KHTML, like Gecko) Chrome/28.0.1500.95 Safari/537.36"
108.59.8.70 - - [19/Aug/2013:16:15:51 -0400] "GET /blog/2013/04/26/blog/2012/11/07/blog/2012/09/21/blog/2012/09/21/blog/blog/blog2012/blog/2013/01/15/blog2013/04 HTTP/1.0" 200 11285 "-" "Mozilla/5.0 (compatible; MJ12bot/v1.4.3; http://www.majestic12.co.uk/bot.php?+)"
208.115.113.85 - - [19/Aug/2013:16:15:52 -0400] "GET /blog/tags/blog/tags/blog/tags/blog/tags/blogauthor/benjamin HTTP/1.1" 200 16458 "-" "Mozilla/5.0 (compatible; Ezooms/1.0; ezooms.bot@gmail.com)"
96.19.160.136 - - [19/Aug/2013:16:17:04 -0400] "GET /tag-server?tag=The+Bible&key=tags HTTP/1.1" 200 2101 "http://truthfortheworld.org/topics" "Mozilla/4.0 (compatible; MSIE 8.0; Windows NT 6.0; Trident/4.0; GTB7.5; SLCC1; .NET CLR 2.0.50727; .NET CLR 3.5.30729; .NET4.0C; ShopperReports 3.0.489.0; SRS_IT_E879027FB276545531AB91; .NET CLR 3.0.30729)"
108.59.8.70 - - [19/Aug/2013:16:18:13 -0400] "GET /blog/2013/04/26/blog/2012/11/07/blog/2012/09/21/blog/2012/09/21/blog/blog/blog2013/blog/2012/11/07/blog/2012/11/07/online-radio-station-launched HTTP/1.0" 200 11285 "-" "Mozilla/5.0 (compatible; MJ12bot/v1.4.3; http://www.majestic12.co.uk/bot.php?+)"
220.181.51.155 - - [19/Aug/2013:16:19:19 -0400] "HEAD /mp3/zh/mbfof06.mp3 HTTP/1.0" 200 - "-" "NSPlayer/10.0.0.4072 WMFSDK/10.0"
82.145.209.83 - - [19/Aug/2013:16:20:43 -0400] "GET /css/sidebars.css HTTP/1.1" 200 8749 "http://truthfortheworld.org/" "Opera/9.80 (J2ME/MIDP; Opera Mini/5.0.18635/30.3697; U; en) Presto/2.8.119 Version/11.10"
82.145.209.83 - - [19/Aug/2013:16:20:44 -0400] "GET /js/jquery.smooth-scroll.min.js HTTP/1.1" 200 2648 "http://truthfortheworld.org/" "Opera/9.80 (J2ME/MIDP; Opera Mini/5.0.18635/30.3697; U; en) Presto/2.8.119 Version/11.10"
82.145.209.83 - - [19/Aug/2013:16:22:37 -0400] "GET /pix/facebook.png HTTP/1.1" 200 2478 "http://truthfortheworld.org/roku-channel" "Opera/9.80 (J2ME/MIDP; Opera Mini/5.0.18635/30.3697; U; en) Presto/2.8.119 Version/11.10"
82.145.209.83 - - [19/Aug/2013:16:22:37 -0400] "GET /css/sidebars.css HTTP/1.1" 200 8749 "http://truthfortheworld.org/roku-channel" "Opera/9.80 (J2ME/MIDP; Opera Mini/5.0.18635/30.3697; U; en) Presto/2.8.119 Version/11.10"
24.159.164.34 - - [19/Aug/2013:16:22:47 -0400] "GET /manager/templates/default/images/restyle/icons/arrow_down.png HTTP/1.1" 304 - "http://truthfortheworld.org/manager/" "Mozilla/5.0 (Windows NT 6.2; WOW64) AppleWebKit/537.36 (KHTML, like Gecko) Chrome/28.0.1500.95 Safari/537.36"
24.159.164.34 - - [19/Aug/2013:16:22:47 -0400] "GET /manager/templates/default/images/restyle/icons/tv.png HTTP/1.1" 304 - "http://truthfortheworld.org/manager/?a=30&id=223" "Mozilla/5.0 (Windows NT 6.2; WOW64) AppleWebKit/537.36 (KHTML, like Gecko) Chrome/28.0.1500.95 Safari/537.36"
24.159.164.34 - - [19/Aug/2013:16:22:47 -0400] "GET /manager/templates/default/images/restyle/icons/folder.png HTTP/1.1" 304 - "http://truthfortheworld.org/manager/" "Mozilla/5.0 (Windows NT 6.2; WOW64) AppleWebKit/537.36 (KHTML, like Gecko) Chrome/28.0.1500.95 Safari/537.36"
24.159.164.34 - - [19/Aug/2013:16:22:47 -0400] "GET /manager/assets/ext3/resources/images/default/s.gif HTTP/1.1" 304 - "http://truthfortheworld.org/manager/" "Mozilla/5.0 (Windows NT 6.2; WOW64) AppleWebKit/537.36 (KHTML, like Gecko) Chrome/28.0.1500.95 Safari/537.36"
24.159.164.34 - - [19/Aug/2013:16:22:47 -0400] "POST /connectors/system/derivatives.php HTTP/1.1" 200 190 "http://truthfortheworld.org/manager/?a=30&id=223" "Mozilla/5.0 (Windows NT 6.2; WOW64) AppleWebKit/537.36 (KHTML, like Gecko) Chrome/28.0.1500.95 Safari/537.36"
24.159.164.34 - - [19/Aug/2013:16:22:48 -0400] "POST /connectors/element/index.php?action=getNodes&id=n_snippet_category_5&type=snippet HTTP/1.1" 200 285 "http://truthfortheworld.org/manager/?a=30&id=223" "Mozilla/5.0 (Windows NT 6.2; WOW64) AppleWebKit/537.36 (KHTML, like Gecko) Chrome/28.0.1500.95 Safari/537.36"
24.159.164.34 - - [19/Aug/2013:16:22:50 -0400] "POST /connectors/system/registry/register.php HTTP/1.1" 200 61 "http://truthfortheworld.org/manager/?a=30&id=223" "Mozilla/5.0 (Windows NT 6.2; WOW64) AppleWebKit/537.36 (KHTML, like Gecko) Chrome/28.0.1500.95 Safari/537.36"
108.59.8.70 - - [19/Aug/2013:16:23:52 -0400] "GET /blog/2013/04/26/blog/2012/11/07/blog/2012/09/21/blog/2012/09/21/blog2012/blog/2013/04/26/blog/2012/11/07/blog/2012/11/07/blog2013/03 HTTP/1.0" 200 11285 "-" "Mozilla/5.0 (compatible; MJ12bot/v1.4.3; http://www.majestic12.co.uk/bot.php?+)"
24.159.164.34 - - [19/Aug/2013:16:24:02 -0400] "GET /css/main.css HTTP/1.1" 304 - "http://zh-tr.truthfortheworld.org/%E9%8C%84%E9%9F%B3%E7%9A%84%E8%AA%B2%E7%A8%8B" "Mozilla/5.0 (Windows NT 6.2; WOW64) AppleWebKit/537.36 (KHTML, like Gecko) Chrome/28.0.1500.95 Safari/537.36"
24.159.164.34 - - [19/Aug/2013:16:24:02 -0400] "GET /pix/google-plus.png HTTP/1.1" 304 - "http://zh-tr.truthfortheworld.org/%E9%8C%84%E9%9F%B3%E7%9A%84%E8%AA%B2%E7%A8%8B" "Mozilla/5.0 (Windows NT 6.2; WOW64) AppleWebKit/537.36 (KHTML, like Gecko) Chrome/28.0.1500.95 Safari/537.36"
24.159.164.34 - - [19/Aug/2013:16:24:02 -0400] "GET /css/reset.css HTTP/1.1" 304 - "http://zh-tr.truthfortheworld.org/%E9%8C%84%E9%9F%B3%E7%9A%84%E8%AA%B2%E7%A8%8B" "Mozilla/5.0 (Windows NT 6.2; WOW64) AppleWebKit/537.36 (KHTML, like Gecko) Chrome/28.0.1500.95 Safari/537.36"
24.159.164.34 - - [19/Aug/2013:16:24:02 -0400] "GET /pix/uk.png HTTP/1.1" 304 - "http://zh-tr.truthfortheworld.org/%E9%8C%84%E9%9F%B3%E7%9A%84%E8%AA%B2%E7%A8%8B" "Mozilla/5.0 (Windows NT 6.2; WOW64) AppleWebKit/537.36 (KHTML, like Gecko) Chrome/28.0.1500.95 Safari/537.36"
24.159.164.34 - - [19/Aug/2013:16:24:02 -0400] "GET /pix/zh-tr.floatbar_bg_title.png HTTP/1.1" 304 - "http://zh-tr.truthfortheworld.org/%E9%8C%84%E9%9F%B3%E7%9A%84%E8%AA%B2%E7%A8%8B" "Mozilla/5.0 (Windows NT 6.2; WOW64) AppleWebKit/537.36 (KHTML, like Gecko) Chrome/28.0.1500.95 Safari/537.36"
220.181.51.157 - - [19/Aug/2013:16:24:19 -0400] "HEAD /mp3/zh/mbfof17.mp3 HTTP/1.0" 200 - "-" "NSPlayer/10.0.0.4072 WMFSDK/10.0"
220.181.51.156 - - [19/Aug/2013:16:24:59 -0400] "HEAD /mp3/zh/mbfof20.mp3 HTTP/1.0" 200 - "-" "NSPlayer/10.0.0.4072 WMFSDK/10.0"
108.59.8.70 - - [19/Aug/2013:16:26:13 -0400] "GET /blog/2013/04/26/blog/2012/11/07/blog/2012/09/21/blog/2012/09/21/blog2012/blog/2013/04/26/blog/2013/01/15/blog/2013/01/15/blog2013/03 HTTP/1.0" 200 11285 "-" "Mozilla/5.0 (compatible; MJ12bot/v1.4.3; http://www.majestic12.co.uk/bot.php?+)"
82.145.210.162 - - [19/Aug/2013:16:28:04 -0400] "GET /what-is-acceptable-prayer HTTP/1.1" 200 17051 "-" "Opera/9.80 (VRE; Opera Mini/4.2/30.3697; U; en) Presto/2.8.119 Version/11.10"
82.145.210.162 - - [19/Aug/2013:16:28:06 -0400] "GET /css/reset.css HTTP/1.1" 200 1173 "http://truthfortheworld.org/what-is-acceptable-prayer" "Opera/9.80 (VRE; Opera Mini/4.2/30.3697; U; en) Presto/2.8.119 Version/11.10"
82.145.210.162 - - [19/Aug/2013:16:28:07 -0400] "GET /pix/littleball.png HTTP/1.1" 200 1639 "http://truthfortheworld.org/what-is-acceptable-prayer" "Opera/9.80 (VRE; Opera Mini/4.2/30.3697; U; en) Presto/2.8.119 Version/11.10"
82.145.210.162 - - [19/Aug/2013:16:28:07 -0400] "GET /pix/youtube.png HTTP/1.1" 200 2803 "http://truthfortheworld.org/what-is-acceptable-prayer" "Opera/9.80 (VRE; Opera Mini/4.2/30.3697; U; en) Presto/2.8.119 Version/11.10"
198.105.219.55 - - [19/Aug/2013:16:29:00 -0400] "HEAD / HTTP/1.1" 200 - "-" "checks.panopta.com"
96.19.160.136 - - [19/Aug/2013:16:31:53 -0400] "GET /topics HTTP/1.1" 200 15516 "http://truthfortheworld.org/tracts" "Mozilla/4.0 (compatible; MSIE 8.0; Windows NT 6.0; Trident/4.0; GTB7.5; SLCC1; .NET CLR 2.0.50727; .NET CLR 3.5.30729; .NET4.0C; ShopperReports 3.0.489.0; SRS_IT_E879027FB276545531AB91; .NET CLR 3.0.30729)"
24.159.164.34 - - [19/Aug/2013:16:32:37 -0400] "POST /bcc/teachers/FormatEmail.php HTTP/1.1" 200 3514 "http://truthfortheworld.org/bcc/courses/bcc_bbs_l6.html" "Mozilla/5.0 (Windows NT 6.2; WOW64) AppleWebKit/537.36 (KHTML, like Gecko) Chrome/28.0.1500.95 Safari/537.36"
24.159.164.34 - - [19/Aug/2013:16:32:38 -0400] "GET /favicon.ico HTTP/1.1" 404 17160 "-" "Mozilla/5.0 (Windows NT 6.2; WOW64) AppleWebKit/537.36 (KHTML, like Gecko) Chrome/28.0.1500.95 Safari/537.36"
188.141.106.237 - - [19/Aug/2013:16:32:59 -0400] "GET /pix/email.png HTTP/1.1" 200 1157 "http://truthfortheworld.org/bfof-ch4" "Opera/9.80 (Windows NT 6.1) Presto/2.12.388 Version/12.16"
63.210.44.13 - - [19/Aug/2013:16:45:13 -0400] "GET /favicon.ico HTTP/1.1" 404 17075 "-" "Mozilla/5.0 (Windows NT 6.1; WOW64) AppleWebKit/537.36 (KHTML, like Gecko) Chrome/28.0.1500.95 Safari/537.36"
24.159.164.34 - - [19/Aug/2013:16:45:57 -0400] "GET /manager/index.php?a=30&id=1568 HTTP/1.1" 200 47496 "http://truthfortheworld.org/manager/index.php?a=30&id=655" "Mozilla/5.0 (Windows NT 6.2; WOW64) AppleWebKit/537.36 (KHTML, like Gecko) Chrome/28.0.1500.95 Safari/537.36"
24.159.164.34 - - [19/Aug/2013:16:45:59 -0400] "GET /manager/assets/ext3/resources/css/ext-all-notheme-min.css HTTP/1.1" 304 - "http://truthfortheworld.org/manager/" "Mozilla/5.0 (Windows NT 6.2; WOW64) AppleWebKit/537.36 (KHTML, like Gecko) Chrome/28.0.1500.95 Safari/537.36"
24.159.164.34 - - [19/Aug/2013:16:45:59 -0400] "GET /manager/min/index.php?f=/manager/assets/modext/widgets/modx.treedrop.js,/manager/assets/modext/widgets/windows.js,/manager/assets/modext/widgets/resource/modx.tree.resource.js,/manager/assets/modext/widgets/element/modx.tree.element.js,/manager/assets/modext/widgets/system/modx.tree.directory.js,/manager/assets/modext/core/modx.view.js,/manager/assets/modext/core/modx.layout.js HTTP/1.1" 200 23476 "http://truthfortheworld.org/manager/index.php?a=30&id=1568" "Mozilla/5.0 (Windows NT 6.2; WOW64) AppleWebKit/537.36 (KHTML, like Gecko) Chrome/28.0.1500.95 Safari/537.36"
220.181.108.184 - - [19/Aug/2013:17:02:47 -0400] "GET /HTML/BCC/bible_courses.html HTTP/1.1" 301 263 "-" "Mozilla/5.0 (compatible; Baiduspider/2.0; +http://www.baidu.com/search/spider.html)"
75.138.18.206 - - [19/Aug/2013:17:10:15 -0400] "GET /favicon.ico HTTP/1.1" 404 17146 "-" "Mozilla/5.0 (compatible; MSIE 9.0; Windows NT 6.0; WOW64; Trident/5.0)"
90.209.75.10 - - [19/Aug/2013:17:15:41 -0400] "POST /bcc/teachers/FormatEmail.php HTTP/1.1" 200 4180 "http://truthfortheworld.org/bcc/courses/bcc_ots_l11.html" "Mozilla/5.0 (compatible; MSIE 9.0; Windows NT 6.1; WOW64; Trident/5.0; yie9)"
71.106.151.101 - - [19/Aug/2013:17:21:52 -0400] "GET /bcc/courses/bcc_adv_l4.html HTTP/1.1" 200 19840 "http://truthfortheworld.org/bcc/" "Mozilla/5.0 (compatible; MSIE 10.0; Windows NT 6.1; WOW64; Trident/6.0)"
199.187.122.91 - - [19/Aug/2013:17:30:03 -0400] "GET /topics HTTP/1.1" 200 15516 "-" "Mozilla/4.0 (compatible; MSIE 6.0; Windows NT 5.1; SV1; .NET CLR 2.0.50727)"
199.187.122.91 - - [19/Aug/2013:17:30:39 -0400] "GET /saved-like-a-thief HTTP/1.1" 200 18037 "-" "Mozilla/4.0 (compatible; MSIE 6.0; Windows NT 5.1; SV1; .NET CLR 2.0.50727)"
199.187.122.91 - - [19/Aug/2013:17:30:42 -0400] "GET /blog/2013/03/19/mission-trip-to-peru/ HTTP/1.1" 200 17839 "-" "Mozilla/4.0 (compatible; MSIE 6.0; Windows NT 5.1; SV1; .NET CLR 2.0.50727)"
199.187.122.91 - - [19/Aug/2013:17:30:45 -0400] "GET /QA/Q474.htm HTTP/1.1" 404 17075 "-" "Mozilla/4.0 (compatible; MSIE 6.0; Windows NT 5.1; SV1; .NET CLR 2.0.50727)"
157.55.35.76 - - [19/Aug/2013:17:34:13 -0400] "GET /roman-catholic-church HTTP/1.1" 200 19797 "-" "Mozilla/5.0 (compatible; bingbot/2.0; +http://www.bing.com/bingbot.htm)"
129.119.233.66 - - [19/Aug/2013:17:34:50 -0400] "GET /bcc/courses/bcc_ots_l11.html HTTP/1.1" 200 23241 "http://www.google.com/url?sa=t&rct=j&q=&esrc=s&source=web&cd=8&ved=0CG4QFjAH&url=http%3A%2F%2Ftruthfortheworld.org%2Fbcc%2Fcourses%2Fbcc_ots_l11.html&ei=S48SUsj_D-Ly2QW7pIGYBw&usg=AFQjCNGv3I3I-IdeKRA0Ya4DeBQ0p1AVeQ&sig2=y0a8zSaQbsp6XUy0QaeQ7A" "Mozilla/5.0 (Macintosh; Intel Mac OS X 10.8; rv:22.0) Gecko/20100101 Firefox/22.0"
129.119.233.66 - - [19/Aug/2013:17:34:50 -0400] "GET /css/bcc.css HTTP/1.1" 200 3352 "http://truthfortheworld.org/bcc/courses/bcc_ots_l11.html" "Mozilla/5.0 (Macintosh; Intel Mac OS X 10.8; rv:22.0) Gecko/20100101 Firefox/22.0"
129.119.233.66 - - [19/Aug/2013:17:34:50 -0400] "GET /css/reset.css HTTP/1.1" 200 1173 "http://truthfortheworld.org/css/bcc.css" "Mozilla/5.0 (Macintosh; Intel Mac OS X 10.8; rv:22.0) Gecko/20100101 Firefox/22.0"
129.119.233.66 - - [19/Aug/2013:17:34:50 -0400] "GET /pix/bgtexture.jpg HTTP/1.1" 200 23844 "http://truthfortheworld.org/css/bcc.css" "Mozilla/5.0 (Macintosh; Intel Mac OS X 10.8; rv:22.0) Gecko/20100101 Firefox/22.0"
129.119.233.66 - - [19/Aug/2013:17:34:50 -0400] "GET /favicon.ico HTTP/1.1" 404 17075 "-" "Mozilla/5.0 (Macintosh; Intel Mac OS X 10.8; rv:22.0) Gecko/20100101 Firefox/22.0"
24.119.15.164 - - [19/Aug/2013:17:59:03 -0400] "GET /css/print.css HTTP/1.1" 200 437 "http://truthfortheworld.org/is-hand-clapping-scriptural" "Mozilla/5.0 (compatible; MSIE 10.0; Windows NT 6.1; Trident/6.0)"
24.119.15.164 - - [19/Aug/2013:17:59:03 -0400] "GET /pix/facebook.png HTTP/1.1" 200 2478 "http://truthfortheworld.org/is-hand-clapping-scriptural" "Mozilla/5.0 (compatible; MSIE 10.0; Windows NT 6.1; Trident/6.0)"
24.119.15.164 - - [19/Aug/2013:17:59:03 -0400] "GET /js/jquery.smooth-scroll.min.js HTTP/1.1" 200 2648 "http://truthfortheworld.org/is-hand-clapping-scriptural" "Mozilla/5.0 (compatible; MSIE 10.0; Windows NT 6.1; Trident/6.0)"
172.242.130.3 - - [19/Aug/2013:06:01:31 -0400] "GET /pix/asc.png HTTP/1.1" 304 - "-" "Mozilla/4.0 (compatible; MSIE 8.0; Windows NT 6.0; Trident/4.0; SLCC1; .NET CLR 2.0.50727; Media Center PC 5.0; .NET CLR 3.5.30729; .NET CLR 3.0.30729; .NET4.0C; InfoPath.2; AskTbORJ/5.15.23.36191)"
172.242.130.3 - - [19/Aug/2013:06:01:48 -0400] "GET /css/header.css HTTP/1.1" 304 - "http://truthfortheworld.org/goodness-of-god-part-1" "Mozilla/4.0 (compatible; MSIE 8.0; Windows NT 6.0; Trident/4.0; SLCC1; .NET CLR 2.0.50727; Media Center PC 5.0; .NET CLR 3.5.30729; .NET CLR 3.0.30729; .NET4.0C; InfoPath.2; AskTbORJ/5.15.23.36191)"
172.242.130.3 - - [19/Aug/2013:06:02:06 -0400] "GET /pix/bg.png HTTP/1.1" 304 - "http://truthfortheworld.org/goodness-of-god-part-1" "Mozilla/4.0 (compatible; MSIE 8.0; Windows NT 6.0; Trident/4.0; SLCC1; .NET CLR 2.0.50727; Media Center PC 5.0; .NET CLR 3.5.30729; .NET CLR 3.0.30729; .NET4.0C; InfoPath.2; AskTbORJ/5.15.23.36191)"
172.242.130.3 - - [19/Aug/2013:06:02:06 -0400] "GET /pix/shade.png HTTP/1.1" 304 - "http://truthfortheworld.org/goodness-of-god-part-1" "Mozilla/4.0 (compatible; MSIE 8.0; Windows NT 6.0; Trident/4.0; SLCC1; .NET CLR 2.0.50727; Media Center PC 5.0; .NET CLR 3.5.30729; .NET CLR 3.0.30729; .NET4.0C; InfoPath.2; AskTbORJ/5.15.23.36191)"
208.115.111.69 - - [19/Aug/2013:06:03:09 -0400] "GET /blogauthor/blog/2012/09/21/tftw-app-launched/blog/tags/blog/tags/blog2013/04 HTTP/1.1" 200 16338 "-" "Mozilla/5.0 (compatible; Ezooms/1.0; ezooms.bot@gmail.com)"
172.242.130.3 - - [19/Aug/2013:06:03:29 -0400] "GET /bcc/images/logo.jpg HTTP/1.1" 304 - "http://truthfortheworld.org/bcc/courses/bcc_ots_l11.html" "Mozilla/4.0 (compatible; MSIE 8.0; Windows NT 6.0; Trident/4.0; SLCC1; .NET CLR 2.0.50727; Media Center PC 5.0; .NET CLR 3.5.30729; .NET CLR 3.0.30729; .NET4.0C; InfoPath.2; AskTbORJ/5.15.23.36191)"
141.0.8.86 - - [19/Aug/2013:06:10:37 -0400] "GET /css/main.css HTTP/1.1" 200 29927 "http://id.truthfortheworld.org/obat-obat-terlarang-dan-lkohol" "Opera/9.80 (J2ME/MIDP; Opera Mini/4.2/30.3697; U; en) Presto/2.8.119 Version/11.10"
141.0.8.86 - - [19/Aug/2013:06:10:37 -0400] "GET /pix/favicon.ico HTTP/1.1" 200 1150 "http://id.truthfortheworld.org/obat-obat-terlarang-dan-lkohol" "Opera/9.80 (J2ME/MIDP; Opera Mini/4.2/30.3697; U; en) Presto/2.8.119 Version/11.10"
114.79.13.143 - - [19/Aug/2013:06:27:40 -0400] "GET /sabda-hidup HTTP/1.1" 200 11291 "http://id.truthfortheworld.org/pelajaran" "Mozilla/5.0 (Windows NT 6.2; WOW64) AppleWebKit/537.36 (KHTML, like Gecko) Chrome/28.0.1500.95 Safari/537.36"
208.115.113.83 - - [19/Aug/2013:06:27:45 -0400] "GET /robots.txt HTTP/1.1" 200 392 "-" "Mozilla/5.0 (compatible; Ezooms/1.0; ezooms.bot@gmail.com)"
49.145.156.218 - - [19/Aug/2013:06:28:01 -0400] "GET /pix/youtube.png HTTP/1.1" 200 2803 "http://truthfortheworld.org/" "Mozilla/5.0 (Windows NT 5.1; rv:19.0) Gecko/20100101 Firefox/19.0"
49.145.156.218 - - [19/Aug/2013:06:28:02 -0400] "GET /js/superfish.js HTTP/1.1" 200 6728 "http://truthfortheworld.org/" "Mozilla/5.0 (Windows NT 5.1; rv:19.0) Gecko/20100101 Firefox/19.0"
172.242.130.3 - - [19/Aug/2013:06:32:37 -0400] "GET /bcc/images/logo.jpg HTTP/1.1" 304 - "http://truthfortheworld.org/bcc/courses/bcc_ots_l14.html" "Mozilla/4.0 (compatible; MSIE 8.0; Windows NT 6.0; Trident/4.0; SLCC1; .NET CLR 2.0.50727; Media Center PC 5.0; .NET CLR 3.5.30729; .NET CLR 3.0.30729; .NET4.0C; InfoPath.2; AskTbORJ/5.15.23.36191)"
208.115.113.85 - - [19/Aug/2013:06:50:23 -0400] "GET /robots.txt HTTP/1.1" 404 171 "-" "Mozilla/5.0 (compatible; Ezooms/1.0; ezooms.bot@gmail.com)"
208.115.113.85 - - [19/Aug/2013:06:50:23 -0400] "GET /robots.txt HTTP/1.1" 404 171 "-" "Mozilla/5.0 (compatible; Ezooms/1.0; ezooms.bot@gmail.com)"
27.154.188.176 - - [19/Aug/2013:06:59:21 -0400] "GET /blog/2013/03/19/mission-trip-to-peru/ HTTP/1.1" 200 17839 "-" "Mozilla/4.0 (compatible; MSIE 6.0; Windows NT 5.1)"
93.153.32.125 - - [19/Aug/2013:07:03:30 -0400] "GET /css/footer.css HTTP/1.1" 200 3501 "http://id.truthfortheworld.org/anugerah-allah" "Mozilla/5.0 (Linux; U; Android 2.2; in-id; GT-P1000 Build/FROYO) AppleWebKit/533.1 (KHTML, like Gecko) Version/4.0 Mobile Safari/533.1"
93.153.32.125 - - [19/Aug/2013:07:03:31 -0400] "GET /js/main.js HTTP/1.1" 200 9723 "http://id.truthfortheworld.org/anugerah-allah" "Mozilla/5.0 (Linux; U; Android 2.2; in-id; GT-P1000 Build/FROYO) AppleWebKit/533.1 (KHTML, like Gecko) Version/4.0 Mobile Safari/533.1"
93.153.32.125 - - [19/Aug/2013:07:03:31 -0400] "GET /pix/cn_lg.png HTTP/1.1" 200 793 "http://id.truthfortheworld.org/anugerah-allah" "Mozilla/5.0 (Linux; U; Android 2.2; in-id; GT-P1000 Build/FROYO) AppleWebKit/533.1 (KHTML, like Gecko) Version/4.0 Mobile Safari/533.1"
206.53.148.16 - - [19/Aug/2013:07:11:45 -0400] "GET /favicon.ico HTTP/1.1" 404 171 "http://id.truthfortheworld.org/obat-obat-terlarang-dan-lkohol" "BlackBerry8520/5.0.0.681 Profile/MIDP-2.1 Configuration/CLDC-1.1 VendorID/603"
197.87.194.84 - - [19/Aug/2013:07:12:03 -0400] "GET /css/reftagger.css HTTP/1.1" 200 1583 "http://truthfortheworld.org/bcc/" "Mozilla/5.0 (Windows NT 5.1) AppleWebKit/537.36 (KHTML, like Gecko) Chrome/28.0.1500.95 Safari/537.36"
197.87.194.84 - - [19/Aug/2013:07:12:03 -0400] "GET /bcc/images/logo.jpg HTTP/1.1" 200 10578 "http://truthfortheworld.org/bcc/" "Mozilla/5.0 (Windows NT 5.1) AppleWebKit/537.36 (KHTML, like Gecko) Chrome/28.0.1500.95 Safari/537.36"
197.87.194.84 - - [19/Aug/2013:07:12:05 -0400] "GET /favicon.ico HTTP/1.1" 404 17136 "-" "Mozilla/5.0 (Windows NT 5.1) AppleWebKit/537.36 (KHTML, like Gecko) Chrome/28.0.1500.95 Safari/537.36"
182.239.102.146 - - [19/Aug/2013:07:13:05 -0400] "GET /favicon.ico HTTP/1.1" 404 171 "-" "Dolphin http client/10.0.1(230) (Android)"
36.77.5.222 - - [19/Aug/2013:07:39:20 -0400] "GET /pix/id.brightball.jpg HTTP/1.1" 200 7542 "http://truthfortheworld.org/css/header.css" "Mozilla/5.0 (Windows NT 5.1; rv:23.0) Gecko/20100101 Firefox/23.0"
36.77.5.222 - - [19/Aug/2013:07:39:20 -0400] "GET /pix/floatbar_bg.png HTTP/1.1" 200 4653 "http://truthfortheworld.org/css/header.css" "Mozilla/5.0 (Windows NT 5.1; rv:23.0) Gecko/20100101 Firefox/23.0"
180.76.5.186 - - [19/Aug/2013:07:44:39 -0400] "GET /pdf/tracts/137_let_confessing-christ.pdf HTTP/1.1" 200 310321 "-" "Mozilla/5.0 (Windows NT 5.1; rv:6.0.2) Gecko/20100101 Firefox/6.0.2"
114.79.1.184 - - [19/Aug/2013:07:45:25 -0400] "GET /css/print.css HTTP/1.1" 200 437 "http://id.truthfortheworld.org/suap" "Mozilla/5.0 (Windows NT 6.1; rv:23.0) Gecko/20100101 Firefox/23.0"
202.167.250.51 - - [19/Aug/2013:07:46:08 -0400] "GET /css/footer.css HTTP/1.1" 200 3501 "http://id.truthfortheworld.org/obat-obat-terlarang-dan-lkohol" "Mozilla/5.0 (compatible; MSIE 9.0; Windows NT 6.1; WOW64; Trident/5.0)"
202.167.250.51 - - [19/Aug/2013:07:46:10 -0400] "GET /pix/bg_headdb.jpg HTTP/1.1" 200 3209 "http://id.truthfortheworld.org/obat-obat-terlarang-dan-lkohol" "Mozilla/5.0 (compatible; MSIE 9.0; Windows NT 6.1; WOW64; Trident/5.0)"
202.167.250.51 - - [19/Aug/2013:07:46:10 -0400] "GET /pix/cn.png HTTP/1.1" 200 472 "http://id.truthfortheworld.org/obat-obat-terlarang-dan-lkohol" "Mozilla/5.0 (compatible; MSIE 9.0; Windows NT 6.1; WOW64; Trident/5.0)"
202.167.250.51 - - [19/Aug/2013:07:46:11 -0400] "GET /pix/id.brightball.jpg HTTP/1.1" 200 7542 "http://id.truthfortheworld.org/obat-obat-terlarang-dan-lkohol" "Mozilla/5.0 (compatible; MSIE 9.0; Windows NT 6.1; WOW64; Trident/5.0)"
202.167.250.51 - - [19/Aug/2013:07:46:13 -0400] "GET /pix/earth.jpg HTTP/1.1" 200 13099 "http://id.truthfortheworld.org/obat-obat-terlarang-dan-lkohol" "Mozilla/5.0 (compatible; MSIE 9.0; Windows NT 6.1; WOW64; Trident/5.0)"
68.69.66.160 - - [19/Aug/2013:07:46:15 -0400] "GET /bible_course.html HTTP/1.1" 404 17075 "-" "Mozilla/5.0 (Windows NT 6.0; rv:23.0) Gecko/20100101 Firefox/23.0"
68.69.66.160 - - [19/Aug/2013:07:46:17 -0400] "GET /pix/pan_webinar.jpg HTTP/1.1" 304 - "http://truthfortheworld.org/bible_course.html" "Mozilla/5.0 (Windows NT 6.0; rv:23.0) Gecko/20100101 Firefox/23.0"
114.79.1.184 - - [19/Aug/2013:07:47:21 -0400] "GET /pix/swirl.png HTTP/1.1" 200 1619 "http://truthfortheworld.org/css/main.css" "Mozilla/5.0 (Windows NT 6.1; rv:23.0) Gecko/20100101 Firefox/23.0"
114.79.1.184 - - [19/Aug/2013:07:47:21 -0400] "GET /pix/email.png HTTP/1.1" 200 1157 "http://id.truthfortheworld.org/suap" "Mozilla/5.0 (Windows NT 6.1; rv:23.0) Gecko/20100101 Firefox/23.0"
197.242.115.149 - - [19/Aug/2013:07:50:49 -0400] "GET /js/jquery.hoverIntent.js HTTP/1.1" 200 4944 "http://truthfortheworld.org/why-are-there-so-many-churches" "Mozilla/5.0 (Windows NT 5.1; rv:12.0) Gecko/20100101 Firefox/12.0"
198.105.219.55 - - [19/Aug/2013:07:59:11 -0400] "HEAD / HTTP/1.1" 200 - "-" "checks.panopta.com"
180.246.182.136 - - [19/Aug/2013:08:26:07 -0400] "GET /pix/youtube.png HTTP/1.0" 200 2803 "http://id.truthfortheworld.org/euthanasia" "Mozilla/5.0 (Linux; Android 4.1.2; GT-I9082 Build/JZO54K) AppleWebKit/535.19 (KHTML, like Gecko) Chrome/18.0.1025.166 Mobile Safari/535.19"
46.119.118.152 - - [19/Aug/2013:08:28:24 -0400] "GET /science-proves-the-bible HTTP/1.1" 200 19130 "http://www.koskam.ru/" "Mozilla/3.0 (compatible; WebCapture 2.0; Auto; Windows)"
197.173.114.207 - - [19/Aug/2013:08:34:49 -0400] "GET /online-bcc HTTP/1.1" 200 9593 "-" "Mozilla/5.0 (Linux; U; Android 2.3.4; en-us; MID Build/GRJ22) AppleWebKit/533.1 (KHTML, like Gecko) Version/4.0 Mobile Safari/533.1"
66.249.75.153 - - [19/Aug/2013:08:40:17 -0400] "GET /index.php?id=100 HTTP/1.1" 301 - "-" "Mozilla/5.0 (compatible; Googlebot/2.1; +http://www.google.com/bot.html)"
208.115.113.85 - - [19/Aug/2013:08:41:35 -0400] "GET /blogauthor/blog/2012/09/21/truth-for-the-world-starts-blog/blog/2012/09/21/tftw-app-launched/blog/tags/blog/tags/blog/tags/blog/tags/blog/2013/04/26/a-somewhat-missed-opportunity/ HTTP/1.1" 200 16338 "-" "Mozilla/5.0 (compatible; Ezooms/1.0; ezooms.bot@gmail.com)"
208.115.113.85 - - [19/Aug/2013:08:42:02 -0400] "GET /mengakui-kristus HTTP/1.1" 200 12284 "-" "Mozilla/5.0 (compatible; Ezooms/1.0; ezooms.bot@gmail.com)"
108.239.189.43 - - [19/Aug/2013:08:43:54 -0400] "GET /favicon.ico HTTP/1.1" 404 17122 "-" "Mozilla/5.0 (Windows NT 6.1) AppleWebKit/537.36 (KHTML, like Gecko) Chrome/28.0.1500.95 Safari/537.36"
37.228.105.20 - - [19/Aug/2013:08:59:50 -0400] "GET /css/header.css HTTP/1.1" 200 20687 "http://truthfortheworld.org/foolishness-of-god" "Opera/9.80 (J2ME/MIDP; Opera Mini/7.1.32052/30.3697; U; en) Presto/2.8.119 Version/11.10"
37.228.105.20 - - [19/Aug/2013:08:59:50 -0400] "GET /pix/bg_headdb.jpg HTTP/1.1" 200 3209 "http://truthfortheworld.org/foolishness-of-god" "Opera/9.80 (J2ME/MIDP; Opera Mini/7.1.32052/30.3697; U; en) Presto/2.8.119 Version/11.10"
37.228.105.20 - - [19/Aug/2013:08:59:50 -0400] "GET /js/jquery.hoverIntent.js HTTP/1.1" 200 4944 "http://truthfortheworld.org/foolishness-of-god" "Opera/9.80 (J2ME/MIDP; Opera Mini/7.1.32052/30.3697; U; en) Presto/2.8.119 Version/11.10"
141.0.8.61 - - [19/Aug/2013:12:05:00 -0400] "GET /bernyanyi-dalam-ibadah HTTP/1.1" 200 14285 "-" "Opera/9.80 (Series 60; Opera Mini/7.1.32445/30.3697; U; id) Presto/2.8.119 Version/11.10"
190.185.123.137 - - [19/Aug/2013:12:08:10 -0400] "GET /bible_courses.html HTTP/1.1" 200 288 "http://www.bibleschoolresources.net/index.html" "Mozilla/4.0 (compatible; MSIE 8.0; Windows NT 6.1; Trident/4.0; SLCC2; .NET CLR 2.0.50727; .NET CLR 3.5.30729; .NET CLR 3.0.30729; Media Center PC 6.0; InfoPath.2)"
190.185.123.137 - - [19/Aug/2013:12:08:11 -0400] "GET /favicon.ico HTTP/1.1" 404 17146 "-" "Mozilla/4.0 (compatible; MSIE 8.0; Windows NT 6.1; Trident/4.0; SLCC2; .NET CLR 2.0.50727; .NET CLR 3.5.30729; .NET CLR 3.0.30729; Media Center PC 6.0; InfoPath.2)"
208.115.113.85 - - [19/Aug/2013:12:17:20 -0400] "GET /blogauthor/blog/2012/09/21/tftw-app-launched/blog/2012/09/21/tftw-app-launched/blog/2012/09/21/truth-for-the-world-starts-blog/blog/tags/blog/tags/blog/tags/blog/tags/blog/tags/mission+trips HTTP/1.1" 200 16338 "-" "Mozilla/5.0 (compatible; Ezooms/1.0; ezooms.bot@gmail.com)"
208.115.113.85 - - [19/Aug/2013:12:17:39 -0400] "GET /bcc/courses/bcc_cob_l6.html HTTP/1.1" 200 19827 "-" "Mozilla/5.0 (compatible; Ezooms/1.0; ezooms.bot@gmail.com)"
141.0.15.15 - - [19/Aug/2013:12:21:37 -0400] "GET /suami-dan-ayah HTTP/1.1" 200 26384 "http://www.google.com/search?client=ms-opera-mini&channel=new&gws_rd=cr&hl=id&ie=UTF-8&q=mana+lebih+penting+suami+atau+ayah" "Opera/9.80 (BlackBerry; Opera Mini/7.1.33553/30.3697; U; id) Presto/2.8.119 Version/11.10"
144.76.95.39 - - [19/Aug/2013:12:27:25 -0400] "GET /blog/2013/04/26/blog/2012/11/07/blog/2012/09/21/blog/2012/09/21/blog/blog/blog2013/blog2012/blog2012/09 HTTP/1.0" 200 11285 "-" "Mozilla/5.0 (compatible; MJ12bot/v1.4.3; http://www.majestic12.co.uk/bot.php?+)"
144.76.95.39 - - [19/Aug/2013:12:31:40 -0400] "GET /blog/2013/04/26/blog/2012/11/07/blog/2012/09/21/blog/2012/09/21/blog2012/blog/2012/09/21/blog/2013/01/15/blog2013/blog/feed.rss HTTP/1.0" 200 11285 "-" "Mozilla/5.0 (compatible; MJ12bot/v1.4.3; http://www.majestic12.co.uk/bot.php?+)"
144.76.95.39 - - [19/Aug/2013:12:34:39 -0400] "GET /blog/2013/04/26/blog/2012/11/07/blog/2012/09/21/blog/2012/09/21/blog2012/blog/2012/09/21/blog/2013/03/19/blog/2012/09/21/truth-for-the-world-starts-blog HTTP/1.0" 200 11285 "-" "Mozilla/5.0 (compatible; MJ12bot/v1.4.3; http://www.majestic12.co.uk/bot.php?+)"
41.116.146.221 - - [19/Aug/2013:12:39:44 -0400] "GET /pix/youtube.png HTTP/1.1" 200 2803 "http://truthfortheworld.org/study" "Mozilla/5.0 (Linux; U; Android 4.0.4; en-gb; GT-P7500 Build/IMM76D) AppleWebKit/534.30 (KHTML, like Gecko) Version/4.0 Safari/534.30"
36.74.177.112 - - [19/Aug/2013:12:42:13 -0400] "GET /pix/littleball.png HTTP/1.1" 200 1639 "http://id.truthfortheworld.org/roh-kudus-dan-tanda-ajaib" "Mozilla/5.0 (Windows NT 6.1) AppleWebKit/537.36 (KHTML, like Gecko) Chrome/28.0.1500.95 Safari/537.36"
36.74.177.112 - - [19/Aug/2013:12:42:15 -0400] "GET /css/header.css HTTP/1.1" 200 20687 "http://id.truthfortheworld.org/roh-kudus-dan-tanda-ajaib" "Mozilla/5.0 (Windows NT 6.1) AppleWebKit/537.36 (KHTML, like Gecko) Chrome/28.0.1500.95 Safari/537.36"
36.74.177.112 - - [19/Aug/2013:12:42:16 -0400] "GET /pix/bg_headdb.jpg HTTP/1.1" 200 3209 "http://id.truthfortheworld.org/roh-kudus-dan-tanda-ajaib" "Mozilla/5.0 (Windows NT 6.1) AppleWebKit/537.36 (KHTML, like Gecko) Chrome/28.0.1500.95 Safari/537.36"
36.74.177.112 - - [19/Aug/2013:12:42:16 -0400] "GET /js/superfish.js HTTP/1.1" 200 6728 "http://id.truthfortheworld.org/roh-kudus-dan-tanda-ajaib" "Mozilla/5.0 (Windows NT 6.1) AppleWebKit/537.36 (KHTML, like Gecko) Chrome/28.0.1500.95 Safari/537.36"
36.74.177.112 - - [19/Aug/2013:12:42:17 -0400] "GET /js/main.js HTTP/1.1" 200 9723 "http://id.truthfortheworld.org/roh-kudus-dan-tanda-ajaib" "Mozilla/5.0 (Windows NT 6.1) AppleWebKit/537.36 (KHTML, like Gecko) Chrome/28.0.1500.95 Safari/537.36"
144.76.95.39 - - [19/Aug/2013:12:42:48 -0400] "GET /blog/2013/04/26/blog/2012/11/07/blog/2012/09/21/blog/2012/09/21/blog2012/blog/2012/09/21/blog/2013/03/19/blog/2013/04/26/blog/2013/03/19/mission-trip-to-peru HTTP/1.0" 200 11285 "-" "Mozilla/5.0 (compatible; MJ12bot/v1.4.3; http://www.majestic12.co.uk/bot.php?+)"
144.76.95.39 - - [19/Aug/2013:12:45:26 -0400] "GET /blog/2013/04/26/blog/2012/11/07/blog/2012/09/21/blog/2012/09/21/blog2012/blog/2012/09/21/blog/2013/03/19/blog/blog/2013/04/26/a-somewhat-missed-opportunity HTTP/1.0" 200 11285 "-" "Mozilla/5.0 (compatible; MJ12bot/v1.4.3; http://www.majestic12.co.uk/bot.php?+)"
144.76.95.39 - - [19/Aug/2013:12:49:43 -0400] "GET /blog/2013/04/26/blog/2012/11/07/blog/2012/09/21/blog/2012/09/21/blog2012/blog/2013/03/19/blog/2013/04/26/blog/2013/03/19/blog/2013/03/19/mission-trip-to-peru HTTP/1.0" 200 11285 "-" "Mozilla/5.0 (compatible; MJ12bot/v1.4.3; http://www.majestic12.co.uk/bot.php?+)"
144.76.95.39 - - [19/Aug/2013:12:55:06 -0400] "GET /blog/2013/04/26/blog/2012/11/07/blog/2012/09/21/blog/2012/09/21/blog2012/blog/2013/03/19/blog/2013/04/26/blog/blog2013/01 HTTP/1.0" 200 11285 "-" "Mozilla/5.0 (compatible; MJ12bot/v1.4.3; http://www.majestic12.co.uk/bot.php?+)"
144.76.95.39 - - [19/Aug/2013:13:02:40 -0400] "GET /blog/2013/04/26/blog/2012/11/07/blog/2012/09/21/blog/2012/09/21/blog2012/blog/2013/03/19/blog/blog2012/blog2012/09 HTTP/1.0" 200 11285 "-" "Mozilla/5.0 (compatible; MJ12bot/v1.4.3; http://www.majestic12.co.uk/bot.php?+)"
144.76.95.39 - - [19/Aug/2013:13:10:51 -0400] "GET /blog/2013/04/26/blog/2012/11/07/blog/2012/09/21/blog/2012/09/21/blog2012/blog/2013/03/19/blog2012/blog/2012/09/21/blog2013/01 HTTP/1.0" 200 11285 "-" "Mozilla/5.0 (compatible; MJ12bot/v1.4.3; http://www.majestic12.co.uk/bot.php?+)"
144.76.95.39 - - [19/Aug/2013:13:11:06 -0400] "GET /blog/2013/04/26/blog/2012/11/07/blog/2012/09/21/blog/2012/09/21/blog2012/blog/2013/03/19/blog2012/blog/2012/09/21/blog2013/04 HTTP/1.0" 200 11285 "-" "Mozilla/5.0 (compatible; MJ12bot/v1.4.3; http://www.majestic12.co.uk/bot.php?+)"
112.215.66.74 - - [19/Aug/2013:13:12:55 -0400] "GET /pix/bg_headlb.jpg HTTP/1.1" 200 3277 "http://id.truthfortheworld.org/nubuatan-nubuatan-dalam-alkitab" "Mozilla/5.0 (MeeGo; NokiaN9) AppleWebKit/534.13 (KHTML, like Gecko) NokiaBrowser/8.5.0 Mobile Safari/534.13"
144.76.95.39 - - [19/Aug/2013:13:16:53 -0400] "GET /blog/2013/04/26/blog/2012/11/07/blog/2012/09/21/blog/2012/09/21/blog2012/blog/2013/03/19/blog2012/blog/2013/01/15/blog2013/04 HTTP/1.0" 200 11285 "-" "Mozilla/5.0 (compatible; MJ12bot/v1.4.3; http://www.majestic12.co.uk/bot.php?+)"
144.76.95.39 - - [19/Aug/2013:13:27:00 -0400] "GET /blog/2013/04/26/blog/2012/11/07/blog/2012/09/21/blog/2012/09/21/blog2012/blog/2013/03/19/blog2012/blog2012/blog/2013/01/15/mission-trip-to-mexico HTTP/1.0" 200 11285 "-" "Mozilla/5.0 (compatible; MJ12bot/v1.4.3; http://www.majestic12.co.uk/bot.php?+)"
24.167.175.126 - - [19/Aug/2013:13:29:35 -0400] "GET /pix/google-plus.png HTTP/1.1" 200 2371 "http://truthfortheworld.org/" "Mozilla/5.0 (iPhone; CPU iPhone OS 6_1_3 like Mac OS X) AppleWebKit/536.26 (KHTML, like Gecko) Version/6.0 Mobile/10B329 Safari/8536.25"
24.167.175.126 - - [19/Aug/2013:13:29:35 -0400] "GET /pix/cn_lg.png HTTP/1.1" 200 793 "http://truthfortheworld.org/" "Mozilla/5.0 (iPhone; CPU iPhone OS 6_1_3 like Mac OS X) AppleWebKit/536.26 (KHTML, like Gecko) Version/6.0 Mobile/10B329 Safari/8536.25"
24.167.175.126 - - [19/Aug/2013:13:29:35 -0400] "GET /pix/buttonWay.png HTTP/1.1" 200 3504 "http://truthfortheworld.org/" "Mozilla/5.0 (iPhone; CPU iPhone OS 6_1_3 like Mac OS X) AppleWebKit/536.26 (KHTML, like Gecko) Version/6.0 Mobile/10B329 Safari/8536.25"
24.167.175.126 - - [19/Aug/2013:13:29:35 -0400] "GET /pix/earth.jpg HTTP/1.1" 200 13099 "http://truthfortheworld.org/" "Mozilla/5.0 (iPhone; CPU iPhone OS 6_1_3 like Mac OS X) AppleWebKit/536.26 (KHTML, like Gecko) Version/6.0 Mobile/10B329 Safari/8536.25"
196.201.217.38 - - [19/Aug/2013:13:47:19 -0400] "GET /pix/es_lg.png HTTP/1.1" 200 873 "-" "MAUI WAP Browser"
78.70.207.164 - - [19/Aug/2013:13:49:22 -0400] "GET /css/sidebars.css HTTP/1.1" 200 8749 "http://truthfortheworld.org/css/main.css" "Mozilla/5.0 (X11; Ubuntu; Linux i686; rv:23.0) Gecko/20100101 Firefox/23.0"
78.70.207.164 - - [19/Aug/2013:13:49:22 -0400] "GET /pix/littleball.png HTTP/1.1" 200 1639 "http://truthfortheworld.org/" "Mozilla/5.0 (X11; Ubuntu; Linux i686; rv:23.0) Gecko/20100101 Firefox/23.0"
78.70.207.164 - - [19/Aug/2013:13:49:22 -0400] "GET /pix/pan_tunein.jpg HTTP/1.1" 200 34375 "http://truthfortheworld.org/" "Mozilla/5.0 (X11; Ubuntu; Linux i686; rv:23.0) Gecko/20100101 Firefox/23.0"
78.70.207.164 - - [19/Aug/2013:13:49:23 -0400] "GET /pix/es.png HTTP/1.1" 200 469 "http://truthfortheworld.org/css/header.css" "Mozilla/5.0 (X11; Ubuntu; Linux i686; rv:23.0) Gecko/20100101 Firefox/23.0"
78.70.207.164 - - [19/Aug/2013:13:49:23 -0400] "GET /pix/search.png HTTP/1.1" 200 1047 "http://truthfortheworld.org/css/header.css" "Mozilla/5.0 (X11; Ubuntu; Linux i686; rv:23.0) Gecko/20100101 Firefox/23.0"
78.70.207.164 - - [19/Aug/2013:13:49:23 -0400] "GET /pix/buttonWay.png HTTP/1.1" 200 3504 "http://truthfortheworld.org/" "Mozilla/5.0 (X11; Ubuntu; Linux i686; rv:23.0) Gecko/20100101 Firefox/23.0"
78.70.207.164 - - [19/Aug/2013:13:49:23 -0400] "GET /pix/larrow.png HTTP/1.1" 200 1045 "http://truthfortheworld.org/css/main.css" "Mozilla/5.0 (X11; Ubuntu; Linux i686; rv:23.0) Gecko/20100101 Firefox/23.0"
72.51.194.66 - - [19/Aug/2013:13:52:04 -0400] "GET /topics HTTP/1.1" 200 15516 "http://truthfortheworld.org/" "Mozilla/5.0 (compatible; MSIE 10.0; Windows NT 6.1; WOW64; Trident/6.0)"
72.51.194.66 - - [19/Aug/2013:13:52:07 -0400] "GET /pix/id_lg.png HTTP/1.1" 200 490 "http://truthfortheworld.org/topics" "Mozilla/5.0 (compatible; MSIE 10.0; Windows NT 6.1; WOW64; Trident/6.0)"
72.51.194.66 - - [19/Aug/2013:13:52:07 -0400] "GET /pix/es_lg.png HTTP/1.1" 200 873 "http://truthfortheworld.org/topics" "Mozilla/5.0 (compatible; MSIE 10.0; Windows NT 6.1; WOW64; Trident/6.0)"
141.0.11.99 - - [19/Aug/2013:14:01:11 -0400] "GET /css/main.css HTTP/1.1" 200 29927 "http://id.truthfortheworld.org/obat-obat-terlarang-dan-lkohol" "Opera/9.80 (Series 60; Opera Mini/7.1.32448/30.3697; U; en) Presto/2.8.119 Version/11.10"
141.0.11.99 - - [19/Aug/2013:14:01:11 -0400] "GET /css/reset.css HTTP/1.1" 200 1173 "http://id.truthfortheworld.org/obat-obat-terlarang-dan-lkohol" "Opera/9.80 (Series 60; Opera Mini/7.1.32448/30.3697; U; en) Presto/2.8.119 Version/11.10"
141.0.11.99 - - [19/Aug/2013:14:01:12 -0400] "GET /pix/facebook.png HTTP/1.1" 200 2478 "http://id.truthfortheworld.org/obat-obat-terlarang-dan-lkohol" "Opera/9.80 (Series 60; Opera Mini/7.1.32448/30.3697; U; en) Presto/2.8.119 Version/11.10"
141.0.11.99 - - [19/Aug/2013:14:01:12 -0400] "GET /js/main.js HTTP/1.1" 200 9723 "http://id.truthfortheworld.org/obat-obat-terlarang-dan-lkohol" "Opera/9.80 (Series 60; Opera Mini/7.1.32448/30.3697; U; en) Presto/2.8.119 Version/11.10"
24.159.164.34 - - [19/Aug/2013:14:14:03 -0400] "GET /sandbox/popcorn/playback.html HTTP/1.1" 301 265 "-" "Mozilla/5.0 (Windows NT 6.2; WOW64) AppleWebKit/537.36 (KHTML, like Gecko) Chrome/28.0.1500.95 Safari/537.36"
141.0.8.142 - - [19/Aug/2013:14:14:57 -0400] "GET /pix/swirl.png HTTP/1.1" 200 1619 "http://truthfortheworld.org/" "Opera/9.80 (Windows NT 6.1; U; en) Presto/2.10.289 Version/12.01"
