69.176.122.53 - - [19/Aug/2013:10:42:29 -0400] "GET /bcc/images/ibsmap.gif HTTP/1.1" 200 16848 "http://truthfortheworld.org/bcc/courses/bcc_ibs_l8.html" "Mozilla/4.0 (compatible; MSIE 8.0; Windows NT 5.1; Trident/4.0; .NET CLR 1.1.4322; .NET CLR 2.0.50727; .NET CLR 3.0.4506.2152; .NET CLR 3.5.30729; InfoPath.2; .NET4.0C; .NET4.0E)"
37.228.104.203 - - [19/Aug/2013:10:45:20 -0400] "GET /pix/favicon.ico HTTP/1.1" 200 1150 "-" "Opera/9.80 (J2ME/MIDP; Opera Mini/7.0.28870/30.3697; U; en) Presto/2.8.119 Version/11.10"
69.176.122.53 - - [19/Aug/2013:10:52:55 -0400] "GET /bcc/ HTTP/1.1" 200 25243 "http://www.bing.com/search?q=FREEBIBLECOROSPONDENCECOURSES&src=IE-SearchBox&Form=IE8SRC" "Mozilla/4.0 (compatible; MSIE 8.0; Windows NT 5.1; Trident/4.0; .NET CLR 1.1.4322; .NET CLR 2.0.50727; .NET CLR 3.0.4506.2152; .NET CLR 3.5.30729; InfoPath.2; .NET4.0C; .NET4.0E)"
69.176.122.53 - - [19/Aug/2013:10:52:55 -0400] "GET /css/reset.css HTTP/1.1" 200 1173 "http://truthfortheworld.org/bcc/" "Mozilla/4.0 (compatible; MSIE 8.0; Windows NT 5.1; Trident/4.0; .NET CLR 1.1.4322; .NET CLR 2.0.50727; .NET CLR 3.0.4506.2152; .NET CLR 3.5.30729; InfoPath.2; .NET4.0C; .NET4.0E)"
69.176.122.53 - - [19/Aug/2013:10:52:55 -0400] "GET /pix/bgtexture.jpg HTTP/1.1" 200 23844 "http://truthfortheworld.org/bcc/" "Mozilla/4.0 (compatible; MSIE 8.0; Windows NT 5.1; Trident/4.0; .NET CLR 1.1.4322; .NET CLR 2.0.50727; .NET CLR 3.0.4506.2152; .NET CLR 3.5.30729; InfoPath.2; .NET4.0C; .NET4.0E)"
69.176.122.53 - - [19/Aug/2013:10:52:55 -0400] "GET /favicon.ico HTTP/1.1" 404 17136 "-" "Mozilla/4.0 (compatible; MSIE 8.0; Windows NT 5.1; Trident/4.0; .NET CLR 1.1.4322; .NET CLR 2.0.50727; .NET CLR 3.0.4506.2152; .NET CLR 3.5.30729; InfoPath.2; .NET4.0C; .NET4.0E)"
41.48.191.228 - - [19/Aug/2013:11:07:55 -0400] "GET /bcc/images/logo.jpg HTTP/1.1" 200 10578 "http://truthfortheworld.org/bcc/" "Mozilla/5.0 (Linux; U; Android 2.2.2; en-za; Desire_A8181 Build/FRG83G) AppleWebKit/533.1 (KHTML, like Gecko) Version/4.0 Mobile Safari/533.1"
41.48.191.228 - - [19/Aug/2013:11:07:56 -0400] "GET /pix/bgtexture.jpg HTTP/1.1" 200 23844 "http://truthfortheworld.org/bcc/" "Mozilla/5.0 (Linux; U; Android 2.2.2; en-za; Desire_A8181 Build/FRG83G) AppleWebKit/533.1 (KHTML, like Gecko) Version/4.0 Mobile Safari/533.1"
41.48.191.228 - - [19/Aug/2013:11:08:24 -0400] "GET /bcc/courses/bcc_bbs_l4.html HTTP/1.1" 200 22466 "http://truthfortheworld.org/bcc/" "Mozilla/5.0 (Linux; U; Android 2.2.2; en-za; Desire_A8181 Build/FRG83G) AppleWebKit/533.1 (KHTML, like Gecko) Version/4.0 Mobile Safari/533.1"
178.215.89.149 - - [19/Aug/2013:11:09:43 -0400] "GET /blog/2013/04/26/blog/2012/11/07/blog/2012/09/21/blog/2012/09/21/blog2012/blog/2013/03/19/blog2013/blog/blog2012/11 HTTP/1.1" 200 11285 "-" "Mozilla/5.0 (compatible; MJ12bot/v1.4.3; http://www.majestic12.co.uk/bot.php?+)"
220.255.1.86 - - [19/Aug/2013:11:12:48 -0400] "GET /pix/floatbar_bg.png HTTP/1.1" 200 4653 "http://truthfortheworld.org/webinar" "Mozilla/5.0 (iPad; CPU OS 6_1_3 like Mac OS X) AppleWebKit/536.26 (KHTML, like Gecko) Mobile/10B329"
66.87.101.229 - - [19/Aug/2013:11:13:33 -0400] "GET /pix/brightball.jpg HTTP/1.1" 200 7625 "http://truthfortheworld.org/topics" "Mozilla/5.0 (Linux; U; Android 4.1.2; en-us; SPH-L710 Build/JZO54K) AppleWebKit/534.30 (KHTML, like Gecko) Version/4.0 Mobile Safari/534.30"
69.176.122.53 - - [19/Aug/2013:11:15:56 -0400] "GET /bcc/ HTTP/1.1" 304 - "http://www.bing.com/search?q=FREEBIBLECOROSPONDENCECOURSES&src=IE-SearchBox&Form=IE8SRC" "Mozilla/4.0 (compatible; MSIE 8.0; Windows NT 5.1; Trident/4.0; .NET CLR 1.1.4322; .NET CLR 2.0.50727; .NET CLR 3.0.4506.2152; .NET CLR 3.5.30729; InfoPath.2; .NET4.0C; .NET4.0E)"
69.176.122.53 - - [19/Aug/2013:11:15:56 -0400] "GET /css/bcc.css HTTP/1.1" 304 - "http://truthfortheworld.org/bcc/" "Mozilla/4.0 (compatible; MSIE 8.0; Windows NT 5.1; Trident/4.0; .NET CLR 1.1.4322; .NET CLR 2.0.50727; .NET CLR 3.0.4506.2152; .NET CLR 3.5.30729; InfoPath.2; .NET4.0C; .NET4.0E)"
69.176.122.53 - - [19/Aug/2013:11:15:56 -0400] "GET /css/reset.css HTTP/1.1" 304 - "http://truthfortheworld.org/bcc/" "Mozilla/4.0 (compatible; MSIE 8.0; Windows NT 5.1; Trident/4.0; .NET CLR 1.1.4322; .NET CLR 2.0.50727; .NET CLR 3.0.4506.2152; .NET CLR 3.5.30729; InfoPath.2; .NET4.0C; .NET4.0E)"
69.176.122.53 - - [19/Aug/2013:11:15:56 -0400] "GET /bcc/images/logo.jpg HTTP/1.1" 304 - "http://truthfortheworld.org/bcc/" "Mozilla/4.0 (compatible; MSIE 8.0; Windows NT 5.1; Trident/4.0; .NET CLR 1.1.4322; .NET CLR 2.0.50727; .NET CLR 3.0.4506.2152; .NET CLR 3.5.30729; InfoPath.2; .NET4.0C; .NET4.0E)"
139.195.60.16 - - [19/Aug/2013:11:16:44 -0400] "GET /css/sidebars.css HTTP/1.1" 200 8749 "http://id.truthfortheworld.org/roh-kudus-dan-kelahiran-baru" "Mozilla/5.0 (BlackBerry; U; BlackBerry 9220; en) AppleWebKit/534.11+ (KHTML, like Gecko) Version/7.1.0.337 Mobile Safari/534.11+"
139.195.60.16 - - [19/Aug/2013:11:16:45 -0400] "GET /js/jquery.smooth-scroll.min.js HTTP/1.1" 200 2648 "http://id.truthfortheworld.org/roh-kudus-dan-kelahiran-baru" "Mozilla/5.0 (BlackBerry; U; BlackBerry 9220; en) AppleWebKit/534.11+ (KHTML, like Gecko) Version/7.1.0.337 Mobile Safari/534.11+"
139.195.60.16 - - [19/Aug/2013:11:16:45 -0400] "GET /pix/es_lg.png HTTP/1.1" 200 873 "http://id.truthfortheworld.org/roh-kudus-dan-kelahiran-baru" "Mozilla/5.0 (BlackBerry; U; BlackBerry 9220; en) AppleWebKit/534.11+ (KHTML, like Gecko) Version/7.1.0.337 Mobile Safari/534.11+"
139.195.60.16 - - [19/Aug/2013:11:16:46 -0400] "GET /pix/google-plus.png HTTP/1.1" 200 2371 "http://id.truthfortheworld.org/roh-kudus-dan-kelahiran-baru" "Mozilla/5.0 (BlackBerry; U; BlackBerry 9220; en) AppleWebKit/534.11+ (KHTML, like Gecko) Version/7.1.0.337 Mobile Safari/534.11+"
173.242.125.206 - - [19/Aug/2013:11:21:47 -0400] "GET / HTTP/1.0" 200 17150 "-" "Mozilla/5.0 (compatible; MJ12bot/v1.4.3; http://www.majestic12.co.uk/bot.php?+)"
90.223.231.175 - - [19/Aug/2013:11:26:19 -0400] "GET /pix/news.png HTTP/1.1" 200 1921 "http://truthfortheworld.org/" "Mozilla/5.0 (Linux; U; Android 2.2; en-gb; GT-P1000 Build/FROYO) AppleWebKit/533.1 (KHTML, like Gecko) Version/4.0 Mobile Safari/533.1"
82.145.211.4 - - [19/Aug/2013:11:34:50 -0400] "GET /ask HTTP/1.1" 200 9796 "http://truthfortheworld.org/about-us" "Opera/9.80 (J2ME/MIDP; Opera Mini/5.0.18635/30.3697; U; en) Presto/2.8.119 Version/11.10"
125.160.42.234 - - [19/Aug/2013:11:49:34 -0400] "GET /css/reftagger.css HTTP/1.1" 200 1583 "http://id.truthfortheworld.org/bagaimana-roh-kudus-tinggal-dalam-orang-kristen" "Mozilla/5.0 (Windows NT 6.1) AppleWebKit/537.36 (KHTML, like Gecko) Chrome/28.0.1500.95 Safari/537.36"
125.160.42.234 - - [19/Aug/2013:11:49:36 -0400] "GET /pix/bgtexture.jpg HTTP/1.1" 200 23844 "http://id.truthfortheworld.org/bagaimana-roh-kudus-tinggal-dalam-orang-kristen" "Mozilla/5.0 (Windows NT 6.1) AppleWebKit/537.36 (KHTML, like Gecko) Chrome/28.0.1500.95 Safari/537.36"
125.160.42.234 - - [19/Aug/2013:11:49:37 -0400] "GET /js/jquery.smooth-scroll.min.js HTTP/1.1" 200 2648 "http://id.truthfortheworld.org/bagaimana-roh-kudus-tinggal-dalam-orang-kristen" "Mozilla/5.0 (Windows NT 6.1) AppleWebKit/537.36 (KHTML, like Gecko) Chrome/28.0.1500.95 Safari/537.36"
125.160.42.234 - - [19/Aug/2013:11:49:37 -0400] "GET /pix/cn.png HTTP/1.1" 200 472 "http://id.truthfortheworld.org/bagaimana-roh-kudus-tinggal-dalam-orang-kristen" "Mozilla/5.0 (Windows NT 6.1) AppleWebKit/537.36 (KHTML, like Gecko) Chrome/28.0.1500.95 Safari/537.36"
125.160.42.234 - - [19/Aug/2013:11:49:39 -0400] "GET /pix/email.png HTTP/1.1" 200 1157 "http://id.truthfortheworld.org/bagaimana-roh-kudus-tinggal-dalam-orang-kristen" "Mozilla/5.0 (Windows NT 6.1) AppleWebKit/537.36 (KHTML, like Gecko) Chrome/28.0.1500.95 Safari/537.36"
125.160.42.234 - - [19/Aug/2013:11:49:40 -0400] "GET /pix/id.floatbar_bg_title.png HTTP/1.1" 200 5330 "http://id.truthfortheworld.org/bagaimana-roh-kudus-tinggal-dalam-orang-kristen" "Mozilla/5.0 (Windows NT 6.1) AppleWebKit/537.36 (KHTML, like Gecko) Chrome/28.0.1500.95 Safari/537.36"
125.160.42.234 - - [19/Aug/2013:11:49:41 -0400] "GET /pix/twitter.png HTTP/1.1" 200 1798 "http://id.truthfortheworld.org/bagaimana-roh-kudus-tinggal-dalam-orang-kristen" "Mozilla/5.0 (Windows NT 6.1) AppleWebKit/537.36 (KHTML, like Gecko) Chrome/28.0.1500.95 Safari/537.36"
68.171.236.179 - - [19/Aug/2013:11:54:29 -0400] "GET /pix/email.png HTTP/1.1" 200 1157 "http://id.truthfortheworld.org/obat-obat-terlarang-dan-lkohol" "BlackBerry8520/5.0.0.1106 Profile/MIDP-2.1 Configuration/CLDC-1.1 VendorID/125"
82.145.211.4 - - [19/Aug/2013:11:58:13 -0400] "GET /css/footer.css HTTP/1.1" 200 3501 "http://truthfortheworld.org/topics" "Opera/9.80 (J2ME/MIDP; Opera Mini/5.0.18635/30.3697; U; en) Presto/2.8.119 Version/11.10"
82.145.211.4 - - [19/Aug/2013:11:58:13 -0400] "GET /pix/google-plus.png HTTP/1.1" 200 2371 "http://truthfortheworld.org/topics" "Opera/9.80 (J2ME/MIDP; Opera Mini/5.0.18635/30.3697; U; en) Presto/2.8.119 Version/11.10"
82.145.211.4 - - [19/Aug/2013:11:58:14 -0400] "GET /js/main.js HTTP/1.1" 200 9723 "http://truthfortheworld.org/topics" "Opera/9.80 (J2ME/MIDP; Opera Mini/5.0.18635/30.3697; U; en) Presto/2.8.119 Version/11.10"
94.27.64.170 - - [19/Aug/2013:11:58:16 -0400] "POST /teachers/FormatEmail.php HTTP/1.0" 404 17636 "http://truthfortheworld.org/bcc/courses/bcc_cob_l11.html" "Mozilla/4.0 (compatible; MSIE 6.0; Windows NT 5.1; .NET CLR 1.1.4322; Alexa Toolbar; (R1 1.5))"
94.27.64.170 - - [19/Aug/2013:11:58:20 -0400] "POST /../teachers/FormatEmail.php HTTP/1.0" 400 226 "http://truthfortheworld.org/bcc/courses/bcc_cob_l11.html" "Mozilla/4.0 (compatible; MSIE 6.0; Windows NT 5.1; .NET CLR 1.1.4322; Alexa Toolbar; (R1 1.5))"
176.255.49.61 - - [19/Aug/2013:11:59:35 -0400] "POST /bcc/teachers/FormatEmail.php HTTP/1.1" 200 2606 "http://truthfortheworld.org/bcc/courses/bcc_ibs_l7.html" "Mozilla/5.0 (compatible; MSIE 10.0; Windows NT 6.2; WOW64; Trident/6.0; MAARJS)"
98.21.85.139 - - [19/Aug/2013:15:06:24 -0400] "GET /js/jquery.hoverIntent.js HTTP/1.1" 200 4944 "http://truthfortheworld.org/" "Mozilla/5.0 (Macintosh; Intel Mac OS X 10_8_4) AppleWebKit/536.30.1 (KHTML, like Gecko) Version/6.0.5 Safari/536.30.1"
98.21.85.139 - - [19/Aug/2013:15:06:24 -0400] "GET /css/sidebars.css HTTP/1.1" 200 8749 "http://truthfortheworld.org/" "Mozilla/5.0 (Macintosh; Intel Mac OS X 10_8_4) AppleWebKit/536.30.1 (KHTML, like Gecko) Version/6.0.5 Safari/536.30.1"
98.21.85.139 - - [19/Aug/2013:15:06:24 -0400] "GET /pix/bg_headdb.jpg HTTP/1.1" 200 3209 "http://truthfortheworld.org/" "Mozilla/5.0 (Macintosh; Intel Mac OS X 10_8_4) AppleWebKit/536.30.1 (KHTML, like Gecko) Version/6.0.5 Safari/536.30.1"
98.21.85.139 - - [19/Aug/2013:15:06:24 -0400] "GET /pix/pan_texting.jpg HTTP/1.1" 200 29933 "http://truthfortheworld.org/" "Mozilla/5.0 (Macintosh; Intel Mac OS X 10_8_4) AppleWebKit/536.30.1 (KHTML, like Gecko) Version/6.0.5 Safari/536.30.1"
98.21.85.139 - - [19/Aug/2013:15:06:26 -0400] "GET /pix/nav_bg.jpg HTTP/1.1" 200 3618 "http://truthfortheworld.org/" "Mozilla/5.0 (Macintosh; Intel Mac OS X 10_8_4) AppleWebKit/536.30.1 (KHTML, like Gecko) Version/6.0.5 Safari/536.30.1"
96.19.189.50 - - [19/Aug/2013:15:14:26 -0400] "GET /tag-server?tag=Mormonism&key=tags HTTP/1.1" 200 452 "http://truthfortheworld.org/topics" "Mozilla/4.0 (compatible; MSIE 8.0; Windows NT 5.1; Trident/4.0; BTRS122323; GTB7.5; .NET CLR 1.1.4322; .NET CLR 2.0.50727; .NET CLR 3.0.4506.2152; .NET CLR 3.5.30729; AskTbIMH6/5.13.1.18261; BRI/2)"
12.54.94.28 - - [19/Aug/2013:15:14:31 -0400] "GET /tag-server?key=tags HTTP/1.1" 200 31658 "http://truthfortheworld.org/topics" "Mozilla/4.0 (compatible; MSIE 7.0; Windows NT 5.1; Trident/4.0; .NET CLR 1.0.3705; .NET CLR 1.1.4322; .NET CLR 2.0.50727; .NET CLR 3.0.04506.30; .NET CLR 3.0.4506.2152; .NET CLR 3.5.30729; MS-RTC LM 8; .NET4.0C; .NET4.0E; InfoPath.1)"
12.54.94.28 - - [19/Aug/2013:15:14:34 -0400] "GET /abortion-and-euthanasia HTTP/1.1" 200 17457 "http://truthfortheworld.org/topics" "Mozilla/4.0 (compatible; MSIE 7.0; Windows NT 5.1; Trident/4.0; .NET CLR 1.0.3705; .NET CLR 1.1.4322; .NET CLR 2.0.50727; .NET CLR 3.0.04506.30; .NET CLR 3.0.4506.2152; .NET CLR 3.5.30729; MS-RTC LM 8; .NET4.0C; .NET4.0E; InfoPath.1)"
12.54.94.28 - - [19/Aug/2013:15:18:32 -0400] "GET /problems-with-the-new-international-version HTTP/1.1" 200 16052 "http://truthfortheworld.org/topics" "Mozilla/4.0 (compatible; MSIE 7.0; Windows NT 5.1; Trident/4.0; .NET CLR 1.0.3705; .NET CLR 1.1.4322; .NET CLR 2.0.50727; .NET CLR 3.0.04506.30; .NET CLR 3.0.4506.2152; .NET CLR 3.5.30729; MS-RTC LM 8; .NET4.0C; .NET4.0E; InfoPath.1)"
12.54.94.28 - - [19/Aug/2013:15:19:27 -0400] "GET /css/reftagger.css HTTP/1.1" 304 - "http://truthfortheworld.org/problems-with-the-new-international-version" "Mozilla/4.0 (compatible; MSIE 7.0; Windows NT 5.1; Trident/4.0; .NET CLR 1.0.3705; .NET CLR 1.1.4322; .NET CLR 2.0.50727; .NET CLR 3.0.04506.30; .NET CLR 3.0.4506.2152; .NET CLR 3.5.30729; MS-RTC LM 8; .NET4.0C; .NET4.0E; InfoPath.1)"
208.87.234.180 - - [19/Aug/2013:15:24:52 -0400] "GET /js/html5shiv.js HTTP/1.1" 200 2359 "http://truthfortheworld.org/" "Mozilla/4.0 (compatible; MSIE 8.0; Windows NT 6.1; Trident/4.0; SLCC2; .NET CLR 2.0.50727; .NET CLR 3.5.30729; .NET CLR 3.0.30729; .NET4.0C; .NET4.0E)"
208.87.234.180 - - [19/Aug/2013:15:24:53 -0400] "GET /js/jquery.smooth-scroll.min.js HTTP/1.1" 200 2648 "http://truthfortheworld.org/" "Mozilla/4.0 (compatible; MSIE 8.0; Windows NT 6.1; Trident/4.0; SLCC2; .NET CLR 2.0.50727; .NET CLR 3.5.30729; .NET CLR 3.0.30729; .NET4.0C; .NET4.0E)"
208.87.234.180 - - [19/Aug/2013:15:24:53 -0400] "GET /pix/pan_expl.jpg HTTP/1.1" 200 26609 "http://truthfortheworld.org/" "Mozilla/4.0 (compatible; MSIE 8.0; Windows NT 6.1; Trident/4.0; SLCC2; .NET CLR 2.0.50727; .NET CLR 3.5.30729; .NET CLR 3.0.30729; .NET4.0C; .NET4.0E)"
12.54.94.28 - - [19/Aug/2013:15:28:11 -0400] "GET /css/header.css HTTP/1.1" 304 - "http://truthfortheworld.org/topics" "Mozilla/4.0 (compatible; MSIE 7.0; Windows NT 5.1; Trident/4.0; .NET CLR 1.0.3705; .NET CLR 1.1.4322; .NET CLR 2.0.50727; .NET CLR 3.0.04506.30; .NET CLR 3.0.4506.2152; .NET CLR 3.5.30729; MS-RTC LM 8; .NET4.0C; .NET4.0E; InfoPath.1)"
12.54.94.28 - - [19/Aug/2013:15:28:11 -0400] "GET /pix/twitter.png HTTP/1.1" 304 - "http://truthfortheworld.org/topics" "Mozilla/4.0 (compatible; MSIE 7.0; Windows NT 5.1; Trident/4.0; .NET CLR 1.0.3705; .NET CLR 1.1.4322; .NET CLR 2.0.50727; .NET CLR 3.0.04506.30; .NET CLR 3.0.4506.2152; .NET CLR 3.5.30729; MS-RTC LM 8; .NET4.0C; .NET4.0E; InfoPath.1)"
66.249.75.179 - - [19/Aug/2013:15:28:49 -0400] "GET /karunia-karunia-roh-kudus HTTP/1.1" 200 25817 "-" "Mozilla/5.0 (iPhone; U; CPU iPhone OS 4_1 like Mac OS X; en-us) AppleWebKit/532.9 (KHTML, like Gecko) Version/4.0.5 Mobile/8B117 Safari/6531.22.7 (compatible; Googlebot-Mobile/2.1; +http://www.google.com/bot.html)"
220.181.89.180 - - [19/Aug/2013:15:32:19 -0400] "GET /%E8%BF%BD%E6%B1%82 HTTP/1.1" 200 10710 "-" "Sogou web spider/4.0(+http://www.sogou.com/docs/help/webmasters.htm#07)"
71.102.70.240 - - [19/Aug/2013:15:32:36 -0400] "GET /roku/pix/wtlb_hd.jpg HTTP/1.1" 200 9893 "-" "Roku/DVP-5.1 (045.01E01177A)"
71.102.70.240 - - [19/Aug/2013:15:32:37 -0400] "GET /roku/pix/bs_hd.jpg HTTP/1.1" 200 11934 "-" "Roku/DVP-5.1 (045.01E01177A)"
12.54.94.28 - - [19/Aug/2013:15:36:37 -0400] "GET /topics HTTP/1.1" 200 15516 "http://truthfortheworld.org/good-news-bible" "Mozilla/4.0 (compatible; MSIE 7.0; Windows NT 5.1; Trident/4.0; .NET CLR 1.0.3705; .NET CLR 1.1.4322; .NET CLR 2.0.50727; .NET CLR 3.0.04506.30; .NET CLR 3.0.4506.2152; .NET CLR 3.5.30729; MS-RTC LM 8; .NET4.0C; .NET4.0E; InfoPath.1)"
96.19.160.136 - - [19/Aug/2013:15:44:11 -0400] "GET / HTTP/1.1" 200 17160 "http://truthfortheworld.org/bcc/" "Mozilla/4.0 (compatible; MSIE 8.0; Windows NT 6.0; Trident/4.0; GTB7.5; SLCC1; .NET CLR 2.0.50727; .NET CLR 3.5.30729; .NET4.0C; ShopperReports 3.0.489.0; SRS_IT_E879027FB276545531AB91; .NET CLR 3.0.30729)"
96.19.160.136 - - [19/Aug/2013:15:44:14 -0400] "GET /pix/pan_tunein.jpg HTTP/1.1" 200 34375 "http://truthfortheworld.org/" "Mozilla/4.0 (compatible; MSIE 8.0; Windows NT 6.0; Trident/4.0; GTB7.5; SLCC1; .NET CLR 2.0.50727; .NET CLR 3.5.30729; .NET4.0C; ShopperReports 3.0.489.0; SRS_IT_E879027FB276545531AB91; .NET CLR 3.0.30729)"
188.165.52.185 - - [19/Aug/2013:15:46:29 -0400] "GET / HTTP/1.1" 301 236 "-" "Mozilla/5.0 (Windows NT 6.1; WOW64; rv:22.0) Gecko/20100101 Firefox/22.0"
24.159.164.34 - - [19/Aug/2013:15:47:04 -0400] "GET /sandbox/popcorn/playback.html HTTP/1.1" 304 - "-" "Mozilla/5.0 (Windows NT 6.2; WOW64; rv:23.0) Gecko/20100101 Firefox/23.0"
24.159.164.34 - - [19/Aug/2013:15:47:04 -0400] "GET /sandbox/popcorn/bbb.playback.css HTTP/1.1" 304 - "http://truthfortheworld.org/sandbox/popcorn/playback.html" "Mozilla/5.0 (Windows NT 6.2; WOW64; rv:23.0) Gecko/20100101 Firefox/23.0"
24.159.164.34 - - [19/Aug/2013:15:47:04 -0400] "GET /sandbox/images/logo.png HTTP/1.1" 404 17150 "http://truthfortheworld.org/sandbox/popcorn/bbb.playback.css" "Mozilla/5.0 (Windows NT 6.2; WOW64; rv:23.0) Gecko/20100101 Firefox/23.0"
24.159.164.34 - - [19/Aug/2013:15:54:16 -0400] "GET /pix/google-plus.png HTTP/1.1" 304 - "http://zh-tr.truthfortheworld.org/" "Mozilla/5.0 (Windows NT 6.2; WOW64) AppleWebKit/537.36 (KHTML, like Gecko) Chrome/28.0.1500.95 Safari/537.36"
24.159.164.34 - - [19/Aug/2013:15:54:16 -0400] "GET /css/header.css HTTP/1.1" 304 - "http://zh-tr.truthfortheworld.org/" "Mozilla/5.0 (Windows NT 6.2; WOW64) AppleWebKit/537.36 (KHTML, like Gecko) Chrome/28.0.1500.95 Safari/537.36"
24.159.164.34 - - [19/Aug/2013:15:54:16 -0400] "GET /css/sidebars.css HTTP/1.1" 304 - "http://zh-tr.truthfortheworld.org/" "Mozilla/5.0 (Windows NT 6.2; WOW64) AppleWebKit/537.36 (KHTML, like Gecko) Chrome/28.0.1500.95 Safari/537.36"
24.159.164.34 - - [19/Aug/2013:15:54:16 -0400] "GET /pix/bg_headdb.jpg HTTP/1.1" 304 - "http://zh-tr.truthfortheworld.org/" "Mozilla/5.0 (Windows NT 6.2; WOW64) AppleWebKit/537.36 (KHTML, like Gecko) Chrome/28.0.1500.95 Safari/537.36"
24.159.164.34 - - [19/Aug/2013:15:54:16 -0400] "GET /pix/uk.png HTTP/1.1" 304 - "http://zh-tr.truthfortheworld.org/" "Mozilla/5.0 (Windows NT 6.2; WOW64) AppleWebKit/537.36 (KHTML, like Gecko) Chrome/28.0.1500.95 Safari/537.36"
24.159.164.34 - - [19/Aug/2013:15:54:16 -0400] "GET /pix/floatbar_bg.png HTTP/1.1" 304 - "http://zh-tr.truthfortheworld.org/" "Mozilla/5.0 (Windows NT 6.2; WOW64) AppleWebKit/537.36 (KHTML, like Gecko) Chrome/28.0.1500.95 Safari/537.36"
24.159.164.34 - - [19/Aug/2013:15:54:16 -0400] "GET /pix/nav_bg6.jpg HTTP/1.1" 304 - "http://zh-tr.truthfortheworld.org/" "Mozilla/5.0 (Windows NT 6.2; WOW64) AppleWebKit/537.36 (KHTML, like Gecko) Chrome/28.0.1500.95 Safari/537.36"
166.78.164.230 - - [19/Aug/2013:15:56:00 -0400] "GET /tftwpodcast.rss HTTP/1.1" 200 73579 "-" "Zend_Http_Client"
24.159.164.34 - - [19/Aug/2013:15:56:17 -0400] "POST /connectors/system/registry/register.php HTTP/1.1" 200 61 "http://truthfortheworld.org/manager/?a=30&id=655" "Mozilla/5.0 (Windows NT 6.2; WOW64) AppleWebKit/537.36 (KHTML, like Gecko) Chrome/28.0.1500.95 Safari/537.36"
24.159.164.34 - - [19/Aug/2013:15:56:19 -0400] "GET /manager/templates/default/images/modx-theme/sizer/s-handle.gif HTTP/1.1" 200 1318 "http://truthfortheworld.org/manager/?a=30&id=655" "Mozilla/5.0 (Windows NT 6.2; WOW64) AppleWebKit/537.36 (KHTML, like Gecko) Chrome/28.0.1500.95 Safari/537.36"
66.249.75.179 - - [19/Aug/2013:15:57:32 -0400] "GET /atheisme-lawan-kekristenan HTTP/1.1" 200 35221 "-" "Mozilla/5.0 (iPhone; U; CPU iPhone OS 4_1 like Mac OS X; en-us) AppleWebKit/532.9 (KHTML, like Gecko) Version/4.0.5 Mobile/8B117 Safari/6531.22.7 (compatible; Googlebot-Mobile/2.1; +http://www.google.com/bot.html)"
67.177.236.190 - - [19/Aug/2013:16:00:34 -0400] "GET /longest-sermon HTTP/1.1" 200 15026 "http://search.comcast.net/?cat=web&con=betac&q=longest+sermon+in+bible" "Mozilla/5.0 (compatible; MSIE 10.0; Windows NT 6.1; WOW64; Trident/6.0)"
67.177.236.190 - - [19/Aug/2013:16:00:37 -0400] "GET /css/main.css HTTP/1.1" 200 29927 "http://truthfortheworld.org/longest-sermon" "Mozilla/5.0 (compatible; MSIE 10.0; Windows NT 6.1; WOW64; Trident/6.0)"
67.177.236.190 - - [19/Aug/2013:16:00:37 -0400] "GET /pix/google-plus.png HTTP/1.1" 200 2371 "http://truthfortheworld.org/longest-sermon" "Mozilla/5.0 (compatible; MSIE 10.0; Windows NT 6.1; WOW64; Trident/6.0)"
67.177.236.190 - - [19/Aug/2013:16:00:37 -0400] "GET /js/jquery.smooth-scroll.min.js HTTP/1.1" 200 2648 "http://truthfortheworld.org/longest-sermon" "Mozilla/5.0 (compatible; MSIE 10.0; Windows NT 6.1; WOW64; Trident/6.0)"
67.177.236.190 - - [19/Aug/2013:16:00:37 -0400] "GET /js/superfish.js HTTP/1.1" 200 6728 "http://truthfortheworld.org/longest-sermon" "Mozilla/5.0 (compatible; MSIE 10.0; Windows NT 6.1; WOW64; Trident/6.0)"
67.177.236.190 - - [19/Aug/2013:16:00:37 -0400] "GET /css/reset.css HTTP/1.1" 200 1173 "http://truthfortheworld.org/longest-sermon" "Mozilla/5.0 (compatible; MSIE 10.0; Windows NT 6.1; WOW64; Trident/6.0)"
67.177.236.190 - - [19/Aug/2013:16:00:37 -0400] "GET /css/header.css HTTP/1.1" 200 20687 "http://truthfortheworld.org/longest-sermon" "Mozilla/5.0 (compatible; MSIE 10.0; Windows NT 6.1; WOW64; Trident/6.0)"
67.177.236.190 - - [19/Aug/2013:16:00:37 -0400] "GET /css/sidebars.css HTTP/1.1" 200 8749 "http://truthfortheworld.org/longest-sermon" "Mozilla/5.0 (compatible; MSIE 10.0; Windows NT 6.1; WOW64; Trident/6.0)"
67.177.236.190 - - [19/Aug/2013:16:00:37 -0400] "GET /pix/nav_bg.jpg HTTP/1.1" 200 3618 "http://truthfortheworld.org/longest-sermon" "Mozilla/5.0 (compatible; MSIE 10.0; Windows NT 6.1; WOW64; Trident/6.0)"
67.177.236.190 - - [19/Aug/2013:16:00:37 -0400] "GET /pix/bgtexture.jpg HTTP/1.1" 200 23844 "http://truthfortheworld.org/longest-sermon" "Mozilla/5.0 (compatible; MSIE 10.0; Windows NT 6.1; WOW64; Trident/6.0)"
67.177.236.190 - - [19/Aug/2013:16:00:37 -0400] "GET /pix/search.png HTTP/1.1" 200 1047 "http://truthfortheworld.org/longest-sermon" "Mozilla/5.0 (compatible; MSIE 10.0; Windows NT 6.1; WOW64; Trident/6.0)"
67.177.236.190 - - [19/Aug/2013:16:00:37 -0400] "GET /pix/es.png HTTP/1.1" 200 469 "http://truthfortheworld.org/longest-sermon" "Mozilla/5.0 (compatible; MSIE 10.0; Windows NT 6.1; WOW64; Trident/6.0)"
67.177.236.190 - - [19/Aug/2013:16:00:37 -0400] "GET /pix/id.png HTTP/1.1" 200 430 "http://truthfortheworld.org/longest-sermon" "Mozilla/5.0 (compatible; MSIE 10.0; Windows NT 6.1; WOW64; Trident/6.0)"
67.177.236.190 - - [19/Aug/2013:16:00:37 -0400] "GET /pix/earth.jpg HTTP/1.1" 200 13099 "http://truthfortheworld.org/longest-sermon" "Mozilla/5.0 (compatible; MSIE 10.0; Windows NT 6.1; WOW64; Trident/6.0)"
24.159.164.34 - - [19/Aug/2013:16:03:20 -0400] "POST /connectors/element/propertyset.php HTTP/1.1" 200 84 "http://truthfortheworld.org/manager/index.php?a=23&id=8" "Mozilla/5.0 (Windows NT 6.2; WOW64) AppleWebKit/537.36 (KHTML, like Gecko) Chrome/28.0.1500.95 Safari/537.36"
220.181.51.156 - - [19/Aug/2013:16:05:13 -0400] "HEAD /mp3/zh/1john14.mp3 HTTP/1.0" 200 - "-" "NSPlayer/10.0.0.4072 WMFSDK/10.0"
24.159.164.34 - - [19/Aug/2013:16:06:43 -0400] "GET /manager/min/index.php?f=/manager/assets/modext/core/modx.localization.js,/manager/assets/modext/util/utilities.js,/manager/assets/modext/core/modx.component.js,/manager/assets/modext/widgets/core/modx.panel.js,/manager/assets/modext/widgets/core/modx.tabs.js,/manager/assets/modext/widgets/core/modx.window.js,/manager/assets/modext/widgets/core/modx.tree.js,/manager/assets/modext/widgets/core/modx.combo.js,/manager/assets/modext/widgets/core/modx.grid.js,/manager/assets/modext/widgets/core/modx.console.js,/manager/assets/modext/widgets/core/modx.portal.js HTTP/1.1" 304 - "http://truthfortheworld.org/manager/index.php?a=30&id=1568&reload=52127a6589a279.92644262" "Mozilla/5.0 (Windows NT 6.2; WOW64) AppleWebKit/537.36 (KHTML, like Gecko) Chrome/28.0.1500.95 Safari/537.36"
108.59.8.70 - - [19/Aug/2013:16:06:48 -0400] "GET /blog/2013/04/26/blog/2012/11/07/blog/2012/09/21/blog/2012/09/21/blog/blog/2013/03/19/blog/blog2012/11 HTTP/1.0" 200 11285 "-" "Mozilla/5.0 (compatible; MJ12bot/v1.4.3; http://www.majestic12.co.uk/bot.php?+)"
108.59.8.70 - - [19/Aug/2013:16:08:09 -0400] "GET /blog/2013/04/26/blog/2012/11/07/blog/2012/09/21/blog/2012/09/21/blog/blog/2013/03/19/blog2013/blog2012/09 HTTP/1.0" 200 11285 "-" "Mozilla/5.0 (compatible; MJ12bot/v1.4.3; http://www.majestic12.co.uk/bot.php?+)"
220.181.51.157 - - [19/Aug/2013:16:08:33 -0400] "HEAD /mp3/zh/1john17.mp3 HTTP/1.0" 200 - "-" "NSPlayer/10.0.0.4072 WMFSDK/10.0"
108.59.8.70 - - [19/Aug/2013:16:08:57 -0400] "GET /blog/2013/04/26/blog/2012/11/07/blog/2012/09/21/blog/2012/09/21/blog/blog/2013/04/26/blog/2012/09/21/blog2012/09 HTTP/1.0" 200 11285 "-" "Mozilla/5.0 (compatible; MJ12bot/v1.4.3; http://www.majestic12.co.uk/bot.php?+)"
108.59.8.70 - - [19/Aug/2013:16:09:27 -0400] "GET /blog/2013/04/26/blog/2012/11/07/blog/2012/09/21/blog/2012/09/21/blog/blog/2013/04/26/blog/2012/11/07/blog/2013/03/19/mission-trip-to-peru HTTP/1.0" 200 11285 "-" "Mozilla/5.0 (compatible; MJ12bot/v1.4.3; http://www.majestic12.co.uk/bot.php?+)"
108.59.8.70 - - [19/Aug/2013:16:09:35 -0400] "GET /blog/2013/04/26/blog/2012/11/07/blog/2012/09/21/blog/2012/09/21/blog/blog/2013/04/26/blog/2012/11/07/blog2012/09 HTTP/1.0" 200 11285 "-" "Mozilla/5.0 (compatible; MJ12bot/v1.4.3; http://www.majestic12.co.uk/bot.php?+)"
108.59.8.70 - - [19/Aug/2013:16:09:50 -0400] "GET /blog/2013/04/26/blog/2012/11/07/blog/2012/09/21/blog/2012/09/21/blog/blog/2013/04/26/blog/2013/04/26/blog/2012/09/21/truth-for-the-world-starts-blog HTTP/1.0" 200 11285 "-" "Mozilla/5.0 (compatible; MJ12bot/v1.4.3; http://www.majestic12.co.uk/bot.php?+)"
108.59.8.70 - - [19/Aug/2013:16:10:42 -0400] "GET /blog/2013/04/26/blog/2012/11/07/blog/2012/09/21/blog/2012/09/21/blog/blog/2013/04/26/blog2012/blog/feed.rss HTTP/1.0" 200 11285 "-" "Mozilla/5.0 (compatible; MJ12bot/v1.4.3; http://www.majestic12.co.uk/bot.php?+)"
108.59.8.70 - - [19/Aug/2013:16:11:15 -0400] "GET /blog/2013/04/26/blog/2012/11/07/blog/2012/09/21/blog/2012/09/21/blog/blog/2013/04/26/blog2013/blog/2013/01/15/mission-trip-to-mexico HTTP/1.0" 200 11285 "-" "Mozilla/5.0 (compatible; MJ12bot/v1.4.3; http://www.majestic12.co.uk/bot.php?+)"
108.59.8.70 - - [19/Aug/2013:16:16:56 -0400] "GET /blog/2013/04/26/blog/2012/11/07/blog/2012/09/21/blog/2012/09/21/blog/blog/blog2012/blog/2013/03/19/blog2013/04 HTTP/1.0" 200 11285 "-" "Mozilla/5.0 (compatible; MJ12bot/v1.4.3; http://www.majestic12.co.uk/bot.php?+)"
108.59.8.70 - - [19/Aug/2013:16:16:59 -0400] "GET /blog/2013/04/26/blog/2012/11/07/blog/2012/09/21/blog/2012/09/21/blog/blog/blog2012/blog/feed.rss HTTP/1.0" 200 11285 "-" "Mozilla/5.0 (compatible; MJ12bot/v1.4.3; http://www.majestic12.co.uk/bot.php?+)"
108.59.8.70 - - [19/Aug/2013:16:17:07 -0400] "GET /blog/2013/04/26/blog/2012/11/07/blog/2012/09/21/blog/2012/09/21/blog/blog/blog2012/blog2012/blog/2013/01/15/mission-trip-to-mexico HTTP/1.0" 200 11285 "-" "Mozilla/5.0 (compatible; MJ12bot/v1.4.3; http://www.majestic12.co.uk/bot.php?+)"
24.159.164.34 - - [19/Aug/2013:16:18:29 -0400] "POST /connectors/element/chunk.php HTTP/1.1" 200 461 "http://truthfortheworld.org/manager/index.php?a=30&id=1568" "Mozilla/5.0 (Windows NT 6.2; WOW64) AppleWebKit/537.36 (KHTML, like Gecko) Chrome/28.0.1500.95 Safari/537.36"
24.159.164.34 - - [19/Aug/2013:16:18:32 -0400] "POST /connectors/element/index.php?action=getNodes&id=n_chunk_category_5&type=chunk HTTP/1.1" 200 2007 "http://truthfortheworld.org/manager/index.php?a=30&id=1568" "Mozilla/5.0 (Windows NT 6.2; WOW64) AppleWebKit/537.36 (KHTML, like Gecko) Chrome/28.0.1500.95 Safari/537.36"
24.159.164.34 - - [19/Aug/2013:16:18:34 -0400] "POST /connectors/system/registry/register.php HTTP/1.1" 200 61 "http://truthfortheworld.org/manager/index.php?a=30&id=1568" "Mozilla/5.0 (Windows NT 6.2; WOW64) AppleWebKit/537.36 (KHTML, like Gecko) Chrome/28.0.1500.95 Safari/537.36"
108.59.8.70 - - [19/Aug/2013:16:21:00 -0400] "GET /blog/2013/04/26/blog/2012/11/07/blog/2012/09/21/blog/2012/09/21/blog2012/blog/2013/04/26/blog/2012/09/21/blog2013/blog2013/01 HTTP/1.0" 200 11285 "-" "Mozilla/5.0 (compatible; MJ12bot/v1.4.3; http://www.majestic12.co.uk/bot.php?+)"
108.59.8.70 - - [19/Aug/2013:16:21:39 -0400] "GET /blog/2013/04/26/blog/2012/11/07/blog/2012/09/21/blog/2012/09/21/blog2012/blog/2013/04/26/blog/2012/11/07/blog/2012/11/07/blog/2013/03/19/mission-trip-to-peru HTTP/1.0" 200 11285 "-" "Mozilla/5.0 (compatible; MJ12bot/v1.4.3; http://www.majestic12.co.uk/bot.php?+)"
82.145.209.83 - - [19/Aug/2013:16:22:37 -0400] "GET /pix/google-plus.png HTTP/1.1" 200 2371 "http://truthfortheworld.org/roku-channel" "Opera/9.80 (J2ME/MIDP; Opera Mini/5.0.18635/30.3697; U; en) Presto/2.8.119 Version/11.10"
82.145.209.83 - - [19/Aug/2013:16:22:37 -0400] "GET /js/jquery.smooth-scroll.min.js HTTP/1.1" 200 2648 "http://truthfortheworld.org/roku-channel" "Opera/9.80 (J2ME/MIDP; Opera Mini/5.0.18635/30.3697; U; en) Presto/2.8.119 Version/11.10"
108.59.8.70 - - [19/Aug/2013:16:25:52 -0400] "GET /blog/2013/04/26/blog/2012/11/07/blog/2012/09/21/blog/2012/09/21/blog2012/blog/2013/04/26/blog/2013/01/15/blog/2013/01/15/blog/2012/11/07/online-radio-station-launched HTTP/1.0" 200 11285 "-" "Mozilla/5.0 (compatible; MJ12bot/v1.4.3; http://www.majestic12.co.uk/bot.php?+)"
108.59.8.70 - - [19/Aug/2013:16:26:04 -0400] "GET /blog/2013/04/26/blog/2012/11/07/blog/2012/09/21/blog/2012/09/21/blog2012/blog/2013/04/26/blog/2013/01/15/blog/2013/01/15/blog/feed.rss HTTP/1.0" 200 11285 "-" "Mozilla/5.0 (compatible; MJ12bot/v1.4.3; http://www.majestic12.co.uk/bot.php?+)"
108.59.8.70 - - [19/Aug/2013:16:26:32 -0400] "GET /blog/2013/04/26/blog/2012/11/07/blog/2012/09/21/blog/2012/09/21/blog2012/blog/2013/04/26/blog/2013/01/15/blog/2013/03/19/blog2012/09 HTTP/1.0" 200 11285 "-" "Mozilla/5.0 (compatible; MJ12bot/v1.4.3; http://www.majestic12.co.uk/bot.php?+)"
220.181.51.155 - - [19/Aug/2013:16:30:30 -0400] "HEAD /mp3/zh/mbfof32.mp3 HTTP/1.0" 200 - "-" "NSPlayer/10.0.0.4072 WMFSDK/10.0"
188.141.106.237 - - [19/Aug/2013:16:31:34 -0400] "GET /js/html5shiv.js HTTP/1.1" 200 2359 "http://truthfortheworld.org/" "Opera/9.80 (Windows NT 6.1) Presto/2.12.388 Version/12.16"
188.141.106.237 - - [19/Aug/2013:16:31:34 -0400] "GET /pix/facebook.png HTTP/1.1" 200 2478 "http://truthfortheworld.org/" "Opera/9.80 (Windows NT 6.1) Presto/2.12.388 Version/12.16"
188.141.106.237 - - [19/Aug/2013:16:31:34 -0400] "GET /js/superfish.js HTTP/1.1" 200 6728 "http://truthfortheworld.org/" "Opera/9.80 (Windows NT 6.1) Presto/2.12.388 Version/12.16"
188.141.106.237 - - [19/Aug/2013:16:31:34 -0400] "GET /css/footer.css HTTP/1.1" 200 3501 "http://truthfortheworld.org/" "Opera/9.80 (Windows NT 6.1) Presto/2.12.388 Version/12.16"
188.141.106.237 - - [19/Aug/2013:16:31:34 -0400] "GET /js/jquery.smooth-scroll.min.js HTTP/1.1" 200 2648 "http://truthfortheworld.org/" "Opera/9.80 (Windows NT 6.1) Presto/2.12.388 Version/12.16"
208.115.113.85 - - [19/Aug/2013:16:39:52 -0400] "GET /%E5%A6%82%E4%BD%95%E5%BE%97%E5%88%B0%E7%9C%9F%E6%AD%A3%E7%9A%84%E5%96%9C%E6%A8%82 HTTP/1.1" 200 8502 "-" "Mozilla/5.0 (compatible; Ezooms/1.0; ezooms.bot@gmail.com)"
24.159.164.34 - - [19/Aug/2013:16:41:01 -0400] "GET /css/print.css HTTP/1.1" 304 - "http://zh-tr.truthfortheworld.org/%E9%8C%84%E9%9F%B3%E7%9A%84%E8%AA%B2%E7%A8%8B" "Mozilla/5.0 (Windows NT 6.2; WOW64) AppleWebKit/537.36 (KHTML, like Gecko) Chrome/28.0.1500.95 Safari/537.36"
24.159.164.34 - - [19/Aug/2013:16:41:01 -0400] "GET /js/superfish.js HTTP/1.1" 304 - "http://zh-tr.truthfortheworld.org/%E9%8C%84%E9%9F%B3%E7%9A%84%E8%AA%B2%E7%A8%8B" "Mozilla/5.0 (Windows NT 6.2; WOW64) AppleWebKit/537.36 (KHTML, like Gecko) Chrome/28.0.1500.95 Safari/537.36"
24.159.164.34 - - [19/Aug/2013:16:41:01 -0400] "GET /css/reset.css HTTP/1.1" 304 - "http://zh-tr.truthfortheworld.org/%E9%8C%84%E9%9F%B3%E7%9A%84%E8%AA%B2%E7%A8%8B" "Mozilla/5.0 (Windows NT 6.2; WOW64) AppleWebKit/537.36 (KHTML, like Gecko) Chrome/28.0.1500.95 Safari/537.36"
24.159.164.34 - - [19/Aug/2013:16:41:01 -0400] "GET /pix/id.brightball.jpg HTTP/1.1" 304 - "http://zh-tr.truthfortheworld.org/%E9%8C%84%E9%9F%B3%E7%9A%84%E8%AA%B2%E7%A8%8B" "Mozilla/5.0 (Windows NT 6.2; WOW64) AppleWebKit/537.36 (KHTML, like Gecko) Chrome/28.0.1500.95 Safari/537.36"
24.159.164.34 - - [19/Aug/2013:16:41:01 -0400] "GET /pix/zh-tr.floatbar_bg_title.png HTTP/1.1" 304 - "http://zh-tr.truthfortheworld.org/%E9%8C%84%E9%9F%B3%E7%9A%84%E8%AA%B2%E7%A8%8B" "Mozilla/5.0 (Windows NT 6.2; WOW64) AppleWebKit/537.36 (KHTML, like Gecko) Chrome/28.0.1500.95 Safari/537.36"
66.213.75.2 - - [19/Aug/2013:16:51:26 -0400] "GET /pix/littleball.png HTTP/1.1" 200 1639 "http://truthfortheworld.org/thousand-year-reign" "Mozilla/5.0 (compatible; MSIE 10.0; Windows NT 6.1; WOW64; Trident/6.0)"
66.213.75.2 - - [19/Aug/2013:16:51:26 -0400] "GET /js/jquery.smooth-scroll.min.js HTTP/1.1" 200 2648 "http://truthfortheworld.org/thousand-year-reign" "Mozilla/5.0 (compatible; MSIE 10.0; Windows NT 6.1; WOW64; Trident/6.0)"
66.213.75.2 - - [19/Aug/2013:16:51:26 -0400] "GET /js/easySlider1.7.js HTTP/1.1" 200 6198 "http://truthfortheworld.org/thousand-year-reign" "Mozilla/5.0 (compatible; MSIE 10.0; Windows NT 6.1; WOW64; Trident/6.0)"
66.213.75.2 - - [19/Aug/2013:16:51:26 -0400] "GET /css/footer.css HTTP/1.1" 200 3501 "http://truthfortheworld.org/thousand-year-reign" "Mozilla/5.0 (compatible; MSIE 10.0; Windows NT 6.1; WOW64; Trident/6.0)"
66.213.75.2 - - [19/Aug/2013:16:51:26 -0400] "GET /pix/swirl.png HTTP/1.1" 200 1619 "http://truthfortheworld.org/thousand-year-reign" "Mozilla/5.0 (compatible; MSIE 10.0; Windows NT 6.1; WOW64; Trident/6.0)"
66.213.75.2 - - [19/Aug/2013:16:51:27 -0400] "GET /pix/id.png HTTP/1.1" 200 430 "http://truthfortheworld.org/thousand-year-reign" "Mozilla/5.0 (compatible; MSIE 10.0; Windows NT 6.1; WOW64; Trident/6.0)"
96.19.160.136 - - [19/Aug/2013:17:12:31 -0400] "GET /mp3/web/TFTW_WTLB_CL_01_Start_With_Yourself.mp3 HTTP/1.1" 200 14127401 "-" "NSPlayer/11.00.6002.18049 WMFSDK/11.00.6002.18049"
198.211.107.216 - - [19/Aug/2013:17:17:30 -0400] "GET /blog/2013/03/19/mission-trip-to-peru/ HTTP/1.1" 200 17839 "-" "Mozilla/5.0 (Windows NT 6.1; WOW64; rv:21.0) Gecko/20100101 Firefox/21.0"
173.208.168.14 - - [19/Aug/2013:17:19:56 -0400] "HEAD / HTTP/1.1" 200 - "http://www.carycoc.org/bcc/" "LinkChecker/7.4 (+http://linkchecker.sourceforge.net/)"
69.41.14.215 - - [19/Aug/2013:17:21:41 -0400] "GET /bcc/images/logo.jpg HTTP/1.1" 200 10578 "-" "Mozilla/5.0 (Windows; U; Windows NT 5.1; en-US; rv:1.9.0.1) Gecko/2008070208 Firefox/3.0.1"
144.76.45.204 - - [19/Aug/2013:17:29:42 -0400] "GET /tftwpodcast.rss HTTP/1.1" 301 251 "-" "76"
199.187.122.91 - - [19/Aug/2013:17:31:12 -0400] "GET /questions-and-answers-on-marriage,-divorce,-and-remarriage HTTP/1.1" 200 18741 "-" "Mozilla/4.0 (compatible; MSIE 6.0; Windows NT 5.1; SV1; .NET CLR 2.0.50727)"
199.187.122.91 - - [19/Aug/2013:17:31:18 -0400] "GET /the-lord?s-supper HTTP/1.1" 404 17146 "-" "Mozilla/4.0 (compatible; MSIE 6.0; Windows NT 5.1; SV1; .NET CLR 2.0.50727)"
199.187.122.91 - - [19/Aug/2013:17:31:34 -0400] "GET /tv HTTP/1.1" 200 11267 "-" "Mozilla/4.0 (compatible; MSIE 6.0; Windows NT 5.1; SV1; .NET CLR 2.0.50727)"
24.119.15.164 - - [19/Aug/2013:17:59:03 -0400] "GET /pix/littleball.png HTTP/1.1" 200 1639 "http://truthfortheworld.org/is-hand-clapping-scriptural" "Mozilla/5.0 (compatible; MSIE 10.0; Windows NT 6.1; Trident/6.0)"
24.119.15.164 - - [19/Aug/2013:17:59:03 -0400] "GET /pix/twitter.png HTTP/1.1" 200 1798 "http://truthfortheworld.org/is-hand-clapping-scriptural" "Mozilla/5.0 (compatible; MSIE 10.0; Windows NT 6.1; Trident/6.0)"
24.119.15.164 - - [19/Aug/2013:17:59:03 -0400] "GET /js/jquery.hoverIntent.js HTTP/1.1" 200 4944 "http://truthfortheworld.org/is-hand-clapping-scriptural" "Mozilla/5.0 (compatible; MSIE 10.0; Windows NT 6.1; Trident/6.0)"
208.115.111.69 - - [19/Aug/2013:18:01:11 -0400] "GET /blog2012/blog/tags/blog/tags/blog/tags/blog2013/01 HTTP/1.1" 200 13491 "-" "Mozilla/5.0 (compatible; Ezooms/1.0; ezooms.bot@gmail.com)"
172.242.130.3 - - [19/Aug/2013:18:22:29 -0400] "GET /js/jquery.hoverIntent.js HTTP/1.1" 304 - "http://truthfortheworld.org/god-has-joined-himself-to-the-bible" "Mozilla/4.0 (compatible; MSIE 8.0; Windows NT 6.0; Trident/4.0; SLCC1; .NET CLR 2.0.50727; Media Center PC 5.0; .NET CLR 3.5.30729; .NET CLR 3.0.30729; .NET4.0C; InfoPath.2; AskTbORJ/5.15.23.36191)"
172.242.130.3 - - [19/Aug/2013:18:22:29 -0400] "GET /pix/twitter.png HTTP/1.1" 304 - "http://truthfortheworld.org/god-has-joined-himself-to-the-bible" "Mozilla/4.0 (compatible; MSIE 8.0; Windows NT 6.0; Trident/4.0; SLCC1; .NET CLR 2.0.50727; Media Center PC 5.0; .NET CLR 3.5.30729; .NET CLR 3.0.30729; .NET4.0C; InfoPath.2; AskTbORJ/5.15.23.36191)"
172.242.130.3 - - [19/Aug/2013:18:27:59 -0400] "GET /css/bcc.css HTTP/1.1" 200 3352 "-" "Mozilla/4.0 (compatible; MSIE 8.0; Windows NT 6.0; Trident/4.0; SLCC1; .NET CLR 2.0.50727; Media Center PC 5.0; .NET CLR 3.5.30729; .NET CLR 3.0.30729; .NET4.0C; InfoPath.2; AskTbORJ/5.15.23.36191)"
157.55.33.100 - - [19/Aug/2013:18:31:27 -0400] "GET /online-bcc HTTP/1.1" 200 9593 "-" "Mozilla/5.0 (compatible; bingbot/2.0; +http://www.bing.com/bingbot.htm)"
180.76.5.55 - - [19/Aug/2013:18:33:37 -0400] "GET / HTTP/1.1" 200 17193 "-" "Mozilla/5.0 (compatible; Baiduspider/2.0; +http://www.baidu.com/search/spider.html)"
108.232.47.117 - - [19/Aug/2013:18:33:42 -0400] "GET /roku/xml/series-feed.php?id=1730797367001 HTTP/1.1" 200 8892 "-" "Roku/DVP-5.1 (025.01E01178A)"
108.232.47.117 - - [19/Aug/2013:18:36:01 -0400] "GET /video/ae-wam-08.mp4 HTTP/1.1" 206 379999524 "-" "Roku/DVP-5.1 (025.01E01178A)"
172.242.130.3 - - [19/Aug/2013:18:43:58 -0400] "GET /pix/favicon.ico HTTP/1.1" 304 - "http://truthfortheworld.org/new-covenant" "Mozilla/4.0 (compatible; MSIE 8.0; Windows NT 6.0; Trident/4.0; SLCC1; .NET CLR 2.0.50727; Media Center PC 5.0; .NET CLR 3.5.30729; .NET CLR 3.0.30729; .NET4.0C; InfoPath.2; AskTbORJ/5.15.23.36191)"
108.232.47.117 - - [19/Aug/2013:18:46:46 -0400] "GET /video/ae-wam-03.mp4 HTTP/1.1" 200 383448478 "-" "Roku/DVP-5.1 (025.01E01178A)"
172.242.130.3 - - [19/Aug/2013:18:55:42 -0400] "GET /ten-commandments HTTP/1.1" 500 - "http://truthfortheworld.org/?id=179" "Mozilla/4.0 (compatible; MSIE 8.0; Windows NT 6.0; Trident/4.0; SLCC1; .NET CLR 2.0.50727; Media Center PC 5.0; .NET CLR 3.5.30729; .NET CLR 3.0.30729; .NET4.0C; InfoPath.2; AskTbORJ/5.15.23.36191)"
172.242.130.3 - - [19/Aug/2013:19:02:22 -0400] "GET /js/html5shiv.js HTTP/1.1" 304 - "-" "Mozilla/4.0 (compatible; MSIE 8.0; Windows NT 6.0; Trident/4.0; SLCC1; .NET CLR 2.0.50727; Media Center PC 5.0; .NET CLR 3.5.30729; .NET CLR 3.0.30729; .NET4.0C; InfoPath.2; AskTbORJ/5.15.23.36191)"
172.242.130.3 - - [19/Aug/2013:19:02:30 -0400] "GET /pix/littleball.png HTTP/1.1" 200 1639 "http://truthfortheworld.org/god-has-joined-himself-to-the-bible" "Mozilla/4.0 (compatible; MSIE 8.0; Windows NT 6.0; Trident/4.0; SLCC1; .NET CLR 2.0.50727; Media Center PC 5.0; .NET CLR 3.5.30729; .NET CLR 3.0.30729; .NET4.0C; InfoPath.2; AskTbORJ/5.15.23.36191)"
172.242.130.3 - - [19/Aug/2013:19:02:31 -0400] "GET /pix/about.png HTTP/1.1" 304 - "-" "Mozilla/4.0 (compatible; MSIE 8.0; Windows NT 6.0; Trident/4.0; SLCC1; .NET CLR 2.0.50727; Media Center PC 5.0; .NET CLR 3.5.30729; .NET CLR 3.0.30729; .NET4.0C; InfoPath.2; AskTbORJ/5.15.23.36191)"
74.171.11.222 - - [19/Aug/2013:19:11:26 -0400] "GET /pix/littleball.png HTTP/1.1" 200 1639 "http://truthfortheworld.org/" "Mozilla/5.0 (iPad; U; CPU OS 6_1_3 like Mac OS X; en-us) AppleWebKit/533.17.9 (KHTML, like Gecko) Version/5.0.2 Mobile/8C134 NetNanny Mobile/1.0 Safari/6533.18.5"
74.171.11.222 - - [19/Aug/2013:19:11:26 -0400] "GET /pix/facebook.png HTTP/1.1" 200 2478 "http://truthfortheworld.org/" "Mozilla/5.0 (iPad; U; CPU OS 6_1_3 like Mac OS X; en-us) AppleWebKit/533.17.9 (KHTML, like Gecko) Version/5.0.2 Mobile/8C134 NetNanny Mobile/1.0 Safari/6533.18.5"
74.171.11.222 - - [19/Aug/2013:19:11:26 -0400] "GET /js/jquery.hoverIntent.js HTTP/1.1" 200 4944 "http://truthfortheworld.org/" "Mozilla/5.0 (iPad; U; CPU OS 6_1_3 like Mac OS X; en-us) AppleWebKit/533.17.9 (KHTML, like Gecko) Version/5.0.2 Mobile/8C134 NetNanny Mobile/1.0 Safari/6533.18.5"
74.171.11.222 - - [19/Aug/2013:19:11:27 -0400] "GET /css/sidebars.css HTTP/1.1" 200 8749 "http://truthfortheworld.org/" "Mozilla/5.0 (iPad; U; CPU OS 6_1_3 like Mac OS X; en-us) AppleWebKit/533.17.9 (KHTML, like Gecko) Version/5.0.2 Mobile/8C134 NetNanny Mobile/1.0 Safari/6533.18.5"
74.171.11.222 - - [19/Aug/2013:19:11:27 -0400] "GET /pix/header.jpg HTTP/1.1" 200 23509 "http://truthfortheworld.org/" "Mozilla/5.0 (iPad; U; CPU OS 6_1_3 like Mac OS X; en-us) AppleWebKit/533.17.9 (KHTML, like Gecko) Version/5.0.2 Mobile/8C134 NetNanny Mobile/1.0 Safari/6533.18.5"
74.171.11.222 - - [19/Aug/2013:19:11:16 -0400] "GET / HTTP/1.1" 200 17146 "http://www.poriruachurch.com/links.php" "Mozilla/5.0 (iPad; U; CPU OS 6_1_3 like Mac OS X; en-us) AppleWebKit/533.17.9 (KHTML, like Gecko) Version/5.0.2 Mobile/8C134 NetNanny Mobile/1.0 Safari/6533.18.5"
74.171.11.222 - - [19/Aug/2013:19:11:28 -0400] "GET /pix/floatbar_bg.png HTTP/1.1" 200 4653 "http://truthfortheworld.org/" "Mozilla/5.0 (iPad; U; CPU OS 6_1_3 like Mac OS X; en-us) AppleWebKit/533.17.9 (KHTML, like Gecko) Version/5.0.2 Mobile/8C134 NetNanny Mobile/1.0 Safari/6533.18.5"
74.171.11.222 - - [19/Aug/2013:19:11:28 -0400] "GET /pix/buttonWay.png HTTP/1.1" 200 3504 "http://truthfortheworld.org/" "Mozilla/5.0 (iPad; U; CPU OS 6_1_3 like Mac OS X; en-us) AppleWebKit/533.17.9 (KHTML, like Gecko) Version/5.0.2 Mobile/8C134 NetNanny Mobile/1.0 Safari/6533.18.5"
74.171.11.222 - - [19/Aug/2013:19:11:28 -0400] "GET /pix/earth.jpg HTTP/1.1" 200 13099 "http://truthfortheworld.org/" "Mozilla/5.0 (iPad; U; CPU OS 6_1_3 like Mac OS X; en-us) AppleWebKit/533.17.9 (KHTML, like Gecko) Version/5.0.2 Mobile/8C134 NetNanny Mobile/1.0 Safari/6533.18.5"
178.110.220.201 - - [19/Aug/2013:19:20:18 -0400] "GET /js/jquery.hoverIntent.js HTTP/1.1" 200 4944 "http://truthfortheworld.org/" "Mozilla/5.0 (iPhone; CPU iPhone OS 6_1_3 like Mac OS X) AppleWebKit/536.26 (KHTML, like Gecko) Version/6.0 Mobile/10B329 Safari/8536.25"
178.110.220.201 - - [19/Aug/2013:19:20:24 -0400] "GET /pix/bg_headdb.jpg HTTP/1.1" 200 3209 "http://truthfortheworld.org/" "Mozilla/5.0 (iPhone; CPU iPhone OS 6_1_3 like Mac OS X) AppleWebKit/536.26 (KHTML, like Gecko) Version/6.0 Mobile/10B329 Safari/8536.25"
178.110.220.201 - - [19/Aug/2013:19:20:24 -0400] "GET /pix/id_lg.png HTTP/1.1" 200 490 "http://truthfortheworld.org/" "Mozilla/5.0 (iPhone; CPU iPhone OS 6_1_3 like Mac OS X) AppleWebKit/536.26 (KHTML, like Gecko) Version/6.0 Mobile/10B329 Safari/8536.25"
178.110.220.201 - - [19/Aug/2013:19:20:25 -0400] "GET /pix/divider.png HTTP/1.1" 200 993 "http://truthfortheworld.org/" "Mozilla/5.0 (iPhone; CPU iPhone OS 6_1_3 like Mac OS X) AppleWebKit/536.26 (KHTML, like Gecko) Version/6.0 Mobile/10B329 Safari/8536.25"
178.110.220.201 - - [19/Aug/2013:19:20:26 -0400] "GET /css/print.css HTTP/1.1" 200 437 "http://truthfortheworld.org/" "Mozilla/5.0 (iPhone; CPU iPhone OS 6_1_3 like Mac OS X) AppleWebKit/536.26 (KHTML, like Gecko) Version/6.0 Mobile/10B329 Safari/8536.25"
172.242.130.3 - - [19/Aug/2013:19:20:50 -0400] "GET /js/main.js HTTP/1.1" 304 - "http://truthfortheworld.org/how-to-study-the-bible" "Mozilla/4.0 (compatible; MSIE 8.0; Windows NT 6.0; Trident/4.0; SLCC1; .NET CLR 2.0.50727; Media Center PC 5.0; .NET CLR 3.5.30729; .NET CLR 3.0.30729; .NET4.0C; InfoPath.2; AskTbORJ/5.15.23.36191)"
74.121.90.155 - - [19/Aug/2013:19:22:37 -0400] "GET /css/bcc.css HTTP/1.1" 304 - "http://truthfortheworld.org/bcc/courses/bcc_ibs_l8.html" "Mozilla/4.0 (compatible; MSIE 7.0; Windows NT 5.1; Trident/4.0; GTB7.5; InfoPath.1; .NET CLR 2.0.50727; .NET CLR 3.0.4506.2152; .NET CLR 1.1.4322; .NET CLR 3.5.30729; BOIE8;ENUS)"
74.121.90.155 - - [19/Aug/2013:19:22:37 -0400] "GET /css/reftagger.css HTTP/1.1" 304 - "http://truthfortheworld.org/bcc/courses/bcc_ibs_l8.html" "Mozilla/4.0 (compatible; MSIE 7.0; Windows NT 5.1; Trident/4.0; GTB7.5; InfoPath.1; .NET CLR 2.0.50727; .NET CLR 3.0.4506.2152; .NET CLR 1.1.4322; .NET CLR 3.5.30729; BOIE8;ENUS)"
74.121.90.155 - - [19/Aug/2013:19:22:37 -0400] "GET /bcc/images/ibsmap.gif HTTP/1.1" 200 16848 "http://truthfortheworld.org/bcc/courses/bcc_ibs_l8.html" "Mozilla/4.0 (compatible; MSIE 7.0; Windows NT 5.1; Trident/4.0; GTB7.5; InfoPath.1; .NET CLR 2.0.50727; .NET CLR 3.0.4506.2152; .NET CLR 1.1.4322; .NET CLR 3.5.30729; BOIE8;ENUS)"
172.242.130.3 - - [19/Aug/2013:19:29:28 -0400] "GET /css/print.css HTTP/1.1" 304 - "http://truthfortheworld.org/?id=71" "Mozilla/4.0 (compatible; MSIE 8.0; Windows NT 6.0; Trident/4.0; SLCC1; .NET CLR 2.0.50727; Media Center PC 5.0; .NET CLR 3.5.30729; .NET CLR 3.0.30729; .NET4.0C; InfoPath.2; AskTbORJ/5.15.23.36191)"
172.242.130.3 - - [19/Aug/2013:19:34:30 -0400] "GET /css/bcc.css HTTP/1.1" 304 - "-" "Mozilla/4.0 (compatible; MSIE 8.0; Windows NT 6.0; Trident/4.0; SLCC1; .NET CLR 2.0.50727; Media Center PC 5.0; .NET CLR 3.5.30729; .NET CLR 3.0.30729; .NET4.0C; InfoPath.2; AskTbORJ/5.15.23.36191)"
172.242.130.3 - - [19/Aug/2013:19:34:40 -0400] "GET /css/print.css HTTP/1.1" 200 437 "http://truthfortheworld.org/bfof-ch5" "Mozilla/4.0 (compatible; MSIE 8.0; Windows NT 6.0; Trident/4.0; SLCC1; .NET CLR 2.0.50727; Media Center PC 5.0; .NET CLR 3.5.30729; .NET CLR 3.0.30729; .NET4.0C; InfoPath.2; AskTbORJ/5.15.23.36191)"
66.249.75.179 - - [19/Aug/2013:19:43:31 -0400] "GET /apakah-keanggotaan-gereja-penting-bagi-keselamatan HTTP/1.1" 200 20691 "-" "Mozilla/5.0 (iPhone; U; CPU iPhone OS 4_1 like Mac OS X; en-us) AppleWebKit/532.9 (KHTML, like Gecko) Version/4.0.5 Mobile/8B117 Safari/6531.22.7 (compatible; Googlebot-Mobile/2.1; +http://www.google.com/bot.html)"
172.242.130.3 - - [19/Aug/2013:19:45:45 -0400] "GET /read HTTP/1.1" 200 9458 "http://truthfortheworld.org/bfof-ch5" "Mozilla/4.0 (compatible; MSIE 8.0; Windows NT 6.0; Trident/4.0; SLCC1; .NET CLR 2.0.50727; Media Center PC 5.0; .NET CLR 3.5.30729; .NET CLR 3.0.30729; .NET4.0C; InfoPath.2; AskTbORJ/5.15.23.36191)"
96.254.26.168 - - [19/Aug/2013:19:46:10 -0400] "GET /favicon.ico HTTP/1.1" 404 17183 "-" "Mozilla/5.0 (compatible; MSIE 10.0; Windows NT 6.1; Win64; x64; Trident/6.0)"
188.165.52.185 - - [19/Aug/2013:19:46:50 -0400] "GET / HTTP/1.1" 301 236 "http://www.tftw.org/" "Opera/9.80 (Windows NT 6.2; Win64; x64) Presto/2.12.388 Version/12.15"
172.242.130.3 - - [19/Aug/2013:19:50:21 -0400] "GET /js/main.js HTTP/1.1" 304 - "http://truthfortheworld.org/bfof-ch7" "Mozilla/4.0 (compatible; MSIE 8.0; Windows NT 6.0; Trident/4.0; SLCC1; .NET CLR 2.0.50727; Media Center PC 5.0; .NET CLR 3.5.30729; .NET CLR 3.0.30729; .NET4.0C; InfoPath.2; AskTbORJ/5.15.23.36191)"
67.197.175.60 - - [19/Aug/2013:19:53:55 -0400] "GET /blog/2013/04/26/blog/2012/11/07/blog/2012/09/21/blog/2012/09/21/blog/blog/blog2013/blog/blog/2013/01/15/mission-trip-to-mexico HTTP/1.1" 503 323 "-" "Mozilla/5.0 (compatible; MJ12bot/v1.4.3; http://www.majestic12.co.uk/bot.php?+)"
12.204.194.160 - - [19/Aug/2013:20:10:50 -0400] "GET /android.xml?datelimit=1376078641 HTTP/1.1" 503 323 "-" "Dalvik/1.6.0 (Linux; U; Android 4.1.2; GT-N8013 Build/JZO54K)"
208.115.113.85 - - [19/Aug/2013:20:18:44 -0400] "GET /bcc/courses/BCC6-L12.html HTTP/1.1" 200 18062 "-" "Mozilla/5.0 (compatible; Ezooms/1.0; ezooms.bot@gmail.com)"
71.50.131.203 - - [19/Aug/2013:20:23:49 -0400] "GET /bible_courses.html HTTP/1.1" 200 288 "http://www.search.ask.com/web?p2=%5EADM%5EOSJ000%5EYY%5EUS&gct=&itbv=12.0.1.100&o=APN10614&tpid=ORJ-V7&apn_uid=EC005BC0-F1C5-4BA6-AEBC-3E8386045044&apn_ptnrs=ADM&apn_dtid=%5EOSJ000%5EYY%5EUS&apn_dbr=ie_9.0.8112.16490&doi=2013-07-02&trgb=IE&q=free+bible+course+certificate&psv=" "Mozilla/5.0 (compatible; MSIE 9.0; Windows NT 6.0; Trident/5.0)"
71.50.131.203 - - [19/Aug/2013:20:23:54 -0400] "GET /css/bcc.css HTTP/1.1" 200 3352 "http://truthfortheworld.org/bcc/" "Mozilla/5.0 (compatible; MSIE 9.0; Windows NT 6.0; Trident/5.0)"
71.50.131.203 - - [19/Aug/2013:20:23:54 -0400] "GET /css/reset.css HTTP/1.1" 200 1173 "http://truthfortheworld.org/bcc/" "Mozilla/5.0 (compatible; MSIE 9.0; Windows NT 6.0; Trident/5.0)"
172.242.130.3 - - [19/Aug/2013:20:27:50 -0400] "GET /js/easySlider1.7.js HTTP/1.1" 304 - "http://truthfortheworld.org/bfof-ch10" "Mozilla/4.0 (compatible; MSIE 8.0; Windows NT 6.0; Trident/4.0; SLCC1; .NET CLR 2.0.50727; Media Center PC 5.0; .NET CLR 3.5.30729; .NET CLR 3.0.30729; .NET4.0C; InfoPath.2; AskTbORJ/5.15.23.36191)"
172.242.130.3 - - [19/Aug/2013:20:27:50 -0400] "GET /pix/favicon.ico HTTP/1.1" 304 - "http://truthfortheworld.org/bfof-ch10" "Mozilla/4.0 (compatible; MSIE 8.0; Windows NT 6.0; Trident/4.0; SLCC1; .NET CLR 2.0.50727; Media Center PC 5.0; .NET CLR 3.5.30729; .NET CLR 3.0.30729; .NET4.0C; InfoPath.2; AskTbORJ/5.15.23.36191)"
172.242.130.3 - - [19/Aug/2013:20:27:53 -0400] "GET /pix/bgtexture.jpg HTTP/1.1" 200 23844 "http://truthfortheworld.org/bfof-ch10" "Mozilla/4.0 (compatible; MSIE 8.0; Windows NT 6.0; Trident/4.0; SLCC1; .NET CLR 2.0.50727; Media Center PC 5.0; .NET CLR 3.5.30729; .NET CLR 3.0.30729; .NET4.0C; InfoPath.2; AskTbORJ/5.15.23.36191)"
172.242.130.3 - - [19/Aug/2013:20:36:34 -0400] "GET /css/print.css HTTP/1.1" 304 - "http://truthfortheworld.org/bfof-ch9" "Mozilla/4.0 (compatible; MSIE 8.0; Windows NT 6.0; Trident/4.0; SLCC1; .NET CLR 2.0.50727; Media Center PC 5.0; .NET CLR 3.5.30729; .NET CLR 3.0.30729; .NET4.0C; InfoPath.2; AskTbORJ/5.15.23.36191)"
172.242.130.3 - - [19/Aug/2013:20:37:25 -0400] "GET /pix/rarrow.png HTTP/1.1" 200 1045 "http://truthfortheworld.org/" "Mozilla/4.0 (compatible; MSIE 8.0; Windows NT 6.0; Trident/4.0; SLCC1; .NET CLR 2.0.50727; Media Center PC 5.0; .NET CLR 3.5.30729; .NET CLR 3.0.30729; .NET4.0C; InfoPath.2; AskTbORJ/5.15.23.36191)"
