74.207.143.94 - - [19/Aug/2013:00:51:30 -0400] "GET /js/ontheairwidget.js HTTP/1.1" 200 7796 "http://truthfortheworld.org/on-the-air" "Mozilla/5.0 (Macintosh; Intel Mac OS X 10_8_4) AppleWebKit/536.30.1 (KHTML, like Gecko) Version/6.0.5 Safari/536.30.1"
67.61.4.147 - - [19/Aug/2013:01:26:13 -0400] "GET /mp3/web/TFTW_1_John_Part_04.mp3 HTTP/1.1" 304 - "-" "AppleCoreMedia/1.0.0.10B329 (iPhone; U; CPU OS 6_1_3 like Mac OS X; en_us)"
67.61.4.147 - - [19/Aug/2013:01:26:13 -0400] "GET /mp3/web/TFTW_1_John_Part_04.mp3 HTTP/1.1" 206 6973295 "-" "AppleCoreMedia/1.0.0.10B329 (iPhone; U; CPU OS 6_1_3 like Mac OS X; en_us)"
112.215.66.75 - - [19/Aug/2013:01:32:00 -0400] "GET /pix/id.brightball.jpg HTTP/1.1" 304 - "http://id.truthfortheworld.org/obat-obat-terlarang-dan-lkohol" "Mozilla/5.0 (Linux; U; Android 4.0.4; en-ph; GT-P3100 Build/IMM76D) AppleWebKit/534.30 (KHTML, like Gecko) Version/4.0 Safari/534.30"
112.215.66.75 - - [19/Aug/2013:01:32:02 -0400] "GET /pix/floatbar_bg.png HTTP/1.1" 200 4653 "http://id.truthfortheworld.org/obat-obat-terlarang-dan-lkohol" "Mozilla/5.0 (Linux; U; Android 4.0.4; en-ph; GT-P3100 Build/IMM76D) AppleWebKit/534.30 (KHTML, like Gecko) Version/4.0 Safari/534.30"
58.44.245.132 - - [19/Aug/2013:01:59:14 -0400] "GET /pix/es_lg.png HTTP/1.1" 200 873 "http://zh-tr.truthfortheworld.org/" "Mozilla/5.0 (Linux; U; Android 4.0.4; zh-cn; GT-S7562 Build/IMM76I) AppleWebKit/534.30 (KHTML, like Gecko) Version/4.0 Mobile Safari/534.30"
58.44.245.132 - - [19/Aug/2013:01:59:14 -0400] "GET /pix/facebook.png HTTP/1.1" 200 2478 "http://zh-tr.truthfortheworld.org/" "Mozilla/5.0 (Linux; U; Android 4.0.4; zh-cn; GT-S7562 Build/IMM76I) AppleWebKit/534.30 (KHTML, like Gecko) Version/4.0 Mobile Safari/534.30"
58.44.245.132 - - [19/Aug/2013:01:59:16 -0400] "GET /pix/google-plus.png HTTP/1.1" 200 2371 "http://zh-tr.truthfortheworld.org/" "Mozilla/5.0 (Linux; U; Android 4.0.4; zh-cn; GT-S7562 Build/IMM76I) AppleWebKit/534.30 (KHTML, like Gecko) Version/4.0 Mobile Safari/534.30"
157.55.36.50 - - [19/Aug/2013:02:08:20 -0400] "GET /HTML/BCC/courses/bcc_bbs_l10.html HTTP/1.1" 404 17075 "-" "Mozilla/5.0 (compatible; bingbot/2.0; +http://www.bing.com/bingbot.htm)"
27.7.0.28 - - [19/Aug/2013:02:37:35 -0400] "GET /favicon.ico HTTP/1.1" 404 17146 "-" "Mozilla/5.0 (Windows NT 5.1) AppleWebKit/537.36 (KHTML, like Gecko) Chrome/28.0.1500.95 Safari/537.36"
198.105.219.55 - - [19/Aug/2013:02:42:02 -0400] "HEAD / HTTP/1.1" 200 - "-" "checks.panopta.com"
182.50.130.99 - - [19/Aug/2013:02:51:09 -0400] "GET /css/main.css HTTP/1.1" 200 29927 "http://truthfortheworld.org/" "Mozilla/5.0 (Windows NT 5.1; rv:22.0) Gecko/20100101 Firefox/22.0"
182.50.130.99 - - [19/Aug/2013:02:51:10 -0400] "GET /css/reset.css HTTP/1.1" 200 1173 "http://truthfortheworld.org/" "Mozilla/5.0 (Windows NT 5.1; rv:22.0) Gecko/20100101 Firefox/22.0"
182.50.130.99 - - [19/Aug/2013:02:51:12 -0400] "GET /pix/bg_headdb.jpg HTTP/1.1" 200 3209 "http://truthfortheworld.org/" "Mozilla/5.0 (Windows NT 5.1; rv:22.0) Gecko/20100101 Firefox/22.0"
182.50.130.99 - - [19/Aug/2013:02:51:13 -0400] "GET /pix/littleball.png HTTP/1.1" 200 1639 "http://truthfortheworld.org/" "Mozilla/5.0 (Windows NT 5.1; rv:22.0) Gecko/20100101 Firefox/22.0"
182.50.130.99 - - [19/Aug/2013:02:51:13 -0400] "GET /pix/pan_tracts.jpg HTTP/1.1" 200 22029 "http://truthfortheworld.org/" "Mozilla/5.0 (Windows NT 5.1; rv:22.0) Gecko/20100101 Firefox/22.0"
182.50.130.99 - - [19/Aug/2013:02:51:14 -0400] "GET /pix/about.png HTTP/1.1" 200 10920 "http://truthfortheworld.org/" "Mozilla/5.0 (Windows NT 5.1; rv:22.0) Gecko/20100101 Firefox/22.0"
182.50.130.99 - - [19/Aug/2013:02:51:14 -0400] "GET /pix/divider.png HTTP/1.1" 200 993 "http://truthfortheworld.org/" "Mozilla/5.0 (Windows NT 5.1; rv:22.0) Gecko/20100101 Firefox/22.0"
182.50.130.99 - - [19/Aug/2013:02:51:14 -0400] "GET /pix/larrow.png HTTP/1.1" 200 1045 "http://truthfortheworld.org/" "Mozilla/5.0 (Windows NT 5.1; rv:22.0) Gecko/20100101 Firefox/22.0"
220.181.89.180 - - [19/Aug/2013:02:52:59 -0400] "GET / HTTP/1.1" 200 7396 "-" "Sogou web spider/4.0(+http://www.sogou.com/docs/help/webmasters.htm#07)"
38.111.147.84 - - [19/Aug/2013:02:59:49 -0400] "GET / HTTP/1.0" 200 17150 "-" "TurnitinBot/2.1 (http://www.turnitin.com/robot/crawlerinfo.html)"
208.115.111.69 - - [19/Aug/2013:18:01:37 -0400] "GET /blogauthor/blog/2012/09/21/tftw-app-launched/blog/2012/11/07/online-radio-station-launched/blog/tags/blog/tags/blog/tags/blog/tags/blog/tags/blog2012/11 HTTP/1.1" 200 16338 "-" "Mozilla/5.0 (compatible; Ezooms/1.0; ezooms.bot@gmail.com)"
69.10.177.83 - - [19/Aug/2013:18:18:36 -0400] "GET /tftwpodcast.rss HTTP/1.1" 200 73579 "-" "Motorola"
157.55.33.100 - - [19/Aug/2013:18:20:34 -0400] "GET /sciptures/rev145.htm HTTP/1.1" 301 256 "-" "Mozilla/5.0 (compatible; bingbot/2.0; +http://www.bing.com/bingbot.htm)"
172.242.130.3 - - [19/Aug/2013:18:21:09 -0400] "GET /favicon.ico HTTP/1.1" 404 17160 "http://truthfortheworld.org/tracts" "Mozilla/4.0 (compatible; MSIE 8.0; Windows NT 6.0; Trident/4.0; SLCC1; .NET CLR 2.0.50727; Media Center PC 5.0; .NET CLR 3.5.30729; .NET CLR 3.0.30729; .NET4.0C; InfoPath.2; AskTbORJ/5.15.23.36191)"
172.242.130.3 - - [19/Aug/2013:18:22:12 -0400] "GET /pix/email.png HTTP/1.1" 304 - "http://truthfortheworld.org/jesus-and-the-bible" "Mozilla/4.0 (compatible; MSIE 8.0; Windows NT 6.0; Trident/4.0; SLCC1; .NET CLR 2.0.50727; Media Center PC 5.0; .NET CLR 3.5.30729; .NET CLR 3.0.30729; .NET4.0C; InfoPath.2; AskTbORJ/5.15.23.36191)"
123.125.71.39 - - [19/Aug/2013:18:22:37 -0400] "GET /js/jquery.smooth-scroll.min.js HTTP/1.1" 200 2648 "http://zh-si.truthfortheworld.org/%E4%BB%A5%E6%96%AF%E5%B8%96%E7%9A%84%E6%95%85%E4%BA%8B-si" "Mozilla/5.0 (X11; U; Linux x86_64; en-US; rv:1.9) Gecko Minefield/3.0"
172.242.130.3 - - [19/Aug/2013:18:27:59 -0400] "GET /pix/google-plus.png HTTP/1.1" 304 - "-" "Mozilla/4.0 (compatible; MSIE 8.0; Windows NT 6.0; Trident/4.0; SLCC1; .NET CLR 2.0.50727; Media Center PC 5.0; .NET CLR 3.5.30729; .NET CLR 3.0.30729; .NET4.0C; InfoPath.2; AskTbORJ/5.15.23.36191)"
172.242.130.3 - - [19/Aug/2013:18:28:13 -0400] "GET /pix/youtube.png HTTP/1.1" 304 - "-" "Mozilla/4.0 (compatible; MSIE 8.0; Windows NT 6.0; Trident/4.0; SLCC1; .NET CLR 2.0.50727; Media Center PC 5.0; .NET CLR 3.5.30729; .NET CLR 3.0.30729; .NET4.0C; InfoPath.2; AskTbORJ/5.15.23.36191)"
123.125.71.102 - - [19/Aug/2013:18:46:44 -0400] "GET / HTTP/1.1" 301 236 "-" "Mozilla/5.0 (compatible; Baiduspider/2.0; +http://www.baidu.com/search/spider.html)"
172.242.130.3 - - [19/Aug/2013:18:47:58 -0400] "GET /keeping-the-sabbath HTTP/1.1" 200 14130 "http://truthfortheworld.org/new-covenant" "Mozilla/4.0 (compatible; MSIE 8.0; Windows NT 6.0; Trident/4.0; SLCC1; .NET CLR 2.0.50727; Media Center PC 5.0; .NET CLR 3.5.30729; .NET CLR 3.0.30729; .NET4.0C; InfoPath.2; AskTbORJ/5.15.23.36191)"
172.242.130.3 - - [19/Aug/2013:19:02:22 -0400] "GET /pix/favicon.ico HTTP/1.1" 304 - "-" "Mozilla/4.0 (compatible; MSIE 8.0; Windows NT 6.0; Trident/4.0; SLCC1; .NET CLR 2.0.50727; Media Center PC 5.0; .NET CLR 3.5.30729; .NET CLR 3.0.30729; .NET4.0C; InfoPath.2; AskTbORJ/5.15.23.36191)"
172.242.130.3 - - [19/Aug/2013:19:02:31 -0400] "GET /css/main.css HTTP/1.1" 200 29927 "http://truthfortheworld.org/god-has-joined-himself-to-the-bible" "Mozilla/4.0 (compatible; MSIE 8.0; Windows NT 6.0; Trident/4.0; SLCC1; .NET CLR 2.0.50727; Media Center PC 5.0; .NET CLR 3.5.30729; .NET CLR 3.0.30729; .NET4.0C; InfoPath.2; AskTbORJ/5.15.23.36191)"
123.125.67.243 - - [19/Aug/2013:19:17:00 -0400] "GET /mp3/zh/mbfof55.mp3 HTTP/1.0" 200 17994922 "-" "NSPlayer/10.0.0.4072 WMFSDK/10.0"
172.242.130.3 - - [19/Aug/2013:19:29:05 -0400] "GET /js/superfish.js HTTP/1.1" 304 - "http://truthfortheworld.org/how-to-study-the-bible" "Mozilla/4.0 (compatible; MSIE 8.0; Windows NT 6.0; Trident/4.0; SLCC1; .NET CLR 2.0.50727; Media Center PC 5.0; .NET CLR 3.5.30729; .NET CLR 3.0.30729; .NET4.0C; InfoPath.2; AskTbORJ/5.15.23.36191)"
172.242.130.3 - - [19/Aug/2013:19:29:12 -0400] "GET /pix/tower.png HTTP/1.1" 304 - "http://truthfortheworld.org/bcc/courses/BCC6-L1.html" "Mozilla/4.0 (compatible; MSIE 8.0; Windows NT 6.0; Trident/4.0; SLCC1; .NET CLR 2.0.50727; Media Center PC 5.0; .NET CLR 3.5.30729; .NET CLR 3.0.30729; .NET4.0C; InfoPath.2; AskTbORJ/5.15.23.36191)"
172.242.130.3 - - [19/Aug/2013:19:29:26 -0400] "GET /?id=71 HTTP/1.1" 301 - "http://truthfortheworld.org/bcc/courses/BCC6-L1.html" "Mozilla/4.0 (compatible; MSIE 8.0; Windows NT 6.0; Trident/4.0; SLCC1; .NET CLR 2.0.50727; Media Center PC 5.0; .NET CLR 3.5.30729; .NET CLR 3.0.30729; .NET4.0C; InfoPath.2; AskTbORJ/5.15.23.36191)"
75.94.45.19 - - [19/Aug/2013:19:33:59 -0400] "GET /bcc/ HTTP/1.1" 304 - "http://truthfortheworld.org/bcc/teachers/FormatEmail.php" "Mozilla/5.0 (compatible; MSIE 10.0; Windows NT 6.1; WOW64; Trident/6.0; yie10)"
75.94.45.19 - - [19/Aug/2013:19:33:59 -0400] "GET /css/bcc.css HTTP/1.1" 304 - "http://truthfortheworld.org/bcc/" "Mozilla/5.0 (compatible; MSIE 10.0; Windows NT 6.1; WOW64; Trident/6.0; yie10)"
75.94.45.19 - - [19/Aug/2013:19:34:00 -0400] "GET /css/reset.css HTTP/1.1" 304 - "http://truthfortheworld.org/bcc/" "Mozilla/5.0 (compatible; MSIE 10.0; Windows NT 6.1; WOW64; Trident/6.0; yie10)"
75.94.45.19 - - [19/Aug/2013:19:34:08 -0400] "GET /css/bcc.css HTTP/1.1" 304 - "http://truthfortheworld.org/bcc/courses/bcc_ots_l11.html" "Mozilla/5.0 (compatible; MSIE 10.0; Windows NT 6.1; WOW64; Trident/6.0; yie10)"
75.94.45.19 - - [19/Aug/2013:19:34:08 -0400] "GET /css/reset.css HTTP/1.1" 304 - "http://truthfortheworld.org/bcc/courses/bcc_ots_l11.html" "Mozilla/5.0 (compatible; MSIE 10.0; Windows NT 6.1; WOW64; Trident/6.0; yie10)"
172.242.130.3 - - [19/Aug/2013:19:34:40 -0400] "GET /pix/youtube.png HTTP/1.1" 200 2803 "http://truthfortheworld.org/bfof-ch5" "Mozilla/4.0 (compatible; MSIE 8.0; Windows NT 6.0; Trident/4.0; SLCC1; .NET CLR 2.0.50727; Media Center PC 5.0; .NET CLR 3.5.30729; .NET CLR 3.0.30729; .NET4.0C; InfoPath.2; AskTbORJ/5.15.23.36191)"
202.46.63.56 - - [19/Aug/2013:19:41:04 -0400] "GET /organization-of-the-church-of-christ HTTP/1.1" 302 - "-" "Mozilla/5.0 (Windows; U; Windows NT 5.1; zh-CN; rv:1.9.1.2) Firefox/3.5.2"
172.242.130.3 - - [19/Aug/2013:19:45:47 -0400] "GET /pix/favicon.ico HTTP/1.1" 304 - "http://truthfortheworld.org/read" "Mozilla/4.0 (compatible; MSIE 8.0; Windows NT 6.0; Trident/4.0; SLCC1; .NET CLR 2.0.50727; Media Center PC 5.0; .NET CLR 3.5.30729; .NET CLR 3.0.30729; .NET4.0C; InfoPath.2; AskTbORJ/5.15.23.36191)"
172.242.130.3 - - [19/Aug/2013:19:46:48 -0400] "GET /pix/littleball.png HTTP/1.1" 304 - "http://truthfortheworld.org/bfof-ch5" "Mozilla/4.0 (compatible; MSIE 8.0; Windows NT 6.0; Trident/4.0; SLCC1; .NET CLR 2.0.50727; Media Center PC 5.0; .NET CLR 3.5.30729; .NET CLR 3.0.30729; .NET4.0C; InfoPath.2; AskTbORJ/5.15.23.36191)"
71.22.193.81 - - [19/Aug/2013:19:48:22 -0400] "GET /css/main.css HTTP/1.1" 200 29927 "http://truthfortheworld.org/" "Mozilla/4.0 (compatible; MSIE 8.0; Windows NT 5.1; Trident/4.0; GTB7.5; .NET CLR 1.1.4322; .NET CLR 2.0.50727; .NET CLR 3.0.4506.2152; .NET CLR 3.5.30729; AskTbAD2/5.15.4.23821)"
71.22.193.81 - - [19/Aug/2013:19:48:23 -0400] "GET /js/easySlider1.7.js HTTP/1.1" 200 6198 "http://truthfortheworld.org/" "Mozilla/4.0 (compatible; MSIE 8.0; Windows NT 5.1; Trident/4.0; GTB7.5; .NET CLR 1.1.4322; .NET CLR 2.0.50727; .NET CLR 3.0.4506.2152; .NET CLR 3.5.30729; AskTbAD2/5.15.4.23821)"
74.214.10.249 - - [19/Aug/2013:19:54:21 -0400] "GET /favicon.ico HTTP/1.1" 404 17150 "-" "Mozilla/5.0 (compatible; MSIE 10.0; Windows NT 6.1; Win64; x64; Trident/6.0)"
67.197.175.60 - - [19/Aug/2013:19:54:37 -0400] "GET /blog/2013/04/26/blog/2012/11/07/blog/2012/09/21/blog/2012/09/21/blog/blog/blog2013/blog2012/blog/2013/03/19/mission-trip-to-peru HTTP/1.1" 200 11285 "-" "Mozilla/5.0 (compatible; MJ12bot/v1.4.3; http://www.majestic12.co.uk/bot.php?+)"
67.197.175.60 - - [19/Aug/2013:19:54:38 -0400] "GET /blog/2013/04/26/blog/2012/11/07/blog/2012/09/21/blog/2012/09/21/blog2012/blog/2013/04/26/blog/2012/09/21/blog/2013/04/26/blog/2013/01/15/mission-trip-to-mexico HTTP/1.1" 200 11285 "-" "Mozilla/5.0 (compatible; MJ12bot/v1.4.3; http://www.majestic12.co.uk/bot.php?+)"
67.197.175.60 - - [19/Aug/2013:19:54:40 -0400] "GET /blog/2013/04/26/blog/2012/11/07/blog/2012/09/21/blog/2012/09/21/blog2012/blog/2013/04/26/blog/2012/09/21/blog/2013/04/26/blog/2013/03/19/mission-trip-to-peru HTTP/1.1" 200 11285 "-" "Mozilla/5.0 (compatible; MJ12bot/v1.4.3; http://www.majestic12.co.uk/bot.php?+)"
67.197.175.60 - - [19/Aug/2013:19:54:41 -0400] "GET /blog/2013/04/26/blog/2012/11/07/blog/2012/09/21/blog/2012/09/21/blog2012/blog/2013/04/26/blog/2012/09/21/blog/2013/04/26/blog/2013/04/26/a-somewhat-missed-opportunity HTTP/1.1" 200 11285 "-" "Mozilla/5.0 (compatible; MJ12bot/v1.4.3; http://www.majestic12.co.uk/bot.php?+)"
67.197.175.60 - - [19/Aug/2013:19:54:43 -0400] "GET /blog/2013/04/26/blog/2012/11/07/blog/2012/09/21/blog/2012/09/21/blog2012/blog/2013/04/26/blog/2012/09/21/blog/2013/04/26/blog2013/01 HTTP/1.1" 200 11285 "-" "Mozilla/5.0 (compatible; MJ12bot/v1.4.3; http://www.majestic12.co.uk/bot.php?+)"
67.197.175.60 - - [19/Aug/2013:19:54:44 -0400] "GET /blog/2013/04/26/blog/2012/11/07/blog/2012/09/21/blog/2012/09/21/blog2012/blog/2013/04/26/blog/2012/09/21/blog/2013/04/26/blog2013/03 HTTP/1.1" 200 11285 "-" "Mozilla/5.0 (compatible; MJ12bot/v1.4.3; http://www.majestic12.co.uk/bot.php?+)"
67.197.175.60 - - [19/Aug/2013:19:54:46 -0400] "GET /blog/2013/04/26/blog/2012/11/07/blog/2012/09/21/blog/2012/09/21/blog2012/blog/2013/04/26/blog/2012/09/21/blog/2013/04/26/blog2013/04 HTTP/1.1" 200 11285 "-" "Mozilla/5.0 (compatible; MJ12bot/v1.4.3; http://www.majestic12.co.uk/bot.php?+)"
67.197.175.60 - - [19/Aug/2013:19:54:48 -0400] "GET /blog/2013/04/26/blog/2012/11/07/blog/2012/09/21/blog/2012/09/21/blog2012/blog/2013/04/26/blog/2012/09/21/blog/blog/2012/09/21/truth-for-the-world-starts-blog HTTP/1.1" 200 11285 "-" "Mozilla/5.0 (compatible; MJ12bot/v1.4.3; http://www.majestic12.co.uk/bot.php?+)"
67.197.175.60 - - [19/Aug/2013:19:54:49 -0400] "GET /blog/2013/04/26/blog/2012/11/07/blog/2012/09/21/blog/2012/09/21/blog2012/blog/2013/04/26/blog/2012/09/21/blog/blog/2012/11/07/online-radio-station-launched HTTP/1.1" 200 11285 "-" "Mozilla/5.0 (compatible; MJ12bot/v1.4.3; http://www.majestic12.co.uk/bot.php?+)"
67.197.175.60 - - [19/Aug/2013:19:54:51 -0400] "GET /blog/2013/04/26/blog/2012/11/07/blog/2012/09/21/blog/2012/09/21/blog2012/blog/2013/04/26/blog/2012/09/21/blog/blog/2013/01/15/mission-trip-to-mexico HTTP/1.1" 200 11285 "-" "Mozilla/5.0 (compatible; MJ12bot/v1.4.3; http://www.majestic12.co.uk/bot.php?+)"
67.197.175.60 - - [19/Aug/2013:19:54:53 -0400] "GET /blog/2013/04/26/blog/2012/11/07/blog/2012/09/21/blog/2012/09/21/blog2012/blog/2013/04/26/blog/2012/09/21/blog/blog/2013/03/19/mission-trip-to-peru HTTP/1.1" 200 11285 "-" "Mozilla/5.0 (compatible; MJ12bot/v1.4.3; http://www.majestic12.co.uk/bot.php?+)"
67.197.175.60 - - [19/Aug/2013:19:54:54 -0400] "GET /blog/2013/04/26/blog/2012/11/07/blog/2012/09/21/blog/2012/09/21/blog2012/blog/2013/04/26/blog/2012/09/21/blog/blog2012/09 HTTP/1.1" 200 11285 "-" "Mozilla/5.0 (compatible; MJ12bot/v1.4.3; http://www.majestic12.co.uk/bot.php?+)"
67.197.175.60 - - [19/Aug/2013:19:54:56 -0400] "GET /blog/2013/04/26/blog/2012/11/07/blog/2012/09/21/blog/2012/09/21/blog2012/blog/2013/04/26/blog/2012/09/21/blog/blog2013/01 HTTP/1.1" 200 11285 "-" "Mozilla/5.0 (compatible; MJ12bot/v1.4.3; http://www.majestic12.co.uk/bot.php?+)"
67.197.175.60 - - [19/Aug/2013:19:54:57 -0400] "GET /blog/2013/04/26/blog/2012/11/07/blog/2012/09/21/blog/2012/09/21/blog2012/blog/2013/04/26/blog/2012/09/21/blog/blog2013/03 HTTP/1.1" 200 11285 "-" "Mozilla/5.0 (compatible; MJ12bot/v1.4.3; http://www.majestic12.co.uk/bot.php?+)"
67.197.175.60 - - [19/Aug/2013:19:54:59 -0400] "GET /blog/2013/04/26/blog/2012/11/07/blog/2012/09/21/blog/2012/09/21/blog2012/blog/2013/04/26/blog/2012/09/21/blog/blog2013/04 HTTP/1.1" 200 11285 "-" "Mozilla/5.0 (compatible; MJ12bot/v1.4.3; http://www.majestic12.co.uk/bot.php?+)"
67.197.175.60 - - [19/Aug/2013:19:55:01 -0400] "GET /blog/2013/04/26/blog/2012/11/07/blog/2012/09/21/blog/2012/09/21/blog2012/blog/2013/04/26/blog/2012/09/21/blog2012/blog/2012/09/21/truth-for-the-world-starts-blog HTTP/1.1" 200 11285 "-" "Mozilla/5.0 (compatible; MJ12bot/v1.4.3; http://www.majestic12.co.uk/bot.php?+)"
67.197.175.60 - - [19/Aug/2013:19:55:03 -0400] "GET /blog/2013/04/26/blog/2012/11/07/blog/2012/09/21/blog/2012/09/21/blog2012/blog/2013/04/26/blog/2012/09/21/blog2012/blog/2012/11/07/online-radio-station-launched HTTP/1.1" 200 11285 "-" "Mozilla/5.0 (compatible; MJ12bot/v1.4.3; http://www.majestic12.co.uk/bot.php?+)"
67.197.175.60 - - [19/Aug/2013:19:55:04 -0400] "GET /blog/2013/04/26/blog/2012/11/07/blog/2012/09/21/blog/2012/09/21/blog2012/blog/2013/04/26/blog/2012/09/21/blog2012/blog/2013/01/15/mission-trip-to-mexico HTTP/1.1" 200 11285 "-" "Mozilla/5.0 (compatible; MJ12bot/v1.4.3; http://www.majestic12.co.uk/bot.php?+)"
67.197.175.60 - - [19/Aug/2013:19:55:06 -0400] "GET /blog/2013/04/26/blog/2012/11/07/blog/2012/09/21/blog/2012/09/21/blog2012/blog/2013/04/26/blog/2012/09/21/blog2012/blog/2013/03/19/mission-trip-to-peru HTTP/1.1" 200 11285 "-" "Mozilla/5.0 (compatible; MJ12bot/v1.4.3; http://www.majestic12.co.uk/bot.php?+)"
67.197.175.60 - - [19/Aug/2013:19:55:07 -0400] "GET /blog/2013/04/26/blog/2012/11/07/blog/2012/09/21/blog/2012/09/21/blog2012/blog/2013/04/26/blog/2012/09/21/blog2012/blog/2013/04/26/a-somewhat-missed-opportunity HTTP/1.1" 200 11285 "-" "Mozilla/5.0 (compatible; MJ12bot/v1.4.3; http://www.majestic12.co.uk/bot.php?+)"
67.197.175.60 - - [19/Aug/2013:19:55:09 -0400] "GET /blog/2013/04/26/blog/2012/11/07/blog/2012/09/21/blog/2012/09/21/blog2012/blog/2013/04/26/blog/2012/09/21/blog2012/blog/feed.rss HTTP/1.1" 200 11285 "-" "Mozilla/5.0 (compatible; MJ12bot/v1.4.3; http://www.majestic12.co.uk/bot.php?+)"
67.197.175.60 - - [19/Aug/2013:19:55:11 -0400] "GET /blog/2013/04/26/blog/2012/11/07/blog/2012/09/21/blog/2012/09/21/blog2012/blog/2013/04/26/blog/2012/09/21/blog2012/blog2012/09 HTTP/1.1" 200 11285 "-" "Mozilla/5.0 (compatible; MJ12bot/v1.4.3; http://www.majestic12.co.uk/bot.php?+)"
67.197.175.60 - - [19/Aug/2013:19:55:12 -0400] "GET /blog/2013/04/26/blog/2012/11/07/blog/2012/09/21/blog/2012/09/21/blog2012/blog/2013/04/26/blog/2012/09/21/blog2012/blog2012/11 HTTP/1.1" 200 11285 "-" "Mozilla/5.0 (compatible; MJ12bot/v1.4.3; http://www.majestic12.co.uk/bot.php?+)"
67.197.175.60 - - [19/Aug/2013:19:55:14 -0400] "GET /blog/2013/04/26/blog/2012/11/07/blog/2012/09/21/blog/2012/09/21/blog2012/blog/2013/04/26/blog/2012/09/21/blog2012/blog2013/03 HTTP/1.1" 200 11285 "-" "Mozilla/5.0 (compatible; MJ12bot/v1.4.3; http://www.majestic12.co.uk/bot.php?+)"
67.197.175.60 - - [19/Aug/2013:19:55:15 -0400] "GET /blog/2013/04/26/blog/2012/11/07/blog/2012/09/21/blog/2012/09/21/blog2012/blog/2013/04/26/blog/2012/09/21/blog2012/blog2013/04 HTTP/1.1" 200 11285 "-" "Mozilla/5.0 (compatible; MJ12bot/v1.4.3; http://www.majestic12.co.uk/bot.php?+)"
67.197.175.60 - - [19/Aug/2013:19:55:17 -0400] "GET /blog/2013/04/26/blog/2012/11/07/blog/2012/09/21/blog/2012/09/21/blog2012/blog/2013/04/26/blog/2012/09/21/blog2013/blog2012/11 HTTP/1.1" 200 11285 "-" "Mozilla/5.0 (compatible; MJ12bot/v1.4.3; http://www.majestic12.co.uk/bot.php?+)"
67.197.175.60 - - [19/Aug/2013:19:55:19 -0400] "GET /blog/2013/04/26/blog/2012/11/07/blog/2012/09/21/blog/2012/09/21/blog2012/blog/2013/04/26/blog/2013/01/15/blog/blog2012/09 HTTP/1.1" 200 11285 "-" "Mozilla/5.0 (compatible; MJ12bot/v1.4.3; http://www.majestic12.co.uk/bot.php?+)"
216.105.72.118 - - [19/Aug/2013:19:55:28 -0400] "GET /roku/xml/series-feed.php?id=1732390321001 HTTP/1.1" 200 6632 "-" "Roku/DVP-5.1 (025.01E01178A)"
172.242.130.3 - - [19/Aug/2013:20:01:24 -0400] "GET /js/main.js HTTP/1.1" 200 9723 "http://truthfortheworld.org/bfof-ch7" "Mozilla/4.0 (compatible; MSIE 8.0; Windows NT 6.0; Trident/4.0; SLCC1; .NET CLR 2.0.50727; Media Center PC 5.0; .NET CLR 3.5.30729; .NET CLR 3.0.30729; .NET4.0C; InfoPath.2; AskTbORJ/5.15.23.36191)"
172.242.130.3 - - [19/Aug/2013:20:01:24 -0400] "GET /css/sidebars.css HTTP/1.1" 304 - "http://truthfortheworld.org/bfof-ch7" "Mozilla/4.0 (compatible; MSIE 8.0; Windows NT 6.0; Trident/4.0; SLCC1; .NET CLR 2.0.50727; Media Center PC 5.0; .NET CLR 3.5.30729; .NET CLR 3.0.30729; .NET4.0C; InfoPath.2; AskTbORJ/5.15.23.36191)"
172.242.130.3 - - [19/Aug/2013:20:01:24 -0400] "GET /pix/wm_pause.png HTTP/1.1" 304 - "http://truthfortheworld.org/bfof-ch7" "Mozilla/4.0 (compatible; MSIE 8.0; Windows NT 6.0; Trident/4.0; SLCC1; .NET CLR 2.0.50727; Media Center PC 5.0; .NET CLR 3.5.30729; .NET CLR 3.0.30729; .NET4.0C; InfoPath.2; AskTbORJ/5.15.23.36191)"
172.242.130.3 - - [19/Aug/2013:20:08:18 -0400] "GET /js/main.js HTTP/1.1" 304 - "http://truthfortheworld.org/bfof-ch8" "Mozilla/4.0 (compatible; MSIE 8.0; Windows NT 6.0; Trident/4.0; SLCC1; .NET CLR 2.0.50727; Media Center PC 5.0; .NET CLR 3.5.30729; .NET CLR 3.0.30729; .NET4.0C; InfoPath.2; AskTbORJ/5.15.23.36191)"
206.53.152.169 - - [19/Aug/2013:20:32:39 -0400] "GET /pix/id.mob.header.jpg HTTP/1.1" 200 12656 "http://id.truthfortheworld.org/obat-obat-terlarang-dan-lkohol" "Mozilla/5.0 (BlackBerry; U; BlackBerry 9220; id) AppleWebKit/534.11+ (KHTML, like Gecko) Version/7.1.0.523 Mobile Safari/534.11+"
172.242.130.3 - - [19/Aug/2013:20:36:31 -0400] "GET /pix/twitter.png HTTP/1.1" 304 - "http://truthfortheworld.org/bfof-ch9" "Mozilla/4.0 (compatible; MSIE 8.0; Windows NT 6.0; Trident/4.0; SLCC1; .NET CLR 2.0.50727; Media Center PC 5.0; .NET CLR 3.5.30729; .NET CLR 3.0.30729; .NET4.0C; InfoPath.2; AskTbORJ/5.15.23.36191)"
172.242.130.3 - - [19/Aug/2013:20:36:47 -0400] "GET /js/superfish.js HTTP/1.1" 304 - "http://truthfortheworld.org/bfof-ch6" "Mozilla/4.0 (compatible; MSIE 8.0; Windows NT 6.0; Trident/4.0; SLCC1; .NET CLR 2.0.50727; Media Center PC 5.0; .NET CLR 3.5.30729; .NET CLR 3.0.30729; .NET4.0C; InfoPath.2; AskTbORJ/5.15.23.36191)"
100.42.155.102 - - [19/Aug/2013:20:37:03 -0400] "GET /online-bcc HTTP/1.1" 200 9593 "http://truthfortheworld.org/live" "Mozilla/5.0 (Windows NT 6.2; WOW64) AppleWebKit/537.36 (KHTML, like Gecko) Chrome/28.0.1500.95 Safari/537.36"
172.242.130.3 - - [19/Aug/2013:20:37:40 -0400] "GET /pix/news.png HTTP/1.1" 304 - "http://truthfortheworld.org/" "Mozilla/4.0 (compatible; MSIE 8.0; Windows NT 6.0; Trident/4.0; SLCC1; .NET CLR 2.0.50727; Media Center PC 5.0; .NET CLR 3.5.30729; .NET CLR 3.0.30729; .NET4.0C; InfoPath.2; AskTbORJ/5.15.23.36191)"
172.242.130.3 - - [19/Aug/2013:20:37:52 -0400] "GET /pix/desc.png HTTP/1.1" 304 - "-" "Mozilla/4.0 (compatible; MSIE 8.0; Windows NT 6.0; Trident/4.0; SLCC1; .NET CLR 2.0.50727; Media Center PC 5.0; .NET CLR 3.5.30729; .NET CLR 3.0.30729; .NET4.0C; InfoPath.2; AskTbORJ/5.15.23.36191)"
125.167.203.244 - - [19/Aug/2013:20:38:00 -0400] "GET /pix/google-plus.png HTTP/1.1" 200 2371 "http://id.truthfortheworld.org/nubuatan-nubuatan-dalam-alkitab" "Mozilla/5.0 (Windows NT 6.2; WOW64; rv:23.0) Gecko/20100101 Firefox/23.0"
172.242.130.3 - - [19/Aug/2013:20:39:20 -0400] "GET /css/bcc.css HTTP/1.1" 304 - "http://truthfortheworld.org/bcc/courses/BCC6-L2.html" "Mozilla/4.0 (compatible; MSIE 8.0; Windows NT 6.0; Trident/4.0; SLCC1; .NET CLR 2.0.50727; Media Center PC 5.0; .NET CLR 3.5.30729; .NET CLR 3.0.30729; .NET4.0C; InfoPath.2; AskTbORJ/5.15.23.36191)"
208.115.113.85 - - [19/Aug/2013:20:41:40 -0400] "GET /%E5%86%B7%E6%BC%A0%E7%9A%84%E4%BA%BA%E5%93%AA%EF%BC%81 HTTP/1.1" 200 7895 "-" "Mozilla/5.0 (compatible; Ezooms/1.0; ezooms.bot@gmail.com)"
172.242.130.3 - - [19/Aug/2013:20:45:15 -0400] "GET /pix/youtube.png HTTP/1.1" 304 - "http://truthfortheworld.org/bible-stories?bctid=1752589449001" "Mozilla/4.0 (compatible; MSIE 8.0; Windows NT 6.0; Trident/4.0; SLCC1; .NET CLR 2.0.50727; Media Center PC 5.0; .NET CLR 3.5.30729; .NET CLR 3.0.30729; .NET4.0C; InfoPath.2; AskTbORJ/5.15.23.36191)"
172.242.130.3 - - [19/Aug/2013:20:45:15 -0400] "GET /pix/twitter.png HTTP/1.1" 304 - "http://truthfortheworld.org/bible-stories?bctid=1752589449001" "Mozilla/4.0 (compatible; MSIE 8.0; Windows NT 6.0; Trident/4.0; SLCC1; .NET CLR 2.0.50727; Media Center PC 5.0; .NET CLR 3.5.30729; .NET CLR 3.0.30729; .NET4.0C; InfoPath.2; AskTbORJ/5.15.23.36191)"
220.181.108.185 - - [19/Aug/2013:20:48:31 -0400] "GET /%E6%95%99%E6%9C%83%E7%9A%84%E8%BE%A8%E8%AA%8D HTTP/1.1" 200 8529 "-" "Mozilla/5.0 (compatible; Baiduspider/2.0; +http://www.baidu.com/search/spider.html)"
216.105.72.118 - - [19/Aug/2013:20:48:38 -0400] "GET /roku/pix/expl_sd.jpg HTTP/1.1" 200 10333 "-" "Roku/DVP-5.1 (025.01E01178A)"
216.105.72.118 - - [19/Aug/2013:20:48:38 -0400] "GET /roku/pix/ae_sd.jpg HTTP/1.1" 200 5401 "-" "Roku/DVP-5.1 (025.01E01178A)"
216.105.72.118 - - [19/Aug/2013:20:48:53 -0400] "GET /roku/xml/series-feed.php?id=1730797366001 HTTP/1.1" 200 20549 "-" "Roku/DVP-5.1 (025.01E01178A)"
82.128.3.63 - - [19/Aug/2013:20:58:43 -0400] "GET /pix/es.png HTTP/1.1" 200 469 "http://truthfortheworld.org/css/header.css" "Mozilla/5.0 (Windows NT 5.1; rv:22.0) Gecko/20100101 Firefox/22.0"
82.128.3.63 - - [19/Aug/2013:20:58:43 -0400] "GET /pix/swirl.png HTTP/1.1" 200 1619 "http://truthfortheworld.org/css/main.css" "Mozilla/5.0 (Windows NT 5.1; rv:22.0) Gecko/20100101 Firefox/22.0"
68.231.65.221 - - [19/Aug/2013:03:12:57 -0400] "GET / HTTP/1.1" 301 236 "http://www.church-of-christ.org/radio.html" "Mozilla/5.0 (iPhone; CPU iPhone OS 6_1_1 like Mac OS X) AppleWebKit/536.26 (KHTML, like Gecko) Version/6.0 Mobile/10B145 Safari/8536.25"
68.231.65.221 - - [19/Aug/2013:03:13:01 -0400] "GET /css/reset.css HTTP/1.1" 200 1173 "http://truthfortheworld.org/" "Mozilla/5.0 (iPhone; CPU iPhone OS 6_1_1 like Mac OS X) AppleWebKit/536.26 (KHTML, like Gecko) Version/6.0 Mobile/10B145 Safari/8536.25"
66.249.75.153 - - [19/Aug/2013:03:33:28 -0400] "GET /bcc/courses/bcc_ots_l9.html HTTP/1.1" 304 - "-" "Mozilla/5.0 (iPhone; U; CPU iPhone OS 4_1 like Mac OS X; en-us) AppleWebKit/532.9 (KHTML, like Gecko) Version/4.0.5 Mobile/8B117 Safari/6531.22.7 (compatible; Googlebot-Mobile/2.1; +http://www.google.com/bot.html)"
180.247.165.207 - - [19/Aug/2013:03:48:53 -0400] "GET /pix/google-plus.png HTTP/1.1" 200 2371 "http://id.truthfortheworld.org/euthanasia" "Mozilla/5.0 (Windows NT 6.1; rv:22.0) Gecko/20100101 Firefox/22.0"
103.10.186.42 - - [19/Aug/2013:04:17:41 -0400] "GET /css/main.css HTTP/1.1" 200 29927 "http://id.truthfortheworld.org/bernyanyi-dalam-ibadah" "Mozilla/5.0 (Windows NT 5.1; rv:23.0) Gecko/20100101 Firefox/23.0"
69.30.238.162 - - [19/Aug/2013:04:19:24 -0400] "GET /blog/2013/04/26/blog/2012/11/07/blog/2012/09/21/blog/2012/09/21/blog/blog2012/blog/blog/2012/11/07/blog/2013/01/15/mission-trip-to-mexico HTTP/1.0" 200 11285 "-" "Mozilla/5.0 (compatible; MJ12bot/v1.4.3; http://www.majestic12.co.uk/bot.php?+)"
82.145.216.18 - - [19/Aug/2013:04:20:47 -0400] "GET /pix/pan_webinar.jpg HTTP/1.1" 200 25882 "http://truthfortheworld.org/" "Opera/9.80 (J2ME/MIDP; Opera Mini/5.0.18635/30.3697; U; en) Presto/2.8.119 Version/11.10"
82.145.216.18 - - [19/Aug/2013:04:20:48 -0400] "GET /js/main.js HTTP/1.1" 200 9723 "http://truthfortheworld.org/" "Opera/9.80 (J2ME/MIDP; Opera Mini/5.0.18635/30.3697; U; en) Presto/2.8.119 Version/11.10"
69.30.238.162 - - [19/Aug/2013:04:22:11 -0400] "GET /blog/2013/04/26/blog/2012/11/07/blog/2012/09/21/blog/2012/09/21/blog/blog2012/blog/blog/2013/04/26/a-somewhat-missed-opportunity HTTP/1.0" 200 11285 "-" "Mozilla/5.0 (compatible; MJ12bot/v1.4.3; http://www.majestic12.co.uk/bot.php?+)"
125.161.122.253 - - [19/Aug/2013:04:30:52 -0400] "GET /pix/email.png HTTP/1.1" 304 - "http://id.truthfortheworld.org/dasar-dasar" "Mozilla/5.0 (Windows NT 5.1; rv:22.0) Gecko/20100101 Firefox/22.0"
125.161.122.253 - - [19/Aug/2013:04:30:52 -0400] "GET /css/sidebars.css HTTP/1.1" 304 - "http://truthfortheworld.org/css/main.css" "Mozilla/5.0 (Windows NT 5.1; rv:22.0) Gecko/20100101 Firefox/22.0"
125.161.122.253 - - [19/Aug/2013:04:30:53 -0400] "GET /pix/bgtexture.jpg HTTP/1.1" 200 23844 "http://truthfortheworld.org/css/main.css" "Mozilla/5.0 (Windows NT 5.1; rv:22.0) Gecko/20100101 Firefox/22.0"
125.161.122.253 - - [19/Aug/2013:04:30:54 -0400] "GET /pix/floatbar_bg.png HTTP/1.1" 304 - "http://truthfortheworld.org/css/header.css" "Mozilla/5.0 (Windows NT 5.1; rv:22.0) Gecko/20100101 Firefox/22.0"
69.30.238.162 - - [19/Aug/2013:04:30:59 -0400] "GET /blog/2013/04/26/blog/2012/11/07/blog/2012/09/21/blog/2012/09/21/blog2012/blog/2012/09/21/blog/2013/03/19/blog/2013/03/19/blog2013/03 HTTP/1.0" 200 11285 "-" "Mozilla/5.0 (compatible; MJ12bot/v1.4.3; http://www.majestic12.co.uk/bot.php?+)"
116.68.254.198 - - [19/Aug/2013:04:32:04 -0400] "GET /css/header.css HTTP/1.1" 200 20687 "http://id.truthfortheworld.org/bagaimana-roh-kudus-tinggal-dalam-orang-kristen" "Mozilla/4.0 (compatible; MSIE 7.0; Windows NT 5.1; .NET CLR 2.0.50727; InfoPath.2)"
69.30.238.162 - - [19/Aug/2013:04:33:31 -0400] "GET /blog/2013/04/26/blog/2012/11/07/blog/2012/09/21/blog/2012/09/21/blog2012/blog/2012/09/21/blog/2013/03/19/blog2012/blog2013/03 HTTP/1.0" 200 11285 "-" "Mozilla/5.0 (compatible; MJ12bot/v1.4.3; http://www.majestic12.co.uk/bot.php?+)"
69.30.238.162 - - [19/Aug/2013:04:44:34 -0400] "GET /blog/2013/04/26/blog/2012/11/07/blog/2012/09/21/blog/2012/09/21/blog2012/blog/2013/03/19/blog/2012/11/07/blog/2013/03/19/blog/2013/03/19/mission-trip-to-peru HTTP/1.0" 200 11285 "-" "Mozilla/5.0 (compatible; MJ12bot/v1.4.3; http://www.majestic12.co.uk/bot.php?+)"
69.30.238.162 - - [19/Aug/2013:04:52:54 -0400] "GET /blog/2013/04/26/blog/2012/11/07/blog/2012/09/21/blog/2012/09/21/blog2012/blog/2013/03/19/blog/2013/04/26/blog/2013/01/15/blog/2013/01/15/mission-trip-to-mexico HTTP/1.0" 200 11285 "-" "Mozilla/5.0 (compatible; MJ12bot/v1.4.3; http://www.majestic12.co.uk/bot.php?+)"
69.30.238.162 - - [19/Aug/2013:04:54:03 -0400] "GET /blog/2013/04/26/blog/2012/11/07/blog/2012/09/21/blog/2012/09/21/blog2012/blog/2013/03/19/blog/2013/04/26/blog/2013/01/15/blog2013/01 HTTP/1.0" 200 11285 "-" "Mozilla/5.0 (compatible; MJ12bot/v1.4.3; http://www.majestic12.co.uk/bot.php?+)"
66.249.75.153 - - [19/Aug/2013:04:59:49 -0400] "GET /only-one-is-the-true-church-of-christ HTTP/1.1" 200 18418 "-" "SAMSUNG-SGH-E250/1.0 Profile/MIDP-2.0 Configuration/CLDC-1.1 UP.Browser/6.2.3.3.c.1.101 (GUI) MMP/2.0 (compatible; Googlebot-Mobile/2.1; +http://www.google.com/bot.html)"
106.77.202.82 - - [19/Aug/2013:04:59:58 -0400] "GET /pix/bg_headlb.jpg HTTP/1.1" 200 3277 "http://truthfortheworld.org/new-age-movement" "Mozilla/5.0 (Windows NT 6.1) AppleWebKit/537.36 (KHTML, like Gecko) Chrome/28.0.1500.95 Safari/537.36"
106.77.202.82 - - [19/Aug/2013:05:00:00 -0400] "GET /pix/nav_bg.jpg HTTP/1.1" 200 3618 "http://truthfortheworld.org/new-age-movement" "Mozilla/5.0 (Windows NT 6.1) AppleWebKit/537.36 (KHTML, like Gecko) Chrome/28.0.1500.95 Safari/537.36"
106.77.202.82 - - [19/Aug/2013:05:00:05 -0400] "GET /pix/email.png HTTP/1.1" 200 1157 "http://truthfortheworld.org/new-age-movement" "Mozilla/5.0 (Windows NT 6.1) AppleWebKit/537.36 (KHTML, like Gecko) Chrome/28.0.1500.95 Safari/537.36"
106.77.202.82 - - [19/Aug/2013:05:00:07 -0400] "GET /pix/youtube.png HTTP/1.1" 200 2803 "http://truthfortheworld.org/new-age-movement" "Mozilla/5.0 (Windows NT 6.1) AppleWebKit/537.36 (KHTML, like Gecko) Chrome/28.0.1500.95 Safari/537.36"
172.242.130.3 - - [19/Aug/2013:05:29:47 -0400] "GET /pix/favicon.ico HTTP/1.1" 200 1150 "-" "Mozilla/4.0 (compatible; MSIE 8.0; Windows NT 6.0; Trident/4.0; SLCC1; .NET CLR 2.0.50727; Media Center PC 5.0; .NET CLR 3.5.30729; .NET CLR 3.0.30729; .NET4.0C; InfoPath.2; AskTbORJ/5.15.23.36191)"
66.249.75.179 - - [19/Aug/2013:05:36:07 -0400] "GET /robots.txt HTTP/1.1" 404 171 "-" "Mozilla/5.0 (compatible; Googlebot/2.1; +http://www.google.com/bot.html)"
172.242.130.3 - - [19/Aug/2013:05:40:59 -0400] "GET /favicon.ico HTTP/1.1" 404 17160 "http://truthfortheworld.org/facts-about-heaven" "Mozilla/4.0 (compatible; MSIE 8.0; Windows NT 6.0; Trident/4.0; SLCC1; .NET CLR 2.0.50727; Media Center PC 5.0; .NET CLR 3.5.30729; .NET CLR 3.0.30729; .NET4.0C; InfoPath.2; AskTbORJ/5.15.23.36191)"
172.242.130.3 - - [19/Aug/2013:05:43:55 -0400] "GET /pix/youtube.png HTTP/1.1" 304 - "http://truthfortheworld.org/goodness-of-god-part-1" "Mozilla/4.0 (compatible; MSIE 8.0; Windows NT 6.0; Trident/4.0; SLCC1; .NET CLR 2.0.50727; Media Center PC 5.0; .NET CLR 3.5.30729; .NET CLR 3.0.30729; .NET4.0C; InfoPath.2; AskTbORJ/5.15.23.36191)"
82.145.216.62 - - [19/Aug/2013:05:48:52 -0400] "GET /pix/pan_texting.jpg HTTP/1.1" 200 29933 "http://truthfortheworld.org/" "Opera/9.80 (J2ME/MIDP; Opera Mini/4.2.16320/30.3697; U; en) Presto/2.8.119 Version/11.10"
141.0.11.214 - - [19/Aug/2013:05:50:56 -0400] "GET /pix/bg_headdb.jpg HTTP/1.1" 200 3209 "http://id.truthfortheworld.org/siapakah-roh-kudus-itu" "Opera/9.80 (BlackBerry; Opera Mini/7.1.32723/30.3697; U; id) Presto/2.8.119 Version/11.10"
82.145.216.62 - - [19/Aug/2013:05:52:13 -0400] "GET / HTTP/1.1" 200 17193 "-" "Opera/9.80 (J2ME/MIDP; Opera Mini/4.2.16320/30.3697; U; en) Presto/2.8.119 Version/11.10"
82.145.216.62 - - [19/Aug/2013:05:52:15 -0400] "GET /css/main.css HTTP/1.1" 200 29927 "http://truthfortheworld.org/" "Opera/9.80 (J2ME/MIDP; Opera Mini/4.2.16320/30.3697; U; en) Presto/2.8.119 Version/11.10"
82.145.216.62 - - [19/Aug/2013:05:52:15 -0400] "GET /css/reset.css HTTP/1.1" 200 1173 "http://truthfortheworld.org/" "Opera/9.80 (J2ME/MIDP; Opera Mini/4.2.16320/30.3697; U; en) Presto/2.8.119 Version/11.10"
82.145.216.62 - - [19/Aug/2013:05:52:15 -0400] "GET /pix/facebook.png HTTP/1.1" 200 2478 "http://truthfortheworld.org/" "Opera/9.80 (J2ME/MIDP; Opera Mini/4.2.16320/30.3697; U; en) Presto/2.8.119 Version/11.10"
82.145.216.62 - - [19/Aug/2013:05:53:13 -0400] "GET / HTTP/1.1" 200 17160 "-" "Opera/9.80 (J2ME/MIDP; Opera Mini/4.2.16320/30.3697; U; en) Presto/2.8.119 Version/11.10"
180.241.206.183 - - [19/Aug/2013:05:57:19 -0400] "GET /obat-obat-terlarang-dan-lkohol HTTP/1.1" 200 39894 "http://www.google.com/search?hl=en&source=hp&q=jenis+obat-obatan+terlarang&oq=jenis+obat+terlarang&gs_l=firefox-hp.1.3.0j0i22i30l9.10621.19747.0.29647.20.20.0.0.0.0.347.3991.1j10j7j2.20.0....0...1ac.1.24.firefox-hp..4.16.3124.859WUyNb4dE" "Mozilla/5.0 (Windows; U; Windows NT 6.1; en-US; rv:1.9.2.18) Gecko/20110614 Firefox/3.6.18"
121.54.58.213 - - [19/Aug/2013:05:58:02 -0400] "GET /pix/id.png HTTP/1.1" 200 430 "http://truthfortheworld.org/autonomy-of-the-local-church" "Mozilla/5.0 (compatible; MSIE 9.0; Windows NT 6.1; Win64; x64; Trident/5.0)"
198.105.219.55 - - [19/Aug/2013:03:36:55 -0400] "HEAD / HTTP/1.1" 200 - "-" "checks.panopta.com"
36.76.247.185 - - [19/Aug/2013:03:46:25 -0400] "GET /css/main.css HTTP/1.1" 200 29927 "http://id.truthfortheworld.org/obat-obat-terlarang-dan-lkohol" "Mozilla/5.0 (Windows NT 6.1; WOW64; rv:22.0) Gecko/20100101 Firefox/22.0"
36.76.247.185 - - [19/Aug/2013:03:46:29 -0400] "GET /pix/email.png HTTP/1.1" 200 1157 "http://id.truthfortheworld.org/obat-obat-terlarang-dan-lkohol" "Mozilla/5.0 (Windows NT 6.1; WOW64; rv:22.0) Gecko/20100101 Firefox/22.0"
180.247.165.207 - - [19/Aug/2013:03:48:20 -0400] "GET /euthanasia HTTP/1.1" 200 12268 "http://www.google.com/url?sa=t&rct=j&q=&esrc=s&source=web&cd=4&cad=rja&ved=0CEMQFjAD&url=http%3A%2F%2Fid.truthfortheworld.org%2Feuthanasia&ei=us0RUqOhNsOqrAeAlICABg&usg=AFQjCNHLYYxsfcM6zy5X_rPKksoIPCXR9Q&sig2=ZfO1xm7PUPXOpCXeVliXZg&bvm=bv.50768961,d.bmk" "Mozilla/5.0 (Windows NT 6.1; rv:22.0) Gecko/20100101 Firefox/22.0"
180.194.247.143 - - [19/Aug/2013:04:03:37 -0400] "GET /pix/littleball.png HTTP/1.1" 200 1639 "http://truthfortheworld.org/do-demons-possess-people-today" "Mozilla/5.0 (Windows NT 6.1; rv:22.0) Gecko/20100101 Firefox/22.0"
50.152.149.198 - - [19/Aug/2013:04:10:29 -0400] "GET /apple-touch-icon-precomposed.png HTTP/1.1" 404 17136 "-" "Mozilla/5.0 (Linux; Android 4.3; Nexus 7 Build/JSS15J) AppleWebKit/537.36 (KHTML, like Gecko) Chrome/28.0.1500.94 Safari/537.36"
208.115.113.85 - - [19/Aug/2013:04:14:52 -0400] "GET /blogauthor/blog/2012/09/21/tftw-app-launched/blog2012/blog/2012/09/21/tftw-app-launched/blog/tags/blog/tags/blog/tags/blog/tags/blog/tags/evangelism HTTP/1.1" 200 16338 "-" "Mozilla/5.0 (compatible; Ezooms/1.0; ezooms.bot@gmail.com)"
69.30.238.162 - - [19/Aug/2013:04:17:29 -0400] "GET /blog/2013/04/26/blog/2012/11/07/blog/2012/09/21/blog/2012/09/21/blog/blog/2013/03/19/blog/blog2012/09 HTTP/1.0" 200 11285 "-" "Mozilla/5.0 (compatible; MJ12bot/v1.4.3; http://www.majestic12.co.uk/bot.php?+)"
103.10.186.42 - - [19/Aug/2013:04:17:54 -0400] "GET /pix/uk.png HTTP/1.1" 200 1276 "http://truthfortheworld.org/css/header.css" "Mozilla/5.0 (Windows NT 5.1; rv:23.0) Gecko/20100101 Firefox/23.0"
69.30.238.162 - - [19/Aug/2013:04:18:15 -0400] "GET /blog/2013/04/26/blog/2012/11/07/blog/2012/09/21/blog/2012/09/21/blog/blog2012/blog/blog/2012/09/21/blog/feed.rss HTTP/1.0" 200 11285 "-" "Mozilla/5.0 (compatible; MJ12bot/v1.4.3; http://www.majestic12.co.uk/bot.php?+)"
103.10.186.42 - - [19/Aug/2013:04:20:22 -0400] "GET /css/print.css HTTP/1.1" 304 - "http://id.truthfortheworld.org/bernyanyi-dalam-ibadah" "Mozilla/5.0 (Windows NT 5.1; rv:23.0) Gecko/20100101 Firefox/23.0"
82.145.216.18 - - [19/Aug/2013:04:20:44 -0400] "GET / HTTP/1.1" 200 17193 "-" "Opera/9.80 (J2ME/MIDP; Opera Mini/5.0.18635/30.3697; U; en) Presto/2.8.119 Version/11.10"
82.145.216.18 - - [19/Aug/2013:04:20:46 -0400] "GET /css/main.css HTTP/1.1" 200 29927 "http://truthfortheworld.org/" "Opera/9.80 (J2ME/MIDP; Opera Mini/5.0.18635/30.3697; U; en) Presto/2.8.119 Version/11.10"
82.145.216.18 - - [19/Aug/2013:04:20:47 -0400] "GET /css/reset.css HTTP/1.1" 200 1173 "http://truthfortheworld.org/" "Opera/9.80 (J2ME/MIDP; Opera Mini/5.0.18635/30.3697; U; en) Presto/2.8.119 Version/11.10"
82.145.216.18 - - [19/Aug/2013:04:20:47 -0400] "GET /pix/pan_ios.jpg HTTP/1.1" 200 27182 "http://truthfortheworld.org/" "Opera/9.80 (J2ME/MIDP; Opera Mini/5.0.18635/30.3697; U; en) Presto/2.8.119 Version/11.10"
118.96.72.168 - - [19/Aug/2013:04:22:01 -0400] "GET /dipanggil-untuk-beribadah HTTP/1.1" 200 19558 "http://www.google.com/url?sa=t&rct=j&q=ibadah%20kristiani%20dalam%20hidup%20sehari-hari&source=web&cd=12&cad=rja&ved=0CDAQFjABOAo&url=http%3A%2F%2Fid.truthfortheworld.org%2Fdipanggil-untuk-beribadah&ei=EdURUoWiJ8_PrQfO7oHoDQ&usg=AFQjCNGGlyYjfwsLDU1ny73k3yfI8Zz6-A" "Mozilla/5.0 (Windows NT 5.1; rv:23.0) Gecko/20100101 Firefox/23.0"
103.10.186.42 - - [19/Aug/2013:04:24:21 -0400] "GET /js/main.js HTTP/1.1" 304 - "http://id.truthfortheworld.org/bernyanyi-dalam-ibadah" "Mozilla/5.0 (Windows NT 5.1; rv:23.0) Gecko/20100101 Firefox/23.0"
69.30.238.162 - - [19/Aug/2013:04:25:30 -0400] "GET /blog/2013/04/26/blog/2012/11/07/blog/2012/09/21/blog/2012/09/21/blog/blog2012/blog/blog2013/blog2013/04 HTTP/1.0" 200 11285 "-" "Mozilla/5.0 (compatible; MJ12bot/v1.4.3; http://www.majestic12.co.uk/bot.php?+)"
141.0.8.138 - - [19/Aug/2013:04:28:45 -0400] "GET /baptisan HTTP/1.1" 200 13589 "-" "Opera/9.80 (Series 60; Opera Mini/7.1.32444/30.3697; U; id) Presto/2.8.119 Version/11.10"
141.0.8.138 - - [19/Aug/2013:04:28:47 -0400] "GET /baptisan HTTP/1.1" 200 13589 "-" "Opera/9.80 (Series 60; Opera Mini/7.1.32444/30.3697; U; id) Presto/2.8.119 Version/11.10"
69.30.238.162 - - [19/Aug/2013:04:37:24 -0400] "GET /blog/2013/04/26/blog/2012/11/07/blog/2012/09/21/blog/2012/09/21/blog2012/blog/2012/09/21/blog/2013/04/26/blog/2013/01/15/blog/2012/11/07/online-radio-station-launched HTTP/1.0" 200 11285 "-" "Mozilla/5.0 (compatible; MJ12bot/v1.4.3; http://www.majestic12.co.uk/bot.php?+)"
69.30.238.162 - - [19/Aug/2013:04:40:10 -0400] "GET /blog/2013/04/26/blog/2012/11/07/blog/2012/09/21/blog/2012/09/21/blog2012/blog/2012/09/21/blog/2013/04/26/blog/2013/04/26/blog/2013/01/15/mission-trip-to-mexico HTTP/1.0" 200 11285 "-" "Mozilla/5.0 (compatible; MJ12bot/v1.4.3; http://www.majestic12.co.uk/bot.php?+)"
69.30.238.162 - - [19/Aug/2013:04:41:20 -0400] "GET /blog/2013/04/26/blog/2012/11/07/blog/2012/09/21/blog/2012/09/21/blog2012/blog/2013/03/19/blog/2012/11/07/blog/2013/01/15/blog/2013/03/19/mission-trip-to-peru HTTP/1.0" 200 11285 "-" "Mozilla/5.0 (compatible; MJ12bot/v1.4.3; http://www.majestic12.co.uk/bot.php?+)"
69.30.238.162 - - [19/Aug/2013:04:47:45 -0400] "GET /blog/2013/04/26/blog/2012/11/07/blog/2012/09/21/blog/2012/09/21/blog2012/blog/2013/03/19/blog/2013/01/15/blog2012/11 HTTP/1.0" 200 11285 "-" "Mozilla/5.0 (compatible; MJ12bot/v1.4.3; http://www.majestic12.co.uk/bot.php?+)"
69.30.238.162 - - [19/Aug/2013:04:50:10 -0400] "GET /blog/2013/04/26/blog/2012/11/07/blog/2012/09/21/blog/2012/09/21/blog2012/blog/2013/03/19/blog/2013/03/19/blog2013/04 HTTP/1.0" 200 11285 "-" "Mozilla/5.0 (compatible; MJ12bot/v1.4.3; http://www.majestic12.co.uk/bot.php?+)"
41.206.1.4 - - [19/Aug/2013:04:50:48 -0400] "POST /bcc/teachers/FormatEmail.php HTTP/1.1" 200 2636 "http://truthfortheworld.org/bcc/courses/bcc_cob_l2.html" "Mozilla/5.0 (Windows NT 6.1) AppleWebKit/537.36 (KHTML, like Gecko) Chrome/28.0.1500.95 Safari/537.36"
41.206.1.4 - - [19/Aug/2013:04:50:50 -0400] "GET /favicon.ico HTTP/1.1" 404 17075 "-" "Mozilla/5.0 (Windows NT 6.1) AppleWebKit/537.36 (KHTML, like Gecko) Chrome/28.0.1500.95 Safari/537.36"
69.30.238.162 - - [19/Aug/2013:04:51:51 -0400] "GET /blog/2013/04/26/blog/2012/11/07/blog/2012/09/21/blog/2012/09/21/blog2012/blog/2013/03/19/blog/2013/04/26/blog/2012/11/07/blog/feed.rss HTTP/1.0" 200 11285 "-" "Mozilla/5.0 (compatible; MJ12bot/v1.4.3; http://www.majestic12.co.uk/bot.php?+)"
210.24.218.137 - - [19/Aug/2013:04:55:35 -0400] "GET /bcc/courses/bcc_ots_l16.html HTTP/1.1" 200 23111 "http://truthfortheworld.org/bcc/" "Mozilla/5.0 (Windows NT 6.1) AppleWebKit/537.36 (KHTML, like Gecko) Chrome/28.0.1500.95 Safari/537.36"
210.24.218.137 - - [19/Aug/2013:04:55:37 -0400] "GET /favicon.ico HTTP/1.1" 404 17146 "-" "Mozilla/5.0 (Windows NT 6.1) AppleWebKit/537.36 (KHTML, like Gecko) Chrome/28.0.1500.95 Safari/537.36"
106.77.202.82 - - [19/Aug/2013:04:59:29 -0400] "GET /pix/es.png HTTP/1.1" 200 469 "http://truthfortheworld.org/new-age-movement" "Mozilla/5.0 (Windows NT 6.1) AppleWebKit/537.36 (KHTML, like Gecko) Chrome/28.0.1500.95 Safari/537.36"
110.36.123.119 - - [19/Aug/2013:05:43:29 -0400] "GET /bcc/ HTTP/1.1" 200 25243 "http://us-mg5.mail.yahoo.com/neo/b/message?sMid=0&fid=Inbox&sort=date&order=down&startMid=0&filterBy=&.rand=1026433400&midIndex=0&mid=2_0_0_1_2172763_AHPTimIAANqGUg8%2FTQL2skEPEOw&fromId=" "Mozilla/4.0 (compatible; MSIE 6.0; Windows NT 5.1; SV1)"
172.242.130.3 - - [19/Aug/2013:05:43:55 -0400] "GET /css/print.css HTTP/1.1" 304 - "http://truthfortheworld.org/goodness-of-god-part-1" "Mozilla/4.0 (compatible; MSIE 8.0; Windows NT 6.0; Trident/4.0; SLCC1; .NET CLR 2.0.50727; Media Center PC 5.0; .NET CLR 3.5.30729; .NET CLR 3.0.30729; .NET4.0C; InfoPath.2; AskTbORJ/5.15.23.36191)"
172.242.130.3 - - [19/Aug/2013:05:43:55 -0400] "GET /css/main.css HTTP/1.1" 304 - "http://truthfortheworld.org/goodness-of-god-part-1" "Mozilla/4.0 (compatible; MSIE 8.0; Windows NT 6.0; Trident/4.0; SLCC1; .NET CLR 2.0.50727; Media Center PC 5.0; .NET CLR 3.5.30729; .NET CLR 3.0.30729; .NET4.0C; InfoPath.2; AskTbORJ/5.15.23.36191)"
121.99.94.202 - - [19/Aug/2013:05:48:00 -0400] "GET /css/main.css HTTP/1.1" 200 29927 "http://truthfortheworld.org/" "Mozilla/5.0 (Macintosh; Intel Mac OS X 10_7_5) AppleWebKit/537.36 (KHTML, like Gecko) Chrome/28.0.1500.95 Safari/537.36"
121.99.94.202 - - [19/Aug/2013:05:48:01 -0400] "GET /css/reset.css HTTP/1.1" 200 1173 "http://truthfortheworld.org/" "Mozilla/5.0 (Macintosh; Intel Mac OS X 10_7_5) AppleWebKit/537.36 (KHTML, like Gecko) Chrome/28.0.1500.95 Safari/537.36"
121.99.94.202 - - [19/Aug/2013:05:48:02 -0400] "GET /pix/cn.png HTTP/1.1" 200 472 "http://truthfortheworld.org/" "Mozilla/5.0 (Macintosh; Intel Mac OS X 10_7_5) AppleWebKit/537.36 (KHTML, like Gecko) Chrome/28.0.1500.95 Safari/537.36"
121.99.94.202 - - [19/Aug/2013:05:48:02 -0400] "GET /js/jquery.hoverIntent.js HTTP/1.1" 200 4944 "http://truthfortheworld.org/" "Mozilla/5.0 (Macintosh; Intel Mac OS X 10_7_5) AppleWebKit/537.36 (KHTML, like Gecko) Chrome/28.0.1500.95 Safari/537.36"
121.99.94.202 - - [19/Aug/2013:05:48:02 -0400] "GET /pix/floatbar_bg.png HTTP/1.1" 200 4653 "http://truthfortheworld.org/" "Mozilla/5.0 (Macintosh; Intel Mac OS X 10_7_5) AppleWebKit/537.36 (KHTML, like Gecko) Chrome/28.0.1500.95 Safari/537.36"
121.99.94.202 - - [19/Aug/2013:05:48:02 -0400] "GET /pix/buttonWay.png HTTP/1.1" 200 3504 "http://truthfortheworld.org/" "Mozilla/5.0 (Macintosh; Intel Mac OS X 10_7_5) AppleWebKit/537.36 (KHTML, like Gecko) Chrome/28.0.1500.95 Safari/537.36"
82.145.216.62 - - [19/Aug/2013:05:48:52 -0400] "GET /pix/youtube.png HTTP/1.1" 200 2803 "http://truthfortheworld.org/" "Opera/9.80 (J2ME/MIDP; Opera Mini/4.2.16320/30.3697; U; en) Presto/2.8.119 Version/11.10"
141.0.11.214 - - [19/Aug/2013:05:50:56 -0400] "GET /pix/cn_lg.png HTTP/1.1" 200 793 "http://id.truthfortheworld.org/siapakah-roh-kudus-itu" "Opera/9.80 (BlackBerry; Opera Mini/7.1.32723/30.3697; U; id) Presto/2.8.119 Version/11.10"
121.54.58.213 - - [19/Aug/2013:05:58:06 -0400] "GET /pix/bgtexture.jpg HTTP/1.1" 200 23844 "http://truthfortheworld.org/autonomy-of-the-local-church" "Mozilla/5.0 (compatible; MSIE 9.0; Windows NT 6.1; Win64; x64; Trident/5.0)"
54.244.56.204 - - [19/Aug/2013:15:00:04 -0400] "GET /siapakah-roh-kudus-itu HTTP/1.1" 200 16138 "http://www.google.com/m/search?client=ms-nokia&channel=proxy&q=siapa%20roh%20kudus?" "Mozilla/5.0 (Series40; Nokia308/05.85; Profile/MIDP-2.1 Configuration/CLDC-1.1) Gecko/20100401 S40OviBrowser/3.2.0.0.6"
67.236.146.37 - - [19/Aug/2013:15:09:15 -0400] "GET / HTTP/1.1" 200 17160 "http://www.mybiblecourses.com/" "Mozilla/5.0 (compatible; MSIE 10.0; Windows NT 6.1; Trident/6.0)"
67.236.146.37 - - [19/Aug/2013:15:09:16 -0400] "GET /js/html5shiv.js HTTP/1.1" 200 2359 "http://truthfortheworld.org/" "Mozilla/5.0 (compatible; MSIE 10.0; Windows NT 6.1; Trident/6.0)"
67.236.146.37 - - [19/Aug/2013:15:09:16 -0400] "GET /pix/pan_tunein.jpg HTTP/1.1" 200 34375 "http://truthfortheworld.org/" "Mozilla/5.0 (compatible; MSIE 10.0; Windows NT 6.1; Trident/6.0)"
67.236.146.37 - - [19/Aug/2013:15:09:16 -0400] "GET /pix/facebook.png HTTP/1.1" 200 2478 "http://truthfortheworld.org/" "Mozilla/5.0 (compatible; MSIE 10.0; Windows NT 6.1; Trident/6.0)"
67.236.146.37 - - [19/Aug/2013:15:09:16 -0400] "GET /pix/twitter.png HTTP/1.1" 200 1798 "http://truthfortheworld.org/" "Mozilla/5.0 (compatible; MSIE 10.0; Windows NT 6.1; Trident/6.0)"
67.236.146.37 - - [19/Aug/2013:15:09:16 -0400] "GET /pix/littleball.png HTTP/1.1" 200 1639 "http://truthfortheworld.org/" "Mozilla/5.0 (compatible; MSIE 10.0; Windows NT 6.1; Trident/6.0)"
67.236.146.37 - - [19/Aug/2013:15:09:16 -0400] "GET /js/jquery.smooth-scroll.min.js HTTP/1.1" 200 2648 "http://truthfortheworld.org/" "Mozilla/5.0 (compatible; MSIE 10.0; Windows NT 6.1; Trident/6.0)"
67.236.146.37 - - [19/Aug/2013:15:09:17 -0400] "GET /js/easySlider1.7.js HTTP/1.1" 200 6198 "http://truthfortheworld.org/" "Mozilla/5.0 (compatible; MSIE 10.0; Windows NT 6.1; Trident/6.0)"
67.236.146.37 - - [19/Aug/2013:15:09:17 -0400] "GET /pix/pan_webinar.jpg HTTP/1.1" 200 25882 "http://truthfortheworld.org/" "Mozilla/5.0 (compatible; MSIE 10.0; Windows NT 6.1; Trident/6.0)"
67.236.146.37 - - [19/Aug/2013:15:09:17 -0400] "GET /css/header.css HTTP/1.1" 200 20687 "http://truthfortheworld.org/" "Mozilla/5.0 (compatible; MSIE 10.0; Windows NT 6.1; Trident/6.0)"
67.236.146.37 - - [19/Aug/2013:15:09:19 -0400] "GET /pix/bg_headdb.jpg HTTP/1.1" 200 3209 "http://truthfortheworld.org/" "Mozilla/5.0 (compatible; MSIE 10.0; Windows NT 6.1; Trident/6.0)"
67.236.146.37 - - [19/Aug/2013:15:09:19 -0400] "GET /pix/divider.png HTTP/1.1" 200 993 "http://truthfortheworld.org/" "Mozilla/5.0 (compatible; MSIE 10.0; Windows NT 6.1; Trident/6.0)"
67.236.146.37 - - [19/Aug/2013:15:09:19 -0400] "GET /pix/floatbar_bg.png HTTP/1.1" 200 4653 "http://truthfortheworld.org/" "Mozilla/5.0 (compatible; MSIE 10.0; Windows NT 6.1; Trident/6.0)"
67.236.146.37 - - [19/Aug/2013:15:09:19 -0400] "GET /pix/cn.png HTTP/1.1" 200 472 "http://truthfortheworld.org/" "Mozilla/5.0 (compatible; MSIE 10.0; Windows NT 6.1; Trident/6.0)"
67.236.146.37 - - [19/Aug/2013:15:09:19 -0400] "GET /pix/id.png HTTP/1.1" 200 430 "http://truthfortheworld.org/" "Mozilla/5.0 (compatible; MSIE 10.0; Windows NT 6.1; Trident/6.0)"
67.236.146.37 - - [19/Aug/2013:15:09:20 -0400] "GET /pix/search.png HTTP/1.1" 200 1047 "http://truthfortheworld.org/" "Mozilla/5.0 (compatible; MSIE 10.0; Windows NT 6.1; Trident/6.0)"
67.236.146.37 - - [19/Aug/2013:15:09:20 -0400] "GET /pix/floatbar_bg_title.png HTTP/1.1" 200 5217 "http://truthfortheworld.org/" "Mozilla/5.0 (compatible; MSIE 10.0; Windows NT 6.1; Trident/6.0)"
67.236.146.37 - - [19/Aug/2013:15:09:20 -0400] "GET /pix/about.png HTTP/1.1" 200 10920 "http://truthfortheworld.org/" "Mozilla/5.0 (compatible; MSIE 10.0; Windows NT 6.1; Trident/6.0)"
67.236.146.37 - - [19/Aug/2013:15:09:20 -0400] "GET /pix/swirl.png HTTP/1.1" 200 1619 "http://truthfortheworld.org/" "Mozilla/5.0 (compatible; MSIE 10.0; Windows NT 6.1; Trident/6.0)"
67.236.146.37 - - [19/Aug/2013:15:09:20 -0400] "GET /pix/news.png HTTP/1.1" 200 1921 "http://truthfortheworld.org/" "Mozilla/5.0 (compatible; MSIE 10.0; Windows NT 6.1; Trident/6.0)"
67.236.146.37 - - [19/Aug/2013:15:09:20 -0400] "GET /pix/fadeworld.jpg HTTP/1.1" 200 2205 "http://truthfortheworld.org/" "Mozilla/5.0 (compatible; MSIE 10.0; Windows NT 6.1; Trident/6.0)"
67.236.146.37 - - [19/Aug/2013:15:09:20 -0400] "GET /pix/rarrow.png HTTP/1.1" 200 1045 "http://truthfortheworld.org/" "Mozilla/5.0 (compatible; MSIE 10.0; Windows NT 6.1; Trident/6.0)"
