108.239.189.43 - - [19/Aug/2013:08:43:24 -0400] "GET /css/reset.css HTTP/1.1" 200 1173 "http://truthfortheworld.org/bcc/" "Mozilla/5.0 (Windows NT 6.1) AppleWebKit/537.36 (KHTML, like Gecko) Chrome/28.0.1500.95 Safari/537.36"
180.251.149.145 - - [19/Aug/2013:08:57:21 -0400] "GET /css/print.css HTTP/1.1" 200 437 "http://id.truthfortheworld.org/alkitab-diilhamkan-oleh-allah" "Mozilla/5.0 (Windows NT 6.1; rv:23.0) Gecko/20100101 Firefox/23.0"
180.251.149.145 - - [19/Aug/2013:08:57:23 -0400] "GET /js/superfish.js HTTP/1.1" 200 6728 "http://id.truthfortheworld.org/alkitab-diilhamkan-oleh-allah" "Mozilla/5.0 (Windows NT 6.1; rv:23.0) Gecko/20100101 Firefox/23.0"
180.251.149.145 - - [19/Aug/2013:08:57:25 -0400] "GET /css/sidebars.css HTTP/1.1" 200 8749 "http://truthfortheworld.org/css/main.css" "Mozilla/5.0 (Windows NT 6.1; rv:23.0) Gecko/20100101 Firefox/23.0"
180.251.149.145 - - [19/Aug/2013:08:57:26 -0400] "GET /pix/google-plus.png HTTP/1.1" 200 2371 "http://id.truthfortheworld.org/alkitab-diilhamkan-oleh-allah" "Mozilla/5.0 (Windows NT 6.1; rv:23.0) Gecko/20100101 Firefox/23.0"
139.228.56.193 - - [19/Aug/2013:08:57:42 -0400] "GET /css/sidebars.css HTTP/1.1" 200 8749 "http://id.truthfortheworld.org/siapakah-roh-kudus-itu" "Mozilla/5.0 (Windows NT 6.1; WOW64) AppleWebKit/537.36 (KHTML, like Gecko) Chrome/28.0.1500.95 Safari/537.36"
139.228.56.193 - - [19/Aug/2013:08:57:43 -0400] "GET /pix/bg_headdb.jpg HTTP/1.1" 200 3209 "http://id.truthfortheworld.org/siapakah-roh-kudus-itu" "Mozilla/5.0 (Windows NT 6.1; WOW64) AppleWebKit/537.36 (KHTML, like Gecko) Chrome/28.0.1500.95 Safari/537.36"
139.228.56.193 - - [19/Aug/2013:08:57:44 -0400] "GET /pix/es.png HTTP/1.1" 200 469 "http://id.truthfortheworld.org/siapakah-roh-kudus-itu" "Mozilla/5.0 (Windows NT 6.1; WOW64) AppleWebKit/537.36 (KHTML, like Gecko) Chrome/28.0.1500.95 Safari/537.36"
139.228.56.193 - - [19/Aug/2013:08:57:44 -0400] "GET /pix/id.floatbar_bg_title.png HTTP/1.1" 200 5330 "http://id.truthfortheworld.org/siapakah-roh-kudus-itu" "Mozilla/5.0 (Windows NT 6.1; WOW64) AppleWebKit/537.36 (KHTML, like Gecko) Chrome/28.0.1500.95 Safari/537.36"
98.21.85.139 - - [19/Aug/2013:15:06:24 -0400] "GET /js/jquery.smooth-scroll.min.js HTTP/1.1" 200 2648 "http://truthfortheworld.org/" "Mozilla/5.0 (Macintosh; Intel Mac OS X 10_8_4) AppleWebKit/536.30.1 (KHTML, like Gecko) Version/6.0.5 Safari/536.30.1"
98.21.85.139 - - [19/Aug/2013:15:06:24 -0400] "GET /css/reftagger.css HTTP/1.1" 200 1583 "http://truthfortheworld.org/" "Mozilla/5.0 (Macintosh; Intel Mac OS X 10_8_4) AppleWebKit/536.30.1 (KHTML, like Gecko) Version/6.0.5 Safari/536.30.1"
98.21.85.139 - - [19/Aug/2013:15:06:24 -0400] "GET /pix/cn.png HTTP/1.1" 200 472 "http://truthfortheworld.org/" "Mozilla/5.0 (Macintosh; Intel Mac OS X 10_8_4) AppleWebKit/536.30.1 (KHTML, like Gecko) Version/6.0.5 Safari/536.30.1"
98.21.85.139 - - [19/Aug/2013:15:06:24 -0400] "GET /pix/pan_expl.jpg HTTP/1.1" 200 26609 "http://truthfortheworld.org/" "Mozilla/5.0 (Macintosh; Intel Mac OS X 10_8_4) AppleWebKit/536.30.1 (KHTML, like Gecko) Version/6.0.5 Safari/536.30.1"
98.21.85.139 - - [19/Aug/2013:15:06:26 -0400] "GET /pix/floatbar_bg_title.png HTTP/1.1" 200 5217 "http://truthfortheworld.org/" "Mozilla/5.0 (Macintosh; Intel Mac OS X 10_8_4) AppleWebKit/536.30.1 (KHTML, like Gecko) Version/6.0.5 Safari/536.30.1"
98.21.85.139 - - [19/Aug/2013:15:06:26 -0400] "GET /pix/news.png HTTP/1.1" 200 1921 "http://truthfortheworld.org/" "Mozilla/5.0 (Macintosh; Intel Mac OS X 10_8_4) AppleWebKit/536.30.1 (KHTML, like Gecko) Version/6.0.5 Safari/536.30.1"
98.21.85.139 - - [19/Aug/2013:15:06:26 -0400] "GET /pix/earth.jpg HTTP/1.1" 200 13099 "http://truthfortheworld.org/" "Mozilla/5.0 (Macintosh; Intel Mac OS X 10_8_4) AppleWebKit/536.30.1 (KHTML, like Gecko) Version/6.0.5 Safari/536.30.1"
67.236.146.37 - - [19/Aug/2013:15:10:08 -0400] "GET /pix/mob.header.jpg HTTP/1.1" 200 12343 "http://truthfortheworld.org/mail-bcc" "Mozilla/5.0 (compatible; MSIE 10.0; Windows NT 6.1; Trident/6.0)"
208.87.234.180 - - [19/Aug/2013:15:14:42 -0400] "GET /pix/ssbiblestories.jpg HTTP/1.1" 200 6139 "http://truthfortheworld.org/bcc/courses/bcc_bbs_l7.html" "Mozilla/4.0 (compatible; MSIE 8.0; Windows NT 6.1; Trident/4.0; SLCC2; .NET CLR 2.0.50727; .NET CLR 3.5.30729; .NET CLR 3.0.30729; .NET4.0C; .NET4.0E)"
65.55.24.221 - - [19/Aug/2013:15:18:26 -0400] "GET /HTML/BCC/courses/bcc_ots_l10.html HTTP/1.1" 301 269 "-" "Mozilla/5.0 (compatible; bingbot/2.0; +http://www.bing.com/bingbot.htm)"
173.185.6.126 - - [19/Aug/2013:15:22:23 -0400] "GET /css/main.css HTTP/1.1" 200 29927 "http://truthfortheworld.org/online-bcc" "Mozilla/5.0 (compatible; MSIE 10.0; Windows NT 6.1; WOW64; Trident/6.0)"
173.185.6.126 - - [19/Aug/2013:15:22:24 -0400] "GET /css/reset.css HTTP/1.1" 200 1173 "http://truthfortheworld.org/online-bcc" "Mozilla/5.0 (compatible; MSIE 10.0; Windows NT 6.1; WOW64; Trident/6.0)"
173.185.6.126 - - [19/Aug/2013:15:22:24 -0400] "GET /pix/brightball.jpg HTTP/1.1" 200 7625 "http://truthfortheworld.org/online-bcc" "Mozilla/5.0 (compatible; MSIE 10.0; Windows NT 6.1; WOW64; Trident/6.0)"
173.185.6.126 - - [19/Aug/2013:15:22:24 -0400] "GET /pix/floatbar_bg_title.png HTTP/1.1" 200 5217 "http://truthfortheworld.org/online-bcc" "Mozilla/5.0 (compatible; MSIE 10.0; Windows NT 6.1; WOW64; Trident/6.0)"
12.54.94.28 - - [19/Aug/2013:15:27:29 -0400] "GET /problems-with-the-new-international-version HTTP/1.1" 200 16052 "http://truthfortheworld.org/topics" "Mozilla/4.0 (compatible; MSIE 7.0; Windows NT 5.1; Trident/4.0; .NET CLR 1.0.3705; .NET CLR 1.1.4322; .NET CLR 2.0.50727; .NET CLR 3.0.04506.30; .NET CLR 3.0.4506.2152; .NET CLR 3.5.30729; MS-RTC LM 8; .NET4.0C; .NET4.0E; InfoPath.1)"
12.54.94.28 - - [19/Aug/2013:15:31:19 -0400] "GET /js/easySlider1.7.js HTTP/1.1" 200 6198 "http://truthfortheworld.org/study-bibles" "Mozilla/4.0 (compatible; MSIE 7.0; Windows NT 5.1; Trident/4.0; .NET CLR 1.0.3705; .NET CLR 1.1.4322; .NET CLR 2.0.50727; .NET CLR 3.0.04506.30; .NET CLR 3.0.4506.2152; .NET CLR 3.5.30729; MS-RTC LM 8; .NET4.0C; .NET4.0E; InfoPath.1)"
12.54.94.28 - - [19/Aug/2013:15:31:19 -0400] "GET /pix/pdficon.png HTTP/1.1" 200 1397 "http://truthfortheworld.org/study-bibles" "Mozilla/4.0 (compatible; MSIE 7.0; Windows NT 5.1; Trident/4.0; .NET CLR 1.0.3705; .NET CLR 1.1.4322; .NET CLR 2.0.50727; .NET CLR 3.0.04506.30; .NET CLR 3.0.4506.2152; .NET CLR 3.5.30729; MS-RTC LM 8; .NET4.0C; .NET4.0E; InfoPath.1)"
69.10.177.78 - - [19/Aug/2013:15:35:20 -0400] "GET /tftwpodcast.rss HTTP/1.1" 301 251 "-" "Motorola"
216.37.87.206 - - [19/Aug/2013:15:36:11 -0400] "GET /css/print.css HTTP/1.1" 200 437 "http://truthfortheworld.org/about-us" "Mozilla/5.0 (compatible; MSIE 10.0; Windows NT 6.1; WOW64; Trident/6.0; MDDRJS)"
216.37.87.206 - - [19/Aug/2013:15:36:11 -0400] "GET /pix/twitter.png HTTP/1.1" 200 1798 "http://truthfortheworld.org/about-us" "Mozilla/5.0 (compatible; MSIE 10.0; Windows NT 6.1; WOW64; Trident/6.0; MDDRJS)"
216.37.87.206 - - [19/Aug/2013:15:36:11 -0400] "GET /js/jquery.smooth-scroll.min.js HTTP/1.1" 200 2648 "http://truthfortheworld.org/about-us" "Mozilla/5.0 (compatible; MSIE 10.0; Windows NT 6.1; WOW64; Trident/6.0; MDDRJS)"
216.37.87.206 - - [19/Aug/2013:15:36:11 -0400] "GET /js/easySlider1.7.js HTTP/1.1" 200 6198 "http://truthfortheworld.org/about-us" "Mozilla/5.0 (compatible; MSIE 10.0; Windows NT 6.1; WOW64; Trident/6.0; MDDRJS)"
216.37.87.206 - - [19/Aug/2013:15:36:13 -0400] "GET /css/footer.css HTTP/1.1" 200 3501 "http://truthfortheworld.org/about-us" "Mozilla/5.0 (compatible; MSIE 10.0; Windows NT 6.1; WOW64; Trident/6.0; MDDRJS)"
216.37.87.206 - - [19/Aug/2013:15:36:17 -0400] "GET /pix/nav_bg.jpg HTTP/1.1" 200 3618 "http://truthfortheworld.org/about-us" "Mozilla/5.0 (compatible; MSIE 10.0; Windows NT 6.1; WOW64; Trident/6.0; MDDRJS)"
216.37.87.206 - - [19/Aug/2013:15:36:17 -0400] "GET /pix/brightball.jpg HTTP/1.1" 200 7625 "http://truthfortheworld.org/about-us" "Mozilla/5.0 (compatible; MSIE 10.0; Windows NT 6.1; WOW64; Trident/6.0; MDDRJS)"
71.102.70.240 - - [19/Aug/2013:15:33:13 -0400] "GET /video/ae-bg-01.mp4 HTTP/1.1" 206 384060013 "-" "Roku/DVP-5.1 (045.01E01177A)"
96.19.189.50 - - [19/Aug/2013:15:47:59 -0400] "GET /css/reftagger.css HTTP/1.1" 304 - "http://truthfortheworld.org/about-us" "Mozilla/4.0 (compatible; MSIE 8.0; Windows NT 5.1; Trident/4.0; BTRS122323; GTB7.5; .NET CLR 1.1.4322; .NET CLR 2.0.50727; .NET CLR 3.0.4506.2152; .NET CLR 3.5.30729; AskTbIMH6/5.13.1.18261; BRI/2)"
96.19.189.50 - - [19/Aug/2013:15:48:00 -0400] "GET /pix/facebook.png HTTP/1.1" 304 - "http://truthfortheworld.org/about-us" "Mozilla/4.0 (compatible; MSIE 8.0; Windows NT 5.1; Trident/4.0; BTRS122323; GTB7.5; .NET CLR 1.1.4322; .NET CLR 2.0.50727; .NET CLR 3.0.4506.2152; .NET CLR 3.5.30729; AskTbIMH6/5.13.1.18261; BRI/2)"
96.19.189.50 - - [19/Aug/2013:15:48:00 -0400] "GET /pix/people/thomas.jpg HTTP/1.1" 304 - "http://truthfortheworld.org/about-us" "Mozilla/4.0 (compatible; MSIE 8.0; Windows NT 5.1; Trident/4.0; BTRS122323; GTB7.5; .NET CLR 1.1.4322; .NET CLR 2.0.50727; .NET CLR 3.0.4506.2152; .NET CLR 3.5.30729; AskTbIMH6/5.13.1.18261; BRI/2)"
96.19.189.50 - - [19/Aug/2013:15:48:00 -0400] "GET /pix/people/jennifer.jpg HTTP/1.1" 304 - "http://truthfortheworld.org/about-us" "Mozilla/4.0 (compatible; MSIE 8.0; Windows NT 5.1; Trident/4.0; BTRS122323; GTB7.5; .NET CLR 1.1.4322; .NET CLR 2.0.50727; .NET CLR 3.0.4506.2152; .NET CLR 3.5.30729; AskTbIMH6/5.13.1.18261; BRI/2)"
24.159.164.34 - - [19/Aug/2013:15:56:11 -0400] "POST /connectors/element/index.php?action=getNodes&id=n_chunk_category_5&type=chunk HTTP/1.1" 200 1688 "http://truthfortheworld.org/manager/?a=30&id=655" "Mozilla/5.0 (Windows NT 6.2; WOW64) AppleWebKit/537.36 (KHTML, like Gecko) Chrome/28.0.1500.95 Safari/537.36"
24.159.164.34 - - [19/Aug/2013:15:56:13 -0400] "POST /connectors/system/registry/register.php HTTP/1.1" 200 61 "http://truthfortheworld.org/manager/?a=30&id=655" "Mozilla/5.0 (Windows NT 6.2; WOW64) AppleWebKit/537.36 (KHTML, like Gecko) Chrome/28.0.1500.95 Safari/537.36"
24.159.164.34 - - [19/Aug/2013:15:58:58 -0400] "GET /manager/templates/default/images/modx-theme/menu/menu-parent.gif HTTP/1.1" 200 853 "http://truthfortheworld.org/manager/?a=30&id=655" "Mozilla/5.0 (Windows NT 6.2; WOW64) AppleWebKit/537.36 (KHTML, like Gecko) Chrome/28.0.1500.95 Safari/537.36"
24.159.164.34 - - [19/Aug/2013:15:59:00 -0400] "GET /manager/index.php?id=655&a=55&class_key=modDocument&parent=655&context_key=zh-tr HTTP/1.1" 200 53925 "http://truthfortheworld.org/manager/?a=30&id=655" "Mozilla/5.0 (Windows NT 6.2; WOW64) AppleWebKit/537.36 (KHTML, like Gecko) Chrome/28.0.1500.95 Safari/537.36"
24.159.164.34 - - [19/Aug/2013:15:59:05 -0400] "GET /manager/min/index.php?f=/manager/templates/default/css/xtheme-modx.css,/manager/templates/default/css/index.css HTTP/1.1" 304 - "http://truthfortheworld.org/manager/" "Mozilla/5.0 (Windows NT 6.2; WOW64) AppleWebKit/537.36 (KHTML, like Gecko) Chrome/28.0.1500.95 Safari/537.36"
24.159.164.34 - - [19/Aug/2013:15:59:07 -0400] "GET /assets/components/tinymce/jscripts/tiny_mce/themes/advanced/editor_template.js?v=222pl HTTP/1.1" 200 26714 "http://truthfortheworld.org/manager/index.php?id=655&a=55&class_key=modDocument&parent=655&context_key=zh-tr" "Mozilla/5.0 (Windows NT 6.2; WOW64) AppleWebKit/537.36 (KHTML, like Gecko) Chrome/28.0.1500.95 Safari/537.36"
24.159.164.34 - - [19/Aug/2013:15:59:08 -0400] "GET /assets/components/tinymce/jscripts/tiny_mce/plugins/nonbreaking/editor_plugin.js?v=222pl HTTP/1.1" 200 944 "http://truthfortheworld.org/manager/index.php?id=655&a=55&class_key=modDocument&parent=655&context_key=zh-tr" "Mozilla/5.0 (Windows NT 6.2; WOW64) AppleWebKit/537.36 (KHTML, like Gecko) Chrome/28.0.1500.95 Safari/537.36"
24.159.164.34 - - [19/Aug/2013:15:59:08 -0400] "GET /assets/components/tinymce/jscripts/tiny_mce/plugins/media/editor_plugin.js?v=222pl HTTP/1.1" 200 12655 "http://truthfortheworld.org/manager/index.php?id=655&a=55&class_key=modDocument&parent=655&context_key=zh-tr" "Mozilla/5.0 (Windows NT 6.2; WOW64) AppleWebKit/537.36 (KHTML, like Gecko) Chrome/28.0.1500.95 Safari/537.36"
24.159.164.34 - - [19/Aug/2013:15:59:08 -0400] "GET /assets/components/tinymce/jscripts/tiny_mce/themes/advanced/langs/en.js?v=222pl HTTP/1.1" 200 2341 "http://truthfortheworld.org/manager/index.php?id=655&a=55&class_key=modDocument&parent=655&context_key=zh-tr" "Mozilla/5.0 (Windows NT 6.2; WOW64) AppleWebKit/537.36 (KHTML, like Gecko) Chrome/28.0.1500.95 Safari/537.36"
24.159.164.34 - - [19/Aug/2013:15:59:08 -0400] "GET /assets/components/tinymce/jscripts/tiny_mce/themes/advanced/skins/cirkuit/ui.css?v=222pl HTTP/1.1" 200 20992 "http://truthfortheworld.org/manager/index.php?id=655&a=55&class_key=modDocument&parent=655&context_key=zh-tr" "Mozilla/5.0 (Windows NT 6.2; WOW64) AppleWebKit/537.36 (KHTML, like Gecko) Chrome/28.0.1500.95 Safari/537.36"
24.159.164.34 - - [19/Aug/2013:15:59:08 -0400] "GET /assets/components/tinymce/jscripts/tiny_mce/themes/advanced/skins/cirkuit/img/icons.png HTTP/1.1" 200 30143 "http://truthfortheworld.org/manager/index.php?id=655&a=55&class_key=modDocument&parent=655&context_key=zh-tr" "Mozilla/5.0 (Windows NT 6.2; WOW64) AppleWebKit/537.36 (KHTML, like Gecko) Chrome/28.0.1500.95 Safari/537.36"
24.159.164.34 - - [19/Aug/2013:15:59:08 -0400] "GET /favicon.ico HTTP/1.1" 404 17150 "-" "Mozilla/5.0 (Windows NT 6.2; WOW64) AppleWebKit/537.36 (KHTML, like Gecko) Chrome/28.0.1500.95 Safari/537.36"
24.159.164.34 - - [19/Aug/2013:15:59:10 -0400] "POST /connectors/system/registry/register.php HTTP/1.1" 200 61 "http://truthfortheworld.org/manager/index.php?id=655&a=55&class_key=modDocument&parent=655&context_key=zh-tr" "Mozilla/5.0 (Windows NT 6.2; WOW64) AppleWebKit/537.36 (KHTML, like Gecko) Chrome/28.0.1500.95 Safari/537.36"
69.197.221.17 - - [19/Aug/2013:16:00:58 -0400] "GET /radio-programs HTTP/1.1" 200 136164 "-" "Mozilla/5.0 (iPhone; CPU iPhone OS 6_1_3 like Mac OS X) AppleWebKit/536.26 (KHTML, like Gecko) Version/6.0 Mobile/10B329 Safari/8536.25"
165.166.74.170 - - [19/Aug/2013:16:06:33 -0400] "GET /bcc/images/logo.jpg HTTP/1.1" 200 10578 "http://truthfortheworld.org/bcc/" "Mozilla/5.0 (compatible; MSIE 10.0; Windows NT 6.2; WOW64; Trident/6.0; MATBJS)"
24.159.164.34 - - [19/Aug/2013:16:07:37 -0400] "POST /connectors/element/index.php?action=getNodes&id=n_tv_category_5&type=tv HTTP/1.1" 200 1567 "http://truthfortheworld.org/manager/index.php?a=23&id=30" "Mozilla/5.0 (Windows NT 6.2; WOW64) AppleWebKit/537.36 (KHTML, like Gecko) Chrome/28.0.1500.95 Safari/537.36"
24.159.164.34 - - [19/Aug/2013:16:07:40 -0400] "POST /connectors/system/registry/register.php HTTP/1.1" 200 61 "http://truthfortheworld.org/manager/index.php?a=23&id=30" "Mozilla/5.0 (Windows NT 6.2; WOW64) AppleWebKit/537.36 (KHTML, like Gecko) Chrome/28.0.1500.95 Safari/537.36"
24.159.164.34 - - [19/Aug/2013:16:07:43 -0400] "POST /connectors/resource/index.php HTTP/1.1" 200 1548 "http://truthfortheworld.org/manager/index.php?a=23&id=30" "Mozilla/5.0 (Windows NT 6.2; WOW64) AppleWebKit/537.36 (KHTML, like Gecko) Chrome/28.0.1500.95 Safari/537.36"
24.159.164.34 - - [19/Aug/2013:16:07:44 -0400] "POST /connectors/system/registry/register.php HTTP/1.1" 200 61 "http://truthfortheworld.org/manager/index.php?a=23&id=30" "Mozilla/5.0 (Windows NT 6.2; WOW64) AppleWebKit/537.36 (KHTML, like Gecko) Chrome/28.0.1500.95 Safari/537.36"
24.159.164.34 - - [19/Aug/2013:16:11:31 -0400] "GET /manager/min/index.php?f=/manager/assets/modext/widgets/modx.treedrop.js,/manager/assets/modext/widgets/windows.js,/manager/assets/modext/widgets/resource/modx.tree.resource.js,/manager/assets/modext/widgets/element/modx.tree.element.js,/manager/assets/modext/widgets/system/modx.tree.directory.js,/manager/assets/modext/core/modx.view.js,/manager/assets/modext/core/modx.layout.js HTTP/1.1" 304 - "http://truthfortheworld.org/manager/index.php?a=23&id=24" "Mozilla/5.0 (Windows NT 6.2; WOW64) AppleWebKit/537.36 (KHTML, like Gecko) Chrome/28.0.1500.95 Safari/537.36"
24.159.164.34 - - [19/Aug/2013:16:11:34 -0400] "GET /favicon.ico HTTP/1.1" 404 17122 "-" "Mozilla/5.0 (Windows NT 6.2; WOW64) AppleWebKit/537.36 (KHTML, like Gecko) Chrome/28.0.1500.95 Safari/537.36"
24.159.164.34 - - [19/Aug/2013:16:11:35 -0400] "GET /connectors/element/tv/renders.php?action=getInputProperties&context=mgr&tv=24&type=text&HTTP_MODAUTH=modx502d27d0ee8411.20362183_1521230fb738d18.28727169 HTTP/1.1" 200 1806 "http://truthfortheworld.org/manager/index.php?a=23&id=24" "Mozilla/5.0 (Windows NT 6.2; WOW64) AppleWebKit/537.36 (KHTML, like Gecko) Chrome/28.0.1500.95 Safari/537.36"
220.181.51.158 - - [19/Aug/2013:16:12:50 -0400] "HEAD /mp3/zh/1john22.mp3 HTTP/1.0" 200 - "-" "NSPlayer/10.0.0.4072 WMFSDK/10.0"
108.59.8.70 - - [19/Aug/2013:16:12:49 -0400] "GET /blog/2013/04/26/blog/2012/11/07/blog/2012/09/21/blog/2012/09/21/blog/blog/blog/2013/01/15/blog2012/09 HTTP/1.0" 200 11285 "-" "Mozilla/5.0 (compatible; MJ12bot/v1.4.3; http://www.majestic12.co.uk/bot.php?+)"
108.59.8.70 - - [19/Aug/2013:16:15:18 -0400] "GET /blog/2013/04/26/blog/2012/11/07/blog/2012/09/21/blog/2012/09/21/blog/blog/blog2012/blog/2012/11/07/online-radio-station-launched HTTP/1.0" 200 11285 "-" "Mozilla/5.0 (compatible; MJ12bot/v1.4.3; http://www.majestic12.co.uk/bot.php?+)"
24.159.164.34 - - [19/Aug/2013:16:16:03 -0400] "GET /favicon.ico HTTP/1.1" 404 17150 "-" "Mozilla/5.0 (Windows NT 6.2; WOW64) AppleWebKit/537.36 (KHTML, like Gecko) Chrome/28.0.1500.95 Safari/537.36"
24.159.164.34 - - [19/Aug/2013:16:16:05 -0400] "GET /favicon.ico HTTP/1.1" 404 17108 "-" "Mozilla/5.0 (Windows NT 6.2; WOW64) AppleWebKit/537.36 (KHTML, like Gecko) Chrome/28.0.1500.95 Safari/537.36"
24.159.164.34 - - [19/Aug/2013:16:16:07 -0400] "POST /connectors/system/registry/register.php HTTP/1.1" 200 61 "http://truthfortheworld.org/manager/index.php?a=30&id=1568" "Mozilla/5.0 (Windows NT 6.2; WOW64) AppleWebKit/537.36 (KHTML, like Gecko) Chrome/28.0.1500.95 Safari/537.36"
108.59.8.70 - - [19/Aug/2013:16:16:53 -0400] "GET /blog/2013/04/26/blog/2012/11/07/blog/2012/09/21/blog/2012/09/21/blog/blog/blog2012/blog/2013/03/19/blog2013/01 HTTP/1.0" 200 11285 "-" "Mozilla/5.0 (compatible; MJ12bot/v1.4.3; http://www.majestic12.co.uk/bot.php?+)"
108.59.8.70 - - [19/Aug/2013:16:17:06 -0400] "GET /blog/2013/04/26/blog/2012/11/07/blog/2012/09/21/blog/2012/09/21/blog/blog/blog2012/blog2012/blog/2012/11/07/online-radio-station-launched HTTP/1.0" 200 11285 "-" "Mozilla/5.0 (compatible; MJ12bot/v1.4.3; http://www.majestic12.co.uk/bot.php?+)"
24.159.164.34 - - [19/Aug/2013:16:21:22 -0400] "POST /connectors/system/registry/register.php HTTP/1.1" 200 61 "http://truthfortheworld.org/manager/?a=30&id=223" "Mozilla/5.0 (Windows NT 6.2; WOW64) AppleWebKit/537.36 (KHTML, like Gecko) Chrome/28.0.1500.95 Safari/537.36"
24.159.164.34 - - [19/Aug/2013:16:22:36 -0400] "POST /connectors/system/registry/register.php HTTP/1.1" 200 61 "http://truthfortheworld.org/manager/?a=30&id=223" "Mozilla/5.0 (Windows NT 6.2; WOW64) AppleWebKit/537.36 (KHTML, like Gecko) Chrome/28.0.1500.95 Safari/537.36"
24.159.164.34 - - [19/Aug/2013:16:22:40 -0400] "GET /manager/?a=30&id=223 HTTP/1.1" 200 61796 "http://truthfortheworld.org/manager/?a=30&id=220" "Mozilla/5.0 (Windows NT 6.2; WOW64) AppleWebKit/537.36 (KHTML, like Gecko) Chrome/28.0.1500.95 Safari/537.36"
24.159.164.34 - - [19/Aug/2013:16:24:02 -0400] "GET /pix/twitter.png HTTP/1.1" 304 - "http://zh-tr.truthfortheworld.org/%E9%8C%84%E9%9F%B3%E7%9A%84%E8%AA%B2%E7%A8%8B" "Mozilla/5.0 (Windows NT 6.2; WOW64) AppleWebKit/537.36 (KHTML, like Gecko) Chrome/28.0.1500.95 Safari/537.36"
24.159.164.34 - - [19/Aug/2013:16:24:02 -0400] "GET /css/footer.css HTTP/1.1" 304 - "http://zh-tr.truthfortheworld.org/%E9%8C%84%E9%9F%B3%E7%9A%84%E8%AA%B2%E7%A8%8B" "Mozilla/5.0 (Windows NT 6.2; WOW64) AppleWebKit/537.36 (KHTML, like Gecko) Chrome/28.0.1500.95 Safari/537.36"
24.159.164.34 - - [19/Aug/2013:16:24:02 -0400] "GET /pix/zh-tr.header.jpg HTTP/1.1" 304 - "http://zh-tr.truthfortheworld.org/%E9%8C%84%E9%9F%B3%E7%9A%84%E8%AA%B2%E7%A8%8B" "Mozilla/5.0 (Windows NT 6.2; WOW64) AppleWebKit/537.36 (KHTML, like Gecko) Chrome/28.0.1500.95 Safari/537.36"
24.159.164.34 - - [19/Aug/2013:16:24:02 -0400] "GET /pix/id.png HTTP/1.1" 304 - "http://zh-tr.truthfortheworld.org/%E9%8C%84%E9%9F%B3%E7%9A%84%E8%AA%B2%E7%A8%8B" "Mozilla/5.0 (Windows NT 6.2; WOW64) AppleWebKit/537.36 (KHTML, like Gecko) Chrome/28.0.1500.95 Safari/537.36"
24.159.164.34 - - [19/Aug/2013:16:24:02 -0400] "GET /pix/bg_headlb.jpg HTTP/1.1" 304 - "http://zh-tr.truthfortheworld.org/%E9%8C%84%E9%9F%B3%E7%9A%84%E8%AA%B2%E7%A8%8B" "Mozilla/5.0 (Windows NT 6.2; WOW64) AppleWebKit/537.36 (KHTML, like Gecko) Chrome/28.0.1500.95 Safari/537.36"
24.159.164.34 - - [19/Aug/2013:16:24:02 -0400] "GET /pix/earth.jpg HTTP/1.1" 304 - "http://zh-tr.truthfortheworld.org/%E9%8C%84%E9%9F%B3%E7%9A%84%E8%AA%B2%E7%A8%8B" "Mozilla/5.0 (Windows NT 6.2; WOW64) AppleWebKit/537.36 (KHTML, like Gecko) Chrome/28.0.1500.95 Safari/537.36"
90.209.75.10 - - [19/Aug/2013:16:26:01 -0400] "GET /bcc/courses/bcc_ots_l10.html HTTP/1.1" 200 23649 "http://truthfortheworld.org/bcc/" "Mozilla/5.0 (compatible; MSIE 9.0; Windows NT 6.1; WOW64; Trident/5.0; yie9)"
108.59.8.70 - - [19/Aug/2013:16:26:52 -0400] "GET /blog/2013/04/26/blog/2012/11/07/blog/2012/09/21/blog/2012/09/21/blog2012/blog/2013/04/26/blog/2013/01/15/blog/2013/04/26/blog/2013/04/26/a-somewhat-missed-opportunity HTTP/1.0" 200 11285 "-" "Mozilla/5.0 (compatible; MJ12bot/v1.4.3; http://www.majestic12.co.uk/bot.php?+)"
220.181.51.155 - - [19/Aug/2013:16:35:46 -0400] "HEAD /mp3/zh/mbfof42.mp3 HTTP/1.0" 200 - "-" "NSPlayer/10.0.0.4072 WMFSDK/10.0"
24.159.164.34 - - [19/Aug/2013:16:37:03 -0400] "GET /pix/twitter.png HTTP/1.1" 304 - "http://zh-tr.truthfortheworld.org/%E9%8C%84%E9%9F%B3%E7%9A%84%E8%AA%B2%E7%A8%8B" "Mozilla/5.0 (Windows NT 6.2; WOW64) AppleWebKit/537.36 (KHTML, like Gecko) Chrome/28.0.1500.95 Safari/537.36"
24.159.164.34 - - [19/Aug/2013:16:37:03 -0400] "GET /css/footer.css HTTP/1.1" 304 - "http://zh-tr.truthfortheworld.org/%E9%8C%84%E9%9F%B3%E7%9A%84%E8%AA%B2%E7%A8%8B" "Mozilla/5.0 (Windows NT 6.2; WOW64) AppleWebKit/537.36 (KHTML, like Gecko) Chrome/28.0.1500.95 Safari/537.36"
24.159.164.34 - - [19/Aug/2013:16:37:03 -0400] "GET /pix/zh-tr.header.jpg HTTP/1.1" 304 - "http://zh-tr.truthfortheworld.org/%E9%8C%84%E9%9F%B3%E7%9A%84%E8%AA%B2%E7%A8%8B" "Mozilla/5.0 (Windows NT 6.2; WOW64) AppleWebKit/537.36 (KHTML, like Gecko) Chrome/28.0.1500.95 Safari/537.36"
24.159.164.34 - - [19/Aug/2013:16:37:03 -0400] "GET /pix/nav_bg6.jpg HTTP/1.1" 304 - "http://zh-tr.truthfortheworld.org/%E9%8C%84%E9%9F%B3%E7%9A%84%E8%AA%B2%E7%A8%8B" "Mozilla/5.0 (Windows NT 6.2; WOW64) AppleWebKit/537.36 (KHTML, like Gecko) Chrome/28.0.1500.95 Safari/537.36"
24.159.164.34 - - [19/Aug/2013:16:37:09 -0400] "GET /%E9%8C%84%E9%9F%B3%E7%9A%84%E8%AA%B2%E7%A8%8B HTTP/1.1" 200 7514 "-" "Mozilla/5.0 (Windows NT 6.2; WOW64) AppleWebKit/537.36 (KHTML, like Gecko) Chrome/28.0.1500.95 Safari/537.36"
24.159.164.34 - - [19/Aug/2013:16:37:12 -0400] "GET /favicon.ico HTTP/1.1" 404 171 "-" "Mozilla/5.0 (Windows NT 6.2; WOW64) AppleWebKit/537.36 (KHTML, like Gecko) Chrome/28.0.1500.95 Safari/537.36"
220.181.51.158 - - [19/Aug/2013:16:38:50 -0400] "HEAD /mp3/zh/mbfof51.mp3 HTTP/1.0" 200 - "-" "NSPlayer/10.0.0.4072 WMFSDK/10.0"
24.159.164.34 - - [19/Aug/2013:16:41:01 -0400] "GET /css/main.css HTTP/1.1" 304 - "http://zh-tr.truthfortheworld.org/%E9%8C%84%E9%9F%B3%E7%9A%84%E8%AA%B2%E7%A8%8B" "Mozilla/5.0 (Windows NT 6.2; WOW64) AppleWebKit/537.36 (KHTML, like Gecko) Chrome/28.0.1500.95 Safari/537.36"
24.159.164.34 - - [19/Aug/2013:16:41:01 -0400] "GET /js/jquery.tablesorter.min.js HTTP/1.1" 200 16646 "http://zh-tr.truthfortheworld.org/%E9%8C%84%E9%9F%B3%E7%9A%84%E8%AA%B2%E7%A8%8B" "Mozilla/5.0 (Windows NT 6.2; WOW64) AppleWebKit/537.36 (KHTML, like Gecko) Chrome/28.0.1500.95 Safari/537.36"
24.159.164.34 - - [19/Aug/2013:16:41:01 -0400] "GET /pix/zh-tr.header.jpg HTTP/1.1" 304 - "http://zh-tr.truthfortheworld.org/%E9%8C%84%E9%9F%B3%E7%9A%84%E8%AA%B2%E7%A8%8B" "Mozilla/5.0 (Windows NT 6.2; WOW64) AppleWebKit/537.36 (KHTML, like Gecko) Chrome/28.0.1500.95 Safari/537.36"
24.159.164.34 - - [19/Aug/2013:16:41:01 -0400] "GET /pix/nav_bg6.jpg HTTP/1.1" 304 - "http://zh-tr.truthfortheworld.org/%E9%8C%84%E9%9F%B3%E7%9A%84%E8%AA%B2%E7%A8%8B" "Mozilla/5.0 (Windows NT 6.2; WOW64) AppleWebKit/537.36 (KHTML, like Gecko) Chrome/28.0.1500.95 Safari/537.36"
24.159.164.34 - - [19/Aug/2013:16:41:35 -0400] "GET /manager/min/index.php?f=/manager/assets/modext/widgets/modx.treedrop.js,/manager/assets/modext/widgets/windows.js,/manager/assets/modext/widgets/resource/modx.tree.resource.js,/manager/assets/modext/widgets/element/modx.tree.element.js,/manager/assets/modext/widgets/system/modx.tree.directory.js,/manager/assets/modext/core/modx.view.js,/manager/assets/modext/core/modx.layout.js HTTP/1.1" 304 - "http://truthfortheworld.org/manager/index.php?a=23&id=16" "Mozilla/5.0 (Windows NT 6.2; WOW64) AppleWebKit/537.36 (KHTML, like Gecko) Chrome/28.0.1500.95 Safari/537.36"
24.159.164.34 - - [19/Aug/2013:16:41:38 -0400] "POST /connectors/element/tv/template.php HTTP/1.1" 200 3231 "http://truthfortheworld.org/manager/index.php?a=23&id=16" "Mozilla/5.0 (Windows NT 6.2; WOW64) AppleWebKit/537.36 (KHTML, like Gecko) Chrome/28.0.1500.95 Safari/537.36"
24.159.164.34 - - [19/Aug/2013:16:41:38 -0400] "POST /connectors/element/propertyset.php HTTP/1.1" 200 84 "http://truthfortheworld.org/manager/index.php?a=23&id=16" "Mozilla/5.0 (Windows NT 6.2; WOW64) AppleWebKit/537.36 (KHTML, like Gecko) Chrome/28.0.1500.95 Safari/537.36"
24.159.164.34 - - [19/Aug/2013:16:41:38 -0400] "GET /connectors/element/tv/renders.php?action=getInputProperties&context=mgr&tv=16&type=listbox&HTTP_MODAUTH=modx502d27d0ee8411.20362183_1521230fb738d18.28727169 HTTP/1.1" 200 4085 "http://truthfortheworld.org/manager/index.php?a=23&id=16" "Mozilla/5.0 (Windows NT 6.2; WOW64) AppleWebKit/537.36 (KHTML, like Gecko) Chrome/28.0.1500.95 Safari/537.36"
37.228.105.80 - - [19/Aug/2013:16:44:41 -0400] "GET /css/footer.css HTTP/1.1" 200 3501 "http://truthfortheworld.org/do-demons-possess-people-today" "Opera/9.80 (J2ME/MIDP; Opera Mini/5.0.22349/30.3697; U; en) Presto/2.8.119 Version/11.10"
37.228.105.80 - - [19/Aug/2013:16:44:41 -0400] "GET /pix/facebook.png HTTP/1.1" 200 2478 "http://truthfortheworld.org/do-demons-possess-people-today" "Opera/9.80 (J2ME/MIDP; Opera Mini/5.0.22349/30.3697; U; en) Presto/2.8.119 Version/11.10"
37.228.105.80 - - [19/Aug/2013:16:44:42 -0400] "GET /js/jquery.hoverIntent.js HTTP/1.1" 200 4944 "http://truthfortheworld.org/do-demons-possess-people-today" "Opera/9.80 (J2ME/MIDP; Opera Mini/5.0.22349/30.3697; U; en) Presto/2.8.119 Version/11.10"
76.20.70.57 - - [19/Aug/2013:17:00:19 -0400] "GET /css/sidebars.css HTTP/1.1" 200 8749 "http://truthfortheworld.org/css/main.css" "Mozilla/5.0 (Windows NT 6.1; WOW64; rv:22.0) Gecko/20100101 Firefox/22.0"
76.20.70.57 - - [19/Aug/2013:17:00:19 -0400] "GET /js/jquery.hoverIntent.js HTTP/1.1" 200 4944 "http://truthfortheworld.org/lpfm-contact" "Mozilla/5.0 (Windows NT 6.1; WOW64; rv:22.0) Gecko/20100101 Firefox/22.0"
76.20.70.57 - - [19/Aug/2013:17:00:19 -0400] "GET /pix/google-plus.png HTTP/1.1" 200 2371 "http://truthfortheworld.org/lpfm-contact" "Mozilla/5.0 (Windows NT 6.1; WOW64; rv:22.0) Gecko/20100101 Firefox/22.0"
76.20.70.57 - - [19/Aug/2013:17:00:19 -0400] "GET /pix/cn.png HTTP/1.1" 200 472 "http://truthfortheworld.org/css/header.css" "Mozilla/5.0 (Windows NT 6.1; WOW64; rv:22.0) Gecko/20100101 Firefox/22.0"
76.20.70.57 - - [19/Aug/2013:17:00:19 -0400] "GET /pix/floatbar_bg.png HTTP/1.1" 200 4653 "http://truthfortheworld.org/css/header.css" "Mozilla/5.0 (Windows NT 6.1; WOW64; rv:22.0) Gecko/20100101 Firefox/22.0"
76.20.70.57 - - [19/Aug/2013:17:00:19 -0400] "GET /pix/radio_waves.png HTTP/1.1" 200 2195 "http://truthfortheworld.org/css/sidebars.css" "Mozilla/5.0 (Windows NT 6.1; WOW64; rv:22.0) Gecko/20100101 Firefox/22.0"
69.41.14.215 - - [19/Aug/2013:17:21:40 -0400] "GET /pix/pan_tunein.jpg HTTP/1.1" 200 34375 "-" "Mozilla/5.0 (Windows; U; Windows NT 5.1; en-US; rv:1.9.0.1) Gecko/2008070208 Firefox/3.0.1"
131.253.24.53 - - [19/Aug/2013:17:24:31 -0400] "GET /bcc/courses/bcc_ots_l12.html HTTP/1.1" 200 24283 "-" "Mozilla/4.0 (compatible; MSIE 7.0; Windows NT 5.2; SLCC1; .NET CLR 1.1.4325)"
131.253.24.53 - - [19/Aug/2013:17:24:32 -0400] "GET /css/reset.css HTTP/1.1" 200 1173 "http://truthfortheworld.org/bcc/courses/bcc_ots_l12.html" "Mozilla/4.0 (compatible; MSIE 7.0; Windows NT 5.2; SLCC1; .NET CLR 1.1.4325)"
199.187.122.91 - - [19/Aug/2013:17:30:08 -0400] "GET /tracts HTTP/1.1" 200 10074 "-" "Mozilla/4.0 (compatible; MSIE 6.0; Windows NT 5.1; SV1; .NET CLR 2.0.50727)"
199.187.122.91 - - [19/Aug/2013:17:30:52 -0400] "GET /does-baptism-save HTTP/1.1" 200 15521 "-" "Mozilla/4.0 (compatible; MSIE 6.0; Windows NT 5.1; SV1; .NET CLR 2.0.50727)"
82.145.208.166 - - [19/Aug/2013:17:35:42 -0400] "GET /pix/google-plus.png HTTP/1.1" 200 2371 "http://truthfortheworld.org/" "Opera/9.80 (MAUI Runtime; Opera Mini/6.1.27412/30.3697; U; en) Presto/2.8.119 Version/11.10"
82.145.208.166 - - [19/Aug/2013:17:35:43 -0400] "GET /pix/fadeworld.jpg HTTP/1.1" 200 2205 "http://truthfortheworld.org/" "Opera/9.80 (MAUI Runtime; Opera Mini/6.1.27412/30.3697; U; en) Presto/2.8.119 Version/11.10"
96.19.160.136 - - [19/Aug/2013:17:52:29 -0400] "GET /pix/favicon.ico HTTP/1.1" 200 1150 "-" "Mozilla/4.0 (compatible; MSIE 8.0; Windows NT 6.0; Trident/4.0; GTB7.5; SLCC1; .NET CLR 2.0.50727; .NET CLR 3.5.30729; .NET4.0C; ShopperReports 3.0.489.0; SRS_IT_E879027FB276545531AB91; .NET CLR 3.0.30729)"
208.115.111.69 - - [19/Aug/2013:18:02:13 -0400] "GET /blog?arc_year=&arc_month=tags&arc_day=evangelism&page=2 HTTP/1.1" 200 13122 "-" "Mozilla/5.0 (compatible; Ezooms/1.0; ezooms.bot@gmail.com)"
76.20.70.57 - - [19/Aug/2013:18:07:58 -0400] "GET /bcc/ HTTP/1.1" 200 25243 "http://truthfortheworld.org/online-bcc" "Mozilla/5.0 (Windows NT 6.1; WOW64; rv:22.0) Gecko/20100101 Firefox/22.0"
76.20.70.57 - - [19/Aug/2013:18:07:59 -0400] "GET /css/bcc.css HTTP/1.1" 200 3352 "http://truthfortheworld.org/bcc/" "Mozilla/5.0 (Windows NT 6.1; WOW64; rv:22.0) Gecko/20100101 Firefox/22.0"
76.20.70.57 - - [19/Aug/2013:18:07:59 -0400] "GET /bcc/images/logo.jpg HTTP/1.1" 200 10578 "http://truthfortheworld.org/bcc/" "Mozilla/5.0 (Windows NT 6.1; WOW64; rv:22.0) Gecko/20100101 Firefox/22.0"
172.242.130.3 - - [19/Aug/2013:18:21:09 -0400] "GET /js/jquery.smooth-scroll.min.js HTTP/1.1" 304 - "http://truthfortheworld.org/tracts" "Mozilla/4.0 (compatible; MSIE 8.0; Windows NT 6.0; Trident/4.0; SLCC1; .NET CLR 2.0.50727; Media Center PC 5.0; .NET CLR 3.5.30729; .NET CLR 3.0.30729; .NET4.0C; InfoPath.2; AskTbORJ/5.15.23.36191)"
172.242.130.3 - - [19/Aug/2013:18:22:12 -0400] "GET /favicon.ico HTTP/1.1" 404 17193 "http://truthfortheworld.org/jesus-and-the-bible" "Mozilla/4.0 (compatible; MSIE 8.0; Windows NT 6.0; Trident/4.0; SLCC1; .NET CLR 2.0.50727; Media Center PC 5.0; .NET CLR 3.5.30729; .NET CLR 3.0.30729; .NET4.0C; InfoPath.2; AskTbORJ/5.15.23.36191)"
123.125.71.21 - - [19/Aug/2013:18:22:37 -0400] "GET /js/main.js HTTP/1.1" 200 9723 "http://zh-si.truthfortheworld.org/%E4%BB%A5%E6%96%AF%E5%B8%96%E7%9A%84%E6%95%85%E4%BA%8B-si" "Mozilla/5.0 (X11; U; Linux x86_64; en-US; rv:1.9) Gecko Minefield/3.0"
172.242.130.3 - - [19/Aug/2013:18:28:01 -0400] "GET /pix/facebook.png HTTP/1.1" 304 - "-" "Mozilla/4.0 (compatible; MSIE 8.0; Windows NT 6.0; Trident/4.0; SLCC1; .NET CLR 2.0.50727; Media Center PC 5.0; .NET CLR 3.5.30729; .NET CLR 3.0.30729; .NET4.0C; InfoPath.2; AskTbORJ/5.15.23.36191)"
172.242.130.3 - - [19/Aug/2013:18:37:16 -0400] "GET /bcc/images/logo.jpg HTTP/1.1" 304 - "http://truthfortheworld.org/bcc/courses/BCC6-L1.html" "Mozilla/4.0 (compatible; MSIE 8.0; Windows NT 6.0; Trident/4.0; SLCC1; .NET CLR 2.0.50727; Media Center PC 5.0; .NET CLR 3.5.30729; .NET CLR 3.0.30729; .NET4.0C; InfoPath.2; AskTbORJ/5.15.23.36191)"
99.109.2.132 - - [19/Aug/2013:18:51:40 -0400] "GET / HTTP/1.1" 200 17221 "http://truthfortheworld.org/bcc/courses/bcc_intro.html" "Mozilla/5.0 (Windows NT 6.1; WOW64) AppleWebKit/537.36 (KHTML, like Gecko) Chrome/28.0.1500.95 Safari/537.36"
172.242.130.3 - - [19/Aug/2013:19:02:22 -0400] "GET /bcc/images/logo.jpg HTTP/1.1" 304 - "-" "Mozilla/4.0 (compatible; MSIE 8.0; Windows NT 6.0; Trident/4.0; SLCC1; .NET CLR 2.0.50727; Media Center PC 5.0; .NET CLR 3.5.30729; .NET CLR 3.0.30729; .NET4.0C; InfoPath.2; AskTbORJ/5.15.23.36191)"
172.242.130.3 - - [19/Aug/2013:19:02:22 -0400] "GET /pix/twitter.png HTTP/1.1" 304 - "-" "Mozilla/4.0 (compatible; MSIE 8.0; Windows NT 6.0; Trident/4.0; SLCC1; .NET CLR 2.0.50727; Media Center PC 5.0; .NET CLR 3.5.30729; .NET CLR 3.0.30729; .NET4.0C; InfoPath.2; AskTbORJ/5.15.23.36191)"
172.242.130.3 - - [19/Aug/2013:19:02:31 -0400] "GET /pix/blogheader.png HTTP/1.1" 304 - "-" "Mozilla/4.0 (compatible; MSIE 8.0; Windows NT 6.0; Trident/4.0; SLCC1; .NET CLR 2.0.50727; Media Center PC 5.0; .NET CLR 3.5.30729; .NET CLR 3.0.30729; .NET4.0C; InfoPath.2; AskTbORJ/5.15.23.36191)"
99.109.2.132 - - [19/Aug/2013:19:06:44 -0400] "GET /bfof-ch10 HTTP/1.1" 200 16119 "http://truthfortheworld.org/bfof-ch6" "Mozilla/5.0 (Windows NT 6.1; WOW64) AppleWebKit/537.36 (KHTML, like Gecko) Chrome/28.0.1500.95 Safari/537.36"
72.14.199.153 - - [19/Aug/2013:19:12:50 -0400] "GET /tftwpodcast.rss HTTP/1.1" 200 73579 "-" "Feedfetcher-Google; (+http://www.google.com/feedfetcher.html; 2 subscribers; feed-id=17287527326620786273)"
178.110.220.201 - - [19/Aug/2013:19:20:16 -0400] "GET / HTTP/1.1" 200 17150 "https://www.google.co.uk/" "Mozilla/5.0 (iPhone; CPU iPhone OS 6_1_3 like Mac OS X) AppleWebKit/536.26 (KHTML, like Gecko) Version/6.0 Mobile/10B329 Safari/8536.25"
178.110.220.201 - - [19/Aug/2013:19:20:18 -0400] "GET /js/jquery.smooth-scroll.min.js HTTP/1.1" 200 2648 "http://truthfortheworld.org/" "Mozilla/5.0 (iPhone; CPU iPhone OS 6_1_3 like Mac OS X) AppleWebKit/536.26 (KHTML, like Gecko) Version/6.0 Mobile/10B329 Safari/8536.25"
178.110.220.201 - - [19/Aug/2013:19:20:21 -0400] "GET /pix/pan_texting.jpg HTTP/1.1" 200 29933 "http://truthfortheworld.org/" "Mozilla/5.0 (iPhone; CPU iPhone OS 6_1_3 like Mac OS X) AppleWebKit/536.26 (KHTML, like Gecko) Version/6.0 Mobile/10B329 Safari/8536.25"
99.109.2.132 - - [19/Aug/2013:19:20:21 -0400] "GET /ask HTTP/1.1" 200 9796 "http://truthfortheworld.org/" "Mozilla/5.0 (Windows NT 6.1; WOW64) AppleWebKit/537.36 (KHTML, like Gecko) Chrome/28.0.1500.95 Safari/537.36"
172.242.130.3 - - [19/Aug/2013:19:20:54 -0400] "GET /pix/tracts/120.jpg HTTP/1.1" 200 15514 "http://truthfortheworld.org/how-to-study-the-bible" "Mozilla/4.0 (compatible; MSIE 8.0; Windows NT 6.0; Trident/4.0; SLCC1; .NET CLR 2.0.50727; Media Center PC 5.0; .NET CLR 3.5.30729; .NET CLR 3.0.30729; .NET4.0C; InfoPath.2; AskTbORJ/5.15.23.36191)"
172.242.130.3 - - [19/Aug/2013:19:26:35 -0400] "GET /js/easySlider1.7.js HTTP/1.1" 304 - "http://truthfortheworld.org/good-news-bible" "Mozilla/4.0 (compatible; MSIE 8.0; Windows NT 6.0; Trident/4.0; SLCC1; .NET CLR 2.0.50727; Media Center PC 5.0; .NET CLR 3.5.30729; .NET CLR 3.0.30729; .NET4.0C; InfoPath.2; AskTbORJ/5.15.23.36191)"
172.242.130.3 - - [19/Aug/2013:19:28:05 -0400] "GET /js/html5shiv.js HTTP/1.1" 304 - "http://truthfortheworld.org/how-to-study-the-bible" "Mozilla/4.0 (compatible; MSIE 8.0; Windows NT 6.0; Trident/4.0; SLCC1; .NET CLR 2.0.50727; Media Center PC 5.0; .NET CLR 3.5.30729; .NET CLR 3.0.30729; .NET4.0C; InfoPath.2; AskTbORJ/5.15.23.36191)"
172.242.130.3 - - [19/Aug/2013:19:28:51 -0400] "GET /css/main.css HTTP/1.1" 304 - "http://truthfortheworld.org/god-has-joined-himself-to-the-bible" "Mozilla/4.0 (compatible; MSIE 8.0; Windows NT 6.0; Trident/4.0; SLCC1; .NET CLR 2.0.50727; Media Center PC 5.0; .NET CLR 3.5.30729; .NET CLR 3.0.30729; .NET4.0C; InfoPath.2; AskTbORJ/5.15.23.36191)"
24.175.253.128 - - [19/Aug/2013:19:33:21 -0400] "GET /music-in-worship HTTP/1.1" 200 16467 "http://truthfortheworld.org/only-one-is-the-true-church-of-christ" "Mozilla/5.0 (iPad; CPU OS 6_1_2 like Mac OS X) AppleWebKit/536.26 (KHTML, like Gecko) Version/6.0 Mobile/10B146 Safari/8536.25"
24.175.253.128 - - [19/Aug/2013:19:33:25 -0400] "GET /pix/tracts/160.jpg HTTP/1.1" 200 12855 "http://truthfortheworld.org/music-in-worship" "Mozilla/5.0 (iPad; CPU OS 6_1_2 like Mac OS X) AppleWebKit/536.26 (KHTML, like Gecko) Version/6.0 Mobile/10B146 Safari/8536.25"
172.242.130.3 - - [19/Aug/2013:19:34:40 -0400] "GET /pix/facebook.png HTTP/1.1" 200 2478 "http://truthfortheworld.org/bfof-ch5" "Mozilla/4.0 (compatible; MSIE 8.0; Windows NT 6.0; Trident/4.0; SLCC1; .NET CLR 2.0.50727; Media Center PC 5.0; .NET CLR 3.5.30729; .NET CLR 3.0.30729; .NET4.0C; InfoPath.2; AskTbORJ/5.15.23.36191)"
172.242.130.3 - - [19/Aug/2013:19:34:40 -0400] "GET /js/superfish.js HTTP/1.1" 200 6728 "http://truthfortheworld.org/bfof-ch5" "Mozilla/4.0 (compatible; MSIE 8.0; Windows NT 6.0; Trident/4.0; SLCC1; .NET CLR 2.0.50727; Media Center PC 5.0; .NET CLR 3.5.30729; .NET CLR 3.0.30729; .NET4.0C; InfoPath.2; AskTbORJ/5.15.23.36191)"
172.242.130.3 - - [19/Aug/2013:19:46:33 -0400] "GET /js/html5shiv.js HTTP/1.1" 304 - "http://truthfortheworld.org/bfof-ch5" "Mozilla/4.0 (compatible; MSIE 8.0; Windows NT 6.0; Trident/4.0; SLCC1; .NET CLR 2.0.50727; Media Center PC 5.0; .NET CLR 3.5.30729; .NET CLR 3.0.30729; .NET4.0C; InfoPath.2; AskTbORJ/5.15.23.36191)"
172.242.130.3 - - [19/Aug/2013:19:46:59 -0400] "GET /pix/littleball.png HTTP/1.1" 304 - "http://truthfortheworld.org/bfof-ch6" "Mozilla/4.0 (compatible; MSIE 8.0; Windows NT 6.0; Trident/4.0; SLCC1; .NET CLR 2.0.50727; Media Center PC 5.0; .NET CLR 3.5.30729; .NET CLR 3.0.30729; .NET4.0C; InfoPath.2; AskTbORJ/5.15.23.36191)"
71.74.9.148 - - [19/Aug/2013:19:50:42 -0400] "GET /pix/littleball.png HTTP/1.1" 200 1639 "http://truthfortheworld.org/lowpowerfm" "Mozilla/5.0 (compatible; MSIE 10.0; Windows NT 6.1; WOW64; Trident/6.0)"
71.74.9.148 - - [19/Aug/2013:19:50:42 -0400] "GET /pix/facebook.png HTTP/1.1" 200 2478 "http://truthfortheworld.org/lowpowerfm" "Mozilla/5.0 (compatible; MSIE 10.0; Windows NT 6.1; WOW64; Trident/6.0)"
71.74.9.148 - - [19/Aug/2013:19:50:42 -0400] "GET /js/superfish.js HTTP/1.1" 200 6728 "http://truthfortheworld.org/lowpowerfm" "Mozilla/5.0 (compatible; MSIE 10.0; Windows NT 6.1; WOW64; Trident/6.0)"
71.74.9.148 - - [19/Aug/2013:19:50:42 -0400] "GET /js/main.js HTTP/1.1" 200 9723 "http://truthfortheworld.org/lowpowerfm" "Mozilla/5.0 (compatible; MSIE 10.0; Windows NT 6.1; WOW64; Trident/6.0)"
71.74.9.148 - - [19/Aug/2013:19:50:42 -0400] "GET /css/reset.css HTTP/1.1" 200 1173 "http://truthfortheworld.org/lowpowerfm" "Mozilla/5.0 (compatible; MSIE 10.0; Windows NT 6.1; WOW64; Trident/6.0)"
71.74.9.148 - - [19/Aug/2013:19:50:42 -0400] "GET /css/header.css HTTP/1.1" 200 20687 "http://truthfortheworld.org/lowpowerfm" "Mozilla/5.0 (compatible; MSIE 10.0; Windows NT 6.1; WOW64; Trident/6.0)"
71.74.9.148 - - [19/Aug/2013:19:50:42 -0400] "GET /pix/bgtexture.jpg HTTP/1.1" 200 23844 "http://truthfortheworld.org/lowpowerfm" "Mozilla/5.0 (compatible; MSIE 10.0; Windows NT 6.1; WOW64; Trident/6.0)"
71.74.9.148 - - [19/Aug/2013:19:50:42 -0400] "GET /pix/earth.jpg HTTP/1.1" 200 13099 "http://truthfortheworld.org/lowpowerfm" "Mozilla/5.0 (compatible; MSIE 10.0; Windows NT 6.1; WOW64; Trident/6.0)"
71.74.9.148 - - [19/Aug/2013:19:50:42 -0400] "GET /pix/brightball.jpg HTTP/1.1" 200 7625 "http://truthfortheworld.org/lowpowerfm" "Mozilla/5.0 (compatible; MSIE 10.0; Windows NT 6.1; WOW64; Trident/6.0)"
71.74.9.148 - - [19/Aug/2013:19:50:42 -0400] "GET /pix/es.png HTTP/1.1" 200 469 "http://truthfortheworld.org/lowpowerfm" "Mozilla/5.0 (compatible; MSIE 10.0; Windows NT 6.1; WOW64; Trident/6.0)"
71.74.9.148 - - [19/Aug/2013:19:50:42 -0400] "GET /pix/bg_headlb.jpg HTTP/1.1" 200 3277 "http://truthfortheworld.org/lowpowerfm" "Mozilla/5.0 (compatible; MSIE 10.0; Windows NT 6.1; WOW64; Trident/6.0)"
71.74.9.148 - - [19/Aug/2013:19:50:42 -0400] "GET /pix/radio_waves.png HTTP/1.1" 200 2195 "http://truthfortheworld.org/lowpowerfm" "Mozilla/5.0 (compatible; MSIE 10.0; Windows NT 6.1; WOW64; Trident/6.0)"
184.170.20.141 - - [19/Aug/2013:19:58:14 -0400] "GET /pix/pan_webinar.jpg HTTP/1.1" 200 25882 "http://truthfortheworld.org/" "Mozilla/5.0 (compatible; MSIE 10.0; Windows NT 6.1; Trident/6.0)"
184.170.20.141 - - [19/Aug/2013:19:58:15 -0400] "GET /pix/on.jpg HTTP/1.1" 200 2489 "http://truthfortheworld.org/" "Mozilla/5.0 (compatible; MSIE 10.0; Windows NT 6.1; Trident/6.0)"
216.105.72.118 - - [19/Aug/2013:19:59:53 -0400] "GET /video/ae-wam-01.mp4 HTTP/1.1" 206 383826818 "-" "Roku/DVP-5.1 (025.01E01178A)"
172.242.130.3 - - [19/Aug/2013:20:01:24 -0400] "GET /pix/rarrow.png HTTP/1.1" 304 - "http://truthfortheworld.org/bfof-ch7" "Mozilla/4.0 (compatible; MSIE 8.0; Windows NT 6.0; Trident/4.0; SLCC1; .NET CLR 2.0.50727; Media Center PC 5.0; .NET CLR 3.5.30729; .NET CLR 3.0.30729; .NET4.0C; InfoPath.2; AskTbORJ/5.15.23.36191)"
75.94.45.19 - - [19/Aug/2013:20:03:54 -0400] "POST /bcc/teachers/FormatEmail.php HTTP/1.1" 200 4102 "http://truthfortheworld.org/bcc/courses/bcc_ots_l12.html" "Mozilla/5.0 (compatible; MSIE 10.0; Windows NT 6.1; WOW64; Trident/6.0; yie10)"
75.94.45.19 - - [19/Aug/2013:20:03:55 -0400] "GET /css/reftagger.css HTTP/1.1" 304 - "http://truthfortheworld.org/bcc/teachers/FormatEmail.php" "Mozilla/5.0 (compatible; MSIE 10.0; Windows NT 6.1; WOW64; Trident/6.0; yie10)"
75.94.45.19 - - [19/Aug/2013:20:03:56 -0400] "GET /pix/bgtexture.jpg HTTP/1.1" 304 - "http://truthfortheworld.org/bcc/teachers/FormatEmail.php" "Mozilla/5.0 (compatible; MSIE 10.0; Windows NT 6.1; WOW64; Trident/6.0; yie10)"
12.204.194.160 - - [19/Aug/2013:20:12:24 -0400] "GET /android.xml?datelimit=1376078641 HTTP/1.1" 200 56 "-" "Dalvik/1.6.0 (Linux; U; Android 4.1.2; GT-N8013 Build/JZO54K)"
76.20.70.57 - - [19/Aug/2013:20:21:45 -0400] "GET /bcc/ HTTP/1.1" 200 25243 "http://truthfortheworld.org/online-bcc" "Mozilla/5.0 (Windows NT 6.1; WOW64; rv:22.0) Gecko/20100101 Firefox/22.0"
206.53.152.168 - - [19/Aug/2013:20:32:27 -0400] "GET /css/footer.css HTTP/1.1" 200 3501 "http://id.truthfortheworld.org/obat-obat-terlarang-dan-lkohol" "Mozilla/5.0 (BlackBerry; U; BlackBerry 9220; id) AppleWebKit/534.11+ (KHTML, like Gecko) Version/7.1.0.523 Mobile Safari/534.11+"
141.0.9.139 - - [19/Aug/2013:20:34:21 -0400] "GET /css/reset.css HTTP/1.1" 200 1173 "http://id.truthfortheworld.org/obat-obat-terlarang-dan-lkohol" "Opera/9.80 (J2ME/MIDP; Opera Mini/7.1.32052/30.3697; U; en) Presto/2.8.119 Version/11.10"
141.0.9.139 - - [19/Aug/2013:20:34:21 -0400] "GET /pix/uk_lg.png HTTP/1.1" 200 1767 "http://id.truthfortheworld.org/obat-obat-terlarang-dan-lkohol" "Opera/9.80 (J2ME/MIDP; Opera Mini/7.1.32052/30.3697; U; en) Presto/2.8.119 Version/11.10"
172.242.130.3 - - [19/Aug/2013:20:36:31 -0400] "GET /pix/google-plus.png HTTP/1.1" 304 - "http://truthfortheworld.org/bfof-ch9" "Mozilla/4.0 (compatible; MSIE 8.0; Windows NT 6.0; Trident/4.0; SLCC1; .NET CLR 2.0.50727; Media Center PC 5.0; .NET CLR 3.5.30729; .NET CLR 3.0.30729; .NET4.0C; InfoPath.2; AskTbORJ/5.15.23.36191)"
172.242.130.3 - - [19/Aug/2013:20:36:58 -0400] "GET /pix/about.png HTTP/1.1" 304 - "http://truthfortheworld.org/bcc/courses/BCC6-L1.html" "Mozilla/4.0 (compatible; MSIE 8.0; Windows NT 6.0; Trident/4.0; SLCC1; .NET CLR 2.0.50727; Media Center PC 5.0; .NET CLR 3.5.30729; .NET CLR 3.0.30729; .NET4.0C; InfoPath.2; AskTbORJ/5.15.23.36191)"
172.242.130.3 - - [19/Aug/2013:20:36:58 -0400] "GET /pix/donateButton.png HTTP/1.1" 304 - "http://truthfortheworld.org/bcc/courses/BCC6-L1.html" "Mozilla/4.0 (compatible; MSIE 8.0; Windows NT 6.0; Trident/4.0; SLCC1; .NET CLR 2.0.50727; Media Center PC 5.0; .NET CLR 3.5.30729; .NET CLR 3.0.30729; .NET4.0C; InfoPath.2; AskTbORJ/5.15.23.36191)"
172.242.130.3 - - [19/Aug/2013:20:36:58 -0400] "GET /bfof-ch5 HTTP/1.1" 200 14287 "http://truthfortheworld.org/bcc/courses/BCC6-L1.html" "Mozilla/4.0 (compatible; MSIE 8.0; Windows NT 6.0; Trident/4.0; SLCC1; .NET CLR 2.0.50727; Media Center PC 5.0; .NET CLR 3.5.30729; .NET CLR 3.0.30729; .NET4.0C; InfoPath.2; AskTbORJ/5.15.23.36191)"
172.242.130.3 - - [19/Aug/2013:20:37:18 -0400] "GET /pix/youtube.png HTTP/1.1" 304 - "http://truthfortheworld.org/" "Mozilla/4.0 (compatible; MSIE 8.0; Windows NT 6.0; Trident/4.0; SLCC1; .NET CLR 2.0.50727; Media Center PC 5.0; .NET CLR 3.5.30729; .NET CLR 3.0.30729; .NET4.0C; InfoPath.2; AskTbORJ/5.15.23.36191)"
172.242.130.3 - - [19/Aug/2013:20:37:28 -0400] "GET /css/main.css HTTP/1.1" 304 - "http://truthfortheworld.org/how-to-study-the-bible" "Mozilla/4.0 (compatible; MSIE 8.0; Windows NT 6.0; Trident/4.0; SLCC1; .NET CLR 2.0.50727; Media Center PC 5.0; .NET CLR 3.5.30729; .NET CLR 3.0.30729; .NET4.0C; InfoPath.2; AskTbORJ/5.15.23.36191)"
172.242.130.3 - - [19/Aug/2013:20:37:40 -0400] "GET /pix/divider.png HTTP/1.1" 304 - "http://truthfortheworld.org/" "Mozilla/4.0 (compatible; MSIE 8.0; Windows NT 6.0; Trident/4.0; SLCC1; .NET CLR 2.0.50727; Media Center PC 5.0; .NET CLR 3.5.30729; .NET CLR 3.0.30729; .NET4.0C; InfoPath.2; AskTbORJ/5.15.23.36191)"
172.242.130.3 - - [19/Aug/2013:20:37:40 -0400] "GET /css/main.css HTTP/1.1" 304 - "http://truthfortheworld.org/" "Mozilla/4.0 (compatible; MSIE 8.0; Windows NT 6.0; Trident/4.0; SLCC1; .NET CLR 2.0.50727; Media Center PC 5.0; .NET CLR 3.5.30729; .NET CLR 3.0.30729; .NET4.0C; InfoPath.2; AskTbORJ/5.15.23.36191)"
172.242.130.3 - - [19/Aug/2013:20:37:52 -0400] "GET /js/superfish.js HTTP/1.1" 304 - "-" "Mozilla/4.0 (compatible; MSIE 8.0; Windows NT 6.0; Trident/4.0; SLCC1; .NET CLR 2.0.50727; Media Center PC 5.0; .NET CLR 3.5.30729; .NET CLR 3.0.30729; .NET4.0C; InfoPath.2; AskTbORJ/5.15.23.36191)"
125.167.203.244 - - [19/Aug/2013:20:38:07 -0400] "GET /pix/bg_headlb.jpg HTTP/1.1" 200 3277 "http://truthfortheworld.org/css/header.css" "Mozilla/5.0 (Windows NT 6.2; WOW64; rv:23.0) Gecko/20100101 Firefox/23.0"
100.42.155.102 - - [19/Aug/2013:20:38:07 -0400] "GET /favicon.ico HTTP/1.1" 404 17183 "-" "Mozilla/5.0 (Windows NT 6.2; WOW64) AppleWebKit/537.36 (KHTML, like Gecko) Chrome/28.0.1500.95 Safari/537.36"
120.165.40.13 - - [19/Aug/2013:20:42:38 -0400] "GET /pix/littleball.png HTTP/1.1" 200 1639 "http://id.truthfortheworld.org/kebaktian-yang-benar" "Mozilla/5.0 (Windows NT 6.1; rv:15.0) Gecko/20100101 Firefox/15.0.1"
172.242.130.3 - - [19/Aug/2013:20:47:10 -0400] "GET /pix/bgtexture.jpg HTTP/1.1" 304 - "-" "Mozilla/4.0 (compatible; MSIE 8.0; Windows NT 6.0; Trident/4.0; SLCC1; .NET CLR 2.0.50727; Media Center PC 5.0; .NET CLR 3.5.30729; .NET CLR 3.0.30729; .NET4.0C; InfoPath.2; AskTbORJ/5.15.23.36191)"
172.242.130.3 - - [19/Aug/2013:20:47:21 -0400] "GET /bcc/courses/style.css HTTP/1.1" 200 216 "http://truthfortheworld.org/bcc/courses/BCC6-L3.html" "Mozilla/4.0 (compatible; MSIE 8.0; Windows NT 6.0; Trident/4.0; SLCC1; .NET CLR 2.0.50727; Media Center PC 5.0; .NET CLR 3.5.30729; .NET CLR 3.0.30729; .NET4.0C; InfoPath.2; AskTbORJ/5.15.23.36191)"
216.105.72.118 - - [19/Aug/2013:20:49:02 -0400] "GET /roku/xml/series-feed.php?id=1730797367001 HTTP/1.1" 200 8892 "-" "Roku/DVP-5.1 (025.01E01178A)"
216.105.72.118 - - [19/Aug/2013:20:49:56 -0400] "GET /roku/pix/bs_sd.jpg HTTP/1.1" 200 7797 "-" "Roku/DVP-5.1 (025.01E01178A)"
12.153.198.191 - - [19/Aug/2013:20:51:59 -0400] "GET /explorations HTTP/1.1" 200 11193 "http://truthfortheworld.org/tv" "Mozilla/5.0 (compatible; MSIE 10.0; Windows NT 6.1; WOW64; Trident/6.0)"
12.153.198.191 - - [19/Aug/2013:20:52:00 -0400] "GET /pix/expl_banner_menu.jpg HTTP/1.1" 200 9882 "http://truthfortheworld.org/explorations" "Mozilla/5.0 (compatible; MSIE 10.0; Windows NT 6.1; WOW64; Trident/6.0)"
172.242.130.3 - - [19/Aug/2013:20:58:58 -0400] "GET /pix/donateButton.png HTTP/1.1" 304 - "-" "Mozilla/4.0 (compatible; MSIE 8.0; Windows NT 6.0; Trident/4.0; SLCC1; .NET CLR 2.0.50727; Media Center PC 5.0; .NET CLR 3.5.30729; .NET CLR 3.0.30729; .NET4.0C; InfoPath.2; AskTbORJ/5.15.23.36191)"
70.145.249.221 - - [19/Aug/2013:03:22:05 -0400] "GET /HTML/BCC/bible_courses.html HTTP/1.1" 301 263 "-" "Mozilla/5.0 (Windows NT 5.1; rv:23.0) Gecko/20100101 Firefox/23.0"
36.76.247.185 - - [19/Aug/2013:03:46:36 -0400] "GET /pix/uk.png HTTP/1.1" 200 1276 "http://truthfortheworld.org/css/header.css" "Mozilla/5.0 (Windows NT 6.1; WOW64; rv:22.0) Gecko/20100101 Firefox/22.0"
36.76.247.185 - - [19/Aug/2013:03:46:36 -0400] "GET /pix/bg_headlb.jpg HTTP/1.1" 200 3277 "http://truthfortheworld.org/css/header.css" "Mozilla/5.0 (Windows NT 6.1; WOW64; rv:22.0) Gecko/20100101 Firefox/22.0"
36.76.247.185 - - [19/Aug/2013:03:46:37 -0400] "GET /pix/search.png HTTP/1.1" 200 1047 "http://truthfortheworld.org/css/header.css" "Mozilla/5.0 (Windows NT 6.1; WOW64; rv:22.0) Gecko/20100101 Firefox/22.0"
36.76.247.185 - - [19/Aug/2013:03:46:37 -0400] "GET /pix/floatbar_bg.png HTTP/1.1" 200 4653 "http://truthfortheworld.org/css/header.css" "Mozilla/5.0 (Windows NT 6.1; WOW64; rv:22.0) Gecko/20100101 Firefox/22.0"
103.29.93.1 - - [19/Aug/2013:03:56:06 -0400] "GET /pix/twitter.png HTTP/1.1" 200 1798 "-" "Mozilla/4.0 (compatible;)"
208.115.113.85 - - [19/Aug/2013:04:15:23 -0400] "GET /character HTTP/1.1" 200 9334 "-" "Mozilla/5.0 (compatible; Ezooms/1.0; ezooms.bot@gmail.com)"
118.96.72.168 - - [19/Aug/2013:04:20:04 -0400] "GET /pix/littleball.png HTTP/1.1" 200 1639 "http://id.truthfortheworld.org/dipanggil-untuk-beribadah" "Mozilla/5.0 (Windows NT 5.1; rv:23.0) Gecko/20100101 Firefox/23.0"
118.96.72.168 - - [19/Aug/2013:04:20:04 -0400] "GET /pix/email.png HTTP/1.1" 200 1157 "http://id.truthfortheworld.org/dipanggil-untuk-beribadah" "Mozilla/5.0 (Windows NT 5.1; rv:23.0) Gecko/20100101 Firefox/23.0"
118.96.72.168 - - [19/Aug/2013:04:20:05 -0400] "GET /css/header.css HTTP/1.1" 200 20687 "http://truthfortheworld.org/css/main.css" "Mozilla/5.0 (Windows NT 5.1; rv:23.0) Gecko/20100101 Firefox/23.0"
