37.228.107.189 - - [19/Aug/2013:07:50:52 -0400] "GET /pix/bgtexture.jpg HTTP/1.1" 200 23844 "http://truthfortheworld.org/roman-catholic-church" "Opera/9.80 (J2ME/MIDP; Opera Mini/7.1.32052/30.3697; U; en) Presto/2.8.119 Version/11.10"
37.228.107.189 - - [19/Aug/2013:07:50:52 -0400] "GET /pix/email.png HTTP/1.1" 200 1157 "http://truthfortheworld.org/roman-catholic-church" "Opera/9.80 (J2ME/MIDP; Opera Mini/7.1.32052/30.3697; U; en) Presto/2.8.119 Version/11.10"
37.228.107.189 - - [19/Aug/2013:07:50:53 -0400] "GET /js/jquery.smooth-scroll.min.js HTTP/1.1" 200 2648 "http://truthfortheworld.org/roman-catholic-church" "Opera/9.80 (J2ME/MIDP; Opera Mini/7.1.32052/30.3697; U; en) Presto/2.8.119 Version/11.10"
178.172.183.229 - - [19/Aug/2013:07:55:06 -0400] "GET /HTML/BCC/courses/bcc_bbs_l1.html HTTP/1.0" 301 268 "http://www.tftw.org/HTML/BCC/courses/bcc_bbs_l1.html" "Mozilla/4.0 (compatible; MSIE 6.0; Windows 98; Win 9x 4.90)"
172.242.130.3 - - [19/Aug/2013:07:58:39 -0400] "GET /css/bcc.css HTTP/1.1" 304 - "http://truthfortheworld.org/bcc/courses/bcc_ots_l17.html" "Mozilla/4.0 (compatible; MSIE 8.0; Windows NT 6.0; Trident/4.0; SLCC1; .NET CLR 2.0.50727; Media Center PC 5.0; .NET CLR 3.5.30729; .NET CLR 3.0.30729; .NET4.0C; InfoPath.2; AskTbORJ/5.15.23.36191)"
37.228.107.189 - - [19/Aug/2013:08:15:02 -0400] "GET /css/reftagger.css HTTP/1.1" 304 - "http://truthfortheworld.org/buddhism" "Opera/9.80 (J2ME/MIDP; Opera Mini/7.1.32052/30.3697; U; en) Presto/2.8.119 Version/11.10"
37.228.107.189 - - [19/Aug/2013:08:15:02 -0400] "GET /pix/cn_lg.png HTTP/1.1" 304 - "http://truthfortheworld.org/buddhism" "Opera/9.80 (J2ME/MIDP; Opera Mini/7.1.32052/30.3697; U; en) Presto/2.8.119 Version/11.10"
37.228.107.189 - - [19/Aug/2013:08:15:02 -0400] "GET /pix/twitter.png HTTP/1.1" 304 - "http://truthfortheworld.org/buddhism" "Opera/9.80 (J2ME/MIDP; Opera Mini/7.1.32052/30.3697; U; en) Presto/2.8.119 Version/11.10"
37.228.107.189 - - [19/Aug/2013:08:15:03 -0400] "GET /js/easySlider1.7.js HTTP/1.1" 200 6198 "http://truthfortheworld.org/buddhism" "Opera/9.80 (J2ME/MIDP; Opera Mini/7.1.32052/30.3697; U; en) Presto/2.8.119 Version/11.10"
37.228.107.189 - - [19/Aug/2013:08:15:31 -0400] "GET /pix/id_lg.png HTTP/1.1" 304 - "http://truthfortheworld.org/thousand-year-reign" "Opera/9.80 (J2ME/MIDP; Opera Mini/7.1.32052/30.3697; U; en) Presto/2.8.119 Version/11.10"
37.228.107.189 - - [19/Aug/2013:08:15:32 -0400] "GET /pix/youtube.png HTTP/1.1" 304 - "http://truthfortheworld.org/thousand-year-reign" "Opera/9.80 (J2ME/MIDP; Opera Mini/7.1.32052/30.3697; U; en) Presto/2.8.119 Version/11.10"
79.91.60.9 - - [19/Aug/2013:08:17:25 -0400] "GET /robots.txt HTTP/1.0" 200 392 "-" "Mozilla/5.0 (compatible; MJ12bot/v1.4.3; http://www.majestic12.co.uk/bot.php?+)"
174.253.80.151 - - [19/Aug/2013:08:21:07 -0400] "GET /css/bcc.css HTTP/1.1" 200 3352 "http://truthfortheworld.org/bcc/" "Mozilla/5.0 (Linux; U; Android 2.1; en-us; ADR6200 Build/ERD79) AppleWebKit/530.17 (KHTML, like Gecko) Version/4.0 Mobile Safari/530.17"
174.253.80.151 - - [19/Aug/2013:08:21:07 -0400] "GET /css/reset.css HTTP/1.1" 200 1173 "http://truthfortheworld.org/bcc/" "Mozilla/5.0 (Linux; U; Android 2.1; en-us; ADR6200 Build/ERD79) AppleWebKit/530.17 (KHTML, like Gecko) Version/4.0 Mobile Safari/530.17"
174.253.80.151 - - [19/Aug/2013:08:21:08 -0400] "GET /pix/bgtexture.jpg HTTP/1.1" 200 23844 "http://truthfortheworld.org/bcc/" "Mozilla/5.0 (Linux; U; Android 2.1; en-us; ADR6200 Build/ERD79) AppleWebKit/530.17 (KHTML, like Gecko) Version/4.0 Mobile Safari/530.17"
41.160.137.15 - - [19/Aug/2013:08:28:09 -0400] "GET /mp3/web/TFTW_Blasphemy_Against_the_Holy_Spirit.mp3 HTTP/1.1" 200 13750389 "http://truthfortheworld.org/radio-programs" "Mozilla/5.0 (compatible; MSIE 9.0; Windows NT 6.1; WOW64; Trident/5.0)"
202.152.202.179 - - [19/Aug/2013:08:38:31 -0400] "GET /alkitab-itu-diilhamkan-allah HTTP/1.1" 200 16725 "https://www.google.com/" "Mozilla/5.0 (Windows NT 6.1) AppleWebKit/537.22 (KHTML, like Gecko) Chrome/25.0.1364.97 Safari/537.22"
37.228.107.189 - - [19/Aug/2013:08:40:10 -0400] "GET /pix/favicon.ico HTTP/1.1" 200 1150 "http://truthfortheworld.org/foolishness-of-god" "Opera/9.80 (J2ME/MIDP; Opera Mini/7.1.32052/30.3697; U; en) Presto/2.8.119 Version/11.10"
37.228.107.189 - - [19/Aug/2013:08:40:10 -0400] "GET /pix/bgtexture.jpg HTTP/1.1" 200 23844 "http://truthfortheworld.org/foolishness-of-god" "Opera/9.80 (J2ME/MIDP; Opera Mini/7.1.32052/30.3697; U; en) Presto/2.8.119 Version/11.10"
37.228.107.189 - - [19/Aug/2013:08:40:11 -0400] "GET /pix/littleball.png HTTP/1.1" 200 1639 "http://truthfortheworld.org/foolishness-of-god" "Opera/9.80 (J2ME/MIDP; Opera Mini/7.1.32052/30.3697; U; en) Presto/2.8.119 Version/11.10"
37.228.107.189 - - [19/Aug/2013:08:40:11 -0400] "GET /pix/earth.jpg HTTP/1.1" 200 13099 "http://truthfortheworld.org/foolishness-of-god" "Opera/9.80 (J2ME/MIDP; Opera Mini/7.1.32052/30.3697; U; en) Presto/2.8.119 Version/11.10"
208.115.113.85 - - [19/Aug/2013:08:42:03 -0400] "GET /kategori-seleksi?tag=Rumah+Tangga+Kristen&key=id.tags HTTP/1.1" 200 7169 "-" "Mozilla/5.0 (compatible; Ezooms/1.0; ezooms.bot@gmail.com)"
68.191.232.186 - - [19/Aug/2013:08:46:33 -0400] "GET /js/superfish.js HTTP/1.1" 200 6728 "http://truthfortheworld.org/" "Mozilla/5.0 (Macintosh; Intel Mac OS X 10_8_4) AppleWebKit/536.30.1 (KHTML, like Gecko) Version/6.0.5 Safari/536.30.1"
68.191.232.186 - - [19/Aug/2013:08:46:33 -0400] "GET /css/footer.css HTTP/1.1" 200 3501 "http://truthfortheworld.org/" "Mozilla/5.0 (Macintosh; Intel Mac OS X 10_8_4) AppleWebKit/536.30.1 (KHTML, like Gecko) Version/6.0.5 Safari/536.30.1"
68.191.232.186 - - [19/Aug/2013:08:46:33 -0400] "GET /pix/header.jpg HTTP/1.1" 200 23509 "http://truthfortheworld.org/" "Mozilla/5.0 (Macintosh; Intel Mac OS X 10_8_4) AppleWebKit/536.30.1 (KHTML, like Gecko) Version/6.0.5 Safari/536.30.1"
68.191.232.186 - - [19/Aug/2013:08:46:33 -0400] "GET /pix/pan_texting.jpg HTTP/1.1" 200 29933 "http://truthfortheworld.org/" "Mozilla/5.0 (Macintosh; Intel Mac OS X 10_8_4) AppleWebKit/536.30.1 (KHTML, like Gecko) Version/6.0.5 Safari/536.30.1"
68.191.232.186 - - [19/Aug/2013:08:46:33 -0400] "GET /pix/floatbar_bg_title.png HTTP/1.1" 200 5217 "http://truthfortheworld.org/" "Mozilla/5.0 (Macintosh; Intel Mac OS X 10_8_4) AppleWebKit/536.30.1 (KHTML, like Gecko) Version/6.0.5 Safari/536.30.1"
68.191.232.186 - - [19/Aug/2013:08:46:33 -0400] "GET /pix/news.png HTTP/1.1" 200 1921 "http://truthfortheworld.org/" "Mozilla/5.0 (Macintosh; Intel Mac OS X 10_8_4) AppleWebKit/536.30.1 (KHTML, like Gecko) Version/6.0.5 Safari/536.30.1"
68.191.232.186 - - [19/Aug/2013:08:46:33 -0400] "GET /pix/larrow.png HTTP/1.1" 200 1045 "http://truthfortheworld.org/" "Mozilla/5.0 (Macintosh; Intel Mac OS X 10_8_4) AppleWebKit/536.30.1 (KHTML, like Gecko) Version/6.0.5 Safari/536.30.1"
66.249.80.166 - - [19/Aug/2013:08:53:24 -0400] "GET /pix/bgtexture.jpg HTTP/1.1" 200 23844 "http://id.truthfortheworld.org/obat-obat-terlarang-dan-lkohol" "Mozilla/5.0 (en-us) AppleWebKit/534.14 (KHTML, like Gecko; Google Wireless Transcoder) Chrome/9.0.597 Safari/534.14"
123.125.71.54 - - [19/Aug/2013:08:54:12 -0400] "GET /js/main.js HTTP/1.1" 200 9723 "http://zh-tr.truthfortheworld.org/%E7%AC%AC%E4%B8%83%E7%AB%A0-%E7%88%B2%E4%BB%80%E9%BA%BD%E8%80%B6%E7%A9%8C%E5%88%B0%E9%80%99%E4%B8%96%E4%B8%8A%E4%BE%86" "Mozilla/5.0 (X11; U; Linux x86_64; en-US; rv:1.9) Gecko Minefield/3.0"
114.79.16.240 - - [19/Aug/2013:08:59:33 -0400] "GET /pix/twitter.png HTTP/1.1" 200 1798 "http://id.truthfortheworld.org/baptisan" "Mozilla/5.0 (Windows NT 5.1; rv:23.0) Gecko/20100101 Firefox/23.0"
216.145.17.190 - - [19/Aug/2013:15:07:27 -0400] "GET / HTTP/1.1" 200 17150 "http://whois.domaintools.com/tftw2.org" "Mozilla/5.0 (Windows; U; Windows NT 5.1; en; rv:1.9.0.13) Gecko/2009073022 Firefox/3.5.2 (.NET CLR 3.5.30729) SurveyBot/2.3 (DomainTools)"
198.105.219.55 - - [19/Aug/2013:15:18:34 -0400] "HEAD / HTTP/1.1" 200 - "-" "checks.panopta.com"
70.215.128.131 - - [19/Aug/2013:15:38:46 -0400] "GET / HTTP/1.1" 301 236 "http://christianresources.i8.com/links.htm" "Mozilla/5.0 (compatible; MSIE 10.0; Windows NT 6.1; WOW64; Trident/6.0; MDDRJS)"
12.54.94.28 - - [19/Aug/2013:15:39:44 -0400] "GET /roman-catholic-church HTTP/1.1" 200 19783 "http://truthfortheworld.org/heaven-hadean-habitations" "Mozilla/4.0 (compatible; MSIE 7.0; Windows NT 5.1; Trident/4.0; .NET CLR 1.0.3705; .NET CLR 1.1.4322; .NET CLR 2.0.50727; .NET CLR 3.0.04506.30; .NET CLR 3.0.4506.2152; .NET CLR 3.5.30729; MS-RTC LM 8; .NET4.0C; .NET4.0E; InfoPath.1)"
12.54.94.28 - - [19/Aug/2013:15:39:50 -0400] "GET /pix/tracts/166.jpg HTTP/1.1" 200 14162 "http://truthfortheworld.org/roman-catholic-church" "Mozilla/4.0 (compatible; MSIE 7.0; Windows NT 5.1; Trident/4.0; .NET CLR 1.0.3705; .NET CLR 1.1.4322; .NET CLR 2.0.50727; .NET CLR 3.0.04506.30; .NET CLR 3.0.4506.2152; .NET CLR 3.5.30729; MS-RTC LM 8; .NET4.0C; .NET4.0E; InfoPath.1)"
96.19.160.136 - - [19/Aug/2013:16:02:11 -0400] "GET /tag-server?tag=Righteousness&key=tags HTTP/1.1" 200 189 "http://truthfortheworld.org/topics" "Mozilla/4.0 (compatible; MSIE 8.0; Windows NT 6.0; Trident/4.0; GTB7.5; SLCC1; .NET CLR 2.0.50727; .NET CLR 3.5.30729; .NET4.0C; ShopperReports 3.0.489.0; SRS_IT_E879027FB276545531AB91; .NET CLR 3.0.30729)"
24.159.164.34 - - [19/Aug/2013:16:03:20 -0400] "GET /manager/templates/default/images/modx-theme/grid/sort_asc.gif HTTP/1.1" 200 830 "http://truthfortheworld.org/manager/index.php?a=23&id=8" "Mozilla/5.0 (Windows NT 6.2; WOW64) AppleWebKit/537.36 (KHTML, like Gecko) Chrome/28.0.1500.95 Safari/537.36"
24.159.164.34 - - [19/Aug/2013:16:03:20 -0400] "POST /connectors/element/tv/renders.php HTTP/1.1" 200 335 "http://truthfortheworld.org/manager/index.php?a=23&id=8" "Mozilla/5.0 (Windows NT 6.2; WOW64) AppleWebKit/537.36 (KHTML, like Gecko) Chrome/28.0.1500.95 Safari/537.36"
24.159.164.34 - - [19/Aug/2013:16:03:22 -0400] "POST /connectors/system/registry/register.php HTTP/1.1" 200 61 "http://truthfortheworld.org/manager/index.php?a=23&id=8" "Mozilla/5.0 (Windows NT 6.2; WOW64) AppleWebKit/537.36 (KHTML, like Gecko) Chrome/28.0.1500.95 Safari/537.36"
24.159.164.34 - - [19/Aug/2013:16:03:24 -0400] "POST /connectors/system/registry/register.php HTTP/1.1" 200 61 "http://truthfortheworld.org/manager/index.php?a=23&id=8" "Mozilla/5.0 (Windows NT 6.2; WOW64) AppleWebKit/537.36 (KHTML, like Gecko) Chrome/28.0.1500.95 Safari/537.36"
220.181.51.157 - - [19/Aug/2013:16:04:10 -0400] "HEAD /mp3/zh/1john13.mp3 HTTP/1.0" 200 - "-" "NSPlayer/10.0.0.4072 WMFSDK/10.0"
24.159.164.34 - - [19/Aug/2013:16:06:50 -0400] "GET /favicon.ico HTTP/1.1" 404 17136 "-" "Mozilla/5.0 (Windows NT 6.2; WOW64) AppleWebKit/537.36 (KHTML, like Gecko) Chrome/28.0.1500.95 Safari/537.36"
24.159.164.34 - - [19/Aug/2013:16:08:08 -0400] "GET /manager/min/index.php?f=/manager/assets/modext/widgets/modx.treedrop.js,/manager/assets/modext/widgets/windows.js,/manager/assets/modext/widgets/resource/modx.tree.resource.js,/manager/assets/modext/widgets/element/modx.tree.element.js,/manager/assets/modext/widgets/system/modx.tree.directory.js,/manager/assets/modext/core/modx.view.js,/manager/assets/modext/core/modx.layout.js HTTP/1.1" 304 - "http://truthfortheworld.org/manager/index.php?a=23&id=30" "Mozilla/5.0 (Windows NT 6.2; WOW64) AppleWebKit/537.36 (KHTML, like Gecko) Chrome/28.0.1500.95 Safari/537.36"
24.159.164.34 - - [19/Aug/2013:16:08:10 -0400] "POST /connectors/element/index.php?action=getNodes&id=root HTTP/1.1" 200 891 "http://truthfortheworld.org/manager/index.php?a=23&id=30" "Mozilla/5.0 (Windows NT 6.2; WOW64) AppleWebKit/537.36 (KHTML, like Gecko) Chrome/28.0.1500.95 Safari/537.36"
24.159.164.34 - - [19/Aug/2013:16:08:11 -0400] "POST /connectors/source/index.php HTTP/1.1" 200 222 "http://truthfortheworld.org/manager/index.php?a=23&id=30" "Mozilla/5.0 (Windows NT 6.2; WOW64) AppleWebKit/537.36 (KHTML, like Gecko) Chrome/28.0.1500.95 Safari/537.36"
24.159.164.34 - - [19/Aug/2013:16:08:11 -0400] "GET /connectors/element/tv/renders.php?action=getProperties&context=mgr&tv=30&type=default&HTTP_MODAUTH=modx502d27d0ee8411.20362183_1521230fb738d18.28727169 HTTP/1.1" 200 6 "http://truthfortheworld.org/manager/index.php?a=23&id=30" "Mozilla/5.0 (Windows NT 6.2; WOW64) AppleWebKit/537.36 (KHTML, like Gecko) Chrome/28.0.1500.95 Safari/537.36"
108.59.8.70 - - [19/Aug/2013:16:09:45 -0400] "GET /blog/2013/04/26/blog/2012/11/07/blog/2012/09/21/blog/2012/09/21/blog/blog/2013/04/26/blog/2013/03/19/blog2013/03 HTTP/1.0" 200 11285 "-" "Mozilla/5.0 (compatible; MJ12bot/v1.4.3; http://www.majestic12.co.uk/bot.php?+)"
108.59.8.70 - - [19/Aug/2013:16:09:52 -0400] "GET /blog/2013/04/26/blog/2012/11/07/blog/2012/09/21/blog/2012/09/21/blog/blog/2013/04/26/blog/2013/04/26/blog/2013/01/15/mission-trip-to-mexico HTTP/1.0" 200 11285 "-" "Mozilla/5.0 (compatible; MJ12bot/v1.4.3; http://www.majestic12.co.uk/bot.php?+)"
108.59.8.70 - - [19/Aug/2013:16:09:57 -0400] "GET /blog/2013/04/26/blog/2012/11/07/blog/2012/09/21/blog/2012/09/21/blog/blog/2013/04/26/blog/2013/04/26/blog/2013/04/26/a-somewhat-missed-opportunity HTTP/1.0" 200 11285 "-" "Mozilla/5.0 (compatible; MJ12bot/v1.4.3; http://www.majestic12.co.uk/bot.php?+)"
82.145.208.190 - - [19/Aug/2013:16:10:18 -0400] "GET /css/reftagger.css HTTP/1.1" 200 1583 "http://truthfortheworld.org/" "Opera/9.80 (J2ME/MIDP; Opera Mini/5.0.18635/30.3697; U; en) Presto/2.8.119 Version/11.10"
82.145.208.190 - - [19/Aug/2013:16:10:18 -0400] "GET /pix/pan_texting.jpg HTTP/1.1" 200 29933 "http://truthfortheworld.org/" "Opera/9.80 (J2ME/MIDP; Opera Mini/5.0.18635/30.3697; U; en) Presto/2.8.119 Version/11.10"
82.145.208.190 - - [19/Aug/2013:16:10:19 -0400] "GET /js/jquery.hoverIntent.js HTTP/1.1" 200 4944 "http://truthfortheworld.org/" "Opera/9.80 (J2ME/MIDP; Opera Mini/5.0.18635/30.3697; U; en) Presto/2.8.119 Version/11.10"
82.145.208.190 - - [19/Aug/2013:16:10:19 -0400] "GET /js/main.js HTTP/1.1" 200 9723 "http://truthfortheworld.org/" "Opera/9.80 (J2ME/MIDP; Opera Mini/5.0.18635/30.3697; U; en) Presto/2.8.119 Version/11.10"
108.59.8.70 - - [19/Aug/2013:16:11:43 -0400] "GET /blog/2013/04/26/blog/2012/11/07/blog/2012/09/21/blog/2012/09/21/blog/blog/blog/2012/09/21/blog/2013/01/15/mission-trip-to-mexico HTTP/1.0" 200 11285 "-" "Mozilla/5.0 (compatible; MJ12bot/v1.4.3; http://www.majestic12.co.uk/bot.php?+)"
24.159.164.34 - - [19/Aug/2013:16:12:20 -0400] "GET /manager/min/index.php?f=/manager/assets/modext/util/datetime.js,/manager/assets/modext/widgets/element/modx.panel.tv.renders.js,/manager/assets/modext/widgets/resource/modx.grid.resource.security.local.js,/manager/assets/modext/widgets/resource/modx.panel.resource.tv.js,/manager/assets/modext/widgets/resource/modx.panel.resource.js,/manager/assets/modext/sections/resource/update.js HTTP/1.1" 304 - "http://truthfortheworld.org/manager/index.php?a=30&id=1568" "Mozilla/5.0 (Windows NT 6.2; WOW64) AppleWebKit/537.36 (KHTML, like Gecko) Chrome/28.0.1500.95 Safari/537.36"
108.59.8.70 - - [19/Aug/2013:16:14:31 -0400] "GET /blog/2013/04/26/blog/2012/11/07/blog/2012/09/21/blog/2012/09/21/blog/blog/blog2012/blog/2012/11/07/blog2013/01 HTTP/1.0" 200 11285 "-" "Mozilla/5.0 (compatible; MJ12bot/v1.4.3; http://www.majestic12.co.uk/bot.php?+)"
208.115.113.85 - - [19/Aug/2013:16:15:43 -0400] "GET /blog/tags/blogauthor/blog/tags/blog/tags/blog/tags/blog2012/11 HTTP/1.1" 200 16482 "-" "Mozilla/5.0 (compatible; Ezooms/1.0; ezooms.bot@gmail.com)"
108.59.8.70 - - [19/Aug/2013:16:17:03 -0400] "GET /blog/2013/04/26/blog/2012/11/07/blog/2012/09/21/blog/2012/09/21/blog/blog/blog2012/blog2012/blog/2012/09/21/truth-for-the-world-starts-blog HTTP/1.0" 200 11285 "-" "Mozilla/5.0 (compatible; MJ12bot/v1.4.3; http://www.majestic12.co.uk/bot.php?+)"
108.59.8.70 - - [19/Aug/2013:16:17:49 -0400] "GET /blog/2013/04/26/blog/2012/11/07/blog/2012/09/21/blog/2012/09/21/blog/blog/blog2013/blog/2012/09/21/blog/2012/11/07/online-radio-station-launched HTTP/1.0" 200 11285 "-" "Mozilla/5.0 (compatible; MJ12bot/v1.4.3; http://www.majestic12.co.uk/bot.php?+)"
108.59.8.70 - - [19/Aug/2013:16:21:28 -0400] "GET /blog/2013/04/26/blog/2012/11/07/blog/2012/09/21/blog/2012/09/21/blog2012/blog/2013/04/26/blog/2012/11/07/blog/2012/09/21/blog2013/03 HTTP/1.0" 200 11285 "-" "Mozilla/5.0 (compatible; MJ12bot/v1.4.3; http://www.majestic12.co.uk/bot.php?+)"
82.145.210.162 - - [19/Aug/2013:16:28:06 -0400] "GET /css/print.css HTTP/1.1" 200 437 "http://truthfortheworld.org/what-is-acceptable-prayer" "Opera/9.80 (VRE; Opera Mini/4.2/30.3697; U; en) Presto/2.8.119 Version/11.10"
82.145.210.162 - - [19/Aug/2013:16:28:06 -0400] "GET /css/footer.css HTTP/1.1" 200 3501 "http://truthfortheworld.org/what-is-acceptable-prayer" "Opera/9.80 (VRE; Opera Mini/4.2/30.3697; U; en) Presto/2.8.119 Version/11.10"
82.145.210.162 - - [19/Aug/2013:16:28:07 -0400] "GET /pix/facebook.png HTTP/1.1" 200 2478 "http://truthfortheworld.org/what-is-acceptable-prayer" "Opera/9.80 (VRE; Opera Mini/4.2/30.3697; U; en) Presto/2.8.119 Version/11.10"
96.19.160.136 - - [19/Aug/2013:16:39:20 -0400] "GET /mp3/web/TFTW_Remembering_What_Christ_Has_Done_For_Us.mp3 HTTP/1.1" 200 13940487 "-" "NSPlayer/11.00.6002.18049 WMFSDK/11.00.6002.18049"
24.159.164.34 - - [19/Aug/2013:16:41:26 -0400] "POST /connectors/system/registry/register.php HTTP/1.1" 200 61 "http://truthfortheworld.org/manager/?a=16&id=66" "Mozilla/5.0 (Windows NT 6.2; WOW64) AppleWebKit/537.36 (KHTML, like Gecko) Chrome/28.0.1500.95 Safari/537.36"
24.159.164.34 - - [19/Aug/2013:16:41:29 -0400] "POST /connectors/element/index.php?action=getNodes&id=n_type_tv&type=tv HTTP/1.1" 200 2797 "http://truthfortheworld.org/manager/?a=16&id=66" "Mozilla/5.0 (Windows NT 6.2; WOW64) AppleWebKit/537.36 (KHTML, like Gecko) Chrome/28.0.1500.95 Safari/537.36"
24.159.164.34 - - [19/Aug/2013:16:41:30 -0400] "POST /connectors/system/registry/register.php HTTP/1.1" 200 61 "http://truthfortheworld.org/manager/?a=16&id=66" "Mozilla/5.0 (Windows NT 6.2; WOW64) AppleWebKit/537.36 (KHTML, like Gecko) Chrome/28.0.1500.95 Safari/537.36"
24.159.164.34 - - [19/Aug/2013:16:41:32 -0400] "POST /connectors/element/index.php?action=getNodes&id=n_tv_category_5&type=tv HTTP/1.1" 200 1567 "http://truthfortheworld.org/manager/?a=16&id=66" "Mozilla/5.0 (Windows NT 6.2; WOW64) AppleWebKit/537.36 (KHTML, like Gecko) Chrome/28.0.1500.95 Safari/537.36"
24.159.164.34 - - [19/Aug/2013:16:41:33 -0400] "POST /connectors/system/registry/register.php HTTP/1.1" 200 61 "http://truthfortheworld.org/manager/?a=16&id=66" "Mozilla/5.0 (Windows NT 6.2; WOW64) AppleWebKit/537.36 (KHTML, like Gecko) Chrome/28.0.1500.95 Safari/537.36"
24.159.164.34 - - [19/Aug/2013:16:41:34 -0400] "GET /manager/index.php?a=23&id=16 HTTP/1.1" 200 17256 "http://truthfortheworld.org/manager/?a=16&id=66" "Mozilla/5.0 (Windows NT 6.2; WOW64) AppleWebKit/537.36 (KHTML, like Gecko) Chrome/28.0.1500.95 Safari/537.36"
24.159.164.34 - - [19/Aug/2013:16:41:35 -0400] "GET /manager/min/index.php?f=/manager/templates/default/css/xtheme-modx.css,/manager/templates/default/css/index.css HTTP/1.1" 304 - "http://truthfortheworld.org/manager/" "Mozilla/5.0 (Windows NT 6.2; WOW64) AppleWebKit/537.36 (KHTML, like Gecko) Chrome/28.0.1500.95 Safari/537.36"
24.159.164.34 - - [19/Aug/2013:16:41:38 -0400] "POST /connectors/source/index.php HTTP/1.1" 200 180 "http://truthfortheworld.org/manager/index.php?a=23&id=16" "Mozilla/5.0 (Windows NT 6.2; WOW64) AppleWebKit/537.36 (KHTML, like Gecko) Chrome/28.0.1500.95 Safari/537.36"
24.159.164.34 - - [19/Aug/2013:16:41:38 -0400] "POST /connectors/source/index.php HTTP/1.1" 200 222 "http://truthfortheworld.org/manager/index.php?a=23&id=16" "Mozilla/5.0 (Windows NT 6.2; WOW64) AppleWebKit/537.36 (KHTML, like Gecko) Chrome/28.0.1500.95 Safari/537.36"
24.159.164.34 - - [19/Aug/2013:16:41:38 -0400] "POST /connectors/element/tv/renders.php HTTP/1.1" 200 335 "http://truthfortheworld.org/manager/index.php?a=23&id=16" "Mozilla/5.0 (Windows NT 6.2; WOW64) AppleWebKit/537.36 (KHTML, like Gecko) Chrome/28.0.1500.95 Safari/537.36"
24.159.164.34 - - [19/Aug/2013:16:43:18 -0400] "POST /connectors/element/tv.php HTTP/1.1" 200 181 "http://truthfortheworld.org/manager/index.php?a=23&id=31" "Mozilla/5.0 (Windows NT 6.2; WOW64) AppleWebKit/537.36 (KHTML, like Gecko) Chrome/28.0.1500.95 Safari/537.36"
24.159.164.34 - - [19/Aug/2013:16:43:21 -0400] "POST /connectors/element/propertyset.php HTTP/1.1" 200 61 "http://truthfortheworld.org/manager/index.php?a=23&id=31" "Mozilla/5.0 (Windows NT 6.2; WOW64) AppleWebKit/537.36 (KHTML, like Gecko) Chrome/28.0.1500.95 Safari/537.36"
24.159.164.34 - - [19/Aug/2013:16:43:21 -0400] "POST /connectors/element/propertyset.php HTTP/1.1" 200 144 "http://truthfortheworld.org/manager/index.php?a=23&id=31" "Mozilla/5.0 (Windows NT 6.2; WOW64) AppleWebKit/537.36 (KHTML, like Gecko) Chrome/28.0.1500.95 Safari/537.36"
208.115.111.69 - - [19/Aug/2013:16:45:49 -0400] "GET / HTTP/1.1" 200 8285 "-" "Mozilla/5.0 (compatible; Ezooms/1.0; ezooms.bot@gmail.com)"
66.213.75.2 - - [19/Aug/2013:16:51:23 -0400] "GET /thousand-year-reign HTTP/1.1" 200 18430 "http://www.bing.com/search?q=rein+on+earth+one+thousand+years&form=AARTDF&pc=MAAR&src=IE-SearchBox" "Mozilla/5.0 (compatible; MSIE 10.0; Windows NT 6.1; WOW64; Trident/6.0)"
66.213.75.2 - - [19/Aug/2013:16:51:26 -0400] "GET /pix/twitter.png HTTP/1.1" 200 1798 "http://truthfortheworld.org/thousand-year-reign" "Mozilla/5.0 (compatible; MSIE 10.0; Windows NT 6.1; WOW64; Trident/6.0)"
66.213.75.2 - - [19/Aug/2013:16:51:26 -0400] "GET /pix/youtube.png HTTP/1.1" 200 2803 "http://truthfortheworld.org/thousand-year-reign" "Mozilla/5.0 (compatible; MSIE 10.0; Windows NT 6.1; WOW64; Trident/6.0)"
66.213.75.2 - - [19/Aug/2013:16:51:26 -0400] "GET /js/superfish.js HTTP/1.1" 200 6728 "http://truthfortheworld.org/thousand-year-reign" "Mozilla/5.0 (compatible; MSIE 10.0; Windows NT 6.1; WOW64; Trident/6.0)"
66.213.75.2 - - [19/Aug/2013:16:51:26 -0400] "GET /css/header.css HTTP/1.1" 200 20687 "http://truthfortheworld.org/thousand-year-reign" "Mozilla/5.0 (compatible; MSIE 10.0; Windows NT 6.1; WOW64; Trident/6.0)"
66.213.75.2 - - [19/Aug/2013:16:51:26 -0400] "GET /pix/floatbar_bg.png HTTP/1.1" 200 4653 "http://truthfortheworld.org/thousand-year-reign" "Mozilla/5.0 (compatible; MSIE 10.0; Windows NT 6.1; WOW64; Trident/6.0)"
66.213.75.2 - - [19/Aug/2013:16:51:27 -0400] "GET /pix/es.png HTTP/1.1" 200 469 "http://truthfortheworld.org/thousand-year-reign" "Mozilla/5.0 (compatible; MSIE 10.0; Windows NT 6.1; WOW64; Trident/6.0)"
131.253.24.62 - - [19/Aug/2013:17:11:34 -0400] "GET /css/reset.css HTTP/1.1" 200 1173 "http://truthfortheworld.org/all-things-that-pertain-to-life-and-godliness" "Mozilla/4.0 (compatible; MSIE 7.0; Windows NT 5.2; SLCC1; .NET CLR 1.1.4322; .NET CLR 2.0.50727; .NET CLR 3.0.04506.648)"
131.253.24.62 - - [19/Aug/2013:17:11:35 -0400] "GET /css/reftagger.css HTTP/1.1" 200 1583 "http://truthfortheworld.org/all-things-that-pertain-to-life-and-godliness" "Mozilla/4.0 (compatible; MSIE 7.0; Windows NT 5.2; SLCC1; .NET CLR 1.1.4322; .NET CLR 2.0.50727; .NET CLR 3.0.04506.648)"
131.253.24.62 - - [19/Aug/2013:17:11:38 -0400] "GET /css/main.css HTTP/1.1" 304 - "http://truthfortheworld.org/all-things-that-pertain-to-life-and-godliness" "Mozilla/4.0 (compatible; MSIE 7.0; Windows NT 5.2; SLCC1; .NET CLR 1.1.4322; .NET CLR 2.0.50727; .NET CLR 3.0.04506.648)"
131.253.24.62 - - [19/Aug/2013:17:11:41 -0400] "GET /css/reset.css HTTP/1.1" 304 - "http://truthfortheworld.org/all-things-that-pertain-to-life-and-godliness" "Mozilla/4.0 (compatible; MSIE 7.0; Windows NT 5.2; SLCC1; .NET CLR 1.1.4322; .NET CLR 2.0.50727; .NET CLR 3.0.04506.648)"
131.253.24.62 - - [19/Aug/2013:17:11:41 -0400] "GET /css/sidebars.css HTTP/1.1" 304 - "http://truthfortheworld.org/all-things-that-pertain-to-life-and-godliness" "Mozilla/4.0 (compatible; MSIE 7.0; Windows NT 5.2; SLCC1; .NET CLR 1.1.4322; .NET CLR 2.0.50727; .NET CLR 3.0.04506.648)"
198.211.107.216 - - [19/Aug/2013:17:17:30 -0400] "GET /blog/2013/07/03/fcc-opens-low-power-fm-opportunity-for-churches HTTP/1.1" 200 19098 "-" "Mozilla/5.0 (Windows NT 6.1; WOW64; rv:21.0) Gecko/20100101 Firefox/21.0"
199.187.122.91 - - [19/Aug/2013:17:30:14 -0400] "GET /is-it-wrong-to-drink HTTP/1.1" 200 18709 "-" "Mozilla/4.0 (compatible; MSIE 6.0; Windows NT 5.1; SV1; .NET CLR 2.0.50727)"
199.187.122.91 - - [19/Aug/2013:17:30:25 -0400] "GET /category-selection?tag=Women+in+the+Church&key=tags HTTP/1.1" 200 8954 "-" "Mozilla/4.0 (compatible; MSIE 6.0; Windows NT 5.1; SV1; .NET CLR 2.0.50727)"
199.187.122.91 - - [19/Aug/2013:17:31:20 -0400] "GET /god?s-two-laws-of-pardon HTTP/1.1" 404 17122 "-" "Mozilla/4.0 (compatible; MSIE 6.0; Windows NT 5.1; SV1; .NET CLR 2.0.50727)"
129.119.233.66 - - [19/Aug/2013:17:34:50 -0400] "GET /bcc/images/logo.jpg HTTP/1.1" 200 10578 "http://truthfortheworld.org/bcc/courses/bcc_ots_l11.html" "Mozilla/5.0 (Macintosh; Intel Mac OS X 10.8; rv:22.0) Gecko/20100101 Firefox/22.0"
82.145.208.166 - - [19/Aug/2013:17:39:14 -0400] "GET /baptism HTTP/1.1" 200 15786 "http://truthfortheworld.org/topics" "Opera/9.80 (MAUI Runtime; Opera Mini/6.1.27412/30.3697; U; en) Presto/2.8.119 Version/11.10"
82.145.208.166 - - [19/Aug/2013:17:39:18 -0400] "GET /pix/email.png HTTP/1.1" 200 1157 "http://truthfortheworld.org/baptism" "Opera/9.80 (MAUI Runtime; Opera Mini/6.1.27412/30.3697; U; en) Presto/2.8.119 Version/11.10"
82.145.208.166 - - [19/Aug/2013:17:39:19 -0400] "GET /pix/tracts/113.jpg HTTP/1.1" 200 18388 "http://truthfortheworld.org/baptism" "Opera/9.80 (MAUI Runtime; Opera Mini/6.1.27412/30.3697; U; en) Presto/2.8.119 Version/11.10"
37.228.105.10 - - [19/Aug/2013:17:40:54 -0400] "GET /category-selection?tag=Baptism&key=tags HTTP/1.1" 200 11654 "-" "Opera/9.80 (MAUI Runtime; Opera Mini/6.1.27412/30.3697; U; en) Presto/2.8.119 Version/11.10"
37.228.105.10 - - [19/Aug/2013:17:40:56 -0400] "GET /css/main.css HTTP/1.1" 200 29927 "http://truthfortheworld.org/category-selection?tag=Baptism&key=tags" "Opera/9.80 (MAUI Runtime; Opera Mini/6.1.27412/30.3697; U; en) Presto/2.8.119 Version/11.10"
37.228.105.10 - - [19/Aug/2013:17:40:56 -0400] "GET /css/reset.css HTTP/1.1" 200 1173 "http://truthfortheworld.org/category-selection?tag=Baptism&key=tags" "Opera/9.80 (MAUI Runtime; Opera Mini/6.1.27412/30.3697; U; en) Presto/2.8.119 Version/11.10"
198.105.219.55 - - [19/Aug/2013:17:47:09 -0400] "HEAD / HTTP/1.1" 200 - "-" "checks.panopta.com"
24.119.15.164 - - [19/Aug/2013:17:59:07 -0400] "GET /css/footer.css HTTP/1.1" 200 3501 "http://truthfortheworld.org/is-hand-clapping-scriptural" "Mozilla/5.0 (compatible; MSIE 10.0; Windows NT 6.1; Trident/6.0)"
24.119.15.164 - - [19/Aug/2013:17:59:07 -0400] "GET /pix/swirl.png HTTP/1.1" 200 1619 "http://truthfortheworld.org/is-hand-clapping-scriptural" "Mozilla/5.0 (compatible; MSIE 10.0; Windows NT 6.1; Trident/6.0)"
24.119.15.164 - - [19/Aug/2013:17:59:07 -0400] "GET /pix/cn.png HTTP/1.1" 200 472 "http://truthfortheworld.org/is-hand-clapping-scriptural" "Mozilla/5.0 (compatible; MSIE 10.0; Windows NT 6.1; Trident/6.0)"
24.119.15.164 - - [19/Aug/2013:17:59:07 -0400] "GET /pix/floatbar_bg_title.png HTTP/1.1" 200 5217 "http://truthfortheworld.org/is-hand-clapping-scriptural" "Mozilla/5.0 (compatible; MSIE 10.0; Windows NT 6.1; Trident/6.0)"
24.119.15.164 - - [19/Aug/2013:17:59:08 -0400] "GET /pix/earth.jpg HTTP/1.1" 200 13099 "http://truthfortheworld.org/is-hand-clapping-scriptural" "Mozilla/5.0 (compatible; MSIE 10.0; Windows NT 6.1; Trident/6.0)"
172.242.130.3 - - [19/Aug/2013:18:22:12 -0400] "GET /pix/youtube.png HTTP/1.1" 304 - "http://truthfortheworld.org/jesus-and-the-bible" "Mozilla/4.0 (compatible; MSIE 8.0; Windows NT 6.0; Trident/4.0; SLCC1; .NET CLR 2.0.50727; Media Center PC 5.0; .NET CLR 3.5.30729; .NET CLR 3.0.30729; .NET4.0C; InfoPath.2; AskTbORJ/5.15.23.36191)"
172.242.130.3 - - [19/Aug/2013:18:28:13 -0400] "GET /pix/twitter.png HTTP/1.1" 304 - "-" "Mozilla/4.0 (compatible; MSIE 8.0; Windows NT 6.0; Trident/4.0; SLCC1; .NET CLR 2.0.50727; Media Center PC 5.0; .NET CLR 3.5.30729; .NET CLR 3.0.30729; .NET4.0C; InfoPath.2; AskTbORJ/5.15.23.36191)"
76.20.70.57 - - [19/Aug/2013:18:28:47 -0400] "GET /bcc/ HTTP/1.1" 200 25243 "http://truthfortheworld.org/online-bcc" "Mozilla/5.0 (Windows NT 6.1; WOW64; rv:22.0) Gecko/20100101 Firefox/22.0"
76.20.70.57 - - [19/Aug/2013:18:28:48 -0400] "GET /css/reset.css HTTP/1.1" 200 1173 "http://truthfortheworld.org/css/bcc.css" "Mozilla/5.0 (Windows NT 6.1; WOW64; rv:22.0) Gecko/20100101 Firefox/22.0"
76.20.70.57 - - [19/Aug/2013:18:28:48 -0400] "GET /css/reftagger.css HTTP/1.1" 200 1583 "http://truthfortheworld.org/css/bcc.css" "Mozilla/5.0 (Windows NT 6.1; WOW64; rv:22.0) Gecko/20100101 Firefox/22.0"
76.20.70.57 - - [19/Aug/2013:18:28:48 -0400] "GET /pix/bgtexture.jpg HTTP/1.1" 200 23844 "http://truthfortheworld.org/css/bcc.css" "Mozilla/5.0 (Windows NT 6.1; WOW64; rv:22.0) Gecko/20100101 Firefox/22.0"
76.20.70.57 - - [19/Aug/2013:18:28:49 -0400] "GET /favicon.ico HTTP/1.1" 404 17183 "-" "Mozilla/5.0 (Windows NT 6.1; WOW64; rv:22.0) Gecko/20100101 Firefox/22.0"
108.232.47.117 - - [19/Aug/2013:18:39:40 -0400] "GET /video/ae-wam-08.mp4 HTTP/1.1" 206 277069333 "-" "Roku/DVP-5.1 (025.01E01178A)"
123.151.43.79 - - [19/Aug/2013:18:44:14 -0400] "GET /57km22kcs2cr1ebc.html HTTP/1.1" 302 - "http://truthfortheworld.org/" "Mozilla/5.0 (compatible; Sosospider/2.0; +http://help.soso.com/webspider.htm)"
172.242.130.3 - - [19/Aug/2013:18:48:05 -0400] "GET /pix/pdficon.png HTTP/1.1" 304 - "http://truthfortheworld.org/keeping-the-sabbath" "Mozilla/4.0 (compatible; MSIE 8.0; Windows NT 6.0; Trident/4.0; SLCC1; .NET CLR 2.0.50727; Media Center PC 5.0; .NET CLR 3.5.30729; .NET CLR 3.0.30729; .NET4.0C; InfoPath.2; AskTbORJ/5.15.23.36191)"
172.242.130.3 - - [19/Aug/2013:18:55:36 -0400] "GET /css/bcc.css HTTP/1.1" 304 - "http://truthfortheworld.org/bcc/courses/BCC6-L1.html" "Mozilla/4.0 (compatible; MSIE 8.0; Windows NT 6.0; Trident/4.0; SLCC1; .NET CLR 2.0.50727; Media Center PC 5.0; .NET CLR 3.5.30729; .NET CLR 3.0.30729; .NET4.0C; InfoPath.2; AskTbORJ/5.15.23.36191)"
172.242.130.3 - - [19/Aug/2013:18:55:48 -0400] "GET /js/easySlider1.7.js HTTP/1.1" 304 - "http://truthfortheworld.org/ten-commandments" "Mozilla/4.0 (compatible; MSIE 8.0; Windows NT 6.0; Trident/4.0; SLCC1; .NET CLR 2.0.50727; Media Center PC 5.0; .NET CLR 3.5.30729; .NET CLR 3.0.30729; .NET4.0C; InfoPath.2; AskTbORJ/5.15.23.36191)"
172.242.130.3 - - [19/Aug/2013:19:02:30 -0400] "GET /pix/email.png HTTP/1.1" 200 1157 "http://truthfortheworld.org/god-has-joined-himself-to-the-bible" "Mozilla/4.0 (compatible; MSIE 8.0; Windows NT 6.0; Trident/4.0; SLCC1; .NET CLR 2.0.50727; Media Center PC 5.0; .NET CLR 3.5.30729; .NET CLR 3.0.30729; .NET4.0C; InfoPath.2; AskTbORJ/5.15.23.36191)"
172.242.130.3 - - [19/Aug/2013:19:02:31 -0400] "GET /css/footer.css HTTP/1.1" 304 - "-" "Mozilla/4.0 (compatible; MSIE 8.0; Windows NT 6.0; Trident/4.0; SLCC1; .NET CLR 2.0.50727; Media Center PC 5.0; .NET CLR 3.5.30729; .NET CLR 3.0.30729; .NET4.0C; InfoPath.2; AskTbORJ/5.15.23.36191)"
172.242.130.3 - - [19/Aug/2013:19:20:50 -0400] "GET /pix/littleball.png HTTP/1.1" 304 - "http://truthfortheworld.org/how-to-study-the-bible" "Mozilla/4.0 (compatible; MSIE 8.0; Windows NT 6.0; Trident/4.0; SLCC1; .NET CLR 2.0.50727; Media Center PC 5.0; .NET CLR 3.5.30729; .NET CLR 3.0.30729; .NET4.0C; InfoPath.2; AskTbORJ/5.15.23.36191)"
172.242.130.3 - - [19/Aug/2013:19:26:35 -0400] "GET /pix/youtube.png HTTP/1.1" 304 - "http://truthfortheworld.org/good-news-bible" "Mozilla/4.0 (compatible; MSIE 8.0; Windows NT 6.0; Trident/4.0; SLCC1; .NET CLR 2.0.50727; Media Center PC 5.0; .NET CLR 3.5.30729; .NET CLR 3.0.30729; .NET4.0C; InfoPath.2; AskTbORJ/5.15.23.36191)"
172.242.130.3 - - [19/Aug/2013:19:29:12 -0400] "GET /pix/otaw_th.png HTTP/1.1" 304 - "http://truthfortheworld.org/bcc/courses/BCC6-L1.html" "Mozilla/4.0 (compatible; MSIE 8.0; Windows NT 6.0; Trident/4.0; SLCC1; .NET CLR 2.0.50727; Media Center PC 5.0; .NET CLR 3.5.30729; .NET CLR 3.0.30729; .NET4.0C; InfoPath.2; AskTbORJ/5.15.23.36191)"
172.242.130.3 - - [19/Aug/2013:19:29:28 -0400] "GET /pix/youtube.png HTTP/1.1" 304 - "http://truthfortheworld.org/?id=71" "Mozilla/4.0 (compatible; MSIE 8.0; Windows NT 6.0; Trident/4.0; SLCC1; .NET CLR 2.0.50727; Media Center PC 5.0; .NET CLR 3.5.30729; .NET CLR 3.0.30729; .NET4.0C; InfoPath.2; AskTbORJ/5.15.23.36191)"
172.242.130.3 - - [19/Aug/2013:19:34:40 -0400] "GET /pix/shade.png HTTP/1.1" 200 932 "http://truthfortheworld.org/bfof-ch5" "Mozilla/4.0 (compatible; MSIE 8.0; Windows NT 6.0; Trident/4.0; SLCC1; .NET CLR 2.0.50727; Media Center PC 5.0; .NET CLR 3.5.30729; .NET CLR 3.0.30729; .NET4.0C; InfoPath.2; AskTbORJ/5.15.23.36191)"
69.10.177.80 - - [19/Aug/2013:19:40:04 -0400] "GET /tftwpodcast.rss HTTP/1.1" 200 73579 "-" "Motorola"
54.248.94.214 - - [19/Aug/2013:19:43:15 -0400] "GET /tftwpodcast.rss HTTP/1.1" 301 251 "-" "53"
172.242.130.3 - - [19/Aug/2013:19:46:33 -0400] "GET /pix/google-plus.png HTTP/1.1" 304 - "http://truthfortheworld.org/bfof-ch5" "Mozilla/4.0 (compatible; MSIE 8.0; Windows NT 6.0; Trident/4.0; SLCC1; .NET CLR 2.0.50727; Media Center PC 5.0; .NET CLR 3.5.30729; .NET CLR 3.0.30729; .NET4.0C; InfoPath.2; AskTbORJ/5.15.23.36191)"
67.197.175.60 - - [19/Aug/2013:19:48:23 -0400] "GET /robots.txt HTTP/1.0" 200 392 "-" "Mozilla/5.0 (compatible; MJ12bot/v1.4.3; http://www.majestic12.co.uk/bot.php?+)"
71.22.193.81 - - [19/Aug/2013:19:48:31 -0400] "GET /js/html5shiv.js HTTP/1.1" 200 2359 "http://truthfortheworld.org/" "Mozilla/4.0 (compatible; MSIE 8.0; Windows NT 5.1; Trident/4.0; GTB7.5; .NET CLR 1.1.4322; .NET CLR 2.0.50727; .NET CLR 3.0.4506.2152; .NET CLR 3.5.30729; AskTbAD2/5.15.4.23821)"
71.22.193.81 - - [19/Aug/2013:19:48:32 -0400] "GET /css/header.css HTTP/1.1" 200 20687 "http://truthfortheworld.org/" "Mozilla/4.0 (compatible; MSIE 8.0; Windows NT 5.1; Trident/4.0; GTB7.5; .NET CLR 1.1.4322; .NET CLR 2.0.50727; .NET CLR 3.0.4506.2152; .NET CLR 3.5.30729; AskTbAD2/5.15.4.23821)"
71.22.193.81 - - [19/Aug/2013:19:48:33 -0400] "GET /pix/pan_ios.jpg HTTP/1.1" 200 27182 "http://truthfortheworld.org/" "Mozilla/4.0 (compatible; MSIE 8.0; Windows NT 5.1; Trident/4.0; GTB7.5; .NET CLR 1.1.4322; .NET CLR 2.0.50727; .NET CLR 3.0.4506.2152; .NET CLR 3.5.30729; AskTbAD2/5.15.4.23821)"
71.22.193.81 - - [19/Aug/2013:19:48:33 -0400] "GET /pix/youtube.png HTTP/1.1" 200 2803 "http://truthfortheworld.org/" "Mozilla/4.0 (compatible; MSIE 8.0; Windows NT 5.1; Trident/4.0; GTB7.5; .NET CLR 1.1.4322; .NET CLR 2.0.50727; .NET CLR 3.0.4506.2152; .NET CLR 3.5.30729; AskTbAD2/5.15.4.23821)"
71.22.193.81 - - [19/Aug/2013:19:48:33 -0400] "GET /pix/buttonWay.png HTTP/1.1" 200 3504 "http://truthfortheworld.org/" "Mozilla/4.0 (compatible; MSIE 8.0; Windows NT 5.1; Trident/4.0; GTB7.5; .NET CLR 1.1.4322; .NET CLR 2.0.50727; .NET CLR 3.0.4506.2152; .NET CLR 3.5.30729; AskTbAD2/5.15.4.23821)"
71.22.193.81 - - [19/Aug/2013:19:48:34 -0400] "GET /pix/rarrow.png HTTP/1.1" 200 1045 "http://truthfortheworld.org/" "Mozilla/4.0 (compatible; MSIE 8.0; Windows NT 5.1; Trident/4.0; GTB7.5; .NET CLR 1.1.4322; .NET CLR 2.0.50727; .NET CLR 3.0.4506.2152; .NET CLR 3.5.30729; AskTbAD2/5.15.4.23821)"
172.242.130.3 - - [19/Aug/2013:19:50:17 -0400] "GET /pix/youtube.png HTTP/1.1" 304 - "http://truthfortheworld.org/bfof-ch7" "Mozilla/4.0 (compatible; MSIE 8.0; Windows NT 6.0; Trident/4.0; SLCC1; .NET CLR 2.0.50727; Media Center PC 5.0; .NET CLR 3.5.30729; .NET CLR 3.0.30729; .NET4.0C; InfoPath.2; AskTbORJ/5.15.23.36191)"
216.105.72.118 - - [19/Aug/2013:20:02:12 -0400] "GET /video/ae-bg-01.mp4 HTTP/1.1" 206 385306292 "-" "Roku/DVP-5.1 (025.01E01178A)"
216.105.72.118 - - [19/Aug/2013:20:02:17 -0400] "GET /video/ae-bg-01.mp4 HTTP/1.1" 206 385830064 "-" "Roku/DVP-5.1 (025.01E01178A)"
172.242.130.3 - - [19/Aug/2013:20:08:18 -0400] "GET /pix/youtube.png HTTP/1.1" 304 - "http://truthfortheworld.org/bfof-ch8" "Mozilla/4.0 (compatible; MSIE 8.0; Windows NT 6.0; Trident/4.0; SLCC1; .NET CLR 2.0.50727; Media Center PC 5.0; .NET CLR 3.5.30729; .NET CLR 3.0.30729; .NET4.0C; InfoPath.2; AskTbORJ/5.15.23.36191)"
172.242.130.3 - - [19/Aug/2013:20:12:42 -0400] "GET /pix/littleball.png HTTP/1.1" 304 - "http://truthfortheworld.org/bfof-ch9" "Mozilla/4.0 (compatible; MSIE 8.0; Windows NT 6.0; Trident/4.0; SLCC1; .NET CLR 2.0.50727; Media Center PC 5.0; .NET CLR 3.5.30729; .NET CLR 3.0.30729; .NET4.0C; InfoPath.2; AskTbORJ/5.15.23.36191)"
208.115.111.66 - - [19/Aug/2013:20:21:52 -0400] "GET /robots.txt HTTP/1.1" 301 246 "-" "Mozilla/5.0 (compatible; Ezooms/1.0; ezooms.bot@gmail.com)"
172.242.130.3 - - [19/Aug/2013:20:36:39 -0400] "GET /pix/earth.jpg HTTP/1.1" 304 - "http://truthfortheworld.org/bfof-ch7" "Mozilla/4.0 (compatible; MSIE 8.0; Windows NT 6.0; Trident/4.0; SLCC1; .NET CLR 2.0.50727; Media Center PC 5.0; .NET CLR 3.5.30729; .NET CLR 3.0.30729; .NET4.0C; InfoPath.2; AskTbORJ/5.15.23.36191)"
172.242.130.3 - - [19/Aug/2013:20:36:58 -0400] "GET /pix/littleball.png HTTP/1.1" 304 - "http://truthfortheworld.org/bcc/courses/BCC6-L1.html" "Mozilla/4.0 (compatible; MSIE 8.0; Windows NT 6.0; Trident/4.0; SLCC1; .NET CLR 2.0.50727; Media Center PC 5.0; .NET CLR 3.5.30729; .NET CLR 3.0.30729; .NET4.0C; InfoPath.2; AskTbORJ/5.15.23.36191)"
172.242.130.3 - - [19/Aug/2013:20:37:21 -0400] "GET /pix/divider.png HTTP/1.1" 200 993 "http://truthfortheworld.org/" "Mozilla/4.0 (compatible; MSIE 8.0; Windows NT 6.0; Trident/4.0; SLCC1; .NET CLR 2.0.50727; Media Center PC 5.0; .NET CLR 3.5.30729; .NET CLR 3.0.30729; .NET4.0C; InfoPath.2; AskTbORJ/5.15.23.36191)"
172.242.130.3 - - [19/Aug/2013:20:37:21 -0400] "GET /pix/news.png HTTP/1.1" 200 1921 "http://truthfortheworld.org/" "Mozilla/4.0 (compatible; MSIE 8.0; Windows NT 6.0; Trident/4.0; SLCC1; .NET CLR 2.0.50727; Media Center PC 5.0; .NET CLR 3.5.30729; .NET CLR 3.0.30729; .NET4.0C; InfoPath.2; AskTbORJ/5.15.23.36191)"
172.242.130.3 - - [19/Aug/2013:20:37:28 -0400] "GET /pix/google-plus.png HTTP/1.1" 304 - "http://truthfortheworld.org/how-to-study-the-bible" "Mozilla/4.0 (compatible; MSIE 8.0; Windows NT 6.0; Trident/4.0; SLCC1; .NET CLR 2.0.50727; Media Center PC 5.0; .NET CLR 3.5.30729; .NET CLR 3.0.30729; .NET4.0C; InfoPath.2; AskTbORJ/5.15.23.36191)"
172.242.130.3 - - [19/Aug/2013:20:37:52 -0400] "GET /pix/otaw_th.png HTTP/1.1" 304 - "-" "Mozilla/4.0 (compatible; MSIE 8.0; Windows NT 6.0; Trident/4.0; SLCC1; .NET CLR 2.0.50727; Media Center PC 5.0; .NET CLR 3.5.30729; .NET CLR 3.0.30729; .NET4.0C; InfoPath.2; AskTbORJ/5.15.23.36191)"
125.167.203.244 - - [19/Aug/2013:20:38:07 -0400] "GET /pix/id.floatbar_bg_title.png HTTP/1.1" 200 5330 "http://truthfortheworld.org/css/header.css" "Mozilla/5.0 (Windows NT 6.2; WOW64; rv:23.0) Gecko/20100101 Firefox/23.0"
208.115.113.85 - - [19/Aug/2013:20:41:45 -0400] "GET /%E6%AF%8F%E6%97%A9%E6%99%A8%E9%83%BD%E6%98%AF%E6%96%B0%E7%9A%84-si HTTP/1.1" 200 7905 "-" "Mozilla/5.0 (compatible; Ezooms/1.0; ezooms.bot@gmail.com)"
120.165.40.13 - - [19/Aug/2013:20:42:35 -0400] "GET /kebaktian-yang-benar HTTP/1.1" 200 16528 "http://www.google.com/url?sa=t&rct=j&q=&esrc=s&source=web&cd=7&ved=0CFcQFjAG&url=http%3A%2F%2Fid.truthfortheworld.org%2Fkebaktian-yang-benar&ei=6bgSUueLCsWIrAf_0IGADg&usg=AFQjCNFDvI0klFwTac8seRi62hYdFSflnw" "Mozilla/5.0 (Windows NT 6.1; rv:15.0) Gecko/20100101 Firefox/15.0.1"
120.165.40.13 - - [19/Aug/2013:20:42:56 -0400] "GET /pix/bg_headdb.jpg HTTP/1.1" 200 3209 "http://truthfortheworld.org/css/header.css" "Mozilla/5.0 (Windows NT 6.1; rv:15.0) Gecko/20100101 Firefox/15.0.1"
120.165.40.13 - - [19/Aug/2013:20:42:56 -0400] "GET /pix/bg_headlb.jpg HTTP/1.1" 200 3277 "http://truthfortheworld.org/css/header.css" "Mozilla/5.0 (Windows NT 6.1; rv:15.0) Gecko/20100101 Firefox/15.0.1"
208.115.111.69 - - [19/Aug/2013:20:44:41 -0400] "GET /robots.txt HTTP/1.1" 404 171 "-" "Mozilla/5.0 (compatible; Ezooms/1.0; ezooms.bot@gmail.com)"
172.242.130.3 - - [19/Aug/2013:20:45:17 -0400] "GET /css/footer.css HTTP/1.1" 304 - "http://truthfortheworld.org/bible-stories?bctid=1752589449001" "Mozilla/4.0 (compatible; MSIE 8.0; Windows NT 6.0; Trident/4.0; SLCC1; .NET CLR 2.0.50727; Media Center PC 5.0; .NET CLR 3.5.30729; .NET CLR 3.0.30729; .NET4.0C; InfoPath.2; AskTbORJ/5.15.23.36191)"
172.242.130.3 - - [19/Aug/2013:20:47:07 -0400] "GET /pix/ssbiblestories.jpg HTTP/1.1" 304 - "-" "Mozilla/4.0 (compatible; MSIE 8.0; Windows NT 6.0; Trident/4.0; SLCC1; .NET CLR 2.0.50727; Media Center PC 5.0; .NET CLR 3.5.30729; .NET CLR 3.0.30729; .NET4.0C; InfoPath.2; AskTbORJ/5.15.23.36191)"
172.242.130.3 - - [19/Aug/2013:20:47:17 -0400] "GET /pix/ssbiblestories.jpg HTTP/1.1" 304 - "http://truthfortheworld.org/bcc/courses/BCC6-L3.html" "Mozilla/4.0 (compatible; MSIE 8.0; Windows NT 6.0; Trident/4.0; SLCC1; .NET CLR 2.0.50727; Media Center PC 5.0; .NET CLR 3.5.30729; .NET CLR 3.0.30729; .NET4.0C; InfoPath.2; AskTbORJ/5.15.23.36191)"
216.105.72.118 - - [19/Aug/2013:20:49:37 -0400] "GET /roku/xml/series-feed.php?id=1732390320001 HTTP/1.1" 200 5206 "-" "Roku/DVP-5.1 (025.01E01178A)"
98.93.13.93 - - [19/Aug/2013:20:55:37 -0400] "POST /bcc/teachers/FormatEmail.php HTTP/1.1" 200 2529 "http://truthfortheworld.org/bcc/courses/bcc_cob_l8.html" "Mozilla/5.0 (Windows NT 5.1) AppleWebKit/537.36 (KHTML, like Gecko) Chrome/28.0.1500.95 Safari/537.36"
98.93.13.93 - - [19/Aug/2013:20:55:39 -0400] "GET /favicon.ico HTTP/1.1" 404 17122 "-" "Mozilla/5.0 (Windows NT 5.1) AppleWebKit/537.36 (KHTML, like Gecko) Chrome/28.0.1500.95 Safari/537.36"
98.93.13.93 - - [19/Aug/2013:20:55:42 -0400] "GET /favicon.ico HTTP/1.1" 404 17146 "-" "Mozilla/5.0 (Windows NT 5.1) AppleWebKit/537.36 (KHTML, like Gecko) Chrome/28.0.1500.95 Safari/537.36"
66.249.80.166 - - [19/Aug/2013:03:05:38 -0400] "GET /pix/twitter.png HTTP/1.1" 200 1798 "http://id.truthfortheworld.org/obat-obat-terlarang-dan-lkohol" "Mozilla/5.0 (en-us) AppleWebKit/534.14 (KHTML, like Gecko; Google Wireless Transcoder) Chrome/9.0.597 Safari/534.14"
66.249.80.166 - - [19/Aug/2013:03:05:39 -0400] "GET /pix/earth.jpg HTTP/1.1" 200 13099 "http://id.truthfortheworld.org/obat-obat-terlarang-dan-lkohol" "Mozilla/5.0 (en-us) AppleWebKit/534.14 (KHTML, like Gecko; Google Wireless Transcoder) Chrome/9.0.597 Safari/534.14"
41.78.80.195 - - [19/Aug/2013:03:10:30 -0400] "POST /bcc/teachers/FormatEmail.php HTTP/1.1" 200 3708 "http://truthfortheworld.org/bcc/courses/BCC6-L3.html" "Mozilla/5.0 (compatible; MSIE 10.0; Windows NT 6.2; WOW64; Trident/6.0; MDDCJS)"
67.173.197.73 - - [19/Aug/2013:03:12:51 -0400] "GET /pix/favicon.ico HTTP/1.1" 200 1150 "-" "Mozilla/5.0 (Windows NT 6.1; WOW64; rv:23.0) Gecko/20100101 Firefox/23.0"
67.173.197.73 - - [19/Aug/2013:03:12:51 -0400] "GET /pix/pan_texting.jpg HTTP/1.1" 200 29933 "http://truthfortheworld.org/" "Mozilla/5.0 (Windows NT 6.1; WOW64; rv:23.0) Gecko/20100101 Firefox/23.0"
67.173.197.73 - - [19/Aug/2013:03:12:51 -0400] "GET /pix/youtube.png HTTP/1.1" 200 2803 "http://truthfortheworld.org/" "Mozilla/5.0 (Windows NT 6.1; WOW64; rv:23.0) Gecko/20100101 Firefox/23.0"
67.173.197.73 - - [19/Aug/2013:03:12:51 -0400] "GET /pix/es.png HTTP/1.1" 200 469 "http://truthfortheworld.org/css/header.css" "Mozilla/5.0 (Windows NT 6.1; WOW64; rv:23.0) Gecko/20100101 Firefox/23.0"
67.173.197.73 - - [19/Aug/2013:03:12:51 -0400] "GET /pix/floatbar_bg.png HTTP/1.1" 200 4653 "http://truthfortheworld.org/css/header.css" "Mozilla/5.0 (Windows NT 6.1; WOW64; rv:23.0) Gecko/20100101 Firefox/23.0"
67.173.197.73 - - [19/Aug/2013:03:12:51 -0400] "GET /pix/swirl.png HTTP/1.1" 200 1619 "http://truthfortheworld.org/css/main.css" "Mozilla/5.0 (Windows NT 6.1; WOW64; rv:23.0) Gecko/20100101 Firefox/23.0"
67.173.197.73 - - [19/Aug/2013:03:12:52 -0400] "GET /pix/bg_headlb.jpg HTTP/1.1" 200 3277 "http://truthfortheworld.org/css/header.css" "Mozilla/5.0 (Windows NT 6.1; WOW64; rv:23.0) Gecko/20100101 Firefox/23.0"
70.145.249.221 - - [19/Aug/2013:03:22:12 -0400] "GET /favicon.ico HTTP/1.1" 404 17122 "-" "Mozilla/5.0 (Windows NT 5.1; rv:23.0) Gecko/20100101 Firefox/23.0"
70.145.249.221 - - [19/Aug/2013:03:22:14 -0400] "GET /css/reftagger.css HTTP/1.1" 200 1583 "http://truthfortheworld.org/css/bcc.css" "Mozilla/5.0 (Windows NT 5.1; rv:23.0) Gecko/20100101 Firefox/23.0"
124.6.181.190 - - [19/Aug/2013:03:26:54 -0400] "GET /live HTTP/1.1" 200 14355 "-" "Mozilla/4.0 (compatible; MSIE 8.0; Windows NT 6.1; Trident/4.0; SLCC2; .NET CLR 2.0.50727; .NET CLR 3.5.30729; .NET CLR 3.0.30729; Media Center PC 6.0)"
39.192.231.106 - - [19/Aug/2013:03:43:21 -0400] "GET /css/sidebars.css HTTP/1.1" 200 8749 "http://truthfortheworld.org/css/main.css" "Mozilla/5.0 (Windows NT 6.1; rv:12.0) Gecko/20100101 Firefox/12.0"
39.192.231.106 - - [19/Aug/2013:03:43:23 -0400] "GET /pix/bg_headdb.jpg HTTP/1.1" 200 3209 "http://truthfortheworld.org/css/header.css" "Mozilla/5.0 (Windows NT 6.1; rv:12.0) Gecko/20100101 Firefox/12.0"
39.192.231.106 - - [19/Aug/2013:03:43:26 -0400] "GET /pix/bg_headlb.jpg HTTP/1.1" 200 3277 "http://truthfortheworld.org/css/header.css" "Mozilla/5.0 (Windows NT 6.1; rv:12.0) Gecko/20100101 Firefox/12.0"
39.192.231.106 - - [19/Aug/2013:03:43:27 -0400] "GET /pix/earth.jpg HTTP/1.1" 200 13099 "http://truthfortheworld.org/css/footer.css" "Mozilla/5.0 (Windows NT 6.1; rv:12.0) Gecko/20100101 Firefox/12.0"
180.247.165.207 - - [19/Aug/2013:03:48:53 -0400] "GET /js/main.js HTTP/1.1" 200 9723 "http://id.truthfortheworld.org/euthanasia" "Mozilla/5.0 (Windows NT 6.1; rv:22.0) Gecko/20100101 Firefox/22.0"
180.247.165.207 - - [19/Aug/2013:03:48:59 -0400] "GET /css/header.css HTTP/1.1" 200 20687 "http://truthfortheworld.org/css/main.css" "Mozilla/5.0 (Windows NT 6.1; rv:22.0) Gecko/20100101 Firefox/22.0"
103.29.93.1 - - [19/Aug/2013:03:56:05 -0400] "GET /pix/youtube.png HTTP/1.1" 200 2803 "-" "Mozilla/4.0 (compatible;)"
82.145.210.138 - - [19/Aug/2013:04:07:08 -0400] "GET /pix/google-plus.png HTTP/1.1" 200 2371 "http://truthfortheworld.org/" "Opera/9.80 (J2ME/MIDP; Opera Mini/5.0.18635/30.3697; U; en) Presto/2.8.119 Version/11.10"
69.30.238.162 - - [19/Aug/2013:04:18:32 -0400] "GET /blog/2013/04/26/blog/2012/11/07/blog/2012/09/21/blog/2012/09/21/blog/blog2012/blog/blog/2012/09/21/truth-for-the-world-starts-blog HTTP/1.0" 200 11285 "-" "Mozilla/5.0 (compatible; MJ12bot/v1.4.3; http://www.majestic12.co.uk/bot.php?+)"
220.181.108.151 - - [19/Aug/2013:04:19:16 -0400] "GET /js/jquery.kvSmoothTransition-1.0.0.min.js HTTP/1.1" 200 837 "-" "Mozilla/5.0 (compatible; Baiduspider/2.0; +http://www.baidu.com/search/spider.html)"
118.96.72.168 - - [19/Aug/2013:04:20:04 -0400] "GET /js/jquery.smooth-scroll.min.js HTTP/1.1" 200 2648 "http://id.truthfortheworld.org/dipanggil-untuk-beribadah" "Mozilla/5.0 (Windows NT 5.1; rv:23.0) Gecko/20100101 Firefox/23.0"
118.96.72.168 - - [19/Aug/2013:04:20:05 -0400] "GET /css/reset.css HTTP/1.1" 200 1173 "http://truthfortheworld.org/css/main.css" "Mozilla/5.0 (Windows NT 5.1; rv:23.0) Gecko/20100101 Firefox/23.0"
69.30.238.162 - - [19/Aug/2013:04:22:39 -0400] "GET /blog/2013/04/26/blog/2012/11/07/blog/2012/09/21/blog/2012/09/21/blog/blog2012/blog/blog/2013/04/26/blog2012/09 HTTP/1.0" 200 11285 "-" "Mozilla/5.0 (compatible; MJ12bot/v1.4.3; http://www.majestic12.co.uk/bot.php?+)"
69.30.238.162 - - [19/Aug/2013:04:27:35 -0400] "GET /blog/2013/04/26/blog/2012/11/07/blog/2012/09/21/blog/2012/09/21/blog/blog2012/blog2012/blog/2012/11/07/online-radio-station-launched HTTP/1.0" 200 11285 "-" "Mozilla/5.0 (compatible; MJ12bot/v1.4.3; http://www.majestic12.co.uk/bot.php?+)"
69.30.238.162 - - [19/Aug/2013:04:34:57 -0400] "GET /blog/2013/04/26/blog/2012/11/07/blog/2012/09/21/blog/2012/09/21/blog2012/blog/2012/09/21/blog/2013/04/26/blog/2012/09/21/blog/2013/04/26/a-somewhat-missed-opportunity HTTP/1.0" 200 11285 "-" "Mozilla/5.0 (compatible; MJ12bot/v1.4.3; http://www.majestic12.co.uk/bot.php?+)"
72.0.170.29 - - [19/Aug/2013:04:43:04 -0400] "GET /js/html5shiv.js HTTP/1.1" 200 2359 "http://truthfortheworld.org/" "Mozilla/5.0 (compatible; MSIE 9.0; Windows NT 6.0; Trident/5.0; BOIE9;ENUS)"
69.30.238.162 - - [19/Aug/2013:04:48:26 -0400] "GET /blog/2013/04/26/blog/2012/11/07/blog/2012/09/21/blog/2012/09/21/blog2012/blog/2013/03/19/blog/2013/03/19/blog/feed.rss HTTP/1.0" 200 11285 "-" "Mozilla/5.0 (compatible; MJ12bot/v1.4.3; http://www.majestic12.co.uk/bot.php?+)"
69.30.238.162 - - [19/Aug/2013:04:51:29 -0400] "GET /blog/2013/04/26/blog/2012/11/07/blog/2012/09/21/blog/2012/09/21/blog2012/blog/2013/03/19/blog/2013/04/26/blog/2012/09/21/blog2013/03 HTTP/1.0" 200 11285 "-" "Mozilla/5.0 (compatible; MJ12bot/v1.4.3; http://www.majestic12.co.uk/bot.php?+)"
98.137.207.27 - - [19/Aug/2013:04:56:46 -0400] "GET /js/html5shiv.js HTTP/1.1" 200 2359 "http://truthfortheworld.org/why-jesus-came-to-earth" "Mozilla/5.0 (compatible; Yahoo! Slurp/3.0; http://help.yahoo.com/help/us/ysearch/slurp) NOT Firefox/3.5"
98.137.207.27 - - [19/Aug/2013:04:56:46 -0400] "GET /js/jquery.smooth-scroll.min.js HTTP/1.1" 200 2648 "http://truthfortheworld.org/why-jesus-came-to-earth" "Mozilla/5.0 (compatible; Yahoo! Slurp/3.0; http://help.yahoo.com/help/us/ysearch/slurp) NOT Firefox/3.5"
98.137.207.27 - - [19/Aug/2013:04:56:46 -0400] "GET /js/easySlider1.7.js HTTP/1.1" 200 6198 "http://truthfortheworld.org/why-jesus-came-to-earth" "Mozilla/5.0 (compatible; Yahoo! Slurp/3.0; http://help.yahoo.com/help/us/ysearch/slurp) NOT Firefox/3.5"
98.137.207.27 - - [19/Aug/2013:04:56:46 -0400] "GET /pix/pan_expl.jpg HTTP/1.1" 200 26609 "http://truthfortheworld.org/why-jesus-came-to-earth" "Mozilla/5.0 (compatible; Yahoo! Slurp/3.0; http://help.yahoo.com/help/us/ysearch/slurp) NOT Firefox/3.5"
98.137.207.27 - - [19/Aug/2013:04:56:47 -0400] "GET /css/header.css HTTP/1.1" 200 20687 "http://truthfortheworld.org/css/main.css" "Mozilla/5.0 (compatible; Yahoo! Slurp/3.0; http://help.yahoo.com/help/us/ysearch/slurp) NOT Firefox/3.5"
