183.171.170.80 - - [19/Aug/2013:06:03:15 -0400] "GET /js/superfish.js HTTP/1.1" 200 6728 "http://id.truthfortheworld.org/anugerah-allah" "Mozilla/5.0 (Linux; Android 4.2.2; GT-I9500 Build/JDQ39) AppleWebKit/537.22 (KHTML, like Gecko) Chrome/25.0.1364.169 Mobile Safari/537.22"
183.171.170.80 - - [19/Aug/2013:06:03:16 -0400] "GET /css/footer.css HTTP/1.1" 200 3501 "http://id.truthfortheworld.org/anugerah-allah" "Mozilla/5.0 (Linux; Android 4.2.2; GT-I9500 Build/JDQ39) AppleWebKit/537.22 (KHTML, like Gecko) Chrome/25.0.1364.169 Mobile Safari/537.22"
183.171.170.80 - - [19/Aug/2013:06:03:17 -0400] "GET /pix/uk_lg.png HTTP/1.1" 200 1767 "http://id.truthfortheworld.org/anugerah-allah" "Mozilla/5.0 (Linux; Android 4.2.2; GT-I9500 Build/JDQ39) AppleWebKit/537.22 (KHTML, like Gecko) Chrome/25.0.1364.169 Mobile Safari/537.22"
183.171.170.80 - - [19/Aug/2013:06:03:17 -0400] "GET /pix/facebook.png HTTP/1.1" 200 2478 "http://id.truthfortheworld.org/anugerah-allah" "Mozilla/5.0 (Linux; Android 4.2.2; GT-I9500 Build/JDQ39) AppleWebKit/537.22 (KHTML, like Gecko) Chrome/25.0.1364.169 Mobile Safari/537.22"
183.171.170.80 - - [19/Aug/2013:06:03:18 -0400] "GET /pix/earth.jpg HTTP/1.1" 200 13099 "http://id.truthfortheworld.org/anugerah-allah" "Mozilla/5.0 (Linux; Android 4.2.2; GT-I9500 Build/JDQ39) AppleWebKit/537.22 (KHTML, like Gecko) Chrome/25.0.1364.169 Mobile Safari/537.22"
183.171.170.80 - - [19/Aug/2013:06:03:19 -0400] "GET /css/print.css HTTP/1.1" 200 437 "http://id.truthfortheworld.org/anugerah-allah" "Mozilla/5.0 (Linux; Android 4.2.2; GT-I9500 Build/JDQ39) AppleWebKit/537.22 (KHTML, like Gecko) Chrome/25.0.1364.169 Mobile Safari/537.22"
183.171.170.80 - - [19/Aug/2013:06:03:20 -0400] "GET /pix/favicon.ico HTTP/1.1" 200 1150 "-" "Mozilla/5.0 (Linux; Android 4.2.2; GT-I9500 Build/JDQ39) AppleWebKit/537.22 (KHTML, like Gecko) Chrome/25.0.1364.169 Safari/537.22"
141.0.8.86 - - [19/Aug/2013:06:10:24 -0400] "GET /css/sidebars.css HTTP/1.1" 200 8749 "http://id.truthfortheworld.org/obat-obat-terlarang-dan-lkohol" "Opera/9.80 (J2ME/MIDP; Opera Mini/4.2/30.3697; U; en) Presto/2.8.119 Version/11.10"
141.0.8.86 - - [19/Aug/2013:06:10:24 -0400] "GET /pix/google-plus.png HTTP/1.1" 200 2371 "http://id.truthfortheworld.org/obat-obat-terlarang-dan-lkohol" "Opera/9.80 (J2ME/MIDP; Opera Mini/4.2/30.3697; U; en) Presto/2.8.119 Version/11.10"
218.109.246.175 - - [19/Aug/2013:06:11:53 -0400] "GET /css/bcc.css HTTP/1.1" 200 3352 "http://truthfortheworld.org/bcc/" "Mozilla/5.0 (Windows NT 6.1) AppleWebKit/537.36 (KHTML, like Gecko) Chrome/28.0.1500.95 Safari/537.36"
218.109.246.175 - - [19/Aug/2013:06:11:54 -0400] "GET /css/reset.css HTTP/1.1" 200 1173 "http://truthfortheworld.org/bcc/" "Mozilla/5.0 (Windows NT 6.1) AppleWebKit/537.36 (KHTML, like Gecko) Chrome/28.0.1500.95 Safari/537.36"
218.109.246.175 - - [19/Aug/2013:06:11:55 -0400] "GET /pix/bgtexture.jpg HTTP/1.1" 200 23844 "http://truthfortheworld.org/bcc/" "Mozilla/5.0 (Windows NT 6.1) AppleWebKit/537.36 (KHTML, like Gecko) Chrome/28.0.1500.95 Safari/537.36"
178.255.215.90 - - [19/Aug/2013:06:13:37 -0400] "GET /index.html HTTP/1.1" 404 17075 "-" "Mozilla/5.0 (compatible; Exabot/3.0 (BiggerBetter); +http://www.exabot.com/go/robot)"
222.239.162.7 - - [19/Aug/2013:06:23:01 -0400] "GET / HTTP/1.1" 301 236 "http://search.daum.net/" "Mozilla/5.0 (compatible; MSIE or Firefox mutant; not on Windows server; + http://tab.search.daum.net/aboutWebSearch.html) Daumoa/3.0"
49.145.156.218 - - [19/Aug/2013:06:28:40 -0400] "GET /topics HTTP/1.1" 200 15516 "http://truthfortheworld.org/ask" "Mozilla/5.0 (Windows NT 5.1; rv:19.0) Gecko/20100101 Firefox/19.0"
69.80.56.43 - - [19/Aug/2013:06:42:56 -0400] "GET /mp3/web/TFTW_Firm_Foundation_25_Sin_Part_1.mp3 HTTP/1.1" 206 7093394 "-" "AppleCoreMedia/1.0.0.10B329 (iPad; U; CPU OS 6_1_3 like Mac OS X; en_us)"
199.46.196.232 - - [19/Aug/2013:06:47:54 -0400] "GET /pix/pan_expl.jpg HTTP/1.1" 304 - "http://truthfortheworld.org/" "Mozilla/5.0 (X11; Linux i686; rv:17.0) Gecko/20130619 Firefox/17.0"
68.33.180.5 - - [19/Aug/2013:06:53:09 -0400] "GET /science-proves-the-bible HTTP/1.1" 200 19130 "-" "Mozilla/5.0 (Linux; U; Android 4.1.2; en-us; SGH-T999 Build/JZO54K) AppleWebKit/534.30 (KHTML, like Gecko) Version/4.0 Mobile Safari/534.30"
68.33.180.5 - - [19/Aug/2013:06:53:10 -0400] "GET /js/html5shiv.js HTTP/1.1" 200 2359 "http://truthfortheworld.org/science-proves-the-bible" "Mozilla/5.0 (Linux; U; Android 4.1.2; en-us; SGH-T999 Build/JZO54K) AppleWebKit/534.30 (KHTML, like Gecko) Version/4.0 Mobile Safari/534.30"
68.33.180.5 - - [19/Aug/2013:06:53:10 -0400] "GET /css/main.css HTTP/1.1" 200 29927 "http://truthfortheworld.org/science-proves-the-bible" "Mozilla/5.0 (Linux; U; Android 4.1.2; en-us; SGH-T999 Build/JZO54K) AppleWebKit/534.30 (KHTML, like Gecko) Version/4.0 Mobile Safari/534.30"
68.33.180.5 - - [19/Aug/2013:06:53:11 -0400] "GET /css/reset.css HTTP/1.1" 200 1173 "http://truthfortheworld.org/science-proves-the-bible" "Mozilla/5.0 (Linux; U; Android 4.1.2; en-us; SGH-T999 Build/JZO54K) AppleWebKit/534.30 (KHTML, like Gecko) Version/4.0 Mobile Safari/534.30"
68.33.180.5 - - [19/Aug/2013:06:53:11 -0400] "GET /pix/es_lg.png HTTP/1.1" 200 873 "http://truthfortheworld.org/science-proves-the-bible" "Mozilla/5.0 (Linux; U; Android 4.1.2; en-us; SGH-T999 Build/JZO54K) AppleWebKit/534.30 (KHTML, like Gecko) Version/4.0 Mobile Safari/534.30"
41.160.137.4 - - [19/Aug/2013:07:06:08 -0400] "GET /pix/favicon.ico HTTP/1.1" 200 1150 "-" "Mozilla/5.0 (compatible; MSIE 9.0; Windows NT 6.1; WOW64; Trident/5.0)"
139.228.56.193 - - [19/Aug/2013:07:38:30 -0400] "GET /siapakah-roh-kudus-itu HTTP/1.1" 200 16138 "https://www.google.com/" "Mozilla/5.0 (Windows NT 6.1; WOW64) AppleWebKit/537.36 (KHTML, like Gecko) Chrome/28.0.1500.95 Safari/537.36"
36.77.5.222 - - [19/Aug/2013:07:39:16 -0400] "GET /pix/email.png HTTP/1.1" 200 1157 "http://id.truthfortheworld.org/obat-obat-terlarang-dan-lkohol" "Mozilla/5.0 (Windows NT 5.1; rv:23.0) Gecko/20100101 Firefox/23.0"
209.86.226.32 - - [19/Aug/2013:07:45:05 -0400] "GET /pix/favicon.ico HTTP/1.1" 200 1150 "-" "Mozilla/4.0 (compatible; MSIE 8.0; Windows NT 5.1; Trident/4.0; .NET CLR 1.1.4322; .NET CLR 2.0.50727; .NET CLR 3.0.4506.2152; .NET CLR 3.5.30729) w:PACBHO60"
92.20.216.144 - - [19/Aug/2013:07:47:02 -0400] "GET /online-radio HTTP/1.1" 200 11445 "http://truthfortheworld.org/" "Mozilla/5.0 (Windows NT 6.1; WOW64; rv:23.0) Gecko/20100101 Firefox/23.0"
82.145.216.4 - - [19/Aug/2013:07:48:25 -0400] "GET /pix/favicon.ico HTTP/1.1" 200 1150 "http://truthfortheworld.org/seventh-day-adventists" "Opera/9.80 (J2ME/MIDP; Opera Mini/7.1.32052/30.3697; U; en) Presto/2.8.119 Version/11.10"
82.145.216.4 - - [19/Aug/2013:07:48:26 -0400] "GET /pix/bgtexture.jpg HTTP/1.1" 200 23844 "http://truthfortheworld.org/seventh-day-adventists" "Opera/9.80 (J2ME/MIDP; Opera Mini/7.1.32052/30.3697; U; en) Presto/2.8.119 Version/11.10"
82.145.216.4 - - [19/Aug/2013:07:48:26 -0400] "GET /pix/facebook.png HTTP/1.1" 200 2478 "http://truthfortheworld.org/seventh-day-adventists" "Opera/9.80 (J2ME/MIDP; Opera Mini/7.1.32052/30.3697; U; en) Presto/2.8.119 Version/11.10"
82.145.216.4 - - [19/Aug/2013:07:48:28 -0400] "GET /js/superfish.js HTTP/1.1" 200 6728 "http://truthfortheworld.org/seventh-day-adventists" "Opera/9.80 (J2ME/MIDP; Opera Mini/7.1.32052/30.3697; U; en) Presto/2.8.119 Version/11.10"
197.242.115.149 - - [19/Aug/2013:07:51:29 -0400] "GET /pix/bg_headdb.jpg HTTP/1.1" 200 3209 "http://truthfortheworld.org/css/header.css" "Mozilla/5.0 (Windows NT 5.1; rv:12.0) Gecko/20100101 Firefox/12.0"
197.242.115.149 - - [19/Aug/2013:07:52:07 -0400] "GET /pix/floatbar_bg_title.png HTTP/1.1" 200 5217 "http://truthfortheworld.org/css/header.css" "Mozilla/5.0 (Windows NT 5.1; rv:12.0) Gecko/20100101 Firefox/12.0"
66.249.82.153 - - [19/Aug/2013:08:09:54 -0400] "GET /pix/littleball.png HTTP/1.1" 200 1639 "http://truthfortheworld.org/bfof-ch6" "Mozilla/5.0 (en-us) AppleWebKit/534.14 (KHTML, like Gecko; Google Wireless Transcoder) Chrome/9.0.597 Safari/534.14"
66.249.82.153 - - [19/Aug/2013:08:09:54 -0400] "GET /pix/bg_headlb.jpg HTTP/1.1" 200 3277 "http://truthfortheworld.org/bfof-ch6" "Mozilla/5.0 (en-us) AppleWebKit/534.14 (KHTML, like Gecko; Google Wireless Transcoder) Chrome/9.0.597 Safari/534.14"
66.249.82.153 - - [19/Aug/2013:08:09:54 -0400] "GET /pix/nav_bg.jpg HTTP/1.1" 200 3618 "http://truthfortheworld.org/bfof-ch6" "Mozilla/5.0 (en-us) AppleWebKit/534.14 (KHTML, like Gecko; Google Wireless Transcoder) Chrome/9.0.597 Safari/534.14"
180.243.67.67 - - [19/Aug/2013:08:11:38 -0400] "GET /css/print.css HTTP/1.1" 200 437 "http://id.truthfortheworld.org/bagaimana-roh-kudus-tinggal-dalam-orang-kristen" "Mozilla/5.0 (Windows NT 6.1; WOW64; rv:22.0) Gecko/20100101 Firefox/22.0"
54.244.58.244 - - [19/Aug/2013:08:12:14 -0400] "GET /pix/favicon.ico HTTP/1.1" 200 1150 "-" "Mozilla/5.0 (Series40; NokiaX2-02/11.79; Profile/MIDP-2.1 Configuration/CLDC-1.1) Gecko/20100401 S40OviBrowser/3.2.0.0.6"
37.228.107.189 - - [19/Aug/2013:08:15:02 -0400] "GET /css/sidebars.css HTTP/1.1" 304 - "http://truthfortheworld.org/buddhism" "Opera/9.80 (J2ME/MIDP; Opera Mini/7.1.32052/30.3697; U; en) Presto/2.8.119 Version/11.10"
37.228.107.189 - - [19/Aug/2013:08:15:02 -0400] "GET /pix/mob.header.jpg HTTP/1.1" 304 - "http://truthfortheworld.org/buddhism" "Opera/9.80 (J2ME/MIDP; Opera Mini/7.1.32052/30.3697; U; en) Presto/2.8.119 Version/11.10"
37.228.107.189 - - [19/Aug/2013:08:15:02 -0400] "GET /pix/facebook.png HTTP/1.1" 304 - "http://truthfortheworld.org/buddhism" "Opera/9.80 (J2ME/MIDP; Opera Mini/7.1.32052/30.3697; U; en) Presto/2.8.119 Version/11.10"
37.228.107.189 - - [19/Aug/2013:08:15:03 -0400] "GET /js/superfish.js HTTP/1.1" 304 - "http://truthfortheworld.org/buddhism" "Opera/9.80 (J2ME/MIDP; Opera Mini/7.1.32052/30.3697; U; en) Presto/2.8.119 Version/11.10"
37.228.107.189 - - [19/Aug/2013:08:16:23 -0400] "GET /css/sidebars.css HTTP/1.1" 304 - "http://truthfortheworld.org/roman-catholic-church" "Opera/9.80 (J2ME/MIDP; Opera Mini/7.1.32052/30.3697; U; en) Presto/2.8.119 Version/11.10"
37.228.107.189 - - [19/Aug/2013:08:16:23 -0400] "GET /pix/cn_lg.png HTTP/1.1" 304 - "http://truthfortheworld.org/roman-catholic-church" "Opera/9.80 (J2ME/MIDP; Opera Mini/7.1.32052/30.3697; U; en) Presto/2.8.119 Version/11.10"
37.228.107.189 - - [19/Aug/2013:08:16:23 -0400] "GET /pix/twitter.png HTTP/1.1" 304 - "http://truthfortheworld.org/roman-catholic-church" "Opera/9.80 (J2ME/MIDP; Opera Mini/7.1.32052/30.3697; U; en) Presto/2.8.119 Version/11.10"
37.228.107.189 - - [19/Aug/2013:08:16:24 -0400] "GET /js/jquery.hoverIntent.js HTTP/1.1" 304 - "http://truthfortheworld.org/roman-catholic-church" "Opera/9.80 (J2ME/MIDP; Opera Mini/7.1.32052/30.3697; U; en) Presto/2.8.119 Version/11.10"
79.91.60.9 - - [19/Aug/2013:08:21:56 -0400] "GET /blog/2013/04/26/blog/2012/11/07/blog/2013/01/15/blog/2013/01/15/blog/2012/09/21/blog2012/11 HTTP/1.1" 200 11285 "-" "Mozilla/5.0 (compatible; MJ12bot/v1.4.3; http://www.majestic12.co.uk/bot.php?+)"
79.91.60.9 - - [19/Aug/2013:08:21:58 -0400] "GET /blog/2013/04/26/blog/2012/11/07/blog/2013/01/15/blog/2013/01/15/blog/2012/09/21/blog2013/01 HTTP/1.1" 200 11285 "-" "Mozilla/5.0 (compatible; MJ12bot/v1.4.3; http://www.majestic12.co.uk/bot.php?+)"
79.91.60.9 - - [19/Aug/2013:08:22:00 -0400] "GET /blog/2013/04/26/blog/2012/11/07/blog/2013/01/15/blog/2013/01/15/blog/2012/09/21/blog2013/03 HTTP/1.1" 200 11285 "-" "Mozilla/5.0 (compatible; MJ12bot/v1.4.3; http://www.majestic12.co.uk/bot.php?+)"
79.91.60.9 - - [19/Aug/2013:08:22:02 -0400] "GET /blog/2013/04/26/blog/2012/11/07/blog/2013/01/15/blog/2013/01/15/blog/2012/09/21/blog2013/04 HTTP/1.1" 200 11285 "-" "Mozilla/5.0 (compatible; MJ12bot/v1.4.3; http://www.majestic12.co.uk/bot.php?+)"
41.160.137.15 - - [19/Aug/2013:08:23:29 -0400] "GET /js/jquery.tablesorter.min.js HTTP/1.1" 200 16646 "http://truthfortheworld.org/radio-programs" "Mozilla/5.0 (compatible; MSIE 9.0; Windows NT 6.1; WOW64; Trident/5.0)"
196.2.126.176 - - [19/Aug/2013:08:41:46 -0400] "GET /css/reset.css HTTP/1.1" 304 - "http://truthfortheworld.org/css/bcc.css" "Mozilla/5.0 (Windows NT 5.1; rv:23.0) Gecko/20100101 Firefox/23.0"
196.2.126.176 - - [19/Aug/2013:08:41:48 -0400] "GET /favicon.ico HTTP/1.1" 404 17193 "-" "Mozilla/5.0 (Windows NT 5.1; rv:23.0) Gecko/20100101 Firefox/23.0"
68.191.232.186 - - [19/Aug/2013:08:46:33 -0400] "GET /js/easySlider1.7.js HTTP/1.1" 200 6198 "http://truthfortheworld.org/" "Mozilla/5.0 (Macintosh; Intel Mac OS X 10_8_4) AppleWebKit/536.30.1 (KHTML, like Gecko) Version/6.0.5 Safari/536.30.1"
68.191.232.186 - - [19/Aug/2013:08:46:33 -0400] "GET /css/sidebars.css HTTP/1.1" 200 8749 "http://truthfortheworld.org/" "Mozilla/5.0 (Macintosh; Intel Mac OS X 10_8_4) AppleWebKit/536.30.1 (KHTML, like Gecko) Version/6.0.5 Safari/536.30.1"
68.191.232.186 - - [19/Aug/2013:08:46:33 -0400] "GET /pix/es.png HTTP/1.1" 200 469 "http://truthfortheworld.org/" "Mozilla/5.0 (Macintosh; Intel Mac OS X 10_8_4) AppleWebKit/536.30.1 (KHTML, like Gecko) Version/6.0.5 Safari/536.30.1"
68.191.232.186 - - [19/Aug/2013:08:46:33 -0400] "GET /pix/pan_ios.jpg HTTP/1.1" 200 27182 "http://truthfortheworld.org/" "Mozilla/5.0 (Macintosh; Intel Mac OS X 10_8_4) AppleWebKit/536.30.1 (KHTML, like Gecko) Version/6.0.5 Safari/536.30.1"
68.191.232.186 - - [19/Aug/2013:08:46:33 -0400] "GET /pix/bg_headlb.jpg HTTP/1.1" 200 3277 "http://truthfortheworld.org/" "Mozilla/5.0 (Macintosh; Intel Mac OS X 10_8_4) AppleWebKit/536.30.1 (KHTML, like Gecko) Version/6.0.5 Safari/536.30.1"
68.191.232.186 - - [19/Aug/2013:08:46:33 -0400] "GET /pix/swirl.png HTTP/1.1" 200 1619 "http://truthfortheworld.org/" "Mozilla/5.0 (Macintosh; Intel Mac OS X 10_8_4) AppleWebKit/536.30.1 (KHTML, like Gecko) Version/6.0.5 Safari/536.30.1"
68.191.232.186 - - [19/Aug/2013:08:46:33 -0400] "GET /pix/on.jpg HTTP/1.1" 200 2489 "http://truthfortheworld.org/" "Mozilla/5.0 (Macintosh; Intel Mac OS X 10_8_4) AppleWebKit/536.30.1 (KHTML, like Gecko) Version/6.0.5 Safari/536.30.1"
114.79.58.182 - - [19/Aug/2013:08:50:46 -0400] "GET /js/jquery.smooth-scroll.min.js HTTP/1.1" 200 2648 "http://id.truthfortheworld.org/penyembahan-yang-berkenan" "Mozilla/5.0 (Windows NT 6.1) AppleWebKit/537.36 (KHTML, like Gecko) Chrome/28.0.1500.95 Safari/537.36"
114.79.58.182 - - [19/Aug/2013:08:50:47 -0400] "GET /pix/bg_headlb.jpg HTTP/1.1" 200 3277 "http://id.truthfortheworld.org/penyembahan-yang-berkenan" "Mozilla/5.0 (Windows NT 6.1) AppleWebKit/537.36 (KHTML, like Gecko) Chrome/28.0.1500.95 Safari/537.36"
114.79.58.182 - - [19/Aug/2013:08:50:48 -0400] "GET /pix/earth.jpg HTTP/1.1" 200 13099 "http://id.truthfortheworld.org/penyembahan-yang-berkenan" "Mozilla/5.0 (Windows NT 6.1) AppleWebKit/537.36 (KHTML, like Gecko) Chrome/28.0.1500.95 Safari/537.36"
114.79.58.182 - - [19/Aug/2013:08:50:50 -0400] "GET /pix/favicon.ico HTTP/1.1" 200 1150 "-" "Mozilla/5.0 (Windows NT 6.1) AppleWebKit/537.36 (KHTML, like Gecko) Chrome/28.0.1500.95 Safari/537.36"
114.79.16.240 - - [19/Aug/2013:08:59:33 -0400] "GET /pix/littleball.png HTTP/1.1" 200 1639 "http://id.truthfortheworld.org/baptisan" "Mozilla/5.0 (Windows NT 5.1; rv:23.0) Gecko/20100101 Firefox/23.0"
114.79.16.240 - - [19/Aug/2013:08:59:33 -0400] "GET /css/reftagger.css HTTP/1.1" 200 1583 "http://truthfortheworld.org/css/main.css" "Mozilla/5.0 (Windows NT 5.1; rv:23.0) Gecko/20100101 Firefox/23.0"
114.79.16.240 - - [19/Aug/2013:08:59:41 -0400] "GET /pix/id.brightball.jpg HTTP/1.1" 200 7542 "http://truthfortheworld.org/css/header.css" "Mozilla/5.0 (Windows NT 5.1; rv:23.0) Gecko/20100101 Firefox/23.0"
68.231.65.221 - - [19/Aug/2013:03:13:01 -0400] "GET /js/main.js HTTP/1.1" 200 9723 "http://truthfortheworld.org/" "Mozilla/5.0 (iPhone; CPU iPhone OS 6_1_1 like Mac OS X) AppleWebKit/536.26 (KHTML, like Gecko) Version/6.0 Mobile/10B145 Safari/8536.25"
68.231.65.221 - - [19/Aug/2013:03:13:01 -0400] "GET /pix/pan_texting.jpg HTTP/1.1" 200 29933 "http://truthfortheworld.org/" "Mozilla/5.0 (iPhone; CPU iPhone OS 6_1_1 like Mac OS X) AppleWebKit/536.26 (KHTML, like Gecko) Version/6.0 Mobile/10B145 Safari/8536.25"
68.231.65.221 - - [19/Aug/2013:03:13:01 -0400] "GET /pix/fadeworld.jpg HTTP/1.1" 200 2205 "http://truthfortheworld.org/" "Mozilla/5.0 (iPhone; CPU iPhone OS 6_1_1 like Mac OS X) AppleWebKit/536.26 (KHTML, like Gecko) Version/6.0 Mobile/10B145 Safari/8536.25"
114.79.12.216 - - [19/Aug/2013:03:40:07 -0400] "GET /css/reftagger.css HTTP/1.1" 200 1583 "http://id.truthfortheworld.org/jalan-kebenaran" "Mozilla/5.0 (Windows NT 6.1) AppleWebKit/537.36 (KHTML, like Gecko) Chrome/28.0.1500.95 Safari/537.36"
114.79.12.216 - - [19/Aug/2013:03:40:10 -0400] "GET /pix/bg_headdb.jpg HTTP/1.1" 200 3209 "http://id.truthfortheworld.org/jalan-kebenaran" "Mozilla/5.0 (Windows NT 6.1) AppleWebKit/537.36 (KHTML, like Gecko) Chrome/28.0.1500.95 Safari/537.36"
114.79.12.216 - - [19/Aug/2013:03:40:11 -0400] "GET /pix/id.brightball.jpg HTTP/1.1" 200 7542 "http://id.truthfortheworld.org/jalan-kebenaran" "Mozilla/5.0 (Windows NT 6.1) AppleWebKit/537.36 (KHTML, like Gecko) Chrome/28.0.1500.95 Safari/537.36"
114.79.12.216 - - [19/Aug/2013:03:40:13 -0400] "GET /pix/es.png HTTP/1.1" 200 469 "http://id.truthfortheworld.org/jalan-kebenaran" "Mozilla/5.0 (Windows NT 6.1) AppleWebKit/537.36 (KHTML, like Gecko) Chrome/28.0.1500.95 Safari/537.36"
114.79.12.216 - - [19/Aug/2013:03:40:14 -0400] "GET /pix/email.png HTTP/1.1" 200 1157 "http://id.truthfortheworld.org/jalan-kebenaran" "Mozilla/5.0 (Windows NT 6.1) AppleWebKit/537.36 (KHTML, like Gecko) Chrome/28.0.1500.95 Safari/537.36"
114.79.12.216 - - [19/Aug/2013:03:40:15 -0400] "GET /pix/bg_headlb.jpg HTTP/1.1" 200 3277 "http://id.truthfortheworld.org/jalan-kebenaran" "Mozilla/5.0 (Windows NT 6.1) AppleWebKit/537.36 (KHTML, like Gecko) Chrome/28.0.1500.95 Safari/537.36"
114.79.12.216 - - [19/Aug/2013:03:40:16 -0400] "GET /pix/facebook.png HTTP/1.1" 200 2478 "http://id.truthfortheworld.org/jalan-kebenaran" "Mozilla/5.0 (Windows NT 6.1) AppleWebKit/537.36 (KHTML, like Gecko) Chrome/28.0.1500.95 Safari/537.36"
114.79.12.216 - - [19/Aug/2013:03:40:17 -0400] "GET /pix/youtube.png HTTP/1.1" 200 2803 "http://id.truthfortheworld.org/jalan-kebenaran" "Mozilla/5.0 (Windows NT 6.1) AppleWebKit/537.36 (KHTML, like Gecko) Chrome/28.0.1500.95 Safari/537.36"
1.121.128.184 - - [19/Aug/2013:03:49:52 -0400] "GET /js/html5shiv.js HTTP/1.1" 200 2359 "http://truthfortheworld.org/theistic-evolution" "Mozilla/5.0 (Windows NT 6.1) AppleWebKit/537.36 (KHTML, like Gecko) Chrome/28.0.1500.95 Safari/537.36"
1.121.128.184 - - [19/Aug/2013:03:49:53 -0400] "GET /css/main.css HTTP/1.1" 200 29927 "http://truthfortheworld.org/theistic-evolution" "Mozilla/5.0 (Windows NT 6.1) AppleWebKit/537.36 (KHTML, like Gecko) Chrome/28.0.1500.95 Safari/537.36"
1.121.128.184 - - [19/Aug/2013:03:49:53 -0400] "GET /css/reset.css HTTP/1.1" 200 1173 "http://truthfortheworld.org/theistic-evolution" "Mozilla/5.0 (Windows NT 6.1) AppleWebKit/537.36 (KHTML, like Gecko) Chrome/28.0.1500.95 Safari/537.36"
1.121.128.184 - - [19/Aug/2013:03:49:56 -0400] "GET /pix/cn.png HTTP/1.1" 200 472 "http://truthfortheworld.org/theistic-evolution" "Mozilla/5.0 (Windows NT 6.1) AppleWebKit/537.36 (KHTML, like Gecko) Chrome/28.0.1500.95 Safari/537.36"
1.121.128.184 - - [19/Aug/2013:03:49:56 -0400] "GET /js/superfish.js HTTP/1.1" 200 6728 "http://truthfortheworld.org/theistic-evolution" "Mozilla/5.0 (Windows NT 6.1) AppleWebKit/537.36 (KHTML, like Gecko) Chrome/28.0.1500.95 Safari/537.36"
1.121.128.184 - - [19/Aug/2013:03:49:57 -0400] "GET /pix/floatbar_bg.png HTTP/1.1" 200 4653 "http://truthfortheworld.org/theistic-evolution" "Mozilla/5.0 (Windows NT 6.1) AppleWebKit/537.36 (KHTML, like Gecko) Chrome/28.0.1500.95 Safari/537.36"
1.121.128.184 - - [19/Aug/2013:03:49:57 -0400] "GET /pix/swirl.png HTTP/1.1" 200 1619 "http://truthfortheworld.org/theistic-evolution" "Mozilla/5.0 (Windows NT 6.1) AppleWebKit/537.36 (KHTML, like Gecko) Chrome/28.0.1500.95 Safari/537.36"
65.55.24.245 - - [19/Aug/2013:04:11:19 -0400] "GET /sciptures/rom82627.htm HTTP/1.1" 301 258 "-" "Mozilla/5.0 (compatible; bingbot/2.0; +http://www.bing.com/bingbot.htm)"
103.10.186.42 - - [19/Aug/2013:04:17:44 -0400] "GET /js/main.js HTTP/1.1" 200 9723 "http://id.truthfortheworld.org/bernyanyi-dalam-ibadah" "Mozilla/5.0 (Windows NT 5.1; rv:23.0) Gecko/20100101 Firefox/23.0"
69.30.238.162 - - [19/Aug/2013:04:20:42 -0400] "GET /blog/2013/04/26/blog/2012/11/07/blog/2012/09/21/blog/2012/09/21/blog/blog2012/blog/blog/2013/01/15/blog2012/09 HTTP/1.0" 200 11285 "-" "Mozilla/5.0 (compatible; MJ12bot/v1.4.3; http://www.majestic12.co.uk/bot.php?+)"
82.145.216.18 - - [19/Aug/2013:04:20:47 -0400] "GET /pix/google-plus.png HTTP/1.1" 200 2371 "http://truthfortheworld.org/" "Opera/9.80 (J2ME/MIDP; Opera Mini/5.0.18635/30.3697; U; en) Presto/2.8.119 Version/11.10"
69.30.238.162 - - [19/Aug/2013:04:26:31 -0400] "GET /blog/2013/04/26/blog/2012/11/07/blog/2012/09/21/blog/2012/09/21/blog/blog2012/blog2012/blog/2012/09/21/blog/2012/11/07/online-radio-station-launched HTTP/1.0" 503 323 "-" "Mozilla/5.0 (compatible; MJ12bot/v1.4.3; http://www.majestic12.co.uk/bot.php?+)"
141.0.8.138 - - [19/Aug/2013:04:28:47 -0400] "GET /pix/bgtexture.jpg HTTP/1.1" 200 23844 "http://id.truthfortheworld.org/baptisan" "Opera/9.80 (Series 60; Opera Mini/7.1.32444/30.3697; U; id) Presto/2.8.119 Version/11.10"
141.0.8.138 - - [19/Aug/2013:04:28:48 -0400] "GET /js/main.js HTTP/1.1" 200 9723 "http://id.truthfortheworld.org/baptisan" "Opera/9.80 (Series 60; Opera Mini/7.1.32444/30.3697; U; id) Presto/2.8.119 Version/11.10"
69.30.238.162 - - [19/Aug/2013:04:28:02 -0400] "GET /blog/2013/04/26/blog/2012/11/07/blog/2012/09/21/blog/2012/09/21/blog/blog2012/blog2012/blog2013/03 HTTP/1.0" 503 323 "-" "Mozilla/5.0 (compatible; MJ12bot/v1.4.3; http://www.majestic12.co.uk/bot.php?+)"
69.30.238.162 - - [19/Aug/2013:04:31:12 -0400] "GET /blog/2013/04/26/blog/2012/11/07/blog/2012/09/21/blog/2012/09/21/blog2012/blog/2012/09/21/blog/2013/03/19/blog2012/09 HTTP/1.0" 503 323 "-" "Mozilla/5.0 (compatible; MJ12bot/v1.4.3; http://www.majestic12.co.uk/bot.php?+)"
69.30.238.162 - - [19/Aug/2013:04:31:52 -0400] "GET /blog/2013/04/26/blog/2012/11/07/blog/2012/09/21/blog/2012/09/21/blog2012/blog/2012/09/21/blog/2013/03/19/blog2012/11 HTTP/1.0" 503 323 "-" "Mozilla/5.0 (compatible; MJ12bot/v1.4.3; http://www.majestic12.co.uk/bot.php?+)"
69.30.238.162 - - [19/Aug/2013:04:41:24 -0400] "GET /blog/2013/04/26/blog/2012/11/07/blog/2012/09/21/blog/2012/09/21/blog2012/blog/2013/03/19/blog/2012/11/07/blog/2013/01/15/blog/2013/04/26/a-somewhat-missed-opportunity HTTP/1.0" 503 323 "-" "Mozilla/5.0 (compatible; MJ12bot/v1.4.3; http://www.majestic12.co.uk/bot.php?+)"
69.30.238.162 - - [19/Aug/2013:04:42:08 -0400] "GET /blog/2013/04/26/blog/2012/11/07/blog/2012/09/21/blog/2012/09/21/blog2012/blog/2013/03/19/blog/2012/11/07/blog/2013/01/15/blog/feed.rss HTTP/1.0" 503 323 "-" "Mozilla/5.0 (compatible; MJ12bot/v1.4.3; http://www.majestic12.co.uk/bot.php?+)"
69.30.238.162 - - [19/Aug/2013:04:43:49 -0400] "GET /blog/2013/04/26/blog/2012/11/07/blog/2012/09/21/blog/2012/09/21/blog2012/blog/2013/03/19/blog/2012/11/07/blog/2013/03/19/blog/2013/01/15/mission-trip-to-mexico HTTP/1.0" 503 323 "-" "Mozilla/5.0 (compatible; MJ12bot/v1.4.3; http://www.majestic12.co.uk/bot.php?+)"
69.30.238.162 - - [19/Aug/2013:04:45:08 -0400] "GET /blog/2013/04/26/blog/2012/11/07/blog/2012/09/21/blog/2012/09/21/blog2012/blog/2013/03/19/blog/2012/11/07/blog2013/01 HTTP/1.0" 503 323 "-" "Mozilla/5.0 (compatible; MJ12bot/v1.4.3; http://www.majestic12.co.uk/bot.php?+)"
69.30.238.162 - - [19/Aug/2013:04:46:55 -0400] "GET /blog/2013/04/26/blog/2012/11/07/blog/2012/09/21/blog/2012/09/21/blog2012/blog/2013/03/19/blog/2013/01/15/blog/2013/04/26/a-somewhat-missed-opportunity HTTP/1.0" 503 323 "-" "Mozilla/5.0 (compatible; MJ12bot/v1.4.3; http://www.majestic12.co.uk/bot.php?+)"
93.186.31.244 - - [19/Aug/2013:04:58:10 -0400] "GET /pix/littleball.png HTTP/1.1" 200 1639 "http://truthfortheworld.org/church-of-christ" "BlackBerry9630/5.0.0.975 Profile/MIDP-2.1 Configuration/CLDC-1.1 VendorID/189"
93.186.31.244 - - [19/Aug/2013:04:58:10 -0400] "GET /css/sidebars.css HTTP/1.1" 200 8749 "http://truthfortheworld.org/church-of-christ" "BlackBerry9630/5.0.0.975 Profile/MIDP-2.1 Configuration/CLDC-1.1 VendorID/189"
93.186.31.244 - - [19/Aug/2013:04:58:11 -0400] "GET /pix/bgtexture.jpg HTTP/1.1" 200 23844 "http://truthfortheworld.org/church-of-christ" "BlackBerry9630/5.0.0.975 Profile/MIDP-2.1 Configuration/CLDC-1.1 VendorID/189"
93.186.31.244 - - [19/Aug/2013:04:58:11 -0400] "GET /pix/cn.png HTTP/1.1" 200 472 "http://truthfortheworld.org/church-of-christ" "BlackBerry9630/5.0.0.975 Profile/MIDP-2.1 Configuration/CLDC-1.1 VendorID/189"
93.186.31.244 - - [19/Aug/2013:04:58:11 -0400] "GET /pix/id.png HTTP/1.1" 200 430 "http://truthfortheworld.org/church-of-christ" "BlackBerry9630/5.0.0.975 Profile/MIDP-2.1 Configuration/CLDC-1.1 VendorID/189"
93.186.31.244 - - [19/Aug/2013:04:58:11 -0400] "GET /pix/bg_headlb.jpg HTTP/1.1" 200 3277 "http://truthfortheworld.org/church-of-christ" "BlackBerry9630/5.0.0.975 Profile/MIDP-2.1 Configuration/CLDC-1.1 VendorID/189"
93.186.31.244 - - [19/Aug/2013:04:58:11 -0400] "GET /pix/swirl.png HTTP/1.1" 200 1619 "http://truthfortheworld.org/church-of-christ" "BlackBerry9630/5.0.0.975 Profile/MIDP-2.1 Configuration/CLDC-1.1 VendorID/189"
172.242.130.3 - - [19/Aug/2013:05:28:39 -0400] "GET /js/main.js HTTP/1.1" 304 - "http://truthfortheworld.org/goodness-of-god-part-1" "Mozilla/4.0 (compatible; MSIE 8.0; Windows NT 6.0; Trident/4.0; SLCC1; .NET CLR 2.0.50727; Media Center PC 5.0; .NET CLR 3.5.30729; .NET CLR 3.0.30729; .NET4.0C; InfoPath.2; AskTbORJ/5.15.23.36191)"
157.55.36.50 - - [19/Aug/2013:05:34:14 -0400] "GET /%E4%BA%BA%E6%9C%89%E4%BB%80%E9%BA%BC%E6%A8%A3%E7%9A%84%E9%81%B8%E6%93%87 HTTP/1.1" 200 7548 "-" "Mozilla/5.0 (compatible; bingbot/2.0; +http://www.bing.com/bingbot.htm)"
60.50.205.73 - - [19/Aug/2013:05:43:05 -0400] "GET /css/bcc.css HTTP/1.1" 200 3352 "http://truthfortheworld.org/bcc/courses/bcc_ots_l12.html" "Mozilla/5.0 (compatible; MSIE 10.0; Windows NT 6.1; WOW64; Trident/6.0)"
60.50.205.73 - - [19/Aug/2013:05:43:05 -0400] "GET /css/reset.css HTTP/1.1" 200 1173 "http://truthfortheworld.org/bcc/courses/bcc_ots_l12.html" "Mozilla/5.0 (compatible; MSIE 10.0; Windows NT 6.1; WOW64; Trident/6.0)"
172.242.130.3 - - [19/Aug/2013:05:43:55 -0400] "GET /js/easySlider1.7.js HTTP/1.1" 304 - "http://truthfortheworld.org/goodness-of-god-part-1" "Mozilla/4.0 (compatible; MSIE 8.0; Windows NT 6.0; Trident/4.0; SLCC1; .NET CLR 2.0.50727; Media Center PC 5.0; .NET CLR 3.5.30729; .NET CLR 3.0.30729; .NET4.0C; InfoPath.2; AskTbORJ/5.15.23.36191)"
141.0.8.27 - - [19/Aug/2013:05:45:34 -0400] "GET /css/footer.css HTTP/1.1" 200 3501 "http://truthfortheworld.org/" "Opera/9.80 (J2ME/MIDP; Opera Mini/7.1.32251/30.3697; U; en) Presto/2.8.119 Version/11.10"
141.0.8.27 - - [19/Aug/2013:05:45:34 -0400] "GET /pix/pan_texting.jpg HTTP/1.1" 200 29933 "http://truthfortheworld.org/" "Opera/9.80 (J2ME/MIDP; Opera Mini/7.1.32251/30.3697; U; en) Presto/2.8.119 Version/11.10"
141.0.8.27 - - [19/Aug/2013:05:45:35 -0400] "GET /js/jquery.smooth-scroll.min.js HTTP/1.1" 200 2648 "http://truthfortheworld.org/" "Opera/9.80 (J2ME/MIDP; Opera Mini/7.1.32251/30.3697; U; en) Presto/2.8.119 Version/11.10"
121.99.94.202 - - [19/Aug/2013:05:48:00 -0400] "GET /pix/littleball.png HTTP/1.1" 200 1639 "http://truthfortheworld.org/" "Mozilla/5.0 (Macintosh; Intel Mac OS X 10_7_5) AppleWebKit/537.36 (KHTML, like Gecko) Chrome/28.0.1500.95 Safari/537.36"
121.99.94.202 - - [19/Aug/2013:05:48:01 -0400] "GET /css/print.css HTTP/1.1" 200 437 "http://truthfortheworld.org/" "Mozilla/5.0 (Macintosh; Intel Mac OS X 10_7_5) AppleWebKit/537.36 (KHTML, like Gecko) Chrome/28.0.1500.95 Safari/537.36"
121.99.94.202 - - [19/Aug/2013:05:48:01 -0400] "GET /pix/facebook.png HTTP/1.1" 200 2478 "http://truthfortheworld.org/" "Mozilla/5.0 (Macintosh; Intel Mac OS X 10_7_5) AppleWebKit/537.36 (KHTML, like Gecko) Chrome/28.0.1500.95 Safari/537.36"
121.99.94.202 - - [19/Aug/2013:05:48:01 -0400] "GET /pix/youtube.png HTTP/1.1" 200 2803 "http://truthfortheworld.org/" "Mozilla/5.0 (Macintosh; Intel Mac OS X 10_7_5) AppleWebKit/537.36 (KHTML, like Gecko) Chrome/28.0.1500.95 Safari/537.36"
121.99.94.202 - - [19/Aug/2013:05:48:01 -0400] "GET /css/sidebars.css HTTP/1.1" 200 8749 "http://truthfortheworld.org/" "Mozilla/5.0 (Macintosh; Intel Mac OS X 10_7_5) AppleWebKit/537.36 (KHTML, like Gecko) Chrome/28.0.1500.95 Safari/537.36"
121.99.94.202 - - [19/Aug/2013:05:48:02 -0400] "GET /pix/bg_headdb.jpg HTTP/1.1" 200 3209 "http://truthfortheworld.org/" "Mozilla/5.0 (Macintosh; Intel Mac OS X 10_7_5) AppleWebKit/537.36 (KHTML, like Gecko) Chrome/28.0.1500.95 Safari/537.36"
121.99.94.202 - - [19/Aug/2013:05:48:02 -0400] "GET /pix/search.png HTTP/1.1" 200 1047 "http://truthfortheworld.org/" "Mozilla/5.0 (Macintosh; Intel Mac OS X 10_7_5) AppleWebKit/537.36 (KHTML, like Gecko) Chrome/28.0.1500.95 Safari/537.36"
121.99.94.202 - - [19/Aug/2013:05:48:02 -0400] "GET /pix/donateButton.png HTTP/1.1" 200 973 "http://truthfortheworld.org/" "Mozilla/5.0 (Macintosh; Intel Mac OS X 10_7_5) AppleWebKit/537.36 (KHTML, like Gecko) Chrome/28.0.1500.95 Safari/537.36"
121.99.94.202 - - [19/Aug/2013:05:48:03 -0400] "GET /pix/fadeworld.jpg HTTP/1.1" 200 2205 "http://truthfortheworld.org/" "Mozilla/5.0 (Macintosh; Intel Mac OS X 10_7_5) AppleWebKit/537.36 (KHTML, like Gecko) Chrome/28.0.1500.95 Safari/537.36"
121.99.94.202 - - [19/Aug/2013:05:48:03 -0400] "GET /pix/rarrow.png HTTP/1.1" 200 1045 "http://truthfortheworld.org/" "Mozilla/5.0 (Macintosh; Intel Mac OS X 10_7_5) AppleWebKit/537.36 (KHTML, like Gecko) Chrome/28.0.1500.95 Safari/537.36"
1.202.218.124 - - [19/Aug/2013:05:48:51 -0400] "GET /%E5%8F%97%E8%BF%AB%E5%AE%B3%E7%9A%84%E8%8B%A6%E9%9A%BE HTTP/1.1" 404 171 "-" "Mozilla/5.0 (compatible; JikeSpider; +http://shoulu.jike.com/spider.html)"
206.53.152.6 - - [19/Aug/2013:05:50:06 -0400] "GET /pix/twitter.png HTTP/1.1" 200 1798 "http://id.truthfortheworld.org/penyembahan-yang-berkenan" "Mozilla/5.0 (BlackBerry; U; BlackBerry 9300; en) AppleWebKit/534.8+ (KHTML, like Gecko) Version/6.0.0.666 Mobile Safari/534.8+"
141.0.8.27 - - [19/Aug/2013:05:51:26 -0400] "GET /css/sidebars.css HTTP/1.1" 200 8749 "http://truthfortheworld.org/" "Opera/9.80 (J2ME/MIDP; Opera Mini/7.1.32251/30.3697; U; en) Presto/2.8.119 Version/11.10"
141.0.8.27 - - [19/Aug/2013:05:51:26 -0400] "GET /pix/pan_tunein.jpg HTTP/1.1" 200 34375 "http://truthfortheworld.org/" "Opera/9.80 (J2ME/MIDP; Opera Mini/7.1.32251/30.3697; U; en) Presto/2.8.119 Version/11.10"
141.0.8.27 - - [19/Aug/2013:05:51:27 -0400] "GET /js/easySlider1.7.js HTTP/1.1" 200 6198 "http://truthfortheworld.org/" "Opera/9.80 (J2ME/MIDP; Opera Mini/7.1.32251/30.3697; U; en) Presto/2.8.119 Version/11.10"
82.145.216.62 - - [19/Aug/2013:05:53:18 -0400] "GET /about-us HTTP/1.1" 200 12523 "http://truthfortheworld.org/" "Opera/9.80 (J2ME/MIDP; Opera Mini/4.2.16320/30.3697; U; en) Presto/2.8.119 Version/11.10"
82.145.216.62 - - [19/Aug/2013:05:53:19 -0400] "GET /pix/people/church.jpg HTTP/1.1" 200 34890 "http://truthfortheworld.org/about-us" "Opera/9.80 (J2ME/MIDP; Opera Mini/4.2.16320/30.3697; U; en) Presto/2.8.119 Version/11.10"
70.145.249.221 - - [19/Aug/2013:03:22:06 -0400] "GET /HTML/BCC/bible_courses.html HTTP/1.1" 200 172 "-" "Mozilla/5.0 (Windows NT 5.1; rv:23.0) Gecko/20100101 Firefox/23.0"
124.171.70.143 - - [19/Aug/2013:03:30:00 -0400] "GET /favicon.ico?width=120&height=120 HTTP/1.1" 404 17075 "-" "Pulse 3.1.2 (iPod touch; iPhone OS 6.1.3; en_AU)"
39.192.231.106 - - [19/Aug/2013:03:43:22 -0400] "GET /css/reftagger.css HTTP/1.1" 200 1583 "http://truthfortheworld.org/css/main.css" "Mozilla/5.0 (Windows NT 6.1; rv:12.0) Gecko/20100101 Firefox/12.0"
39.192.231.106 - - [19/Aug/2013:03:43:24 -0400] "GET /pix/id.brightball.jpg HTTP/1.1" 200 7542 "http://truthfortheworld.org/css/header.css" "Mozilla/5.0 (Windows NT 6.1; rv:12.0) Gecko/20100101 Firefox/12.0"
36.76.247.185 - - [19/Aug/2013:03:46:37 -0400] "GET /pix/earth.jpg HTTP/1.1" 200 13099 "http://truthfortheworld.org/css/footer.css" "Mozilla/5.0 (Windows NT 6.1; WOW64; rv:22.0) Gecko/20100101 Firefox/22.0"
1.121.128.184 - - [19/Aug/2013:03:49:53 -0400] "GET /pix/google-plus.png HTTP/1.1" 200 2371 "http://truthfortheworld.org/theistic-evolution" "Mozilla/5.0 (Windows NT 6.1) AppleWebKit/537.36 (KHTML, like Gecko) Chrome/28.0.1500.95 Safari/537.36"
1.121.128.184 - - [19/Aug/2013:03:49:53 -0400] "GET /css/footer.css HTTP/1.1" 200 3501 "http://truthfortheworld.org/theistic-evolution" "Mozilla/5.0 (Windows NT 6.1) AppleWebKit/537.36 (KHTML, like Gecko) Chrome/28.0.1500.95 Safari/537.36"
1.121.128.184 - - [19/Aug/2013:03:49:56 -0400] "GET /pix/bgtexture.jpg HTTP/1.1" 200 23844 "http://truthfortheworld.org/theistic-evolution" "Mozilla/5.0 (Windows NT 6.1) AppleWebKit/537.36 (KHTML, like Gecko) Chrome/28.0.1500.95 Safari/537.36"
50.152.149.198 - - [19/Aug/2013:03:54:23 -0400] "GET /js/superfish.js HTTP/1.1" 200 6728 "http://truthfortheworld.org/internships" "Mozilla/5.0 (Linux; Android 4.3; Nexus 7 Build/JSS15J) AppleWebKit/537.36 (KHTML, like Gecko) Chrome/28.0.1500.94 Safari/537.36"
50.152.149.198 - - [19/Aug/2013:03:54:24 -0400] "GET /css/header.css HTTP/1.1" 200 20687 "http://truthfortheworld.org/internships" "Mozilla/5.0 (Linux; Android 4.3; Nexus 7 Build/JSS15J) AppleWebKit/537.36 (KHTML, like Gecko) Chrome/28.0.1500.94 Safari/537.36"
50.152.149.198 - - [19/Aug/2013:03:54:24 -0400] "GET /pix/bg_headdb.jpg HTTP/1.1" 200 3209 "http://truthfortheworld.org/internships" "Mozilla/5.0 (Linux; Android 4.3; Nexus 7 Build/JSS15J) AppleWebKit/537.36 (KHTML, like Gecko) Chrome/28.0.1500.94 Safari/537.36"
50.152.149.198 - - [19/Aug/2013:03:54:25 -0400] "GET /pix/id_lg.png HTTP/1.1" 200 490 "http://truthfortheworld.org/internships" "Mozilla/5.0 (Linux; Android 4.3; Nexus 7 Build/JSS15J) AppleWebKit/537.36 (KHTML, like Gecko) Chrome/28.0.1500.94 Safari/537.36"
50.152.149.198 - - [19/Aug/2013:03:54:26 -0400] "GET /pix/bg_headlb.jpg HTTP/1.1" 200 3277 "http://truthfortheworld.org/internships" "Mozilla/5.0 (Linux; Android 4.3; Nexus 7 Build/JSS15J) AppleWebKit/537.36 (KHTML, like Gecko) Chrome/28.0.1500.94 Safari/537.36"
180.194.247.143 - - [19/Aug/2013:04:03:04 -0400] "GET /css/print.css HTTP/1.1" 200 437 "http://truthfortheworld.org/do-demons-possess-people-today" "Mozilla/5.0 (Windows NT 6.1; rv:22.0) Gecko/20100101 Firefox/22.0"
220.181.51.156 - - [19/Aug/2013:04:05:15 -0400] "GET /mp3/zh/mbfof26.mp3 HTTP/1.0" 200 17502566 "-" "NSPlayer/10.0.0.4072 WMFSDK/10.0"
180.194.247.143 - - [19/Aug/2013:04:05:26 -0400] "GET /pix/earth.jpg HTTP/1.1" 200 13099 "http://truthfortheworld.org/css/footer.css" "Mozilla/5.0 (Windows NT 6.1; rv:22.0) Gecko/20100101 Firefox/22.0"
69.30.238.162 - - [19/Aug/2013:04:17:28 -0400] "GET /robots.txt HTTP/1.0" 200 392 "-" "Mozilla/5.0 (compatible; MJ12bot/v1.4.3; http://www.majestic12.co.uk/bot.php?+)"
69.30.238.162 - - [19/Aug/2013:04:17:53 -0400] "GET /blog/2013/04/26/blog/2012/11/07/blog/2012/09/21/blog/2012/09/21/blog/blog2012/blog/2013/04/26/blog2013/04 HTTP/1.0" 200 11285 "-" "Mozilla/5.0 (compatible; MJ12bot/v1.4.3; http://www.majestic12.co.uk/bot.php?+)"
69.30.238.162 - - [19/Aug/2013:04:25:37 -0400] "GET /blog/2013/04/26/blog/2012/11/07/blog/2012/09/21/blog/2012/09/21/blog/blog2012/blog/feed.rss HTTP/1.0" 200 11285 "-" "Mozilla/5.0 (compatible; MJ12bot/v1.4.3; http://www.majestic12.co.uk/bot.php?+)"
141.0.8.138 - - [19/Aug/2013:04:28:47 -0400] "GET /css/reftagger.css HTTP/1.1" 200 1583 "http://id.truthfortheworld.org/baptisan" "Opera/9.80 (Series 60; Opera Mini/7.1.32444/30.3697; U; id) Presto/2.8.119 Version/11.10"
141.0.8.138 - - [19/Aug/2013:04:28:47 -0400] "GET /pix/facebook.png HTTP/1.1" 200 2478 "http://id.truthfortheworld.org/baptisan" "Opera/9.80 (Series 60; Opera Mini/7.1.32444/30.3697; U; id) Presto/2.8.119 Version/11.10"
69.30.238.162 - - [19/Aug/2013:04:30:52 -0400] "GET /blog/2013/04/26/blog/2012/11/07/blog/2012/09/21/blog/2012/09/21/blog2012/blog/2012/09/21/blog/2013/03/19/blog/2013/03/19/blog2012/11 HTTP/1.0" 200 11285 "-" "Mozilla/5.0 (compatible; MJ12bot/v1.4.3; http://www.majestic12.co.uk/bot.php?+)"
69.30.238.162 - - [19/Aug/2013:04:33:55 -0400] "GET /blog/2013/04/26/blog/2012/11/07/blog/2012/09/21/blog/2012/09/21/blog2012/blog/2012/09/21/blog/2013/03/19/blog2013/blog/2012/09/21/truth-for-the-world-starts-blog HTTP/1.0" 200 11285 "-" "Mozilla/5.0 (compatible; MJ12bot/v1.4.3; http://www.majestic12.co.uk/bot.php?+)"
69.30.238.162 - - [19/Aug/2013:04:34:38 -0400] "GET /blog/2013/04/26/blog/2012/11/07/blog/2012/09/21/blog/2012/09/21/blog2012/blog/2012/09/21/blog/2013/04/26/blog/2012/09/21/blog/2012/09/21/truth-for-the-world-starts-blog HTTP/1.0" 200 11285 "-" "Mozilla/5.0 (compatible; MJ12bot/v1.4.3; http://www.majestic12.co.uk/bot.php?+)"
69.30.238.162 - - [19/Aug/2013:04:48:29 -0400] "GET /blog/2013/04/26/blog/2012/11/07/blog/2012/09/21/blog/2012/09/21/blog2012/blog/2013/03/19/blog/2013/03/19/blog2012/09 HTTP/1.0" 200 11285 "-" "Mozilla/5.0 (compatible; MJ12bot/v1.4.3; http://www.majestic12.co.uk/bot.php?+)"
69.30.238.162 - - [19/Aug/2013:04:49:42 -0400] "GET /blog/2013/04/26/blog/2012/11/07/blog/2012/09/21/blog/2012/09/21/blog2012/blog/2013/03/19/blog/2013/03/19/blog2012/blog2013/04 HTTP/1.0" 200 11285 "-" "Mozilla/5.0 (compatible; MJ12bot/v1.4.3; http://www.majestic12.co.uk/bot.php?+)"
69.30.238.162 - - [19/Aug/2013:04:50:50 -0400] "GET /blog/2013/04/26/blog/2012/11/07/blog/2012/09/21/blog/2012/09/21/blog2012/blog/2013/03/19/blog/2013/04/26/blog/2012/09/21/blog/2012/11/07/online-radio-station-launched HTTP/1.0" 200 11285 "-" "Mozilla/5.0 (compatible; MJ12bot/v1.4.3; http://www.majestic12.co.uk/bot.php?+)"
69.30.238.162 - - [19/Aug/2013:04:51:33 -0400] "GET /blog/2013/04/26/blog/2012/11/07/blog/2012/09/21/blog/2012/09/21/blog2012/blog/2013/03/19/blog/2013/04/26/blog/2012/09/21/blog2013/04 HTTP/1.0" 200 11285 "-" "Mozilla/5.0 (compatible; MJ12bot/v1.4.3; http://www.majestic12.co.uk/bot.php?+)"
69.30.238.162 - - [19/Aug/2013:04:51:49 -0400] "GET /blog/2013/04/26/blog/2012/11/07/blog/2012/09/21/blog/2012/09/21/blog2012/blog/2013/03/19/blog/2013/04/26/blog/2012/11/07/blog/2013/04/26/a-somewhat-missed-opportunity HTTP/1.0" 200 11285 "-" "Mozilla/5.0 (compatible; MJ12bot/v1.4.3; http://www.majestic12.co.uk/bot.php?+)"
93.186.31.244 - - [19/Aug/2013:04:58:16 -0400] "GET /pix/es_lg.png HTTP/1.1" 200 873 "http://truthfortheworld.org/church-of-christ" "BlackBerry9630/5.0.0.975 Profile/MIDP-2.1 Configuration/CLDC-1.1 VendorID/189"
106.77.202.82 - - [19/Aug/2013:04:58:59 -0400] "GET /css/header.css HTTP/1.1" 200 20687 "http://truthfortheworld.org/new-age-movement" "Mozilla/5.0 (Windows NT 6.1) AppleWebKit/537.36 (KHTML, like Gecko) Chrome/28.0.1500.95 Safari/537.36"
106.77.202.82 - - [19/Aug/2013:04:59:45 -0400] "GET /js/jquery.hoverIntent.js HTTP/1.1" 200 4944 "http://truthfortheworld.org/new-age-movement" "Mozilla/5.0 (Windows NT 6.1) AppleWebKit/537.36 (KHTML, like Gecko) Chrome/28.0.1500.95 Safari/537.36"
198.105.219.55 - - [19/Aug/2013:05:01:04 -0400] "HEAD / HTTP/1.1" 200 - "-" "checks.panopta.com"
172.242.130.3 - - [19/Aug/2013:05:08:33 -0400] "GET /bcc/courses/bcc_ots_l10.html HTTP/1.1" 200 23649 "http://truthfortheworld.org/bcc/" "Mozilla/4.0 (compatible; MSIE 8.0; Windows NT 6.0; Trident/4.0; SLCC1; .NET CLR 2.0.50727; Media Center PC 5.0; .NET CLR 3.5.30729; .NET CLR 3.0.30729; .NET4.0C; InfoPath.2; AskTbORJ/5.15.23.36191)"
172.242.130.3 - - [19/Aug/2013:05:08:33 -0400] "GET /css/bcc.css HTTP/1.1" 304 - "http://truthfortheworld.org/bcc/courses/bcc_ots_l10.html" "Mozilla/4.0 (compatible; MSIE 8.0; Windows NT 6.0; Trident/4.0; SLCC1; .NET CLR 2.0.50727; Media Center PC 5.0; .NET CLR 3.5.30729; .NET CLR 3.0.30729; .NET4.0C; InfoPath.2; AskTbORJ/5.15.23.36191)"
172.242.130.3 - - [19/Aug/2013:05:40:59 -0400] "GET /js/easySlider1.7.js HTTP/1.1" 304 - "http://truthfortheworld.org/facts-about-heaven" "Mozilla/4.0 (compatible; MSIE 8.0; Windows NT 6.0; Trident/4.0; SLCC1; .NET CLR 2.0.50727; Media Center PC 5.0; .NET CLR 3.5.30729; .NET CLR 3.0.30729; .NET4.0C; InfoPath.2; AskTbORJ/5.15.23.36191)"
82.145.216.62 - - [19/Aug/2013:05:48:52 -0400] "GET /css/reftagger.css HTTP/1.1" 200 1583 "http://truthfortheworld.org/" "Opera/9.80 (J2ME/MIDP; Opera Mini/4.2.16320/30.3697; U; en) Presto/2.8.119 Version/11.10"
206.53.152.1 - - [19/Aug/2013:05:50:06 -0400] "GET /pix/facebook.png HTTP/1.1" 200 2478 "http://id.truthfortheworld.org/penyembahan-yang-berkenan" "Mozilla/5.0 (BlackBerry; U; BlackBerry 9300; en) AppleWebKit/534.8+ (KHTML, like Gecko) Version/6.0.0.666 Mobile Safari/534.8+"
82.145.216.62 - - [19/Aug/2013:05:52:15 -0400] "GET /css/sidebars.css HTTP/1.1" 200 8749 "http://truthfortheworld.org/" "Opera/9.80 (J2ME/MIDP; Opera Mini/4.2.16320/30.3697; U; en) Presto/2.8.119 Version/11.10"
82.145.216.62 - - [19/Aug/2013:05:52:16 -0400] "GET /js/jquery.hoverIntent.js HTTP/1.1" 200 4944 "http://truthfortheworld.org/" "Opera/9.80 (J2ME/MIDP; Opera Mini/4.2.16320/30.3697; U; en) Presto/2.8.119 Version/11.10"
121.54.58.213 - - [19/Aug/2013:05:57:59 -0400] "GET /css/reset.css HTTP/1.1" 200 1173 "http://truthfortheworld.org/autonomy-of-the-local-church" "Mozilla/5.0 (compatible; MSIE 9.0; Windows NT 6.1; Win64; x64; Trident/5.0)"
121.54.58.213 - - [19/Aug/2013:05:57:59 -0400] "GET /css/footer.css HTTP/1.1" 200 3501 "http://truthfortheworld.org/autonomy-of-the-local-church" "Mozilla/5.0 (compatible; MSIE 9.0; Windows NT 6.1; Win64; x64; Trident/5.0)"
121.54.58.213 - - [19/Aug/2013:05:58:00 -0400] "GET /css/sidebars.css HTTP/1.1" 200 8749 "http://truthfortheworld.org/autonomy-of-the-local-church" "Mozilla/5.0 (compatible; MSIE 9.0; Windows NT 6.1; Win64; x64; Trident/5.0)"
208.115.111.69 - - [19/Aug/2013:18:01:00 -0400] "GET /HTML/BCC/courses/bcc_ibs_l8.html HTTP/1.1" 301 268 "-" "Mozilla/5.0 (compatible; Ezooms/1.0; ezooms.bot@gmail.com)"
76.20.70.57 - - [19/Aug/2013:18:07:49 -0400] "GET /favicon.ico HTTP/1.1" 404 17160 "-" "Mozilla/5.0 (Windows NT 6.1; WOW64; rv:22.0) Gecko/20100101 Firefox/22.0"
76.20.70.57 - - [19/Aug/2013:18:07:51 -0400] "GET /favicon.ico HTTP/1.1" 404 17075 "-" "Mozilla/5.0 (Windows NT 6.1; WOW64; rv:22.0) Gecko/20100101 Firefox/22.0"
172.242.130.3 - - [19/Aug/2013:18:21:07 -0400] "GET /tracts HTTP/1.1" 200 10074 "http://truthfortheworld.org/jesus-and-the-bible" "Mozilla/4.0 (compatible; MSIE 8.0; Windows NT 6.0; Trident/4.0; SLCC1; .NET CLR 2.0.50727; Media Center PC 5.0; .NET CLR 3.5.30729; .NET CLR 3.0.30729; .NET4.0C; InfoPath.2; AskTbORJ/5.15.23.36191)"
208.115.113.83 - - [19/Aug/2013:18:21:15 -0400] "GET /robots.txt HTTP/1.1" 200 392 "-" "Mozilla/5.0 (compatible; Ezooms/1.0; ezooms.bot@gmail.com)"
172.242.130.3 - - [19/Aug/2013:18:22:12 -0400] "GET /js/main.js HTTP/1.1" 304 - "http://truthfortheworld.org/jesus-and-the-bible" "Mozilla/4.0 (compatible; MSIE 8.0; Windows NT 6.0; Trident/4.0; SLCC1; .NET CLR 2.0.50727; Media Center PC 5.0; .NET CLR 3.5.30729; .NET CLR 3.0.30729; .NET4.0C; InfoPath.2; AskTbORJ/5.15.23.36191)"
172.242.130.3 - - [19/Aug/2013:18:22:29 -0400] "GET /pix/favicon.ico HTTP/1.1" 304 - "http://truthfortheworld.org/god-has-joined-himself-to-the-bible" "Mozilla/4.0 (compatible; MSIE 8.0; Windows NT 6.0; Trident/4.0; SLCC1; .NET CLR 2.0.50727; Media Center PC 5.0; .NET CLR 3.5.30729; .NET CLR 3.0.30729; .NET4.0C; InfoPath.2; AskTbORJ/5.15.23.36191)"
108.232.47.117 - - [19/Aug/2013:18:45:45 -0400] "GET /video/ae-wam-01.mp4 HTTP/1.1" 206 382846150 "-" "Roku/DVP-5.1 (025.01E01178A)"
108.232.47.117 - - [19/Aug/2013:18:50:18 -0400] "GET /video/ae-wam-03.mp4 HTTP/1.1" 206 278853083 "-" "Roku/DVP-5.1 (025.01E01178A)"
172.242.130.3 - - [19/Aug/2013:18:55:27 -0400] "GET /pix/littleball.png HTTP/1.1" 304 - "http://truthfortheworld.org/new-covenant" "Mozilla/4.0 (compatible; MSIE 8.0; Windows NT 6.0; Trident/4.0; SLCC1; .NET CLR 2.0.50727; Media Center PC 5.0; .NET CLR 3.5.30729; .NET CLR 3.0.30729; .NET4.0C; InfoPath.2; AskTbORJ/5.15.23.36191)"
220.181.51.155 - - [19/Aug/2013:19:00:18 -0400] "GET /mp3/zh/mbfof22.mp3 HTTP/1.0" 200 17868280 "-" "NSPlayer/10.0.0.4072 WMFSDK/10.0"
172.242.130.3 - - [19/Aug/2013:19:02:22 -0400] "GET /js/easySlider1.7.js HTTP/1.1" 304 - "-" "Mozilla/4.0 (compatible; MSIE 8.0; Windows NT 6.0; Trident/4.0; SLCC1; .NET CLR 2.0.50727; Media Center PC 5.0; .NET CLR 3.5.30729; .NET CLR 3.0.30729; .NET4.0C; InfoPath.2; AskTbORJ/5.15.23.36191)"
199.21.99.124 - - [19/Aug/2013:19:12:47 -0400] "GET / HTTP/1.1" 200 7396 "-" "Mozilla/5.0 (compatible; YandexBot/3.0; +http://yandex.com/bots)"
178.110.220.201 - - [19/Aug/2013:19:20:18 -0400] "GET /js/main.js HTTP/1.1" 200 9723 "http://truthfortheworld.org/" "Mozilla/5.0 (iPhone; CPU iPhone OS 6_1_3 like Mac OS X) AppleWebKit/536.26 (KHTML, like Gecko) Version/6.0 Mobile/10B329 Safari/8536.25"
172.242.130.3 - - [19/Aug/2013:19:29:12 -0400] "GET /pix/asc.png HTTP/1.1" 304 - "http://truthfortheworld.org/bcc/courses/BCC6-L1.html" "Mozilla/4.0 (compatible; MSIE 8.0; Windows NT 6.0; Trident/4.0; SLCC1; .NET CLR 2.0.50727; Media Center PC 5.0; .NET CLR 3.5.30729; .NET CLR 3.0.30729; .NET4.0C; InfoPath.2; AskTbORJ/5.15.23.36191)"
172.242.130.3 - - [19/Aug/2013:19:29:28 -0400] "GET /css/sidebars.css HTTP/1.1" 304 - "http://truthfortheworld.org/?id=71" "Mozilla/4.0 (compatible; MSIE 8.0; Windows NT 6.0; Trident/4.0; SLCC1; .NET CLR 2.0.50727; Media Center PC 5.0; .NET CLR 3.5.30729; .NET CLR 3.0.30729; .NET4.0C; InfoPath.2; AskTbORJ/5.15.23.36191)"
157.55.36.50 - - [19/Aug/2013:19:34:56 -0400] "GET /HTML/Archives/TFTW_Archives_Print/Tracts/Is_It_Wrong_To_Drink.html HTTP/1.1" 404 17160 "-" "Mozilla/5.0 (compatible; bingbot/2.0; +http://www.bing.com/bingbot.htm)"
184.170.20.141 - - [19/Aug/2013:19:40:44 -0400] "GET /css/main.css HTTP/1.1" 200 29927 "http://truthfortheworld.org/study" "Mozilla/5.0 (compatible; MSIE 10.0; Windows NT 6.1; Trident/6.0)"
184.170.20.141 - - [19/Aug/2013:19:40:45 -0400] "GET /css/reset.css HTTP/1.1" 200 1173 "http://truthfortheworld.org/study" "Mozilla/5.0 (compatible; MSIE 10.0; Windows NT 6.1; Trident/6.0)"
184.170.20.141 - - [19/Aug/2013:19:40:47 -0400] "GET /pix/buttonBccMail.png HTTP/1.1" 200 4441 "http://truthfortheworld.org/study" "Mozilla/5.0 (compatible; MSIE 10.0; Windows NT 6.1; Trident/6.0)"
184.170.20.141 - - [19/Aug/2013:19:40:47 -0400] "GET /pix/floatbar_bg_title.png HTTP/1.1" 200 5217 "http://truthfortheworld.org/study" "Mozilla/5.0 (compatible; MSIE 10.0; Windows NT 6.1; Trident/6.0)"
184.170.20.141 - - [19/Aug/2013:19:40:47 -0400] "GET /pix/floatbar_bg.png HTTP/1.1" 200 4653 "http://truthfortheworld.org/study" "Mozilla/5.0 (compatible; MSIE 10.0; Windows NT 6.1; Trident/6.0)"
172.242.130.3 - - [19/Aug/2013:19:46:59 -0400] "GET /js/superfish.js HTTP/1.1" 304 - "http://truthfortheworld.org/bfof-ch6" "Mozilla/4.0 (compatible; MSIE 8.0; Windows NT 6.0; Trident/4.0; SLCC1; .NET CLR 2.0.50727; Media Center PC 5.0; .NET CLR 3.5.30729; .NET CLR 3.0.30729; .NET4.0C; InfoPath.2; AskTbORJ/5.15.23.36191)"
188.165.52.185 - - [19/Aug/2013:19:50:44 -0400] "GET / HTTP/1.1" 301 236 "-" "Mozilla/5.0 (Macintosh; Intel Mac OS X 10_8_4) AppleWebKit/537.36 (KHTML, like Gecko) Chrome/27.0.1453.116 Safari/537.36"
188.165.52.185 - - [19/Aug/2013:19:50:44 -0400] "GET / HTTP/1.1" 200 17221 "-" "Mozilla/5.0 (Macintosh; Intel Mac OS X 10_8_4) AppleWebKit/537.36 (KHTML, like Gecko) Chrome/27.0.1453.116 Safari/537.36"
172.242.130.3 - - [19/Aug/2013:20:01:24 -0400] "GET /pix/watchPickSprite.jpg HTTP/1.1" 304 - "http://truthfortheworld.org/bfof-ch7" "Mozilla/4.0 (compatible; MSIE 8.0; Windows NT 6.0; Trident/4.0; SLCC1; .NET CLR 2.0.50727; Media Center PC 5.0; .NET CLR 3.5.30729; .NET CLR 3.0.30729; .NET4.0C; InfoPath.2; AskTbORJ/5.15.23.36191)"
157.55.36.50 - - [19/Aug/2013:20:12:12 -0400] "GET /study HTTP/1.1" 200 9813 "-" "Mozilla/5.0 (compatible; bingbot/2.0; +http://www.bing.com/bingbot.htm)"
12.204.194.160 - - [19/Aug/2013:20:13:46 -0400] "GET /android.xml?datelimit=1376078641 HTTP/1.1" 200 56 "-" "Dalvik/1.6.0 (Linux; U; Android 4.1.2; GT-N8013 Build/JZO54K)"
100.42.155.102 - - [19/Aug/2013:20:34:48 -0400] "GET / HTTP/1.1" 301 236 "http://church-of-christ.org/studies.html" "Mozilla/5.0 (Windows NT 6.2; WOW64) AppleWebKit/537.36 (KHTML, like Gecko) Chrome/28.0.1500.95 Safari/537.36"
100.42.155.102 - - [19/Aug/2013:20:34:50 -0400] "GET /css/main.css HTTP/1.1" 200 29927 "http://truthfortheworld.org/" "Mozilla/5.0 (Windows NT 6.2; WOW64) AppleWebKit/537.36 (KHTML, like Gecko) Chrome/28.0.1500.95 Safari/537.36"
100.42.155.102 - - [19/Aug/2013:20:34:51 -0400] "GET /pix/twitter.png HTTP/1.1" 200 1798 "http://truthfortheworld.org/" "Mozilla/5.0 (Windows NT 6.2; WOW64) AppleWebKit/537.36 (KHTML, like Gecko) Chrome/28.0.1500.95 Safari/537.36"
100.42.155.102 - - [19/Aug/2013:20:34:51 -0400] "GET /css/header.css HTTP/1.1" 200 20687 "http://truthfortheworld.org/" "Mozilla/5.0 (Windows NT 6.2; WOW64) AppleWebKit/537.36 (KHTML, like Gecko) Chrome/28.0.1500.95 Safari/537.36"
100.42.155.102 - - [19/Aug/2013:20:37:40 -0400] "GET /bcc/courses/BCC6-L6.html HTTP/1.1" 200 18016 "http://truthfortheworld.org/bcc/" "Mozilla/5.0 (Windows NT 6.2; WOW64) AppleWebKit/537.36 (KHTML, like Gecko) Chrome/28.0.1500.95 Safari/537.36"
172.242.130.3 - - [19/Aug/2013:20:37:44 -0400] "GET /pix/rarrow.png HTTP/1.1" 200 1045 "http://truthfortheworld.org/" "Mozilla/4.0 (compatible; MSIE 8.0; Windows NT 6.0; Trident/4.0; SLCC1; .NET CLR 2.0.50727; Media Center PC 5.0; .NET CLR 3.5.30729; .NET CLR 3.0.30729; .NET4.0C; InfoPath.2; AskTbORJ/5.15.23.36191)"
66.249.75.153 - - [19/Aug/2013:20:41:54 -0400] "GET /HTML/TFTW_TV.html HTTP/1.1" 200 148 "-" "Mozilla/5.0 (compatible; Googlebot/2.1; +http://www.google.com/bot.html)"
120.165.40.13 - - [19/Aug/2013:20:42:57 -0400] "GET /pix/earth.jpg HTTP/1.1" 200 13099 "http://truthfortheworld.org/css/footer.css" "Mozilla/5.0 (Windows NT 6.1; rv:15.0) Gecko/20100101 Firefox/15.0.1"
